2024-05-09T07:48:11.362 INFO:teuthology.orchestra.run.smithi063.stdout:/usr/bin/ceph: stderr
2024-05-09T07:48:10.117+0000 7fa032600700 1 -- 172.21.15.63:0/1799871604 wait complete.
2024-05-09T07:48:11.362 INFO:teuthology.orchestra.run.smithi063.stdout:/usr/bin/ceph: stderr
2024-05-09T07:48:10.118+0000 7fa032600700 1 Processor -- start
2024-05-09T07:48:11.362 INFO:teuthology.orchestra.run.smithi063.stdout:/usr/bin/ceph: stderr
2024-05-09T07:48:10.118+0000 7fa032600700 1 -- start start
2024-05-09T07:48:11.362 INFO:teuthology.orchestra.run.smithi063.stdout:/usr/bin/ceph: stderr
2024-05-09T07:48:10.118+0000 7fa032600700 1 --2- >> [v2:172.21.15.63:3300/0,v1:172.21.15.63:6789/0] conn(0x7fa02c10a1a0 0x7fa02c19e0d0 unknown :-1 s=NONE pgs=0 cs=0 l=1 rev1=0 crypto rx=0 tx=0 comp rx=0 tx=0).connect
2024-05-09T07:48:11.362 INFO:teuthology.orchestra.run.smithi063.stdout:/usr/bin/ceph: stderr
2024-05-09T07:48:10.118+0000 7fa032600700 1 -- --> [v2:172.21.15.63:3300/0,v1:172.21.15.63:6789/0] -- mon_getmap magic: 0 -- 0x7fa02c10e750 con 0x7fa02c10a1a0
2024-05-09T07:48:11.362 INFO:teuthology.orchestra.run.smithi063.stdout:/usr/bin/ceph: stderr
2024-05-09T07:48:10.119+0000 7fa02b400700 1 --2- >> [v2:172.21.15.63:3300/0,v1:172.21.15.63:6789/0] conn(0x7fa02c10a1a0 0x7fa02c19e0d0 unknown :-1 s=BANNER_CONNECTING pgs=0 cs=0 l=1 rev1=0 crypto rx=0 tx=0 comp rx=0 tx=0)._handle_peer_banner_payload supported=3 required=0
2024-05-09T07:48:11.362 INFO:teuthology.orchestra.run.smithi063.stdout:/usr/bin/ceph: stderr
2024-05-09T07:48:10.119+0000 7fa02b400700 1 --2- >> [v2:172.21.15.63:3300/0,v1:172.21.15.63:6789/0] conn(0x7fa02c10a1a0 0x7fa02c19e0d0 unknown :-1 s=HELLO_CONNECTING pgs=0 cs=0 l=1 rev1=1 crypto rx=0 tx=0 comp rx=0 tx=0).handle_hello peer v2:172.21.15.63:3300/0 says I am v2:172.21.15.63:40010/0 (socket says 172.21.15.63:40010)
2024-05-09T07:48:11.362 INFO:teuthology.orchestra.run.smithi063.stdout:/usr/bin/ceph: stderr
2024-05-09T07:48:10.119+0000 7fa02b400700 1 -- 172.21.15.63:0/3064979006 learned_addr learned my addr 172.21.15.63:0/3064979006 (peer_addr_for_me v2:172.21.15.63:0/0)
2024-05-09T07:48:11.363 INFO:teuthology.orchestra.run.smithi063.stdout:/usr/bin/ceph: stderr
2024-05-09T07:48:10.119+0000 7fa02b400700 1 -- 172.21.15.63:0/3064979006 --> [v2:172.21.15.63:3300/0,v1:172.21.15.63:6789/0] -- mon_subscribe({config=0+,monmap=0+}) -- 0x7fa02c19e610 con 0x7fa02c10a1a0
2024-05-09T07:48:11.363 INFO:teuthology.orchestra.run.smithi063.stdout:/usr/bin/ceph: stderr
2024-05-09T07:48:10.119+0000 7fa02b400700 1 --2- 172.21.15.63:0/3064979006 >> [v2:172.21.15.63:3300/0,v1:172.21.15.63:6789/0] conn(0x7fa02c10a1a0 0x7fa02c19e0d0 secure :-1 s=READY pgs=54 cs=0 l=1 rev1=1 crypto rx=0x7fa01c0117e0 tx=0x7fa01c011c10 comp rx=0 tx=0).ready entity=mon.0 client_cookie=0 server_cookie=0 in_seq=0 out_seq=0
2024-05-09T07:48:11.363 INFO:teuthology.orchestra.run.smithi063.stdout:/usr/bin/ceph: stderr
2024-05-09T07:48:10.120+0000 7fa028c00700 1 -- 172.21.15.63:0/3064979006 <== mon.0 v2:172.21.15.63:3300/0 1 ==== mon_map magic: 0 ==== 205+0+0 (secure 0 0 0) 0x7fa01c003bf0 con 0x7fa02c10a1a0
2024-05-09T07:48:11.363 INFO:teuthology.orchestra.run.smithi063.stdout:/usr/bin/ceph: stderr
2024-05-09T07:48:10.120+0000 7fa028c00700 1 -- 172.21.15.63:0/3064979006 <== mon.0 v2:172.21.15.63:3300/0 2 ==== config(27 keys) ==== 1140+0+0 (secure 0 0 0) 0x7fa01c01a910 con 0x7fa02c10a1a0
2024-05-09T07:48:11.363 INFO:teuthology.orchestra.run.smithi063.stdout:/usr/bin/ceph: stderr
2024-05-09T07:48:10.120+0000 7fa028c00700 1 -- 172.21.15.63:0/3064979006 <== mon.0 v2:172.21.15.63:3300/0 3 ==== mon_map magic: 0 ==== 205+0+0 (secure 0 0 0) 0x7fa01c0249a0 con 0x7fa02c10a1a0
2024-05-09T07:48:11.363 INFO:teuthology.orchestra.run.smithi063.stdout:/usr/bin/ceph: stderr
2024-05-09T07:48:10.120+0000 7fa032600700 1 -- 172.21.15.63:0/3064979006 --> [v2:172.21.15.63:3300/0,v1:172.21.15.63:6789/0] -- mon_subscribe({mgrmap=0+}) -- 0x7fa02c19e8a0 con 0x7fa02c10a1a0
2024-05-09T07:48:11.363 INFO:teuthology.orchestra.run.smithi063.stdout:/usr/bin/ceph: stderr
2024-05-09T07:48:10.120+0000 7fa032600700 1 -- 172.21.15.63:0/3064979006 --> [v2:172.21.15.63:3300/0,v1:172.21.15.63:6789/0] -- mon_subscribe({osdmap=0}) -- 0x7fa02c19ed00 con 0x7fa02c10a1a0
2024-05-09T07:48:11.364 INFO:teuthology.orchestra.run.smithi063.stdout:/usr/bin/ceph: stderr
2024-05-09T07:48:10.121+0000 7fa028c00700 1 -- 172.21.15.63:0/3064979006 <== mon.0 v2:172.21.15.63:3300/0 4 ==== mgrmap(e 8) ==== 46287+0+0 (secure 0 0 0) 0x7fa01c022020 con 0x7fa02c10a1a0
2024-05-09T07:48:11.364 INFO:teuthology.orchestra.run.smithi063.stdout:/usr/bin/ceph: stderr
2024-05-09T07:48:10.121+0000 7fa032600700 1 -- 172.21.15.63:0/3064979006 --> [v2:172.21.15.63:3300/0,v1:172.21.15.63:6789/0] -- mon_command({"prefix": "get_command_descriptions"} v 0) -- 0x7fa02c063980 con 0x7fa02c10a1a0
2024-05-09T07:48:11.364 INFO:teuthology.orchestra.run.smithi063.stdout:/usr/bin/ceph: stderr
2024-05-09T07:48:10.121+0000 7fa028c00700 1 --2- 172.21.15.63:0/3064979006 >> [v2:172.21.15.63:6800/3066300161,v1:172.21.15.63:6801/3066300161] conn(0x7fa010039050 0x7fa01003b510 unknown :-1 s=NONE pgs=0 cs=0 l=1 rev1=0 crypto rx=0 tx=0 comp rx=0 tx=0).connect
2024-05-09T07:48:11.364 INFO:teuthology.orchestra.run.smithi063.stdout:/usr/bin/ceph: stderr
2024-05-09T07:48:10.122+0000 7fa028c00700 1 -- 172.21.15.63:0/3064979006 <== mon.0 v2:172.21.15.63:3300/0 5 ==== osd_map(2..2 src has 1..2) ==== 940+0+0 (secure 0 0 0) 0x7fa01c04d3d0 con 0x7fa02c10a1a0
2024-05-09T07:48:11.364 INFO:teuthology.orchestra.run.smithi063.stdout:/usr/bin/ceph: stderr
2024-05-09T07:48:10.122+0000 7fa022a00700 1 --2- 172.21.15.63:0/3064979006 >> [v2:172.21.15.63:6800/3066300161,v1:172.21.15.63:6801/3066300161] conn(0x7fa010039050 0x7fa01003b510 unknown :-1 s=BANNER_CONNECTING pgs=0 cs=0 l=1 rev1=0 crypto rx=0 tx=0 comp rx=0 tx=0)._handle_peer_banner_payload supported=3 required=0
2024-05-09T07:48:11.364 INFO:teuthology.orchestra.run.smithi063.stdout:/usr/bin/ceph: stderr
2024-05-09T07:48:10.123+0000 7fa022a00700 1 --2- 172.21.15.63:0/3064979006 >> [v2:172.21.15.63:6800/3066300161,v1:172.21.15.63:6801/3066300161] conn(0x7fa010039050 0x7fa01003b510 secure :-1 s=READY pgs=15 cs=0 l=1 rev1=1 crypto rx=0x7fa014006fd0 tx=0x7fa014006e40 comp rx=0 tx=0).ready entity=mgr.14120 client_cookie=0 server_cookie=0 in_seq=0 out_seq=0
2024-05-09T07:48:11.365 INFO:teuthology.orchestra.run.smithi063.stdout:/usr/bin/ceph: stderr
2024-05-09T07:48:10.127+0000 7fa028c00700 1 -- 172.21.15.63:0/3064979006 <== mon.0 v2:172.21.15.63:3300/0 6 ==== mon_command_ack([{"prefix": "get_command_descriptions"}]=0 v0) ==== 72+0+186147 (secure 0 0 0) 0x7fa01c011e20 con 0x7fa02c10a1a0
2024-05-09T07:48:11.365 INFO:teuthology.orchestra.run.smithi063.stdout:/usr/bin/ceph: stderr
2024-05-09T07:48:10.354+0000 7fa032600700 1 -- 172.21.15.63:0/3064979006 --> [v2:172.21.15.63:3300/0,v1:172.21.15.63:6789/0] -- mon_command([{prefix=config set, name=mgr/dashboard/ssl_server_port}] v 0) -- 0x7fa02c1a16d0 con 0x7fa02c10a1a0
2024-05-09T07:48:11.365 INFO:teuthology.orchestra.run.smithi063.stdout:/usr/bin/ceph: stderr
2024-05-09T07:48:10.360+0000 7fa028c00700 1 -- 172.21.15.63:0/3064979006 <== mon.0 v2:172.21.15.63:3300/0 7 ==== mon_command_ack([{prefix=config set, name=mgr/dashboard/ssl_server_port}]=0 v8)=0 v8) ==== 130+0+0 (secure 0 0 0) 0x7fa01c019ca0 con 0x7fa02c10a1a0
2024-05-09T07:48:11.365 INFO:teuthology.orchestra.run.smithi063.stdout:/usr/bin/ceph: stderr
2024-05-09T07:48:10.363+0000 7fa032600700 1 -- 172.21.15.63:0/3064979006 >> [v2:172.21.15.63:6800/3066300161,v1:172.21.15.63:6801/3066300161] conn(0x7fa010039050 msgr2=0x7fa01003b510 secure :-1 s=STATE_CONNECTION_ESTABLISHED l=1).mark_down
2024-05-09T07:48:11.365 INFO:teuthology.orchestra.run.smithi063.stdout:/usr/bin/ceph: stderr
2024-05-09T07:48:10.363+0000 7fa032600700 1 --2- 172.21.15.63:0/3064979006 >> [v2:172.21.15.63:6800/3066300161,v1:172.21.15.63:6801/3066300161] conn(0x7fa010039050 0x7fa01003b510 secure :-1 s=READY pgs=15 cs=0 l=1 rev1=1 crypto rx=0x7fa014006fd0 tx=0x7fa014006e40 comp rx=0 tx=0).stop
2024-05-09T07:48:11.365 INFO:teuthology.orchestra.run.smithi063.stdout:/usr/bin/ceph: stderr
2024-05-09T07:48:10.363+0000 7fa032600700 1 -- 172.21.15.63:0/3064979006 >> [v2:172.21.15.63:3300/0,v1:172.21.15.63:6789/0] conn(0x7fa02c10a1a0 msgr2=0x7fa02c19e0d0 secure :-1 s=STATE_CONNECTION_ESTABLISHED l=1).mark_down
2024-05-09T07:48:11.366 INFO:teuthology.orchestra.run.smithi063.stdout:/usr/bin/ceph: stderr
2024-05-09T07:48:10.363+0000 7fa032600700 1 --2- 172.21.15.63:0/3064979006 >> [v2:172.21.15.63:3300/0,v1:172.21.15.63:6789/0] conn(0x7fa02c10a1a0 0x7fa02c19e0d0 secure :-1 s=READY pgs=54 cs=0 l=1 rev1=1 crypto rx=0x7fa01c0117e0 tx=0x7fa01c011c10 comp rx=0 tx=0).stop
2024-05-09T07:48:11.366 INFO:teuthology.orchestra.run.smithi063.stdout:/usr/bin/ceph: stderr
2024-05-09T07:48:10.363+0000 7fa032600700 1 -- 172.21.15.63:0/3064979006 shutdown_connections
2024-05-09T07:48:11.366 INFO:teuthology.orchestra.run.smithi063.stdout:/usr/bin/ceph: stderr
2024-05-09T07:48:10.363+0000 7fa032600700 1 --2- 172.21.15.63:0/3064979006 >> [v2:172.21.15.63:6800/3066300161,v1:172.21.15.63:6801/3066300161] conn(0x7fa010039050 0x7fa01003b510 unknown :-1 s=CLOSED pgs=15 cs=0 l=1 rev1=1 crypto rx=0 tx=0 comp rx=0 tx=0).stop
2024-05-09T07:48:11.366 INFO:teuthology.orchestra.run.smithi063.stdout:/usr/bin/ceph: stderr
2024-05-09T07:48:10.363+0000 7fa032600700 1 --2- 172.21.15.63:0/3064979006 >> [v2:172.21.15.63:3300/0,v1:172.21.15.63:6789/0] conn(0x7fa02c10a1a0 0x7fa02c19e0d0 unknown :-1 s=CLOSED pgs=54 cs=0 l=1 rev1=1 crypto rx=0 tx=0 comp rx=0 tx=0).stop
2024-05-09T07:48:11.366 INFO:teuthology.orchestra.run.smithi063.stdout:/usr/bin/ceph: stderr
2024-05-09T07:48:10.363+0000 7fa032600700 1 -- 172.21.15.63:0/3064979006 >> 172.21.15.63:0/3064979006 conn(0x7fa02c07d5f0 msgr2=0x7fa02c1073a0 unknown :-1 s=STATE_NONE l=0).mark_down
2024-05-09T07:48:11.366 INFO:teuthology.orchestra.run.smithi063.stdout:/usr/bin/ceph: stderr
2024-05-09T07:48:10.363+0000 7fa032600700 1 -- 172.21.15.63:0/3064979006 shutdown_connections
2024-05-09T07:48:11.366 INFO:teuthology.orchestra.run.smithi063.stdout:/usr/bin/ceph: stderr
2024-05-09T07:48:10.363+0000 7fa032600700 1 -- 172.21.15.63:0/3064979006 wait complete.
2024-05-09T07:48:11.366 INFO:teuthology.orchestra.run.smithi063.stdout:Enabling the dashboard module...
2024-05-09T07:48:11.594 INFO:journalctl@ceph.mon.a.smithi063.stdout:May 09 07:48:11 smithi063 ceph-mon[29843]: pgmap v4: 0 pgs: ; 0 B data, 0 B used, 0 B / 0 B avail
2024-05-09T07:48:11.594 INFO:journalctl@ceph.mon.a.smithi063.stdout:May 09 07:48:11 smithi063 ceph-mon[29843]: from='client.? 172.21.15.63:0/3064979006' entity='client.admin'
2024-05-09T07:48:11.594 INFO:journalctl@ceph.mon.a.smithi063.stdout:May 09 07:48:11 smithi063 ceph-mon[29843]: from='mgr.14120 172.21.15.63:0/2501753526' entity='mgr.x'
2024-05-09T07:48:12.482 INFO:journalctl@ceph.mon.a.smithi063.stdout:May 09 07:48:12 smithi063 ceph-mon[29843]: from='client.? 172.21.15.63:0/3757311488' entity='client.admin' cmd=[{"prefix": "mgr module enable", "module": "dashboard"}]: dispatch
2024-05-09T07:48:12.821 INFO:journalctl@ceph.mgr.x.smithi063.stdout:May 09 07:48:12 smithi063 ceph-2dd56016-0dd8-11ef-bc97-c7b262605968-mgr-x[30070]: ignoring --setuser ceph since I am not root
2024-05-09T07:48:12.821 INFO:journalctl@ceph.mgr.x.smithi063.stdout:May 09 07:48:12 smithi063 ceph-2dd56016-0dd8-11ef-bc97-c7b262605968-mgr-x[30070]: ignoring --setgroup ceph since I am not root
2024-05-09T07:48:12.821 INFO:journalctl@ceph.mgr.x.smithi063.stdout:May 09 07:48:12 smithi063 ceph-2dd56016-0dd8-11ef-bc97-c7b262605968-mgr-x[30070]:
2024-05-09T07:48:12.678+0000 7fb08e49e200 -1 mgr[py] Module balancer has missing NOTIFY_TYPES member
2024-05-09T07:48:13.075 INFO:journalctl@ceph.mgr.x.smithi063.stdout:May 09 07:48:12 smithi063 ceph-2dd56016-0dd8-11ef-bc97-c7b262605968-mgr-x[30070]:
2024-05-09T07:48:12.926+0000 7fb08e49e200 -1 mgr[py] Module orchestrator has missing NOTIFY_TYPES member
2024-05-09T07:48:13.075 INFO:journalctl@ceph.mgr.x.smithi063.stdout:May 09 07:48:13 smithi063 ceph-2dd56016-0dd8-11ef-bc97-c7b262605968-mgr-x[30070]:
2024-05-09T07:48:13.062+0000 7fb08e49e200 -1 mgr[py] Module snap_schedule has missing NOTIFY_TYPES member
2024-05-09T07:48:13.141 INFO:teuthology.orchestra.run.smithi063.stdout:/usr/bin/ceph: stderr
2024-05-09T07:48:11.938+0000 7ffa50a00700 1 Processor -- start
2024-05-09T07:48:13.141 INFO:teuthology.orchestra.run.smithi063.stdout:/usr/bin/ceph: stderr
2024-05-09T07:48:11.939+0000 7ffa50a00700 1 -- start start
2024-05-09T07:48:13.141 INFO:teuthology.orchestra.run.smithi063.stdout:/usr/bin/ceph: stderr
2024-05-09T07:48:11.939+0000 7ffa50a00700 1 --2- >> [v2:172.21.15.63:3300/0,v1:172.21.15.63:6789/0] conn(0x7ffa4c10ec40 0x7ffa4c111030 unknown :-1 s=NONE pgs=0 cs=0 l=0 rev1=0 crypto rx=0 tx=0 comp rx=0 tx=0).connect
2024-05-09T07:48:13.142 INFO:teuthology.orchestra.run.smithi063.stdout:/usr/bin/ceph: stderr
2024-05-09T07:48:11.939+0000 7ffa50a00700 1 -- --> [v2:172.21.15.63:3300/0,v1:172.21.15.63:6789/0] -- mon_getmap magic: 0 -- 0x7ffa4c111570 con 0x7ffa4c10ec40
2024-05-09T07:48:13.142 INFO:teuthology.orchestra.run.smithi063.stdout:/usr/bin/ceph: stderr
2024-05-09T07:48:11.939+0000 7ffa4b400700 1 --2- >> [v2:172.21.15.63:3300/0,v1:172.21.15.63:6789/0] conn(0x7ffa4c10ec40 0x7ffa4c111030 unknown :-1 s=BANNER_CONNECTING pgs=0 cs=0 l=0 rev1=0 crypto rx=0 tx=0 comp rx=0 tx=0)._handle_peer_banner_payload supported=3 required=0
2024-05-09T07:48:13.142 INFO:teuthology.orchestra.run.smithi063.stdout:/usr/bin/ceph: stderr
2024-05-09T07:48:11.939+0000 7ffa4b400700 1 --2- >> [v2:172.21.15.63:3300/0,v1:172.21.15.63:6789/0] conn(0x7ffa4c10ec40 0x7ffa4c111030 unknown :-1 s=HELLO_CONNECTING pgs=0 cs=0 l=0 rev1=1 crypto rx=0 tx=0 comp rx=0 tx=0).handle_hello peer v2:172.21.15.63:3300/0 says I am v2:172.21.15.63:37180/0 (socket says 172.21.15.63:37180)
2024-05-09T07:48:13.142 INFO:teuthology.orchestra.run.smithi063.stdout:/usr/bin/ceph: stderr
2024-05-09T07:48:11.939+0000 7ffa4b400700 1 -- 172.21.15.63:0/2986944137 learned_addr learned my addr 172.21.15.63:0/2986944137 (peer_addr_for_me v2:172.21.15.63:0/0)
2024-05-09T07:48:13.142 INFO:teuthology.orchestra.run.smithi063.stdout:/usr/bin/ceph: stderr
2024-05-09T07:48:11.940+0000 7ffa4b400700 1 -- 172.21.15.63:0/2986944137 --> [v2:172.21.15.63:3300/0,v1:172.21.15.63:6789/0] -- mon_subscribe({config=0+,monmap=0+}) -- 0x7ffa4c1116f0 con 0x7ffa4c10ec40
2024-05-09T07:48:13.142 INFO:teuthology.orchestra.run.smithi063.stdout:/usr/bin/ceph: stderr
2024-05-09T07:48:11.940+0000 7ffa4b400700 1 --2- 172.21.15.63:0/2986944137 >> [v2:172.21.15.63:3300/0,v1:172.21.15.63:6789/0] conn(0x7ffa4c10ec40 0x7ffa4c111030 secure :-1 s=READY pgs=55 cs=0 l=1 rev1=1 crypto rx=0x7ffa3c0098a0 tx=0x7ffa3c009bb0 comp rx=0 tx=0).ready entity=mon.0 client_cookie=6c726648636a61f1 server_cookie=0 in_seq=0 out_seq=0
2024-05-09T07:48:13.142 INFO:teuthology.orchestra.run.smithi063.stdout:/usr/bin/ceph: stderr
2024-05-09T07:48:11.940+0000 7ffa4aa00700 1 -- 172.21.15.63:0/2986944137 <== mon.0 v2:172.21.15.63:3300/0 1 ==== mon_map magic: 0 ==== 205+0+0 (secure 0 0 0) 0x7ffa3c004160 con 0x7ffa4c10ec40
2024-05-09T07:48:13.142 INFO:teuthology.orchestra.run.smithi063.stdout:/usr/bin/ceph: stderr
2024-05-09T07:48:11.940+0000 7ffa4aa00700 1 -- 172.21.15.63:0/2986944137 <== mon.0 v2:172.21.15.63:3300/0 2 ==== config(27 keys) ==== 1140+0+0 (secure 0 0 0) 0x7ffa3c004300 con 0x7ffa4c10ec40
2024-05-09T07:48:13.142 INFO:teuthology.orchestra.run.smithi063.stdout:/usr/bin/ceph: stderr
2024-05-09T07:48:11.940+0000 7ffa4aa00700 1 -- 172.21.15.63:0/2986944137 <== mon.0 v2:172.21.15.63:3300/0 3 ==== mon_map magic: 0 ==== 205+0+0 (secure 0 0 0) 0x7ffa3c011b20 con 0x7ffa4c10ec40
2024-05-09T07:48:13.142 INFO:teuthology.orchestra.run.smithi063.stdout:/usr/bin/ceph: stderr
2024-05-09T07:48:11.941+0000 7ffa50a00700 1 -- 172.21.15.63:0/2986944137 >> [v2:172.21.15.63:3300/0,v1:172.21.15.63:6789/0] conn(0x7ffa4c10ec40 msgr2=0x7ffa4c111030 secure :-1 s=STATE_CONNECTION_ESTABLISHED l=1).mark_down
2024-05-09T07:48:13.142 INFO:teuthology.orchestra.run.smithi063.stdout:/usr/bin/ceph: stderr
2024-05-09T07:48:11.941+0000 7ffa50a00700 1 --2- 172.21.15.63:0/2986944137 >> [v2:172.21.15.63:3300/0,v1:172.21.15.63:6789/0] conn(0x7ffa4c10ec40 0x7ffa4c111030 secure :-1 s=READY pgs=55 cs=0 l=1 rev1=1 crypto rx=0x7ffa3c0098a0 tx=0x7ffa3c009bb0 comp rx=0 tx=0).stop
2024-05-09T07:48:13.142 INFO:teuthology.orchestra.run.smithi063.stdout:/usr/bin/ceph: stderr
2024-05-09T07:48:11.941+0000 7ffa50a00700 1 -- 172.21.15.63:0/2986944137 shutdown_connections
2024-05-09T07:48:13.143 INFO:teuthology.orchestra.run.smithi063.stdout:/usr/bin/ceph: stderr
2024-05-09T07:48:11.941+0000 7ffa50a00700 1 --2- 172.21.15.63:0/2986944137 >> [v2:172.21.15.63:3300/0,v1:172.21.15.63:6789/0] conn(0x7ffa4c10ec40 0x7ffa4c111030 unknown :-1 s=CLOSED pgs=55 cs=0 l=1 rev1=1 crypto rx=0 tx=0 comp rx=0 tx=0).stop
2024-05-09T07:48:13.143 INFO:teuthology.orchestra.run.smithi063.stdout:/usr/bin/ceph: stderr
2024-05-09T07:48:11.941+0000 7ffa50a00700 1 -- 172.21.15.63:0/2986944137 >> 172.21.15.63:0/2986944137 conn(0x7ffa4c07d3e0 msgr2=0x7ffa4c07f800 unknown :-1 s=STATE_NONE l=0).mark_down
2024-05-09T07:48:13.143 INFO:teuthology.orchestra.run.smithi063.stdout:/usr/bin/ceph: stderr
2024-05-09T07:48:11.941+0000 7ffa50a00700 1 -- 172.21.15.63:0/2986944137 shutdown_connections
2024-05-09T07:48:13.143 INFO:teuthology.orchestra.run.smithi063.stdout:/usr/bin/ceph: stderr
2024-05-09T07:48:11.941+0000 7ffa50a00700 1 -- 172.21.15.63:0/2986944137 wait complete.
2024-05-09T07:48:13.143 INFO:teuthology.orchestra.run.smithi063.stdout:/usr/bin/ceph: stderr
2024-05-09T07:48:11.942+0000 7ffa50a00700 1 Processor -- start
2024-05-09T07:48:13.143 INFO:teuthology.orchestra.run.smithi063.stdout:/usr/bin/ceph: stderr
2024-05-09T07:48:11.942+0000 7ffa50a00700 1 -- start start
2024-05-09T07:48:13.143 INFO:teuthology.orchestra.run.smithi063.stdout:/usr/bin/ceph: stderr
2024-05-09T07:48:11.943+0000 7ffa50a00700 1 --2- >> [v2:172.21.15.63:3300/0,v1:172.21.15.63:6789/0] conn(0x7ffa4c10ec40 0x7ffa4c1a23b0 unknown :-1 s=NONE pgs=0 cs=0 l=1 rev1=0 crypto rx=0 tx=0 comp rx=0 tx=0).connect
2024-05-09T07:48:13.143 INFO:teuthology.orchestra.run.smithi063.stdout:/usr/bin/ceph: stderr
2024-05-09T07:48:11.943+0000 7ffa50a00700 1 -- --> [v2:172.21.15.63:3300/0,v1:172.21.15.63:6789/0] -- mon_getmap magic: 0 -- 0x7ffa4c112810 con 0x7ffa4c10ec40
2024-05-09T07:48:13.147 INFO:teuthology.orchestra.run.smithi063.stdout:/usr/bin/ceph: stderr
2024-05-09T07:48:11.943+0000 7ffa4b400700 1 --2- >> [v2:172.21.15.63:3300/0,v1:172.21.15.63:6789/0] conn(0x7ffa4c10ec40 0x7ffa4c1a23b0 unknown :-1 s=BANNER_CONNECTING pgs=0 cs=0 l=1 rev1=0 crypto rx=0 tx=0 comp rx=0 tx=0)._handle_peer_banner_payload supported=3 required=0
2024-05-09T07:48:13.147 INFO:teuthology.orchestra.run.smithi063.stdout:/usr/bin/ceph: stderr
2024-05-09T07:48:11.943+0000 7ffa4b400700 1 --2- >> [v2:172.21.15.63:3300/0,v1:172.21.15.63:6789/0] conn(0x7ffa4c10ec40 0x7ffa4c1a23b0 unknown :-1 s=HELLO_CONNECTING pgs=0 cs=0 l=1 rev1=1 crypto rx=0 tx=0 comp rx=0 tx=0).handle_hello peer v2:172.21.15.63:3300/0 says I am v2:172.21.15.63:37186/0 (socket says 172.21.15.63:37186)
2024-05-09T07:48:13.147 INFO:teuthology.orchestra.run.smithi063.stdout:/usr/bin/ceph: stderr
2024-05-09T07:48:11.943+0000 7ffa4b400700 1 -- 172.21.15.63:0/3757311488 learned_addr learned my addr 172.21.15.63:0/3757311488 (peer_addr_for_me v2:172.21.15.63:0/0)
2024-05-09T07:48:13.147 INFO:teuthology.orchestra.run.smithi063.stdout:/usr/bin/ceph: stderr
2024-05-09T07:48:11.943+0000 7ffa4b400700 1 -- 172.21.15.63:0/3757311488 --> [v2:172.21.15.63:3300/0,v1:172.21.15.63:6789/0] -- mon_subscribe({config=0+,monmap=0+}) -- 0x7ffa4c1a28f0 con 0x7ffa4c10ec40
2024-05-09T07:48:13.147 INFO:teuthology.orchestra.run.smithi063.stdout:/usr/bin/ceph: stderr
2024-05-09T07:48:11.944+0000 7ffa4b400700 1 --2- 172.21.15.63:0/3757311488 >> [v2:172.21.15.63:3300/0,v1:172.21.15.63:6789/0] conn(0x7ffa4c10ec40 0x7ffa4c1a23b0 secure :-1 s=READY pgs=56 cs=0 l=1 rev1=1 crypto rx=0x7ffa3c0116a0 tx=0x7ffa3c011c10 comp rx=0 tx=0).ready entity=mon.0 client_cookie=0 server_cookie=0 in_seq=0 out_seq=0
2024-05-09T07:48:13.147 INFO:teuthology.orchestra.run.smithi063.stdout:/usr/bin/ceph: stderr
2024-05-09T07:48:11.944+0000 7ffa48c00700 1 -- 172.21.15.63:0/3757311488 <== mon.0 v2:172.21.15.63:3300/0 1 ==== mon_map magic: 0 ==== 205+0+0 (secure 0 0 0) 0x7ffa3c003ac0 con 0x7ffa4c10ec40
2024-05-09T07:48:13.147 INFO:teuthology.orchestra.run.smithi063.stdout:/usr/bin/ceph: stderr
2024-05-09T07:48:11.944+0000 7ffa48c00700 1 -- 172.21.15.63:0/3757311488 <== mon.0 v2:172.21.15.63:3300/0 2 ==== config(27 keys) ==== 1140+0+0 (secure 0 0 0) 0x7ffa3c003c60 con 0x7ffa4c10ec40
2024-05-09T07:48:13.147 INFO:teuthology.orchestra.run.smithi063.stdout:/usr/bin/ceph: stderr
2024-05-09T07:48:11.944+0000 7ffa50a00700 1 -- 172.21.15.63:0/3757311488 --> [v2:172.21.15.63:3300/0,v1:172.21.15.63:6789/0] -- mon_subscribe({mgrmap=0+}) -- 0x7ffa4c1a2b80 con 0x7ffa4c10ec40
2024-05-09T07:48:13.147 INFO:teuthology.orchestra.run.smithi063.stdout:/usr/bin/ceph: stderr
2024-05-09T07:48:11.944+0000 7ffa48c00700 1 -- 172.21.15.63:0/3757311488 <== mon.0 v2:172.21.15.63:3300/0 3 ==== mon_map magic: 0 ==== 205+0+0 (secure 0 0 0) 0x7ffa3c01a7d0 con 0x7ffa4c10ec40
2024-05-09T07:48:13.148 INFO:teuthology.orchestra.run.smithi063.stdout:/usr/bin/ceph: stderr
2024-05-09T07:48:11.944+0000 7ffa50a00700 1 -- 172.21.15.63:0/3757311488 --> [v2:172.21.15.63:3300/0,v1:172.21.15.63:6789/0] -- mon_subscribe({osdmap=0}) -- 0x7ffa4c1a2fe0 con 0x7ffa4c10ec40
2024-05-09T07:48:13.148 INFO:teuthology.orchestra.run.smithi063.stdout:/usr/bin/ceph: stderr
2024-05-09T07:48:11.945+0000 7ffa48c00700 1 -- 172.21.15.63:0/3757311488 <== mon.0 v2:172.21.15.63:3300/0 4 ==== mgrmap(e 8) ==== 46287+0+0 (secure 0 0 0) 0x7ffa3c024b30 con 0x7ffa4c10ec40
2024-05-09T07:48:13.148 INFO:teuthology.orchestra.run.smithi063.stdout:/usr/bin/ceph: stderr
2024-05-09T07:48:11.945+0000 7ffa50a00700 1 -- 172.21.15.63:0/3757311488 --> [v2:172.21.15.63:3300/0,v1:172.21.15.63:6789/0] -- mon_command({"prefix": "get_command_descriptions"} v 0) -- 0x7ffa4c069470 con 0x7ffa4c10ec40
2024-05-09T07:48:13.148 INFO:teuthology.orchestra.run.smithi063.stdout:/usr/bin/ceph: stderr
2024-05-09T07:48:11.946+0000 7ffa48c00700 1 --2- 172.21.15.63:0/3757311488 >> [v2:172.21.15.63:6800/3066300161,v1:172.21.15.63:6801/3066300161] conn(0x7ffa30039000 0x7ffa3003b4c0 unknown :-1 s=NONE pgs=0 cs=0 l=1 rev1=0 crypto rx=0 tx=0 comp rx=0 tx=0).connect
2024-05-09T07:48:13.148 INFO:teuthology.orchestra.run.smithi063.stdout:/usr/bin/ceph: stderr
2024-05-09T07:48:11.946+0000 7ffa48c00700 1 -- 172.21.15.63:0/3757311488 <== mon.0 v2:172.21.15.63:3300/0 5 ==== osd_map(2..2 src has 1..2) ==== 940+0+0 (secure 0 0 0) 0x7ffa3c04d650 con 0x7ffa4c10ec40
2024-05-09T07:48:13.148 INFO:teuthology.orchestra.run.smithi063.stdout:/usr/bin/ceph: stderr
2024-05-09T07:48:11.946+0000 7ffa42a00700 1 --2- 172.21.15.63:0/3757311488 >> [v2:172.21.15.63:6800/3066300161,v1:172.21.15.63:6801/3066300161] conn(0x7ffa30039000 0x7ffa3003b4c0 unknown :-1 s=BANNER_CONNECTING pgs=0 cs=0 l=1 rev1=0 crypto rx=0 tx=0 comp rx=0 tx=0)._handle_peer_banner_payload supported=3 required=0
2024-05-09T07:48:13.148 INFO:teuthology.orchestra.run.smithi063.stdout:/usr/bin/ceph: stderr
2024-05-09T07:48:11.947+0000 7ffa42a00700 1 --2- 172.21.15.63:0/3757311488 >> [v2:172.21.15.63:6800/3066300161,v1:172.21.15.63:6801/3066300161] conn(0x7ffa30039000 0x7ffa3003b4c0 secure :-1 s=READY pgs=16 cs=0 l=1 rev1=1 crypto rx=0x7ffa34006fd0 tx=0x7ffa34006e40 comp rx=0 tx=0).ready entity=mgr.14120 client_cookie=0 server_cookie=0 in_seq=0 out_seq=0
2024-05-09T07:48:13.148 INFO:teuthology.orchestra.run.smithi063.stdout:/usr/bin/ceph: stderr
2024-05-09T07:48:11.951+0000 7ffa48c00700 1 -- 172.21.15.63:0/3757311488 <== mon.0 v2:172.21.15.63:3300/0 6 ==== mon_command_ack([{"prefix": "get_command_descriptions"}]=0 v0) ==== 72+0+186147 (secure 0 0 0) 0x7ffa3c011e20 con 0x7ffa4c10ec40
2024-05-09T07:48:13.148 INFO:teuthology.orchestra.run.smithi063.stdout:/usr/bin/ceph: stderr
2024-05-09T07:48:12.234+0000 7ffa50a00700 1 -- 172.21.15.63:0/3757311488 --> [v2:172.21.15.63:3300/0,v1:172.21.15.63:6789/0] -- mon_command({"prefix": "mgr module enable", "module": "dashboard"} v 0) -- 0x7ffa4c1a5ca0 con 0x7ffa4c10ec40
2024-05-09T07:48:13.148 INFO:teuthology.orchestra.run.smithi063.stdout:/usr/bin/ceph: stderr
2024-05-09T07:48:12.366+0000 7ffa48c00700 1 -- 172.21.15.63:0/3757311488 <== mon.0 v2:172.21.15.63:3300/0 7 ==== mon_command_ack([{"prefix": "mgr module enable", "module": "dashboard"}]=0 v9) ==== 88+0+0 (secure 0 0 0) 0x7ffa3c02d3f0 con 0x7ffa4c10ec40
2024-05-09T07:48:13.148 INFO:teuthology.orchestra.run.smithi063.stdout:/usr/bin/ceph: stderr
2024-05-09T07:48:12.370+0000 7ffa48c00700 1 -- 172.21.15.63:0/3757311488 <== mon.0 v2:172.21.15.63:3300/0 8 ==== mgrmap(e 9) ==== 46300+0+0 (secure 0 0 0) 0x7ffa3c00f2e0 con 0x7ffa4c10ec40
2024-05-09T07:48:13.148 INFO:teuthology.orchestra.run.smithi063.stdout:/usr/bin/ceph: stderr
2024-05-09T07:48:12.371+0000 7ffa50a00700 1 -- 172.21.15.63:0/3757311488 >> [v2:172.21.15.63:6800/3066300161,v1:172.21.15.63:6801/3066300161] conn(0x7ffa30039000 msgr2=0x7ffa3003b4c0 secure :-1 s=STATE_CONNECTION_ESTABLISHED l=1).mark_down
2024-05-09T07:48:13.149 INFO:teuthology.orchestra.run.smithi063.stdout:/usr/bin/ceph: stderr
2024-05-09T07:48:12.371+0000 7ffa50a00700 1 --2- 172.21.15.63:0/3757311488 >> [v2:172.21.15.63:6800/3066300161,v1:172.21.15.63:6801/3066300161] conn(0x7ffa30039000 0x7ffa3003b4c0 secure :-1 s=READY pgs=16 cs=0 l=1 rev1=1 crypto rx=0x7ffa34006fd0 tx=0x7ffa34006e40 comp rx=0 tx=0).stop
2024-05-09T07:48:13.149 INFO:teuthology.orchestra.run.smithi063.stdout:/usr/bin/ceph: stderr
2024-05-09T07:48:12.371+0000 7ffa50a00700 1 -- 172.21.15.63:0/3757311488 >> [v2:172.21.15.63:3300/0,v1:172.21.15.63:6789/0] conn(0x7ffa4c10ec40 msgr2=0x7ffa4c1a23b0 secure :-1 s=STATE_CONNECTION_ESTABLISHED l=1).mark_down
2024-05-09T07:48:13.149 INFO:teuthology.orchestra.run.smithi063.stdout:/usr/bin/ceph: stderr
2024-05-09T07:48:12.371+0000 7ffa50a00700 1 --2- 172.21.15.63:0/3757311488 >> [v2:172.21.15.63:3300/0,v1:172.21.15.63:6789/0] conn(0x7ffa4c10ec40 0x7ffa4c1a23b0 secure :-1 s=READY pgs=56 cs=0 l=1 rev1=1 crypto rx=0x7ffa3c0116a0 tx=0x7ffa3c011c10 comp rx=0 tx=0).stop
2024-05-09T07:48:13.149 INFO:teuthology.orchestra.run.smithi063.stdout:/usr/bin/ceph: stderr
2024-05-09T07:48:12.372+0000 7ffa50a00700 1 -- 172.21.15.63:0/3757311488 shutdown_connections
2024-05-09T07:48:13.149 INFO:teuthology.orchestra.run.smithi063.stdout:/usr/bin/ceph: stderr
2024-05-09T07:48:12.372+0000 7ffa50a00700 1 --2- 172.21.15.63:0/3757311488 >> [v2:172.21.15.63:6800/3066300161,v1:172.21.15.63:6801/3066300161] conn(0x7ffa30039000 0x7ffa3003b4c0 unknown :-1 s=CLOSED pgs=16 cs=0 l=1 rev1=1 crypto rx=0 tx=0 comp rx=0 tx=0).stop
2024-05-09T07:48:13.149 INFO:teuthology.orchestra.run.smithi063.stdout:/usr/bin/ceph: stderr
2024-05-09T07:48:12.372+0000 7ffa50a00700 1 --2- 172.21.15.63:0/3757311488 >> [v2:172.21.15.63:3300/0,v1:172.21.15.63:6789/0] conn(0x7ffa4c10ec40 0x7ffa4c1a23b0 unknown :-1 s=CLOSED pgs=56 cs=0 l=1 rev1=1 crypto rx=0 tx=0 comp rx=0 tx=0).stop
2024-05-09T07:48:13.149 INFO:teuthology.orchestra.run.smithi063.stdout:/usr/bin/ceph: stderr
2024-05-09T07:48:12.372+0000 7ffa50a00700 1 -- 172.21.15.63:0/3757311488 >> 172.21.15.63:0/3757311488 conn(0x7ffa4c07d3e0 msgr2=0x7ffa4c07ded0 unknown :-1 s=STATE_NONE l=0).mark_down
2024-05-09T07:48:13.149 INFO:teuthology.orchestra.run.smithi063.stdout:/usr/bin/ceph: stderr
2024-05-09T07:48:12.373+0000 7ffa50a00700 1 -- 172.21.15.63:0/3757311488 shutdown_connections
2024-05-09T07:48:13.149 INFO:teuthology.orchestra.run.smithi063.stdout:/usr/bin/ceph: stderr
2024-05-09T07:48:12.373+0000 7ffa50a00700 1 -- 172.21.15.63:0/3757311488 wait complete.
2024-05-09T07:48:13.643 INFO:journalctl@ceph.mon.a.smithi063.stdout:May 09 07:48:13 smithi063 ceph-mon[29843]: from='client.? 172.21.15.63:0/3757311488' entity='client.admin' cmd='[{"prefix": "mgr module enable", "module": "dashboard"}]': finished
2024-05-09T07:48:13.643 INFO:journalctl@ceph.mon.a.smithi063.stdout:May 09 07:48:13 smithi063 ceph-mon[29843]: mgrmap e9: x(active, since 24s)
2024-05-09T07:48:13.643 INFO:journalctl@ceph.mgr.x.smithi063.stdout:May 09 07:48:13 smithi063 ceph-2dd56016-0dd8-11ef-bc97-c7b262605968-mgr-x[30070]:
2024-05-09T07:48:13.512+0000 7fb08e49e200 -1 mgr[py] Module progress has missing NOTIFY_TYPES member
2024-05-09T07:48:13.643 INFO:journalctl@ceph.mgr.x.smithi063.stdout:May 09 07:48:13 smithi063 ceph-2dd56016-0dd8-11ef-bc97-c7b262605968-mgr-x[30070]:
2024-05-09T07:48:13.629+0000 7fb08e49e200 -1 mgr[py] Module influx has missing NOTIFY_TYPES member
2024-05-09T07:48:14.748 INFO:journalctl@ceph.mon.a.smithi063.stdout:May 09 07:48:14 smithi063 ceph-mon[29843]: from='client.? 172.21.15.63:0/74369796' entity='client.admin' cmd=[{"prefix": "mgr stat"}]: dispatch
2024-05-09T07:48:14.765 INFO:teuthology.orchestra.run.smithi063.stdout:/usr/bin/ceph: stdout {
2024-05-09T07:48:14.765 INFO:teuthology.orchestra.run.smithi063.stdout:/usr/bin/ceph: stdout "epoch": 9,
2024-05-09T07:48:14.765 INFO:teuthology.orchestra.run.smithi063.stdout:/usr/bin/ceph: stdout "available": true,
2024-05-09T07:48:14.765 INFO:teuthology.orchestra.run.smithi063.stdout:/usr/bin/ceph: stdout "active_name": "x",
2024-05-09T07:48:14.765 INFO:teuthology.orchestra.run.smithi063.stdout:/usr/bin/ceph: stdout "num_standby": 0
2024-05-09T07:48:14.765 INFO:teuthology.orchestra.run.smithi063.stdout:/usr/bin/ceph: stdout }
2024-05-09T07:48:14.765 INFO:teuthology.orchestra.run.smithi063.stdout:/usr/bin/ceph: stderr
2024-05-09T07:48:13.819+0000 7fa9a5e00700 1 Processor -- start
2024-05-09T07:48:14.765 INFO:teuthology.orchestra.run.smithi063.stdout:/usr/bin/ceph: stderr
2024-05-09T07:48:13.819+0000 7fa9a5e00700 1 -- start start
2024-05-09T07:48:14.765 INFO:teuthology.orchestra.run.smithi063.stdout:/usr/bin/ceph: stderr
2024-05-09T07:48:13.820+0000 7fa9a5e00700 1 --2- >> [v2:172.21.15.63:3300/0,v1:172.21.15.63:6789/0] conn(0x7fa9a007dd90 0x7fa9a007c290 unknown :-1 s=NONE pgs=0 cs=0 l=0 rev1=0 crypto rx=0 tx=0 comp rx=0 tx=0).connect
2024-05-09T07:48:14.765 INFO:teuthology.orchestra.run.smithi063.stdout:/usr/bin/ceph: stderr
2024-05-09T07:48:13.820+0000 7fa9a5e00700 1 -- --> [v2:172.21.15.63:3300/0,v1:172.21.15.63:6789/0] -- mon_getmap magic: 0 -- 0x7fa9a007c7d0 con 0x7fa9a007dd90
2024-05-09T07:48:14.765 INFO:teuthology.orchestra.run.smithi063.stdout:/usr/bin/ceph: stderr
2024-05-09T07:48:13.820+0000 7fa9a4a00700 1 --2- >> [v2:172.21.15.63:3300/0,v1:172.21.15.63:6789/0] conn(0x7fa9a007dd90 0x7fa9a007c290 unknown :-1 s=BANNER_CONNECTING pgs=0 cs=0 l=0 rev1=0 crypto rx=0 tx=0 comp rx=0 tx=0)._handle_peer_banner_payload supported=3 required=0
2024-05-09T07:48:14.765 INFO:teuthology.orchestra.run.smithi063.stdout:/usr/bin/ceph: stderr
2024-05-09T07:48:13.820+0000 7fa9a4a00700 1 --2- >> [v2:172.21.15.63:3300/0,v1:172.21.15.63:6789/0] conn(0x7fa9a007dd90 0x7fa9a007c290 unknown :-1 s=HELLO_CONNECTING pgs=0 cs=0 l=0 rev1=1 crypto rx=0 tx=0 comp rx=0 tx=0).handle_hello peer v2:172.21.15.63:3300/0 says I am v2:172.21.15.63:37224/0 (socket says 172.21.15.63:37224)
2024-05-09T07:48:14.765 INFO:teuthology.orchestra.run.smithi063.stdout:/usr/bin/ceph: stderr
2024-05-09T07:48:13.820+0000 7fa9a4a00700 1 -- 172.21.15.63:0/2496730796 learned_addr learned my addr 172.21.15.63:0/2496730796 (peer_addr_for_me v2:172.21.15.63:0/0)
2024-05-09T07:48:14.766 INFO:teuthology.orchestra.run.smithi063.stdout:/usr/bin/ceph: stderr
2024-05-09T07:48:13.821+0000 7fa9a4a00700 1 -- 172.21.15.63:0/2496730796 --> [v2:172.21.15.63:3300/0,v1:172.21.15.63:6789/0] -- mon_subscribe({config=0+,monmap=0+}) -- 0x7fa9a007c950 con 0x7fa9a007dd90
2024-05-09T07:48:14.766 INFO:teuthology.orchestra.run.smithi063.stdout:/usr/bin/ceph: stderr
2024-05-09T07:48:13.821+0000 7fa9a4a00700 1 --2- 172.21.15.63:0/2496730796 >> [v2:172.21.15.63:3300/0,v1:172.21.15.63:6789/0] conn(0x7fa9a007dd90 0x7fa9a007c290 secure :-1 s=READY pgs=59 cs=0 l=1 rev1=1 crypto rx=0x7fa9940098a0 tx=0x7fa994009bb0 comp rx=0 tx=0).ready entity=mon.0 client_cookie=6a88289af824c353 server_cookie=0 in_seq=0 out_seq=0
2024-05-09T07:48:14.766 INFO:teuthology.orchestra.run.smithi063.stdout:/usr/bin/ceph: stderr
2024-05-09T07:48:13.821+0000 7fa99f400700 1 -- 172.21.15.63:0/2496730796 <== mon.0 v2:172.21.15.63:3300/0 1 ==== mon_map magic: 0 ==== 205+0+0 (secure 0 0 0) 0x7fa994004160 con 0x7fa9a007dd90
2024-05-09T07:48:14.766 INFO:teuthology.orchestra.run.smithi063.stdout:/usr/bin/ceph: stderr
2024-05-09T07:48:13.821+0000 7fa99f400700 1 -- 172.21.15.63:0/2496730796 <== mon.0 v2:172.21.15.63:3300/0 2 ==== config(27 keys) ==== 1140+0+0 (secure 0 0 0) 0x7fa994004300 con 0x7fa9a007dd90
2024-05-09T07:48:14.766 INFO:teuthology.orchestra.run.smithi063.stdout:/usr/bin/ceph: stderr
2024-05-09T07:48:13.821+0000 7fa99f400700 1 -- 172.21.15.63:0/2496730796 <== mon.0 v2:172.21.15.63:3300/0 3 ==== mon_map magic: 0 ==== 205+0+0 (secure 0 0 0) 0x7fa994011b20 con 0x7fa9a007dd90
2024-05-09T07:48:14.766 INFO:teuthology.orchestra.run.smithi063.stdout:/usr/bin/ceph: stderr
2024-05-09T07:48:13.822+0000 7fa9a5e00700 1 -- 172.21.15.63:0/2496730796 >> [v2:172.21.15.63:3300/0,v1:172.21.15.63:6789/0] conn(0x7fa9a007dd90 msgr2=0x7fa9a007c290 secure :-1 s=STATE_CONNECTION_ESTABLISHED l=1).mark_down
2024-05-09T07:48:14.766 INFO:teuthology.orchestra.run.smithi063.stdout:/usr/bin/ceph: stderr
2024-05-09T07:48:13.822+0000 7fa9a5e00700 1 --2- 172.21.15.63:0/2496730796 >> [v2:172.21.15.63:3300/0,v1:172.21.15.63:6789/0] conn(0x7fa9a007dd90 0x7fa9a007c290 secure :-1 s=READY pgs=59 cs=0 l=1 rev1=1 crypto rx=0x7fa9940098a0 tx=0x7fa994009bb0 comp rx=0 tx=0).stop
2024-05-09T07:48:14.766 INFO:teuthology.orchestra.run.smithi063.stdout:/usr/bin/ceph: stderr
2024-05-09T07:48:13.822+0000 7fa9a5e00700 1 -- 172.21.15.63:0/2496730796 shutdown_connections
2024-05-09T07:48:14.766 INFO:teuthology.orchestra.run.smithi063.stdout:/usr/bin/ceph: stderr
2024-05-09T07:48:13.822+0000 7fa9a5e00700 1 --2- 172.21.15.63:0/2496730796 >> [v2:172.21.15.63:3300/0,v1:172.21.15.63:6789/0] conn(0x7fa9a007dd90 0x7fa9a007c290 unknown :-1 s=CLOSED pgs=59 cs=0 l=1 rev1=1 crypto rx=0 tx=0 comp rx=0 tx=0).stop
2024-05-09T07:48:14.766 INFO:teuthology.orchestra.run.smithi063.stdout:/usr/bin/ceph: stderr
2024-05-09T07:48:13.822+0000 7fa9a5e00700 1 -- 172.21.15.63:0/2496730796 >> 172.21.15.63:0/2496730796 conn(0x7fa9a0103510 msgr2=0x7fa9a0105930 unknown :-1 s=STATE_NONE l=0).mark_down
2024-05-09T07:48:14.766 INFO:teuthology.orchestra.run.smithi063.stdout:/usr/bin/ceph: stderr
2024-05-09T07:48:13.823+0000 7fa9a5e00700 1 -- 172.21.15.63:0/2496730796 shutdown_connections
2024-05-09T07:48:14.766 INFO:teuthology.orchestra.run.smithi063.stdout:/usr/bin/ceph: stderr
2024-05-09T07:48:13.823+0000 7fa9a5e00700 1 -- 172.21.15.63:0/2496730796 wait complete.
2024-05-09T07:48:14.766 INFO:teuthology.orchestra.run.smithi063.stdout:/usr/bin/ceph: stderr
2024-05-09T07:48:13.824+0000 7fa9a5e00700 1 Processor -- start
2024-05-09T07:48:14.767 INFO:teuthology.orchestra.run.smithi063.stdout:/usr/bin/ceph: stderr
2024-05-09T07:48:13.824+0000 7fa9a5e00700 1 -- start start
2024-05-09T07:48:14.767 INFO:teuthology.orchestra.run.smithi063.stdout:/usr/bin/ceph: stderr
2024-05-09T07:48:13.824+0000 7fa9a5e00700 1 --2- >> [v2:172.21.15.63:3300/0,v1:172.21.15.63:6789/0] conn(0x7fa9a007dd90 0x7fa9a019df60 unknown :-1 s=NONE pgs=0 cs=0 l=1 rev1=0 crypto rx=0 tx=0 comp rx=0 tx=0).connect
2024-05-09T07:48:14.767 INFO:teuthology.orchestra.run.smithi063.stdout:/usr/bin/ceph: stderr
2024-05-09T07:48:13.824+0000 7fa9a5e00700 1 -- --> [v2:172.21.15.63:3300/0,v1:172.21.15.63:6789/0] -- mon_getmap magic: 0 -- 0x7fa9a010e470 con 0x7fa9a007dd90
2024-05-09T07:48:14.767 INFO:teuthology.orchestra.run.smithi063.stdout:/usr/bin/ceph: stderr
2024-05-09T07:48:13.824+0000 7fa9a4a00700 1 --2- >> [v2:172.21.15.63:3300/0,v1:172.21.15.63:6789/0] conn(0x7fa9a007dd90 0x7fa9a019df60 unknown :-1 s=BANNER_CONNECTING pgs=0 cs=0 l=1 rev1=0 crypto rx=0 tx=0 comp rx=0 tx=0)._handle_peer_banner_payload supported=3 required=0
2024-05-09T07:48:14.767 INFO:teuthology.orchestra.run.smithi063.stdout:/usr/bin/ceph: stderr
2024-05-09T07:48:13.824+0000 7fa9a4a00700 1 --2- >> [v2:172.21.15.63:3300/0,v1:172.21.15.63:6789/0] conn(0x7fa9a007dd90 0x7fa9a019df60 unknown :-1 s=HELLO_CONNECTING pgs=0 cs=0 l=1 rev1=1 crypto rx=0 tx=0 comp rx=0 tx=0).handle_hello peer v2:172.21.15.63:3300/0 says I am v2:172.21.15.63:37236/0 (socket says 172.21.15.63:37236)
2024-05-09T07:48:14.767 INFO:teuthology.orchestra.run.smithi063.stdout:/usr/bin/ceph: stderr
2024-05-09T07:48:13.824+0000 7fa9a4a00700 1 -- 172.21.15.63:0/74369796 learned_addr learned my addr 172.21.15.63:0/74369796 (peer_addr_for_me v2:172.21.15.63:0/0)
2024-05-09T07:48:14.767 INFO:teuthology.orchestra.run.smithi063.stdout:/usr/bin/ceph: stderr
2024-05-09T07:48:13.825+0000 7fa9a4a00700 1 -- 172.21.15.63:0/74369796 --> [v2:172.21.15.63:3300/0,v1:172.21.15.63:6789/0] -- mon_subscribe({config=0+,monmap=0+}) -- 0x7fa9a019e4a0 con 0x7fa9a007dd90
2024-05-09T07:48:14.767 INFO:teuthology.orchestra.run.smithi063.stdout:/usr/bin/ceph: stderr
2024-05-09T07:48:13.825+0000 7fa9a4a00700 1 --2- 172.21.15.63:0/74369796 >> [v2:172.21.15.63:3300/0,v1:172.21.15.63:6789/0] conn(0x7fa9a007dd90 0x7fa9a019df60 secure :-1 s=READY pgs=60 cs=0 l=1 rev1=1 crypto rx=0x7fa994011b60 tx=0x7fa994011c40 comp rx=0 tx=0).ready entity=mon.0 client_cookie=0 server_cookie=0 in_seq=0 out_seq=0
2024-05-09T07:48:14.767 INFO:teuthology.orchestra.run.smithi063.stdout:/usr/bin/ceph: stderr
2024-05-09T07:48:13.825+0000 7fa99d600700 1 -- 172.21.15.63:0/74369796 <== mon.0 v2:172.21.15.63:3300/0 1 ==== mon_map magic: 0 ==== 205+0+0 (secure 0 0 0) 0x7fa994003b60 con 0x7fa9a007dd90
2024-05-09T07:48:14.767 INFO:teuthology.orchestra.run.smithi063.stdout:/usr/bin/ceph: stderr
2024-05-09T07:48:13.825+0000 7fa9a5e00700 1 -- 172.21.15.63:0/74369796 --> [v2:172.21.15.63:3300/0,v1:172.21.15.63:6789/0] -- mon_subscribe({mgrmap=0+}) -- 0x7fa9a019e730 con 0x7fa9a007dd90
2024-05-09T07:48:14.767 INFO:teuthology.orchestra.run.smithi063.stdout:/usr/bin/ceph: stderr
2024-05-09T07:48:13.825+0000 7fa99d600700 1 -- 172.21.15.63:0/74369796 <== mon.0 v2:172.21.15.63:3300/0 2 ==== config(27 keys) ==== 1140+0+0 (secure 0 0 0) 0x7fa99401a910 con 0x7fa9a007dd90
2024-05-09T07:48:14.767 INFO:teuthology.orchestra.run.smithi063.stdout:/usr/bin/ceph: stderr
2024-05-09T07:48:13.825+0000 7fa99d600700 1 -- 172.21.15.63:0/74369796 <== mon.0 v2:172.21.15.63:3300/0 3 ==== mon_map magic: 0 ==== 205+0+0 (secure 0 0 0) 0x7fa994024930 con 0x7fa9a007dd90
2024-05-09T07:48:14.767 INFO:teuthology.orchestra.run.smithi063.stdout:/usr/bin/ceph: stderr
2024-05-09T07:48:13.826+0000 7fa9a5e00700 1 -- 172.21.15.63:0/74369796 --> [v2:172.21.15.63:3300/0,v1:172.21.15.63:6789/0] -- mon_subscribe({osdmap=0}) -- 0x7fa9a019eb90 con 0x7fa9a007dd90
2024-05-09T07:48:14.767 INFO:teuthology.orchestra.run.smithi063.stdout:/usr/bin/ceph: stderr
2024-05-09T07:48:13.827+0000 7fa9a5e00700 1 -- 172.21.15.63:0/74369796 --> [v2:172.21.15.63:3300/0,v1:172.21.15.63:6789/0] -- mon_command({"prefix": "get_command_descriptions"} v 0) -- 0x7fa9a0069470 con 0x7fa9a007dd90
2024-05-09T07:48:14.767 INFO:teuthology.orchestra.run.smithi063.stdout:/usr/bin/ceph: stderr
2024-05-09T07:48:13.827+0000 7fa99d600700 1 -- 172.21.15.63:0/74369796 <== mon.0 v2:172.21.15.63:3300/0 4 ==== mgrmap(e 9) ==== 46300+0+0 (secure 0 0 0) 0x7fa994022020 con 0x7fa9a007dd90
2024-05-09T07:48:14.768 INFO:teuthology.orchestra.run.smithi063.stdout:/usr/bin/ceph: stderr
2024-05-09T07:48:13.827+0000 7fa99d600700 1 --2- 172.21.15.63:0/74369796 >> [v2:172.21.15.63:6800/3066300161,v1:172.21.15.63:6801/3066300161] conn(0x7fa988039100 0x7fa98803b5c0 unknown :-1 s=NONE pgs=0 cs=0 l=1 rev1=0 crypto rx=0 tx=0 comp rx=0 tx=0).connect
2024-05-09T07:48:14.768 INFO:teuthology.orchestra.run.smithi063.stdout:/usr/bin/ceph: stderr
2024-05-09T07:48:13.827+0000 7fa99d600700 1 -- 172.21.15.63:0/74369796 <== mon.0 v2:172.21.15.63:3300/0 5 ==== osd_map(2..2 src has 1..2) ==== 940+0+0 (secure 0 0 0) 0x7fa99404d320 con 0x7fa9a007dd90
2024-05-09T07:48:14.768 INFO:teuthology.orchestra.run.smithi063.stdout:/usr/bin/ceph: stderr
2024-05-09T07:48:13.827+0000 7fa99fe00700 1 -- 172.21.15.63:0/74369796 >> [v2:172.21.15.63:6800/3066300161,v1:172.21.15.63:6801/3066300161] conn(0x7fa988039100 msgr2=0x7fa98803b5c0 unknown :-1 s=STATE_CONNECTING_RE l=1).process reconnect failed to v2:172.21.15.63:6800/3066300161
2024-05-09T07:48:14.768 INFO:teuthology.orchestra.run.smithi063.stdout:/usr/bin/ceph: stderr
2024-05-09T07:48:13.827+0000 7fa99fe00700 1 --2- 172.21.15.63:0/74369796 >> [v2:172.21.15.63:6800/3066300161,v1:172.21.15.63:6801/3066300161] conn(0x7fa988039100 0x7fa98803b5c0 unknown :-1 s=START_CONNECT pgs=0 cs=0 l=1 rev1=0 crypto rx=0 tx=0 comp rx=0 tx=0)._fault waiting 0.200000
2024-05-09T07:48:14.768 INFO:teuthology.orchestra.run.smithi063.stdout:/usr/bin/ceph: stderr
2024-05-09T07:48:13.836+0000 7fa99d600700 1 -- 172.21.15.63:0/74369796 <== mon.0 v2:172.21.15.63:3300/0 6 ==== mon_command_ack([{"prefix": "get_command_descriptions"}]=0 v0) ==== 72+0+186147 (secure 0 0 0) 0x7fa99400b3e0 con 0x7fa9a007dd90
2024-05-09T07:48:14.768 INFO:teuthology.orchestra.run.smithi063.stdout:/usr/bin/ceph: stderr
2024-05-09T07:48:14.028+0000 7fa99fe00700 1 -- 172.21.15.63:0/74369796 >> [v2:172.21.15.63:6800/3066300161,v1:172.21.15.63:6801/3066300161] conn(0x7fa988039100 msgr2=0x7fa98803b5c0 unknown :-1 s=STATE_CONNECTING_RE l=1).process reconnect failed to v2:172.21.15.63:6800/3066300161
2024-05-09T07:48:14.768 INFO:teuthology.orchestra.run.smithi063.stdout:/usr/bin/ceph: stderr
2024-05-09T07:48:14.028+0000 7fa99fe00700 1 --2- 172.21.15.63:0/74369796 >> [v2:172.21.15.63:6800/3066300161,v1:172.21.15.63:6801/3066300161] conn(0x7fa988039100 0x7fa98803b5c0 unknown :-1 s=START_CONNECT pgs=0 cs=0 l=1 rev1=0 crypto rx=0 tx=0 comp rx=0 tx=0)._fault waiting 0.400000
2024-05-09T07:48:14.768 INFO:teuthology.orchestra.run.smithi063.stdout:/usr/bin/ceph: stderr
2024-05-09T07:48:14.122+0000 7fa9a5e00700 1 -- 172.21.15.63:0/74369796 --> [v2:172.21.15.63:3300/0,v1:172.21.15.63:6789/0] -- mon_command({"prefix": "mgr stat"} v 0) -- 0x7fa9a01a1540 con 0x7fa9a007dd90
2024-05-09T07:48:14.768 INFO:teuthology.orchestra.run.smithi063.stdout:/usr/bin/ceph: stderr
2024-05-09T07:48:14.123+0000 7fa99d600700 1 -- 172.21.15.63:0/74369796 <== mon.0 v2:172.21.15.63:3300/0 7 ==== mon_command_ack([{"prefix": "mgr stat"}]=0 v9) ==== 56+0+88 (secure 0 0 0) 0x7fa99402dde0 con 0x7fa9a007dd90
2024-05-09T07:48:14.768 INFO:teuthology.orchestra.run.smithi063.stdout:/usr/bin/ceph: stderr
2024-05-09T07:48:14.125+0000 7fa9a5e00700 1 -- 172.21.15.63:0/74369796 >> [v2:172.21.15.63:6800/3066300161,v1:172.21.15.63:6801/3066300161] conn(0x7fa988039100 msgr2=0x7fa98803b5c0 unknown :-1 s=STATE_CONNECTING l=1).mark_down
2024-05-09T07:48:14.768 INFO:teuthology.orchestra.run.smithi063.stdout:/usr/bin/ceph: stderr
2024-05-09T07:48:14.125+0000 7fa9a5e00700 1 --2- 172.21.15.63:0/74369796 >> [v2:172.21.15.63:6800/3066300161,v1:172.21.15.63:6801/3066300161] conn(0x7fa988039100 0x7fa98803b5c0 unknown :-1 s=START_CONNECT pgs=0 cs=0 l=1 rev1=0 crypto rx=0 tx=0 comp rx=0 tx=0).stop
2024-05-09T07:48:14.768 INFO:teuthology.orchestra.run.smithi063.stdout:/usr/bin/ceph: stderr
2024-05-09T07:48:14.125+0000 7fa9a5e00700 1 -- 172.21.15.63:0/74369796 >> [v2:172.21.15.63:3300/0,v1:172.21.15.63:6789/0] conn(0x7fa9a007dd90 msgr2=0x7fa9a019df60 secure :-1 s=STATE_CONNECTION_ESTABLISHED l=1).mark_down
2024-05-09T07:48:14.768 INFO:teuthology.orchestra.run.smithi063.stdout:/usr/bin/ceph: stderr
2024-05-09T07:48:14.125+0000 7fa9a5e00700 1 --2- 172.21.15.63:0/74369796 >> [v2:172.21.15.63:3300/0,v1:172.21.15.63:6789/0] conn(0x7fa9a007dd90 0x7fa9a019df60 secure :-1 s=READY pgs=60 cs=0 l=1 rev1=1 crypto rx=0x7fa994011b60 tx=0x7fa994011c40 comp rx=0 tx=0).stop
2024-05-09T07:48:14.768 INFO:teuthology.orchestra.run.smithi063.stdout:/usr/bin/ceph: stderr
2024-05-09T07:48:14.125+0000 7fa9a5e00700 1 -- 172.21.15.63:0/74369796 shutdown_connections
2024-05-09T07:48:14.768 INFO:teuthology.orchestra.run.smithi063.stdout:/usr/bin/ceph: stderr
2024-05-09T07:48:14.125+0000 7fa9a5e00700 1 --2- 172.21.15.63:0/74369796 >> [v2:172.21.15.63:6800/3066300161,v1:172.21.15.63:6801/3066300161] conn(0x7fa988039100 0x7fa98803b5c0 unknown :-1 s=CLOSED pgs=0 cs=0 l=1 rev1=0 crypto rx=0 tx=0 comp rx=0 tx=0).stop
2024-05-09T07:48:14.769 INFO:teuthology.orchestra.run.smithi063.stdout:/usr/bin/ceph: stderr
2024-05-09T07:48:14.125+0000 7fa9a5e00700 1 --2- 172.21.15.63:0/74369796 >> [v2:172.21.15.63:3300/0,v1:172.21.15.63:6789/0] conn(0x7fa9a007dd90 0x7fa9a019df60 unknown :-1 s=CLOSED pgs=60 cs=0 l=1 rev1=1 crypto rx=0 tx=0 comp rx=0 tx=0).stop
2024-05-09T07:48:14.769 INFO:teuthology.orchestra.run.smithi063.stdout:/usr/bin/ceph: stderr
2024-05-09T07:48:14.125+0000 7fa9a5e00700 1 -- 172.21.15.63:0/74369796 >> 172.21.15.63:0/74369796 conn(0x7fa9a0103510 msgr2=0x7fa9a0103fe0 unknown :-1 s=STATE_NONE l=0).mark_down
2024-05-09T07:48:14.769 INFO:teuthology.orchestra.run.smithi063.stdout:/usr/bin/ceph: stderr
2024-05-09T07:48:14.126+0000 7fa9a5e00700 1 -- 172.21.15.63:0/74369796 shutdown_connections
2024-05-09T07:48:14.769 INFO:teuthology.orchestra.run.smithi063.stdout:/usr/bin/ceph: stderr
2024-05-09T07:48:14.126+0000 7fa9a5e00700 1 -- 172.21.15.63:0/74369796 wait complete.
2024-05-09T07:48:14.769 INFO:teuthology.orchestra.run.smithi063.stdout:Waiting for the mgr to restart...
2024-05-09T07:48:14.769 INFO:teuthology.orchestra.run.smithi063.stdout:Waiting for mgr epoch 9...
2024-05-09T07:48:15.343 INFO:journalctl@ceph.mgr.x.smithi063.stdout:May 09 07:48:15 smithi063 ceph-2dd56016-0dd8-11ef-bc97-c7b262605968-mgr-x[30070]:
2024-05-09T07:48:15.255+0000 7fb08e49e200 -1 mgr[py] Module telegraf has missing NOTIFY_TYPES member
2024-05-09T07:48:15.725 INFO:journalctl@ceph.mgr.x.smithi063.stdout:May 09 07:48:15 smithi063 ceph-2dd56016-0dd8-11ef-bc97-c7b262605968-mgr-x[30070]:
2024-05-09T07:48:15.491+0000 7fb08e49e200 -1 mgr[py] Module osd_support has missing NOTIFY_TYPES member
2024-05-09T07:48:15.726 INFO:journalctl@ceph.mgr.x.smithi063.stdout:May 09 07:48:15 smithi063 ceph-2dd56016-0dd8-11ef-bc97-c7b262605968-mgr-x[30070]:
2024-05-09T07:48:15.712+0000 7fb08e49e200 -1 mgr[py] Module iostat has missing NOTIFY_TYPES member
2024-05-09T07:48:16.508 INFO:journalctl@ceph.mgr.x.smithi063.stdout:May 09 07:48:16 smithi063 ceph-2dd56016-0dd8-11ef-bc97-c7b262605968-mgr-x[30070]:
2024-05-09T07:48:16.108+0000 7fb08e49e200 -1 mgr[py] Module alerts has missing NOTIFY_TYPES member
2024-05-09T07:48:16.508 INFO:journalctl@ceph.mgr.x.smithi063.stdout:May 09 07:48:16 smithi063 ceph-2dd56016-0dd8-11ef-bc97-c7b262605968-mgr-x[30070]:
2024-05-09T07:48:16.234+0000 7fb08e49e200 -1 mgr[py] Module selftest has missing NOTIFY_TYPES member
2024-05-09T07:48:16.771 INFO:journalctl@ceph.mgr.x.smithi063.stdout:May 09 07:48:16 smithi063 ceph-2dd56016-0dd8-11ef-bc97-c7b262605968-mgr-x[30070]:
2024-05-09T07:48:16.494+0000 7fb08e49e200 -1 mgr[py] Module pg_autoscaler has missing NOTIFY_TYPES member
2024-05-09T07:48:16.771 INFO:journalctl@ceph.mgr.x.smithi063.stdout:May 09 07:48:16 smithi063 ceph-2dd56016-0dd8-11ef-bc97-c7b262605968-mgr-x[30070]:
2024-05-09T07:48:16.758+0000 7fb08e49e200 -1 mgr[py] Module test_orchestrator has missing NOTIFY_TYPES member
2024-05-09T07:48:17.843 INFO:journalctl@ceph.mgr.x.smithi063.stdout:May 09 07:48:17 smithi063 ceph-2dd56016-0dd8-11ef-bc97-c7b262605968-mgr-x[30070]:
2024-05-09T07:48:17.576+0000 7fb08e49e200 -1 mgr[py] Module rook has missing NOTIFY_TYPES member
2024-05-09T07:48:18.528 INFO:journalctl@ceph.mgr.x.smithi063.stdout:May 09 07:48:18 smithi063 ceph-2dd56016-0dd8-11ef-bc97-c7b262605968-mgr-x[30070]:
2024-05-09T07:48:18.155+0000 7fb08e49e200 -1 mgr[py] Module volumes has missing NOTIFY_TYPES member
2024-05-09T07:48:18.528 INFO:journalctl@ceph.mgr.x.smithi063.stdout:May 09 07:48:18 smithi063 ceph-2dd56016-0dd8-11ef-bc97-c7b262605968-mgr-x[30070]:
2024-05-09T07:48:18.292+0000 7fb08e49e200 -1 mgr[py] Module crash has missing NOTIFY_TYPES member
2024-05-09T07:48:18.843 INFO:journalctl@ceph.mgr.x.smithi063.stdout:May 09 07:48:18 smithi063 ceph-2dd56016-0dd8-11ef-bc97-c7b262605968-mgr-x[30070]:
2024-05-09T07:48:18.572+0000 7fb08e49e200 -1 mgr[py] Module rgw has missing NOTIFY_TYPES member
2024-05-09T07:48:19.594 INFO:journalctl@ceph.mgr.x.smithi063.stdout:May 09 07:48:19 smithi063 ceph-2dd56016-0dd8-11ef-bc97-c7b262605968-mgr-x[30070]:
2024-05-09T07:48:19.244+0000 7fb08e49e200 -1 mgr[py] Module prometheus has missing NOTIFY_TYPES member
2024-05-09T07:48:19.595 INFO:journalctl@ceph.mgr.x.smithi063.stdout:May 09 07:48:19 smithi063 ceph-2dd56016-0dd8-11ef-bc97-c7b262605968-mgr-x[30070]:
2024-05-09T07:48:19.374+0000 7fb08e49e200 -1 mgr[py] Module devicehealth has missing NOTIFY_TYPES member
2024-05-09T07:48:20.039 INFO:journalctl@ceph.mgr.x.smithi063.stdout:May 09 07:48:19 smithi063 ceph-2dd56016-0dd8-11ef-bc97-c7b262605968-mgr-x[30070]:
2024-05-09T07:48:19.709+0000 7fb08e49e200 -1 mgr[py] Module telemetry has missing NOTIFY_TYPES member
2024-05-09T07:48:20.039 INFO:journalctl@ceph.mgr.x.smithi063.stdout:May 09 07:48:19 smithi063 ceph-2dd56016-0dd8-11ef-bc97-c7b262605968-mgr-x[30070]:
2024-05-09T07:48:19.894+0000 7fb08e49e200 -1 mgr[py] Module diskprediction_local has missing NOTIFY_TYPES member
2024-05-09T07:48:20.039 INFO:journalctl@ceph.mgr.x.smithi063.stdout:May 09 07:48:20 smithi063 ceph-2dd56016-0dd8-11ef-bc97-c7b262605968-mgr-x[30070]:
2024-05-09T07:48:20.025+0000 7fb08e49e200 -1 mgr[py] Module osd_perf_query has missing NOTIFY_TYPES member
