2024-05-09T07:47:33.594 INFO:journalctl@ceph.mon.a.smithi063.stdout:May 09 07:47:33 smithi063 ceph-mon[29843]: mgrmap e2: x(active, starting, since 0.0101806s)
2024-05-09T07:47:33.594 INFO:journalctl@ceph.mon.a.smithi063.stdout:May 09 07:47:33 smithi063 ceph-mon[29843]: from='mgr.14100 172.21.15.63:0/1675734062' entity='mgr.x' cmd=[{"prefix": "mds metadata"}]: dispatch
2024-05-09T07:47:33.594 INFO:journalctl@ceph.mon.a.smithi063.stdout:May 09 07:47:33 smithi063 ceph-mon[29843]: from='mgr.14100 172.21.15.63:0/1675734062' entity='mgr.x' cmd=[{"prefix": "osd metadata"}]: dispatch
2024-05-09T07:47:33.595 INFO:journalctl@ceph.mon.a.smithi063.stdout:May 09 07:47:33 smithi063 ceph-mon[29843]: from='mgr.14100 172.21.15.63:0/1675734062' entity='mgr.x' cmd=[{"prefix": "mon metadata"}]: dispatch
2024-05-09T07:47:33.595 INFO:journalctl@ceph.mon.a.smithi063.stdout:May 09 07:47:33 smithi063 ceph-mon[29843]: from='mgr.14100 172.21.15.63:0/1675734062' entity='mgr.x' cmd=[{"prefix": "mon metadata", "id": "a"}]: dispatch
2024-05-09T07:47:33.595 INFO:journalctl@ceph.mon.a.smithi063.stdout:May 09 07:47:33 smithi063 ceph-mon[29843]: from='mgr.14100 172.21.15.63:0/1675734062' entity='mgr.x' cmd=[{"prefix": "mgr metadata", "who": "x", "id": "x"}]: dispatch
2024-05-09T07:47:33.595 INFO:journalctl@ceph.mon.a.smithi063.stdout:May 09 07:47:33 smithi063 ceph-mon[29843]: Manager daemon x is now available
2024-05-09T07:47:33.595 INFO:journalctl@ceph.mon.a.smithi063.stdout:May 09 07:47:33 smithi063 ceph-mon[29843]: from='mgr.14100 172.21.15.63:0/1675734062' entity='mgr.x' cmd=[{"prefix":"config rm","who":"mgr","name":"mgr/rbd_support/x/mirror_snapshot_schedule"}]: dispatch
2024-05-09T07:47:33.595 INFO:journalctl@ceph.mon.a.smithi063.stdout:May 09 07:47:33 smithi063 ceph-mon[29843]: from='mgr.14100 172.21.15.63:0/1675734062' entity='mgr.x' cmd=[{"prefix":"config rm","who":"mgr","name":"mgr/rbd_support/x/trash_purge_schedule"}]: dispatch
2024-05-09T07:47:34.518 INFO:journalctl@ceph.mon.a.smithi063.stdout:May 09 07:47:34 smithi063 ceph-mon[29843]: from='mgr.14100 172.21.15.63:0/1675734062' entity='mgr.x'
2024-05-09T07:47:34.518 INFO:journalctl@ceph.mon.a.smithi063.stdout:May 09 07:47:34 smithi063 ceph-mon[29843]: from='mgr.14100 172.21.15.63:0/1675734062' entity='mgr.x'
2024-05-09T07:47:34.518 INFO:journalctl@ceph.mon.a.smithi063.stdout:May 09 07:47:34 smithi063 ceph-mon[29843]: from='mgr.14100 172.21.15.63:0/1675734062' entity='mgr.x'
2024-05-09T07:47:34.518 INFO:journalctl@ceph.mon.a.smithi063.stdout:May 09 07:47:34 smithi063 ceph-mon[29843]: mgrmap e3: x(active, since 1.0219s)
2024-05-09T07:47:36.042 INFO:teuthology.orchestra.run.smithi063.stdout:/usr/bin/ceph: stdout
2024-05-09T07:47:36.043 INFO:teuthology.orchestra.run.smithi063.stdout:/usr/bin/ceph: stdout {
2024-05-09T07:47:36.043 INFO:teuthology.orchestra.run.smithi063.stdout:/usr/bin/ceph: stdout "fsid": "2dd56016-0dd8-11ef-bc97-c7b262605968",
2024-05-09T07:47:36.043 INFO:teuthology.orchestra.run.smithi063.stdout:/usr/bin/ceph: stdout "health": {
2024-05-09T07:47:36.043 INFO:teuthology.orchestra.run.smithi063.stdout:/usr/bin/ceph: stdout "status": "HEALTH_OK",
2024-05-09T07:47:36.043 INFO:teuthology.orchestra.run.smithi063.stdout:/usr/bin/ceph: stdout "checks": {},
2024-05-09T07:47:36.043 INFO:teuthology.orchestra.run.smithi063.stdout:/usr/bin/ceph: stdout "mutes": []
2024-05-09T07:47:36.043 INFO:teuthology.orchestra.run.smithi063.stdout:/usr/bin/ceph: stdout },
2024-05-09T07:47:36.043 INFO:teuthology.orchestra.run.smithi063.stdout:/usr/bin/ceph: stdout "election_epoch": 5,
2024-05-09T07:47:36.043 INFO:teuthology.orchestra.run.smithi063.stdout:/usr/bin/ceph: stdout "quorum": [
2024-05-09T07:47:36.043 INFO:teuthology.orchestra.run.smithi063.stdout:/usr/bin/ceph: stdout 0
2024-05-09T07:47:36.043 INFO:teuthology.orchestra.run.smithi063.stdout:/usr/bin/ceph: stdout ],
2024-05-09T07:47:36.043 INFO:teuthology.orchestra.run.smithi063.stdout:/usr/bin/ceph: stdout "quorum_names": [
2024-05-09T07:47:36.044 INFO:teuthology.orchestra.run.smithi063.stdout:/usr/bin/ceph: stdout "a"
2024-05-09T07:47:36.044 INFO:teuthology.orchestra.run.smithi063.stdout:/usr/bin/ceph: stdout ],
2024-05-09T07:47:36.044 INFO:teuthology.orchestra.run.smithi063.stdout:/usr/bin/ceph: stdout "quorum_age": 14,
2024-05-09T07:47:36.044 INFO:teuthology.orchestra.run.smithi063.stdout:/usr/bin/ceph: stdout "monmap": {
2024-05-09T07:47:36.044 INFO:teuthology.orchestra.run.smithi063.stdout:/usr/bin/ceph: stdout "epoch": 1,
2024-05-09T07:47:36.044 INFO:teuthology.orchestra.run.smithi063.stdout:/usr/bin/ceph: stdout "min_mon_release_name": "squid",
2024-05-09T07:47:36.044 INFO:teuthology.orchestra.run.smithi063.stdout:/usr/bin/ceph: stdout "num_mons": 1
2024-05-09T07:47:36.044 INFO:teuthology.orchestra.run.smithi063.stdout:/usr/bin/ceph: stdout },
2024-05-09T07:47:36.044 INFO:teuthology.orchestra.run.smithi063.stdout:/usr/bin/ceph: stdout "osdmap": {
2024-05-09T07:47:36.044 INFO:teuthology.orchestra.run.smithi063.stdout:/usr/bin/ceph: stdout "epoch": 1,
2024-05-09T07:47:36.044 INFO:teuthology.orchestra.run.smithi063.stdout:/usr/bin/ceph: stdout "num_osds": 0,
2024-05-09T07:47:36.044 INFO:teuthology.orchestra.run.smithi063.stdout:/usr/bin/ceph: stdout "num_up_osds": 0,
2024-05-09T07:47:36.044 INFO:teuthology.orchestra.run.smithi063.stdout:/usr/bin/ceph: stdout "osd_up_since": 0,
2024-05-09T07:47:36.053 INFO:teuthology.orchestra.run.smithi063.stdout:/usr/bin/ceph: stdout "num_in_osds": 0,
2024-05-09T07:47:36.053 INFO:teuthology.orchestra.run.smithi063.stdout:/usr/bin/ceph: stdout "osd_in_since": 0,
2024-05-09T07:47:36.053 INFO:teuthology.orchestra.run.smithi063.stdout:/usr/bin/ceph: stdout "num_remapped_pgs": 0
2024-05-09T07:47:36.053 INFO:teuthology.orchestra.run.smithi063.stdout:/usr/bin/ceph: stdout },
2024-05-09T07:47:36.053 INFO:teuthology.orchestra.run.smithi063.stdout:/usr/bin/ceph: stdout "pgmap": {
2024-05-09T07:47:36.053 INFO:teuthology.orchestra.run.smithi063.stdout:/usr/bin/ceph: stdout "pgs_by_state": [],
2024-05-09T07:47:36.053 INFO:teuthology.orchestra.run.smithi063.stdout:/usr/bin/ceph: stdout "num_pgs": 0,
2024-05-09T07:47:36.054 INFO:teuthology.orchestra.run.smithi063.stdout:/usr/bin/ceph: stdout "num_pools": 0,
2024-05-09T07:47:36.054 INFO:teuthology.orchestra.run.smithi063.stdout:/usr/bin/ceph: stdout "num_objects": 0,
2024-05-09T07:47:36.054 INFO:teuthology.orchestra.run.smithi063.stdout:/usr/bin/ceph: stdout "data_bytes": 0,
2024-05-09T07:47:36.054 INFO:teuthology.orchestra.run.smithi063.stdout:/usr/bin/ceph: stdout "bytes_used": 0,
2024-05-09T07:47:36.054 INFO:teuthology.orchestra.run.smithi063.stdout:/usr/bin/ceph: stdout "bytes_avail": 0,
2024-05-09T07:47:36.054 INFO:teuthology.orchestra.run.smithi063.stdout:/usr/bin/ceph: stdout "bytes_total": 0
2024-05-09T07:47:36.054 INFO:teuthology.orchestra.run.smithi063.stdout:/usr/bin/ceph: stdout },
2024-05-09T07:47:36.054 INFO:teuthology.orchestra.run.smithi063.stdout:/usr/bin/ceph: stdout "fsmap": {
2024-05-09T07:47:36.054 INFO:teuthology.orchestra.run.smithi063.stdout:/usr/bin/ceph: stdout "epoch": 1,
2024-05-09T07:47:36.054 INFO:teuthology.orchestra.run.smithi063.stdout:/usr/bin/ceph: stdout "by_rank": [],
2024-05-09T07:47:36.054 INFO:teuthology.orchestra.run.smithi063.stdout:/usr/bin/ceph: stdout "up:standby": 0
2024-05-09T07:47:36.054 INFO:teuthology.orchestra.run.smithi063.stdout:/usr/bin/ceph: stdout },
2024-05-09T07:47:36.054 INFO:teuthology.orchestra.run.smithi063.stdout:/usr/bin/ceph: stdout "mgrmap": {
2024-05-09T07:47:36.054 INFO:teuthology.orchestra.run.smithi063.stdout:/usr/bin/ceph: stdout "available": true,
2024-05-09T07:47:36.055 INFO:teuthology.orchestra.run.smithi063.stdout:/usr/bin/ceph: stdout "num_standbys": 0,
2024-05-09T07:47:36.055 INFO:teuthology.orchestra.run.smithi063.stdout:/usr/bin/ceph: stdout "modules": [
2024-05-09T07:47:36.055 INFO:teuthology.orchestra.run.smithi063.stdout:/usr/bin/ceph: stdout "iostat",
2024-05-09T07:47:36.055 INFO:teuthology.orchestra.run.smithi063.stdout:/usr/bin/ceph: stdout "nfs",
2024-05-09T07:47:36.055 INFO:teuthology.orchestra.run.smithi063.stdout:/usr/bin/ceph: stdout "restful"
2024-05-09T07:47:36.055 INFO:teuthology.orchestra.run.smithi063.stdout:/usr/bin/ceph: stdout ],
2024-05-09T07:47:36.055 INFO:teuthology.orchestra.run.smithi063.stdout:/usr/bin/ceph: stdout "services": {}
2024-05-09T07:47:36.055 INFO:teuthology.orchestra.run.smithi063.stdout:/usr/bin/ceph: stdout },
2024-05-09T07:47:36.055 INFO:teuthology.orchestra.run.smithi063.stdout:/usr/bin/ceph: stdout "servicemap": {
2024-05-09T07:47:36.055 INFO:teuthology.orchestra.run.smithi063.stdout:/usr/bin/ceph: stdout "epoch": 1,
2024-05-09T07:47:36.055 INFO:teuthology.orchestra.run.smithi063.stdout:/usr/bin/ceph: stdout "modified": "2024-05-09T07:47:05.782869+0000",
2024-05-09T07:47:36.055 INFO:teuthology.orchestra.run.smithi063.stdout:/usr/bin/ceph: stdout "services": {}
2024-05-09T07:47:36.055 INFO:teuthology.orchestra.run.smithi063.stdout:/usr/bin/ceph: stdout },
2024-05-09T07:47:36.056 INFO:teuthology.orchestra.run.smithi063.stdout:/usr/bin/ceph: stdout "progress_events": {}
2024-05-09T07:47:36.056 INFO:teuthology.orchestra.run.smithi063.stdout:/usr/bin/ceph: stdout }
2024-05-09T07:47:36.056 INFO:teuthology.orchestra.run.smithi063.stdout:/usr/bin/ceph: stderr
2024-05-09T07:47:34.939+0000 7f6f72200700 1 Processor -- start
2024-05-09T07:47:36.056 INFO:teuthology.orchestra.run.smithi063.stdout:/usr/bin/ceph: stderr
2024-05-09T07:47:34.940+0000 7f6f72200700 1 -- start start
2024-05-09T07:47:36.056 INFO:teuthology.orchestra.run.smithi063.stdout:/usr/bin/ceph: stderr
2024-05-09T07:47:34.940+0000 7f6f72200700 1 --2- >> [v2:172.21.15.63:3300/0,v1:172.21.15.63:6789/0] conn(0x7f6f6c10ee10 0x7f6f6c111200 unknown :-1 s=NONE pgs=0 cs=0 l=0 rev1=0 crypto rx=0 tx=0 comp rx=0 tx=0).connect
2024-05-09T07:47:36.056 INFO:teuthology.orchestra.run.smithi063.stdout:/usr/bin/ceph: stderr
2024-05-09T07:47:34.940+0000 7f6f72200700 1 -- --> [v2:172.21.15.63:3300/0,v1:172.21.15.63:6789/0] -- mon_getmap magic: 0 -- 0x7f6f6c111740 con 0x7f6f6c10ee10
2024-05-09T07:47:36.056 INFO:teuthology.orchestra.run.smithi063.stdout:/usr/bin/ceph: stderr
2024-05-09T07:47:34.941+0000 7f6f6b400700 1 --2- >> [v2:172.21.15.63:3300/0,v1:172.21.15.63:6789/0] conn(0x7f6f6c10ee10 0x7f6f6c111200 unknown :-1 s=BANNER_CONNECTING pgs=0 cs=0 l=0 rev1=0 crypto rx=0 tx=0 comp rx=0 tx=0)._handle_peer_banner_payload supported=3 required=0
2024-05-09T07:47:36.056 INFO:teuthology.orchestra.run.smithi063.stdout:/usr/bin/ceph: stderr
2024-05-09T07:47:34.941+0000 7f6f6b400700 1 --2- >> [v2:172.21.15.63:3300/0,v1:172.21.15.63:6789/0] conn(0x7f6f6c10ee10 0x7f6f6c111200 unknown :-1 s=HELLO_CONNECTING pgs=0 cs=0 l=0 rev1=1 crypto rx=0 tx=0 comp rx=0 tx=0).handle_hello peer v2:172.21.15.63:3300/0 says I am v2:172.21.15.63:37436/0 (socket says 172.21.15.63:37436)
2024-05-09T07:47:36.056 INFO:teuthology.orchestra.run.smithi063.stdout:/usr/bin/ceph: stderr
2024-05-09T07:47:34.941+0000 7f6f6b400700 1 -- 172.21.15.63:0/487202356 learned_addr learned my addr 172.21.15.63:0/487202356 (peer_addr_for_me v2:172.21.15.63:0/0)
2024-05-09T07:47:36.056 INFO:teuthology.orchestra.run.smithi063.stdout:/usr/bin/ceph: stderr
2024-05-09T07:47:34.941+0000 7f6f6b400700 1 -- 172.21.15.63:0/487202356 --> [v2:172.21.15.63:3300/0,v1:172.21.15.63:6789/0] -- mon_subscribe({config=0+,monmap=0+}) -- 0x7f6f6c1118c0 con 0x7f6f6c10ee10
2024-05-09T07:47:36.056 INFO:teuthology.orchestra.run.smithi063.stdout:/usr/bin/ceph: stderr
2024-05-09T07:47:34.941+0000 7f6f6b400700 1 --2- 172.21.15.63:0/487202356 >> [v2:172.21.15.63:3300/0,v1:172.21.15.63:6789/0] conn(0x7f6f6c10ee10 0x7f6f6c111200 secure :-1 s=READY pgs=18 cs=0 l=1 rev1=1 crypto rx=0x7f6f5c0098a0 tx=0x7f6f5c009bb0 comp rx=0 tx=0).ready entity=mon.0 client_cookie=969edc2ed49cead server_cookie=0 in_seq=0 out_seq=0
2024-05-09T07:47:36.056 INFO:teuthology.orchestra.run.smithi063.stdout:/usr/bin/ceph: stderr
2024-05-09T07:47:34.942+0000 7f6f6aa00700 1 -- 172.21.15.63:0/487202356 <== mon.0 v2:172.21.15.63:3300/0 1 ==== mon_map magic: 0 ==== 205+0+0 (secure 0 0 0) 0x7f6f5c004160 con 0x7f6f6c10ee10
2024-05-09T07:47:36.056 INFO:teuthology.orchestra.run.smithi063.stdout:/usr/bin/ceph: stderr
2024-05-09T07:47:34.942+0000 7f6f6aa00700 1 -- 172.21.15.63:0/487202356 <== mon.0 v2:172.21.15.63:3300/0 2 ==== config(27 keys) ==== 1109+0+0 (secure 0 0 0) 0x7f6f5c004300 con 0x7f6f6c10ee10
2024-05-09T07:47:36.056 INFO:teuthology.orchestra.run.smithi063.stdout:/usr/bin/ceph: stderr
2024-05-09T07:47:34.942+0000 7f6f6aa00700 1 -- 172.21.15.63:0/487202356 <== mon.0 v2:172.21.15.63:3300/0 3 ==== mon_map magic: 0 ==== 205+0+0 (secure 0 0 0) 0x7f6f5c011b50 con 0x7f6f6c10ee10
2024-05-09T07:47:36.057 INFO:teuthology.orchestra.run.smithi063.stdout:/usr/bin/ceph: stderr
2024-05-09T07:47:34.942+0000 7f6f72200700 1 -- 172.21.15.63:0/487202356 >> [v2:172.21.15.63:3300/0,v1:172.21.15.63:6789/0] conn(0x7f6f6c10ee10 msgr2=0x7f6f6c111200 secure :-1 s=STATE_CONNECTION_ESTABLISHED l=1).mark_down
2024-05-09T07:47:36.057 INFO:teuthology.orchestra.run.smithi063.stdout:/usr/bin/ceph: stderr
2024-05-09T07:47:34.942+0000 7f6f72200700 1 --2- 172.21.15.63:0/487202356 >> [v2:172.21.15.63:3300/0,v1:172.21.15.63:6789/0] conn(0x7f6f6c10ee10 0x7f6f6c111200 secure :-1 s=READY pgs=18 cs=0 l=1 rev1=1 crypto rx=0x7f6f5c0098a0 tx=0x7f6f5c009bb0 comp rx=0 tx=0).stop
2024-05-09T07:47:36.057 INFO:teuthology.orchestra.run.smithi063.stdout:/usr/bin/ceph: stderr
2024-05-09T07:47:34.943+0000 7f6f72200700 1 -- 172.21.15.63:0/487202356 shutdown_connections
2024-05-09T07:47:36.057 INFO:teuthology.orchestra.run.smithi063.stdout:/usr/bin/ceph: stderr
2024-05-09T07:47:34.943+0000 7f6f72200700 1 --2- 172.21.15.63:0/487202356 >> [v2:172.21.15.63:3300/0,v1:172.21.15.63:6789/0] conn(0x7f6f6c10ee10 0x7f6f6c111200 unknown :-1 s=CLOSED pgs=18 cs=0 l=1 rev1=1 crypto rx=0 tx=0 comp rx=0 tx=0).stop
2024-05-09T07:47:36.057 INFO:teuthology.orchestra.run.smithi063.stdout:/usr/bin/ceph: stderr
2024-05-09T07:47:34.943+0000 7f6f72200700 1 -- 172.21.15.63:0/487202356 >> 172.21.15.63:0/487202356 conn(0x7f6f6c07d5f0 msgr2=0x7f6f6c07fa30 unknown :-1 s=STATE_NONE l=0).mark_down
2024-05-09T07:47:36.057 INFO:teuthology.orchestra.run.smithi063.stdout:/usr/bin/ceph: stderr
2024-05-09T07:47:34.943+0000 7f6f72200700 1 -- 172.21.15.63:0/487202356 shutdown_connections
2024-05-09T07:47:36.057 INFO:teuthology.orchestra.run.smithi063.stdout:/usr/bin/ceph: stderr
2024-05-09T07:47:34.943+0000 7f6f72200700 1 -- 172.21.15.63:0/487202356 wait complete.
2024-05-09T07:47:36.057 INFO:teuthology.orchestra.run.smithi063.stdout:/usr/bin/ceph: stderr
2024-05-09T07:47:34.944+0000 7f6f72200700 1 Processor -- start
2024-05-09T07:47:36.057 INFO:teuthology.orchestra.run.smithi063.stdout:/usr/bin/ceph: stderr
2024-05-09T07:47:34.944+0000 7f6f72200700 1 -- start start
2024-05-09T07:47:36.057 INFO:teuthology.orchestra.run.smithi063.stdout:/usr/bin/ceph: stderr
2024-05-09T07:47:34.944+0000 7f6f72200700 1 --2- >> [v2:172.21.15.63:3300/0,v1:172.21.15.63:6789/0] conn(0x7f6f6c10ee10 0x7f6f6c1a2570 unknown :-1 s=NONE pgs=0 cs=0 l=1 rev1=0 crypto rx=0 tx=0 comp rx=0 tx=0).connect
2024-05-09T07:47:36.057 INFO:teuthology.orchestra.run.smithi063.stdout:/usr/bin/ceph: stderr
2024-05-09T07:47:34.944+0000 7f6f72200700 1 -- --> [v2:172.21.15.63:3300/0,v1:172.21.15.63:6789/0] -- mon_getmap magic: 0 -- 0x7f6f6c1129a0 con 0x7f6f6c10ee10
2024-05-09T07:47:36.057 INFO:teuthology.orchestra.run.smithi063.stdout:/usr/bin/ceph: stderr
2024-05-09T07:47:34.945+0000 7f6f6b400700 1 --2- >> [v2:172.21.15.63:3300/0,v1:172.21.15.63:6789/0] conn(0x7f6f6c10ee10 0x7f6f6c1a2570 unknown :-1 s=BANNER_CONNECTING pgs=0 cs=0 l=1 rev1=0 crypto rx=0 tx=0 comp rx=0 tx=0)._handle_peer_banner_payload supported=3 required=0
2024-05-09T07:47:36.057 INFO:teuthology.orchestra.run.smithi063.stdout:/usr/bin/ceph: stderr
2024-05-09T07:47:34.945+0000 7f6f6b400700 1 --2- >> [v2:172.21.15.63:3300/0,v1:172.21.15.63:6789/0] conn(0x7f6f6c10ee10 0x7f6f6c1a2570 unknown :-1 s=HELLO_CONNECTING pgs=0 cs=0 l=1 rev1=1 crypto rx=0 tx=0 comp rx=0 tx=0).handle_hello peer v2:172.21.15.63:3300/0 says I am v2:172.21.15.63:37438/0 (socket says 172.21.15.63:37438)
2024-05-09T07:47:36.058 INFO:teuthology.orchestra.run.smithi063.stdout:/usr/bin/ceph: stderr
2024-05-09T07:47:34.945+0000 7f6f6b400700 1 -- 172.21.15.63:0/910434205 learned_addr learned my addr 172.21.15.63:0/910434205 (peer_addr_for_me v2:172.21.15.63:0/0)
2024-05-09T07:47:36.058 INFO:teuthology.orchestra.run.smithi063.stdout:/usr/bin/ceph: stderr
2024-05-09T07:47:34.945+0000 7f6f6b400700 1 -- 172.21.15.63:0/910434205 --> [v2:172.21.15.63:3300/0,v1:172.21.15.63:6789/0] -- mon_subscribe({config=0+,monmap=0+}) -- 0x7f6f6c1a2ab0 con 0x7f6f6c10ee10
2024-05-09T07:47:36.058 INFO:teuthology.orchestra.run.smithi063.stdout:/usr/bin/ceph: stderr
2024-05-09T07:47:34.945+0000 7f6f6b400700 1 --2- 172.21.15.63:0/910434205 >> [v2:172.21.15.63:3300/0,v1:172.21.15.63:6789/0] conn(0x7f6f6c10ee10 0x7f6f6c1a2570 secure :-1 s=READY pgs=19 cs=0 l=1 rev1=1 crypto rx=0x7f6f5c011b60 tx=0x7f6f5c011c40 comp rx=0 tx=0).ready entity=mon.0 client_cookie=0 server_cookie=0 in_seq=0 out_seq=0
2024-05-09T07:47:36.058 INFO:teuthology.orchestra.run.smithi063.stdout:/usr/bin/ceph: stderr
2024-05-09T07:47:34.946+0000 7f6f68c00700 1 -- 172.21.15.63:0/910434205 <== mon.0 v2:172.21.15.63:3300/0 1 ==== mon_map magic: 0 ==== 205+0+0 (secure 0 0 0) 0x7f6f5c003b20 con 0x7f6f6c10ee10
2024-05-09T07:47:36.058 INFO:teuthology.orchestra.run.smithi063.stdout:/usr/bin/ceph: stderr
2024-05-09T07:47:34.946+0000 7f6f68c00700 1 -- 172.21.15.63:0/910434205 <== mon.0 v2:172.21.15.63:3300/0 2 ==== config(27 keys) ==== 1109+0+0 (secure 0 0 0) 0x7f6f5c003cc0 con 0x7f6f6c10ee10
2024-05-09T07:47:36.058 INFO:teuthology.orchestra.run.smithi063.stdout:/usr/bin/ceph: stderr
2024-05-09T07:47:34.946+0000 7f6f68c00700 1 -- 172.21.15.63:0/910434205 <== mon.0 v2:172.21.15.63:3300/0 3 ==== mon_map magic: 0 ==== 205+0+0 (secure 0 0 0) 0x7f6f5c024840 con 0x7f6f6c10ee10
2024-05-09T07:47:36.058 INFO:teuthology.orchestra.run.smithi063.stdout:/usr/bin/ceph: stderr
2024-05-09T07:47:34.946+0000 7f6f72200700 1 -- 172.21.15.63:0/910434205 --> [v2:172.21.15.63:3300/0,v1:172.21.15.63:6789/0] -- mon_subscribe({mgrmap=0+}) -- 0x7f6f6c1a2d40 con 0x7f6f6c10ee10
2024-05-09T07:47:36.058 INFO:teuthology.orchestra.run.smithi063.stdout:/usr/bin/ceph: stderr
2024-05-09T07:47:34.946+0000 7f6f72200700 1 -- 172.21.15.63:0/910434205 --> [v2:172.21.15.63:3300/0,v1:172.21.15.63:6789/0] -- mon_subscribe({osdmap=0}) -- 0x7f6f6c1a5a30 con 0x7f6f6c10ee10
2024-05-09T07:47:36.058 INFO:teuthology.orchestra.run.smithi063.stdout:/usr/bin/ceph: stderr
2024-05-09T07:47:34.947+0000 7f6f68c00700 1 -- 172.21.15.63:0/910434205 <== mon.0 v2:172.21.15.63:3300/0 4 ==== mgrmap(e 3) ==== 46170+0+0 (secure 0 0 0) 0x7f6f5c022020 con 0x7f6f6c10ee10
2024-05-09T07:47:36.058 INFO:teuthology.orchestra.run.smithi063.stdout:/usr/bin/ceph: stderr
2024-05-09T07:47:34.947+0000 7f6f72200700 1 -- 172.21.15.63:0/910434205 --> [v2:172.21.15.63:3300/0,v1:172.21.15.63:6789/0] -- mon_command({"prefix": "get_command_descriptions"} v 0) -- 0x7f6f6c063980 con 0x7f6f6c10ee10
2024-05-09T07:47:36.059 INFO:teuthology.orchestra.run.smithi063.stdout:/usr/bin/ceph: stderr
2024-05-09T07:47:34.948+0000 7f6f68c00700 1 --2- 172.21.15.63:0/910434205 >> [v2:172.21.15.63:6800/201323686,v1:172.21.15.63:6801/201323686] conn(0x7f6f50038f30 0x7f6f5003b3f0 unknown :-1 s=NONE pgs=0 cs=0 l=1 rev1=0 crypto rx=0 tx=0 comp rx=0 tx=0).connect
2024-05-09T07:47:36.059 INFO:teuthology.orchestra.run.smithi063.stdout:/usr/bin/ceph: stderr
2024-05-09T07:47:34.948+0000 7f6f68c00700 1 -- 172.21.15.63:0/910434205 <== mon.0 v2:172.21.15.63:3300/0 5 ==== osd_map(1..1 src has 1..1) ==== 725+0+0 (secure 0 0 0) 0x7f6f5c011e00 con 0x7f6f6c10ee10
2024-05-09T07:47:36.059 INFO:teuthology.orchestra.run.smithi063.stdout:/usr/bin/ceph: stderr
2024-05-09T07:47:34.948+0000 7f6f62a00700 1 --2- 172.21.15.63:0/910434205 >> [v2:172.21.15.63:6800/201323686,v1:172.21.15.63:6801/201323686] conn(0x7f6f50038f30 0x7f6f5003b3f0 unknown :-1 s=BANNER_CONNECTING pgs=0 cs=0 l=1 rev1=0 crypto rx=0 tx=0 comp rx=0 tx=0)._handle_peer_banner_payload supported=3 required=0
2024-05-09T07:47:36.059 INFO:teuthology.orchestra.run.smithi063.stdout:/usr/bin/ceph: stderr
2024-05-09T07:47:34.949+0000 7f6f62a00700 1 --2- 172.21.15.63:0/910434205 >> [v2:172.21.15.63:6800/201323686,v1:172.21.15.63:6801/201323686] conn(0x7f6f50038f30 0x7f6f5003b3f0 secure :-1 s=READY pgs=6 cs=0 l=1 rev1=1 crypto rx=0x7f6f5400ad30 tx=0x7f6f540093f0 comp rx=0 tx=0).ready entity=mgr.14100 client_cookie=0 server_cookie=0 in_seq=0 out_seq=0
2024-05-09T07:47:36.059 INFO:teuthology.orchestra.run.smithi063.stdout:/usr/bin/ceph: stderr
2024-05-09T07:47:34.954+0000 7f6f68c00700 1 -- 172.21.15.63:0/910434205 <== mon.0 v2:172.21.15.63:3300/0 6 ==== mon_command_ack([{"prefix": "get_command_descriptions"}]=0 v0) ==== 72+0+186147 (secure 0 0 0) 0x7f6f5c00b3e0 con 0x7f6f6c10ee10
2024-05-09T07:47:36.059 INFO:teuthology.orchestra.run.smithi063.stdout:/usr/bin/ceph: stderr
2024-05-09T07:47:35.179+0000 7f6f68c00700 1 -- 172.21.15.63:0/910434205 <== mon.0 v2:172.21.15.63:3300/0 7 ==== mgrmap(e 4) ==== 46276+0+0 (secure 0 0 0) 0x7f6f5c01a7b0 con 0x7f6f6c10ee10
2024-05-09T07:47:36.059 INFO:teuthology.orchestra.run.smithi063.stdout:/usr/bin/ceph: stderr
2024-05-09T07:47:35.270+0000 7f6f72200700 1 -- 172.21.15.63:0/910434205 --> [v2:172.21.15.63:3300/0,v1:172.21.15.63:6789/0] -- mon_command({"prefix": "status", "format": "json-pretty"} v 0) -- 0x7f6f6c1a5f30 con 0x7f6f6c10ee10
2024-05-09T07:47:36.059 INFO:teuthology.orchestra.run.smithi063.stdout:/usr/bin/ceph: stderr
2024-05-09T07:47:35.271+0000 7f6f68c00700 1 -- 172.21.15.63:0/910434205 <== mon.0 v2:172.21.15.63:3300/0 8 ==== mon_command_ack([{"prefix": "status", "format": "json-pretty"}]=0 v0) ==== 79+0+1239 (secure 0 0 0) 0x7f6f5c00e260 con 0x7f6f6c10ee10
2024-05-09T07:47:36.059 INFO:teuthology.orchestra.run.smithi063.stdout:/usr/bin/ceph: stderr
2024-05-09T07:47:35.274+0000 7f6f72200700 1 -- 172.21.15.63:0/910434205 >> [v2:172.21.15.63:6800/201323686,v1:172.21.15.63:6801/201323686] conn(0x7f6f50038f30 msgr2=0x7f6f5003b3f0 secure :-1 s=STATE_CONNECTION_ESTABLISHED l=1).mark_down
2024-05-09T07:47:36.059 INFO:teuthology.orchestra.run.smithi063.stdout:/usr/bin/ceph: stderr
2024-05-09T07:47:35.274+0000 7f6f72200700 1 --2- 172.21.15.63:0/910434205 >> [v2:172.21.15.63:6800/201323686,v1:172.21.15.63:6801/201323686] conn(0x7f6f50038f30 0x7f6f5003b3f0 secure :-1 s=READY pgs=6 cs=0 l=1 rev1=1 crypto rx=0x7f6f5400ad30 tx=0x7f6f540093f0 comp rx=0 tx=0).stop
2024-05-09T07:47:36.060 INFO:teuthology.orchestra.run.smithi063.stdout:/usr/bin/ceph: stderr
2024-05-09T07:47:35.274+0000 7f6f72200700 1 -- 172.21.15.63:0/910434205 >> [v2:172.21.15.63:3300/0,v1:172.21.15.63:6789/0] conn(0x7f6f6c10ee10 msgr2=0x7f6f6c1a2570 secure :-1 s=STATE_CONNECTION_ESTABLISHED l=1).mark_down
2024-05-09T07:47:36.060 INFO:teuthology.orchestra.run.smithi063.stdout:/usr/bin/ceph: stderr
2024-05-09T07:47:35.274+0000 7f6f72200700 1 --2- 172.21.15.63:0/910434205 >> [v2:172.21.15.63:3300/0,v1:172.21.15.63:6789/0] conn(0x7f6f6c10ee10 0x7f6f6c1a2570 secure :-1 s=READY pgs=19 cs=0 l=1 rev1=1 crypto rx=0x7f6f5c011b60 tx=0x7f6f5c011c40 comp rx=0 tx=0).stop
2024-05-09T07:47:36.060 INFO:teuthology.orchestra.run.smithi063.stdout:/usr/bin/ceph: stderr
2024-05-09T07:47:35.274+0000 7f6f72200700 1 -- 172.21.15.63:0/910434205 shutdown_connections
2024-05-09T07:47:36.060 INFO:teuthology.orchestra.run.smithi063.stdout:/usr/bin/ceph: stderr
2024-05-09T07:47:35.274+0000 7f6f72200700 1 --2- 172.21.15.63:0/910434205 >> [v2:172.21.15.63:6800/201323686,v1:172.21.15.63:6801/201323686] conn(0x7f6f50038f30 0x7f6f5003b3f0 unknown :-1 s=CLOSED pgs=6 cs=0 l=1 rev1=1 crypto rx=0 tx=0 comp rx=0 tx=0).stop
2024-05-09T07:47:36.060 INFO:teuthology.orchestra.run.smithi063.stdout:/usr/bin/ceph: stderr
2024-05-09T07:47:35.274+0000 7f6f72200700 1 --2- 172.21.15.63:0/910434205 >> [v2:172.21.15.63:3300/0,v1:172.21.15.63:6789/0] conn(0x7f6f6c10ee10 0x7f6f6c1a2570 unknown :-1 s=CLOSED pgs=19 cs=0 l=1 rev1=1 crypto rx=0 tx=0 comp rx=0 tx=0).stop
2024-05-09T07:47:36.060 INFO:teuthology.orchestra.run.smithi063.stdout:/usr/bin/ceph: stderr
2024-05-09T07:47:35.274+0000 7f6f72200700 1 -- 172.21.15.63:0/910434205 >> 172.21.15.63:0/910434205 conn(0x7f6f6c07d5f0 msgr2=0x7f6f6c07e150 unknown :-1 s=STATE_NONE l=0).mark_down
2024-05-09T07:47:36.060 INFO:teuthology.orchestra.run.smithi063.stdout:/usr/bin/ceph: stderr
2024-05-09T07:47:35.274+0000 7f6f72200700 1 -- 172.21.15.63:0/910434205 shutdown_connections
2024-05-09T07:47:36.060 INFO:teuthology.orchestra.run.smithi063.stdout:/usr/bin/ceph: stderr
2024-05-09T07:47:35.274+0000 7f6f72200700 1 -- 172.21.15.63:0/910434205 wait complete.
2024-05-09T07:47:36.060 INFO:teuthology.orchestra.run.smithi063.stdout:mgr is available
2024-05-09T07:47:36.319 INFO:journalctl@ceph.mon.a.smithi063.stdout:May 09 07:47:36 smithi063 ceph-mon[29843]: mgrmap e4: x(active, since 2s)
2024-05-09T07:47:36.319 INFO:journalctl@ceph.mon.a.smithi063.stdout:May 09 07:47:36 smithi063 ceph-mon[29843]: from='client.? 172.21.15.63:0/910434205' entity='client.admin' cmd=[{"prefix": "status", "format": "json-pretty"}]: dispatch
2024-05-09T07:47:37.555 INFO:journalctl@ceph.mon.a.smithi063.stdout:May 09 07:47:37 smithi063 ceph-mon[29843]: from='client.? 172.21.15.63:0/666332629' entity='client.admin' cmd=[{"prefix": "config assimilate-conf"}]: dispatch
2024-05-09T07:47:37.564 INFO:teuthology.orchestra.run.smithi063.stdout:/usr/bin/ceph: stdout
2024-05-09T07:47:37.564 INFO:teuthology.orchestra.run.smithi063.stdout:/usr/bin/ceph: stdout [global]
2024-05-09T07:47:37.564 INFO:teuthology.orchestra.run.smithi063.stdout:/usr/bin/ceph: stdout fsid = 2dd56016-0dd8-11ef-bc97-c7b262605968
2024-05-09T07:47:37.565 INFO:teuthology.orchestra.run.smithi063.stdout:/usr/bin/ceph: stdout mon_osd_allow_pg_remap = true
2024-05-09T07:47:37.567 INFO:teuthology.orchestra.run.smithi063.stdout:/usr/bin/ceph: stdout mon_osd_allow_primary_affinity = true
2024-05-09T07:47:37.567 INFO:teuthology.orchestra.run.smithi063.stdout:/usr/bin/ceph: stdout mon_warn_on_no_sortbitwise = false
2024-05-09T07:47:37.567 INFO:teuthology.orchestra.run.smithi063.stdout:/usr/bin/ceph: stdout osd_crush_chooseleaf_type = 0
2024-05-09T07:47:37.567 INFO:teuthology.orchestra.run.smithi063.stdout:/usr/bin/ceph: stdout
2024-05-09T07:47:37.568 INFO:teuthology.orchestra.run.smithi063.stdout:/usr/bin/ceph: stdout [mgr]
2024-05-09T07:47:37.568 INFO:teuthology.orchestra.run.smithi063.stdout:/usr/bin/ceph: stdout mgr/telemetry/nag = false
2024-05-09T07:47:37.568 INFO:teuthology.orchestra.run.smithi063.stdout:/usr/bin/ceph: stdout
2024-05-09T07:47:37.568 INFO:teuthology.orchestra.run.smithi063.stdout:/usr/bin/ceph: stdout [osd]
2024-05-09T07:47:37.568 INFO:teuthology.orchestra.run.smithi063.stdout:/usr/bin/ceph: stdout mon_osd_backfillfull_ratio = 0.85
2024-05-09T07:47:37.568 INFO:teuthology.orchestra.run.smithi063.stdout:/usr/bin/ceph: stdout mon_osd_full_ratio = 0.9
2024-05-09T07:47:37.568 INFO:teuthology.orchestra.run.smithi063.stdout:/usr/bin/ceph: stdout mon_osd_nearfull_ratio = 0.8
2024-05-09T07:47:37.568 INFO:teuthology.orchestra.run.smithi063.stdout:/usr/bin/ceph: stdout osd_map_max_advance = 10
2024-05-09T07:47:37.568 INFO:teuthology.orchestra.run.smithi063.stdout:/usr/bin/ceph: stdout osd_sloppy_crc = true
2024-05-09T07:47:37.568 INFO:teuthology.orchestra.run.smithi063.stdout:/usr/bin/ceph: stderr
2024-05-09T07:47:36.612+0000 7f8ce6600700 1 Processor -- start
2024-05-09T07:47:37.568 INFO:teuthology.orchestra.run.smithi063.stdout:/usr/bin/ceph: stderr
2024-05-09T07:47:36.613+0000 7f8ce6600700 1 -- start start
2024-05-09T07:47:37.568 INFO:teuthology.orchestra.run.smithi063.stdout:/usr/bin/ceph: stderr
2024-05-09T07:47:36.613+0000 7f8ce6600700 1 --2- >> [v2:172.21.15.63:3300/0,v1:172.21.15.63:6789/0] conn(0x7f8ce0106e60 0x7f8ce0107280 unknown :-1 s=NONE pgs=0 cs=0 l=0 rev1=0 crypto rx=0 tx=0 comp rx=0 tx=0).connect
2024-05-09T07:47:37.568 INFO:teuthology.orchestra.run.smithi063.stdout:/usr/bin/ceph: stderr
2024-05-09T07:47:36.613+0000 7f8ce6600700 1 -- --> [v2:172.21.15.63:3300/0,v1:172.21.15.63:6789/0] -- mon_getmap magic: 0 -- 0x7f8ce01077c0 con 0x7f8ce0106e60
2024-05-09T07:47:37.568 INFO:teuthology.orchestra.run.smithi063.stdout:/usr/bin/ceph: stderr
2024-05-09T07:47:36.613+0000 7f8cdf400700 1 --2- >> [v2:172.21.15.63:3300/0,v1:172.21.15.63:6789/0] conn(0x7f8ce0106e60 0x7f8ce0107280 unknown :-1 s=BANNER_CONNECTING pgs=0 cs=0 l=0 rev1=0 crypto rx=0 tx=0 comp rx=0 tx=0)._handle_peer_banner_payload supported=3 required=0
2024-05-09T07:47:37.569 INFO:teuthology.orchestra.run.smithi063.stdout:/usr/bin/ceph: stderr
2024-05-09T07:47:36.613+0000 7f8cdf400700 1 --2- >> [v2:172.21.15.63:3300/0,v1:172.21.15.63:6789/0] conn(0x7f8ce0106e60 0x7f8ce0107280 unknown :-1 s=HELLO_CONNECTING pgs=0 cs=0 l=0 rev1=1 crypto rx=0 tx=0 comp rx=0 tx=0).handle_hello peer v2:172.21.15.63:3300/0 says I am v2:172.21.15.63:37452/0 (socket says 172.21.15.63:37452)
2024-05-09T07:47:37.569 INFO:teuthology.orchestra.run.smithi063.stdout:/usr/bin/ceph: stderr
2024-05-09T07:47:36.613+0000 7f8cdf400700 1 -- 172.21.15.63:0/2778509219 learned_addr learned my addr 172.21.15.63:0/2778509219 (peer_addr_for_me v2:172.21.15.63:0/0)
2024-05-09T07:47:37.569 INFO:teuthology.orchestra.run.smithi063.stdout:/usr/bin/ceph: stderr
2024-05-09T07:47:36.614+0000 7f8cdf400700 1 -- 172.21.15.63:0/2778509219 --> [v2:172.21.15.63:3300/0,v1:172.21.15.63:6789/0] -- mon_subscribe({config=0+,monmap=0+}) -- 0x7f8ce0108050 con 0x7f8ce0106e60
2024-05-09T07:47:37.569 INFO:teuthology.orchestra.run.smithi063.stdout:/usr/bin/ceph: stderr
2024-05-09T07:47:36.614+0000 7f8cdf400700 1 --2- 172.21.15.63:0/2778509219 >> [v2:172.21.15.63:3300/0,v1:172.21.15.63:6789/0] conn(0x7f8ce0106e60 0x7f8ce0107280 secure :-1 s=READY pgs=20 cs=0 l=1 rev1=1 crypto rx=0x7f8cd0009e80 tx=0x7f8cd000b330 comp rx=0 tx=0).ready entity=mon.0 client_cookie=2e9a71e100ebc124 server_cookie=0 in_seq=0 out_seq=0
2024-05-09T07:47:37.571 INFO:teuthology.orchestra.run.smithi063.stdout:/usr/bin/ceph: stderr
2024-05-09T07:47:36.614+0000 7f8cdea00700 1 -- 172.21.15.63:0/2778509219 <== mon.0 v2:172.21.15.63:3300/0 1 ==== mon_map magic: 0 ==== 205+0+0 (secure 0 0 0) 0x7f8cd0017070 con 0x7f8ce0106e60
2024-05-09T07:47:37.571 INFO:teuthology.orchestra.run.smithi063.stdout:/usr/bin/ceph: stderr
2024-05-09T07:47:36.614+0000 7f8cdea00700 1 -- 172.21.15.63:0/2778509219 <== mon.0 v2:172.21.15.63:3300/0 2 ==== config(27 keys) ==== 1109+0+0 (secure 0 0 0) 0x7f8cd000b8c0 con 0x7f8ce0106e60
2024-05-09T07:47:37.571 INFO:teuthology.orchestra.run.smithi063.stdout:/usr/bin/ceph: stderr
2024-05-09T07:47:36.615+0000 7f8cdea00700 1 -- 172.21.15.63:0/2778509219 <== mon.0 v2:172.21.15.63:3300/0 3 ==== mon_map magic: 0 ==== 205+0+0 (secure 0 0 0) 0x7f8cd00045c0 con 0x7f8ce0106e60
2024-05-09T07:47:37.571 INFO:teuthology.orchestra.run.smithi063.stdout:/usr/bin/ceph: stderr
2024-05-09T07:47:36.615+0000 7f8ce6600700 1 -- 172.21.15.63:0/2778509219 >> [v2:172.21.15.63:3300/0,v1:172.21.15.63:6789/0] conn(0x7f8ce0106e60 msgr2=0x7f8ce0107280 secure :-1 s=STATE_CONNECTION_ESTABLISHED l=1).mark_down
2024-05-09T07:47:37.571 INFO:teuthology.orchestra.run.smithi063.stdout:/usr/bin/ceph: stderr
2024-05-09T07:47:36.615+0000 7f8ce6600700 1 --2- 172.21.15.63:0/2778509219 >> [v2:172.21.15.63:3300/0,v1:172.21.15.63:6789/0] conn(0x7f8ce0106e60 0x7f8ce0107280 secure :-1 s=READY pgs=20 cs=0 l=1 rev1=1 crypto rx=0x7f8cd0009e80 tx=0x7f8cd000b330 comp rx=0 tx=0).stop
2024-05-09T07:47:37.571 INFO:teuthology.orchestra.run.smithi063.stdout:/usr/bin/ceph: stderr
2024-05-09T07:47:36.615+0000 7f8ce6600700 1 -- 172.21.15.63:0/2778509219 shutdown_connections
2024-05-09T07:47:37.572 INFO:teuthology.orchestra.run.smithi063.stdout:/usr/bin/ceph: stderr
2024-05-09T07:47:36.615+0000 7f8ce6600700 1 --2- 172.21.15.63:0/2778509219 >> [v2:172.21.15.63:3300/0,v1:172.21.15.63:6789/0] conn(0x7f8ce0106e60 0x7f8ce0107280 unknown :-1 s=CLOSED pgs=20 cs=0 l=1 rev1=1 crypto rx=0 tx=0 comp rx=0 tx=0).stop
2024-05-09T07:47:37.575 INFO:teuthology.orchestra.run.smithi063.stdout:/usr/bin/ceph: stderr
2024-05-09T07:47:36.615+0000 7f8ce6600700 1 -- 172.21.15.63:0/2778509219 >> 172.21.15.63:0/2778509219 conn(0x7f8ce0102470 msgr2=0x7f8ce0104890 unknown :-1 s=STATE_NONE l=0).mark_down
2024-05-09T07:47:37.575 INFO:teuthology.orchestra.run.smithi063.stdout:/usr/bin/ceph: stderr
2024-05-09T07:47:36.615+0000 7f8ce6600700 1 -- 172.21.15.63:0/2778509219 shutdown_connections
2024-05-09T07:47:37.575 INFO:teuthology.orchestra.run.smithi063.stdout:/usr/bin/ceph: stderr
2024-05-09T07:47:36.615+0000 7f8ce6600700 1 -- 172.21.15.63:0/2778509219 wait complete.
2024-05-09T07:47:37.576 INFO:teuthology.orchestra.run.smithi063.stdout:/usr/bin/ceph: stderr
2024-05-09T07:47:36.616+0000 7f8ce6600700 1 Processor -- start
2024-05-09T07:47:37.576 INFO:teuthology.orchestra.run.smithi063.stdout:/usr/bin/ceph: stderr
2024-05-09T07:47:36.617+0000 7f8ce6600700 1 -- start start
2024-05-09T07:47:37.576 INFO:teuthology.orchestra.run.smithi063.stdout:/usr/bin/ceph: stderr
2024-05-09T07:47:36.617+0000 7f8ce6600700 1 --2- >> [v2:172.21.15.63:3300/0,v1:172.21.15.63:6789/0] conn(0x7f8ce0106e60 0x7f8ce019e130 unknown :-1 s=NONE pgs=0 cs=0 l=1 rev1=0 crypto rx=0 tx=0 comp rx=0 tx=0).connect
2024-05-09T07:47:37.576 INFO:teuthology.orchestra.run.smithi063.stdout:/usr/bin/ceph: stderr
2024-05-09T07:47:36.617+0000 7f8ce6600700 1 -- --> [v2:172.21.15.63:3300/0,v1:172.21.15.63:6789/0] -- mon_getmap magic: 0 -- 0x7f8ce007af40 con 0x7f8ce0106e60
2024-05-09T07:47:37.576 INFO:teuthology.orchestra.run.smithi063.stdout:/usr/bin/ceph: stderr
2024-05-09T07:47:36.617+0000 7f8cdf400700 1 --2- >> [v2:172.21.15.63:3300/0,v1:172.21.15.63:6789/0] conn(0x7f8ce0106e60 0x7f8ce019e130 unknown :-1 s=BANNER_CONNECTING pgs=0 cs=0 l=1 rev1=0 crypto rx=0 tx=0 comp rx=0 tx=0)._handle_peer_banner_payload supported=3 required=0
2024-05-09T07:47:37.576 INFO:teuthology.orchestra.run.smithi063.stdout:/usr/bin/ceph: stderr
2024-05-09T07:47:36.617+0000 7f8cdf400700 1 --2- >> [v2:172.21.15.63:3300/0,v1:172.21.15.63:6789/0] conn(0x7f8ce0106e60 0x7f8ce019e130 unknown :-1 s=HELLO_CONNECTING pgs=0 cs=0 l=1 rev1=1 crypto rx=0 tx=0 comp rx=0 tx=0).handle_hello peer v2:172.21.15.63:3300/0 says I am v2:172.21.15.63:37458/0 (socket says 172.21.15.63:37458)
2024-05-09T07:47:37.576 INFO:teuthology.orchestra.run.smithi063.stdout:/usr/bin/ceph: stderr
2024-05-09T07:47:36.617+0000 7f8cdf400700 1 -- 172.21.15.63:0/666332629 learned_addr learned my addr 172.21.15.63:0/666332629 (peer_addr_for_me v2:172.21.15.63:0/0)
2024-05-09T07:47:37.576 INFO:teuthology.orchestra.run.smithi063.stdout:/usr/bin/ceph: stderr
2024-05-09T07:47:36.618+0000 7f8cdf400700 1 -- 172.21.15.63:0/666332629 --> [v2:172.21.15.63:3300/0,v1:172.21.15.63:6789/0] -- mon_subscribe({config=0+,monmap=0+}) -- 0x7f8ce019e670 con 0x7f8ce0106e60
2024-05-09T07:47:37.576 INFO:teuthology.orchestra.run.smithi063.stdout:/usr/bin/ceph: stderr
2024-05-09T07:47:36.618+0000 7f8cdf400700 1 --2- 172.21.15.63:0/666332629 >> [v2:172.21.15.63:3300/0,v1:172.21.15.63:6789/0] conn(0x7f8ce0106e60 0x7f8ce019e130 secure :-1 s=READY pgs=21 cs=0 l=1 rev1=1 crypto rx=0x7f8cd0009530 tx=0x7f8cd000bd50 comp rx=0 tx=0).ready entity=mon.0 client_cookie=0 server_cookie=0 in_seq=0 out_seq=0
2024-05-09T07:47:37.576 INFO:teuthology.orchestra.run.smithi063.stdout:/usr/bin/ceph: stderr
2024-05-09T07:47:36.618+0000 7f8cdcc00700 1 -- 172.21.15.63:0/666332629 <== mon.0 v2:172.21.15.63:3300/0 1 ==== mon_map magic: 0 ==== 205+0+0 (secure 0 0 0) 0x7f8cd0020020 con 0x7f8ce0106e60
2024-05-09T07:47:37.576 INFO:teuthology.orchestra.run.smithi063.stdout:/usr/bin/ceph: stderr
2024-05-09T07:47:36.618+0000 7f8cdcc00700 1 -- 172.21.15.63:0/666332629 <== mon.0 v2:172.21.15.63:3300/0 2 ==== config(27 keys) ==== 1109+0+0 (secure 0 0 0) 0x7f8cd0003b50 con 0x7f8ce0106e60
2024-05-09T07:47:37.576 INFO:teuthology.orchestra.run.smithi063.stdout:/usr/bin/ceph: stderr
2024-05-09T07:47:36.618+0000 7f8cdcc00700 1 -- 172.21.15.63:0/666332629 <== mon.0 v2:172.21.15.63:3300/0 3 ==== mon_map magic: 0 ==== 205+0+0 (secure 0 0 0) 0x7f8cd0017040 con 0x7f8ce0106e60
2024-05-09T07:47:37.576 INFO:teuthology.orchestra.run.smithi063.stdout:/usr/bin/ceph: stderr
2024-05-09T07:47:36.618+0000 7f8ce6600700 1 -- 172.21.15.63:0/666332629 --> [v2:172.21.15.63:3300/0,v1:172.21.15.63:6789/0] -- mon_subscribe({mgrmap=0+}) -- 0x7f8ce019e900 con 0x7f8ce0106e60
2024-05-09T07:47:37.576 INFO:teuthology.orchestra.run.smithi063.stdout:/usr/bin/ceph: stderr
2024-05-09T07:47:36.618+0000 7f8ce6600700 1 -- 172.21.15.63:0/666332629 --> [v2:172.21.15.63:3300/0,v1:172.21.15.63:6789/0] -- mon_subscribe({osdmap=0}) -- 0x7f8ce01a15f0 con 0x7f8ce0106e60
2024-05-09T07:47:37.577 INFO:teuthology.orchestra.run.smithi063.stdout:/usr/bin/ceph: stderr
2024-05-09T07:47:36.619+0000 7f8cdcc00700 1 -- 172.21.15.63:0/666332629 <== mon.0 v2:172.21.15.63:3300/0 4 ==== mgrmap(e 4) ==== 46276+0+0 (secure 0 0 0) 0x7f8cd0023020 con 0x7f8ce0106e60
2024-05-09T07:47:37.577 INFO:teuthology.orchestra.run.smithi063.stdout:/usr/bin/ceph: stderr
2024-05-09T07:47:36.620+0000 7f8ce6600700 1 -- 172.21.15.63:0/666332629 --> [v2:172.21.15.63:3300/0,v1:172.21.15.63:6789/0] -- mon_command({"prefix": "get_command_descriptions"} v 0) -- 0x7f8ce0063980 con 0x7f8ce0106e60
2024-05-09T07:47:37.577 INFO:teuthology.orchestra.run.smithi063.stdout:/usr/bin/ceph: stderr
2024-05-09T07:47:36.620+0000 7f8cdcc00700 1 --2- 172.21.15.63:0/666332629 >> [v2:172.21.15.63:6800/201323686,v1:172.21.15.63:6801/201323686] conn(0x7f8cc4039050 0x7f8cc403b510 unknown :-1 s=NONE pgs=0 cs=0 l=1 rev1=0 crypto rx=0 tx=0 comp rx=0 tx=0).connect
2024-05-09T07:47:37.577 INFO:teuthology.orchestra.run.smithi063.stdout:/usr/bin/ceph: stderr
2024-05-09T07:47:36.620+0000 7f8cdcc00700 1 -- 172.21.15.63:0/666332629 <== mon.0 v2:172.21.15.63:3300/0 5 ==== osd_map(1..1 src has 1..1) ==== 725+0+0 (secure 0 0 0) 0x7f8cd000f050 con 0x7f8ce0106e60
2024-05-09T07:47:37.577 INFO:teuthology.orchestra.run.smithi063.stdout:/usr/bin/ceph: stderr
2024-05-09T07:47:36.620+0000 7f8cd6a00700 1 --2- 172.21.15.63:0/666332629 >> [v2:172.21.15.63:6800/201323686,v1:172.21.15.63:6801/201323686] conn(0x7f8cc4039050 0x7f8cc403b510 unknown :-1 s=BANNER_CONNECTING pgs=0 cs=0 l=1 rev1=0 crypto rx=0 tx=0 comp rx=0 tx=0)._handle_peer_banner_payload supported=3 required=0
2024-05-09T07:47:37.577 INFO:teuthology.orchestra.run.smithi063.stdout:/usr/bin/ceph: stderr
2024-05-09T07:47:36.621+0000 7f8cd6a00700 1 --2- 172.21.15.63:0/666332629 >> [v2:172.21.15.63:6800/201323686,v1:172.21.15.63:6801/201323686] conn(0x7f8cc4039050 0x7f8cc403b510 secure :-1 s=READY pgs=7 cs=0 l=1 rev1=1 crypto rx=0x7f8cc8006fd0 tx=0x7f8cc8006e40 comp rx=0 tx=0).ready entity=mgr.14100 client_cookie=0 server_cookie=0 in_seq=0 out_seq=0
2024-05-09T07:47:37.577 INFO:teuthology.orchestra.run.smithi063.stdout:/usr/bin/ceph: stderr
2024-05-09T07:47:36.626+0000 7f8cdcc00700 1 -- 172.21.15.63:0/666332629 <== mon.0 v2:172.21.15.63:3300/0 6 ==== mon_command_ack([{"prefix": "get_command_descriptions"}]=0 v0) ==== 72+0+186147 (secure 0 0 0) 0x7f8cd002a020 con 0x7f8ce0106e60
2024-05-09T07:47:37.577 INFO:teuthology.orchestra.run.smithi063.stdout:/usr/bin/ceph: stderr
2024-05-09T07:47:36.850+0000 7f8ce6600700 1 -- 172.21.15.63:0/666332629 --> [v2:172.21.15.63:3300/0,v1:172.21.15.63:6789/0] -- mon_command({"prefix": "config assimilate-conf"} v 0) -- 0x7f8ce01a17c0 con 0x7f8ce0106e60
2024-05-09T07:47:37.577 INFO:teuthology.orchestra.run.smithi063.stdout:/usr/bin/ceph: stderr
2024-05-09T07:47:36.852+0000 7f8cdcc00700 1 -- 172.21.15.63:0/666332629 <== mon.0 v2:172.21.15.63:3300/0 7 ==== mon_command_ack([{"prefix": "config assimilate-conf"}]=0 v3) ==== 70+0+373 (secure 0 0 0) 0x7f8cd002d350 con 0x7f8ce0106e60
2024-05-09T07:47:37.577 INFO:teuthology.orchestra.run.smithi063.stdout:/usr/bin/ceph: stderr
2024-05-09T07:47:36.856+0000 7f8ce6600700 1 -- 172.21.15.63:0/666332629 >> [v2:172.21.15.63:6800/201323686,v1:172.21.15.63:6801/201323686] conn(0x7f8cc4039050 msgr2=0x7f8cc403b510 secure :-1 s=STATE_CONNECTION_ESTABLISHED l=1).mark_down
2024-05-09T07:47:37.577 INFO:teuthology.orchestra.run.smithi063.stdout:/usr/bin/ceph: stderr
2024-05-09T07:47:36.856+0000 7f8ce6600700 1 --2- 172.21.15.63:0/666332629 >> [v2:172.21.15.63:6800/201323686,v1:172.21.15.63:6801/201323686] conn(0x7f8cc4039050 0x7f8cc403b510 secure :-1 s=READY pgs=7 cs=0 l=1 rev1=1 crypto rx=0x7f8cc8006fd0 tx=0x7f8cc8006e40 comp rx=0 tx=0).stop
2024-05-09T07:47:37.577 INFO:teuthology.orchestra.run.smithi063.stdout:/usr/bin/ceph: stderr
2024-05-09T07:47:36.856+0000 7f8ce6600700 1 -- 172.21.15.63:0/666332629 >> [v2:172.21.15.63:3300/0,v1:172.21.15.63:6789/0] conn(0x7f8ce0106e60 msgr2=0x7f8ce019e130 secure :-1 s=STATE_CONNECTION_ESTABLISHED l=1).mark_down
2024-05-09T07:47:37.577 INFO:teuthology.orchestra.run.smithi063.stdout:/usr/bin/ceph: stderr
2024-05-09T07:47:36.856+0000 7f8ce6600700 1 --2- 172.21.15.63:0/666332629 >> [v2:172.21.15.63:3300/0,v1:172.21.15.63:6789/0] conn(0x7f8ce0106e60 0x7f8ce019e130 secure :-1 s=READY pgs=21 cs=0 l=1 rev1=1 crypto rx=0x7f8cd0009530 tx=0x7f8cd000bd50 comp rx=0 tx=0).stop
2024-05-09T07:47:37.577 INFO:teuthology.orchestra.run.smithi063.stdout:/usr/bin/ceph: stderr
2024-05-09T07:47:36.856+0000 7f8ce6600700 1 -- 172.21.15.63:0/666332629 shutdown_connections
2024-05-09T07:47:37.577 INFO:teuthology.orchestra.run.smithi063.stdout:/usr/bin/ceph: stderr
2024-05-09T07:47:36.856+0000 7f8ce6600700 1 --2- 172.21.15.63:0/666332629 >> [v2:172.21.15.63:6800/201323686,v1:172.21.15.63:6801/201323686] conn(0x7f8cc4039050 0x7f8cc403b510 unknown :-1 s=CLOSED pgs=7 cs=0 l=1 rev1=1 crypto rx=0 tx=0 comp rx=0 tx=0).stop
2024-05-09T07:47:37.578 INFO:teuthology.orchestra.run.smithi063.stdout:/usr/bin/ceph: stderr
2024-05-09T07:47:36.856+0000 7f8ce6600700 1 --2- 172.21.15.63:0/666332629 >> [v2:172.21.15.63:3300/0,v1:172.21.15.63:6789/0] conn(0x7f8ce0106e60 0x7f8ce019e130 unknown :-1 s=CLOSED pgs=21 cs=0 l=1 rev1=1 crypto rx=0 tx=0 comp rx=0 tx=0).stop
2024-05-09T07:47:37.578 INFO:teuthology.orchestra.run.smithi063.stdout:/usr/bin/ceph: stderr
2024-05-09T07:47:36.856+0000 7f8ce6600700 1 -- 172.21.15.63:0/666332629 >> 172.21.15.63:0/666332629 conn(0x7f8ce0102470 msgr2=0x7f8ce01902a0 unknown :-1 s=STATE_NONE l=0).mark_down
2024-05-09T07:47:37.578 INFO:teuthology.orchestra.run.smithi063.stdout:/usr/bin/ceph: stderr
2024-05-09T07:47:36.856+0000 7f8ce6600700 1 -- 172.21.15.63:0/666332629 shutdown_connections
2024-05-09T07:47:37.578 INFO:teuthology.orchestra.run.smithi063.stdout:/usr/bin/ceph: stderr
2024-05-09T07:47:36.857+0000 7f8ce6600700 1 -- 172.21.15.63:0/666332629 wait complete.
2024-05-09T07:47:37.578 INFO:teuthology.orchestra.run.smithi063.stdout:Enabling cephadm module...
2024-05-09T07:47:38.832 INFO:journalctl@ceph.mgr.x.smithi063.stdout:May 09 07:47:38 smithi063 ceph-2dd56016-0dd8-11ef-bc97-c7b262605968-mgr-x[30070]: ignoring --setuser ceph since I am not root
2024-05-09T07:47:38.832 INFO:journalctl@ceph.mgr.x.smithi063.stdout:May 09 07:47:38 smithi063 ceph-2dd56016-0dd8-11ef-bc97-c7b262605968-mgr-x[30070]: ignoring --setgroup ceph since I am not root
2024-05-09T07:47:38.840 INFO:journalctl@ceph.mon.a.smithi063.stdout:May 09 07:47:38 smithi063 ceph-mon[29843]: from='client.? 172.21.15.63:0/1796971168' entity='client.admin' cmd=[{"prefix": "mgr module enable", "module": "cephadm"}]: dispatch
2024-05-09T07:47:39.094 INFO:journalctl@ceph.mgr.x.smithi063.stdout:May 09 07:47:38 smithi063 ceph-2dd56016-0dd8-11ef-bc97-c7b262605968-mgr-x[30070]:
2024-05-09T07:47:38.818+0000 7f45947be200 -1 mgr[py] Module balancer has missing NOTIFY_TYPES member
2024-05-09T07:47:39.094 INFO:journalctl@ceph.mgr.x.smithi063.stdout:May 09 07:47:39 smithi063 ceph-2dd56016-0dd8-11ef-bc97-c7b262605968-mgr-x[30070]:
2024-05-09T07:47:39.066+0000 7f45947be200 -1 mgr[py] Module orchestrator has missing NOTIFY_TYPES member
2024-05-09T07:47:39.212 INFO:teuthology.orchestra.run.smithi063.stdout:/usr/bin/ceph: stderr
2024-05-09T07:47:38.180+0000 7ff97be00700 1 Processor -- start
2024-05-09T07:47:39.218 INFO:teuthology.orchestra.run.smithi063.stdout:/usr/bin/ceph: stderr
2024-05-09T07:47:38.180+0000 7ff97be00700 1 -- start start
2024-05-09T07:47:39.218 INFO:teuthology.orchestra.run.smithi063.stdout:/usr/bin/ceph: stderr
2024-05-09T07:47:38.181+0000 7ff97be00700 1 --2- >> [v2:172.21.15.63:3300/0,v1:172.21.15.63:6789/0] conn(0x7ff97c07dd30 0x7ff97c07c230 unknown :-1 s=NONE pgs=0 cs=0 l=0 rev1=0 crypto rx=0 tx=0 comp rx=0 tx=0).connect
2024-05-09T07:47:39.218 INFO:teuthology.orchestra.run.smithi063.stdout:/usr/bin/ceph: stderr
2024-05-09T07:47:38.181+0000 7ff97be00700 1 -- --> [v2:172.21.15.63:3300/0,v1:172.21.15.63:6789/0] -- mon_getmap magic: 0 -- 0x7ff97c07c770 con 0x7ff97c07dd30
2024-05-09T07:47:39.219 INFO:teuthology.orchestra.run.smithi063.stdout:/usr/bin/ceph: stderr
2024-05-09T07:47:38.181+0000 7ff97aa00700 1 --2- >> [v2:172.21.15.63:3300/0,v1:172.21.15.63:6789/0] conn(0x7ff97c07dd30 0x7ff97c07c230 unknown :-1 s=BANNER_CONNECTING pgs=0 cs=0 l=0 rev1=0 crypto rx=0 tx=0 comp rx=0 tx=0)._handle_peer_banner_payload supported=3 required=0
2024-05-09T07:47:39.219 INFO:teuthology.orchestra.run.smithi063.stdout:/usr/bin/ceph: stderr
2024-05-09T07:47:38.181+0000 7ff97aa00700 1 --2- >> [v2:172.21.15.63:3300/0,v1:172.21.15.63:6789/0] conn(0x7ff97c07dd30 0x7ff97c07c230 unknown :-1 s=HELLO_CONNECTING pgs=0 cs=0 l=0 rev1=1 crypto rx=0 tx=0 comp rx=0 tx=0).handle_hello peer v2:172.21.15.63:3300/0 says I am v2:172.21.15.63:37468/0 (socket says 172.21.15.63:37468)
2024-05-09T07:47:39.219 INFO:teuthology.orchestra.run.smithi063.stdout:/usr/bin/ceph: stderr
2024-05-09T07:47:38.181+0000 7ff97aa00700 1 -- 172.21.15.63:0/3974705761 learned_addr learned my addr 172.21.15.63:0/3974705761 (peer_addr_for_me v2:172.21.15.63:0/0)
2024-05-09T07:47:39.219 INFO:teuthology.orchestra.run.smithi063.stdout:/usr/bin/ceph: stderr
2024-05-09T07:47:38.182+0000 7ff97aa00700 1 -- 172.21.15.63:0/3974705761 --> [v2:172.21.15.63:3300/0,v1:172.21.15.63:6789/0] -- mon_subscribe({config=0+,monmap=0+}) -- 0x7ff97c07c8f0 con 0x7ff97c07dd30
2024-05-09T07:47:39.219 INFO:teuthology.orchestra.run.smithi063.stdout:/usr/bin/ceph: stderr
2024-05-09T07:47:38.182+0000 7ff97aa00700 1 --2- 172.21.15.63:0/3974705761 >> [v2:172.21.15.63:3300/0,v1:172.21.15.63:6789/0] conn(0x7ff97c07dd30 0x7ff97c07c230 secure :-1 s=READY pgs=22 cs=0 l=1 rev1=1 crypto rx=0x7ff96c009e80 tx=0x7ff96c00b330 comp rx=0 tx=0).ready entity=mon.0 client_cookie=f2482210f24c5692 server_cookie=0 in_seq=0 out_seq=0
2024-05-09T07:47:39.219 INFO:teuthology.orchestra.run.smithi063.stdout:/usr/bin/ceph: stderr
2024-05-09T07:47:38.182+0000 7ff97a000700 1 -- 172.21.15.63:0/3974705761 <== mon.0 v2:172.21.15.63:3300/0 1 ==== mon_map magic: 0 ==== 205+0+0 (secure 0 0 0) 0x7ff96c017070 con 0x7ff97c07dd30
2024-05-09T07:47:39.219 INFO:teuthology.orchestra.run.smithi063.stdout:/usr/bin/ceph: stderr
2024-05-09T07:47:38.183+0000 7ff97a000700 1 -- 172.21.15.63:0/3974705761 <== mon.0 v2:172.21.15.63:3300/0 2 ==== config(27 keys) ==== 1109+0+0 (secure 0 0 0) 0x7ff96c00b8c0 con 0x7ff97c07dd30
2024-05-09T07:47:39.219 INFO:teuthology.orchestra.run.smithi063.stdout:/usr/bin/ceph: stderr
2024-05-09T07:47:38.183+0000 7ff97a000700 1 -- 172.21.15.63:0/3974705761 <== mon.0 v2:172.21.15.63:3300/0 3 ==== mon_map magic: 0 ==== 205+0+0 (secure 0 0 0) 0x7ff96c0045c0 con 0x7ff97c07dd30
2024-05-09T07:47:39.219 INFO:teuthology.orchestra.run.smithi063.stdout:/usr/bin/ceph: stderr
2024-05-09T07:47:38.183+0000 7ff97be00700 1 -- 172.21.15.63:0/3974705761 >> [v2:172.21.15.63:3300/0,v1:172.21.15.63:6789/0] conn(0x7ff97c07dd30 msgr2=0x7ff97c07c230 secure :-1 s=STATE_CONNECTION_ESTABLISHED l=1).mark_down
2024-05-09T07:47:39.219 INFO:teuthology.orchestra.run.smithi063.stdout:/usr/bin/ceph: stderr
2024-05-09T07:47:38.183+0000 7ff97be00700 1 --2- 172.21.15.63:0/3974705761 >> [v2:172.21.15.63:3300/0,v1:172.21.15.63:6789/0] conn(0x7ff97c07dd30 0x7ff97c07c230 secure :-1 s=READY pgs=22 cs=0 l=1 rev1=1 crypto rx=0x7ff96c009e80 tx=0x7ff96c00b330 comp rx=0 tx=0).stop
2024-05-09T07:47:39.219 INFO:teuthology.orchestra.run.smithi063.stdout:/usr/bin/ceph: stderr
2024-05-09T07:47:38.183+0000 7ff97be00700 1 -- 172.21.15.63:0/3974705761 shutdown_connections
2024-05-09T07:47:39.219 INFO:teuthology.orchestra.run.smithi063.stdout:/usr/bin/ceph: stderr
2024-05-09T07:47:38.183+0000 7ff97be00700 1 --2- 172.21.15.63:0/3974705761 >> [v2:172.21.15.63:3300/0,v1:172.21.15.63:6789/0] conn(0x7ff97c07dd30 0x7ff97c07c230 unknown :-1 s=CLOSED pgs=22 cs=0 l=1 rev1=1 crypto rx=0 tx=0 comp rx=0 tx=0).stop
2024-05-09T07:47:39.219 INFO:teuthology.orchestra.run.smithi063.stdout:/usr/bin/ceph: stderr
2024-05-09T07:47:38.183+0000 7ff97be00700 1 -- 172.21.15.63:0/3974705761 >> 172.21.15.63:0/3974705761 conn(0x7ff97c103510 msgr2=0x7ff97c105930 unknown :-1 s=STATE_NONE l=0).mark_down
2024-05-09T07:47:39.220 INFO:teuthology.orchestra.run.smithi063.stdout:/usr/bin/ceph: stderr
2024-05-09T07:47:38.183+0000 7ff97be00700 1 -- 172.21.15.63:0/3974705761 shutdown_connections
2024-05-09T07:47:39.220 INFO:teuthology.orchestra.run.smithi063.stdout:/usr/bin/ceph: stderr
2024-05-09T07:47:38.184+0000 7ff97be00700 1 -- 172.21.15.63:0/3974705761 wait complete.
2024-05-09T07:47:39.220 INFO:teuthology.orchestra.run.smithi063.stdout:/usr/bin/ceph: stderr
2024-05-09T07:47:38.184+0000 7ff97be00700 1 Processor -- start
2024-05-09T07:47:39.220 INFO:teuthology.orchestra.run.smithi063.stdout:/usr/bin/ceph: stderr
2024-05-09T07:47:38.185+0000 7ff97be00700 1 -- start start
2024-05-09T07:47:39.220 INFO:teuthology.orchestra.run.smithi063.stdout:/usr/bin/ceph: stderr
