2024-05-09T08:16:56.935 INFO:journalctl@ceph.mon.a.smithi028.stdout:May 09 08:16:56 smithi028 ceph-mon[30119]: from='client.? 172.21.15.28:0/3350114430' entity='client.admin' cmd=[{"prefix": "config get", "who": "mgr", "key": "mgr/dashboard/ssl_server_port"}]: dispatch
2024-05-09T08:16:57.768 INFO:teuthology.orchestra.run.smithi028.stdout:/usr/bin/ceph: stderr
2024-05-09T08:16:56.941+0000 7fafd8c6f700 1 Processor -- start
2024-05-09T08:16:57.768 INFO:teuthology.orchestra.run.smithi028.stdout:/usr/bin/ceph: stderr
2024-05-09T08:16:56.941+0000 7fafd8c6f700 1 -- start start
2024-05-09T08:16:57.768 INFO:teuthology.orchestra.run.smithi028.stdout:/usr/bin/ceph: stderr
2024-05-09T08:16:56.941+0000 7fafd8c6f700 1 --2- >> [v2:172.21.15.28:3300/0,v1:172.21.15.28:6789/0] conn(0x7fafd4107e20 0x7fafd4108240 unknown :-1 s=NONE pgs=0 cs=0 l=0 rev1=0 crypto rx=0 tx=0 comp rx=0 tx=0).connect
2024-05-09T08:16:57.768 INFO:teuthology.orchestra.run.smithi028.stdout:/usr/bin/ceph: stderr
2024-05-09T08:16:56.941+0000 7fafd8c6f700 1 -- --> [v2:172.21.15.28:3300/0,v1:172.21.15.28:6789/0] -- mon_getmap magic: 0 -- 0x7fafd4108810 con 0x7fafd4107e20
2024-05-09T08:16:57.768 INFO:teuthology.orchestra.run.smithi028.stdout:/usr/bin/ceph: stderr
2024-05-09T08:16:56.941+0000 7fafd259c700 1 --2- >> [v2:172.21.15.28:3300/0,v1:172.21.15.28:6789/0] conn(0x7fafd4107e20 0x7fafd4108240 unknown :-1 s=BANNER_CONNECTING pgs=0 cs=0 l=0 rev1=0 crypto rx=0 tx=0 comp rx=0 tx=0)._handle_peer_banner_payload supported=3 required=0
2024-05-09T08:16:57.768 INFO:teuthology.orchestra.run.smithi028.stdout:/usr/bin/ceph: stderr
2024-05-09T08:16:56.941+0000 7fafd259c700 1 --2- >> [v2:172.21.15.28:3300/0,v1:172.21.15.28:6789/0] conn(0x7fafd4107e20 0x7fafd4108240 unknown :-1 s=HELLO_CONNECTING pgs=0 cs=0 l=0 rev1=1 crypto rx=0 tx=0 comp rx=0 tx=0).handle_hello peer v2:172.21.15.28:3300/0 says I am v2:172.21.15.28:39774/0 (socket says 172.21.15.28:39774)
2024-05-09T08:16:57.768 INFO:teuthology.orchestra.run.smithi028.stdout:/usr/bin/ceph: stderr
2024-05-09T08:16:56.941+0000 7fafd259c700 1 -- 172.21.15.28:0/2038093732 learned_addr learned my addr 172.21.15.28:0/2038093732 (peer_addr_for_me v2:172.21.15.28:0/0)
2024-05-09T08:16:57.769 INFO:teuthology.orchestra.run.smithi028.stdout:/usr/bin/ceph: stderr
2024-05-09T08:16:56.941+0000 7fafd259c700 1 -- 172.21.15.28:0/2038093732 --> [v2:172.21.15.28:3300/0,v1:172.21.15.28:6789/0] -- mon_subscribe({config=0+,monmap=0+}) -- 0x7fafd4108fd0 con 0x7fafd4107e20
2024-05-09T08:16:57.769 INFO:teuthology.orchestra.run.smithi028.stdout:/usr/bin/ceph: stderr
2024-05-09T08:16:56.942+0000 7fafd259c700 1 --2- 172.21.15.28:0/2038093732 >> [v2:172.21.15.28:3300/0,v1:172.21.15.28:6789/0] conn(0x7fafd4107e20 0x7fafd4108240 secure :-1 s=READY pgs=76 cs=0 l=1 rev1=1 crypto rx=0x7fafc40098a0 tx=0x7fafc4009bb0 comp rx=0 tx=0).ready entity=mon.0 client_cookie=22253adc6be23dea server_cookie=0 in_seq=0 out_seq=0
2024-05-09T08:16:57.769 INFO:teuthology.orchestra.run.smithi028.stdout:/usr/bin/ceph: stderr
2024-05-09T08:16:56.942+0000 7fafd159a700 1 -- 172.21.15.28:0/2038093732 <== mon.0 v2:172.21.15.28:3300/0 1 ==== mon_map magic: 0 ==== 205+0+0 (secure 0 0 0) 0x7fafc4004160 con 0x7fafd4107e20
2024-05-09T08:16:57.769 INFO:teuthology.orchestra.run.smithi028.stdout:/usr/bin/ceph: stderr
2024-05-09T08:16:56.942+0000 7fafd159a700 1 -- 172.21.15.28:0/2038093732 <== mon.0 v2:172.21.15.28:3300/0 2 ==== config(27 keys) ==== 1140+0+0 (secure 0 0 0) 0x7fafc4004300 con 0x7fafd4107e20
2024-05-09T08:16:57.769 INFO:teuthology.orchestra.run.smithi028.stdout:/usr/bin/ceph: stderr
2024-05-09T08:16:56.942+0000 7fafd159a700 1 -- 172.21.15.28:0/2038093732 <== mon.0 v2:172.21.15.28:3300/0 3 ==== mon_map magic: 0 ==== 205+0+0 (secure 0 0 0) 0x7fafc4011b20 con 0x7fafd4107e20
2024-05-09T08:16:57.769 INFO:teuthology.orchestra.run.smithi028.stdout:/usr/bin/ceph: stderr
2024-05-09T08:16:56.942+0000 7fafd8c6f700 1 -- 172.21.15.28:0/2038093732 >> [v2:172.21.15.28:3300/0,v1:172.21.15.28:6789/0] conn(0x7fafd4107e20 msgr2=0x7fafd4108240 secure :-1 s=STATE_CONNECTION_ESTABLISHED l=1).mark_down
2024-05-09T08:16:57.769 INFO:teuthology.orchestra.run.smithi028.stdout:/usr/bin/ceph: stderr
2024-05-09T08:16:56.942+0000 7fafd8c6f700 1 --2- 172.21.15.28:0/2038093732 >> [v2:172.21.15.28:3300/0,v1:172.21.15.28:6789/0] conn(0x7fafd4107e20 0x7fafd4108240 secure :-1 s=READY pgs=76 cs=0 l=1 rev1=1 crypto rx=0x7fafc40098a0 tx=0x7fafc4009bb0 comp rx=0 tx=0).stop
2024-05-09T08:16:57.769 INFO:teuthology.orchestra.run.smithi028.stdout:/usr/bin/ceph: stderr
2024-05-09T08:16:56.942+0000 7fafd8c6f700 1 -- 172.21.15.28:0/2038093732 shutdown_connections
2024-05-09T08:16:57.769 INFO:teuthology.orchestra.run.smithi028.stdout:/usr/bin/ceph: stderr
2024-05-09T08:16:56.943+0000 7fafd8c6f700 1 --2- 172.21.15.28:0/2038093732 >> [v2:172.21.15.28:3300/0,v1:172.21.15.28:6789/0] conn(0x7fafd4107e20 0x7fafd4108240 unknown :-1 s=CLOSED pgs=76 cs=0 l=1 rev1=1 crypto rx=0 tx=0 comp rx=0 tx=0).stop
2024-05-09T08:16:57.769 INFO:teuthology.orchestra.run.smithi028.stdout:/usr/bin/ceph: stderr
2024-05-09T08:16:56.943+0000 7fafd8c6f700 1 -- 172.21.15.28:0/2038093732 >> 172.21.15.28:0/2038093732 conn(0x7fafd4103400 msgr2=0x7fafd4105820 unknown :-1 s=STATE_NONE l=0).mark_down
2024-05-09T08:16:57.769 INFO:teuthology.orchestra.run.smithi028.stdout:/usr/bin/ceph: stderr
2024-05-09T08:16:56.943+0000 7fafd8c6f700 1 -- 172.21.15.28:0/2038093732 shutdown_connections
2024-05-09T08:16:57.769 INFO:teuthology.orchestra.run.smithi028.stdout:/usr/bin/ceph: stderr
2024-05-09T08:16:56.943+0000 7fafd8c6f700 1 -- 172.21.15.28:0/2038093732 wait complete.
2024-05-09T08:16:57.769 INFO:teuthology.orchestra.run.smithi028.stdout:/usr/bin/ceph: stderr
2024-05-09T08:16:56.943+0000 7fafd8c6f700 1 Processor -- start
2024-05-09T08:16:57.769 INFO:teuthology.orchestra.run.smithi028.stdout:/usr/bin/ceph: stderr
2024-05-09T08:16:56.943+0000 7fafd8c6f700 1 -- start start
2024-05-09T08:16:57.769 INFO:teuthology.orchestra.run.smithi028.stdout:/usr/bin/ceph: stderr
2024-05-09T08:16:56.944+0000 7fafd8c6f700 1 --2- >> [v2:172.21.15.28:3300/0,v1:172.21.15.28:6789/0] conn(0x7fafd4107e20 0x7fafd419bc80 unknown :-1 s=NONE pgs=0 cs=0 l=1 rev1=0 crypto rx=0 tx=0 comp rx=0 tx=0).connect
2024-05-09T08:16:57.770 INFO:teuthology.orchestra.run.smithi028.stdout:/usr/bin/ceph: stderr
2024-05-09T08:16:56.944+0000 7fafd8c6f700 1 -- --> [v2:172.21.15.28:3300/0,v1:172.21.15.28:6789/0] -- mon_getmap magic: 0 -- 0x7fafd410c380 con 0x7fafd4107e20
2024-05-09T08:16:57.770 INFO:teuthology.orchestra.run.smithi028.stdout:/usr/bin/ceph: stderr
2024-05-09T08:16:56.944+0000 7fafd259c700 1 --2- >> [v2:172.21.15.28:3300/0,v1:172.21.15.28:6789/0] conn(0x7fafd4107e20 0x7fafd419bc80 unknown :-1 s=BANNER_CONNECTING pgs=0 cs=0 l=1 rev1=0 crypto rx=0 tx=0 comp rx=0 tx=0)._handle_peer_banner_payload supported=3 required=0
2024-05-09T08:16:57.770 INFO:teuthology.orchestra.run.smithi028.stdout:/usr/bin/ceph: stderr
2024-05-09T08:16:56.944+0000 7fafd259c700 1 --2- >> [v2:172.21.15.28:3300/0,v1:172.21.15.28:6789/0] conn(0x7fafd4107e20 0x7fafd419bc80 unknown :-1 s=HELLO_CONNECTING pgs=0 cs=0 l=1 rev1=1 crypto rx=0 tx=0 comp rx=0 tx=0).handle_hello peer v2:172.21.15.28:3300/0 says I am v2:172.21.15.28:39780/0 (socket says 172.21.15.28:39780)
2024-05-09T08:16:57.770 INFO:teuthology.orchestra.run.smithi028.stdout:/usr/bin/ceph: stderr
2024-05-09T08:16:56.944+0000 7fafd259c700 1 -- 172.21.15.28:0/3693412376 learned_addr learned my addr 172.21.15.28:0/3693412376 (peer_addr_for_me v2:172.21.15.28:0/0)
2024-05-09T08:16:57.770 INFO:teuthology.orchestra.run.smithi028.stdout:/usr/bin/ceph: stderr
2024-05-09T08:16:56.944+0000 7fafd259c700 1 -- 172.21.15.28:0/3693412376 --> [v2:172.21.15.28:3300/0,v1:172.21.15.28:6789/0] -- mon_subscribe({config=0+,monmap=0+}) -- 0x7fafd419c1c0 con 0x7fafd4107e20
2024-05-09T08:16:57.770 INFO:teuthology.orchestra.run.smithi028.stdout:/usr/bin/ceph: stderr
2024-05-09T08:16:56.944+0000 7fafd259c700 1 --2- 172.21.15.28:0/3693412376 >> [v2:172.21.15.28:3300/0,v1:172.21.15.28:6789/0] conn(0x7fafd4107e20 0x7fafd419bc80 secure :-1 s=READY pgs=77 cs=0 l=1 rev1=1 crypto rx=0x7fafc4000c00 tx=0x7fafc4011c10 comp rx=0 tx=0).ready entity=mon.0 client_cookie=0 server_cookie=0 in_seq=0 out_seq=0
2024-05-09T08:16:57.770 INFO:teuthology.orchestra.run.smithi028.stdout:/usr/bin/ceph: stderr
2024-05-09T08:16:56.944+0000 7fafc37fe700 1 -- 172.21.15.28:0/3693412376 <== mon.0 v2:172.21.15.28:3300/0 1 ==== mon_map magic: 0 ==== 205+0+0 (secure 0 0 0) 0x7fafc4003b60 con 0x7fafd4107e20
2024-05-09T08:16:57.770 INFO:teuthology.orchestra.run.smithi028.stdout:/usr/bin/ceph: stderr
2024-05-09T08:16:56.944+0000 7fafd8c6f700 1 -- 172.21.15.28:0/3693412376 --> [v2:172.21.15.28:3300/0,v1:172.21.15.28:6789/0] -- mon_subscribe({mgrmap=0+}) -- 0x7fafd419c450 con 0x7fafd4107e20
2024-05-09T08:16:57.770 INFO:teuthology.orchestra.run.smithi028.stdout:/usr/bin/ceph: stderr
2024-05-09T08:16:56.944+0000 7fafc37fe700 1 -- 172.21.15.28:0/3693412376 <== mon.0 v2:172.21.15.28:3300/0 2 ==== config(27 keys) ==== 1140+0+0 (secure 0 0 0) 0x7fafc401a910 con 0x7fafd4107e20
2024-05-09T08:16:57.770 INFO:teuthology.orchestra.run.smithi028.stdout:/usr/bin/ceph: stderr
2024-05-09T08:16:56.944+0000 7fafc37fe700 1 -- 172.21.15.28:0/3693412376 <== mon.0 v2:172.21.15.28:3300/0 3 ==== mon_map magic: 0 ==== 205+0+0 (secure 0 0 0) 0x7fafc4024930 con 0x7fafd4107e20
2024-05-09T08:16:57.770 INFO:teuthology.orchestra.run.smithi028.stdout:/usr/bin/ceph: stderr
2024-05-09T08:16:56.944+0000 7fafd8c6f700 1 -- 172.21.15.28:0/3693412376 --> [v2:172.21.15.28:3300/0,v1:172.21.15.28:6789/0] -- mon_subscribe({osdmap=0}) -- 0x7fafd419c8b0 con 0x7fafd4107e20
2024-05-09T08:16:57.770 INFO:teuthology.orchestra.run.smithi028.stdout:/usr/bin/ceph: stderr
2024-05-09T08:16:56.945+0000 7fafd8c6f700 1 -- 172.21.15.28:0/3693412376 --> [v2:172.21.15.28:3300/0,v1:172.21.15.28:6789/0] -- mon_command({"prefix": "get_command_descriptions"} v 0) -- 0x7fafd4063980 con 0x7fafd4107e20
2024-05-09T08:16:57.771 INFO:teuthology.orchestra.run.smithi028.stdout:/usr/bin/ceph: stderr
2024-05-09T08:16:56.946+0000 7fafc37fe700 1 -- 172.21.15.28:0/3693412376 <== mon.0 v2:172.21.15.28:3300/0 4 ==== mgrmap(e 13) ==== 46343+0+0 (secure 0 0 0) 0x7fafc4022020 con 0x7fafd4107e20
2024-05-09T08:16:57.771 INFO:teuthology.orchestra.run.smithi028.stdout:/usr/bin/ceph: stderr
2024-05-09T08:16:56.946+0000 7fafc37fe700 1 --2- 172.21.15.28:0/3693412376 >> [v2:172.21.15.28:6800/953899001,v1:172.21.15.28:6801/953899001] conn(0x7fafbc039200 0x7fafbc03b6c0 unknown :-1 s=NONE pgs=0 cs=0 l=1 rev1=0 crypto rx=0 tx=0 comp rx=0 tx=0).connect
2024-05-09T08:16:57.771 INFO:teuthology.orchestra.run.smithi028.stdout:/usr/bin/ceph: stderr
2024-05-09T08:16:56.946+0000 7fafc37fe700 1 -- 172.21.15.28:0/3693412376 <== mon.0 v2:172.21.15.28:3300/0 5 ==== osd_map(3..3 src has 1..3) ==== 1155+0+0 (secure 0 0 0) 0x7fafc404d480 con 0x7fafd4107e20
2024-05-09T08:16:57.771 INFO:teuthology.orchestra.run.smithi028.stdout:/usr/bin/ceph: stderr
2024-05-09T08:16:56.946+0000 7fafd1d9b700 1 --2- 172.21.15.28:0/3693412376 >> [v2:172.21.15.28:6800/953899001,v1:172.21.15.28:6801/953899001] conn(0x7fafbc039200 0x7fafbc03b6c0 unknown :-1 s=BANNER_CONNECTING pgs=0 cs=0 l=1 rev1=0 crypto rx=0 tx=0 comp rx=0 tx=0)._handle_peer_banner_payload supported=3 required=0
2024-05-09T08:16:57.771 INFO:teuthology.orchestra.run.smithi028.stdout:/usr/bin/ceph: stderr
2024-05-09T08:16:56.946+0000 7fafd1d9b700 1 --2- 172.21.15.28:0/3693412376 >> [v2:172.21.15.28:6800/953899001,v1:172.21.15.28:6801/953899001] conn(0x7fafbc039200 0x7fafbc03b6c0 secure :-1 s=READY pgs=10 cs=0 l=1 rev1=1 crypto rx=0x7fafc8006fd0 tx=0x7fafc8006e40 comp rx=0 tx=0).ready entity=mgr.14152 client_cookie=0 server_cookie=0 in_seq=0 out_seq=0
2024-05-09T08:16:57.771 INFO:teuthology.orchestra.run.smithi028.stdout:/usr/bin/ceph: stderr
2024-05-09T08:16:56.951+0000 7fafc37fe700 1 -- 172.21.15.28:0/3693412376 <== mon.0 v2:172.21.15.28:3300/0 6 ==== mon_command_ack([{"prefix": "get_command_descriptions"}]=0 v0) ==== 72+0+186147 (secure 0 0 0) 0x7fafc4010380 con 0x7fafd4107e20
2024-05-09T08:16:57.771 INFO:teuthology.orchestra.run.smithi028.stdout:/usr/bin/ceph: stderr
2024-05-09T08:16:57.155+0000 7fafd8c6f700 1 -- 172.21.15.28:0/3693412376 --> [v2:172.21.15.28:3300/0,v1:172.21.15.28:6789/0] -- mon_command([{prefix=config set, name=osd_memory_target_autotune}] v 0) -- 0x7fafd419f3e0 con 0x7fafd4107e20
2024-05-09T08:16:57.771 INFO:teuthology.orchestra.run.smithi028.stdout:/usr/bin/ceph: stderr
2024-05-09T08:16:57.156+0000 7fafc37fe700 1 -- 172.21.15.28:0/3693412376 <== mon.0 v2:172.21.15.28:3300/0 7 ==== mon_command_ack([{prefix=config set, name=osd_memory_target_autotune}]=0 v8)=0 v8) ==== 127+0+0 (secure 0 0 0) 0x7fafc40212c0 con 0x7fafd4107e20
2024-05-09T08:16:57.771 INFO:teuthology.orchestra.run.smithi028.stdout:/usr/bin/ceph: stderr
2024-05-09T08:16:57.158+0000 7fafd8c6f700 1 -- 172.21.15.28:0/3693412376 >> [v2:172.21.15.28:6800/953899001,v1:172.21.15.28:6801/953899001] conn(0x7fafbc039200 msgr2=0x7fafbc03b6c0 secure :-1 s=STATE_CONNECTION_ESTABLISHED l=1).mark_down
2024-05-09T08:16:57.771 INFO:teuthology.orchestra.run.smithi028.stdout:/usr/bin/ceph: stderr
2024-05-09T08:16:57.158+0000 7fafd8c6f700 1 --2- 172.21.15.28:0/3693412376 >> [v2:172.21.15.28:6800/953899001,v1:172.21.15.28:6801/953899001] conn(0x7fafbc039200 0x7fafbc03b6c0 secure :-1 s=READY pgs=10 cs=0 l=1 rev1=1 crypto rx=0x7fafc8006fd0 tx=0x7fafc8006e40 comp rx=0 tx=0).stop
2024-05-09T08:16:57.771 INFO:teuthology.orchestra.run.smithi028.stdout:/usr/bin/ceph: stderr
2024-05-09T08:16:57.158+0000 7fafd8c6f700 1 -- 172.21.15.28:0/3693412376 >> [v2:172.21.15.28:3300/0,v1:172.21.15.28:6789/0] conn(0x7fafd4107e20 msgr2=0x7fafd419bc80 secure :-1 s=STATE_CONNECTION_ESTABLISHED l=1).mark_down
2024-05-09T08:16:57.771 INFO:teuthology.orchestra.run.smithi028.stdout:/usr/bin/ceph: stderr
2024-05-09T08:16:57.158+0000 7fafd8c6f700 1 --2- 172.21.15.28:0/3693412376 >> [v2:172.21.15.28:3300/0,v1:172.21.15.28:6789/0] conn(0x7fafd4107e20 0x7fafd419bc80 secure :-1 s=READY pgs=77 cs=0 l=1 rev1=1 crypto rx=0x7fafc4000c00 tx=0x7fafc4011c10 comp rx=0 tx=0).stop
2024-05-09T08:16:57.771 INFO:teuthology.orchestra.run.smithi028.stdout:/usr/bin/ceph: stderr
2024-05-09T08:16:57.158+0000 7fafd8c6f700 1 -- 172.21.15.28:0/3693412376 shutdown_connections
2024-05-09T08:16:57.771 INFO:teuthology.orchestra.run.smithi028.stdout:/usr/bin/ceph: stderr
2024-05-09T08:16:57.158+0000 7fafd8c6f700 1 --2- 172.21.15.28:0/3693412376 >> [v2:172.21.15.28:6800/953899001,v1:172.21.15.28:6801/953899001] conn(0x7fafbc039200 0x7fafbc03b6c0 unknown :-1 s=CLOSED pgs=10 cs=0 l=1 rev1=1 crypto rx=0 tx=0 comp rx=0 tx=0).stop
2024-05-09T08:16:57.772 INFO:teuthology.orchestra.run.smithi028.stdout:/usr/bin/ceph: stderr
2024-05-09T08:16:57.158+0000 7fafd8c6f700 1 --2- 172.21.15.28:0/3693412376 >> [v2:172.21.15.28:3300/0,v1:172.21.15.28:6789/0] conn(0x7fafd4107e20 0x7fafd419bc80 unknown :-1 s=CLOSED pgs=77 cs=0 l=1 rev1=1 crypto rx=0 tx=0 comp rx=0 tx=0).stop
2024-05-09T08:16:57.772 INFO:teuthology.orchestra.run.smithi028.stdout:/usr/bin/ceph: stderr
2024-05-09T08:16:57.158+0000 7fafd8c6f700 1 -- 172.21.15.28:0/3693412376 >> 172.21.15.28:0/3693412376 conn(0x7fafd4103400 msgr2=0x7fafd4103e00 unknown :-1 s=STATE_NONE l=0).mark_down
2024-05-09T08:16:57.772 INFO:teuthology.orchestra.run.smithi028.stdout:/usr/bin/ceph: stderr
2024-05-09T08:16:57.158+0000 7fafd8c6f700 1 -- 172.21.15.28:0/3693412376 shutdown_connections
2024-05-09T08:16:57.772 INFO:teuthology.orchestra.run.smithi028.stdout:/usr/bin/ceph: stderr
2024-05-09T08:16:57.158+0000 7fafd8c6f700 1 -- 172.21.15.28:0/3693412376 wait complete.
2024-05-09T08:16:59.230 INFO:teuthology.orchestra.run.smithi028.stdout:/usr/bin/ceph: stderr
2024-05-09T08:16:58.288+0000 7f3e028ec700 1 Processor -- start
2024-05-09T08:16:59.231 INFO:teuthology.orchestra.run.smithi028.stdout:/usr/bin/ceph: stderr
2024-05-09T08:16:58.288+0000 7f3e028ec700 1 -- start start
2024-05-09T08:16:59.231 INFO:teuthology.orchestra.run.smithi028.stdout:/usr/bin/ceph: stderr
2024-05-09T08:16:58.288+0000 7f3e028ec700 1 --2- >> [v2:172.21.15.28:3300/0,v1:172.21.15.28:6789/0] conn(0x7f3dfc1066b0 0x7f3dfc106ad0 unknown :-1 s=NONE pgs=0 cs=0 l=0 rev1=0 crypto rx=0 tx=0 comp rx=0 tx=0).connect
2024-05-09T08:16:59.231 INFO:teuthology.orchestra.run.smithi028.stdout:/usr/bin/ceph: stderr
2024-05-09T08:16:58.288+0000 7f3e028ec700 1 -- --> [v2:172.21.15.28:3300/0,v1:172.21.15.28:6789/0] -- mon_getmap magic: 0 -- 0x7f3dfc07be30 con 0x7f3dfc1066b0
2024-05-09T08:16:59.231 INFO:teuthology.orchestra.run.smithi028.stdout:/usr/bin/ceph: stderr
2024-05-09T08:16:58.288+0000 7f3dfbfff700 1 --2- >> [v2:172.21.15.28:3300/0,v1:172.21.15.28:6789/0] conn(0x7f3dfc1066b0 0x7f3dfc106ad0 unknown :-1 s=BANNER_CONNECTING pgs=0 cs=0 l=0 rev1=0 crypto rx=0 tx=0 comp rx=0 tx=0)._handle_peer_banner_payload supported=3 required=0
2024-05-09T08:16:59.231 INFO:teuthology.orchestra.run.smithi028.stdout:/usr/bin/ceph: stderr
2024-05-09T08:16:58.288+0000 7f3dfbfff700 1 --2- >> [v2:172.21.15.28:3300/0,v1:172.21.15.28:6789/0] conn(0x7f3dfc1066b0 0x7f3dfc106ad0 unknown :-1 s=HELLO_CONNECTING pgs=0 cs=0 l=0 rev1=1 crypto rx=0 tx=0 comp rx=0 tx=0).handle_hello peer v2:172.21.15.28:3300/0 says I am v2:172.21.15.28:39788/0 (socket says 172.21.15.28:39788)
2024-05-09T08:16:59.231 INFO:teuthology.orchestra.run.smithi028.stdout:/usr/bin/ceph: stderr
2024-05-09T08:16:58.288+0000 7f3dfbfff700 1 -- 172.21.15.28:0/507321911 learned_addr learned my addr 172.21.15.28:0/507321911 (peer_addr_for_me v2:172.21.15.28:0/0)
2024-05-09T08:16:59.231 INFO:teuthology.orchestra.run.smithi028.stdout:/usr/bin/ceph: stderr
2024-05-09T08:16:58.289+0000 7f3dfbfff700 1 -- 172.21.15.28:0/507321911 --> [v2:172.21.15.28:3300/0,v1:172.21.15.28:6789/0] -- mon_subscribe({config=0+,monmap=0+}) -- 0x7f3dfc107010 con 0x7f3dfc1066b0
2024-05-09T08:16:59.231 INFO:teuthology.orchestra.run.smithi028.stdout:/usr/bin/ceph: stderr
2024-05-09T08:16:58.289+0000 7f3dfbfff700 1 --2- 172.21.15.28:0/507321911 >> [v2:172.21.15.28:3300/0,v1:172.21.15.28:6789/0] conn(0x7f3dfc1066b0 0x7f3dfc106ad0 secure :-1 s=READY pgs=78 cs=0 l=1 rev1=1 crypto rx=0x7f3dec0098a0 tx=0x7f3dec009bb0 comp rx=0 tx=0).ready entity=mon.0 client_cookie=86fc8f96427d995d server_cookie=0 in_seq=0 out_seq=0
2024-05-09T08:16:59.231 INFO:teuthology.orchestra.run.smithi028.stdout:/usr/bin/ceph: stderr
2024-05-09T08:16:58.289+0000 7f3dfaffd700 1 -- 172.21.15.28:0/507321911 <== mon.0 v2:172.21.15.28:3300/0 1 ==== mon_map magic: 0 ==== 205+0+0 (secure 0 0 0) 0x7f3dec004160 con 0x7f3dfc1066b0
2024-05-09T08:16:59.231 INFO:teuthology.orchestra.run.smithi028.stdout:/usr/bin/ceph: stderr
2024-05-09T08:16:58.289+0000 7f3dfaffd700 1 -- 172.21.15.28:0/507321911 <== mon.0 v2:172.21.15.28:3300/0 2 ==== config(27 keys) ==== 1140+0+0 (secure 0 0 0) 0x7f3dec004300 con 0x7f3dfc1066b0
2024-05-09T08:16:59.231 INFO:teuthology.orchestra.run.smithi028.stdout:/usr/bin/ceph: stderr
2024-05-09T08:16:58.289+0000 7f3dfaffd700 1 -- 172.21.15.28:0/507321911 <== mon.0 v2:172.21.15.28:3300/0 3 ==== mon_map magic: 0 ==== 205+0+0 (secure 0 0 0) 0x7f3dec011b20 con 0x7f3dfc1066b0
2024-05-09T08:16:59.232 INFO:teuthology.orchestra.run.smithi028.stdout:/usr/bin/ceph: stderr
2024-05-09T08:16:58.289+0000 7f3e028ec700 1 -- 172.21.15.28:0/507321911 >> [v2:172.21.15.28:3300/0,v1:172.21.15.28:6789/0] conn(0x7f3dfc1066b0 msgr2=0x7f3dfc106ad0 secure :-1 s=STATE_CONNECTION_ESTABLISHED l=1).mark_down
2024-05-09T08:16:59.232 INFO:teuthology.orchestra.run.smithi028.stdout:/usr/bin/ceph: stderr
2024-05-09T08:16:58.289+0000 7f3e028ec700 1 --2- 172.21.15.28:0/507321911 >> [v2:172.21.15.28:3300/0,v1:172.21.15.28:6789/0] conn(0x7f3dfc1066b0 0x7f3dfc106ad0 secure :-1 s=READY pgs=78 cs=0 l=1 rev1=1 crypto rx=0x7f3dec0098a0 tx=0x7f3dec009bb0 comp rx=0 tx=0).stop
2024-05-09T08:16:59.232 INFO:teuthology.orchestra.run.smithi028.stdout:/usr/bin/ceph: stderr
2024-05-09T08:16:58.290+0000 7f3e028ec700 1 -- 172.21.15.28:0/507321911 shutdown_connections
2024-05-09T08:16:59.232 INFO:teuthology.orchestra.run.smithi028.stdout:/usr/bin/ceph: stderr
2024-05-09T08:16:58.290+0000 7f3e028ec700 1 --2- 172.21.15.28:0/507321911 >> [v2:172.21.15.28:3300/0,v1:172.21.15.28:6789/0] conn(0x7f3dfc1066b0 0x7f3dfc106ad0 unknown :-1 s=CLOSED pgs=78 cs=0 l=1 rev1=1 crypto rx=0 tx=0 comp rx=0 tx=0).stop
2024-05-09T08:16:59.232 INFO:teuthology.orchestra.run.smithi028.stdout:/usr/bin/ceph: stderr
2024-05-09T08:16:58.290+0000 7f3e028ec700 1 -- 172.21.15.28:0/507321911 >> 172.21.15.28:0/507321911 conn(0x7f3dfc102210 msgr2=0x7f3dfc104690 unknown :-1 s=STATE_NONE l=0).mark_down
2024-05-09T08:16:59.232 INFO:teuthology.orchestra.run.smithi028.stdout:/usr/bin/ceph: stderr
2024-05-09T08:16:58.290+0000 7f3e028ec700 1 -- 172.21.15.28:0/507321911 shutdown_connections
2024-05-09T08:16:59.232 INFO:teuthology.orchestra.run.smithi028.stdout:/usr/bin/ceph: stderr
2024-05-09T08:16:58.290+0000 7f3e028ec700 1 -- 172.21.15.28:0/507321911 wait complete.
2024-05-09T08:16:59.232 INFO:teuthology.orchestra.run.smithi028.stdout:/usr/bin/ceph: stderr
2024-05-09T08:16:58.290+0000 7f3e028ec700 1 Processor -- start
2024-05-09T08:16:59.232 INFO:teuthology.orchestra.run.smithi028.stdout:/usr/bin/ceph: stderr
2024-05-09T08:16:58.290+0000 7f3e028ec700 1 -- start start
2024-05-09T08:16:59.232 INFO:teuthology.orchestra.run.smithi028.stdout:/usr/bin/ceph: stderr
2024-05-09T08:16:58.291+0000 7f3e028ec700 1 --2- >> [v2:172.21.15.28:3300/0,v1:172.21.15.28:6789/0] conn(0x7f3dfc1066b0 0x7f3dfc19df10 unknown :-1 s=NONE pgs=0 cs=0 l=1 rev1=0 crypto rx=0 tx=0 comp rx=0 tx=0).connect
2024-05-09T08:16:59.232 INFO:teuthology.orchestra.run.smithi028.stdout:/usr/bin/ceph: stderr
2024-05-09T08:16:58.291+0000 7f3e028ec700 1 -- --> [v2:172.21.15.28:3300/0,v1:172.21.15.28:6789/0] -- mon_getmap magic: 0 -- 0x7f3dfc1080e0 con 0x7f3dfc1066b0
2024-05-09T08:16:59.232 INFO:teuthology.orchestra.run.smithi028.stdout:/usr/bin/ceph: stderr
2024-05-09T08:16:58.291+0000 7f3dfbfff700 1 --2- >> [v2:172.21.15.28:3300/0,v1:172.21.15.28:6789/0] conn(0x7f3dfc1066b0 0x7f3dfc19df10 unknown :-1 s=BANNER_CONNECTING pgs=0 cs=0 l=1 rev1=0 crypto rx=0 tx=0 comp rx=0 tx=0)._handle_peer_banner_payload supported=3 required=0
2024-05-09T08:16:59.232 INFO:teuthology.orchestra.run.smithi028.stdout:/usr/bin/ceph: stderr
2024-05-09T08:16:58.291+0000 7f3dfbfff700 1 --2- >> [v2:172.21.15.28:3300/0,v1:172.21.15.28:6789/0] conn(0x7f3dfc1066b0 0x7f3dfc19df10 unknown :-1 s=HELLO_CONNECTING pgs=0 cs=0 l=1 rev1=1 crypto rx=0 tx=0 comp rx=0 tx=0).handle_hello peer v2:172.21.15.28:3300/0 says I am v2:172.21.15.28:39798/0 (socket says 172.21.15.28:39798)
2024-05-09T08:16:59.232 INFO:teuthology.orchestra.run.smithi028.stdout:/usr/bin/ceph: stderr
2024-05-09T08:16:58.291+0000 7f3dfbfff700 1 -- 172.21.15.28:0/3711963545 learned_addr learned my addr 172.21.15.28:0/3711963545 (peer_addr_for_me v2:172.21.15.28:0/0)
2024-05-09T08:16:59.233 INFO:teuthology.orchestra.run.smithi028.stdout:/usr/bin/ceph: stderr
2024-05-09T08:16:58.291+0000 7f3dfbfff700 1 -- 172.21.15.28:0/3711963545 --> [v2:172.21.15.28:3300/0,v1:172.21.15.28:6789/0] -- mon_subscribe({config=0+,monmap=0+}) -- 0x7f3dfc19e450 con 0x7f3dfc1066b0
2024-05-09T08:16:59.233 INFO:teuthology.orchestra.run.smithi028.stdout:/usr/bin/ceph: stderr
2024-05-09T08:16:58.291+0000 7f3dfbfff700 1 --2- 172.21.15.28:0/3711963545 >> [v2:172.21.15.28:3300/0,v1:172.21.15.28:6789/0] conn(0x7f3dfc1066b0 0x7f3dfc19df10 secure :-1 s=READY pgs=79 cs=0 l=1 rev1=1 crypto rx=0x7f3dec0117e0 tx=0x7f3dec011ba0 comp rx=0 tx=0).ready entity=mon.0 client_cookie=0 server_cookie=0 in_seq=0 out_seq=0
2024-05-09T08:16:59.233 INFO:teuthology.orchestra.run.smithi028.stdout:/usr/bin/ceph: stderr
2024-05-09T08:16:58.291+0000 7f3df97fa700 1 -- 172.21.15.28:0/3711963545 <== mon.0 v2:172.21.15.28:3300/0 1 ==== mon_map magic: 0 ==== 205+0+0 (secure 0 0 0) 0x7f3dec003ba0 con 0x7f3dfc1066b0
2024-05-09T08:16:59.233 INFO:teuthology.orchestra.run.smithi028.stdout:/usr/bin/ceph: stderr
2024-05-09T08:16:58.292+0000 7f3e028ec700 1 -- 172.21.15.28:0/3711963545 --> [v2:172.21.15.28:3300/0,v1:172.21.15.28:6789/0] -- mon_subscribe({mgrmap=0+}) -- 0x7f3dfc19e6e0 con 0x7f3dfc1066b0
2024-05-09T08:16:59.233 INFO:teuthology.orchestra.run.smithi028.stdout:/usr/bin/ceph: stderr
2024-05-09T08:16:58.292+0000 7f3df97fa700 1 -- 172.21.15.28:0/3711963545 <== mon.0 v2:172.21.15.28:3300/0 2 ==== config(27 keys) ==== 1140+0+0 (secure 0 0 0) 0x7f3dec01a910 con 0x7f3dfc1066b0
2024-05-09T08:16:59.233 INFO:teuthology.orchestra.run.smithi028.stdout:/usr/bin/ceph: stderr
2024-05-09T08:16:58.292+0000 7f3df97fa700 1 -- 172.21.15.28:0/3711963545 <== mon.0 v2:172.21.15.28:3300/0 3 ==== mon_map magic: 0 ==== 205+0+0 (secure 0 0 0) 0x7f3dec0248f0 con 0x7f3dfc1066b0
2024-05-09T08:16:59.233 INFO:teuthology.orchestra.run.smithi028.stdout:/usr/bin/ceph: stderr
2024-05-09T08:16:58.292+0000 7f3e028ec700 1 -- 172.21.15.28:0/3711963545 --> [v2:172.21.15.28:3300/0,v1:172.21.15.28:6789/0] -- mon_subscribe({osdmap=0}) -- 0x7f3dfc19eb40 con 0x7f3dfc1066b0
2024-05-09T08:16:59.233 INFO:teuthology.orchestra.run.smithi028.stdout:/usr/bin/ceph: stderr
2024-05-09T08:16:58.292+0000 7f3df97fa700 1 -- 172.21.15.28:0/3711963545 <== mon.0 v2:172.21.15.28:3300/0 4 ==== mgrmap(e 13) ==== 46343+0+0 (secure 0 0 0) 0x7f3dec022020 con 0x7f3dfc1066b0
2024-05-09T08:16:59.233 INFO:teuthology.orchestra.run.smithi028.stdout:/usr/bin/ceph: stderr
2024-05-09T08:16:58.293+0000 7f3df97fa700 1 --2- 172.21.15.28:0/3711963545 >> [v2:172.21.15.28:6800/953899001,v1:172.21.15.28:6801/953899001] conn(0x7f3de4039140 0x7f3de403b600 unknown :-1 s=NONE pgs=0 cs=0 l=1 rev1=0 crypto rx=0 tx=0 comp rx=0 tx=0).connect
2024-05-09T08:16:59.233 INFO:teuthology.orchestra.run.smithi028.stdout:/usr/bin/ceph: stderr
2024-05-09T08:16:58.293+0000 7f3df97fa700 1 -- 172.21.15.28:0/3711963545 <== mon.0 v2:172.21.15.28:3300/0 5 ==== osd_map(3..3 src has 1..3) ==== 1155+0+0 (secure 0 0 0) 0x7f3dec04da90 con 0x7f3dfc1066b0
2024-05-09T08:16:59.233 INFO:teuthology.orchestra.run.smithi028.stdout:/usr/bin/ceph: stderr
2024-05-09T08:16:58.293+0000 7f3dfb7fe700 1 --2- 172.21.15.28:0/3711963545 >> [v2:172.21.15.28:6800/953899001,v1:172.21.15.28:6801/953899001] conn(0x7f3de4039140 0x7f3de403b600 unknown :-1 s=BANNER_CONNECTING pgs=0 cs=0 l=1 rev1=0 crypto rx=0 tx=0 comp rx=0 tx=0)._handle_peer_banner_payload supported=3 required=0
2024-05-09T08:16:59.233 INFO:teuthology.orchestra.run.smithi028.stdout:/usr/bin/ceph: stderr
2024-05-09T08:16:58.293+0000 7f3e028ec700 1 -- 172.21.15.28:0/3711963545 --> [v2:172.21.15.28:3300/0,v1:172.21.15.28:6789/0] -- mon_command({"prefix": "get_command_descriptions"} v 0) -- 0x7f3dfc063980 con 0x7f3dfc1066b0
2024-05-09T08:16:59.233 INFO:teuthology.orchestra.run.smithi028.stdout:/usr/bin/ceph: stderr
2024-05-09T08:16:58.293+0000 7f3dfb7fe700 1 --2- 172.21.15.28:0/3711963545 >> [v2:172.21.15.28:6800/953899001,v1:172.21.15.28:6801/953899001] conn(0x7f3de4039140 0x7f3de403b600 secure :-1 s=READY pgs=11 cs=0 l=1 rev1=1 crypto rx=0x7f3df0006fd0 tx=0x7f3df0006e40 comp rx=0 tx=0).ready entity=mgr.14152 client_cookie=0 server_cookie=0 in_seq=0 out_seq=0
2024-05-09T08:16:59.234 INFO:teuthology.orchestra.run.smithi028.stdout:/usr/bin/ceph: stderr
2024-05-09T08:16:58.298+0000 7f3df97fa700 1 -- 172.21.15.28:0/3711963545 <== mon.0 v2:172.21.15.28:3300/0 6 ==== mon_command_ack([{"prefix": "get_command_descriptions"}]=0 v0) ==== 72+0+186147 (secure 0 0 0) 0x7f3dec020c10 con 0x7f3dfc1066b0
2024-05-09T08:16:59.234 INFO:teuthology.orchestra.run.smithi028.stdout:/usr/bin/ceph: stderr
2024-05-09T08:16:58.620+0000 7f3e028ec700 1 -- 172.21.15.28:0/3711963545 --> [v2:172.21.15.28:3300/0,v1:172.21.15.28:6789/0] -- mon_command([{prefix=config-key set, key=mgr/dashboard/cluster/status}] v 0) -- 0x7f3dfc062f30 con 0x7f3dfc1066b0
2024-05-09T08:16:59.234 INFO:teuthology.orchestra.run.smithi028.stdout:/usr/bin/ceph: stderr
2024-05-09T08:16:58.622+0000 7f3df97fa700 1 -- 172.21.15.28:0/3711963545 <== mon.0 v2:172.21.15.28:3300/0 7 ==== mon_command_ack([{prefix=config-key set, key=mgr/dashboard/cluster/status}]=0 set mgr/dashboard/cluster/status v28)=0 set mgr/dashboard/cluster/status v28) ==== 153+0+0 (secure 0 0 0) 0x7f3dec021d80 con 0x7f3dfc1066b0
2024-05-09T08:16:59.234 INFO:teuthology.orchestra.run.smithi028.stdout:/usr/bin/ceph: stderr
2024-05-09T08:16:58.625+0000 7f3e028ec700 1 -- 172.21.15.28:0/3711963545 >> [v2:172.21.15.28:6800/953899001,v1:172.21.15.28:6801/953899001] conn(0x7f3de4039140 msgr2=0x7f3de403b600 secure :-1 s=STATE_CONNECTION_ESTABLISHED l=1).mark_down
2024-05-09T08:16:59.234 INFO:teuthology.orchestra.run.smithi028.stdout:/usr/bin/ceph: stderr
2024-05-09T08:16:58.625+0000 7f3e028ec700 1 --2- 172.21.15.28:0/3711963545 >> [v2:172.21.15.28:6800/953899001,v1:172.21.15.28:6801/953899001] conn(0x7f3de4039140 0x7f3de403b600 secure :-1 s=READY pgs=11 cs=0 l=1 rev1=1 crypto rx=0x7f3df0006fd0 tx=0x7f3df0006e40 comp rx=0 tx=0).stop
2024-05-09T08:16:59.234 INFO:teuthology.orchestra.run.smithi028.stdout:/usr/bin/ceph: stderr
2024-05-09T08:16:58.625+0000 7f3e028ec700 1 -- 172.21.15.28:0/3711963545 >> [v2:172.21.15.28:3300/0,v1:172.21.15.28:6789/0] conn(0x7f3dfc1066b0 msgr2=0x7f3dfc19df10 secure :-1 s=STATE_CONNECTION_ESTABLISHED l=1).mark_down
2024-05-09T08:16:59.234 INFO:teuthology.orchestra.run.smithi028.stdout:/usr/bin/ceph: stderr
2024-05-09T08:16:58.625+0000 7f3e028ec700 1 --2- 172.21.15.28:0/3711963545 >> [v2:172.21.15.28:3300/0,v1:172.21.15.28:6789/0] conn(0x7f3dfc1066b0 0x7f3dfc19df10 secure :-1 s=READY pgs=79 cs=0 l=1 rev1=1 crypto rx=0x7f3dec0117e0 tx=0x7f3dec011ba0 comp rx=0 tx=0).stop
2024-05-09T08:16:59.234 INFO:teuthology.orchestra.run.smithi028.stdout:/usr/bin/ceph: stderr
2024-05-09T08:16:58.625+0000 7f3e028ec700 1 -- 172.21.15.28:0/3711963545 shutdown_connections
2024-05-09T08:16:59.234 INFO:teuthology.orchestra.run.smithi028.stdout:/usr/bin/ceph: stderr
2024-05-09T08:16:58.625+0000 7f3e028ec700 1 --2- 172.21.15.28:0/3711963545 >> [v2:172.21.15.28:6800/953899001,v1:172.21.15.28:6801/953899001] conn(0x7f3de4039140 0x7f3de403b600 unknown :-1 s=CLOSED pgs=11 cs=0 l=1 rev1=1 crypto rx=0 tx=0 comp rx=0 tx=0).stop
2024-05-09T08:16:59.234 INFO:teuthology.orchestra.run.smithi028.stdout:/usr/bin/ceph: stderr
2024-05-09T08:16:58.625+0000 7f3e028ec700 1 --2- 172.21.15.28:0/3711963545 >> [v2:172.21.15.28:3300/0,v1:172.21.15.28:6789/0] conn(0x7f3dfc1066b0 0x7f3dfc19df10 unknown :-1 s=CLOSED pgs=79 cs=0 l=1 rev1=1 crypto rx=0 tx=0 comp rx=0 tx=0).stop
2024-05-09T08:16:59.234 INFO:teuthology.orchestra.run.smithi028.stdout:/usr/bin/ceph: stderr
2024-05-09T08:16:58.625+0000 7f3e028ec700 1 -- 172.21.15.28:0/3711963545 >> 172.21.15.28:0/3711963545 conn(0x7f3dfc102210 msgr2=0x7f3dfc194c10 unknown :-1 s=STATE_NONE l=0).mark_down
2024-05-09T08:16:59.234 INFO:teuthology.orchestra.run.smithi028.stdout:/usr/bin/ceph: stderr
2024-05-09T08:16:58.625+0000 7f3e028ec700 1 -- 172.21.15.28:0/3711963545 shutdown_connections
2024-05-09T08:16:59.234 INFO:teuthology.orchestra.run.smithi028.stdout:/usr/bin/ceph: stderr
2024-05-09T08:16:58.625+0000 7f3e028ec700 1 -- 172.21.15.28:0/3711963545 wait complete.
2024-05-09T08:16:59.235 INFO:teuthology.orchestra.run.smithi028.stdout:/usr/bin/ceph: stderr set mgr/dashboard/cluster/status
2024-05-09T08:16:59.235 INFO:teuthology.orchestra.run.smithi028.stdout:You can access the Ceph CLI as following in case of multi-cluster or non-default config:
2024-05-09T08:16:59.235 INFO:teuthology.orchestra.run.smithi028.stdout:
2024-05-09T08:16:59.235 INFO:teuthology.orchestra.run.smithi028.stdout: sudo /home/ubuntu/cephtest/cephadm shell --fsid 3891b212-0ddc-11ef-bc98-c7b262605968 -c /etc/ceph/ceph.conf -k /etc/ceph/ceph.client.admin.keyring
2024-05-09T08:16:59.235 INFO:teuthology.orchestra.run.smithi028.stdout:
2024-05-09T08:16:59.235 INFO:teuthology.orchestra.run.smithi028.stdout:Or, if you are only running a single cluster on this host:
2024-05-09T08:16:59.235 INFO:teuthology.orchestra.run.smithi028.stdout:
2024-05-09T08:16:59.235 INFO:teuthology.orchestra.run.smithi028.stdout: sudo /home/ubuntu/cephtest/cephadm shell
2024-05-09T08:16:59.235 INFO:teuthology.orchestra.run.smithi028.stdout:
2024-05-09T08:16:59.235 INFO:teuthology.orchestra.run.smithi028.stdout:Please consider enabling telemetry to help improve Ceph:
2024-05-09T08:16:59.235 INFO:teuthology.orchestra.run.smithi028.stdout:
2024-05-09T08:16:59.235 INFO:teuthology.orchestra.run.smithi028.stdout: ceph telemetry on
2024-05-09T08:16:59.235 INFO:teuthology.orchestra.run.smithi028.stdout:
2024-05-09T08:16:59.235 INFO:teuthology.orchestra.run.smithi028.stdout:For more information see:
2024-05-09T08:16:59.235 INFO:teuthology.orchestra.run.smithi028.stdout:
2024-05-09T08:16:59.236 INFO:teuthology.orchestra.run.smithi028.stdout: https://docs.ceph.com/en/latest/mgr/telemetry/
2024-05-09T08:16:59.236 INFO:teuthology.orchestra.run.smithi028.stdout:
2024-05-09T08:16:59.236 INFO:teuthology.orchestra.run.smithi028.stdout:Bootstrap complete.
2024-05-09T08:16:59.272 INFO:tasks.cephadm:Fetching config...
2024-05-09T08:16:59.273 DEBUG:teuthology.orchestra.run.smithi028:> set -ex
2024-05-09T08:16:59.273 DEBUG:teuthology.orchestra.run.smithi028:> dd if=/etc/ceph/ceph.conf of=/dev/stdout
2024-05-09T08:16:59.290 INFO:tasks.cephadm:Fetching client.admin keyring...
2024-05-09T08:16:59.290 DEBUG:teuthology.orchestra.run.smithi028:> set -ex
2024-05-09T08:16:59.290 DEBUG:teuthology.orchestra.run.smithi028:> dd if=/etc/ceph/ceph.client.admin.keyring of=/dev/stdout
2024-05-09T08:16:59.347 INFO:tasks.cephadm:Fetching mon keyring...
2024-05-09T08:16:59.347 DEBUG:teuthology.orchestra.run.smithi028:> set -ex
2024-05-09T08:16:59.347 DEBUG:teuthology.orchestra.run.smithi028:> sudo dd if=/var/lib/ceph/3891b212-0ddc-11ef-bc98-c7b262605968/mon.a/keyring of=/dev/stdout
2024-05-09T08:16:59.414 INFO:tasks.cephadm:Fetching pub ssh key...
2024-05-09T08:16:59.414 DEBUG:teuthology.orchestra.run.smithi028:> set -ex
2024-05-09T08:16:59.414 DEBUG:teuthology.orchestra.run.smithi028:> dd if=/home/ubuntu/cephtest/ceph.pub of=/dev/stdout
2024-05-09T08:16:59.471 INFO:tasks.cephadm:Installing pub ssh key for root users...
2024-05-09T08:16:59.472 DEBUG:teuthology.orchestra.run.smithi028:> sudo install -d -m 0700 /root/.ssh && echo 'ssh-rsa AAAAB3NzaC1yc2EAAAADAQABAAABgQDHPY9HBR6azUX3GTzSOsY5TfO2p12KnSrrhErh5jrZWMyTJCGy8XoQ9DhSdUM+cv9nyStF/0NPhPpwp3zXVx+XmhOmS/p56y/D0Liz1gLcoC3iW78OuolUXMObP9fz8IGEyqCVl1QBDLemGFf6B74GBB/c9uCSkYO7afQEc4tmX/d13YcdScguSWRv1eBIoLu5z9lb8fl/0ygGvGP0nZXqjj7ssQHaJxCpqAXk4TPC2so1FRiEV5C0mCazBxbPqDWGrioKnIGzwDi12k1sGv8EVB2vnaiBKUFS7srHdA8Qz73PJpl1x40q8vt8H6zYq1GmuHinPxyKCGsQFgAjIWmEz5foJPDljt08khW8cdTQ/08btK8FQYE0+uOoQhpZbYuwUkIaHZZoFblBD8L1aifLW5iasBmWpdtOFTFE54ZPSauodIcVRGtml8IlI5aHgaJrjFs8LVnfDPjUG4E3y0zqM5MFjjh0cFmLhQJU86vEQem18HXZO1d69aO5NdsZaZs= ceph-3891b212-0ddc-11ef-bc98-c7b262605968' | sudo tee -a /root/.ssh/authorized_keys && sudo chmod 0600 /root/.ssh/authorized_keys
2024-05-09T08:16:59.547 INFO:teuthology.orchestra.run.smithi028.stdout:ssh-rsa AAAAB3NzaC1yc2EAAAADAQABAAABgQDHPY9HBR6azUX3GTzSOsY5TfO2p12KnSrrhErh5jrZWMyTJCGy8XoQ9DhSdUM+cv9nyStF/0NPhPpwp3zXVx+XmhOmS/p56y/D0Liz1gLcoC3iW78OuolUXMObP9fz8IGEyqCVl1QBDLemGFf6B74GBB/c9uCSkYO7afQEc4tmX/d13YcdScguSWRv1eBIoLu5z9lb8fl/0ygGvGP0nZXqjj7ssQHaJxCpqAXk4TPC2so1FRiEV5C0mCazBxbPqDWGrioKnIGzwDi12k1sGv8EVB2vnaiBKUFS7srHdA8Qz73PJpl1x40q8vt8H6zYq1GmuHinPxyKCGsQFgAjIWmEz5foJPDljt08khW8cdTQ/08btK8FQYE0+uOoQhpZbYuwUkIaHZZoFblBD8L1aifLW5iasBmWpdtOFTFE54ZPSauodIcVRGtml8IlI5aHgaJrjFs8LVnfDPjUG4E3y0zqM5MFjjh0cFmLhQJU86vEQem18HXZO1d69aO5NdsZaZs= ceph-3891b212-0ddc-11ef-bc98-c7b262605968
2024-05-09T08:16:59.559 DEBUG:teuthology.orchestra.run.smithi165:> sudo install -d -m 0700 /root/.ssh && echo 'ssh-rsa AAAAB3NzaC1yc2EAAAADAQABAAABgQDHPY9HBR6azUX3GTzSOsY5TfO2p12KnSrrhErh5jrZWMyTJCGy8XoQ9DhSdUM+cv9nyStF/0NPhPpwp3zXVx+XmhOmS/p56y/D0Liz1gLcoC3iW78OuolUXMObP9fz8IGEyqCVl1QBDLemGFf6B74GBB/c9uCSkYO7afQEc4tmX/d13YcdScguSWRv1eBIoLu5z9lb8fl/0ygGvGP0nZXqjj7ssQHaJxCpqAXk4TPC2so1FRiEV5C0mCazBxbPqDWGrioKnIGzwDi12k1sGv8EVB2vnaiBKUFS7srHdA8Qz73PJpl1x40q8vt8H6zYq1GmuHinPxyKCGsQFgAjIWmEz5foJPDljt08khW8cdTQ/08btK8FQYE0+uOoQhpZbYuwUkIaHZZoFblBD8L1aifLW5iasBmWpdtOFTFE54ZPSauodIcVRGtml8IlI5aHgaJrjFs8LVnfDPjUG4E3y0zqM5MFjjh0cFmLhQJU86vEQem18HXZO1d69aO5NdsZaZs= ceph-3891b212-0ddc-11ef-bc98-c7b262605968' | sudo tee -a /root/.ssh/authorized_keys && sudo chmod 0600 /root/.ssh/authorized_keys
2024-05-09T08:16:59.599 INFO:teuthology.orchestra.run.smithi165.stdout:ssh-rsa AAAAB3NzaC1yc2EAAAADAQABAAABgQDHPY9HBR6azUX3GTzSOsY5TfO2p12KnSrrhErh5jrZWMyTJCGy8XoQ9DhSdUM+cv9nyStF/0NPhPpwp3zXVx+XmhOmS/p56y/D0Liz1gLcoC3iW78OuolUXMObP9fz8IGEyqCVl1QBDLemGFf6B74GBB/c9uCSkYO7afQEc4tmX/d13YcdScguSWRv1eBIoLu5z9lb8fl/0ygGvGP0nZXqjj7ssQHaJxCpqAXk4TPC2so1FRiEV5C0mCazBxbPqDWGrioKnIGzwDi12k1sGv8EVB2vnaiBKUFS7srHdA8Qz73PJpl1x40q8vt8H6zYq1GmuHinPxyKCGsQFgAjIWmEz5foJPDljt08khW8cdTQ/08btK8FQYE0+uOoQhpZbYuwUkIaHZZoFblBD8L1aifLW5iasBmWpdtOFTFE54ZPSauodIcVRGtml8IlI5aHgaJrjFs8LVnfDPjUG4E3y0zqM5MFjjh0cFmLhQJU86vEQem18HXZO1d69aO5NdsZaZs= ceph-3891b212-0ddc-11ef-bc98-c7b262605968
2024-05-09T08:16:59.611 DEBUG:teuthology.orchestra.run.smithi184:> sudo install -d -m 0700 /root/.ssh && echo 'ssh-rsa AAAAB3NzaC1yc2EAAAADAQABAAABgQDHPY9HBR6azUX3GTzSOsY5TfO2p12KnSrrhErh5jrZWMyTJCGy8XoQ9DhSdUM+cv9nyStF/0NPhPpwp3zXVx+XmhOmS/p56y/D0Liz1gLcoC3iW78OuolUXMObP9fz8IGEyqCVl1QBDLemGFf6B74GBB/c9uCSkYO7afQEc4tmX/d13YcdScguSWRv1eBIoLu5z9lb8fl/0ygGvGP0nZXqjj7ssQHaJxCpqAXk4TPC2so1FRiEV5C0mCazBxbPqDWGrioKnIGzwDi12k1sGv8EVB2vnaiBKUFS7srHdA8Qz73PJpl1x40q8vt8H6zYq1GmuHinPxyKCGsQFgAjIWmEz5foJPDljt08khW8cdTQ/08btK8FQYE0+uOoQhpZbYuwUkIaHZZoFblBD8L1aifLW5iasBmWpdtOFTFE54ZPSauodIcVRGtml8IlI5aHgaJrjFs8LVnfDPjUG4E3y0zqM5MFjjh0cFmLhQJU86vEQem18HXZO1d69aO5NdsZaZs= ceph-3891b212-0ddc-11ef-bc98-c7b262605968' | sudo tee -a /root/.ssh/authorized_keys && sudo chmod 0600 /root/.ssh/authorized_keys
2024-05-09T08:16:59.649 INFO:teuthology.orchestra.run.smithi184.stdout:ssh-rsa AAAAB3NzaC1yc2EAAAADAQABAAABgQDHPY9HBR6azUX3GTzSOsY5TfO2p12KnSrrhErh5jrZWMyTJCGy8XoQ9DhSdUM+cv9nyStF/0NPhPpwp3zXVx+XmhOmS/p56y/D0Liz1gLcoC3iW78OuolUXMObP9fz8IGEyqCVl1QBDLemGFf6B74GBB/c9uCSkYO7afQEc4tmX/d13YcdScguSWRv1eBIoLu5z9lb8fl/0ygGvGP0nZXqjj7ssQHaJxCpqAXk4TPC2so1FRiEV5C0mCazBxbPqDWGrioKnIGzwDi12k1sGv8EVB2vnaiBKUFS7srHdA8Qz73PJpl1x40q8vt8H6zYq1GmuHinPxyKCGsQFgAjIWmEz5foJPDljt08khW8cdTQ/08btK8FQYE0+uOoQhpZbYuwUkIaHZZoFblBD8L1aifLW5iasBmWpdtOFTFE54ZPSauodIcVRGtml8IlI5aHgaJrjFs8LVnfDPjUG4E3y0zqM5MFjjh0cFmLhQJU86vEQem18HXZO1d69aO5NdsZaZs= ceph-3891b212-0ddc-11ef-bc98-c7b262605968
2024-05-09T08:16:59.661 DEBUG:teuthology.orchestra.run.smithi028:> sudo /home/ubuntu/cephtest/cephadm --image quay-quay-quay.apps.os.sepia.ceph.com/ceph-ci/ceph:96805dcf909541c4ca9a1e90258de8ae5b6fa1bc shell -c /etc/ceph/ceph.conf -k /etc/ceph/ceph.client.admin.keyring --fsid 3891b212-0ddc-11ef-bc98-c7b262605968 -- ceph config set mgr mgr/cephadm/allow_ptrace true
2024-05-09T08:16:59.908 INFO:teuthology.orchestra.run.smithi028.stderr:Inferring config /var/lib/ceph/3891b212-0ddc-11ef-bc98-c7b262605968/mon.a/config
2024-05-09T08:16:59.935 INFO:journalctl@ceph.mon.a.smithi028.stdout:May 09 08:16:59 smithi028 ceph-mon[30119]: from='client.? 172.21.15.28:0/3711963545' entity='client.admin'
2024-05-09T08:17:02.015 INFO:teuthology.orchestra.run.smithi028.stderr:2024-05-09T08:17:02.011+0000 7f2b5c9b3700 1 -- 172.21.15.28:0/495872748 >> [v2:172.21.15.28:3300/0,v1:172.21.15.28:6789/0] conn(0x7f2b58100c80 msgr2=0x7f2b581010a0 secure :-1 s=STATE_CONNECTION_ESTABLISHED l=1).mark_down
2024-05-09T08:17:02.015 INFO:teuthology.orchestra.run.smithi028.stderr:2024-05-09T08:17:02.011+0000 7f2b5c9b3700 1 --2- 172.21.15.28:0/495872748 >> [v2:172.21.15.28:3300/0,v1:172.21.15.28:6789/0] conn(0x7f2b58100c80 0x7f2b581010a0 secure :-1 s=READY pgs=80 cs=0 l=1 rev1=1 crypto rx=0x7f2b48009910 tx=0x7f2b48009c20 comp rx=0 tx=0).stop
2024-05-09T08:17:02.015 INFO:teuthology.orchestra.run.smithi028.stderr:2024-05-09T08:17:02.011+0000 7f2b5c9b3700 1 -- 172.21.15.28:0/495872748 shutdown_connections
2024-05-09T08:17:02.015 INFO:teuthology.orchestra.run.smithi028.stderr:2024-05-09T08:17:02.011+0000 7f2b5c9b3700 1 --2- 172.21.15.28:0/495872748 >> [v2:172.21.15.28:3300/0,v1:172.21.15.28:6789/0] conn(0x7f2b58100c80 0x7f2b581010a0 unknown :-1 s=CLOSED pgs=80 cs=0 l=1 rev1=1 crypto rx=0 tx=0 comp rx=0 tx=0).stop
2024-05-09T08:17:02.015 INFO:teuthology.orchestra.run.smithi028.stderr:2024-05-09T08:17:02.011+0000 7f2b5c9b3700 1 -- 172.21.15.28:0/495872748 >> 172.21.15.28:0/495872748 conn(0x7f2b580fc220 msgr2=0x7f2b580fe660 unknown :-1 s=STATE_NONE l=0).mark_down
2024-05-09T08:17:02.015 INFO:teuthology.orchestra.run.smithi028.stderr:2024-05-09T08:17:02.011+0000 7f2b5c9b3700 1 -- 172.21.15.28:0/495872748 shutdown_connections
2024-05-09T08:17:02.015 INFO:teuthology.orchestra.run.smithi028.stderr:2024-05-09T08:17:02.011+0000 7f2b5c9b3700 1 -- 172.21.15.28:0/495872748 wait complete.
2024-05-09T08:17:02.015 INFO:teuthology.orchestra.run.smithi028.stderr:2024-05-09T08:17:02.012+0000 7f2b5c9b3700 1 Processor -- start
2024-05-09T08:17:02.017 INFO:teuthology.orchestra.run.smithi028.stderr:2024-05-09T08:17:02.012+0000 7f2b5c9b3700 1 -- start start
2024-05-09T08:17:02.017 INFO:teuthology.orchestra.run.smithi028.stderr:2024-05-09T08:17:02.012+0000 7f2b5c9b3700 1 --2- >> [v2:172.21.15.28:3300/0,v1:172.21.15.28:6789/0] conn(0x7f2b58100c80 0x7f2b580fe0e0 unknown :-1 s=NONE pgs=0 cs=0 l=1 rev1=0 crypto rx=0 tx=0 comp rx=0 tx=0).connect
2024-05-09T08:17:02.017 INFO:teuthology.orchestra.run.smithi028.stderr:2024-05-09T08:17:02.012+0000 7f2b5c9b3700 1 -- --> [v2:172.21.15.28:3300/0,v1:172.21.15.28:6789/0] -- mon_getmap magic: 0 -- 0x7f2b58106d10 con 0x7f2b58100c80
2024-05-09T08:17:02.017 INFO:teuthology.orchestra.run.smithi028.stderr:2024-05-09T08:17:02.012+0000 7f2b5659c700 1 --2- >> [v2:172.21.15.28:3300/0,v1:172.21.15.28:6789/0] conn(0x7f2b58100c80 0x7f2b580fe0e0 unknown :-1 s=BANNER_CONNECTING pgs=0 cs=0 l=1 rev1=0 crypto rx=0 tx=0 comp rx=0 tx=0)._handle_peer_banner_payload supported=3 required=0
2024-05-09T08:17:02.017 INFO:teuthology.orchestra.run.smithi028.stderr:2024-05-09T08:17:02.012+0000 7f2b5659c700 1 --2- >> [v2:172.21.15.28:3300/0,v1:172.21.15.28:6789/0] conn(0x7f2b58100c80 0x7f2b580fe0e0 unknown :-1 s=HELLO_CONNECTING pgs=0 cs=0 l=1 rev1=1 crypto rx=0 tx=0 comp rx=0 tx=0).handle_hello peer v2:172.21.15.28:3300/0 says I am v2:172.21.15.28:39812/0 (socket says 172.21.15.28:39812)
2024-05-09T08:17:02.017 INFO:teuthology.orchestra.run.smithi028.stderr:2024-05-09T08:17:02.012+0000 7f2b5659c700 1 -- 172.21.15.28:0/544302391 learned_addr learned my addr 172.21.15.28:0/544302391 (peer_addr_for_me v2:172.21.15.28:0/0)
2024-05-09T08:17:02.018 INFO:teuthology.orchestra.run.smithi028.stderr:2024-05-09T08:17:02.012+0000 7f2b5659c700 1 -- 172.21.15.28:0/544302391 --> [v2:172.21.15.28:3300/0,v1:172.21.15.28:6789/0] -- mon_subscribe({config=0+,monmap=0+}) -- 0x7f2b580fe620 con 0x7f2b58100c80
2024-05-09T08:17:02.018 INFO:teuthology.orchestra.run.smithi028.stderr:2024-05-09T08:17:02.012+0000 7f2b5659c700 1 --2- 172.21.15.28:0/544302391 >> [v2:172.21.15.28:3300/0,v1:172.21.15.28:6789/0] conn(0x7f2b58100c80 0x7f2b580fe0e0 secure :-1 s=READY pgs=81 cs=0 l=1 rev1=1 crypto rx=0x7f2b48005850 tx=0x7f2b48005030 comp rx=0 tx=0).ready entity=mon.0 client_cookie=0 server_cookie=0 in_seq=0 out_seq=0
2024-05-09T08:17:02.018 INFO:teuthology.orchestra.run.smithi028.stderr:2024-05-09T08:17:02.013+0000 7f2b4ffff700 1 -- 172.21.15.28:0/544302391 <== mon.0 v2:172.21.15.28:3300/0 1 ==== mon_map magic: 0 ==== 205+0+0 (secure 0 0 0) 0x7f2b48026070 con 0x7f2b58100c80
2024-05-09T08:17:02.018 INFO:teuthology.orchestra.run.smithi028.stderr:2024-05-09T08:17:02.013+0000 7f2b4ffff700 1 -- 172.21.15.28:0/544302391 <== mon.0 v2:172.21.15.28:3300/0 2 ==== config(27 keys) ==== 1140+0+0 (secure 0 0 0) 0x7f2b480044a0 con 0x7f2b58100c80
2024-05-09T08:17:02.018 INFO:teuthology.orchestra.run.smithi028.stderr:2024-05-09T08:17:02.013+0000 7f2b5c9b3700 1 -- 172.21.15.28:0/544302391 --> [v2:172.21.15.28:3300/0,v1:172.21.15.28:6789/0] -- mon_subscribe({mgrmap=0+}) -- 0x7f2b580fc810 con 0x7f2b58100c80
2024-05-09T08:17:02.018 INFO:teuthology.orchestra.run.smithi028.stderr:2024-05-09T08:17:02.013+0000 7f2b4ffff700 1 -- 172.21.15.28:0/544302391 <== mon.0 v2:172.21.15.28:3300/0 3 ==== mon_map magic: 0 ==== 205+0+0 (secure 0 0 0) 0x7f2b48003ab0 con 0x7f2b58100c80
2024-05-09T08:17:02.018 INFO:teuthology.orchestra.run.smithi028.stderr:2024-05-09T08:17:02.013+0000 7f2b5c9b3700 1 -- 172.21.15.28:0/544302391 --> [v2:172.21.15.28:3300/0,v1:172.21.15.28:6789/0] -- mon_subscribe({osdmap=0}) -- 0x7f2b580fcd50 con 0x7f2b58100c80
2024-05-09T08:17:02.018 INFO:teuthology.orchestra.run.smithi028.stderr:2024-05-09T08:17:02.014+0000 7f2b4ffff700 1 -- 172.21.15.28:0/544302391 <== mon.0 v2:172.21.15.28:3300/0 4 ==== mgrmap(e 13) ==== 46343+0+0 (secure 0 0 0) 0x7f2b48029070 con 0x7f2b58100c80
2024-05-09T08:17:02.018 INFO:teuthology.orchestra.run.smithi028.stderr:2024-05-09T08:17:02.014+0000 7f2b4ffff700 1 --2- 172.21.15.28:0/544302391 >> [v2:172.21.15.28:6800/953899001,v1:172.21.15.28:6801/953899001] conn(0x7f2b440390f0 0x7f2b4403b5b0 unknown :-1 s=NONE pgs=0 cs=0 l=1 rev1=0 crypto rx=0 tx=0 comp rx=0 tx=0).connect
2024-05-09T08:17:02.018 INFO:teuthology.orchestra.run.smithi028.stderr:2024-05-09T08:17:02.014+0000 7f2b4ffff700 1 -- 172.21.15.28:0/544302391 <== mon.0 v2:172.21.15.28:3300/0 5 ==== osd_map(3..3 src has 1..3) ==== 1155+0+0 (secure 0 0 0) 0x7f2b4801e070 con 0x7f2b58100c80
2024-05-09T08:17:02.018 INFO:teuthology.orchestra.run.smithi028.stderr:2024-05-09T08:17:02.014+0000 7f2b5c9b3700 1 -- 172.21.15.28:0/544302391 --> [v2:172.21.15.28:3300/0,v1:172.21.15.28:6789/0] -- mon_command({"prefix": "get_command_descriptions"} v 0) -- 0x7f2b58107490 con 0x7f2b58100c80
2024-05-09T08:17:02.018 INFO:teuthology.orchestra.run.smithi028.stderr:2024-05-09T08:17:02.014+0000 7f2b4dd9b700 1 --2- 172.21.15.28:0/544302391 >> [v2:172.21.15.28:6800/953899001,v1:172.21.15.28:6801/953899001] conn(0x7f2b440390f0 0x7f2b4403b5b0 unknown :-1 s=BANNER_CONNECTING pgs=0 cs=0 l=1 rev1=0 crypto rx=0 tx=0 comp rx=0 tx=0)._handle_peer_banner_payload supported=3 required=0
2024-05-09T08:17:02.019 INFO:teuthology.orchestra.run.smithi028.stderr:2024-05-09T08:17:02.014+0000 7f2b4dd9b700 1 --2- 172.21.15.28:0/544302391 >> [v2:172.21.15.28:6800/953899001,v1:172.21.15.28:6801/953899001] conn(0x7f2b440390f0 0x7f2b4403b5b0 secure :-1 s=READY pgs=12 cs=0 l=1 rev1=1 crypto rx=0x7f2b40006fd0 tx=0x7f2b40006e40 comp rx=0 tx=0).ready entity=mgr.14152 client_cookie=0 server_cookie=0 in_seq=0 out_seq=0
2024-05-09T08:17:02.023 INFO:teuthology.orchestra.run.smithi028.stderr:2024-05-09T08:17:02.019+0000 7f2b4ffff700 1 -- 172.21.15.28:0/544302391 <== mon.0 v2:172.21.15.28:3300/0 6 ==== mon_command_ack([{"prefix": "get_command_descriptions"}]=0 v0) ==== 72+0+186147 (secure 0 0 0) 0x7f2b48030070 con 0x7f2b58100c80
2024-05-09T08:17:02.230 INFO:teuthology.orchestra.run.smithi028.stderr:2024-05-09T08:17:02.227+0000 7f2b5c9b3700 1 -- 172.21.15.28:0/544302391 --> [v2:172.21.15.28:3300/0,v1:172.21.15.28:6789/0] -- mon_command([{prefix=config set, name=mgr/cephadm/allow_ptrace}] v 0) -- 0x7f2b58190940 con 0x7f2b58100c80
2024-05-09T08:17:02.232 INFO:teuthology.orchestra.run.smithi028.stderr:2024-05-09T08:17:02.229+0000 7f2b4ffff700 1 -- 172.21.15.28:0/544302391 <== mon.0 v2:172.21.15.28:3300/0 7 ==== mon_command_ack([{prefix=config set, name=mgr/cephadm/allow_ptrace}]=0 v9)=0 v9) ==== 125+0+0 (secure 0 0 0) 0x7f2b48013070 con 0x7f2b58100c80
2024-05-09T08:17:02.235 INFO:teuthology.orchestra.run.smithi028.stderr:2024-05-09T08:17:02.232+0000 7f2b5c9b3700 1 -- 172.21.15.28:0/544302391 >> [v2:172.21.15.28:6800/953899001,v1:172.21.15.28:6801/953899001] conn(0x7f2b440390f0 msgr2=0x7f2b4403b5b0 secure :-1 s=STATE_CONNECTION_ESTABLISHED l=1).mark_down
2024-05-09T08:17:02.235 INFO:teuthology.orchestra.run.smithi028.stderr:2024-05-09T08:17:02.232+0000 7f2b5c9b3700 1 --2- 172.21.15.28:0/544302391 >> [v2:172.21.15.28:6800/953899001,v1:172.21.15.28:6801/953899001] conn(0x7f2b440390f0 0x7f2b4403b5b0 secure :-1 s=READY pgs=12 cs=0 l=1 rev1=1 crypto rx=0x7f2b40006fd0 tx=0x7f2b40006e40 comp rx=0 tx=0).stop
2024-05-09T08:17:02.236 INFO:teuthology.orchestra.run.smithi028.stderr:2024-05-09T08:17:02.232+0000 7f2b5c9b3700 1 -- 172.21.15.28:0/544302391 >> [v2:172.21.15.28:3300/0,v1:172.21.15.28:6789/0] conn(0x7f2b58100c80 msgr2=0x7f2b580fe0e0 secure :-1 s=STATE_CONNECTION_ESTABLISHED l=1).mark_down
2024-05-09T08:17:02.236 INFO:teuthology.orchestra.run.smithi028.stderr:2024-05-09T08:17:02.232+0000 7f2b5c9b3700 1 --2- 172.21.15.28:0/544302391 >> [v2:172.21.15.28:3300/0,v1:172.21.15.28:6789/0] conn(0x7f2b58100c80 0x7f2b580fe0e0 secure :-1 s=READY pgs=81 cs=0 l=1 rev1=1 crypto rx=0x7f2b48005850 tx=0x7f2b48005030 comp rx=0 tx=0).stop
2024-05-09T08:17:02.236 INFO:teuthology.orchestra.run.smithi028.stderr:2024-05-09T08:17:02.232+0000 7f2b5c9b3700 1 -- 172.21.15.28:0/544302391 shutdown_connections
2024-05-09T08:17:02.236 INFO:teuthology.orchestra.run.smithi028.stderr:2024-05-09T08:17:02.232+0000 7f2b5c9b3700 1 --2- 172.21.15.28:0/544302391 >> [v2:172.21.15.28:6800/953899001,v1:172.21.15.28:6801/953899001] conn(0x7f2b440390f0 0x7f2b4403b5b0 unknown :-1 s=CLOSED pgs=12 cs=0 l=1 rev1=1 crypto rx=0 tx=0 comp rx=0 tx=0).stop
2024-05-09T08:17:02.236 INFO:teuthology.orchestra.run.smithi028.stderr:2024-05-09T08:17:02.232+0000 7f2b5c9b3700 1 --2- 172.21.15.28:0/544302391 >> [v2:172.21.15.28:3300/0,v1:172.21.15.28:6789/0] conn(0x7f2b58100c80 0x7f2b580fe0e0 unknown :-1 s=CLOSED pgs=81 cs=0 l=1 rev1=1 crypto rx=0 tx=0 comp rx=0 tx=0).stop
2024-05-09T08:17:02.236 INFO:teuthology.orchestra.run.smithi028.stderr:2024-05-09T08:17:02.232+0000 7f2b5c9b3700 1 -- 172.21.15.28:0/544302391 >> 172.21.15.28:0/544302391 conn(0x7f2b580fc220 msgr2=0x7f2b58069b80 unknown :-1 s=STATE_NONE l=0).mark_down
