2024-05-09T08:16:15.018 INFO:teuthology.orchestra.run.smithi028.stdout:/usr/bin/ceph: stdout mon_osd_allow_pg_remap = true
2024-05-09T08:16:15.018 INFO:teuthology.orchestra.run.smithi028.stdout:/usr/bin/ceph: stdout mon_osd_allow_primary_affinity = true
2024-05-09T08:16:15.018 INFO:teuthology.orchestra.run.smithi028.stdout:/usr/bin/ceph: stdout mon_warn_on_no_sortbitwise = false
2024-05-09T08:16:15.018 INFO:teuthology.orchestra.run.smithi028.stdout:/usr/bin/ceph: stdout osd_crush_chooseleaf_type = 0
2024-05-09T08:16:15.018 INFO:teuthology.orchestra.run.smithi028.stdout:/usr/bin/ceph: stdout
2024-05-09T08:16:15.018 INFO:teuthology.orchestra.run.smithi028.stdout:/usr/bin/ceph: stdout [mgr]
2024-05-09T08:16:15.018 INFO:teuthology.orchestra.run.smithi028.stdout:/usr/bin/ceph: stdout mgr/telemetry/nag = false
2024-05-09T08:16:15.018 INFO:teuthology.orchestra.run.smithi028.stdout:/usr/bin/ceph: stdout
2024-05-09T08:16:15.018 INFO:teuthology.orchestra.run.smithi028.stdout:/usr/bin/ceph: stdout [osd]
2024-05-09T08:16:15.018 INFO:teuthology.orchestra.run.smithi028.stdout:/usr/bin/ceph: stdout mon_osd_backfillfull_ratio = 0.85
2024-05-09T08:16:15.018 INFO:teuthology.orchestra.run.smithi028.stdout:/usr/bin/ceph: stdout mon_osd_full_ratio = 0.9
2024-05-09T08:16:15.018 INFO:teuthology.orchestra.run.smithi028.stdout:/usr/bin/ceph: stdout mon_osd_nearfull_ratio = 0.8
2024-05-09T08:16:15.018 INFO:teuthology.orchestra.run.smithi028.stdout:/usr/bin/ceph: stdout osd_map_max_advance = 10
2024-05-09T08:16:15.018 INFO:teuthology.orchestra.run.smithi028.stdout:/usr/bin/ceph: stdout osd_sloppy_crc = true
2024-05-09T08:16:15.019 INFO:teuthology.orchestra.run.smithi028.stdout:/usr/bin/ceph: stderr
2024-05-09T08:16:14.267+0000 7fbbae4bb700 1 Processor -- start
2024-05-09T08:16:15.019 INFO:teuthology.orchestra.run.smithi028.stdout:/usr/bin/ceph: stderr
2024-05-09T08:16:14.267+0000 7fbbae4bb700 1 -- start start
2024-05-09T08:16:15.019 INFO:teuthology.orchestra.run.smithi028.stdout:/usr/bin/ceph: stderr
2024-05-09T08:16:14.267+0000 7fbbae4bb700 1 --2- >> [v2:172.21.15.28:3300/0,v1:172.21.15.28:6789/0] conn(0x7fbba8108880 0x7fbba810ac70 unknown :-1 s=NONE pgs=0 cs=0 l=0 rev1=0 crypto rx=0 tx=0 comp rx=0 tx=0).connect
2024-05-09T08:16:15.019 INFO:teuthology.orchestra.run.smithi028.stdout:/usr/bin/ceph: stderr
2024-05-09T08:16:14.267+0000 7fbbae4bb700 1 -- --> [v2:172.21.15.28:3300/0,v1:172.21.15.28:6789/0] -- mon_getmap magic: 0 -- 0x7fbba807be90 con 0x7fbba8108880
2024-05-09T08:16:15.019 INFO:teuthology.orchestra.run.smithi028.stdout:/usr/bin/ceph: stderr
2024-05-09T08:16:14.267+0000 7fbba7fff700 1 --2- >> [v2:172.21.15.28:3300/0,v1:172.21.15.28:6789/0] conn(0x7fbba8108880 0x7fbba810ac70 unknown :-1 s=BANNER_CONNECTING pgs=0 cs=0 l=0 rev1=0 crypto rx=0 tx=0 comp rx=0 tx=0)._handle_peer_banner_payload supported=3 required=0
2024-05-09T08:16:15.019 INFO:teuthology.orchestra.run.smithi028.stdout:/usr/bin/ceph: stderr
2024-05-09T08:16:14.267+0000 7fbba7fff700 1 --2- >> [v2:172.21.15.28:3300/0,v1:172.21.15.28:6789/0] conn(0x7fbba8108880 0x7fbba810ac70 unknown :-1 s=HELLO_CONNECTING pgs=0 cs=0 l=0 rev1=1 crypto rx=0 tx=0 comp rx=0 tx=0).handle_hello peer v2:172.21.15.28:3300/0 says I am v2:172.21.15.28:42248/0 (socket says 172.21.15.28:42248)
2024-05-09T08:16:15.019 INFO:teuthology.orchestra.run.smithi028.stdout:/usr/bin/ceph: stderr
2024-05-09T08:16:14.267+0000 7fbba7fff700 1 -- 172.21.15.28:0/1541129452 learned_addr learned my addr 172.21.15.28:0/1541129452 (peer_addr_for_me v2:172.21.15.28:0/0)
2024-05-09T08:16:15.019 INFO:teuthology.orchestra.run.smithi028.stdout:/usr/bin/ceph: stderr
2024-05-09T08:16:14.267+0000 7fbba7fff700 1 -- 172.21.15.28:0/1541129452 --> [v2:172.21.15.28:3300/0,v1:172.21.15.28:6789/0] -- mon_subscribe({config=0+,monmap=0+}) -- 0x7fbba810b1b0 con 0x7fbba8108880
2024-05-09T08:16:15.019 INFO:teuthology.orchestra.run.smithi028.stdout:/usr/bin/ceph: stderr
2024-05-09T08:16:14.268+0000 7fbba7fff700 1 --2- 172.21.15.28:0/1541129452 >> [v2:172.21.15.28:3300/0,v1:172.21.15.28:6789/0] conn(0x7fbba8108880 0x7fbba810ac70 secure :-1 s=READY pgs=20 cs=0 l=1 rev1=1 crypto rx=0x7fbb980098a0 tx=0x7fbb98009bb0 comp rx=0 tx=0).ready entity=mon.0 client_cookie=9417edeb8dacac06 server_cookie=0 in_seq=0 out_seq=0
2024-05-09T08:16:15.019 INFO:teuthology.orchestra.run.smithi028.stdout:/usr/bin/ceph: stderr
2024-05-09T08:16:14.268+0000 7fbba6ffd700 1 -- 172.21.15.28:0/1541129452 <== mon.0 v2:172.21.15.28:3300/0 1 ==== mon_map magic: 0 ==== 205+0+0 (secure 0 0 0) 0x7fbb98004160 con 0x7fbba8108880
2024-05-09T08:16:15.019 INFO:teuthology.orchestra.run.smithi028.stdout:/usr/bin/ceph: stderr
2024-05-09T08:16:14.268+0000 7fbba6ffd700 1 -- 172.21.15.28:0/1541129452 <== mon.0 v2:172.21.15.28:3300/0 2 ==== config(27 keys) ==== 1109+0+0 (secure 0 0 0) 0x7fbb98004300 con 0x7fbba8108880
2024-05-09T08:16:15.019 INFO:teuthology.orchestra.run.smithi028.stdout:/usr/bin/ceph: stderr
2024-05-09T08:16:14.268+0000 7fbba6ffd700 1 -- 172.21.15.28:0/1541129452 <== mon.0 v2:172.21.15.28:3300/0 3 ==== mon_map magic: 0 ==== 205+0+0 (secure 0 0 0) 0x7fbb98011b50 con 0x7fbba8108880
2024-05-09T08:16:15.019 INFO:teuthology.orchestra.run.smithi028.stdout:/usr/bin/ceph: stderr
2024-05-09T08:16:14.268+0000 7fbbae4bb700 1 -- 172.21.15.28:0/1541129452 >> [v2:172.21.15.28:3300/0,v1:172.21.15.28:6789/0] conn(0x7fbba8108880 msgr2=0x7fbba810ac70 secure :-1 s=STATE_CONNECTION_ESTABLISHED l=1).mark_down
2024-05-09T08:16:15.020 INFO:teuthology.orchestra.run.smithi028.stdout:/usr/bin/ceph: stderr
2024-05-09T08:16:14.268+0000 7fbbae4bb700 1 --2- 172.21.15.28:0/1541129452 >> [v2:172.21.15.28:3300/0,v1:172.21.15.28:6789/0] conn(0x7fbba8108880 0x7fbba810ac70 secure :-1 s=READY pgs=20 cs=0 l=1 rev1=1 crypto rx=0x7fbb980098a0 tx=0x7fbb98009bb0 comp rx=0 tx=0).stop
2024-05-09T08:16:15.020 INFO:teuthology.orchestra.run.smithi028.stdout:/usr/bin/ceph: stderr
2024-05-09T08:16:14.268+0000 7fbbae4bb700 1 -- 172.21.15.28:0/1541129452 shutdown_connections
2024-05-09T08:16:15.020 INFO:teuthology.orchestra.run.smithi028.stdout:/usr/bin/ceph: stderr
2024-05-09T08:16:14.268+0000 7fbbae4bb700 1 --2- 172.21.15.28:0/1541129452 >> [v2:172.21.15.28:3300/0,v1:172.21.15.28:6789/0] conn(0x7fbba8108880 0x7fbba810ac70 unknown :-1 s=CLOSED pgs=20 cs=0 l=1 rev1=1 crypto rx=0 tx=0 comp rx=0 tx=0).stop
2024-05-09T08:16:15.020 INFO:teuthology.orchestra.run.smithi028.stdout:/usr/bin/ceph: stderr
2024-05-09T08:16:14.268+0000 7fbbae4bb700 1 -- 172.21.15.28:0/1541129452 >> 172.21.15.28:0/1541129452 conn(0x7fbba8102230 msgr2=0x7fbba81046b0 unknown :-1 s=STATE_NONE l=0).mark_down
2024-05-09T08:16:15.020 INFO:teuthology.orchestra.run.smithi028.stdout:/usr/bin/ceph: stderr
2024-05-09T08:16:14.268+0000 7fbbae4bb700 1 -- 172.21.15.28:0/1541129452 shutdown_connections
2024-05-09T08:16:15.020 INFO:teuthology.orchestra.run.smithi028.stdout:/usr/bin/ceph: stderr
2024-05-09T08:16:14.268+0000 7fbbae4bb700 1 -- 172.21.15.28:0/1541129452 wait complete.
2024-05-09T08:16:15.020 INFO:teuthology.orchestra.run.smithi028.stdout:/usr/bin/ceph: stderr
2024-05-09T08:16:14.269+0000 7fbbae4bb700 1 Processor -- start
2024-05-09T08:16:15.020 INFO:teuthology.orchestra.run.smithi028.stdout:/usr/bin/ceph: stderr
2024-05-09T08:16:14.269+0000 7fbbae4bb700 1 -- start start
2024-05-09T08:16:15.020 INFO:teuthology.orchestra.run.smithi028.stdout:/usr/bin/ceph: stderr
2024-05-09T08:16:14.269+0000 7fbbae4bb700 1 --2- >> [v2:172.21.15.28:3300/0,v1:172.21.15.28:6789/0] conn(0x7fbba8108880 0x7fbba819bc80 unknown :-1 s=NONE pgs=0 cs=0 l=1 rev1=0 crypto rx=0 tx=0 comp rx=0 tx=0).connect
2024-05-09T08:16:15.020 INFO:teuthology.orchestra.run.smithi028.stdout:/usr/bin/ceph: stderr
2024-05-09T08:16:14.269+0000 7fbbae4bb700 1 -- --> [v2:172.21.15.28:3300/0,v1:172.21.15.28:6789/0] -- mon_getmap magic: 0 -- 0x7fbba810c1d0 con 0x7fbba8108880
2024-05-09T08:16:15.020 INFO:teuthology.orchestra.run.smithi028.stdout:/usr/bin/ceph: stderr
2024-05-09T08:16:14.270+0000 7fbba7fff700 1 --2- >> [v2:172.21.15.28:3300/0,v1:172.21.15.28:6789/0] conn(0x7fbba8108880 0x7fbba819bc80 unknown :-1 s=BANNER_CONNECTING pgs=0 cs=0 l=1 rev1=0 crypto rx=0 tx=0 comp rx=0 tx=0)._handle_peer_banner_payload supported=3 required=0
2024-05-09T08:16:15.020 INFO:teuthology.orchestra.run.smithi028.stdout:/usr/bin/ceph: stderr
2024-05-09T08:16:14.270+0000 7fbba7fff700 1 --2- >> [v2:172.21.15.28:3300/0,v1:172.21.15.28:6789/0] conn(0x7fbba8108880 0x7fbba819bc80 unknown :-1 s=HELLO_CONNECTING pgs=0 cs=0 l=1 rev1=1 crypto rx=0 tx=0 comp rx=0 tx=0).handle_hello peer v2:172.21.15.28:3300/0 says I am v2:172.21.15.28:42256/0 (socket says 172.21.15.28:42256)
2024-05-09T08:16:15.020 INFO:teuthology.orchestra.run.smithi028.stdout:/usr/bin/ceph: stderr
2024-05-09T08:16:14.270+0000 7fbba7fff700 1 -- 172.21.15.28:0/1741730475 learned_addr learned my addr 172.21.15.28:0/1741730475 (peer_addr_for_me v2:172.21.15.28:0/0)
2024-05-09T08:16:15.020 INFO:teuthology.orchestra.run.smithi028.stdout:/usr/bin/ceph: stderr
2024-05-09T08:16:14.270+0000 7fbba7fff700 1 -- 172.21.15.28:0/1741730475 --> [v2:172.21.15.28:3300/0,v1:172.21.15.28:6789/0] -- mon_subscribe({config=0+,monmap=0+}) -- 0x7fbba819c1c0 con 0x7fbba8108880
2024-05-09T08:16:15.020 INFO:teuthology.orchestra.run.smithi028.stdout:/usr/bin/ceph: stderr
2024-05-09T08:16:14.270+0000 7fbba7fff700 1 --2- 172.21.15.28:0/1741730475 >> [v2:172.21.15.28:3300/0,v1:172.21.15.28:6789/0] conn(0x7fbba8108880 0x7fbba819bc80 secure :-1 s=READY pgs=21 cs=0 l=1 rev1=1 crypto rx=0x7fbb98011b60 tx=0x7fbb98011c40 comp rx=0 tx=0).ready entity=mon.0 client_cookie=0 server_cookie=0 in_seq=0 out_seq=0
2024-05-09T08:16:15.021 INFO:teuthology.orchestra.run.smithi028.stdout:/usr/bin/ceph: stderr
2024-05-09T08:16:14.270+0000 7fbba57fa700 1 -- 172.21.15.28:0/1741730475 <== mon.0 v2:172.21.15.28:3300/0 1 ==== mon_map magic: 0 ==== 205+0+0 (secure 0 0 0) 0x7fbb98003b20 con 0x7fbba8108880
2024-05-09T08:16:15.021 INFO:teuthology.orchestra.run.smithi028.stdout:/usr/bin/ceph: stderr
2024-05-09T08:16:14.270+0000 7fbbae4bb700 1 -- 172.21.15.28:0/1741730475 --> [v2:172.21.15.28:3300/0,v1:172.21.15.28:6789/0] -- mon_subscribe({mgrmap=0+}) -- 0x7fbba819c450 con 0x7fbba8108880
2024-05-09T08:16:15.021 INFO:teuthology.orchestra.run.smithi028.stdout:/usr/bin/ceph: stderr
2024-05-09T08:16:14.270+0000 7fbbae4bb700 1 -- 172.21.15.28:0/1741730475 --> [v2:172.21.15.28:3300/0,v1:172.21.15.28:6789/0] -- mon_subscribe({osdmap=0}) -- 0x7fbba819f140 con 0x7fbba8108880
2024-05-09T08:16:15.021 INFO:teuthology.orchestra.run.smithi028.stdout:/usr/bin/ceph: stderr
2024-05-09T08:16:14.270+0000 7fbba57fa700 1 -- 172.21.15.28:0/1741730475 <== mon.0 v2:172.21.15.28:3300/0 2 ==== config(27 keys) ==== 1109+0+0 (secure 0 0 0) 0x7fbb98003cc0 con 0x7fbba8108880
2024-05-09T08:16:15.021 INFO:teuthology.orchestra.run.smithi028.stdout:/usr/bin/ceph: stderr
2024-05-09T08:16:14.270+0000 7fbba57fa700 1 -- 172.21.15.28:0/1741730475 <== mon.0 v2:172.21.15.28:3300/0 3 ==== mon_map magic: 0 ==== 205+0+0 (secure 0 0 0) 0x7fbb98024840 con 0x7fbba8108880
2024-05-09T08:16:15.021 INFO:teuthology.orchestra.run.smithi028.stdout:/usr/bin/ceph: stderr
2024-05-09T08:16:14.271+0000 7fbba57fa700 1 -- 172.21.15.28:0/1741730475 <== mon.0 v2:172.21.15.28:3300/0 4 ==== mgrmap(e 4) ==== 46276+0+0 (secure 0 0 0) 0x7fbb98022020 con 0x7fbba8108880
2024-05-09T08:16:15.021 INFO:teuthology.orchestra.run.smithi028.stdout:/usr/bin/ceph: stderr
2024-05-09T08:16:14.272+0000 7fbbae4bb700 1 -- 172.21.15.28:0/1741730475 --> [v2:172.21.15.28:3300/0,v1:172.21.15.28:6789/0] -- mon_command({"prefix": "get_command_descriptions"} v 0) -- 0x7fbb94005360 con 0x7fbba8108880
2024-05-09T08:16:15.021 INFO:teuthology.orchestra.run.smithi028.stdout:/usr/bin/ceph: stderr
2024-05-09T08:16:14.272+0000 7fbba57fa700 1 --2- 172.21.15.28:0/1741730475 >> [v2:172.21.15.28:6800/1179097296,v1:172.21.15.28:6801/1179097296] conn(0x7fbb900390c0 0x7fbb9003b580 unknown :-1 s=NONE pgs=0 cs=0 l=1 rev1=0 crypto rx=0 tx=0 comp rx=0 tx=0).connect
2024-05-09T08:16:15.021 INFO:teuthology.orchestra.run.smithi028.stdout:/usr/bin/ceph: stderr
2024-05-09T08:16:14.272+0000 7fbba57fa700 1 -- 172.21.15.28:0/1741730475 <== mon.0 v2:172.21.15.28:3300/0 5 ==== osd_map(1..1 src has 1..1) ==== 725+0+0 (secure 0 0 0) 0x7fbb98011e00 con 0x7fbba8108880
2024-05-09T08:16:15.021 INFO:teuthology.orchestra.run.smithi028.stdout:/usr/bin/ceph: stderr
2024-05-09T08:16:14.272+0000 7fbba77fe700 1 --2- 172.21.15.28:0/1741730475 >> [v2:172.21.15.28:6800/1179097296,v1:172.21.15.28:6801/1179097296] conn(0x7fbb900390c0 0x7fbb9003b580 unknown :-1 s=BANNER_CONNECTING pgs=0 cs=0 l=1 rev1=0 crypto rx=0 tx=0 comp rx=0 tx=0)._handle_peer_banner_payload supported=3 required=0
2024-05-09T08:16:15.021 INFO:teuthology.orchestra.run.smithi028.stdout:/usr/bin/ceph: stderr
2024-05-09T08:16:14.272+0000 7fbba77fe700 1 --2- 172.21.15.28:0/1741730475 >> [v2:172.21.15.28:6800/1179097296,v1:172.21.15.28:6801/1179097296] conn(0x7fbb900390c0 0x7fbb9003b580 secure :-1 s=READY pgs=7 cs=0 l=1 rev1=1 crypto rx=0x7fbb9c006fd0 tx=0x7fbb9c006e40 comp rx=0 tx=0).ready entity=mgr.14100 client_cookie=0 server_cookie=0 in_seq=0 out_seq=0
2024-05-09T08:16:15.021 INFO:teuthology.orchestra.run.smithi028.stdout:/usr/bin/ceph: stderr
2024-05-09T08:16:14.277+0000 7fbba57fa700 1 -- 172.21.15.28:0/1741730475 <== mon.0 v2:172.21.15.28:3300/0 6 ==== mon_command_ack([{"prefix": "get_command_descriptions"}]=0 v0) ==== 72+0+186147 (secure 0 0 0) 0x7fbb9804cbd0 con 0x7fbba8108880
2024-05-09T08:16:15.021 INFO:teuthology.orchestra.run.smithi028.stdout:/usr/bin/ceph: stderr
2024-05-09T08:16:14.480+0000 7fbbae4bb700 1 -- 172.21.15.28:0/1741730475 --> [v2:172.21.15.28:3300/0,v1:172.21.15.28:6789/0] -- mon_command({"prefix": "config assimilate-conf"} v 0) -- 0x7fbb94002430 con 0x7fbba8108880
2024-05-09T08:16:15.022 INFO:teuthology.orchestra.run.smithi028.stdout:/usr/bin/ceph: stderr
2024-05-09T08:16:14.481+0000 7fbba57fa700 1 -- 172.21.15.28:0/1741730475 <== mon.0 v2:172.21.15.28:3300/0 7 ==== mon_command_ack([{"prefix": "config assimilate-conf"}]=0 v3) ==== 70+0+373 (secure 0 0 0) 0x7fbb9802d3f0 con 0x7fbba8108880
2024-05-09T08:16:15.022 INFO:teuthology.orchestra.run.smithi028.stdout:/usr/bin/ceph: stderr
2024-05-09T08:16:14.483+0000 7fbbae4bb700 1 -- 172.21.15.28:0/1741730475 >> [v2:172.21.15.28:6800/1179097296,v1:172.21.15.28:6801/1179097296] conn(0x7fbb900390c0 msgr2=0x7fbb9003b580 secure :-1 s=STATE_CONNECTION_ESTABLISHED l=1).mark_down
2024-05-09T08:16:15.022 INFO:teuthology.orchestra.run.smithi028.stdout:/usr/bin/ceph: stderr
2024-05-09T08:16:14.483+0000 7fbbae4bb700 1 --2- 172.21.15.28:0/1741730475 >> [v2:172.21.15.28:6800/1179097296,v1:172.21.15.28:6801/1179097296] conn(0x7fbb900390c0 0x7fbb9003b580 secure :-1 s=READY pgs=7 cs=0 l=1 rev1=1 crypto rx=0x7fbb9c006fd0 tx=0x7fbb9c006e40 comp rx=0 tx=0).stop
2024-05-09T08:16:15.022 INFO:teuthology.orchestra.run.smithi028.stdout:/usr/bin/ceph: stderr
2024-05-09T08:16:14.483+0000 7fbbae4bb700 1 -- 172.21.15.28:0/1741730475 >> [v2:172.21.15.28:3300/0,v1:172.21.15.28:6789/0] conn(0x7fbba8108880 msgr2=0x7fbba819bc80 secure :-1 s=STATE_CONNECTION_ESTABLISHED l=1).mark_down
2024-05-09T08:16:15.022 INFO:teuthology.orchestra.run.smithi028.stdout:/usr/bin/ceph: stderr
2024-05-09T08:16:14.483+0000 7fbbae4bb700 1 --2- 172.21.15.28:0/1741730475 >> [v2:172.21.15.28:3300/0,v1:172.21.15.28:6789/0] conn(0x7fbba8108880 0x7fbba819bc80 secure :-1 s=READY pgs=21 cs=0 l=1 rev1=1 crypto rx=0x7fbb98011b60 tx=0x7fbb98011c40 comp rx=0 tx=0).stop
2024-05-09T08:16:15.022 INFO:teuthology.orchestra.run.smithi028.stdout:/usr/bin/ceph: stderr
2024-05-09T08:16:14.483+0000 7fbbae4bb700 1 -- 172.21.15.28:0/1741730475 shutdown_connections
2024-05-09T08:16:15.022 INFO:teuthology.orchestra.run.smithi028.stdout:/usr/bin/ceph: stderr
2024-05-09T08:16:14.483+0000 7fbbae4bb700 1 --2- 172.21.15.28:0/1741730475 >> [v2:172.21.15.28:6800/1179097296,v1:172.21.15.28:6801/1179097296] conn(0x7fbb900390c0 0x7fbb9003b580 unknown :-1 s=CLOSED pgs=7 cs=0 l=1 rev1=1 crypto rx=0 tx=0 comp rx=0 tx=0).stop
2024-05-09T08:16:15.022 INFO:teuthology.orchestra.run.smithi028.stdout:/usr/bin/ceph: stderr
2024-05-09T08:16:14.483+0000 7fbbae4bb700 1 --2- 172.21.15.28:0/1741730475 >> [v2:172.21.15.28:3300/0,v1:172.21.15.28:6789/0] conn(0x7fbba8108880 0x7fbba819bc80 unknown :-1 s=CLOSED pgs=21 cs=0 l=1 rev1=1 crypto rx=0 tx=0 comp rx=0 tx=0).stop
2024-05-09T08:16:15.022 INFO:teuthology.orchestra.run.smithi028.stdout:/usr/bin/ceph: stderr
2024-05-09T08:16:14.483+0000 7fbbae4bb700 1 -- 172.21.15.28:0/1741730475 >> 172.21.15.28:0/1741730475 conn(0x7fbba8102230 msgr2=0x7fbba8102ca0 unknown :-1 s=STATE_NONE l=0).mark_down
2024-05-09T08:16:15.022 INFO:teuthology.orchestra.run.smithi028.stdout:/usr/bin/ceph: stderr
2024-05-09T08:16:14.483+0000 7fbbae4bb700 1 -- 172.21.15.28:0/1741730475 shutdown_connections
2024-05-09T08:16:15.022 INFO:teuthology.orchestra.run.smithi028.stdout:/usr/bin/ceph: stderr
2024-05-09T08:16:14.483+0000 7fbbae4bb700 1 -- 172.21.15.28:0/1741730475 wait complete.
2024-05-09T08:16:15.022 INFO:teuthology.orchestra.run.smithi028.stdout:Enabling cephadm module...
2024-05-09T08:16:16.047 INFO:journalctl@ceph.mon.a.smithi028.stdout:May 09 08:16:15 smithi028 ceph-mon[30119]: from='client.? 172.21.15.28:0/3783680974' entity='client.admin' cmd=[{"prefix": "mgr module enable", "module": "cephadm"}]: dispatch
2024-05-09T08:16:16.048 INFO:journalctl@ceph.mgr.x.smithi028.stdout:May 09 08:16:15 smithi028 ceph-3891b212-0ddc-11ef-bc98-c7b262605968-mgr-x[30349]: ignoring --setuser ceph since I am not root
2024-05-09T08:16:16.048 INFO:journalctl@ceph.mgr.x.smithi028.stdout:May 09 08:16:15 smithi028 ceph-3891b212-0ddc-11ef-bc98-c7b262605968-mgr-x[30349]: ignoring --setgroup ceph since I am not root
2024-05-09T08:16:16.048 INFO:journalctl@ceph.mgr.x.smithi028.stdout:May 09 08:16:15 smithi028 ceph-3891b212-0ddc-11ef-bc98-c7b262605968-mgr-x[30349]:
2024-05-09T08:16:15.907+0000 7f235ca99200 -1 mgr[py] Module balancer has missing NOTIFY_TYPES member
2024-05-09T08:16:16.314 INFO:journalctl@ceph.mgr.x.smithi028.stdout:May 09 08:16:16 smithi028 ceph-3891b212-0ddc-11ef-bc98-c7b262605968-mgr-x[30349]:
2024-05-09T08:16:16.100+0000 7f235ca99200 -1 mgr[py] Module orchestrator has missing NOTIFY_TYPES member
2024-05-09T08:16:16.315 INFO:journalctl@ceph.mgr.x.smithi028.stdout:May 09 08:16:16 smithi028 ceph-3891b212-0ddc-11ef-bc98-c7b262605968-mgr-x[30349]:
2024-05-09T08:16:16.208+0000 7f235ca99200 -1 mgr[py] Module snap_schedule has missing NOTIFY_TYPES member
2024-05-09T08:16:16.323 INFO:teuthology.orchestra.run.smithi028.stdout:/usr/bin/ceph: stderr
2024-05-09T08:16:15.409+0000 7ff6e6caa700 1 Processor -- start
2024-05-09T08:16:16.323 INFO:teuthology.orchestra.run.smithi028.stdout:/usr/bin/ceph: stderr
2024-05-09T08:16:15.409+0000 7ff6e6caa700 1 -- start start
2024-05-09T08:16:16.323 INFO:teuthology.orchestra.run.smithi028.stdout:/usr/bin/ceph: stderr
2024-05-09T08:16:15.409+0000 7ff6e6caa700 1 --2- >> [v2:172.21.15.28:3300/0,v1:172.21.15.28:6789/0] conn(0x7ff6e0106cd0 0x7ff6e01070f0 unknown :-1 s=NONE pgs=0 cs=0 l=0 rev1=0 crypto rx=0 tx=0 comp rx=0 tx=0).connect
2024-05-09T08:16:16.323 INFO:teuthology.orchestra.run.smithi028.stdout:/usr/bin/ceph: stderr
2024-05-09T08:16:15.409+0000 7ff6e6caa700 1 -- --> [v2:172.21.15.28:3300/0,v1:172.21.15.28:6789/0] -- mon_getmap magic: 0 -- 0x7ff6e01076c0 con 0x7ff6e0106cd0
2024-05-09T08:16:16.324 INFO:teuthology.orchestra.run.smithi028.stdout:/usr/bin/ceph: stderr
2024-05-09T08:16:15.409+0000 7ff6e4a46700 1 --2- >> [v2:172.21.15.28:3300/0,v1:172.21.15.28:6789/0] conn(0x7ff6e0106cd0 0x7ff6e01070f0 unknown :-1 s=BANNER_CONNECTING pgs=0 cs=0 l=0 rev1=0 crypto rx=0 tx=0 comp rx=0 tx=0)._handle_peer_banner_payload supported=3 required=0
2024-05-09T08:16:16.324 INFO:teuthology.orchestra.run.smithi028.stdout:/usr/bin/ceph: stderr
2024-05-09T08:16:15.409+0000 7ff6e4a46700 1 --2- >> [v2:172.21.15.28:3300/0,v1:172.21.15.28:6789/0] conn(0x7ff6e0106cd0 0x7ff6e01070f0 unknown :-1 s=HELLO_CONNECTING pgs=0 cs=0 l=0 rev1=1 crypto rx=0 tx=0 comp rx=0 tx=0).handle_hello peer v2:172.21.15.28:3300/0 says I am v2:172.21.15.28:59850/0 (socket says 172.21.15.28:59850)
2024-05-09T08:16:16.324 INFO:teuthology.orchestra.run.smithi028.stdout:/usr/bin/ceph: stderr
2024-05-09T08:16:15.409+0000 7ff6e4a46700 1 -- 172.21.15.28:0/207907816 learned_addr learned my addr 172.21.15.28:0/207907816 (peer_addr_for_me v2:172.21.15.28:0/0)
2024-05-09T08:16:16.324 INFO:teuthology.orchestra.run.smithi028.stdout:/usr/bin/ceph: stderr
2024-05-09T08:16:15.410+0000 7ff6e4a46700 1 -- 172.21.15.28:0/207907816 --> [v2:172.21.15.28:3300/0,v1:172.21.15.28:6789/0] -- mon_subscribe({config=0+,monmap=0+}) -- 0x7ff6e0107ed0 con 0x7ff6e0106cd0
2024-05-09T08:16:16.324 INFO:teuthology.orchestra.run.smithi028.stdout:/usr/bin/ceph: stderr
2024-05-09T08:16:15.410+0000 7ff6e4a46700 1 --2- 172.21.15.28:0/207907816 >> [v2:172.21.15.28:3300/0,v1:172.21.15.28:6789/0] conn(0x7ff6e0106cd0 0x7ff6e01070f0 secure :-1 s=READY pgs=22 cs=0 l=1 rev1=1 crypto rx=0x7ff6d40098a0 tx=0x7ff6d4009bb0 comp rx=0 tx=0).ready entity=mon.0 client_cookie=3e17a7478d70f5ce server_cookie=0 in_seq=0 out_seq=0
2024-05-09T08:16:16.324 INFO:teuthology.orchestra.run.smithi028.stdout:/usr/bin/ceph: stderr
2024-05-09T08:16:15.410+0000 7ff6df7fe700 1 -- 172.21.15.28:0/207907816 <== mon.0 v2:172.21.15.28:3300/0 1 ==== mon_map magic: 0 ==== 205+0+0 (secure 0 0 0) 0x7ff6d4004160 con 0x7ff6e0106cd0
2024-05-09T08:16:16.324 INFO:teuthology.orchestra.run.smithi028.stdout:/usr/bin/ceph: stderr
2024-05-09T08:16:15.410+0000 7ff6df7fe700 1 -- 172.21.15.28:0/207907816 <== mon.0 v2:172.21.15.28:3300/0 2 ==== config(27 keys) ==== 1109+0+0 (secure 0 0 0) 0x7ff6d4004300 con 0x7ff6e0106cd0
2024-05-09T08:16:16.324 INFO:teuthology.orchestra.run.smithi028.stdout:/usr/bin/ceph: stderr
2024-05-09T08:16:15.410+0000 7ff6df7fe700 1 -- 172.21.15.28:0/207907816 <== mon.0 v2:172.21.15.28:3300/0 3 ==== mon_map magic: 0 ==== 205+0+0 (secure 0 0 0) 0x7ff6d4011b50 con 0x7ff6e0106cd0
2024-05-09T08:16:16.324 INFO:teuthology.orchestra.run.smithi028.stdout:/usr/bin/ceph: stderr
2024-05-09T08:16:15.411+0000 7ff6e6caa700 1 -- 172.21.15.28:0/207907816 >> [v2:172.21.15.28:3300/0,v1:172.21.15.28:6789/0] conn(0x7ff6e0106cd0 msgr2=0x7ff6e01070f0 secure :-1 s=STATE_CONNECTION_ESTABLISHED l=1).mark_down
2024-05-09T08:16:16.324 INFO:teuthology.orchestra.run.smithi028.stdout:/usr/bin/ceph: stderr
2024-05-09T08:16:15.411+0000 7ff6e6caa700 1 --2- 172.21.15.28:0/207907816 >> [v2:172.21.15.28:3300/0,v1:172.21.15.28:6789/0] conn(0x7ff6e0106cd0 0x7ff6e01070f0 secure :-1 s=READY pgs=22 cs=0 l=1 rev1=1 crypto rx=0x7ff6d40098a0 tx=0x7ff6d4009bb0 comp rx=0 tx=0).stop
2024-05-09T08:16:16.324 INFO:teuthology.orchestra.run.smithi028.stdout:/usr/bin/ceph: stderr
2024-05-09T08:16:15.411+0000 7ff6e6caa700 1 -- 172.21.15.28:0/207907816 shutdown_connections
2024-05-09T08:16:16.324 INFO:teuthology.orchestra.run.smithi028.stdout:/usr/bin/ceph: stderr
2024-05-09T08:16:15.411+0000 7ff6e6caa700 1 --2- 172.21.15.28:0/207907816 >> [v2:172.21.15.28:3300/0,v1:172.21.15.28:6789/0] conn(0x7ff6e0106cd0 0x7ff6e01070f0 unknown :-1 s=CLOSED pgs=22 cs=0 l=1 rev1=1 crypto rx=0 tx=0 comp rx=0 tx=0).stop
2024-05-09T08:16:16.325 INFO:teuthology.orchestra.run.smithi028.stdout:/usr/bin/ceph: stderr
2024-05-09T08:16:15.411+0000 7ff6e6caa700 1 -- 172.21.15.28:0/207907816 >> 172.21.15.28:0/207907816 conn(0x7ff6e0102230 msgr2=0x7ff6e01046b0 unknown :-1 s=STATE_NONE l=0).mark_down
2024-05-09T08:16:16.325 INFO:teuthology.orchestra.run.smithi028.stdout:/usr/bin/ceph: stderr
2024-05-09T08:16:15.411+0000 7ff6e6caa700 1 -- 172.21.15.28:0/207907816 shutdown_connections
2024-05-09T08:16:16.325 INFO:teuthology.orchestra.run.smithi028.stdout:/usr/bin/ceph: stderr
2024-05-09T08:16:15.411+0000 7ff6e6caa700 1 -- 172.21.15.28:0/207907816 wait complete.
2024-05-09T08:16:16.325 INFO:teuthology.orchestra.run.smithi028.stdout:/usr/bin/ceph: stderr
2024-05-09T08:16:15.411+0000 7ff6e6caa700 1 Processor -- start
2024-05-09T08:16:16.325 INFO:teuthology.orchestra.run.smithi028.stdout:/usr/bin/ceph: stderr
2024-05-09T08:16:15.412+0000 7ff6e6caa700 1 -- start start
2024-05-09T08:16:16.325 INFO:teuthology.orchestra.run.smithi028.stdout:/usr/bin/ceph: stderr
2024-05-09T08:16:15.412+0000 7ff6e6caa700 1 --2- >> [v2:172.21.15.28:3300/0,v1:172.21.15.28:6789/0] conn(0x7ff6e0106cd0 0x7ff6e019df60 unknown :-1 s=NONE pgs=0 cs=0 l=1 rev1=0 crypto rx=0 tx=0 comp rx=0 tx=0).connect
2024-05-09T08:16:16.326 INFO:teuthology.orchestra.run.smithi028.stdout:/usr/bin/ceph: stderr
2024-05-09T08:16:15.412+0000 7ff6e6caa700 1 -- --> [v2:172.21.15.28:3300/0,v1:172.21.15.28:6789/0] -- mon_getmap magic: 0 -- 0x7ff6e010b280 con 0x7ff6e0106cd0
2024-05-09T08:16:16.326 INFO:teuthology.orchestra.run.smithi028.stdout:/usr/bin/ceph: stderr
2024-05-09T08:16:15.412+0000 7ff6e4a46700 1 --2- >> [v2:172.21.15.28:3300/0,v1:172.21.15.28:6789/0] conn(0x7ff6e0106cd0 0x7ff6e019df60 unknown :-1 s=BANNER_CONNECTING pgs=0 cs=0 l=1 rev1=0 crypto rx=0 tx=0 comp rx=0 tx=0)._handle_peer_banner_payload supported=3 required=0
2024-05-09T08:16:16.326 INFO:teuthology.orchestra.run.smithi028.stdout:/usr/bin/ceph: stderr
2024-05-09T08:16:15.412+0000 7ff6e4a46700 1 --2- >> [v2:172.21.15.28:3300/0,v1:172.21.15.28:6789/0] conn(0x7ff6e0106cd0 0x7ff6e019df60 unknown :-1 s=HELLO_CONNECTING pgs=0 cs=0 l=1 rev1=1 crypto rx=0 tx=0 comp rx=0 tx=0).handle_hello peer v2:172.21.15.28:3300/0 says I am v2:172.21.15.28:59866/0 (socket says 172.21.15.28:59866)
2024-05-09T08:16:16.326 INFO:teuthology.orchestra.run.smithi028.stdout:/usr/bin/ceph: stderr
2024-05-09T08:16:15.412+0000 7ff6e4a46700 1 -- 172.21.15.28:0/3783680974 learned_addr learned my addr 172.21.15.28:0/3783680974 (peer_addr_for_me v2:172.21.15.28:0/0)
2024-05-09T08:16:16.326 INFO:teuthology.orchestra.run.smithi028.stdout:/usr/bin/ceph: stderr
2024-05-09T08:16:15.412+0000 7ff6e4a46700 1 -- 172.21.15.28:0/3783680974 --> [v2:172.21.15.28:3300/0,v1:172.21.15.28:6789/0] -- mon_subscribe({config=0+,monmap=0+}) -- 0x7ff6e019e4a0 con 0x7ff6e0106cd0
2024-05-09T08:16:16.326 INFO:teuthology.orchestra.run.smithi028.stdout:/usr/bin/ceph: stderr
2024-05-09T08:16:15.412+0000 7ff6e4a46700 1 --2- 172.21.15.28:0/3783680974 >> [v2:172.21.15.28:3300/0,v1:172.21.15.28:6789/0] conn(0x7ff6e0106cd0 0x7ff6e019df60 secure :-1 s=READY pgs=23 cs=0 l=1 rev1=1 crypto rx=0x7ff6d4011850 tx=0x7ff6d4011c10 comp rx=0 tx=0).ready entity=mon.0 client_cookie=0 server_cookie=0 in_seq=0 out_seq=0
2024-05-09T08:16:16.326 INFO:teuthology.orchestra.run.smithi028.stdout:/usr/bin/ceph: stderr
2024-05-09T08:16:15.412+0000 7ff6ddffb700 1 -- 172.21.15.28:0/3783680974 <== mon.0 v2:172.21.15.28:3300/0 1 ==== mon_map magic: 0 ==== 205+0+0 (secure 0 0 0) 0x7ff6d4003af0 con 0x7ff6e0106cd0
2024-05-09T08:16:16.326 INFO:teuthology.orchestra.run.smithi028.stdout:/usr/bin/ceph: stderr
2024-05-09T08:16:15.412+0000 7ff6ddffb700 1 -- 172.21.15.28:0/3783680974 <== mon.0 v2:172.21.15.28:3300/0 2 ==== config(27 keys) ==== 1109+0+0 (secure 0 0 0) 0x7ff6d4020070 con 0x7ff6e0106cd0
2024-05-09T08:16:16.327 INFO:teuthology.orchestra.run.smithi028.stdout:/usr/bin/ceph: stderr
2024-05-09T08:16:15.412+0000 7ff6ddffb700 1 -- 172.21.15.28:0/3783680974 <== mon.0 v2:172.21.15.28:3300/0 3 ==== mon_map magic: 0 ==== 205+0+0 (secure 0 0 0) 0x7ff6d40195a0 con 0x7ff6e0106cd0
2024-05-09T08:16:16.327 INFO:teuthology.orchestra.run.smithi028.stdout:/usr/bin/ceph: stderr
2024-05-09T08:16:15.412+0000 7ff6e6caa700 1 -- 172.21.15.28:0/3783680974 --> [v2:172.21.15.28:3300/0,v1:172.21.15.28:6789/0] -- mon_subscribe({mgrmap=0+}) -- 0x7ff6e019e730 con 0x7ff6e0106cd0
2024-05-09T08:16:16.327 INFO:teuthology.orchestra.run.smithi028.stdout:/usr/bin/ceph: stderr
2024-05-09T08:16:15.413+0000 7ff6e6caa700 1 -- 172.21.15.28:0/3783680974 --> [v2:172.21.15.28:3300/0,v1:172.21.15.28:6789/0] -- mon_subscribe({osdmap=0}) -- 0x7ff6e01a1420 con 0x7ff6e0106cd0
2024-05-09T08:16:16.327 INFO:teuthology.orchestra.run.smithi028.stdout:/usr/bin/ceph: stderr
2024-05-09T08:16:15.414+0000 7ff6ddffb700 1 -- 172.21.15.28:0/3783680974 <== mon.0 v2:172.21.15.28:3300/0 4 ==== mgrmap(e 4) ==== 46276+0+0 (secure 0 0 0) 0x7ff6d4019850 con 0x7ff6e0106cd0
2024-05-09T08:16:16.327 INFO:teuthology.orchestra.run.smithi028.stdout:/usr/bin/ceph: stderr
2024-05-09T08:16:15.414+0000 7ff6e6caa700 1 -- 172.21.15.28:0/3783680974 --> [v2:172.21.15.28:3300/0,v1:172.21.15.28:6789/0] -- mon_command({"prefix": "get_command_descriptions"} v 0) -- 0x7ff6e0063980 con 0x7ff6e0106cd0
2024-05-09T08:16:16.327 INFO:teuthology.orchestra.run.smithi028.stdout:/usr/bin/ceph: stderr
2024-05-09T08:16:15.414+0000 7ff6ddffb700 1 --2- 172.21.15.28:0/3783680974 >> [v2:172.21.15.28:6800/1179097296,v1:172.21.15.28:6801/1179097296] conn(0x7ff6d0039110 0x7ff6d003b5d0 unknown :-1 s=NONE pgs=0 cs=0 l=1 rev1=0 crypto rx=0 tx=0 comp rx=0 tx=0).connect
2024-05-09T08:16:16.327 INFO:teuthology.orchestra.run.smithi028.stdout:/usr/bin/ceph: stderr
2024-05-09T08:16:15.414+0000 7ff6ddffb700 1 -- 172.21.15.28:0/3783680974 <== mon.0 v2:172.21.15.28:3300/0 5 ==== osd_map(1..1 src has 1..1) ==== 725+0+0 (secure 0 0 0) 0x7ff6d4011e00 con 0x7ff6e0106cd0
2024-05-09T08:16:16.327 INFO:teuthology.orchestra.run.smithi028.stdout:/usr/bin/ceph: stderr
2024-05-09T08:16:15.414+0000 7ff6dffff700 1 --2- 172.21.15.28:0/3783680974 >> [v2:172.21.15.28:6800/1179097296,v1:172.21.15.28:6801/1179097296] conn(0x7ff6d0039110 0x7ff6d003b5d0 unknown :-1 s=BANNER_CONNECTING pgs=0 cs=0 l=1 rev1=0 crypto rx=0 tx=0 comp rx=0 tx=0)._handle_peer_banner_payload supported=3 required=0
2024-05-09T08:16:16.327 INFO:teuthology.orchestra.run.smithi028.stdout:/usr/bin/ceph: stderr
2024-05-09T08:16:15.414+0000 7ff6dffff700 1 --2- 172.21.15.28:0/3783680974 >> [v2:172.21.15.28:6800/1179097296,v1:172.21.15.28:6801/1179097296] conn(0x7ff6d0039110 0x7ff6d003b5d0 secure :-1 s=READY pgs=8 cs=0 l=1 rev1=1 crypto rx=0x7ff6cc006fd0 tx=0x7ff6cc006e40 comp rx=0 tx=0).ready entity=mgr.14100 client_cookie=0 server_cookie=0 in_seq=0 out_seq=0
2024-05-09T08:16:16.327 INFO:teuthology.orchestra.run.smithi028.stdout:/usr/bin/ceph: stderr
2024-05-09T08:16:15.419+0000 7ff6ddffb700 1 -- 172.21.15.28:0/3783680974 <== mon.0 v2:172.21.15.28:3300/0 6 ==== mon_command_ack([{"prefix": "get_command_descriptions"}]=0 v0) ==== 72+0+186147 (secure 0 0 0) 0x7ff6d400e260 con 0x7ff6e0106cd0
2024-05-09T08:16:16.327 INFO:teuthology.orchestra.run.smithi028.stdout:/usr/bin/ceph: stderr
2024-05-09T08:16:15.683+0000 7ff6e6caa700 1 -- 172.21.15.28:0/3783680974 --> [v2:172.21.15.28:3300/0,v1:172.21.15.28:6789/0] -- mon_command({"prefix": "mgr module enable", "module": "cephadm"} v 0) -- 0x7ff6e00008d0 con 0x7ff6e0106cd0
2024-05-09T08:16:16.327 INFO:teuthology.orchestra.run.smithi028.stdout:/usr/bin/ceph: stderr
2024-05-09T08:16:15.734+0000 7ff6ddffb700 1 -- 172.21.15.28:0/3783680974 <== mon.0 v2:172.21.15.28:3300/0 7 ==== mon_command_ack([{"prefix": "mgr module enable", "module": "cephadm"}]=0 v5) ==== 86+0+0 (secure 0 0 0) 0x7ff6d4003c90 con 0x7ff6e0106cd0
2024-05-09T08:16:16.327 INFO:teuthology.orchestra.run.smithi028.stdout:/usr/bin/ceph: stderr
2024-05-09T08:16:15.736+0000 7ff6ddffb700 1 -- 172.21.15.28:0/3783680974 <== mon.0 v2:172.21.15.28:3300/0 8 ==== mgrmap(e 5) ==== 46287+0+0 (secure 0 0 0) 0x7ff6d401a430 con 0x7ff6e0106cd0
2024-05-09T08:16:16.328 INFO:teuthology.orchestra.run.smithi028.stdout:/usr/bin/ceph: stderr
2024-05-09T08:16:15.737+0000 7ff6e6caa700 1 -- 172.21.15.28:0/3783680974 >> [v2:172.21.15.28:6800/1179097296,v1:172.21.15.28:6801/1179097296] conn(0x7ff6d0039110 msgr2=0x7ff6d003b5d0 secure :-1 s=STATE_CONNECTION_ESTABLISHED l=1).mark_down
2024-05-09T08:16:16.328 INFO:teuthology.orchestra.run.smithi028.stdout:/usr/bin/ceph: stderr
2024-05-09T08:16:15.737+0000 7ff6e6caa700 1 --2- 172.21.15.28:0/3783680974 >> [v2:172.21.15.28:6800/1179097296,v1:172.21.15.28:6801/1179097296] conn(0x7ff6d0039110 0x7ff6d003b5d0 secure :-1 s=READY pgs=8 cs=0 l=1 rev1=1 crypto rx=0x7ff6cc006fd0 tx=0x7ff6cc006e40 comp rx=0 tx=0).stop
2024-05-09T08:16:16.328 INFO:teuthology.orchestra.run.smithi028.stdout:/usr/bin/ceph: stderr
2024-05-09T08:16:15.737+0000 7ff6e6caa700 1 -- 172.21.15.28:0/3783680974 >> [v2:172.21.15.28:3300/0,v1:172.21.15.28:6789/0] conn(0x7ff6e0106cd0 msgr2=0x7ff6e019df60 secure :-1 s=STATE_CONNECTION_ESTABLISHED l=1).mark_down
2024-05-09T08:16:16.328 INFO:teuthology.orchestra.run.smithi028.stdout:/usr/bin/ceph: stderr
2024-05-09T08:16:15.737+0000 7ff6e6caa700 1 --2- 172.21.15.28:0/3783680974 >> [v2:172.21.15.28:3300/0,v1:172.21.15.28:6789/0] conn(0x7ff6e0106cd0 0x7ff6e019df60 secure :-1 s=READY pgs=23 cs=0 l=1 rev1=1 crypto rx=0x7ff6d4011850 tx=0x7ff6d4011c10 comp rx=0 tx=0).stop
2024-05-09T08:16:16.328 INFO:teuthology.orchestra.run.smithi028.stdout:/usr/bin/ceph: stderr
2024-05-09T08:16:15.737+0000 7ff6e6caa700 1 -- 172.21.15.28:0/3783680974 shutdown_connections
2024-05-09T08:16:16.328 INFO:teuthology.orchestra.run.smithi028.stdout:/usr/bin/ceph: stderr
2024-05-09T08:16:15.737+0000 7ff6e6caa700 1 --2- 172.21.15.28:0/3783680974 >> [v2:172.21.15.28:6800/1179097296,v1:172.21.15.28:6801/1179097296] conn(0x7ff6d0039110 0x7ff6d003b5d0 unknown :-1 s=CLOSED pgs=8 cs=0 l=1 rev1=1 crypto rx=0 tx=0 comp rx=0 tx=0).stop
2024-05-09T08:16:16.328 INFO:teuthology.orchestra.run.smithi028.stdout:/usr/bin/ceph: stderr
2024-05-09T08:16:15.737+0000 7ff6e6caa700 1 --2- 172.21.15.28:0/3783680974 >> [v2:172.21.15.28:3300/0,v1:172.21.15.28:6789/0] conn(0x7ff6e0106cd0 0x7ff6e019df60 unknown :-1 s=CLOSED pgs=23 cs=0 l=1 rev1=1 crypto rx=0 tx=0 comp rx=0 tx=0).stop
2024-05-09T08:16:16.328 INFO:teuthology.orchestra.run.smithi028.stdout:/usr/bin/ceph: stderr
2024-05-09T08:16:15.737+0000 7ff6e6caa700 1 -- 172.21.15.28:0/3783680974 >> 172.21.15.28:0/3783680974 conn(0x7ff6e0102230 msgr2=0x7ff6e0103040 unknown :-1 s=STATE_NONE l=0).mark_down
2024-05-09T08:16:16.328 INFO:teuthology.orchestra.run.smithi028.stdout:/usr/bin/ceph: stderr
2024-05-09T08:16:15.737+0000 7ff6e6caa700 1 -- 172.21.15.28:0/3783680974 shutdown_connections
2024-05-09T08:16:16.328 INFO:teuthology.orchestra.run.smithi028.stdout:/usr/bin/ceph: stderr
2024-05-09T08:16:15.737+0000 7ff6e6caa700 1 -- 172.21.15.28:0/3783680974 wait complete.
2024-05-09T08:16:16.566 INFO:journalctl@ceph.mgr.x.smithi028.stdout:May 09 08:16:16 smithi028 ceph-3891b212-0ddc-11ef-bc98-c7b262605968-mgr-x[30349]:
2024-05-09T08:16:16.533+0000 7f235ca99200 -1 mgr[py] Module progress has missing NOTIFY_TYPES member
2024-05-09T08:16:16.935 INFO:journalctl@ceph.mon.a.smithi028.stdout:May 09 08:16:16 smithi028 ceph-mon[30119]: from='client.? 172.21.15.28:0/3783680974' entity='client.admin' cmd='[{"prefix": "mgr module enable", "module": "cephadm"}]': finished
2024-05-09T08:16:16.936 INFO:journalctl@ceph.mon.a.smithi028.stdout:May 09 08:16:16 smithi028 ceph-mon[30119]: mgrmap e5: x(active, since 5s)
2024-05-09T08:16:16.936 INFO:journalctl@ceph.mgr.x.smithi028.stdout:May 09 08:16:16 smithi028 ceph-3891b212-0ddc-11ef-bc98-c7b262605968-mgr-x[30349]:
2024-05-09T08:16:16.624+0000 7f235ca99200 -1 mgr[py] Module influx has missing NOTIFY_TYPES member
2024-05-09T08:16:17.639 INFO:teuthology.orchestra.run.smithi028.stdout:/usr/bin/ceph: stdout {
2024-05-09T08:16:17.639 INFO:teuthology.orchestra.run.smithi028.stdout:/usr/bin/ceph: stdout "epoch": 5,
2024-05-09T08:16:17.639 INFO:teuthology.orchestra.run.smithi028.stdout:/usr/bin/ceph: stdout "available": true,
2024-05-09T08:16:17.639 INFO:teuthology.orchestra.run.smithi028.stdout:/usr/bin/ceph: stdout "active_name": "x",
2024-05-09T08:16:17.639 INFO:teuthology.orchestra.run.smithi028.stdout:/usr/bin/ceph: stdout "num_standby": 0
2024-05-09T08:16:17.639 INFO:teuthology.orchestra.run.smithi028.stdout:/usr/bin/ceph: stdout }
2024-05-09T08:16:17.640 INFO:teuthology.orchestra.run.smithi028.stdout:/usr/bin/ceph: stderr
2024-05-09T08:16:16.758+0000 7faedccb4700 1 Processor -- start
2024-05-09T08:16:17.640 INFO:teuthology.orchestra.run.smithi028.stdout:/usr/bin/ceph: stderr
2024-05-09T08:16:16.758+0000 7faedccb4700 1 -- start start
2024-05-09T08:16:17.640 INFO:teuthology.orchestra.run.smithi028.stdout:/usr/bin/ceph: stderr
2024-05-09T08:16:16.759+0000 7faedccb4700 1 --2- >> [v2:172.21.15.28:3300/0,v1:172.21.15.28:6789/0] conn(0x7faed8108820 0x7faed810ac10 unknown :-1 s=NONE pgs=0 cs=0 l=0 rev1=0 crypto rx=0 tx=0 comp rx=0 tx=0).connect
2024-05-09T08:16:17.640 INFO:teuthology.orchestra.run.smithi028.stdout:/usr/bin/ceph: stderr
2024-05-09T08:16:16.759+0000 7faedccb4700 1 -- --> [v2:172.21.15.28:3300/0,v1:172.21.15.28:6789/0] -- mon_getmap magic: 0 -- 0x7faed807bed0 con 0x7faed8108820
2024-05-09T08:16:17.640 INFO:teuthology.orchestra.run.smithi028.stdout:/usr/bin/ceph: stderr
2024-05-09T08:16:16.759+0000 7faed659c700 1 --2- >> [v2:172.21.15.28:3300/0,v1:172.21.15.28:6789/0] conn(0x7faed8108820 0x7faed810ac10 unknown :-1 s=BANNER_CONNECTING pgs=0 cs=0 l=0 rev1=0 crypto rx=0 tx=0 comp rx=0 tx=0)._handle_peer_banner_payload supported=3 required=0
2024-05-09T08:16:17.640 INFO:teuthology.orchestra.run.smithi028.stdout:/usr/bin/ceph: stderr
2024-05-09T08:16:16.759+0000 7faed659c700 1 --2- >> [v2:172.21.15.28:3300/0,v1:172.21.15.28:6789/0] conn(0x7faed8108820 0x7faed810ac10 unknown :-1 s=HELLO_CONNECTING pgs=0 cs=0 l=0 rev1=1 crypto rx=0 tx=0 comp rx=0 tx=0).handle_hello peer v2:172.21.15.28:3300/0 says I am v2:172.21.15.28:59898/0 (socket says 172.21.15.28:59898)
2024-05-09T08:16:17.640 INFO:teuthology.orchestra.run.smithi028.stdout:/usr/bin/ceph: stderr
2024-05-09T08:16:16.759+0000 7faed659c700 1 -- 172.21.15.28:0/2296526277 learned_addr learned my addr 172.21.15.28:0/2296526277 (peer_addr_for_me v2:172.21.15.28:0/0)
2024-05-09T08:16:17.640 INFO:teuthology.orchestra.run.smithi028.stdout:/usr/bin/ceph: stderr
2024-05-09T08:16:16.759+0000 7faed659c700 1 -- 172.21.15.28:0/2296526277 --> [v2:172.21.15.28:3300/0,v1:172.21.15.28:6789/0] -- mon_subscribe({config=0+,monmap=0+}) -- 0x7faed810b150 con 0x7faed8108820
2024-05-09T08:16:17.640 INFO:teuthology.orchestra.run.smithi028.stdout:/usr/bin/ceph: stderr
2024-05-09T08:16:16.760+0000 7faed659c700 1 --2- 172.21.15.28:0/2296526277 >> [v2:172.21.15.28:3300/0,v1:172.21.15.28:6789/0] conn(0x7faed8108820 0x7faed810ac10 secure :-1 s=READY pgs=26 cs=0 l=1 rev1=1 crypto rx=0x7faec80098a0 tx=0x7faec8009bb0 comp rx=0 tx=0).ready entity=mon.0 client_cookie=d2f4ab392e5b125a server_cookie=0 in_seq=0 out_seq=0
2024-05-09T08:16:17.640 INFO:teuthology.orchestra.run.smithi028.stdout:/usr/bin/ceph: stderr
2024-05-09T08:16:16.760+0000 7faed559a700 1 -- 172.21.15.28:0/2296526277 <== mon.0 v2:172.21.15.28:3300/0 1 ==== mon_map magic: 0 ==== 205+0+0 (secure 0 0 0) 0x7faec8004160 con 0x7faed8108820
2024-05-09T08:16:17.640 INFO:teuthology.orchestra.run.smithi028.stdout:/usr/bin/ceph: stderr
2024-05-09T08:16:16.760+0000 7faed559a700 1 -- 172.21.15.28:0/2296526277 <== mon.0 v2:172.21.15.28:3300/0 2 ==== config(27 keys) ==== 1109+0+0 (secure 0 0 0) 0x7faec8004300 con 0x7faed8108820
2024-05-09T08:16:17.640 INFO:teuthology.orchestra.run.smithi028.stdout:/usr/bin/ceph: stderr
2024-05-09T08:16:16.760+0000 7faed559a700 1 -- 172.21.15.28:0/2296526277 <== mon.0 v2:172.21.15.28:3300/0 3 ==== mon_map magic: 0 ==== 205+0+0 (secure 0 0 0) 0x7faec8011b50 con 0x7faed8108820
2024-05-09T08:16:17.640 INFO:teuthology.orchestra.run.smithi028.stdout:/usr/bin/ceph: stderr
2024-05-09T08:16:16.760+0000 7faedccb4700 1 -- 172.21.15.28:0/2296526277 >> [v2:172.21.15.28:3300/0,v1:172.21.15.28:6789/0] conn(0x7faed8108820 msgr2=0x7faed810ac10 secure :-1 s=STATE_CONNECTION_ESTABLISHED l=1).mark_down
2024-05-09T08:16:17.640 INFO:teuthology.orchestra.run.smithi028.stdout:/usr/bin/ceph: stderr
2024-05-09T08:16:16.760+0000 7faedccb4700 1 --2- 172.21.15.28:0/2296526277 >> [v2:172.21.15.28:3300/0,v1:172.21.15.28:6789/0] conn(0x7faed8108820 0x7faed810ac10 secure :-1 s=READY pgs=26 cs=0 l=1 rev1=1 crypto rx=0x7faec80098a0 tx=0x7faec8009bb0 comp rx=0 tx=0).stop
2024-05-09T08:16:17.641 INFO:teuthology.orchestra.run.smithi028.stdout:/usr/bin/ceph: stderr
2024-05-09T08:16:16.760+0000 7faedccb4700 1 -- 172.21.15.28:0/2296526277 shutdown_connections
2024-05-09T08:16:17.641 INFO:teuthology.orchestra.run.smithi028.stdout:/usr/bin/ceph: stderr
2024-05-09T08:16:16.760+0000 7faedccb4700 1 --2- 172.21.15.28:0/2296526277 >> [v2:172.21.15.28:3300/0,v1:172.21.15.28:6789/0] conn(0x7faed8108820 0x7faed810ac10 unknown :-1 s=CLOSED pgs=26 cs=0 l=1 rev1=1 crypto rx=0 tx=0 comp rx=0 tx=0).stop
2024-05-09T08:16:17.641 INFO:teuthology.orchestra.run.smithi028.stdout:/usr/bin/ceph: stderr
2024-05-09T08:16:16.760+0000 7faedccb4700 1 -- 172.21.15.28:0/2296526277 >> 172.21.15.28:0/2296526277 conn(0x7faed8102210 msgr2=0x7faed8104690 unknown :-1 s=STATE_NONE l=0).mark_down
2024-05-09T08:16:17.641 INFO:teuthology.orchestra.run.smithi028.stdout:/usr/bin/ceph: stderr
2024-05-09T08:16:16.761+0000 7faedccb4700 1 -- 172.21.15.28:0/2296526277 shutdown_connections
2024-05-09T08:16:17.641 INFO:teuthology.orchestra.run.smithi028.stdout:/usr/bin/ceph: stderr
2024-05-09T08:16:16.761+0000 7faedccb4700 1 -- 172.21.15.28:0/2296526277 wait complete.
2024-05-09T08:16:17.641 INFO:teuthology.orchestra.run.smithi028.stdout:/usr/bin/ceph: stderr
2024-05-09T08:16:16.761+0000 7faedccb4700 1 Processor -- start
2024-05-09T08:16:17.641 INFO:teuthology.orchestra.run.smithi028.stdout:/usr/bin/ceph: stderr
2024-05-09T08:16:16.761+0000 7faedccb4700 1 -- start start
2024-05-09T08:16:17.641 INFO:teuthology.orchestra.run.smithi028.stdout:/usr/bin/ceph: stderr
2024-05-09T08:16:16.761+0000 7faedccb4700 1 --2- >> [v2:172.21.15.28:3300/0,v1:172.21.15.28:6789/0] conn(0x7faed8108820 0x7faed819bda0 unknown :-1 s=NONE pgs=0 cs=0 l=1 rev1=0 crypto rx=0 tx=0 comp rx=0 tx=0).connect
2024-05-09T08:16:17.641 INFO:teuthology.orchestra.run.smithi028.stdout:/usr/bin/ceph: stderr
2024-05-09T08:16:16.762+0000 7faedccb4700 1 -- --> [v2:172.21.15.28:3300/0,v1:172.21.15.28:6789/0] -- mon_getmap magic: 0 -- 0x7faed810c180 con 0x7faed8108820
2024-05-09T08:16:17.641 INFO:teuthology.orchestra.run.smithi028.stdout:/usr/bin/ceph: stderr
2024-05-09T08:16:16.762+0000 7faed659c700 1 --2- >> [v2:172.21.15.28:3300/0,v1:172.21.15.28:6789/0] conn(0x7faed8108820 0x7faed819bda0 unknown :-1 s=BANNER_CONNECTING pgs=0 cs=0 l=1 rev1=0 crypto rx=0 tx=0 comp rx=0 tx=0)._handle_peer_banner_payload supported=3 required=0
2024-05-09T08:16:17.641 INFO:teuthology.orchestra.run.smithi028.stdout:/usr/bin/ceph: stderr
2024-05-09T08:16:16.762+0000 7faed659c700 1 --2- >> [v2:172.21.15.28:3300/0,v1:172.21.15.28:6789/0] conn(0x7faed8108820 0x7faed819bda0 unknown :-1 s=HELLO_CONNECTING pgs=0 cs=0 l=1 rev1=1 crypto rx=0 tx=0 comp rx=0 tx=0).handle_hello peer v2:172.21.15.28:3300/0 says I am v2:172.21.15.28:59908/0 (socket says 172.21.15.28:59908)
2024-05-09T08:16:17.641 INFO:teuthology.orchestra.run.smithi028.stdout:/usr/bin/ceph: stderr
2024-05-09T08:16:16.762+0000 7faed659c700 1 -- 172.21.15.28:0/2995055207 learned_addr learned my addr 172.21.15.28:0/2995055207 (peer_addr_for_me v2:172.21.15.28:0/0)
2024-05-09T08:16:17.641 INFO:teuthology.orchestra.run.smithi028.stdout:/usr/bin/ceph: stderr
2024-05-09T08:16:16.762+0000 7faed659c700 1 -- 172.21.15.28:0/2995055207 --> [v2:172.21.15.28:3300/0,v1:172.21.15.28:6789/0] -- mon_subscribe({config=0+,monmap=0+}) -- 0x7faed819c2e0 con 0x7faed8108820
2024-05-09T08:16:17.642 INFO:teuthology.orchestra.run.smithi028.stdout:/usr/bin/ceph: stderr
2024-05-09T08:16:16.762+0000 7faed659c700 1 --2- 172.21.15.28:0/2995055207 >> [v2:172.21.15.28:3300/0,v1:172.21.15.28:6789/0] conn(0x7faed8108820 0x7faed819bda0 secure :-1 s=READY pgs=27 cs=0 l=1 rev1=1 crypto rx=0x7faec8011670 tx=0x7faec8011b60 comp rx=0 tx=0).ready entity=mon.0 client_cookie=0 server_cookie=0 in_seq=0 out_seq=0
2024-05-09T08:16:17.642 INFO:teuthology.orchestra.run.smithi028.stdout:/usr/bin/ceph: stderr
2024-05-09T08:16:16.762+0000 7faec77fe700 1 -- 172.21.15.28:0/2995055207 <== mon.0 v2:172.21.15.28:3300/0 1 ==== mon_map magic: 0 ==== 205+0+0 (secure 0 0 0) 0x7faec80039c0 con 0x7faed8108820
2024-05-09T08:16:17.642 INFO:teuthology.orchestra.run.smithi028.stdout:/usr/bin/ceph: stderr
2024-05-09T08:16:16.762+0000 7faec77fe700 1 -- 172.21.15.28:0/2995055207 <== mon.0 v2:172.21.15.28:3300/0 2 ==== config(27 keys) ==== 1109+0+0 (secure 0 0 0) 0x7faec8011e50 con 0x7faed8108820
2024-05-09T08:16:17.642 INFO:teuthology.orchestra.run.smithi028.stdout:/usr/bin/ceph: stderr
2024-05-09T08:16:16.762+0000 7faec77fe700 1 -- 172.21.15.28:0/2995055207 <== mon.0 v2:172.21.15.28:3300/0 3 ==== mon_map magic: 0 ==== 205+0+0 (secure 0 0 0) 0x7faec801a5c0 con 0x7faed8108820
2024-05-09T08:16:17.642 INFO:teuthology.orchestra.run.smithi028.stdout:/usr/bin/ceph: stderr
2024-05-09T08:16:16.762+0000 7faedccb4700 1 -- 172.21.15.28:0/2995055207 --> [v2:172.21.15.28:3300/0,v1:172.21.15.28:6789/0] -- mon_subscribe({mgrmap=0+}) -- 0x7faed819c570 con 0x7faed8108820
2024-05-09T08:16:17.642 INFO:teuthology.orchestra.run.smithi028.stdout:/usr/bin/ceph: stderr
2024-05-09T08:16:16.762+0000 7faedccb4700 1 -- 172.21.15.28:0/2995055207 --> [v2:172.21.15.28:3300/0,v1:172.21.15.28:6789/0] -- mon_subscribe({osdmap=0}) -- 0x7faed819f220 con 0x7faed8108820
2024-05-09T08:16:17.642 INFO:teuthology.orchestra.run.smithi028.stdout:/usr/bin/ceph: stderr
2024-05-09T08:16:16.763+0000 7faec77fe700 1 -- 172.21.15.28:0/2995055207 <== mon.0 v2:172.21.15.28:3300/0 4 ==== mgrmap(e 5) ==== 46287+0+0 (secure 0 0 0) 0x7faec801a8c0 con 0x7faed8108820
2024-05-09T08:16:17.642 INFO:teuthology.orchestra.run.smithi028.stdout:/usr/bin/ceph: stderr
2024-05-09T08:16:16.764+0000 7faedccb4700 1 -- 172.21.15.28:0/2995055207 --> [v2:172.21.15.28:3300/0,v1:172.21.15.28:6789/0] -- mon_command({"prefix": "get_command_descriptions"} v 0) -- 0x7faed8063980 con 0x7faed8108820
2024-05-09T08:16:17.642 INFO:teuthology.orchestra.run.smithi028.stdout:/usr/bin/ceph: stderr
2024-05-09T08:16:16.764+0000 7faec77fe700 1 --2- 172.21.15.28:0/2995055207 >> [v2:172.21.15.28:6800/1179097296,v1:172.21.15.28:6801/1179097296] conn(0x7faec0039000 0x7faec003b4c0 unknown :-1 s=NONE pgs=0 cs=0 l=1 rev1=0 crypto rx=0 tx=0 comp rx=0 tx=0).connect
2024-05-09T08:16:17.642 INFO:teuthology.orchestra.run.smithi028.stdout:/usr/bin/ceph: stderr
2024-05-09T08:16:16.764+0000 7faec77fe700 1 -- 172.21.15.28:0/2995055207 <== mon.0 v2:172.21.15.28:3300/0 5 ==== osd_map(1..1 src has 1..1) ==== 725+0+0 (secure 0 0 0) 0x7faec804d440 con 0x7faed8108820
2024-05-09T08:16:17.642 INFO:teuthology.orchestra.run.smithi028.stdout:/usr/bin/ceph: stderr
2024-05-09T08:16:16.764+0000 7faed5d9b700 1 -- 172.21.15.28:0/2995055207 >> [v2:172.21.15.28:6800/1179097296,v1:172.21.15.28:6801/1179097296] conn(0x7faec0039000 msgr2=0x7faec003b4c0 unknown :-1 s=STATE_CONNECTING_RE l=1).process reconnect failed to v2:172.21.15.28:6800/1179097296
2024-05-09T08:16:17.642 INFO:teuthology.orchestra.run.smithi028.stdout:/usr/bin/ceph: stderr
2024-05-09T08:16:16.764+0000 7faed5d9b700 1 --2- 172.21.15.28:0/2995055207 >> [v2:172.21.15.28:6800/1179097296,v1:172.21.15.28:6801/1179097296] conn(0x7faec0039000 0x7faec003b4c0 unknown :-1 s=START_CONNECT pgs=0 cs=0 l=1 rev1=0 crypto rx=0 tx=0 comp rx=0 tx=0)._fault waiting 0.200000
2024-05-09T08:16:17.643 INFO:teuthology.orchestra.run.smithi028.stdout:/usr/bin/ceph: stderr
2024-05-09T08:16:16.769+0000 7faec77fe700 1 -- 172.21.15.28:0/2995055207 <== mon.0 v2:172.21.15.28:3300/0 6 ==== mon_command_ack([{"prefix": "get_command_descriptions"}]=0 v0) ==== 72+0+186147 (secure 0 0 0) 0x7faec8019c70 con 0x7faed8108820
2024-05-09T08:16:17.643 INFO:teuthology.orchestra.run.smithi028.stdout:/usr/bin/ceph: stderr
2024-05-09T08:16:16.965+0000 7faed5d9b700 1 -- 172.21.15.28:0/2995055207 >> [v2:172.21.15.28:6800/1179097296,v1:172.21.15.28:6801/1179097296] conn(0x7faec0039000 msgr2=0x7faec003b4c0 unknown :-1 s=STATE_CONNECTING_RE l=1).process reconnect failed to v2:172.21.15.28:6800/1179097296
2024-05-09T08:16:17.643 INFO:teuthology.orchestra.run.smithi028.stdout:/usr/bin/ceph: stderr
2024-05-09T08:16:16.965+0000 7faed5d9b700 1 --2- 172.21.15.28:0/2995055207 >> [v2:172.21.15.28:6800/1179097296,v1:172.21.15.28:6801/1179097296] conn(0x7faec0039000 0x7faec003b4c0 unknown :-1 s=START_CONNECT pgs=0 cs=0 l=1 rev1=0 crypto rx=0 tx=0 comp rx=0 tx=0)._fault waiting 0.400000
2024-05-09T08:16:17.643 INFO:teuthology.orchestra.run.smithi028.stdout:/usr/bin/ceph: stderr
2024-05-09T08:16:17.063+0000 7faedccb4700 1 -- 172.21.15.28:0/2995055207 --> [v2:172.21.15.28:3300/0,v1:172.21.15.28:6789/0] -- mon_command({"prefix": "mgr stat"} v 0) -- 0x7faed819f440 con 0x7faed8108820
2024-05-09T08:16:17.643 INFO:teuthology.orchestra.run.smithi028.stdout:/usr/bin/ceph: stderr
2024-05-09T08:16:17.065+0000 7faec77fe700 1 -- 172.21.15.28:0/2995055207 <== mon.0 v2:172.21.15.28:3300/0 7 ==== mon_command_ack([{"prefix": "mgr stat"}]=0 v5) ==== 56+0+88 (secure 0 0 0) 0x7faed819f440 con 0x7faed8108820
2024-05-09T08:16:17.643 INFO:teuthology.orchestra.run.smithi028.stdout:/usr/bin/ceph: stderr
2024-05-09T08:16:17.069+0000 7faedccb4700 1 -- 172.21.15.28:0/2995055207 >> [v2:172.21.15.28:6800/1179097296,v1:172.21.15.28:6801/1179097296] conn(0x7faec0039000 msgr2=0x7faec003b4c0 unknown :-1 s=STATE_CONNECTING l=1).mark_down
2024-05-09T08:16:17.643 INFO:teuthology.orchestra.run.smithi028.stdout:/usr/bin/ceph: stderr
2024-05-09T08:16:17.069+0000 7faedccb4700 1 --2- 172.21.15.28:0/2995055207 >> [v2:172.21.15.28:6800/1179097296,v1:172.21.15.28:6801/1179097296] conn(0x7faec0039000 0x7faec003b4c0 unknown :-1 s=START_CONNECT pgs=0 cs=0 l=1 rev1=0 crypto rx=0 tx=0 comp rx=0 tx=0).stop
2024-05-09T08:16:17.643 INFO:teuthology.orchestra.run.smithi028.stdout:/usr/bin/ceph: stderr
2024-05-09T08:16:17.069+0000 7faedccb4700 1 -- 172.21.15.28:0/2995055207 >> [v2:172.21.15.28:3300/0,v1:172.21.15.28:6789/0] conn(0x7faed8108820 msgr2=0x7faed819bda0 secure :-1 s=STATE_CONNECTION_ESTABLISHED l=1).mark_down
2024-05-09T08:16:17.643 INFO:teuthology.orchestra.run.smithi028.stdout:/usr/bin/ceph: stderr
