2024-05-09T08:19:38.894+0000 7f3f1de00700 1 --2- 172.21.15.133:0/2390488360 >> [v2:172.21.15.133:3300/0,v1:172.21.15.133:6789/0] conn(0x7f3f1807de60 0x7f3f1807c2c0 secure :-1 s=READY pgs=47 cs=0 l=1 rev1=1 crypto rx=0x7f3f0c009e80 tx=0x7f3f0c00b330 comp rx=0 tx=0).stop
2024-05-09T08:19:40.033 INFO:teuthology.orchestra.run.smithi133.stdout:/usr/bin/ceph: stderr
2024-05-09T08:19:38.894+0000 7f3f1de00700 1 -- 172.21.15.133:0/2390488360 shutdown_connections
2024-05-09T08:19:40.033 INFO:teuthology.orchestra.run.smithi133.stdout:/usr/bin/ceph: stderr
2024-05-09T08:19:38.894+0000 7f3f1de00700 1 --2- 172.21.15.133:0/2390488360 >> [v2:172.21.15.133:3300/0,v1:172.21.15.133:6789/0] conn(0x7f3f1807de60 0x7f3f1807c2c0 unknown :-1 s=CLOSED pgs=47 cs=0 l=1 rev1=1 crypto rx=0 tx=0 comp rx=0 tx=0).stop
2024-05-09T08:19:40.033 INFO:teuthology.orchestra.run.smithi133.stdout:/usr/bin/ceph: stderr
2024-05-09T08:19:38.894+0000 7f3f1de00700 1 -- 172.21.15.133:0/2390488360 >> 172.21.15.133:0/2390488360 conn(0x7f3f18103170 msgr2=0x7f3f18105590 unknown :-1 s=STATE_NONE l=0).mark_down
2024-05-09T08:19:40.033 INFO:teuthology.orchestra.run.smithi133.stdout:/usr/bin/ceph: stderr
2024-05-09T08:19:38.894+0000 7f3f1de00700 1 -- 172.21.15.133:0/2390488360 shutdown_connections
2024-05-09T08:19:40.034 INFO:teuthology.orchestra.run.smithi133.stdout:/usr/bin/ceph: stderr
2024-05-09T08:19:38.895+0000 7f3f1de00700 1 -- 172.21.15.133:0/2390488360 wait complete.
2024-05-09T08:19:40.034 INFO:teuthology.orchestra.run.smithi133.stdout:/usr/bin/ceph: stderr
2024-05-09T08:19:38.896+0000 7f3f1de00700 1 Processor -- start
2024-05-09T08:19:40.034 INFO:teuthology.orchestra.run.smithi133.stdout:/usr/bin/ceph: stderr
2024-05-09T08:19:38.896+0000 7f3f1de00700 1 -- start start
2024-05-09T08:19:40.034 INFO:teuthology.orchestra.run.smithi133.stdout:/usr/bin/ceph: stderr
2024-05-09T08:19:38.896+0000 7f3f1de00700 1 --2- >> [v2:172.21.15.133:3300/0,v1:172.21.15.133:6789/0] conn(0x7f3f1807de60 0x7f3f1819dc60 unknown :-1 s=NONE pgs=0 cs=0 l=1 rev1=0 crypto rx=0 tx=0 comp rx=0 tx=0).connect
2024-05-09T08:19:40.034 INFO:teuthology.orchestra.run.smithi133.stdout:/usr/bin/ceph: stderr
2024-05-09T08:19:38.896+0000 7f3f1de00700 1 -- --> [v2:172.21.15.133:3300/0,v1:172.21.15.133:6789/0] -- mon_getmap magic: 0 -- 0x7f3f1810e180 con 0x7f3f1807de60
2024-05-09T08:19:40.034 INFO:teuthology.orchestra.run.smithi133.stdout:/usr/bin/ceph: stderr
2024-05-09T08:19:38.896+0000 7f3f1ca00700 1 --2- >> [v2:172.21.15.133:3300/0,v1:172.21.15.133:6789/0] conn(0x7f3f1807de60 0x7f3f1819dc60 unknown :-1 s=BANNER_CONNECTING pgs=0 cs=0 l=1 rev1=0 crypto rx=0 tx=0 comp rx=0 tx=0)._handle_peer_banner_payload supported=3 required=0
2024-05-09T08:19:40.034 INFO:teuthology.orchestra.run.smithi133.stdout:/usr/bin/ceph: stderr
2024-05-09T08:19:38.896+0000 7f3f1ca00700 1 --2- >> [v2:172.21.15.133:3300/0,v1:172.21.15.133:6789/0] conn(0x7f3f1807de60 0x7f3f1819dc60 unknown :-1 s=HELLO_CONNECTING pgs=0 cs=0 l=1 rev1=1 crypto rx=0 tx=0 comp rx=0 tx=0).handle_hello peer v2:172.21.15.133:3300/0 says I am v2:172.21.15.133:40930/0 (socket says 172.21.15.133:40930)
2024-05-09T08:19:40.037 INFO:teuthology.orchestra.run.smithi133.stdout:/usr/bin/ceph: stderr
2024-05-09T08:19:38.896+0000 7f3f1ca00700 1 -- 172.21.15.133:0/417600995 learned_addr learned my addr 172.21.15.133:0/417600995 (peer_addr_for_me v2:172.21.15.133:0/0)
2024-05-09T08:19:40.037 INFO:teuthology.orchestra.run.smithi133.stdout:/usr/bin/ceph: stderr
2024-05-09T08:19:38.897+0000 7f3f1ca00700 1 -- 172.21.15.133:0/417600995 --> [v2:172.21.15.133:3300/0,v1:172.21.15.133:6789/0] -- mon_subscribe({config=0+,monmap=0+}) -- 0x7f3f1819e1a0 con 0x7f3f1807de60
2024-05-09T08:19:40.037 INFO:teuthology.orchestra.run.smithi133.stdout:/usr/bin/ceph: stderr
2024-05-09T08:19:38.897+0000 7f3f1ca00700 1 --2- 172.21.15.133:0/417600995 >> [v2:172.21.15.133:3300/0,v1:172.21.15.133:6789/0] conn(0x7f3f1807de60 0x7f3f1819dc60 secure :-1 s=READY pgs=48 cs=0 l=1 rev1=1 crypto rx=0x7f3f0c009e50 tx=0x7f3f0c00bd30 comp rx=0 tx=0).ready entity=mon.0 client_cookie=0 server_cookie=0 in_seq=0 out_seq=0
2024-05-09T08:19:40.037 INFO:teuthology.orchestra.run.smithi133.stdout:/usr/bin/ceph: stderr
2024-05-09T08:19:38.897+0000 7f3f15600700 1 -- 172.21.15.133:0/417600995 <== mon.0 v2:172.21.15.133:3300/0 1 ==== mon_map magic: 0 ==== 205+0+0 (secure 0 0 0) 0x7f3f0c020020 con 0x7f3f1807de60
2024-05-09T08:19:40.037 INFO:teuthology.orchestra.run.smithi133.stdout:/usr/bin/ceph: stderr
2024-05-09T08:19:38.897+0000 7f3f15600700 1 -- 172.21.15.133:0/417600995 <== mon.0 v2:172.21.15.133:3300/0 2 ==== config(27 keys) ==== 1109+0+0 (secure 0 0 0) 0x7f3f0c003b50 con 0x7f3f1807de60
2024-05-09T08:19:40.037 INFO:teuthology.orchestra.run.smithi133.stdout:/usr/bin/ceph: stderr
2024-05-09T08:19:38.897+0000 7f3f1de00700 1 -- 172.21.15.133:0/417600995 --> [v2:172.21.15.133:3300/0,v1:172.21.15.133:6789/0] -- mon_subscribe({mgrmap=0+}) -- 0x7f3f1819e430 con 0x7f3f1807de60
2024-05-09T08:19:40.037 INFO:teuthology.orchestra.run.smithi133.stdout:/usr/bin/ceph: stderr
2024-05-09T08:19:38.897+0000 7f3f15600700 1 -- 172.21.15.133:0/417600995 <== mon.0 v2:172.21.15.133:3300/0 3 ==== mon_map magic: 0 ==== 205+0+0 (secure 0 0 0) 0x7f3f0c017040 con 0x7f3f1807de60
2024-05-09T08:19:40.037 INFO:teuthology.orchestra.run.smithi133.stdout:/usr/bin/ceph: stderr
2024-05-09T08:19:38.898+0000 7f3f1de00700 1 -- 172.21.15.133:0/417600995 --> [v2:172.21.15.133:3300/0,v1:172.21.15.133:6789/0] -- mon_subscribe({osdmap=0}) -- 0x7f3f181a1120 con 0x7f3f1807de60
2024-05-09T08:19:40.038 INFO:teuthology.orchestra.run.smithi133.stdout:/usr/bin/ceph: stderr
2024-05-09T08:19:38.898+0000 7f3f1de00700 1 -- 172.21.15.133:0/417600995 --> [v2:172.21.15.133:3300/0,v1:172.21.15.133:6789/0] -- mon_command({"prefix": "get_command_descriptions"} v 0) -- 0x7f3f18069440 con 0x7f3f1807de60
2024-05-09T08:19:40.038 INFO:teuthology.orchestra.run.smithi133.stdout:/usr/bin/ceph: stderr
2024-05-09T08:19:38.899+0000 7f3f15600700 1 -- 172.21.15.133:0/417600995 <== mon.0 v2:172.21.15.133:3300/0 4 ==== mgrmap(e 8) ==== 46287+0+0 (secure 0 0 0) 0x7f3f0c023020 con 0x7f3f1807de60
2024-05-09T08:19:40.038 INFO:teuthology.orchestra.run.smithi133.stdout:/usr/bin/ceph: stderr
2024-05-09T08:19:38.899+0000 7f3f15600700 1 --2- 172.21.15.133:0/417600995 >> [v2:172.21.15.133:6800/3643547543,v1:172.21.15.133:6801/3643547543] conn(0x7f3f000390c0 0x7f3f0003b580 unknown :-1 s=NONE pgs=0 cs=0 l=1 rev1=0 crypto rx=0 tx=0 comp rx=0 tx=0).connect
2024-05-09T08:19:40.038 INFO:teuthology.orchestra.run.smithi133.stdout:/usr/bin/ceph: stderr
2024-05-09T08:19:38.899+0000 7f3f15600700 1 -- 172.21.15.133:0/417600995 <== mon.0 v2:172.21.15.133:3300/0 5 ==== osd_map(2..2 src has 1..2) ==== 940+0+0 (secure 0 0 0) 0x7f3f0c00f050 con 0x7f3f1807de60
2024-05-09T08:19:40.038 INFO:teuthology.orchestra.run.smithi133.stdout:/usr/bin/ceph: stderr
2024-05-09T08:19:38.899+0000 7f3f17e00700 1 --2- 172.21.15.133:0/417600995 >> [v2:172.21.15.133:6800/3643547543,v1:172.21.15.133:6801/3643547543] conn(0x7f3f000390c0 0x7f3f0003b580 unknown :-1 s=BANNER_CONNECTING pgs=0 cs=0 l=1 rev1=0 crypto rx=0 tx=0 comp rx=0 tx=0)._handle_peer_banner_payload supported=3 required=0
2024-05-09T08:19:40.038 INFO:teuthology.orchestra.run.smithi133.stdout:/usr/bin/ceph: stderr
2024-05-09T08:19:38.900+0000 7f3f17e00700 1 --2- 172.21.15.133:0/417600995 >> [v2:172.21.15.133:6800/3643547543,v1:172.21.15.133:6801/3643547543] conn(0x7f3f000390c0 0x7f3f0003b580 secure :-1 s=READY pgs=12 cs=0 l=1 rev1=1 crypto rx=0x7f3f04006fd0 tx=0x7f3f04006e40 comp rx=0 tx=0).ready entity=mgr.14120 client_cookie=0 server_cookie=0 in_seq=0 out_seq=0
2024-05-09T08:19:40.038 INFO:teuthology.orchestra.run.smithi133.stdout:/usr/bin/ceph: stderr
2024-05-09T08:19:38.905+0000 7f3f15600700 1 -- 172.21.15.133:0/417600995 <== mon.0 v2:172.21.15.133:3300/0 6 ==== mon_command_ack([{"prefix": "get_command_descriptions"}]=0 v0) ==== 72+0+186147 (secure 0 0 0) 0x7f3f0c02a020 con 0x7f3f1807de60
2024-05-09T08:19:40.038 INFO:teuthology.orchestra.run.smithi133.stdout:/usr/bin/ceph: stderr
2024-05-09T08:19:39.146+0000 7f3f1de00700 1 -- 172.21.15.133:0/417600995 --> [v2:172.21.15.133:6800/3643547543,v1:172.21.15.133:6801/3643547543] -- mgr_command(tid 0: {"prefix": "orch apply", "service_type": "mon", "unmanaged": true, "target": ["mon-mgr", ""]}) -- 0x7f3f18104300 con 0x7f3f000390c0
2024-05-09T08:19:40.038 INFO:teuthology.orchestra.run.smithi133.stdout:/usr/bin/ceph: stderr
2024-05-09T08:19:39.158+0000 7f3f15600700 1 -- 172.21.15.133:0/417600995 <== mgr.14120 v2:172.21.15.133:6800/3643547543 1 ==== mgr_command_reply(tid 0: 0 ) ==== 8+0+24 (secure 0 0 0) 0x7f3f18104300 con 0x7f3f000390c0
2024-05-09T08:19:40.038 INFO:teuthology.orchestra.run.smithi133.stdout:/usr/bin/ceph: stderr
2024-05-09T08:19:39.160+0000 7f3f1de00700 1 -- 172.21.15.133:0/417600995 >> [v2:172.21.15.133:6800/3643547543,v1:172.21.15.133:6801/3643547543] conn(0x7f3f000390c0 msgr2=0x7f3f0003b580 secure :-1 s=STATE_CONNECTION_ESTABLISHED l=1).mark_down
2024-05-09T08:19:40.038 INFO:teuthology.orchestra.run.smithi133.stdout:/usr/bin/ceph: stderr
2024-05-09T08:19:39.160+0000 7f3f1de00700 1 --2- 172.21.15.133:0/417600995 >> [v2:172.21.15.133:6800/3643547543,v1:172.21.15.133:6801/3643547543] conn(0x7f3f000390c0 0x7f3f0003b580 secure :-1 s=READY pgs=12 cs=0 l=1 rev1=1 crypto rx=0x7f3f04006fd0 tx=0x7f3f04006e40 comp rx=0 tx=0).stop
2024-05-09T08:19:40.038 INFO:teuthology.orchestra.run.smithi133.stdout:/usr/bin/ceph: stderr
2024-05-09T08:19:39.160+0000 7f3f1de00700 1 -- 172.21.15.133:0/417600995 >> [v2:172.21.15.133:3300/0,v1:172.21.15.133:6789/0] conn(0x7f3f1807de60 msgr2=0x7f3f1819dc60 secure :-1 s=STATE_CONNECTION_ESTABLISHED l=1).mark_down
2024-05-09T08:19:40.039 INFO:teuthology.orchestra.run.smithi133.stdout:/usr/bin/ceph: stderr
2024-05-09T08:19:39.160+0000 7f3f1de00700 1 --2- 172.21.15.133:0/417600995 >> [v2:172.21.15.133:3300/0,v1:172.21.15.133:6789/0] conn(0x7f3f1807de60 0x7f3f1819dc60 secure :-1 s=READY pgs=48 cs=0 l=1 rev1=1 crypto rx=0x7f3f0c009e50 tx=0x7f3f0c00bd30 comp rx=0 tx=0).stop
2024-05-09T08:19:40.039 INFO:teuthology.orchestra.run.smithi133.stdout:/usr/bin/ceph: stderr
2024-05-09T08:19:39.161+0000 7f3f1de00700 1 -- 172.21.15.133:0/417600995 shutdown_connections
2024-05-09T08:19:40.039 INFO:teuthology.orchestra.run.smithi133.stdout:/usr/bin/ceph: stderr
2024-05-09T08:19:39.161+0000 7f3f1de00700 1 --2- 172.21.15.133:0/417600995 >> [v2:172.21.15.133:6800/3643547543,v1:172.21.15.133:6801/3643547543] conn(0x7f3f000390c0 0x7f3f0003b580 unknown :-1 s=CLOSED pgs=12 cs=0 l=1 rev1=1 crypto rx=0 tx=0 comp rx=0 tx=0).stop
2024-05-09T08:19:40.039 INFO:teuthology.orchestra.run.smithi133.stdout:/usr/bin/ceph: stderr
2024-05-09T08:19:39.161+0000 7f3f1de00700 1 --2- 172.21.15.133:0/417600995 >> [v2:172.21.15.133:3300/0,v1:172.21.15.133:6789/0] conn(0x7f3f1807de60 0x7f3f1819dc60 unknown :-1 s=CLOSED pgs=48 cs=0 l=1 rev1=1 crypto rx=0 tx=0 comp rx=0 tx=0).stop
2024-05-09T08:19:40.039 INFO:teuthology.orchestra.run.smithi133.stdout:/usr/bin/ceph: stderr
2024-05-09T08:19:39.161+0000 7f3f1de00700 1 -- 172.21.15.133:0/417600995 >> 172.21.15.133:0/417600995 conn(0x7f3f18103170 msgr2=0x7f3f18103bf0 unknown :-1 s=STATE_NONE l=0).mark_down
2024-05-09T08:19:40.039 INFO:teuthology.orchestra.run.smithi133.stdout:/usr/bin/ceph: stderr
2024-05-09T08:19:39.161+0000 7f3f1de00700 1 -- 172.21.15.133:0/417600995 shutdown_connections
2024-05-09T08:19:40.039 INFO:teuthology.orchestra.run.smithi133.stdout:/usr/bin/ceph: stderr
2024-05-09T08:19:39.161+0000 7f3f1de00700 1 -- 172.21.15.133:0/417600995 wait complete.
2024-05-09T08:19:40.039 INFO:teuthology.orchestra.run.smithi133.stdout:Deploying unmanaged mgr service...
2024-05-09T08:19:40.341 INFO:journalctl@ceph.mon.a.smithi133.stdout:May 09 08:19:40 smithi133 ceph-mon[29610]: from='client.14142 -' entity='client.admin' cmd=[{"prefix": "orch apply", "service_type": "mon", "unmanaged": true, "target": ["mon-mgr", ""]}]: dispatch
2024-05-09T08:19:40.341 INFO:journalctl@ceph.mon.a.smithi133.stdout:May 09 08:19:40 smithi133 ceph-mon[29610]: Saving service mon spec with placement count:5
2024-05-09T08:19:40.341 INFO:journalctl@ceph.mon.a.smithi133.stdout:May 09 08:19:40 smithi133 ceph-mon[29610]: from='mgr.14120 172.21.15.133:0/2718461272' entity='mgr.x'
2024-05-09T08:19:42.179 INFO:journalctl@ceph.mon.a.smithi133.stdout:May 09 08:19:42 smithi133 ceph-mon[29610]: from='mgr.14120 172.21.15.133:0/2718461272' entity='mgr.x'
2024-05-09T08:19:42.180 INFO:journalctl@ceph.mon.a.smithi133.stdout:May 09 08:19:42 smithi133 ceph-mon[29610]: from='mgr.14120 172.21.15.133:0/2718461272' entity='mgr.x'
2024-05-09T08:19:42.180 INFO:journalctl@ceph.mon.a.smithi133.stdout:May 09 08:19:42 smithi133 ceph-mon[29610]: from='mgr.14120 172.21.15.133:0/2718461272' entity='mgr.x'
2024-05-09T08:19:42.515 INFO:teuthology.orchestra.run.smithi133.stdout:/usr/bin/ceph: stdout Scheduled mgr update...
2024-05-09T08:19:42.515 INFO:teuthology.orchestra.run.smithi133.stdout:/usr/bin/ceph: stderr
2024-05-09T08:19:41.574+0000 7f85b7400700 1 Processor -- start
2024-05-09T08:19:42.515 INFO:teuthology.orchestra.run.smithi133.stdout:/usr/bin/ceph: stderr
2024-05-09T08:19:41.574+0000 7f85b7400700 1 -- start start
2024-05-09T08:19:42.515 INFO:teuthology.orchestra.run.smithi133.stdout:/usr/bin/ceph: stderr
2024-05-09T08:19:41.574+0000 7f85b7400700 1 --2- >> [v2:172.21.15.133:3300/0,v1:172.21.15.133:6789/0] conn(0x7f85b01087f0 0x7f85b010abe0 unknown :-1 s=NONE pgs=0 cs=0 l=0 rev1=0 crypto rx=0 tx=0 comp rx=0 tx=0).connect
2024-05-09T08:19:42.516 INFO:teuthology.orchestra.run.smithi133.stdout:/usr/bin/ceph: stderr
2024-05-09T08:19:41.574+0000 7f85b7400700 1 -- --> [v2:172.21.15.133:3300/0,v1:172.21.15.133:6789/0] -- mon_getmap magic: 0 -- 0x7f85b007be50 con 0x7f85b01087f0
2024-05-09T08:19:42.516 INFO:teuthology.orchestra.run.smithi133.stdout:/usr/bin/ceph: stderr
2024-05-09T08:19:41.575+0000 7f85b4a00700 1 --2- >> [v2:172.21.15.133:3300/0,v1:172.21.15.133:6789/0] conn(0x7f85b01087f0 0x7f85b010abe0 unknown :-1 s=BANNER_CONNECTING pgs=0 cs=0 l=0 rev1=0 crypto rx=0 tx=0 comp rx=0 tx=0)._handle_peer_banner_payload supported=3 required=0
2024-05-09T08:19:42.516 INFO:teuthology.orchestra.run.smithi133.stdout:/usr/bin/ceph: stderr
2024-05-09T08:19:41.575+0000 7f85b4a00700 1 --2- >> [v2:172.21.15.133:3300/0,v1:172.21.15.133:6789/0] conn(0x7f85b01087f0 0x7f85b010abe0 unknown :-1 s=HELLO_CONNECTING pgs=0 cs=0 l=0 rev1=1 crypto rx=0 tx=0 comp rx=0 tx=0).handle_hello peer v2:172.21.15.133:3300/0 says I am v2:172.21.15.133:40932/0 (socket says 172.21.15.133:40932)
2024-05-09T08:19:42.516 INFO:teuthology.orchestra.run.smithi133.stdout:/usr/bin/ceph: stderr
2024-05-09T08:19:41.575+0000 7f85b4a00700 1 -- 172.21.15.133:0/184856555 learned_addr learned my addr 172.21.15.133:0/184856555 (peer_addr_for_me v2:172.21.15.133:0/0)
2024-05-09T08:19:42.516 INFO:teuthology.orchestra.run.smithi133.stdout:/usr/bin/ceph: stderr
2024-05-09T08:19:41.575+0000 7f85b4a00700 1 -- 172.21.15.133:0/184856555 --> [v2:172.21.15.133:3300/0,v1:172.21.15.133:6789/0] -- mon_subscribe({config=0+,monmap=0+}) -- 0x7f85b010b120 con 0x7f85b01087f0
2024-05-09T08:19:42.517 INFO:teuthology.orchestra.run.smithi133.stdout:/usr/bin/ceph: stderr
2024-05-09T08:19:41.576+0000 7f85b4a00700 1 --2- 172.21.15.133:0/184856555 >> [v2:172.21.15.133:3300/0,v1:172.21.15.133:6789/0] conn(0x7f85b01087f0 0x7f85b010abe0 secure :-1 s=READY pgs=49 cs=0 l=1 rev1=1 crypto rx=0x7f85a40098a0 tx=0x7f85a4009bb0 comp rx=0 tx=0).ready entity=mon.0 client_cookie=161fc125a5045daf server_cookie=0 in_seq=0 out_seq=0
2024-05-09T08:19:42.517 INFO:teuthology.orchestra.run.smithi133.stdout:/usr/bin/ceph: stderr
2024-05-09T08:19:41.576+0000 7f85af400700 1 -- 172.21.15.133:0/184856555 <== mon.0 v2:172.21.15.133:3300/0 1 ==== mon_map magic: 0 ==== 205+0+0 (secure 0 0 0) 0x7f85a4004160 con 0x7f85b01087f0
2024-05-09T08:19:42.517 INFO:teuthology.orchestra.run.smithi133.stdout:/usr/bin/ceph: stderr
2024-05-09T08:19:41.576+0000 7f85af400700 1 -- 172.21.15.133:0/184856555 <== mon.0 v2:172.21.15.133:3300/0 2 ==== config(27 keys) ==== 1140+0+0 (secure 0 0 0) 0x7f85a4004300 con 0x7f85b01087f0
2024-05-09T08:19:42.517 INFO:teuthology.orchestra.run.smithi133.stdout:/usr/bin/ceph: stderr
2024-05-09T08:19:41.576+0000 7f85af400700 1 -- 172.21.15.133:0/184856555 <== mon.0 v2:172.21.15.133:3300/0 3 ==== mon_map magic: 0 ==== 205+0+0 (secure 0 0 0) 0x7f85a4011b20 con 0x7f85b01087f0
2024-05-09T08:19:42.517 INFO:teuthology.orchestra.run.smithi133.stdout:/usr/bin/ceph: stderr
2024-05-09T08:19:41.577+0000 7f85b7400700 1 -- 172.21.15.133:0/184856555 >> [v2:172.21.15.133:3300/0,v1:172.21.15.133:6789/0] conn(0x7f85b01087f0 msgr2=0x7f85b010abe0 secure :-1 s=STATE_CONNECTION_ESTABLISHED l=1).mark_down
2024-05-09T08:19:42.517 INFO:teuthology.orchestra.run.smithi133.stdout:/usr/bin/ceph: stderr
2024-05-09T08:19:41.577+0000 7f85b7400700 1 --2- 172.21.15.133:0/184856555 >> [v2:172.21.15.133:3300/0,v1:172.21.15.133:6789/0] conn(0x7f85b01087f0 0x7f85b010abe0 secure :-1 s=READY pgs=49 cs=0 l=1 rev1=1 crypto rx=0x7f85a40098a0 tx=0x7f85a4009bb0 comp rx=0 tx=0).stop
2024-05-09T08:19:42.518 INFO:teuthology.orchestra.run.smithi133.stdout:/usr/bin/ceph: stderr
2024-05-09T08:19:41.577+0000 7f85b7400700 1 -- 172.21.15.133:0/184856555 shutdown_connections
2024-05-09T08:19:42.518 INFO:teuthology.orchestra.run.smithi133.stdout:/usr/bin/ceph: stderr
2024-05-09T08:19:41.577+0000 7f85b7400700 1 --2- 172.21.15.133:0/184856555 >> [v2:172.21.15.133:3300/0,v1:172.21.15.133:6789/0] conn(0x7f85b01087f0 0x7f85b010abe0 unknown :-1 s=CLOSED pgs=49 cs=0 l=1 rev1=1 crypto rx=0 tx=0 comp rx=0 tx=0).stop
2024-05-09T08:19:42.518 INFO:teuthology.orchestra.run.smithi133.stdout:/usr/bin/ceph: stderr
2024-05-09T08:19:41.577+0000 7f85b7400700 1 -- 172.21.15.133:0/184856555 >> 172.21.15.133:0/184856555 conn(0x7f85b01021e0 msgr2=0x7f85b0104600 unknown :-1 s=STATE_NONE l=0).mark_down
2024-05-09T08:19:42.518 INFO:teuthology.orchestra.run.smithi133.stdout:/usr/bin/ceph: stderr
2024-05-09T08:19:41.577+0000 7f85b7400700 1 -- 172.21.15.133:0/184856555 shutdown_connections
2024-05-09T08:19:42.518 INFO:teuthology.orchestra.run.smithi133.stdout:/usr/bin/ceph: stderr
2024-05-09T08:19:41.577+0000 7f85b7400700 1 -- 172.21.15.133:0/184856555 wait complete.
2024-05-09T08:19:42.518 INFO:teuthology.orchestra.run.smithi133.stdout:/usr/bin/ceph: stderr
2024-05-09T08:19:41.578+0000 7f85b7400700 1 Processor -- start
2024-05-09T08:19:42.519 INFO:teuthology.orchestra.run.smithi133.stdout:/usr/bin/ceph: stderr
2024-05-09T08:19:41.578+0000 7f85b7400700 1 -- start start
2024-05-09T08:19:42.519 INFO:teuthology.orchestra.run.smithi133.stdout:/usr/bin/ceph: stderr
2024-05-09T08:19:41.579+0000 7f85b7400700 1 --2- >> [v2:172.21.15.133:3300/0,v1:172.21.15.133:6789/0] conn(0x7f85b01087f0 0x7f85b019ddb0 unknown :-1 s=NONE pgs=0 cs=0 l=1 rev1=0 crypto rx=0 tx=0 comp rx=0 tx=0).connect
2024-05-09T08:19:42.519 INFO:teuthology.orchestra.run.smithi133.stdout:/usr/bin/ceph: stderr
2024-05-09T08:19:41.579+0000 7f85b7400700 1 -- --> [v2:172.21.15.133:3300/0,v1:172.21.15.133:6789/0] -- mon_getmap magic: 0 -- 0x7f85b010c130 con 0x7f85b01087f0
2024-05-09T08:19:42.519 INFO:teuthology.orchestra.run.smithi133.stdout:/usr/bin/ceph: stderr
2024-05-09T08:19:41.579+0000 7f85b4a00700 1 --2- >> [v2:172.21.15.133:3300/0,v1:172.21.15.133:6789/0] conn(0x7f85b01087f0 0x7f85b019ddb0 unknown :-1 s=BANNER_CONNECTING pgs=0 cs=0 l=1 rev1=0 crypto rx=0 tx=0 comp rx=0 tx=0)._handle_peer_banner_payload supported=3 required=0
2024-05-09T08:19:42.519 INFO:teuthology.orchestra.run.smithi133.stdout:/usr/bin/ceph: stderr
2024-05-09T08:19:41.579+0000 7f85b4a00700 1 --2- >> [v2:172.21.15.133:3300/0,v1:172.21.15.133:6789/0] conn(0x7f85b01087f0 0x7f85b019ddb0 unknown :-1 s=HELLO_CONNECTING pgs=0 cs=0 l=1 rev1=1 crypto rx=0 tx=0 comp rx=0 tx=0).handle_hello peer v2:172.21.15.133:3300/0 says I am v2:172.21.15.133:40938/0 (socket says 172.21.15.133:40938)
2024-05-09T08:19:42.520 INFO:teuthology.orchestra.run.smithi133.stdout:/usr/bin/ceph: stderr
2024-05-09T08:19:41.579+0000 7f85b4a00700 1 -- 172.21.15.133:0/2574632387 learned_addr learned my addr 172.21.15.133:0/2574632387 (peer_addr_for_me v2:172.21.15.133:0/0)
2024-05-09T08:19:42.520 INFO:teuthology.orchestra.run.smithi133.stdout:/usr/bin/ceph: stderr
2024-05-09T08:19:41.579+0000 7f85b4a00700 1 -- 172.21.15.133:0/2574632387 --> [v2:172.21.15.133:3300/0,v1:172.21.15.133:6789/0] -- mon_subscribe({config=0+,monmap=0+}) -- 0x7f85b019e2f0 con 0x7f85b01087f0
2024-05-09T08:19:42.520 INFO:teuthology.orchestra.run.smithi133.stdout:/usr/bin/ceph: stderr
2024-05-09T08:19:41.580+0000 7f85b4a00700 1 --2- 172.21.15.133:0/2574632387 >> [v2:172.21.15.133:3300/0,v1:172.21.15.133:6789/0] conn(0x7f85b01087f0 0x7f85b019ddb0 secure :-1 s=READY pgs=50 cs=0 l=1 rev1=1 crypto rx=0x7f85a40117e0 tx=0x7f85a4011ba0 comp rx=0 tx=0).ready entity=mon.0 client_cookie=0 server_cookie=0 in_seq=0 out_seq=0
2024-05-09T08:19:42.521 INFO:teuthology.orchestra.run.smithi133.stdout:/usr/bin/ceph: stderr
2024-05-09T08:19:41.580+0000 7f85ad600700 1 -- 172.21.15.133:0/2574632387 <== mon.0 v2:172.21.15.133:3300/0 1 ==== mon_map magic: 0 ==== 205+0+0 (secure 0 0 0) 0x7f85a4003ba0 con 0x7f85b01087f0
2024-05-09T08:19:42.521 INFO:teuthology.orchestra.run.smithi133.stdout:/usr/bin/ceph: stderr
2024-05-09T08:19:41.580+0000 7f85ad600700 1 -- 172.21.15.133:0/2574632387 <== mon.0 v2:172.21.15.133:3300/0 2 ==== config(27 keys) ==== 1140+0+0 (secure 0 0 0) 0x7f85a401a910 con 0x7f85b01087f0
2024-05-09T08:19:42.521 INFO:teuthology.orchestra.run.smithi133.stdout:/usr/bin/ceph: stderr
2024-05-09T08:19:41.580+0000 7f85ad600700 1 -- 172.21.15.133:0/2574632387 <== mon.0 v2:172.21.15.133:3300/0 3 ==== mon_map magic: 0 ==== 205+0+0 (secure 0 0 0) 0x7f85a40248f0 con 0x7f85b01087f0
2024-05-09T08:19:42.521 INFO:teuthology.orchestra.run.smithi133.stdout:/usr/bin/ceph: stderr
2024-05-09T08:19:41.580+0000 7f85b7400700 1 -- 172.21.15.133:0/2574632387 --> [v2:172.21.15.133:3300/0,v1:172.21.15.133:6789/0] -- mon_subscribe({mgrmap=0+}) -- 0x7f85b019e580 con 0x7f85b01087f0
2024-05-09T08:19:42.521 INFO:teuthology.orchestra.run.smithi133.stdout:/usr/bin/ceph: stderr
2024-05-09T08:19:41.580+0000 7f85b7400700 1 -- 172.21.15.133:0/2574632387 --> [v2:172.21.15.133:3300/0,v1:172.21.15.133:6789/0] -- mon_subscribe({osdmap=0}) -- 0x7f85b01a1230 con 0x7f85b01087f0
2024-05-09T08:19:42.521 INFO:teuthology.orchestra.run.smithi133.stdout:/usr/bin/ceph: stderr
2024-05-09T08:19:41.581+0000 7f85b7400700 1 -- 172.21.15.133:0/2574632387 --> [v2:172.21.15.133:3300/0,v1:172.21.15.133:6789/0] -- mon_command({"prefix": "get_command_descriptions"} v 0) -- 0x7f85b0063980 con 0x7f85b01087f0
2024-05-09T08:19:42.522 INFO:teuthology.orchestra.run.smithi133.stdout:/usr/bin/ceph: stderr
2024-05-09T08:19:41.582+0000 7f85ad600700 1 -- 172.21.15.133:0/2574632387 <== mon.0 v2:172.21.15.133:3300/0 4 ==== mgrmap(e 8) ==== 46287+0+0 (secure 0 0 0) 0x7f85a4022020 con 0x7f85b01087f0
2024-05-09T08:19:42.522 INFO:teuthology.orchestra.run.smithi133.stdout:/usr/bin/ceph: stderr
2024-05-09T08:19:41.582+0000 7f85ad600700 1 --2- 172.21.15.133:0/2574632387 >> [v2:172.21.15.133:6800/3643547543,v1:172.21.15.133:6801/3643547543] conn(0x7f8598039160 0x7f859803b620 unknown :-1 s=NONE pgs=0 cs=0 l=1 rev1=0 crypto rx=0 tx=0 comp rx=0 tx=0).connect
2024-05-09T08:19:42.522 INFO:teuthology.orchestra.run.smithi133.stdout:/usr/bin/ceph: stderr
2024-05-09T08:19:41.582+0000 7f85ad600700 1 -- 172.21.15.133:0/2574632387 <== mon.0 v2:172.21.15.133:3300/0 5 ==== osd_map(2..2 src has 1..2) ==== 940+0+0 (secure 0 0 0) 0x7f85a404d580 con 0x7f85b01087f0
2024-05-09T08:19:42.522 INFO:teuthology.orchestra.run.smithi133.stdout:/usr/bin/ceph: stderr
2024-05-09T08:19:41.583+0000 7f85afe00700 1 --2- 172.21.15.133:0/2574632387 >> [v2:172.21.15.133:6800/3643547543,v1:172.21.15.133:6801/3643547543] conn(0x7f8598039160 0x7f859803b620 unknown :-1 s=BANNER_CONNECTING pgs=0 cs=0 l=1 rev1=0 crypto rx=0 tx=0 comp rx=0 tx=0)._handle_peer_banner_payload supported=3 required=0
2024-05-09T08:19:42.522 INFO:teuthology.orchestra.run.smithi133.stdout:/usr/bin/ceph: stderr
2024-05-09T08:19:41.584+0000 7f85afe00700 1 --2- 172.21.15.133:0/2574632387 >> [v2:172.21.15.133:6800/3643547543,v1:172.21.15.133:6801/3643547543] conn(0x7f8598039160 0x7f859803b620 secure :-1 s=READY pgs=13 cs=0 l=1 rev1=1 crypto rx=0x7f859c006fd0 tx=0x7f859c006e40 comp rx=0 tx=0).ready entity=mgr.14120 client_cookie=0 server_cookie=0 in_seq=0 out_seq=0
2024-05-09T08:19:42.522 INFO:teuthology.orchestra.run.smithi133.stdout:/usr/bin/ceph: stderr
2024-05-09T08:19:41.588+0000 7f85ad600700 1 -- 172.21.15.133:0/2574632387 <== mon.0 v2:172.21.15.133:3300/0 6 ==== mon_command_ack([{"prefix": "get_command_descriptions"}]=0 v0) ==== 72+0+186147 (secure 0 0 0) 0x7f85a400f2e0 con 0x7f85b01087f0
2024-05-09T08:19:42.523 INFO:teuthology.orchestra.run.smithi133.stdout:/usr/bin/ceph: stderr
2024-05-09T08:19:41.840+0000 7f85b7400700 1 -- 172.21.15.133:0/2574632387 --> [v2:172.21.15.133:6800/3643547543,v1:172.21.15.133:6801/3643547543] -- mgr_command(tid 0: {"prefix": "orch apply", "service_type": "mgr", "unmanaged": true, "target": ["mon-mgr", ""]}) -- 0x7f85b01032f0 con 0x7f8598039160
2024-05-09T08:19:42.523 INFO:teuthology.orchestra.run.smithi133.stdout:/usr/bin/ceph: stderr
2024-05-09T08:19:41.847+0000 7f85ad600700 1 -- 172.21.15.133:0/2574632387 <== mgr.14120 v2:172.21.15.133:6800/3643547543 1 ==== mgr_command_reply(tid 0: 0 ) ==== 8+0+24 (secure 0 0 0) 0x7f85b01032f0 con 0x7f8598039160
2024-05-09T08:19:42.523 INFO:teuthology.orchestra.run.smithi133.stdout:/usr/bin/ceph: stderr
2024-05-09T08:19:41.850+0000 7f85b7400700 1 -- 172.21.15.133:0/2574632387 >> [v2:172.21.15.133:6800/3643547543,v1:172.21.15.133:6801/3643547543] conn(0x7f8598039160 msgr2=0x7f859803b620 secure :-1 s=STATE_CONNECTION_ESTABLISHED l=1).mark_down
2024-05-09T08:19:42.523 INFO:teuthology.orchestra.run.smithi133.stdout:/usr/bin/ceph: stderr
2024-05-09T08:19:41.850+0000 7f85b7400700 1 --2- 172.21.15.133:0/2574632387 >> [v2:172.21.15.133:6800/3643547543,v1:172.21.15.133:6801/3643547543] conn(0x7f8598039160 0x7f859803b620 secure :-1 s=READY pgs=13 cs=0 l=1 rev1=1 crypto rx=0x7f859c006fd0 tx=0x7f859c006e40 comp rx=0 tx=0).stop
2024-05-09T08:19:42.523 INFO:teuthology.orchestra.run.smithi133.stdout:/usr/bin/ceph: stderr
2024-05-09T08:19:41.850+0000 7f85b7400700 1 -- 172.21.15.133:0/2574632387 >> [v2:172.21.15.133:3300/0,v1:172.21.15.133:6789/0] conn(0x7f85b01087f0 msgr2=0x7f85b019ddb0 secure :-1 s=STATE_CONNECTION_ESTABLISHED l=1).mark_down
2024-05-09T08:19:42.523 INFO:teuthology.orchestra.run.smithi133.stdout:/usr/bin/ceph: stderr
2024-05-09T08:19:41.850+0000 7f85b7400700 1 --2- 172.21.15.133:0/2574632387 >> [v2:172.21.15.133:3300/0,v1:172.21.15.133:6789/0] conn(0x7f85b01087f0 0x7f85b019ddb0 secure :-1 s=READY pgs=50 cs=0 l=1 rev1=1 crypto rx=0x7f85a40117e0 tx=0x7f85a4011ba0 comp rx=0 tx=0).stop
2024-05-09T08:19:42.524 INFO:teuthology.orchestra.run.smithi133.stdout:/usr/bin/ceph: stderr
2024-05-09T08:19:41.850+0000 7f85b7400700 1 -- 172.21.15.133:0/2574632387 shutdown_connections
2024-05-09T08:19:42.524 INFO:teuthology.orchestra.run.smithi133.stdout:/usr/bin/ceph: stderr
2024-05-09T08:19:41.850+0000 7f85b7400700 1 --2- 172.21.15.133:0/2574632387 >> [v2:172.21.15.133:6800/3643547543,v1:172.21.15.133:6801/3643547543] conn(0x7f8598039160 0x7f859803b620 unknown :-1 s=CLOSED pgs=13 cs=0 l=1 rev1=1 crypto rx=0 tx=0 comp rx=0 tx=0).stop
2024-05-09T08:19:42.524 INFO:teuthology.orchestra.run.smithi133.stdout:/usr/bin/ceph: stderr
2024-05-09T08:19:41.850+0000 7f85b7400700 1 --2- 172.21.15.133:0/2574632387 >> [v2:172.21.15.133:3300/0,v1:172.21.15.133:6789/0] conn(0x7f85b01087f0 0x7f85b019ddb0 unknown :-1 s=CLOSED pgs=50 cs=0 l=1 rev1=1 crypto rx=0 tx=0 comp rx=0 tx=0).stop
2024-05-09T08:19:42.524 INFO:teuthology.orchestra.run.smithi133.stdout:/usr/bin/ceph: stderr
2024-05-09T08:19:41.850+0000 7f85b7400700 1 -- 172.21.15.133:0/2574632387 >> 172.21.15.133:0/2574632387 conn(0x7f85b01021e0 msgr2=0x7f85b0102be0 unknown :-1 s=STATE_NONE l=0).mark_down
2024-05-09T08:19:42.524 INFO:teuthology.orchestra.run.smithi133.stdout:/usr/bin/ceph: stderr
2024-05-09T08:19:41.850+0000 7f85b7400700 1 -- 172.21.15.133:0/2574632387 shutdown_connections
2024-05-09T08:19:42.524 INFO:teuthology.orchestra.run.smithi133.stdout:/usr/bin/ceph: stderr
2024-05-09T08:19:41.850+0000 7f85b7400700 1 -- 172.21.15.133:0/2574632387 wait complete.
2024-05-09T08:19:43.680 INFO:journalctl@ceph.mon.a.smithi133.stdout:May 09 08:19:43 smithi133 ceph-mon[29610]: from='client.14144 -' entity='client.admin' cmd=[{"prefix": "orch apply", "service_type": "mgr", "unmanaged": true, "target": ["mon-mgr", ""]}]: dispatch
2024-05-09T08:19:43.680 INFO:journalctl@ceph.mon.a.smithi133.stdout:May 09 08:19:43 smithi133 ceph-mon[29610]: Saving service mgr spec with placement count:2
2024-05-09T08:19:43.680 INFO:journalctl@ceph.mon.a.smithi133.stdout:May 09 08:19:43 smithi133 ceph-mon[29610]: pgmap v3: 0 pgs: ; 0 B data, 0 B used, 0 B / 0 B avail
2024-05-09T08:19:43.680 INFO:journalctl@ceph.mon.a.smithi133.stdout:May 09 08:19:43 smithi133 ceph-mon[29610]: from='client.? 172.21.15.133:0/61957323' entity='client.admin'
2024-05-09T08:19:44.616 INFO:teuthology.orchestra.run.smithi133.stdout:/usr/bin/ceph: stderr
2024-05-09T08:19:43.122+0000 7f7581400700 1 Processor -- start
2024-05-09T08:19:44.616 INFO:teuthology.orchestra.run.smithi133.stdout:/usr/bin/ceph: stderr
2024-05-09T08:19:43.122+0000 7f7581400700 1 -- start start
2024-05-09T08:19:44.616 INFO:teuthology.orchestra.run.smithi133.stdout:/usr/bin/ceph: stderr
2024-05-09T08:19:43.122+0000 7f7581400700 1 --2- >> [v2:172.21.15.133:3300/0,v1:172.21.15.133:6789/0] conn(0x7f757c107d10 0x7f757c108130 unknown :-1 s=NONE pgs=0 cs=0 l=0 rev1=0 crypto rx=0 tx=0 comp rx=0 tx=0).connect
2024-05-09T08:19:44.616 INFO:teuthology.orchestra.run.smithi133.stdout:/usr/bin/ceph: stderr
2024-05-09T08:19:43.122+0000 7f7581400700 1 -- --> [v2:172.21.15.133:3300/0,v1:172.21.15.133:6789/0] -- mon_getmap magic: 0 -- 0x7f757c108700 con 0x7f757c107d10
2024-05-09T08:19:44.616 INFO:teuthology.orchestra.run.smithi133.stdout:/usr/bin/ceph: stderr
2024-05-09T08:19:43.123+0000 7f757a800700 1 --2- >> [v2:172.21.15.133:3300/0,v1:172.21.15.133:6789/0] conn(0x7f757c107d10 0x7f757c108130 unknown :-1 s=BANNER_CONNECTING pgs=0 cs=0 l=0 rev1=0 crypto rx=0 tx=0 comp rx=0 tx=0)._handle_peer_banner_payload supported=3 required=0
2024-05-09T08:19:44.616 INFO:teuthology.orchestra.run.smithi133.stdout:/usr/bin/ceph: stderr
2024-05-09T08:19:43.123+0000 7f757a800700 1 --2- >> [v2:172.21.15.133:3300/0,v1:172.21.15.133:6789/0] conn(0x7f757c107d10 0x7f757c108130 unknown :-1 s=HELLO_CONNECTING pgs=0 cs=0 l=0 rev1=1 crypto rx=0 tx=0 comp rx=0 tx=0).handle_hello peer v2:172.21.15.133:3300/0 says I am v2:172.21.15.133:40944/0 (socket says 172.21.15.133:40944)
2024-05-09T08:19:44.617 INFO:teuthology.orchestra.run.smithi133.stdout:/usr/bin/ceph: stderr
2024-05-09T08:19:43.123+0000 7f757a800700 1 -- 172.21.15.133:0/2818679510 learned_addr learned my addr 172.21.15.133:0/2818679510 (peer_addr_for_me v2:172.21.15.133:0/0)
2024-05-09T08:19:44.617 INFO:teuthology.orchestra.run.smithi133.stdout:/usr/bin/ceph: stderr
2024-05-09T08:19:43.123+0000 7f757a800700 1 -- 172.21.15.133:0/2818679510 --> [v2:172.21.15.133:3300/0,v1:172.21.15.133:6789/0] -- mon_subscribe({config=0+,monmap=0+}) -- 0x7f757c108f10 con 0x7f757c107d10
2024-05-09T08:19:44.617 INFO:teuthology.orchestra.run.smithi133.stdout:/usr/bin/ceph: stderr
2024-05-09T08:19:43.124+0000 7f757a800700 1 --2- 172.21.15.133:0/2818679510 >> [v2:172.21.15.133:3300/0,v1:172.21.15.133:6789/0] conn(0x7f757c107d10 0x7f757c108130 secure :-1 s=READY pgs=51 cs=0 l=1 rev1=1 crypto rx=0x7f756c0098a0 tx=0x7f756c009bb0 comp rx=0 tx=0).ready entity=mon.0 client_cookie=8773c82ce6e93a7e server_cookie=0 in_seq=0 out_seq=0
2024-05-09T08:19:44.617 INFO:teuthology.orchestra.run.smithi133.stdout:/usr/bin/ceph: stderr
2024-05-09T08:19:43.124+0000 7f7579400700 1 -- 172.21.15.133:0/2818679510 <== mon.0 v2:172.21.15.133:3300/0 1 ==== mon_map magic: 0 ==== 205+0+0 (secure 0 0 0) 0x7f756c004160 con 0x7f757c107d10
2024-05-09T08:19:44.617 INFO:teuthology.orchestra.run.smithi133.stdout:/usr/bin/ceph: stderr
2024-05-09T08:19:43.124+0000 7f7579400700 1 -- 172.21.15.133:0/2818679510 <== mon.0 v2:172.21.15.133:3300/0 2 ==== config(27 keys) ==== 1140+0+0 (secure 0 0 0) 0x7f756c004300 con 0x7f757c107d10
2024-05-09T08:19:44.617 INFO:teuthology.orchestra.run.smithi133.stdout:/usr/bin/ceph: stderr
2024-05-09T08:19:43.124+0000 7f7579400700 1 -- 172.21.15.133:0/2818679510 <== mon.0 v2:172.21.15.133:3300/0 3 ==== mon_map magic: 0 ==== 205+0+0 (secure 0 0 0) 0x7f756c011b20 con 0x7f757c107d10
2024-05-09T08:19:44.617 INFO:teuthology.orchestra.run.smithi133.stdout:/usr/bin/ceph: stderr
2024-05-09T08:19:43.125+0000 7f7581400700 1 -- 172.21.15.133:0/2818679510 >> [v2:172.21.15.133:3300/0,v1:172.21.15.133:6789/0] conn(0x7f757c107d10 msgr2=0x7f757c108130 secure :-1 s=STATE_CONNECTION_ESTABLISHED l=1).mark_down
2024-05-09T08:19:44.617 INFO:teuthology.orchestra.run.smithi133.stdout:/usr/bin/ceph: stderr
2024-05-09T08:19:43.125+0000 7f7581400700 1 --2- 172.21.15.133:0/2818679510 >> [v2:172.21.15.133:3300/0,v1:172.21.15.133:6789/0] conn(0x7f757c107d10 0x7f757c108130 secure :-1 s=READY pgs=51 cs=0 l=1 rev1=1 crypto rx=0x7f756c0098a0 tx=0x7f756c009bb0 comp rx=0 tx=0).stop
2024-05-09T08:19:44.617 INFO:teuthology.orchestra.run.smithi133.stdout:/usr/bin/ceph: stderr
2024-05-09T08:19:43.125+0000 7f7581400700 1 -- 172.21.15.133:0/2818679510 shutdown_connections
2024-05-09T08:19:44.617 INFO:teuthology.orchestra.run.smithi133.stdout:/usr/bin/ceph: stderr
2024-05-09T08:19:43.125+0000 7f7581400700 1 --2- 172.21.15.133:0/2818679510 >> [v2:172.21.15.133:3300/0,v1:172.21.15.133:6789/0] conn(0x7f757c107d10 0x7f757c108130 unknown :-1 s=CLOSED pgs=51 cs=0 l=1 rev1=1 crypto rx=0 tx=0 comp rx=0 tx=0).stop
2024-05-09T08:19:44.617 INFO:teuthology.orchestra.run.smithi133.stdout:/usr/bin/ceph: stderr
2024-05-09T08:19:43.125+0000 7f7581400700 1 -- 172.21.15.133:0/2818679510 >> 172.21.15.133:0/2818679510 conn(0x7f757c1032d0 msgr2=0x7f757c1056f0 unknown :-1 s=STATE_NONE l=0).mark_down
2024-05-09T08:19:44.617 INFO:teuthology.orchestra.run.smithi133.stdout:/usr/bin/ceph: stderr
2024-05-09T08:19:43.125+0000 7f7581400700 1 -- 172.21.15.133:0/2818679510 shutdown_connections
2024-05-09T08:19:44.618 INFO:teuthology.orchestra.run.smithi133.stdout:/usr/bin/ceph: stderr
2024-05-09T08:19:43.125+0000 7f7581400700 1 -- 172.21.15.133:0/2818679510 wait complete.
2024-05-09T08:19:44.618 INFO:teuthology.orchestra.run.smithi133.stdout:/usr/bin/ceph: stderr
2024-05-09T08:19:43.126+0000 7f7581400700 1 Processor -- start
2024-05-09T08:19:44.618 INFO:teuthology.orchestra.run.smithi133.stdout:/usr/bin/ceph: stderr
2024-05-09T08:19:43.126+0000 7f7581400700 1 -- start start
2024-05-09T08:19:44.618 INFO:teuthology.orchestra.run.smithi133.stdout:/usr/bin/ceph: stderr
2024-05-09T08:19:43.126+0000 7f7581400700 1 --2- >> [v2:172.21.15.133:3300/0,v1:172.21.15.133:6789/0] conn(0x7f757c107d10 0x7f757c19bb90 unknown :-1 s=NONE pgs=0 cs=0 l=1 rev1=0 crypto rx=0 tx=0 comp rx=0 tx=0).connect
2024-05-09T08:19:44.618 INFO:teuthology.orchestra.run.smithi133.stdout:/usr/bin/ceph: stderr
2024-05-09T08:19:43.126+0000 7f7581400700 1 -- --> [v2:172.21.15.133:3300/0,v1:172.21.15.133:6789/0] -- mon_getmap magic: 0 -- 0x7f757c10c2c0 con 0x7f757c107d10
2024-05-09T08:19:44.618 INFO:teuthology.orchestra.run.smithi133.stdout:/usr/bin/ceph: stderr
2024-05-09T08:19:43.127+0000 7f757a800700 1 --2- >> [v2:172.21.15.133:3300/0,v1:172.21.15.133:6789/0] conn(0x7f757c107d10 0x7f757c19bb90 unknown :-1 s=BANNER_CONNECTING pgs=0 cs=0 l=1 rev1=0 crypto rx=0 tx=0 comp rx=0 tx=0)._handle_peer_banner_payload supported=3 required=0
2024-05-09T08:19:44.618 INFO:teuthology.orchestra.run.smithi133.stdout:/usr/bin/ceph: stderr
2024-05-09T08:19:43.127+0000 7f757a800700 1 --2- >> [v2:172.21.15.133:3300/0,v1:172.21.15.133:6789/0] conn(0x7f757c107d10 0x7f757c19bb90 unknown :-1 s=HELLO_CONNECTING pgs=0 cs=0 l=1 rev1=1 crypto rx=0 tx=0 comp rx=0 tx=0).handle_hello peer v2:172.21.15.133:3300/0 says I am v2:172.21.15.133:40956/0 (socket says 172.21.15.133:40956)
2024-05-09T08:19:44.618 INFO:teuthology.orchestra.run.smithi133.stdout:/usr/bin/ceph: stderr
2024-05-09T08:19:43.127+0000 7f757a800700 1 -- 172.21.15.133:0/61957323 learned_addr learned my addr 172.21.15.133:0/61957323 (peer_addr_for_me v2:172.21.15.133:0/0)
2024-05-09T08:19:44.618 INFO:teuthology.orchestra.run.smithi133.stdout:/usr/bin/ceph: stderr
2024-05-09T08:19:43.127+0000 7f757a800700 1 -- 172.21.15.133:0/61957323 --> [v2:172.21.15.133:3300/0,v1:172.21.15.133:6789/0] -- mon_subscribe({config=0+,monmap=0+}) -- 0x7f757c19c0d0 con 0x7f757c107d10
2024-05-09T08:19:44.618 INFO:teuthology.orchestra.run.smithi133.stdout:/usr/bin/ceph: stderr
2024-05-09T08:19:43.127+0000 7f757a800700 1 --2- 172.21.15.133:0/61957323 >> [v2:172.21.15.133:3300/0,v1:172.21.15.133:6789/0] conn(0x7f757c107d10 0x7f757c19bb90 secure :-1 s=READY pgs=52 cs=0 l=1 rev1=1 crypto rx=0x7f756c0117e0 tx=0x7f756c011c10 comp rx=0 tx=0).ready entity=mon.0 client_cookie=0 server_cookie=0 in_seq=0 out_seq=0
2024-05-09T08:19:44.618 INFO:teuthology.orchestra.run.smithi133.stdout:/usr/bin/ceph: stderr
2024-05-09T08:19:43.127+0000 7f7573400700 1 -- 172.21.15.133:0/61957323 <== mon.0 v2:172.21.15.133:3300/0 1 ==== mon_map magic: 0 ==== 205+0+0 (secure 0 0 0) 0x7f756c003bf0 con 0x7f757c107d10
2024-05-09T08:19:44.618 INFO:teuthology.orchestra.run.smithi133.stdout:/usr/bin/ceph: stderr
2024-05-09T08:19:43.128+0000 7f7573400700 1 -- 172.21.15.133:0/61957323 <== mon.0 v2:172.21.15.133:3300/0 2 ==== config(27 keys) ==== 1140+0+0 (secure 0 0 0) 0x7f756c01a910 con 0x7f757c107d10
2024-05-09T08:19:44.618 INFO:teuthology.orchestra.run.smithi133.stdout:/usr/bin/ceph: stderr
2024-05-09T08:19:43.128+0000 7f7581400700 1 -- 172.21.15.133:0/61957323 --> [v2:172.21.15.133:3300/0,v1:172.21.15.133:6789/0] -- mon_subscribe({mgrmap=0+}) -- 0x7f757c19c360 con 0x7f757c107d10
2024-05-09T08:19:44.618 INFO:teuthology.orchestra.run.smithi133.stdout:/usr/bin/ceph: stderr
2024-05-09T08:19:43.128+0000 7f7573400700 1 -- 172.21.15.133:0/61957323 <== mon.0 v2:172.21.15.133:3300/0 3 ==== mon_map magic: 0 ==== 205+0+0 (secure 0 0 0) 0x7f756c0249a0 con 0x7f757c107d10
2024-05-09T08:19:44.619 INFO:teuthology.orchestra.run.smithi133.stdout:/usr/bin/ceph: stderr
2024-05-09T08:19:43.128+0000 7f7581400700 1 -- 172.21.15.133:0/61957323 --> [v2:172.21.15.133:3300/0,v1:172.21.15.133:6789/0] -- mon_subscribe({osdmap=0}) -- 0x7f757c19c7c0 con 0x7f757c107d10
2024-05-09T08:19:44.619 INFO:teuthology.orchestra.run.smithi133.stdout:/usr/bin/ceph: stderr
2024-05-09T08:19:43.129+0000 7f7581400700 1 -- 172.21.15.133:0/61957323 --> [v2:172.21.15.133:3300/0,v1:172.21.15.133:6789/0] -- mon_command({"prefix": "get_command_descriptions"} v 0) -- 0x7f757c063980 con 0x7f757c107d10
2024-05-09T08:19:44.619 INFO:teuthology.orchestra.run.smithi133.stdout:/usr/bin/ceph: stderr
2024-05-09T08:19:43.129+0000 7f7573400700 1 -- 172.21.15.133:0/61957323 <== mon.0 v2:172.21.15.133:3300/0 4 ==== mgrmap(e 8) ==== 46287+0+0 (secure 0 0 0) 0x7f756c022020 con 0x7f757c107d10
2024-05-09T08:19:44.619 INFO:teuthology.orchestra.run.smithi133.stdout:/usr/bin/ceph: stderr
2024-05-09T08:19:43.130+0000 7f7573400700 1 --2- 172.21.15.133:0/61957323 >> [v2:172.21.15.133:6800/3643547543,v1:172.21.15.133:6801/3643547543] conn(0x7f75600390c0 0x7f756003b580 unknown :-1 s=NONE pgs=0 cs=0 l=1 rev1=0 crypto rx=0 tx=0 comp rx=0 tx=0).connect
2024-05-09T08:19:44.619 INFO:teuthology.orchestra.run.smithi133.stdout:/usr/bin/ceph: stderr
2024-05-09T08:19:43.130+0000 7f7573400700 1 -- 172.21.15.133:0/61957323 <== mon.0 v2:172.21.15.133:3300/0 5 ==== osd_map(2..2 src has 1..2) ==== 940+0+0 (secure 0 0 0) 0x7f756c04d3f0 con 0x7f757c107d10
2024-05-09T08:19:44.619 INFO:teuthology.orchestra.run.smithi133.stdout:/usr/bin/ceph: stderr
2024-05-09T08:19:43.130+0000 7f7579e00700 1 --2- 172.21.15.133:0/61957323 >> [v2:172.21.15.133:6800/3643547543,v1:172.21.15.133:6801/3643547543] conn(0x7f75600390c0 0x7f756003b580 unknown :-1 s=BANNER_CONNECTING pgs=0 cs=0 l=1 rev1=0 crypto rx=0 tx=0 comp rx=0 tx=0)._handle_peer_banner_payload supported=3 required=0
2024-05-09T08:19:44.619 INFO:teuthology.orchestra.run.smithi133.stdout:/usr/bin/ceph: stderr
2024-05-09T08:19:43.131+0000 7f7579e00700 1 --2- 172.21.15.133:0/61957323 >> [v2:172.21.15.133:6800/3643547543,v1:172.21.15.133:6801/3643547543] conn(0x7f75600390c0 0x7f756003b580 secure :-1 s=READY pgs=14 cs=0 l=1 rev1=1 crypto rx=0x7f7568006fd0 tx=0x7f7568006e40 comp rx=0 tx=0).ready entity=mgr.14120 client_cookie=0 server_cookie=0 in_seq=0 out_seq=0
2024-05-09T08:19:44.619 INFO:teuthology.orchestra.run.smithi133.stdout:/usr/bin/ceph: stderr
2024-05-09T08:19:43.135+0000 7f7573400700 1 -- 172.21.15.133:0/61957323 <== mon.0 v2:172.21.15.133:3300/0 6 ==== mon_command_ack([{"prefix": "get_command_descriptions"}]=0 v0) ==== 72+0+186147 (secure 0 0 0) 0x7f756c011e20 con 0x7f757c107d10
2024-05-09T08:19:44.619 INFO:teuthology.orchestra.run.smithi133.stdout:/usr/bin/ceph: stderr
2024-05-09T08:19:43.362+0000 7f7581400700 1 -- 172.21.15.133:0/61957323 --> [v2:172.21.15.133:3300/0,v1:172.21.15.133:6789/0] -- mon_command([{prefix=config set, name=mgr/cephadm/container_init}] v 0) -- 0x7f757c19f050 con 0x7f757c107d10
2024-05-09T08:19:44.619 INFO:teuthology.orchestra.run.smithi133.stdout:/usr/bin/ceph: stderr
2024-05-09T08:19:43.366+0000 7f7573400700 1 -- 172.21.15.133:0/61957323 <== mon.0 v2:172.21.15.133:3300/0 7 ==== mon_command_ack([{prefix=config set, name=mgr/cephadm/container_init}]=0 v7)=0 v7) ==== 142+0+0 (secure 0 0 0) 0x7f756c017cf0 con 0x7f757c107d10
2024-05-09T08:19:44.619 INFO:teuthology.orchestra.run.smithi133.stdout:/usr/bin/ceph: stderr
2024-05-09T08:19:43.369+0000 7f7581400700 1 -- 172.21.15.133:0/61957323 >> [v2:172.21.15.133:6800/3643547543,v1:172.21.15.133:6801/3643547543] conn(0x7f75600390c0 msgr2=0x7f756003b580 secure :-1 s=STATE_CONNECTION_ESTABLISHED l=1).mark_down
2024-05-09T08:19:44.619 INFO:teuthology.orchestra.run.smithi133.stdout:/usr/bin/ceph: stderr
2024-05-09T08:19:43.369+0000 7f7581400700 1 --2- 172.21.15.133:0/61957323 >> [v2:172.21.15.133:6800/3643547543,v1:172.21.15.133:6801/3643547543] conn(0x7f75600390c0 0x7f756003b580 secure :-1 s=READY pgs=14 cs=0 l=1 rev1=1 crypto rx=0x7f7568006fd0 tx=0x7f7568006e40 comp rx=0 tx=0).stop
2024-05-09T08:19:44.619 INFO:teuthology.orchestra.run.smithi133.stdout:/usr/bin/ceph: stderr
2024-05-09T08:19:43.369+0000 7f7581400700 1 -- 172.21.15.133:0/61957323 >> [v2:172.21.15.133:3300/0,v1:172.21.15.133:6789/0] conn(0x7f757c107d10 msgr2=0x7f757c19bb90 secure :-1 s=STATE_CONNECTION_ESTABLISHED l=1).mark_down
2024-05-09T08:19:44.619 INFO:teuthology.orchestra.run.smithi133.stdout:/usr/bin/ceph: stderr
2024-05-09T08:19:43.369+0000 7f7581400700 1 --2- 172.21.15.133:0/61957323 >> [v2:172.21.15.133:3300/0,v1:172.21.15.133:6789/0] conn(0x7f757c107d10 0x7f757c19bb90 secure :-1 s=READY pgs=52 cs=0 l=1 rev1=1 crypto rx=0x7f756c0117e0 tx=0x7f756c011c10 comp rx=0 tx=0).stop
2024-05-09T08:19:44.620 INFO:teuthology.orchestra.run.smithi133.stdout:/usr/bin/ceph: stderr
2024-05-09T08:19:43.369+0000 7f7581400700 1 -- 172.21.15.133:0/61957323 shutdown_connections
2024-05-09T08:19:44.620 INFO:teuthology.orchestra.run.smithi133.stdout:/usr/bin/ceph: stderr
2024-05-09T08:19:43.369+0000 7f7581400700 1 --2- 172.21.15.133:0/61957323 >> [v2:172.21.15.133:6800/3643547543,v1:172.21.15.133:6801/3643547543] conn(0x7f75600390c0 0x7f756003b580 unknown :-1 s=CLOSED pgs=14 cs=0 l=1 rev1=1 crypto rx=0 tx=0 comp rx=0 tx=0).stop
2024-05-09T08:19:44.620 INFO:teuthology.orchestra.run.smithi133.stdout:/usr/bin/ceph: stderr
2024-05-09T08:19:43.369+0000 7f7581400700 1 --2- 172.21.15.133:0/61957323 >> [v2:172.21.15.133:3300/0,v1:172.21.15.133:6789/0] conn(0x7f757c107d10 0x7f757c19bb90 unknown :-1 s=CLOSED pgs=52 cs=0 l=1 rev1=1 crypto rx=0 tx=0 comp rx=0 tx=0).stop
2024-05-09T08:19:44.620 INFO:teuthology.orchestra.run.smithi133.stdout:/usr/bin/ceph: stderr
2024-05-09T08:19:43.369+0000 7f7581400700 1 -- 172.21.15.133:0/61957323 >> 172.21.15.133:0/61957323 conn(0x7f757c1032d0 msgr2=0x7f757c103ca0 unknown :-1 s=STATE_NONE l=0).mark_down
2024-05-09T08:19:44.620 INFO:teuthology.orchestra.run.smithi133.stdout:/usr/bin/ceph: stderr
2024-05-09T08:19:43.369+0000 7f7581400700 1 -- 172.21.15.133:0/61957323 shutdown_connections
2024-05-09T08:19:44.620 INFO:teuthology.orchestra.run.smithi133.stdout:/usr/bin/ceph: stderr
2024-05-09T08:19:43.370+0000 7f7581400700 1 -- 172.21.15.133:0/61957323 wait complete.
2024-05-09T08:19:45.491 INFO:journalctl@ceph.mon.a.smithi133.stdout:May 09 08:19:45 smithi133 ceph-mon[29610]: from='mgr.14120 172.21.15.133:0/2718461272' entity='mgr.x'
2024-05-09T08:19:45.491 INFO:journalctl@ceph.mon.a.smithi133.stdout:May 09 08:19:45 smithi133 ceph-mon[29610]: pgmap v4: 0 pgs: ; 0 B data, 0 B used, 0 B / 0 B avail
2024-05-09T08:19:46.220 INFO:teuthology.orchestra.run.smithi133.stdout:/usr/bin/ceph: stderr
2024-05-09T08:19:45.219+0000 7f3911600700 1 Processor -- start
2024-05-09T08:19:46.221 INFO:teuthology.orchestra.run.smithi133.stdout:/usr/bin/ceph: stderr
2024-05-09T08:19:45.219+0000 7f3911600700 1 -- start start
2024-05-09T08:19:46.221 INFO:teuthology.orchestra.run.smithi133.stdout:/usr/bin/ceph: stderr
2024-05-09T08:19:45.219+0000 7f3911600700 1 --2- >> [v2:172.21.15.133:3300/0,v1:172.21.15.133:6789/0] conn(0x7f390c07de30 0x7f390c07c2e0 unknown :-1 s=NONE pgs=0 cs=0 l=0 rev1=0 crypto rx=0 tx=0 comp rx=0 tx=0).connect
2024-05-09T08:19:46.221 INFO:teuthology.orchestra.run.smithi133.stdout:/usr/bin/ceph: stderr
2024-05-09T08:19:45.219+0000 7f3911600700 1 -- --> [v2:172.21.15.133:3300/0,v1:172.21.15.133:6789/0] -- mon_getmap magic: 0 -- 0x7f390c07c820 con 0x7f390c07de30
2024-05-09T08:19:46.221 INFO:teuthology.orchestra.run.smithi133.stdout:/usr/bin/ceph: stderr
2024-05-09T08:19:45.220+0000 7f390aa00700 1 --2- >> [v2:172.21.15.133:3300/0,v1:172.21.15.133:6789/0] conn(0x7f390c07de30 0x7f390c07c2e0 unknown :-1 s=BANNER_CONNECTING pgs=0 cs=0 l=0 rev1=0 crypto rx=0 tx=0 comp rx=0 tx=0)._handle_peer_banner_payload supported=3 required=0
2024-05-09T08:19:46.221 INFO:teuthology.orchestra.run.smithi133.stdout:/usr/bin/ceph: stderr
2024-05-09T08:19:45.220+0000 7f390aa00700 1 --2- >> [v2:172.21.15.133:3300/0,v1:172.21.15.133:6789/0] conn(0x7f390c07de30 0x7f390c07c2e0 unknown :-1 s=HELLO_CONNECTING pgs=0 cs=0 l=0 rev1=1 crypto rx=0 tx=0 comp rx=0 tx=0).handle_hello peer v2:172.21.15.133:3300/0 says I am v2:172.21.15.133:59038/0 (socket says 172.21.15.133:59038)
2024-05-09T08:19:46.221 INFO:teuthology.orchestra.run.smithi133.stdout:/usr/bin/ceph: stderr
2024-05-09T08:19:45.220+0000 7f390aa00700 1 -- 172.21.15.133:0/434185753 learned_addr learned my addr 172.21.15.133:0/434185753 (peer_addr_for_me v2:172.21.15.133:0/0)
2024-05-09T08:19:46.221 INFO:teuthology.orchestra.run.smithi133.stdout:/usr/bin/ceph: stderr
2024-05-09T08:19:45.221+0000 7f390aa00700 1 -- 172.21.15.133:0/434185753 --> [v2:172.21.15.133:3300/0,v1:172.21.15.133:6789/0] -- mon_subscribe({config=0+,monmap=0+}) -- 0x7f390c07c9a0 con 0x7f390c07de30
2024-05-09T08:19:46.221 INFO:teuthology.orchestra.run.smithi133.stdout:/usr/bin/ceph: stderr
2024-05-09T08:19:45.221+0000 7f390aa00700 1 --2- 172.21.15.133:0/434185753 >> [v2:172.21.15.133:3300/0,v1:172.21.15.133:6789/0] conn(0x7f390c07de30 0x7f390c07c2e0 secure :-1 s=READY pgs=53 cs=0 l=1 rev1=1 crypto rx=0x7f38fc0098a0 tx=0x7f38fc009bb0 comp rx=0 tx=0).ready entity=mon.0 client_cookie=584826de70c078f8 server_cookie=0 in_seq=0 out_seq=0
2024-05-09T08:19:46.221 INFO:teuthology.orchestra.run.smithi133.stdout:/usr/bin/ceph: stderr
2024-05-09T08:19:45.221+0000 7f3909600700 1 -- 172.21.15.133:0/434185753 <== mon.0 v2:172.21.15.133:3300/0 1 ==== mon_map magic: 0 ==== 205+0+0 (secure 0 0 0) 0x7f38fc004160 con 0x7f390c07de30
2024-05-09T08:19:46.221 INFO:teuthology.orchestra.run.smithi133.stdout:/usr/bin/ceph: stderr
2024-05-09T08:19:45.221+0000 7f3909600700 1 -- 172.21.15.133:0/434185753 <== mon.0 v2:172.21.15.133:3300/0 2 ==== config(27 keys) ==== 1140+0+0 (secure 0 0 0) 0x7f38fc004300 con 0x7f390c07de30
2024-05-09T08:19:46.221 INFO:teuthology.orchestra.run.smithi133.stdout:/usr/bin/ceph: stderr
2024-05-09T08:19:45.221+0000 7f3909600700 1 -- 172.21.15.133:0/434185753 <== mon.0 v2:172.21.15.133:3300/0 3 ==== mon_map magic: 0 ==== 205+0+0 (secure 0 0 0) 0x7f38fc011b20 con 0x7f390c07de30
2024-05-09T08:19:46.221 INFO:teuthology.orchestra.run.smithi133.stdout:/usr/bin/ceph: stderr
2024-05-09T08:19:45.222+0000 7f3911600700 1 -- 172.21.15.133:0/434185753 >> [v2:172.21.15.133:3300/0,v1:172.21.15.133:6789/0] conn(0x7f390c07de30 msgr2=0x7f390c07c2e0 secure :-1 s=STATE_CONNECTION_ESTABLISHED l=1).mark_down
2024-05-09T08:19:46.221 INFO:teuthology.orchestra.run.smithi133.stdout:/usr/bin/ceph: stderr
2024-05-09T08:19:45.222+0000 7f3911600700 1 --2- 172.21.15.133:0/434185753 >> [v2:172.21.15.133:3300/0,v1:172.21.15.133:6789/0] conn(0x7f390c07de30 0x7f390c07c2e0 secure :-1 s=READY pgs=53 cs=0 l=1 rev1=1 crypto rx=0x7f38fc0098a0 tx=0x7f38fc009bb0 comp rx=0 tx=0).stop
2024-05-09T08:19:46.222 INFO:teuthology.orchestra.run.smithi133.stdout:/usr/bin/ceph: stderr
2024-05-09T08:19:45.222+0000 7f3911600700 1 -- 172.21.15.133:0/434185753 shutdown_connections
2024-05-09T08:19:46.222 INFO:teuthology.orchestra.run.smithi133.stdout:/usr/bin/ceph: stderr
2024-05-09T08:19:45.222+0000 7f3911600700 1 --2- 172.21.15.133:0/434185753 >> [v2:172.21.15.133:3300/0,v1:172.21.15.133:6789/0] conn(0x7f390c07de30 0x7f390c07c2e0 unknown :-1 s=CLOSED pgs=53 cs=0 l=1 rev1=1 crypto rx=0 tx=0 comp rx=0 tx=0).stop
2024-05-09T08:19:46.222 INFO:teuthology.orchestra.run.smithi133.stdout:/usr/bin/ceph: stderr
