2024-05-09T08:23:47.367+0000 7f0a07931700 1 -- 172.21.15.107:0/2609958884 >> [v2:172.21.15.107:3300/0,v1:172.21.15.107:6789/0] conn(0x7f0a00106d80 msgr2=0x7f0a001071a0 secure :-1 s=STATE_CONNECTION_ESTABLISHED l=1).mark_down
2024-05-09T08:23:49.031 INFO:teuthology.orchestra.run.smithi107.stdout:/usr/bin/ceph: stderr
2024-05-09T08:23:47.367+0000 7f0a07931700 1 --2- 172.21.15.107:0/2609958884 >> [v2:172.21.15.107:3300/0,v1:172.21.15.107:6789/0] conn(0x7f0a00106d80 0x7f0a001071a0 secure :-1 s=READY pgs=53 cs=0 l=1 rev1=1 crypto rx=0x7f09f00098a0 tx=0x7f09f0009bb0 comp rx=0 tx=0).stop
2024-05-09T08:23:49.031 INFO:teuthology.orchestra.run.smithi107.stdout:/usr/bin/ceph: stderr
2024-05-09T08:23:47.367+0000 7f0a07931700 1 -- 172.21.15.107:0/2609958884 shutdown_connections
2024-05-09T08:23:49.031 INFO:teuthology.orchestra.run.smithi107.stdout:/usr/bin/ceph: stderr
2024-05-09T08:23:47.367+0000 7f0a07931700 1 --2- 172.21.15.107:0/2609958884 >> [v2:172.21.15.107:3300/0,v1:172.21.15.107:6789/0] conn(0x7f0a00106d80 0x7f0a001071a0 unknown :-1 s=CLOSED pgs=53 cs=0 l=1 rev1=1 crypto rx=0 tx=0 comp rx=0 tx=0).stop
2024-05-09T08:23:49.031 INFO:teuthology.orchestra.run.smithi107.stdout:/usr/bin/ceph: stderr
2024-05-09T08:23:47.367+0000 7f0a07931700 1 -- 172.21.15.107:0/2609958884 >> 172.21.15.107:0/2609958884 conn(0x7f0a00102340 msgr2=0x7f0a00104760 unknown :-1 s=STATE_NONE l=0).mark_down
2024-05-09T08:23:49.031 INFO:teuthology.orchestra.run.smithi107.stdout:/usr/bin/ceph: stderr
2024-05-09T08:23:47.367+0000 7f0a07931700 1 -- 172.21.15.107:0/2609958884 shutdown_connections
2024-05-09T08:23:49.031 INFO:teuthology.orchestra.run.smithi107.stdout:/usr/bin/ceph: stderr
2024-05-09T08:23:47.367+0000 7f0a07931700 1 -- 172.21.15.107:0/2609958884 wait complete.
2024-05-09T08:23:49.031 INFO:teuthology.orchestra.run.smithi107.stdout:/usr/bin/ceph: stderr
2024-05-09T08:23:47.368+0000 7f0a07931700 1 Processor -- start
2024-05-09T08:23:49.031 INFO:teuthology.orchestra.run.smithi107.stdout:/usr/bin/ceph: stderr
2024-05-09T08:23:47.368+0000 7f0a07931700 1 -- start start
2024-05-09T08:23:49.031 INFO:teuthology.orchestra.run.smithi107.stdout:/usr/bin/ceph: stderr
2024-05-09T08:23:47.368+0000 7f0a07931700 1 --2- >> [v2:172.21.15.107:3300/0,v1:172.21.15.107:6789/0] conn(0x7f0a00106d80 0x7f0a0019bc90 unknown :-1 s=NONE pgs=0 cs=0 l=1 rev1=0 crypto rx=0 tx=0 comp rx=0 tx=0).connect
2024-05-09T08:23:49.031 INFO:teuthology.orchestra.run.smithi107.stdout:/usr/bin/ceph: stderr
2024-05-09T08:23:47.368+0000 7f0a07931700 1 -- --> [v2:172.21.15.107:3300/0,v1:172.21.15.107:6789/0] -- mon_getmap magic: 0 -- 0x7f0a0010b330 con 0x7f0a00106d80
2024-05-09T08:23:49.031 INFO:teuthology.orchestra.run.smithi107.stdout:/usr/bin/ceph: stderr
2024-05-09T08:23:47.368+0000 7f0a056cd700 1 --2- >> [v2:172.21.15.107:3300/0,v1:172.21.15.107:6789/0] conn(0x7f0a00106d80 0x7f0a0019bc90 unknown :-1 s=BANNER_CONNECTING pgs=0 cs=0 l=1 rev1=0 crypto rx=0 tx=0 comp rx=0 tx=0)._handle_peer_banner_payload supported=3 required=0
2024-05-09T08:23:49.032 INFO:teuthology.orchestra.run.smithi107.stdout:/usr/bin/ceph: stderr
2024-05-09T08:23:47.368+0000 7f0a056cd700 1 --2- >> [v2:172.21.15.107:3300/0,v1:172.21.15.107:6789/0] conn(0x7f0a00106d80 0x7f0a0019bc90 unknown :-1 s=HELLO_CONNECTING pgs=0 cs=0 l=1 rev1=1 crypto rx=0 tx=0 comp rx=0 tx=0).handle_hello peer v2:172.21.15.107:3300/0 says I am v2:172.21.15.107:36560/0 (socket says 172.21.15.107:36560)
2024-05-09T08:23:49.032 INFO:teuthology.orchestra.run.smithi107.stdout:/usr/bin/ceph: stderr
2024-05-09T08:23:47.368+0000 7f0a056cd700 1 -- 172.21.15.107:0/271720083 learned_addr learned my addr 172.21.15.107:0/271720083 (peer_addr_for_me v2:172.21.15.107:0/0)
2024-05-09T08:23:49.032 INFO:teuthology.orchestra.run.smithi107.stdout:/usr/bin/ceph: stderr
2024-05-09T08:23:47.369+0000 7f0a056cd700 1 -- 172.21.15.107:0/271720083 --> [v2:172.21.15.107:3300/0,v1:172.21.15.107:6789/0] -- mon_subscribe({config=0+,monmap=0+}) -- 0x7f0a0019c1d0 con 0x7f0a00106d80
2024-05-09T08:23:49.032 INFO:teuthology.orchestra.run.smithi107.stdout:/usr/bin/ceph: stderr
2024-05-09T08:23:47.369+0000 7f0a056cd700 1 --2- 172.21.15.107:0/271720083 >> [v2:172.21.15.107:3300/0,v1:172.21.15.107:6789/0] conn(0x7f0a00106d80 0x7f0a0019bc90 secure :-1 s=READY pgs=54 cs=0 l=1 rev1=1 crypto rx=0x7f09f0006b20 tx=0x7f09f0011ad0 comp rx=0 tx=0).ready entity=mon.0 client_cookie=0 server_cookie=0 in_seq=0 out_seq=0
2024-05-09T08:23:49.032 INFO:teuthology.orchestra.run.smithi107.stdout:/usr/bin/ceph: stderr
2024-05-09T08:23:47.369+0000 7f09f67fc700 1 -- 172.21.15.107:0/271720083 <== mon.0 v2:172.21.15.107:3300/0 1 ==== mon_map magic: 0 ==== 205+0+0 (secure 0 0 0) 0x7f09f00039e0 con 0x7f0a00106d80
2024-05-09T08:23:49.032 INFO:teuthology.orchestra.run.smithi107.stdout:/usr/bin/ceph: stderr
2024-05-09T08:23:47.369+0000 7f09f67fc700 1 -- 172.21.15.107:0/271720083 <== mon.0 v2:172.21.15.107:3300/0 2 ==== config(26 keys) ==== 1102+0+0 (secure 0 0 0) 0x7f09f001a8e0 con 0x7f0a00106d80
2024-05-09T08:23:49.032 INFO:teuthology.orchestra.run.smithi107.stdout:/usr/bin/ceph: stderr
2024-05-09T08:23:47.369+0000 7f0a07931700 1 -- 172.21.15.107:0/271720083 --> [v2:172.21.15.107:3300/0,v1:172.21.15.107:6789/0] -- mon_subscribe({mgrmap=0+}) -- 0x7f0a0019c460 con 0x7f0a00106d80
2024-05-09T08:23:49.032 INFO:teuthology.orchestra.run.smithi107.stdout:/usr/bin/ceph: stderr
2024-05-09T08:23:47.369+0000 7f0a07931700 1 -- 172.21.15.107:0/271720083 --> [v2:172.21.15.107:3300/0,v1:172.21.15.107:6789/0] -- mon_subscribe({osdmap=0}) -- 0x7f0a0019f150 con 0x7f0a00106d80
2024-05-09T08:23:49.032 INFO:teuthology.orchestra.run.smithi107.stdout:/usr/bin/ceph: stderr
2024-05-09T08:23:47.369+0000 7f09f67fc700 1 -- 172.21.15.107:0/271720083 <== mon.0 v2:172.21.15.107:3300/0 3 ==== mon_map magic: 0 ==== 205+0+0 (secure 0 0 0) 0x7f09f00247e0 con 0x7f0a00106d80
2024-05-09T08:23:49.032 INFO:teuthology.orchestra.run.smithi107.stdout:/usr/bin/ceph: stderr
2024-05-09T08:23:47.370+0000 7f09f67fc700 1 -- 172.21.15.107:0/271720083 <== mon.0 v2:172.21.15.107:3300/0 4 ==== mgrmap(e 8) ==== 46287+0+0 (secure 0 0 0) 0x7f09f0022020 con 0x7f0a00106d80
2024-05-09T08:23:49.032 INFO:teuthology.orchestra.run.smithi107.stdout:/usr/bin/ceph: stderr
2024-05-09T08:23:47.370+0000 7f0a07931700 1 -- 172.21.15.107:0/271720083 --> [v2:172.21.15.107:3300/0,v1:172.21.15.107:6789/0] -- mon_command({"prefix": "get_command_descriptions"} v 0) -- 0x7f0a00063980 con 0x7f0a00106d80
2024-05-09T08:23:49.032 INFO:teuthology.orchestra.run.smithi107.stdout:/usr/bin/ceph: stderr
2024-05-09T08:23:47.370+0000 7f09f67fc700 1 --2- 172.21.15.107:0/271720083 >> [v2:172.21.15.107:6800/3922375261,v1:172.21.15.107:6801/3922375261] conn(0x7f09ec039050 0x7f09ec03b510 unknown :-1 s=NONE pgs=0 cs=0 l=1 rev1=0 crypto rx=0 tx=0 comp rx=0 tx=0).connect
2024-05-09T08:23:49.032 INFO:teuthology.orchestra.run.smithi107.stdout:/usr/bin/ceph: stderr
2024-05-09T08:23:47.370+0000 7f09f67fc700 1 -- 172.21.15.107:0/271720083 <== mon.0 v2:172.21.15.107:3300/0 5 ==== osd_map(2..2 src has 1..2) ==== 940+0+0 (secure 0 0 0) 0x7f09f004d3f0 con 0x7f0a00106d80
2024-05-09T08:23:49.032 INFO:teuthology.orchestra.run.smithi107.stdout:/usr/bin/ceph: stderr
2024-05-09T08:23:47.371+0000 7f0a04ecc700 1 --2- 172.21.15.107:0/271720083 >> [v2:172.21.15.107:6800/3922375261,v1:172.21.15.107:6801/3922375261] conn(0x7f09ec039050 0x7f09ec03b510 unknown :-1 s=BANNER_CONNECTING pgs=0 cs=0 l=1 rev1=0 crypto rx=0 tx=0 comp rx=0 tx=0)._handle_peer_banner_payload supported=3 required=0
2024-05-09T08:23:49.033 INFO:teuthology.orchestra.run.smithi107.stdout:/usr/bin/ceph: stderr
2024-05-09T08:23:47.371+0000 7f0a04ecc700 1 --2- 172.21.15.107:0/271720083 >> [v2:172.21.15.107:6800/3922375261,v1:172.21.15.107:6801/3922375261] conn(0x7f09ec039050 0x7f09ec03b510 secure :-1 s=READY pgs=16 cs=0 l=1 rev1=1 crypto rx=0x7f09fc006fd0 tx=0x7f09fc006e40 comp rx=0 tx=0).ready entity=mgr.14118 client_cookie=0 server_cookie=0 in_seq=0 out_seq=0
2024-05-09T08:23:49.033 INFO:teuthology.orchestra.run.smithi107.stdout:/usr/bin/ceph: stderr
2024-05-09T08:23:47.376+0000 7f09f67fc700 1 -- 172.21.15.107:0/271720083 <== mon.0 v2:172.21.15.107:3300/0 6 ==== mon_command_ack([{"prefix": "get_command_descriptions"}]=0 v0) ==== 72+0+186147 (secure 0 0 0) 0x7f09f0020c10 con 0x7f0a00106d80
2024-05-09T08:23:49.033 INFO:teuthology.orchestra.run.smithi107.stdout:/usr/bin/ceph: stderr
2024-05-09T08:23:47.638+0000 7f0a07931700 1 -- 172.21.15.107:0/271720083 --> [v2:172.21.15.107:3300/0,v1:172.21.15.107:6789/0] -- mon_command({"prefix": "mgr module enable", "module": "dashboard"} v 0) -- 0x7f0a0019f700 con 0x7f0a00106d80
2024-05-09T08:23:49.033 INFO:teuthology.orchestra.run.smithi107.stdout:/usr/bin/ceph: stderr
2024-05-09T08:23:48.415+0000 7f09f67fc700 1 -- 172.21.15.107:0/271720083 <== mon.0 v2:172.21.15.107:3300/0 7 ==== mon_command_ack([{"prefix": "mgr module enable", "module": "dashboard"}]=0 v9) ==== 88+0+0 (secure 0 0 0) 0x7f09f0021d80 con 0x7f0a00106d80
2024-05-09T08:23:49.033 INFO:teuthology.orchestra.run.smithi107.stdout:/usr/bin/ceph: stderr
2024-05-09T08:23:48.417+0000 7f09f67fc700 1 -- 172.21.15.107:0/271720083 <== mon.0 v2:172.21.15.107:3300/0 8 ==== mgrmap(e 9) ==== 46300+0+0 (secure 0 0 0) 0x7f09f002dc90 con 0x7f0a00106d80
2024-05-09T08:23:49.033 INFO:teuthology.orchestra.run.smithi107.stdout:/usr/bin/ceph: stderr
2024-05-09T08:23:48.418+0000 7f0a07931700 1 -- 172.21.15.107:0/271720083 >> [v2:172.21.15.107:6800/3922375261,v1:172.21.15.107:6801/3922375261] conn(0x7f09ec039050 msgr2=0x7f09ec03b510 secure :-1 s=STATE_CONNECTION_ESTABLISHED l=1).mark_down
2024-05-09T08:23:49.033 INFO:teuthology.orchestra.run.smithi107.stdout:/usr/bin/ceph: stderr
2024-05-09T08:23:48.418+0000 7f0a07931700 1 --2- 172.21.15.107:0/271720083 >> [v2:172.21.15.107:6800/3922375261,v1:172.21.15.107:6801/3922375261] conn(0x7f09ec039050 0x7f09ec03b510 secure :-1 s=READY pgs=16 cs=0 l=1 rev1=1 crypto rx=0x7f09fc006fd0 tx=0x7f09fc006e40 comp rx=0 tx=0).stop
2024-05-09T08:23:49.033 INFO:teuthology.orchestra.run.smithi107.stdout:/usr/bin/ceph: stderr
2024-05-09T08:23:48.418+0000 7f0a07931700 1 -- 172.21.15.107:0/271720083 >> [v2:172.21.15.107:3300/0,v1:172.21.15.107:6789/0] conn(0x7f0a00106d80 msgr2=0x7f0a0019bc90 secure :-1 s=STATE_CONNECTION_ESTABLISHED l=1).mark_down
2024-05-09T08:23:49.033 INFO:teuthology.orchestra.run.smithi107.stdout:/usr/bin/ceph: stderr
2024-05-09T08:23:48.418+0000 7f0a07931700 1 --2- 172.21.15.107:0/271720083 >> [v2:172.21.15.107:3300/0,v1:172.21.15.107:6789/0] conn(0x7f0a00106d80 0x7f0a0019bc90 secure :-1 s=READY pgs=54 cs=0 l=1 rev1=1 crypto rx=0x7f09f0006b20 tx=0x7f09f0011ad0 comp rx=0 tx=0).stop
2024-05-09T08:23:49.033 INFO:teuthology.orchestra.run.smithi107.stdout:/usr/bin/ceph: stderr
2024-05-09T08:23:48.418+0000 7f0a07931700 1 -- 172.21.15.107:0/271720083 shutdown_connections
2024-05-09T08:23:49.033 INFO:teuthology.orchestra.run.smithi107.stdout:/usr/bin/ceph: stderr
2024-05-09T08:23:48.418+0000 7f0a07931700 1 --2- 172.21.15.107:0/271720083 >> [v2:172.21.15.107:6800/3922375261,v1:172.21.15.107:6801/3922375261] conn(0x7f09ec039050 0x7f09ec03b510 unknown :-1 s=CLOSED pgs=16 cs=0 l=1 rev1=1 crypto rx=0 tx=0 comp rx=0 tx=0).stop
2024-05-09T08:23:49.033 INFO:teuthology.orchestra.run.smithi107.stdout:/usr/bin/ceph: stderr
2024-05-09T08:23:48.418+0000 7f0a07931700 1 --2- 172.21.15.107:0/271720083 >> [v2:172.21.15.107:3300/0,v1:172.21.15.107:6789/0] conn(0x7f0a00106d80 0x7f0a0019bc90 unknown :-1 s=CLOSED pgs=54 cs=0 l=1 rev1=1 crypto rx=0 tx=0 comp rx=0 tx=0).stop
2024-05-09T08:23:49.033 INFO:teuthology.orchestra.run.smithi107.stdout:/usr/bin/ceph: stderr
2024-05-09T08:23:48.418+0000 7f0a07931700 1 -- 172.21.15.107:0/271720083 >> 172.21.15.107:0/271720083 conn(0x7f0a00102340 msgr2=0x7f0a00102d70 unknown :-1 s=STATE_NONE l=0).mark_down
2024-05-09T08:23:49.034 INFO:teuthology.orchestra.run.smithi107.stdout:/usr/bin/ceph: stderr
2024-05-09T08:23:48.418+0000 7f0a07931700 1 -- 172.21.15.107:0/271720083 shutdown_connections
2024-05-09T08:23:49.034 INFO:teuthology.orchestra.run.smithi107.stdout:/usr/bin/ceph: stderr
2024-05-09T08:23:48.418+0000 7f0a07931700 1 -- 172.21.15.107:0/271720083 wait complete.
2024-05-09T08:23:49.280 INFO:journalctl@ceph.mgr.x.smithi107.stdout:May 09 08:23:49 smithi107 ceph-3954c88c-0ddd-11ef-bc98-c7b262605968-mgr-x[30348]:
2024-05-09T08:23:49.223+0000 7f5342004200 -1 mgr[py] Module progress has missing NOTIFY_TYPES member
2024-05-09T08:23:49.743 INFO:journalctl@ceph.mon.a.smithi107.stdout:May 09 08:23:49 smithi107 ceph-mon[30122]: from='client.? 172.21.15.107:0/271720083' entity='client.admin' cmd='[{"prefix": "mgr module enable", "module": "dashboard"}]': finished
2024-05-09T08:23:49.743 INFO:journalctl@ceph.mon.a.smithi107.stdout:May 09 08:23:49 smithi107 ceph-mon[30122]: mgrmap e9: x(active, since 19s)
2024-05-09T08:23:49.743 INFO:journalctl@ceph.mgr.x.smithi107.stdout:May 09 08:23:49 smithi107 ceph-3954c88c-0ddd-11ef-bc98-c7b262605968-mgr-x[30348]:
2024-05-09T08:23:49.309+0000 7f5342004200 -1 mgr[py] Module influx has missing NOTIFY_TYPES member
2024-05-09T08:23:50.428 INFO:journalctl@ceph.mon.a.smithi107.stdout:May 09 08:23:50 smithi107 ceph-mon[30122]: from='client.? 172.21.15.107:0/3772228171' entity='client.admin' cmd=[{"prefix": "mgr stat"}]: dispatch
2024-05-09T08:23:50.437 INFO:teuthology.orchestra.run.smithi107.stdout:/usr/bin/ceph: stdout {
2024-05-09T08:23:50.438 INFO:teuthology.orchestra.run.smithi107.stdout:/usr/bin/ceph: stdout "epoch": 9,
2024-05-09T08:23:50.438 INFO:teuthology.orchestra.run.smithi107.stdout:/usr/bin/ceph: stdout "available": true,
2024-05-09T08:23:50.438 INFO:teuthology.orchestra.run.smithi107.stdout:/usr/bin/ceph: stdout "active_name": "x",
2024-05-09T08:23:50.438 INFO:teuthology.orchestra.run.smithi107.stdout:/usr/bin/ceph: stdout "num_standby": 0
2024-05-09T08:23:50.438 INFO:teuthology.orchestra.run.smithi107.stdout:/usr/bin/ceph: stdout }
2024-05-09T08:23:50.438 INFO:teuthology.orchestra.run.smithi107.stdout:/usr/bin/ceph: stderr
2024-05-09T08:23:49.536+0000 7f0ef5bbc700 1 Processor -- start
2024-05-09T08:23:50.438 INFO:teuthology.orchestra.run.smithi107.stdout:/usr/bin/ceph: stderr
2024-05-09T08:23:49.536+0000 7f0ef5bbc700 1 -- start start
2024-05-09T08:23:50.438 INFO:teuthology.orchestra.run.smithi107.stdout:/usr/bin/ceph: stderr
2024-05-09T08:23:49.536+0000 7f0ef5bbc700 1 --2- >> [v2:172.21.15.107:3300/0,v1:172.21.15.107:6789/0] conn(0x7f0ef0108920 0x7f0ef010ad10 unknown :-1 s=NONE pgs=0 cs=0 l=0 rev1=0 crypto rx=0 tx=0 comp rx=0 tx=0).connect
2024-05-09T08:23:50.438 INFO:teuthology.orchestra.run.smithi107.stdout:/usr/bin/ceph: stderr
2024-05-09T08:23:49.536+0000 7f0ef5bbc700 1 -- --> [v2:172.21.15.107:3300/0,v1:172.21.15.107:6789/0] -- mon_getmap magic: 0 -- 0x7f0ef007c6e0 con 0x7f0ef0108920
2024-05-09T08:23:50.438 INFO:teuthology.orchestra.run.smithi107.stdout:/usr/bin/ceph: stderr
2024-05-09T08:23:49.536+0000 7f0eef7fe700 1 --2- >> [v2:172.21.15.107:3300/0,v1:172.21.15.107:6789/0] conn(0x7f0ef0108920 0x7f0ef010ad10 unknown :-1 s=BANNER_CONNECTING pgs=0 cs=0 l=0 rev1=0 crypto rx=0 tx=0 comp rx=0 tx=0)._handle_peer_banner_payload supported=3 required=0
2024-05-09T08:23:50.438 INFO:teuthology.orchestra.run.smithi107.stdout:/usr/bin/ceph: stderr
2024-05-09T08:23:49.536+0000 7f0eef7fe700 1 --2- >> [v2:172.21.15.107:3300/0,v1:172.21.15.107:6789/0] conn(0x7f0ef0108920 0x7f0ef010ad10 unknown :-1 s=HELLO_CONNECTING pgs=0 cs=0 l=0 rev1=1 crypto rx=0 tx=0 comp rx=0 tx=0).handle_hello peer v2:172.21.15.107:3300/0 says I am v2:172.21.15.107:36580/0 (socket says 172.21.15.107:36580)
2024-05-09T08:23:50.439 INFO:teuthology.orchestra.run.smithi107.stdout:/usr/bin/ceph: stderr
2024-05-09T08:23:49.536+0000 7f0eef7fe700 1 -- 172.21.15.107:0/2420460384 learned_addr learned my addr 172.21.15.107:0/2420460384 (peer_addr_for_me v2:172.21.15.107:0/0)
2024-05-09T08:23:50.439 INFO:teuthology.orchestra.run.smithi107.stdout:/usr/bin/ceph: stderr
2024-05-09T08:23:49.536+0000 7f0eef7fe700 1 -- 172.21.15.107:0/2420460384 --> [v2:172.21.15.107:3300/0,v1:172.21.15.107:6789/0] -- mon_subscribe({config=0+,monmap=0+}) -- 0x7f0ef010b250 con 0x7f0ef0108920
2024-05-09T08:23:50.439 INFO:teuthology.orchestra.run.smithi107.stdout:/usr/bin/ceph: stderr
2024-05-09T08:23:49.537+0000 7f0eef7fe700 1 --2- 172.21.15.107:0/2420460384 >> [v2:172.21.15.107:3300/0,v1:172.21.15.107:6789/0] conn(0x7f0ef0108920 0x7f0ef010ad10 secure :-1 s=READY pgs=57 cs=0 l=1 rev1=1 crypto rx=0x7f0ee00098a0 tx=0x7f0ee0009bb0 comp rx=0 tx=0).ready entity=mon.0 client_cookie=53698c831f6b0306 server_cookie=0 in_seq=0 out_seq=0
2024-05-09T08:23:50.439 INFO:teuthology.orchestra.run.smithi107.stdout:/usr/bin/ceph: stderr
2024-05-09T08:23:49.537+0000 7f0eee7fc700 1 -- 172.21.15.107:0/2420460384 <== mon.0 v2:172.21.15.107:3300/0 1 ==== mon_map magic: 0 ==== 205+0+0 (secure 0 0 0) 0x7f0ee0004160 con 0x7f0ef0108920
2024-05-09T08:23:50.439 INFO:teuthology.orchestra.run.smithi107.stdout:/usr/bin/ceph: stderr
2024-05-09T08:23:49.537+0000 7f0eee7fc700 1 -- 172.21.15.107:0/2420460384 <== mon.0 v2:172.21.15.107:3300/0 2 ==== config(26 keys) ==== 1102+0+0 (secure 0 0 0) 0x7f0ee0004300 con 0x7f0ef0108920
2024-05-09T08:23:50.439 INFO:teuthology.orchestra.run.smithi107.stdout:/usr/bin/ceph: stderr
2024-05-09T08:23:49.537+0000 7f0eee7fc700 1 -- 172.21.15.107:0/2420460384 <== mon.0 v2:172.21.15.107:3300/0 3 ==== mon_map magic: 0 ==== 205+0+0 (secure 0 0 0) 0x7f0ee0011a50 con 0x7f0ef0108920
2024-05-09T08:23:50.439 INFO:teuthology.orchestra.run.smithi107.stdout:/usr/bin/ceph: stderr
2024-05-09T08:23:49.537+0000 7f0ef5bbc700 1 -- 172.21.15.107:0/2420460384 >> [v2:172.21.15.107:3300/0,v1:172.21.15.107:6789/0] conn(0x7f0ef0108920 msgr2=0x7f0ef010ad10 secure :-1 s=STATE_CONNECTION_ESTABLISHED l=1).mark_down
2024-05-09T08:23:50.439 INFO:teuthology.orchestra.run.smithi107.stdout:/usr/bin/ceph: stderr
2024-05-09T08:23:49.537+0000 7f0ef5bbc700 1 --2- 172.21.15.107:0/2420460384 >> [v2:172.21.15.107:3300/0,v1:172.21.15.107:6789/0] conn(0x7f0ef0108920 0x7f0ef010ad10 secure :-1 s=READY pgs=57 cs=0 l=1 rev1=1 crypto rx=0x7f0ee00098a0 tx=0x7f0ee0009bb0 comp rx=0 tx=0).stop
2024-05-09T08:23:50.439 INFO:teuthology.orchestra.run.smithi107.stdout:/usr/bin/ceph: stderr
2024-05-09T08:23:49.537+0000 7f0ef5bbc700 1 -- 172.21.15.107:0/2420460384 shutdown_connections
2024-05-09T08:23:50.439 INFO:teuthology.orchestra.run.smithi107.stdout:/usr/bin/ceph: stderr
2024-05-09T08:23:49.537+0000 7f0ef5bbc700 1 --2- 172.21.15.107:0/2420460384 >> [v2:172.21.15.107:3300/0,v1:172.21.15.107:6789/0] conn(0x7f0ef0108920 0x7f0ef010ad10 unknown :-1 s=CLOSED pgs=57 cs=0 l=1 rev1=1 crypto rx=0 tx=0 comp rx=0 tx=0).stop
2024-05-09T08:23:50.439 INFO:teuthology.orchestra.run.smithi107.stdout:/usr/bin/ceph: stderr
2024-05-09T08:23:49.537+0000 7f0ef5bbc700 1 -- 172.21.15.107:0/2420460384 >> 172.21.15.107:0/2420460384 conn(0x7f0ef0102350 msgr2=0x7f0ef0104770 unknown :-1 s=STATE_NONE l=0).mark_down
2024-05-09T08:23:50.439 INFO:teuthology.orchestra.run.smithi107.stdout:/usr/bin/ceph: stderr
2024-05-09T08:23:49.537+0000 7f0ef5bbc700 1 -- 172.21.15.107:0/2420460384 shutdown_connections
2024-05-09T08:23:50.439 INFO:teuthology.orchestra.run.smithi107.stdout:/usr/bin/ceph: stderr
2024-05-09T08:23:49.537+0000 7f0ef5bbc700 1 -- 172.21.15.107:0/2420460384 wait complete.
2024-05-09T08:23:50.440 INFO:teuthology.orchestra.run.smithi107.stdout:/usr/bin/ceph: stderr
2024-05-09T08:23:49.538+0000 7f0ef5bbc700 1 Processor -- start
2024-05-09T08:23:50.440 INFO:teuthology.orchestra.run.smithi107.stdout:/usr/bin/ceph: stderr
2024-05-09T08:23:49.538+0000 7f0ef5bbc700 1 -- start start
2024-05-09T08:23:50.440 INFO:teuthology.orchestra.run.smithi107.stdout:/usr/bin/ceph: stderr
2024-05-09T08:23:49.539+0000 7f0ef5bbc700 1 --2- >> [v2:172.21.15.107:3300/0,v1:172.21.15.107:6789/0] conn(0x7f0ef0108920 0x7f0ef019bc30 unknown :-1 s=NONE pgs=0 cs=0 l=1 rev1=0 crypto rx=0 tx=0 comp rx=0 tx=0).connect
2024-05-09T08:23:50.440 INFO:teuthology.orchestra.run.smithi107.stdout:/usr/bin/ceph: stderr
2024-05-09T08:23:49.539+0000 7f0ef5bbc700 1 -- --> [v2:172.21.15.107:3300/0,v1:172.21.15.107:6789/0] -- mon_getmap magic: 0 -- 0x7f0ef010c250 con 0x7f0ef0108920
2024-05-09T08:23:50.440 INFO:teuthology.orchestra.run.smithi107.stdout:/usr/bin/ceph: stderr
2024-05-09T08:23:49.539+0000 7f0eef7fe700 1 --2- >> [v2:172.21.15.107:3300/0,v1:172.21.15.107:6789/0] conn(0x7f0ef0108920 0x7f0ef019bc30 unknown :-1 s=BANNER_CONNECTING pgs=0 cs=0 l=1 rev1=0 crypto rx=0 tx=0 comp rx=0 tx=0)._handle_peer_banner_payload supported=3 required=0
2024-05-09T08:23:50.440 INFO:teuthology.orchestra.run.smithi107.stdout:/usr/bin/ceph: stderr
2024-05-09T08:23:49.539+0000 7f0eef7fe700 1 --2- >> [v2:172.21.15.107:3300/0,v1:172.21.15.107:6789/0] conn(0x7f0ef0108920 0x7f0ef019bc30 unknown :-1 s=HELLO_CONNECTING pgs=0 cs=0 l=1 rev1=1 crypto rx=0 tx=0 comp rx=0 tx=0).handle_hello peer v2:172.21.15.107:3300/0 says I am v2:172.21.15.107:36588/0 (socket says 172.21.15.107:36588)
2024-05-09T08:23:50.440 INFO:teuthology.orchestra.run.smithi107.stdout:/usr/bin/ceph: stderr
2024-05-09T08:23:49.539+0000 7f0eef7fe700 1 -- 172.21.15.107:0/3772228171 learned_addr learned my addr 172.21.15.107:0/3772228171 (peer_addr_for_me v2:172.21.15.107:0/0)
2024-05-09T08:23:50.440 INFO:teuthology.orchestra.run.smithi107.stdout:/usr/bin/ceph: stderr
2024-05-09T08:23:49.539+0000 7f0eef7fe700 1 -- 172.21.15.107:0/3772228171 --> [v2:172.21.15.107:3300/0,v1:172.21.15.107:6789/0] -- mon_subscribe({config=0+,monmap=0+}) -- 0x7f0ef019c170 con 0x7f0ef0108920
2024-05-09T08:23:50.440 INFO:teuthology.orchestra.run.smithi107.stdout:/usr/bin/ceph: stderr
2024-05-09T08:23:49.539+0000 7f0eef7fe700 1 --2- 172.21.15.107:0/3772228171 >> [v2:172.21.15.107:3300/0,v1:172.21.15.107:6789/0] conn(0x7f0ef0108920 0x7f0ef019bc30 secure :-1 s=READY pgs=58 cs=0 l=1 rev1=1 crypto rx=0x7f0ee0006b20 tx=0x7f0ee0011ad0 comp rx=0 tx=0).ready entity=mon.0 client_cookie=0 server_cookie=0 in_seq=0 out_seq=0
2024-05-09T08:23:50.440 INFO:teuthology.orchestra.run.smithi107.stdout:/usr/bin/ceph: stderr
2024-05-09T08:23:49.539+0000 7f0eecff9700 1 -- 172.21.15.107:0/3772228171 <== mon.0 v2:172.21.15.107:3300/0 1 ==== mon_map magic: 0 ==== 205+0+0 (secure 0 0 0) 0x7f0ee0003b70 con 0x7f0ef0108920
2024-05-09T08:23:50.440 INFO:teuthology.orchestra.run.smithi107.stdout:/usr/bin/ceph: stderr
2024-05-09T08:23:49.539+0000 7f0eecff9700 1 -- 172.21.15.107:0/3772228171 <== mon.0 v2:172.21.15.107:3300/0 2 ==== config(26 keys) ==== 1102+0+0 (secure 0 0 0) 0x7f0ee001a8e0 con 0x7f0ef0108920
2024-05-09T08:23:50.440 INFO:teuthology.orchestra.run.smithi107.stdout:/usr/bin/ceph: stderr
2024-05-09T08:23:49.539+0000 7f0ef5bbc700 1 -- 172.21.15.107:0/3772228171 --> [v2:172.21.15.107:3300/0,v1:172.21.15.107:6789/0] -- mon_subscribe({mgrmap=0+}) -- 0x7f0ef019c400 con 0x7f0ef0108920
2024-05-09T08:23:50.440 INFO:teuthology.orchestra.run.smithi107.stdout:/usr/bin/ceph: stderr
2024-05-09T08:23:49.539+0000 7f0eecff9700 1 -- 172.21.15.107:0/3772228171 <== mon.0 v2:172.21.15.107:3300/0 3 ==== mon_map magic: 0 ==== 205+0+0 (secure 0 0 0) 0x7f0ee00249b0 con 0x7f0ef0108920
2024-05-09T08:23:50.440 INFO:teuthology.orchestra.run.smithi107.stdout:/usr/bin/ceph: stderr
2024-05-09T08:23:49.540+0000 7f0ef5bbc700 1 -- 172.21.15.107:0/3772228171 --> [v2:172.21.15.107:3300/0,v1:172.21.15.107:6789/0] -- mon_subscribe({osdmap=0}) -- 0x7f0ef019f0f0 con 0x7f0ef0108920
2024-05-09T08:23:50.441 INFO:teuthology.orchestra.run.smithi107.stdout:/usr/bin/ceph: stderr
2024-05-09T08:23:49.540+0000 7f0eecff9700 1 -- 172.21.15.107:0/3772228171 <== mon.0 v2:172.21.15.107:3300/0 4 ==== mgrmap(e 9) ==== 46300+0+0 (secure 0 0 0) 0x7f0ee0022020 con 0x7f0ef0108920
2024-05-09T08:23:50.441 INFO:teuthology.orchestra.run.smithi107.stdout:/usr/bin/ceph: stderr
2024-05-09T08:23:49.540+0000 7f0ef5bbc700 1 -- 172.21.15.107:0/3772228171 --> [v2:172.21.15.107:3300/0,v1:172.21.15.107:6789/0] -- mon_command({"prefix": "get_command_descriptions"} v 0) -- 0x7f0ef0063980 con 0x7f0ef0108920
2024-05-09T08:23:50.441 INFO:teuthology.orchestra.run.smithi107.stdout:/usr/bin/ceph: stderr
2024-05-09T08:23:49.541+0000 7f0eecff9700 1 --2- 172.21.15.107:0/3772228171 >> [v2:172.21.15.107:6800/3922375261,v1:172.21.15.107:6801/3922375261] conn(0x7f0ed80390a0 0x7f0ed803b560 unknown :-1 s=NONE pgs=0 cs=0 l=1 rev1=0 crypto rx=0 tx=0 comp rx=0 tx=0).connect
2024-05-09T08:23:50.441 INFO:teuthology.orchestra.run.smithi107.stdout:/usr/bin/ceph: stderr
2024-05-09T08:23:49.541+0000 7f0eecff9700 1 -- 172.21.15.107:0/3772228171 <== mon.0 v2:172.21.15.107:3300/0 5 ==== osd_map(2..2 src has 1..2) ==== 940+0+0 (secure 0 0 0) 0x7f0ee004d870 con 0x7f0ef0108920
2024-05-09T08:23:50.441 INFO:teuthology.orchestra.run.smithi107.stdout:/usr/bin/ceph: stderr
2024-05-09T08:23:49.541+0000 7f0eeeffd700 1 -- 172.21.15.107:0/3772228171 >> [v2:172.21.15.107:6800/3922375261,v1:172.21.15.107:6801/3922375261] conn(0x7f0ed80390a0 msgr2=0x7f0ed803b560 unknown :-1 s=STATE_CONNECTING_RE l=1).process reconnect failed to v2:172.21.15.107:6800/3922375261
2024-05-09T08:23:50.441 INFO:teuthology.orchestra.run.smithi107.stdout:/usr/bin/ceph: stderr
2024-05-09T08:23:49.541+0000 7f0eeeffd700 1 --2- 172.21.15.107:0/3772228171 >> [v2:172.21.15.107:6800/3922375261,v1:172.21.15.107:6801/3922375261] conn(0x7f0ed80390a0 0x7f0ed803b560 unknown :-1 s=START_CONNECT pgs=0 cs=0 l=1 rev1=0 crypto rx=0 tx=0 comp rx=0 tx=0)._fault waiting 0.200000
2024-05-09T08:23:50.441 INFO:teuthology.orchestra.run.smithi107.stdout:/usr/bin/ceph: stderr
2024-05-09T08:23:49.549+0000 7f0eecff9700 1 -- 172.21.15.107:0/3772228171 <== mon.0 v2:172.21.15.107:3300/0 6 ==== mon_command_ack([{"prefix": "get_command_descriptions"}]=0 v0) ==== 72+0+186147 (secure 0 0 0) 0x7f0ee000b3e0 con 0x7f0ef0108920
2024-05-09T08:23:50.441 INFO:teuthology.orchestra.run.smithi107.stdout:/usr/bin/ceph: stderr
2024-05-09T08:23:49.742+0000 7f0eeeffd700 1 -- 172.21.15.107:0/3772228171 >> [v2:172.21.15.107:6800/3922375261,v1:172.21.15.107:6801/3922375261] conn(0x7f0ed80390a0 msgr2=0x7f0ed803b560 unknown :-1 s=STATE_CONNECTING_RE l=1).process reconnect failed to v2:172.21.15.107:6800/3922375261
2024-05-09T08:23:50.441 INFO:teuthology.orchestra.run.smithi107.stdout:/usr/bin/ceph: stderr
2024-05-09T08:23:49.742+0000 7f0eeeffd700 1 --2- 172.21.15.107:0/3772228171 >> [v2:172.21.15.107:6800/3922375261,v1:172.21.15.107:6801/3922375261] conn(0x7f0ed80390a0 0x7f0ed803b560 unknown :-1 s=START_CONNECT pgs=0 cs=0 l=1 rev1=0 crypto rx=0 tx=0 comp rx=0 tx=0)._fault waiting 0.400000
2024-05-09T08:23:50.441 INFO:teuthology.orchestra.run.smithi107.stdout:/usr/bin/ceph: stderr
2024-05-09T08:23:49.844+0000 7f0ef5bbc700 1 -- 172.21.15.107:0/3772228171 --> [v2:172.21.15.107:3300/0,v1:172.21.15.107:6789/0] -- mon_command({"prefix": "mgr stat"} v 0) -- 0x7f0ef019f360 con 0x7f0ef0108920
2024-05-09T08:23:50.441 INFO:teuthology.orchestra.run.smithi107.stdout:/usr/bin/ceph: stderr
2024-05-09T08:23:49.845+0000 7f0eecff9700 1 -- 172.21.15.107:0/3772228171 <== mon.0 v2:172.21.15.107:3300/0 7 ==== mon_command_ack([{"prefix": "mgr stat"}]=0 v9) ==== 56+0+88 (secure 0 0 0) 0x7f0ee002ce20 con 0x7f0ef0108920
2024-05-09T08:23:50.441 INFO:teuthology.orchestra.run.smithi107.stdout:/usr/bin/ceph: stderr
2024-05-09T08:23:49.847+0000 7f0ef5bbc700 1 -- 172.21.15.107:0/3772228171 >> [v2:172.21.15.107:6800/3922375261,v1:172.21.15.107:6801/3922375261] conn(0x7f0ed80390a0 msgr2=0x7f0ed803b560 unknown :-1 s=STATE_CONNECTING l=1).mark_down
2024-05-09T08:23:50.441 INFO:teuthology.orchestra.run.smithi107.stdout:/usr/bin/ceph: stderr
2024-05-09T08:23:49.847+0000 7f0ef5bbc700 1 --2- 172.21.15.107:0/3772228171 >> [v2:172.21.15.107:6800/3922375261,v1:172.21.15.107:6801/3922375261] conn(0x7f0ed80390a0 0x7f0ed803b560 unknown :-1 s=START_CONNECT pgs=0 cs=0 l=1 rev1=0 crypto rx=0 tx=0 comp rx=0 tx=0).stop
2024-05-09T08:23:50.441 INFO:teuthology.orchestra.run.smithi107.stdout:/usr/bin/ceph: stderr
2024-05-09T08:23:49.847+0000 7f0ef5bbc700 1 -- 172.21.15.107:0/3772228171 >> [v2:172.21.15.107:3300/0,v1:172.21.15.107:6789/0] conn(0x7f0ef0108920 msgr2=0x7f0ef019bc30 secure :-1 s=STATE_CONNECTION_ESTABLISHED l=1).mark_down
2024-05-09T08:23:50.442 INFO:teuthology.orchestra.run.smithi107.stdout:/usr/bin/ceph: stderr
2024-05-09T08:23:49.847+0000 7f0ef5bbc700 1 --2- 172.21.15.107:0/3772228171 >> [v2:172.21.15.107:3300/0,v1:172.21.15.107:6789/0] conn(0x7f0ef0108920 0x7f0ef019bc30 secure :-1 s=READY pgs=58 cs=0 l=1 rev1=1 crypto rx=0x7f0ee0006b20 tx=0x7f0ee0011ad0 comp rx=0 tx=0).stop
2024-05-09T08:23:50.442 INFO:teuthology.orchestra.run.smithi107.stdout:/usr/bin/ceph: stderr
2024-05-09T08:23:49.847+0000 7f0ef5bbc700 1 -- 172.21.15.107:0/3772228171 shutdown_connections
2024-05-09T08:23:50.442 INFO:teuthology.orchestra.run.smithi107.stdout:/usr/bin/ceph: stderr
2024-05-09T08:23:49.847+0000 7f0ef5bbc700 1 --2- 172.21.15.107:0/3772228171 >> [v2:172.21.15.107:6800/3922375261,v1:172.21.15.107:6801/3922375261] conn(0x7f0ed80390a0 0x7f0ed803b560 unknown :-1 s=CLOSED pgs=0 cs=0 l=1 rev1=0 crypto rx=0 tx=0 comp rx=0 tx=0).stop
2024-05-09T08:23:50.442 INFO:teuthology.orchestra.run.smithi107.stdout:/usr/bin/ceph: stderr
2024-05-09T08:23:49.847+0000 7f0ef5bbc700 1 --2- 172.21.15.107:0/3772228171 >> [v2:172.21.15.107:3300/0,v1:172.21.15.107:6789/0] conn(0x7f0ef0108920 0x7f0ef019bc30 unknown :-1 s=CLOSED pgs=58 cs=0 l=1 rev1=1 crypto rx=0 tx=0 comp rx=0 tx=0).stop
2024-05-09T08:23:50.442 INFO:teuthology.orchestra.run.smithi107.stdout:/usr/bin/ceph: stderr
2024-05-09T08:23:49.847+0000 7f0ef5bbc700 1 -- 172.21.15.107:0/3772228171 >> 172.21.15.107:0/3772228171 conn(0x7f0ef0102350 msgr2=0x7f0ef0102d60 unknown :-1 s=STATE_NONE l=0).mark_down
2024-05-09T08:23:50.442 INFO:teuthology.orchestra.run.smithi107.stdout:/usr/bin/ceph: stderr
2024-05-09T08:23:49.847+0000 7f0ef5bbc700 1 -- 172.21.15.107:0/3772228171 shutdown_connections
2024-05-09T08:23:50.442 INFO:teuthology.orchestra.run.smithi107.stdout:/usr/bin/ceph: stderr
2024-05-09T08:23:49.847+0000 7f0ef5bbc700 1 -- 172.21.15.107:0/3772228171 wait complete.
2024-05-09T08:23:50.442 INFO:teuthology.orchestra.run.smithi107.stdout:Waiting for the mgr to restart...
2024-05-09T08:23:50.442 INFO:teuthology.orchestra.run.smithi107.stdout:Waiting for mgr epoch 9...
2024-05-09T08:23:50.732 INFO:journalctl@ceph.mgr.x.smithi107.stdout:May 09 08:23:50 smithi107 ceph-3954c88c-0ddd-11ef-bc98-c7b262605968-mgr-x[30348]:
2024-05-09T08:23:50.552+0000 7f5342004200 -1 mgr[py] Module telegraf has missing NOTIFY_TYPES member
2024-05-09T08:23:50.732 INFO:journalctl@ceph.mgr.x.smithi107.stdout:May 09 08:23:50 smithi107 ceph-3954c88c-0ddd-11ef-bc98-c7b262605968-mgr-x[30348]:
2024-05-09T08:23:50.731+0000 7f5342004200 -1 mgr[py] Module osd_support has missing NOTIFY_TYPES member
2024-05-09T08:23:51.030 INFO:journalctl@ceph.mgr.x.smithi107.stdout:May 09 08:23:50 smithi107 ceph-3954c88c-0ddd-11ef-bc98-c7b262605968-mgr-x[30348]:
2024-05-09T08:23:50.909+0000 7f5342004200 -1 mgr[py] Module iostat has missing NOTIFY_TYPES member
2024-05-09T08:23:51.487 INFO:journalctl@ceph.mgr.x.smithi107.stdout:May 09 08:23:51 smithi107 ceph-3954c88c-0ddd-11ef-bc98-c7b262605968-mgr-x[30348]:
2024-05-09T08:23:51.202+0000 7f5342004200 -1 mgr[py] Module alerts has missing NOTIFY_TYPES member
2024-05-09T08:23:51.488 INFO:journalctl@ceph.mgr.x.smithi107.stdout:May 09 08:23:51 smithi107 ceph-3954c88c-0ddd-11ef-bc98-c7b262605968-mgr-x[30348]:
2024-05-09T08:23:51.296+0000 7f5342004200 -1 mgr[py] Module selftest has missing NOTIFY_TYPES member
2024-05-09T08:23:51.780 INFO:journalctl@ceph.mgr.x.smithi107.stdout:May 09 08:23:51 smithi107 ceph-3954c88c-0ddd-11ef-bc98-c7b262605968-mgr-x[30348]:
2024-05-09T08:23:51.499+0000 7f5342004200 -1 mgr[py] Module pg_autoscaler has missing NOTIFY_TYPES member
2024-05-09T08:23:51.780 INFO:journalctl@ceph.mgr.x.smithi107.stdout:May 09 08:23:51 smithi107 ceph-3954c88c-0ddd-11ef-bc98-c7b262605968-mgr-x[30348]:
2024-05-09T08:23:51.696+0000 7f5342004200 -1 mgr[py] Module test_orchestrator has missing NOTIFY_TYPES member
2024-05-09T08:23:52.723 INFO:journalctl@ceph.mgr.x.smithi107.stdout:May 09 08:23:52 smithi107 ceph-3954c88c-0ddd-11ef-bc98-c7b262605968-mgr-x[30348]:
2024-05-09T08:23:52.298+0000 7f5342004200 -1 mgr[py] Module rook has missing NOTIFY_TYPES member
2024-05-09T08:23:53.022 INFO:journalctl@ceph.mgr.x.smithi107.stdout:May 09 08:23:52 smithi107 ceph-3954c88c-0ddd-11ef-bc98-c7b262605968-mgr-x[30348]:
2024-05-09T08:23:52.722+0000 7f5342004200 -1 mgr[py] Module volumes has missing NOTIFY_TYPES member
2024-05-09T08:23:53.023 INFO:journalctl@ceph.mgr.x.smithi107.stdout:May 09 08:23:52 smithi107 ceph-3954c88c-0ddd-11ef-bc98-c7b262605968-mgr-x[30348]:
2024-05-09T08:23:52.819+0000 7f5342004200 -1 mgr[py] Module crash has missing NOTIFY_TYPES member
2024-05-09T08:23:53.023 INFO:journalctl@ceph.mgr.x.smithi107.stdout:May 09 08:23:53 smithi107 ceph-3954c88c-0ddd-11ef-bc98-c7b262605968-mgr-x[30348]:
2024-05-09T08:23:53.022+0000 7f5342004200 -1 mgr[py] Module rgw has missing NOTIFY_TYPES member
2024-05-09T08:23:53.887 INFO:journalctl@ceph.mgr.x.smithi107.stdout:May 09 08:23:53 smithi107 ceph-3954c88c-0ddd-11ef-bc98-c7b262605968-mgr-x[30348]:
2024-05-09T08:23:53.546+0000 7f5342004200 -1 mgr[py] Module prometheus has missing NOTIFY_TYPES member
2024-05-09T08:23:53.887 INFO:journalctl@ceph.mgr.x.smithi107.stdout:May 09 08:23:53 smithi107 ceph-3954c88c-0ddd-11ef-bc98-c7b262605968-mgr-x[30348]:
2024-05-09T08:23:53.641+0000 7f5342004200 -1 mgr[py] Module devicehealth has missing NOTIFY_TYPES member
2024-05-09T08:23:54.236 INFO:journalctl@ceph.mgr.x.smithi107.stdout:May 09 08:23:53 smithi107 ceph-3954c88c-0ddd-11ef-bc98-c7b262605968-mgr-x[30348]:
2024-05-09T08:23:53.886+0000 7f5342004200 -1 mgr[py] Module telemetry has missing NOTIFY_TYPES member
2024-05-09T08:23:54.236 INFO:journalctl@ceph.mgr.x.smithi107.stdout:May 09 08:23:54 smithi107 ceph-3954c88c-0ddd-11ef-bc98-c7b262605968-mgr-x[30348]:
2024-05-09T08:23:54.022+0000 7f5342004200 -1 mgr[py] Module diskprediction_local has missing NOTIFY_TYPES member
2024-05-09T08:23:54.236 INFO:journalctl@ceph.mgr.x.smithi107.stdout:May 09 08:23:54 smithi107 ceph-3954c88c-0ddd-11ef-bc98-c7b262605968-mgr-x[30348]:
2024-05-09T08:23:54.118+0000 7f5342004200 -1 mgr[py] Module osd_perf_query has missing NOTIFY_TYPES member
2024-05-09T08:23:54.236 INFO:journalctl@ceph.mgr.x.smithi107.stdout:May 09 08:23:54 smithi107 ceph-3954c88c-0ddd-11ef-bc98-c7b262605968-mgr-x[30348]:
2024-05-09T08:23:54.235+0000 7f5342004200 -1 mgr[py] Module rbd_support has missing NOTIFY_TYPES member
2024-05-09T08:23:54.893 INFO:journalctl@ceph.mgr.x.smithi107.stdout:May 09 08:23:54 smithi107 ceph-3954c88c-0ddd-11ef-bc98-c7b262605968-mgr-x[30348]:
2024-05-09T08:23:54.546+0000 7f5342004200 -1 mgr[py] Module zabbix has missing NOTIFY_TYPES member
2024-05-09T08:23:55.424 INFO:journalctl@ceph.mgr.x.smithi107.stdout:May 09 08:23:55 smithi107 ceph-3954c88c-0ddd-11ef-bc98-c7b262605968-mgr-x[30348]:
2024-05-09T08:23:55.154+0000 7f5342004200 -1 mgr[py] Module status has missing NOTIFY_TYPES member
2024-05-09T08:23:55.424 INFO:journalctl@ceph.mgr.x.smithi107.stdout:May 09 08:23:55 smithi107 ceph-3954c88c-0ddd-11ef-bc98-c7b262605968-mgr-x[30348]:
2024-05-09T08:23:55.370+0000 7f5342004200 -1 mgr[py] Module nfs has missing NOTIFY_TYPES member
2024-05-09T08:23:55.780 INFO:journalctl@ceph.mon.a.smithi107.stdout:May 09 08:23:55 smithi107 ceph-mon[30122]: Active manager daemon x restarted
2024-05-09T08:23:55.781 INFO:journalctl@ceph.mon.a.smithi107.stdout:May 09 08:23:55 smithi107 ceph-mon[30122]: Activating manager daemon x
2024-05-09T08:23:55.781 INFO:journalctl@ceph.mon.a.smithi107.stdout:May 09 08:23:55 smithi107 ceph-mon[30122]: osdmap e3: 0 total, 0 up, 0 in
2024-05-09T08:23:55.781 INFO:journalctl@ceph.mon.a.smithi107.stdout:May 09 08:23:55 smithi107 ceph-mon[30122]: mgrmap e10: x(active, starting, since 0.00315541s)
2024-05-09T08:23:55.781 INFO:journalctl@ceph.mon.a.smithi107.stdout:May 09 08:23:55 smithi107 ceph-mon[30122]: from='mgr.14150 172.21.15.107:0/1604318167' entity='mgr.x' cmd=[{"prefix": "mon metadata", "id": "a"}]: dispatch
2024-05-09T08:23:55.781 INFO:journalctl@ceph.mon.a.smithi107.stdout:May 09 08:23:55 smithi107 ceph-mon[30122]: from='mgr.14150 172.21.15.107:0/1604318167' entity='mgr.x' cmd=[{"prefix": "mgr metadata", "who": "x", "id": "x"}]: dispatch
2024-05-09T08:23:55.781 INFO:journalctl@ceph.mon.a.smithi107.stdout:May 09 08:23:55 smithi107 ceph-mon[30122]: from='mgr.14150 172.21.15.107:0/1604318167' entity='mgr.x' cmd=[{"prefix": "mds metadata"}]: dispatch
2024-05-09T08:23:55.781 INFO:journalctl@ceph.mon.a.smithi107.stdout:May 09 08:23:55 smithi107 ceph-mon[30122]: from='mgr.14150 172.21.15.107:0/1604318167' entity='mgr.x' cmd=[{"prefix": "osd metadata"}]: dispatch
2024-05-09T08:23:55.781 INFO:journalctl@ceph.mon.a.smithi107.stdout:May 09 08:23:55 smithi107 ceph-mon[30122]: from='mgr.14150 172.21.15.107:0/1604318167' entity='mgr.x' cmd=[{"prefix": "mon metadata"}]: dispatch
2024-05-09T08:23:55.781 INFO:journalctl@ceph.mon.a.smithi107.stdout:May 09 08:23:55 smithi107 ceph-mon[30122]: Manager daemon x is now available
2024-05-09T08:23:55.781 INFO:journalctl@ceph.mon.a.smithi107.stdout:May 09 08:23:55 smithi107 ceph-mon[30122]: from='mgr.14150 172.21.15.107:0/1604318167' entity='mgr.x' cmd=[{"prefix": "config dump", "format": "json"}]: dispatch
2024-05-09T08:23:55.781 INFO:journalctl@ceph.mon.a.smithi107.stdout:May 09 08:23:55 smithi107 ceph-mon[30122]: from='mgr.14150 172.21.15.107:0/1604318167' entity='mgr.x' cmd=[{"prefix":"config rm","who":"mgr","name":"mgr/rbd_support/x/mirror_snapshot_schedule"}]: dispatch
2024-05-09T08:23:56.727 INFO:journalctl@ceph.mon.a.smithi107.stdout:May 09 08:23:56 smithi107 ceph-mon[30122]: from='mgr.14150 172.21.15.107:0/1604318167' entity='mgr.x' cmd=[{"prefix":"config rm","who":"mgr","name":"mgr/rbd_support/x/trash_purge_schedule"}]: dispatch
2024-05-09T08:23:56.727 INFO:journalctl@ceph.mon.a.smithi107.stdout:May 09 08:23:56 smithi107 ceph-mon[30122]: mgrmap e11: x(active, since 1.00609s)
2024-05-09T08:23:57.321 INFO:teuthology.orchestra.run.smithi107.stdout:/usr/bin/ceph: stdout {
2024-05-09T08:23:57.321 INFO:teuthology.orchestra.run.smithi107.stdout:/usr/bin/ceph: stdout "mgrmap_epoch": 11,
2024-05-09T08:23:57.321 INFO:teuthology.orchestra.run.smithi107.stdout:/usr/bin/ceph: stdout "initialized": true
2024-05-09T08:23:57.321 INFO:teuthology.orchestra.run.smithi107.stdout:/usr/bin/ceph: stdout }
2024-05-09T08:23:57.321 INFO:teuthology.orchestra.run.smithi107.stdout:/usr/bin/ceph: stderr
2024-05-09T08:23:50.880+0000 7ff946a7e700 1 Processor -- start
2024-05-09T08:23:57.321 INFO:teuthology.orchestra.run.smithi107.stdout:/usr/bin/ceph: stderr
2024-05-09T08:23:50.880+0000 7ff946a7e700 1 -- start start
2024-05-09T08:23:57.321 INFO:teuthology.orchestra.run.smithi107.stdout:/usr/bin/ceph: stderr
2024-05-09T08:23:50.880+0000 7ff946a7e700 1 --2- >> [v2:172.21.15.107:3300/0,v1:172.21.15.107:6789/0] conn(0x7ff940106d30 0x7ff940107150 unknown :-1 s=NONE pgs=0 cs=0 l=0 rev1=0 crypto rx=0 tx=0 comp rx=0 tx=0).connect
2024-05-09T08:23:57.321 INFO:teuthology.orchestra.run.smithi107.stdout:/usr/bin/ceph: stderr
2024-05-09T08:23:50.880+0000 7ff946a7e700 1 -- --> [v2:172.21.15.107:3300/0,v1:172.21.15.107:6789/0] -- mon_getmap magic: 0 -- 0x7ff940107720 con 0x7ff940106d30
2024-05-09T08:23:57.321 INFO:teuthology.orchestra.run.smithi107.stdout:/usr/bin/ceph: stderr
2024-05-09T08:23:50.880+0000 7ff94481a700 1 --2- >> [v2:172.21.15.107:3300/0,v1:172.21.15.107:6789/0] conn(0x7ff940106d30 0x7ff940107150 unknown :-1 s=BANNER_CONNECTING pgs=0 cs=0 l=0 rev1=0 crypto rx=0 tx=0 comp rx=0 tx=0)._handle_peer_banner_payload supported=3 required=0
2024-05-09T08:23:57.322 INFO:teuthology.orchestra.run.smithi107.stdout:/usr/bin/ceph: stderr
2024-05-09T08:23:50.880+0000 7ff94481a700 1 --2- >> [v2:172.21.15.107:3300/0,v1:172.21.15.107:6789/0] conn(0x7ff940106d30 0x7ff940107150 unknown :-1 s=HELLO_CONNECTING pgs=0 cs=0 l=0 rev1=1 crypto rx=0 tx=0 comp rx=0 tx=0).handle_hello peer v2:172.21.15.107:3300/0 says I am v2:172.21.15.107:60626/0 (socket says 172.21.15.107:60626)
2024-05-09T08:23:57.322 INFO:teuthology.orchestra.run.smithi107.stdout:/usr/bin/ceph: stderr
2024-05-09T08:23:50.880+0000 7ff94481a700 1 -- 172.21.15.107:0/792503732 learned_addr learned my addr 172.21.15.107:0/792503732 (peer_addr_for_me v2:172.21.15.107:0/0)
2024-05-09T08:23:57.322 INFO:teuthology.orchestra.run.smithi107.stdout:/usr/bin/ceph: stderr
2024-05-09T08:23:50.880+0000 7ff94481a700 1 -- 172.21.15.107:0/792503732 --> [v2:172.21.15.107:3300/0,v1:172.21.15.107:6789/0] -- mon_subscribe({config=0+,monmap=0+}) -- 0x7ff940107f30 con 0x7ff940106d30
2024-05-09T08:23:57.322 INFO:teuthology.orchestra.run.smithi107.stdout:/usr/bin/ceph: stderr
2024-05-09T08:23:50.881+0000 7ff94481a700 1 --2- 172.21.15.107:0/792503732 >> [v2:172.21.15.107:3300/0,v1:172.21.15.107:6789/0] conn(0x7ff940106d30 0x7ff940107150 secure :-1 s=READY pgs=59 cs=0 l=1 rev1=1 crypto rx=0x7ff9340098a0 tx=0x7ff934009bb0 comp rx=0 tx=0).ready entity=mon.0 client_cookie=29d3aa57675ab1ff server_cookie=0 in_seq=0 out_seq=0
2024-05-09T08:23:57.322 INFO:teuthology.orchestra.run.smithi107.stdout:/usr/bin/ceph: stderr
2024-05-09T08:23:50.881+0000 7ff93f7fe700 1 -- 172.21.15.107:0/792503732 <== mon.0 v2:172.21.15.107:3300/0 1 ==== mon_map magic: 0 ==== 205+0+0 (secure 0 0 0) 0x7ff934004160 con 0x7ff940106d30
2024-05-09T08:23:57.322 INFO:teuthology.orchestra.run.smithi107.stdout:/usr/bin/ceph: stderr
2024-05-09T08:23:50.881+0000 7ff93f7fe700 1 -- 172.21.15.107:0/792503732 <== mon.0 v2:172.21.15.107:3300/0 2 ==== config(26 keys) ==== 1102+0+0 (secure 0 0 0) 0x7ff934004300 con 0x7ff940106d30
2024-05-09T08:23:57.322 INFO:teuthology.orchestra.run.smithi107.stdout:/usr/bin/ceph: stderr
2024-05-09T08:23:50.881+0000 7ff93f7fe700 1 -- 172.21.15.107:0/792503732 <== mon.0 v2:172.21.15.107:3300/0 3 ==== mon_map magic: 0 ==== 205+0+0 (secure 0 0 0) 0x7ff934011a50 con 0x7ff940106d30
2024-05-09T08:23:57.322 INFO:teuthology.orchestra.run.smithi107.stdout:/usr/bin/ceph: stderr
2024-05-09T08:23:50.881+0000 7ff946a7e700 1 -- 172.21.15.107:0/792503732 >> [v2:172.21.15.107:3300/0,v1:172.21.15.107:6789/0] conn(0x7ff940106d30 msgr2=0x7ff940107150 secure :-1 s=STATE_CONNECTION_ESTABLISHED l=1).mark_down
2024-05-09T08:23:57.322 INFO:teuthology.orchestra.run.smithi107.stdout:/usr/bin/ceph: stderr
2024-05-09T08:23:50.881+0000 7ff946a7e700 1 --2- 172.21.15.107:0/792503732 >> [v2:172.21.15.107:3300/0,v1:172.21.15.107:6789/0] conn(0x7ff940106d30 0x7ff940107150 secure :-1 s=READY pgs=59 cs=0 l=1 rev1=1 crypto rx=0x7ff9340098a0 tx=0x7ff934009bb0 comp rx=0 tx=0).stop
2024-05-09T08:23:57.322 INFO:teuthology.orchestra.run.smithi107.stdout:/usr/bin/ceph: stderr
2024-05-09T08:23:50.881+0000 7ff946a7e700 1 -- 172.21.15.107:0/792503732 shutdown_connections
2024-05-09T08:23:57.323 INFO:teuthology.orchestra.run.smithi107.stdout:/usr/bin/ceph: stderr
2024-05-09T08:23:50.881+0000 7ff946a7e700 1 --2- 172.21.15.107:0/792503732 >> [v2:172.21.15.107:3300/0,v1:172.21.15.107:6789/0] conn(0x7ff940106d30 0x7ff940107150 unknown :-1 s=CLOSED pgs=59 cs=0 l=1 rev1=1 crypto rx=0 tx=0 comp rx=0 tx=0).stop
2024-05-09T08:23:57.323 INFO:teuthology.orchestra.run.smithi107.stdout:/usr/bin/ceph: stderr
2024-05-09T08:23:50.881+0000 7ff946a7e700 1 -- 172.21.15.107:0/792503732 >> 172.21.15.107:0/792503732 conn(0x7ff940102310 msgr2=0x7ff940104730 unknown :-1 s=STATE_NONE l=0).mark_down
2024-05-09T08:23:57.323 INFO:teuthology.orchestra.run.smithi107.stdout:/usr/bin/ceph: stderr
2024-05-09T08:23:50.881+0000 7ff946a7e700 1 -- 172.21.15.107:0/792503732 shutdown_connections
2024-05-09T08:23:57.323 INFO:teuthology.orchestra.run.smithi107.stdout:/usr/bin/ceph: stderr
2024-05-09T08:23:50.882+0000 7ff946a7e700 1 -- 172.21.15.107:0/792503732 wait complete.
2024-05-09T08:23:57.323 INFO:teuthology.orchestra.run.smithi107.stdout:/usr/bin/ceph: stderr
2024-05-09T08:23:50.882+0000 7ff946a7e700 1 Processor -- start
2024-05-09T08:23:57.323 INFO:teuthology.orchestra.run.smithi107.stdout:/usr/bin/ceph: stderr
2024-05-09T08:23:50.882+0000 7ff946a7e700 1 -- start start
2024-05-09T08:23:57.323 INFO:teuthology.orchestra.run.smithi107.stdout:/usr/bin/ceph: stderr
2024-05-09T08:23:50.882+0000 7ff946a7e700 1 --2- >> [v2:172.21.15.107:3300/0,v1:172.21.15.107:6789/0] conn(0x7ff940106d30 0x7ff94019bc80 unknown :-1 s=NONE pgs=0 cs=0 l=1 rev1=0 crypto rx=0 tx=0 comp rx=0 tx=0).connect
2024-05-09T08:23:57.323 INFO:teuthology.orchestra.run.smithi107.stdout:/usr/bin/ceph: stderr
2024-05-09T08:23:50.882+0000 7ff946a7e700 1 -- --> [v2:172.21.15.107:3300/0,v1:172.21.15.107:6789/0] -- mon_getmap magic: 0 -- 0x7ff94010b2e0 con 0x7ff940106d30
2024-05-09T08:23:57.323 INFO:teuthology.orchestra.run.smithi107.stdout:/usr/bin/ceph: stderr
2024-05-09T08:23:50.882+0000 7ff94481a700 1 --2- >> [v2:172.21.15.107:3300/0,v1:172.21.15.107:6789/0] conn(0x7ff940106d30 0x7ff94019bc80 unknown :-1 s=BANNER_CONNECTING pgs=0 cs=0 l=1 rev1=0 crypto rx=0 tx=0 comp rx=0 tx=0)._handle_peer_banner_payload supported=3 required=0
2024-05-09T08:23:57.323 INFO:teuthology.orchestra.run.smithi107.stdout:/usr/bin/ceph: stderr
2024-05-09T08:23:50.882+0000 7ff94481a700 1 --2- >> [v2:172.21.15.107:3300/0,v1:172.21.15.107:6789/0] conn(0x7ff940106d30 0x7ff94019bc80 unknown :-1 s=HELLO_CONNECTING pgs=0 cs=0 l=1 rev1=1 crypto rx=0 tx=0 comp rx=0 tx=0).handle_hello peer v2:172.21.15.107:3300/0 says I am v2:172.21.15.107:60632/0 (socket says 172.21.15.107:60632)
2024-05-09T08:23:57.323 INFO:teuthology.orchestra.run.smithi107.stdout:/usr/bin/ceph: stderr
2024-05-09T08:23:50.882+0000 7ff94481a700 1 -- 172.21.15.107:0/2534356594 learned_addr learned my addr 172.21.15.107:0/2534356594 (peer_addr_for_me v2:172.21.15.107:0/0)
2024-05-09T08:23:57.324 INFO:teuthology.orchestra.run.smithi107.stdout:/usr/bin/ceph: stderr
2024-05-09T08:23:50.883+0000 7ff94481a700 1 -- 172.21.15.107:0/2534356594 --> [v2:172.21.15.107:3300/0,v1:172.21.15.107:6789/0] -- mon_subscribe({config=0+,monmap=0+}) -- 0x7ff94019c1c0 con 0x7ff940106d30
2024-05-09T08:23:57.324 INFO:teuthology.orchestra.run.smithi107.stdout:/usr/bin/ceph: stderr
2024-05-09T08:23:50.883+0000 7ff94481a700 1 --2- 172.21.15.107:0/2534356594 >> [v2:172.21.15.107:3300/0,v1:172.21.15.107:6789/0] conn(0x7ff940106d30 0x7ff94019bc80 secure :-1 s=READY pgs=60 cs=0 l=1 rev1=1 crypto rx=0x7ff934006b20 tx=0x7ff934011ad0 comp rx=0 tx=0).ready entity=mon.0 client_cookie=0 server_cookie=0 in_seq=0 out_seq=0
2024-05-09T08:23:57.324 INFO:teuthology.orchestra.run.smithi107.stdout:/usr/bin/ceph: stderr
2024-05-09T08:23:50.883+0000 7ff93dffb700 1 -- 172.21.15.107:0/2534356594 <== mon.0 v2:172.21.15.107:3300/0 1 ==== mon_map magic: 0 ==== 205+0+0 (secure 0 0 0) 0x7ff9340039e0 con 0x7ff940106d30
2024-05-09T08:23:57.324 INFO:teuthology.orchestra.run.smithi107.stdout:/usr/bin/ceph: stderr
2024-05-09T08:23:50.883+0000 7ff946a7e700 1 -- 172.21.15.107:0/2534356594 --> [v2:172.21.15.107:3300/0,v1:172.21.15.107:6789/0] -- mon_subscribe({mgrmap=0+}) -- 0x7ff94019c450 con 0x7ff940106d30
2024-05-09T08:23:57.324 INFO:teuthology.orchestra.run.smithi107.stdout:/usr/bin/ceph: stderr
2024-05-09T08:23:50.883+0000 7ff93dffb700 1 -- 172.21.15.107:0/2534356594 <== mon.0 v2:172.21.15.107:3300/0 2 ==== config(26 keys) ==== 1102+0+0 (secure 0 0 0) 0x7ff93401a8e0 con 0x7ff940106d30
2024-05-09T08:23:57.324 INFO:teuthology.orchestra.run.smithi107.stdout:/usr/bin/ceph: stderr
2024-05-09T08:23:50.883+0000 7ff93dffb700 1 -- 172.21.15.107:0/2534356594 <== mon.0 v2:172.21.15.107:3300/0 3 ==== mon_map magic: 0 ==== 205+0+0 (secure 0 0 0) 0x7ff9340247e0 con 0x7ff940106d30
2024-05-09T08:23:57.324 INFO:teuthology.orchestra.run.smithi107.stdout:/usr/bin/ceph: stderr
2024-05-09T08:23:50.883+0000 7ff946a7e700 1 -- 172.21.15.107:0/2534356594 --> [v2:172.21.15.107:3300/0,v1:172.21.15.107:6789/0] -- mon_subscribe({osdmap=0}) -- 0x7ff94019f140 con 0x7ff940106d30
2024-05-09T08:23:57.324 INFO:teuthology.orchestra.run.smithi107.stdout:/usr/bin/ceph: stderr
2024-05-09T08:23:50.884+0000 7ff93dffb700 1 -- 172.21.15.107:0/2534356594 <== mon.0 v2:172.21.15.107:3300/0 4 ==== mgrmap(e 9) ==== 46300+0+0 (secure 0 0 0) 0x7ff934022020 con 0x7ff940106d30
2024-05-09T08:23:57.324 INFO:teuthology.orchestra.run.smithi107.stdout:/usr/bin/ceph: stderr
2024-05-09T08:23:50.885+0000 7ff93dffb700 1 --2- 172.21.15.107:0/2534356594 >> [v2:172.21.15.107:6800/3922375261,v1:172.21.15.107:6801/3922375261] conn(0x7ff9300390a0 0x7ff93003b560 unknown :-1 s=NONE pgs=0 cs=0 l=1 rev1=0 crypto rx=0 tx=0 comp rx=0 tx=0).connect
2024-05-09T08:23:57.324 INFO:teuthology.orchestra.run.smithi107.stdout:/usr/bin/ceph: stderr
2024-05-09T08:23:50.885+0000 7ff93dffb700 1 -- 172.21.15.107:0/2534356594 --> [v2:172.21.15.107:6800/3922375261,v1:172.21.15.107:6801/3922375261] -- command(tid 0: {"prefix": "get_command_descriptions"}) -- 0x7ff93003bc70 con 0x7ff9300390a0
2024-05-09T08:23:57.324 INFO:teuthology.orchestra.run.smithi107.stdout:/usr/bin/ceph: stderr
2024-05-09T08:23:50.885+0000 7ff93dffb700 1 -- 172.21.15.107:0/2534356594 <== mon.0 v2:172.21.15.107:3300/0 5 ==== osd_map(2..2 src has 1..2) ==== 940+0+0 (secure 0 0 0) 0x7ff93404d510 con 0x7ff940106d30
2024-05-09T08:23:57.324 INFO:teuthology.orchestra.run.smithi107.stdout:/usr/bin/ceph: stderr
2024-05-09T08:23:50.885+0000 7ff93ffff700 1 -- 172.21.15.107:0/2534356594 >> [v2:172.21.15.107:6800/3922375261,v1:172.21.15.107:6801/3922375261] conn(0x7ff9300390a0 msgr2=0x7ff93003b560 unknown :-1 s=STATE_CONNECTING_RE l=1).process reconnect failed to v2:172.21.15.107:6800/3922375261
2024-05-09T08:23:57.325 INFO:teuthology.orchestra.run.smithi107.stdout:/usr/bin/ceph: stderr
2024-05-09T08:23:50.885+0000 7ff93ffff700 1 --2- 172.21.15.107:0/2534356594 >> [v2:172.21.15.107:6800/3922375261,v1:172.21.15.107:6801/3922375261] conn(0x7ff9300390a0 0x7ff93003b560 unknown :-1 s=START_CONNECT pgs=0 cs=0 l=1 rev1=0 crypto rx=0 tx=0 comp rx=0 tx=0)._fault waiting 0.200000
