2024-05-09T08:40:40.417 INFO:teuthology.orchestra.run.smithi098.stdout:/usr/bin/ceph: stdout },
2024-05-09T08:40:40.417 INFO:teuthology.orchestra.run.smithi098.stdout:/usr/bin/ceph: stdout "election_epoch": 5,
2024-05-09T08:40:40.417 INFO:teuthology.orchestra.run.smithi098.stdout:/usr/bin/ceph: stdout "quorum": [
2024-05-09T08:40:40.417 INFO:teuthology.orchestra.run.smithi098.stdout:/usr/bin/ceph: stdout 0
2024-05-09T08:40:40.417 INFO:teuthology.orchestra.run.smithi098.stdout:/usr/bin/ceph: stdout ],
2024-05-09T08:40:40.417 INFO:teuthology.orchestra.run.smithi098.stdout:/usr/bin/ceph: stdout "quorum_names": [
2024-05-09T08:40:40.417 INFO:teuthology.orchestra.run.smithi098.stdout:/usr/bin/ceph: stdout "a"
2024-05-09T08:40:40.418 INFO:teuthology.orchestra.run.smithi098.stdout:/usr/bin/ceph: stdout ],
2024-05-09T08:40:40.418 INFO:teuthology.orchestra.run.smithi098.stdout:/usr/bin/ceph: stdout "quorum_age": 12,
2024-05-09T08:40:40.418 INFO:teuthology.orchestra.run.smithi098.stdout:/usr/bin/ceph: stdout "monmap": {
2024-05-09T08:40:40.418 INFO:teuthology.orchestra.run.smithi098.stdout:/usr/bin/ceph: stdout "epoch": 1,
2024-05-09T08:40:40.418 INFO:teuthology.orchestra.run.smithi098.stdout:/usr/bin/ceph: stdout "min_mon_release_name": "squid",
2024-05-09T08:40:40.418 INFO:teuthology.orchestra.run.smithi098.stdout:/usr/bin/ceph: stdout "num_mons": 1
2024-05-09T08:40:40.418 INFO:teuthology.orchestra.run.smithi098.stdout:/usr/bin/ceph: stdout },
2024-05-09T08:40:40.418 INFO:teuthology.orchestra.run.smithi098.stdout:/usr/bin/ceph: stdout "osdmap": {
2024-05-09T08:40:40.418 INFO:teuthology.orchestra.run.smithi098.stdout:/usr/bin/ceph: stdout "epoch": 1,
2024-05-09T08:40:40.418 INFO:teuthology.orchestra.run.smithi098.stdout:/usr/bin/ceph: stdout "num_osds": 0,
2024-05-09T08:40:40.418 INFO:teuthology.orchestra.run.smithi098.stdout:/usr/bin/ceph: stdout "num_up_osds": 0,
2024-05-09T08:40:40.418 INFO:teuthology.orchestra.run.smithi098.stdout:/usr/bin/ceph: stdout "osd_up_since": 0,
2024-05-09T08:40:40.427 INFO:teuthology.orchestra.run.smithi098.stdout:/usr/bin/ceph: stdout "num_in_osds": 0,
2024-05-09T08:40:40.427 INFO:teuthology.orchestra.run.smithi098.stdout:/usr/bin/ceph: stdout "osd_in_since": 0,
2024-05-09T08:40:40.427 INFO:teuthology.orchestra.run.smithi098.stdout:/usr/bin/ceph: stdout "num_remapped_pgs": 0
2024-05-09T08:40:40.427 INFO:teuthology.orchestra.run.smithi098.stdout:/usr/bin/ceph: stdout },
2024-05-09T08:40:40.427 INFO:teuthology.orchestra.run.smithi098.stdout:/usr/bin/ceph: stdout "pgmap": {
2024-05-09T08:40:40.427 INFO:teuthology.orchestra.run.smithi098.stdout:/usr/bin/ceph: stdout "pgs_by_state": [],
2024-05-09T08:40:40.427 INFO:teuthology.orchestra.run.smithi098.stdout:/usr/bin/ceph: stdout "num_pgs": 0,
2024-05-09T08:40:40.427 INFO:teuthology.orchestra.run.smithi098.stdout:/usr/bin/ceph: stdout "num_pools": 0,
2024-05-09T08:40:40.427 INFO:teuthology.orchestra.run.smithi098.stdout:/usr/bin/ceph: stdout "num_objects": 0,
2024-05-09T08:40:40.428 INFO:teuthology.orchestra.run.smithi098.stdout:/usr/bin/ceph: stdout "data_bytes": 0,
2024-05-09T08:40:40.428 INFO:teuthology.orchestra.run.smithi098.stdout:/usr/bin/ceph: stdout "bytes_used": 0,
2024-05-09T08:40:40.428 INFO:teuthology.orchestra.run.smithi098.stdout:/usr/bin/ceph: stdout "bytes_avail": 0,
2024-05-09T08:40:40.428 INFO:teuthology.orchestra.run.smithi098.stdout:/usr/bin/ceph: stdout "bytes_total": 0
2024-05-09T08:40:40.428 INFO:teuthology.orchestra.run.smithi098.stdout:/usr/bin/ceph: stdout },
2024-05-09T08:40:40.428 INFO:teuthology.orchestra.run.smithi098.stdout:/usr/bin/ceph: stdout "fsmap": {
2024-05-09T08:40:40.428 INFO:teuthology.orchestra.run.smithi098.stdout:/usr/bin/ceph: stdout "epoch": 1,
2024-05-09T08:40:40.428 INFO:teuthology.orchestra.run.smithi098.stdout:/usr/bin/ceph: stdout "by_rank": [],
2024-05-09T08:40:40.428 INFO:teuthology.orchestra.run.smithi098.stdout:/usr/bin/ceph: stdout "up:standby": 0
2024-05-09T08:40:40.428 INFO:teuthology.orchestra.run.smithi098.stdout:/usr/bin/ceph: stdout },
2024-05-09T08:40:40.428 INFO:teuthology.orchestra.run.smithi098.stdout:/usr/bin/ceph: stdout "mgrmap": {
2024-05-09T08:40:40.428 INFO:teuthology.orchestra.run.smithi098.stdout:/usr/bin/ceph: stdout "available": true,
2024-05-09T08:40:40.428 INFO:teuthology.orchestra.run.smithi098.stdout:/usr/bin/ceph: stdout "num_standbys": 0,
2024-05-09T08:40:40.428 INFO:teuthology.orchestra.run.smithi098.stdout:/usr/bin/ceph: stdout "modules": [
2024-05-09T08:40:40.428 INFO:teuthology.orchestra.run.smithi098.stdout:/usr/bin/ceph: stdout "iostat",
2024-05-09T08:40:40.429 INFO:teuthology.orchestra.run.smithi098.stdout:/usr/bin/ceph: stdout "nfs",
2024-05-09T08:40:40.429 INFO:teuthology.orchestra.run.smithi098.stdout:/usr/bin/ceph: stdout "restful"
2024-05-09T08:40:40.429 INFO:teuthology.orchestra.run.smithi098.stdout:/usr/bin/ceph: stdout ],
2024-05-09T08:40:40.429 INFO:teuthology.orchestra.run.smithi098.stdout:/usr/bin/ceph: stdout "services": {}
2024-05-09T08:40:40.429 INFO:teuthology.orchestra.run.smithi098.stdout:/usr/bin/ceph: stdout },
2024-05-09T08:40:40.429 INFO:teuthology.orchestra.run.smithi098.stdout:/usr/bin/ceph: stdout "servicemap": {
2024-05-09T08:40:40.429 INFO:teuthology.orchestra.run.smithi098.stdout:/usr/bin/ceph: stdout "epoch": 1,
2024-05-09T08:40:40.429 INFO:teuthology.orchestra.run.smithi098.stdout:/usr/bin/ceph: stdout "modified": "2024-05-09T08:40:17.456508+0000",
2024-05-09T08:40:40.429 INFO:teuthology.orchestra.run.smithi098.stdout:/usr/bin/ceph: stdout "services": {}
2024-05-09T08:40:40.429 INFO:teuthology.orchestra.run.smithi098.stdout:/usr/bin/ceph: stdout },
2024-05-09T08:40:40.429 INFO:teuthology.orchestra.run.smithi098.stdout:/usr/bin/ceph: stdout "progress_events": {}
2024-05-09T08:40:40.429 INFO:teuthology.orchestra.run.smithi098.stdout:/usr/bin/ceph: stdout }
2024-05-09T08:40:40.429 INFO:teuthology.orchestra.run.smithi098.stdout:/usr/bin/ceph: stderr
2024-05-09T08:40:34.147+0000 7fef91a39700 1 Processor -- start
2024-05-09T08:40:40.429 INFO:teuthology.orchestra.run.smithi098.stdout:/usr/bin/ceph: stderr
2024-05-09T08:40:34.147+0000 7fef91a39700 1 -- start start
2024-05-09T08:40:40.429 INFO:teuthology.orchestra.run.smithi098.stdout:/usr/bin/ceph: stderr
2024-05-09T08:40:34.147+0000 7fef91a39700 1 --2- >> [v2:172.21.15.98:3300/0,v1:172.21.15.98:6789/0] conn(0x7fef8c108840 0x7fef8c10ac30 unknown :-1 s=NONE pgs=0 cs=0 l=0 rev1=0 crypto rx=0 tx=0 comp rx=0 tx=0).connect
2024-05-09T08:40:40.430 INFO:teuthology.orchestra.run.smithi098.stdout:/usr/bin/ceph: stderr
2024-05-09T08:40:34.147+0000 7fef91a39700 1 -- --> [v2:172.21.15.98:3300/0,v1:172.21.15.98:6789/0] -- mon_getmap magic: 0 -- 0x7fef8c07bed0 con 0x7fef8c108840
2024-05-09T08:40:40.430 INFO:teuthology.orchestra.run.smithi098.stdout:/usr/bin/ceph: stderr
2024-05-09T08:40:34.147+0000 7fef8affd700 1 --2- >> [v2:172.21.15.98:3300/0,v1:172.21.15.98:6789/0] conn(0x7fef8c108840 0x7fef8c10ac30 unknown :-1 s=BANNER_CONNECTING pgs=0 cs=0 l=0 rev1=0 crypto rx=0 tx=0 comp rx=0 tx=0)._handle_peer_banner_payload supported=3 required=0
2024-05-09T08:40:40.430 INFO:teuthology.orchestra.run.smithi098.stdout:/usr/bin/ceph: stderr
2024-05-09T08:40:34.147+0000 7fef8affd700 1 --2- >> [v2:172.21.15.98:3300/0,v1:172.21.15.98:6789/0] conn(0x7fef8c108840 0x7fef8c10ac30 unknown :-1 s=HELLO_CONNECTING pgs=0 cs=0 l=0 rev1=1 crypto rx=0 tx=0 comp rx=0 tx=0).handle_hello peer v2:172.21.15.98:3300/0 says I am v2:172.21.15.98:49106/0 (socket says 172.21.15.98:49106)
2024-05-09T08:40:40.430 INFO:teuthology.orchestra.run.smithi098.stdout:/usr/bin/ceph: stderr
2024-05-09T08:40:34.147+0000 7fef8affd700 1 -- 172.21.15.98:0/287626544 learned_addr learned my addr 172.21.15.98:0/287626544 (peer_addr_for_me v2:172.21.15.98:0/0)
2024-05-09T08:40:40.430 INFO:teuthology.orchestra.run.smithi098.stdout:/usr/bin/ceph: stderr
2024-05-09T08:40:34.147+0000 7fef8affd700 1 -- 172.21.15.98:0/287626544 --> [v2:172.21.15.98:3300/0,v1:172.21.15.98:6789/0] -- mon_subscribe({config=0+,monmap=0+}) -- 0x7fef8c10b170 con 0x7fef8c108840
2024-05-09T08:40:40.430 INFO:teuthology.orchestra.run.smithi098.stdout:/usr/bin/ceph: stderr
2024-05-09T08:40:34.147+0000 7fef8affd700 1 --2- 172.21.15.98:0/287626544 >> [v2:172.21.15.98:3300/0,v1:172.21.15.98:6789/0] conn(0x7fef8c108840 0x7fef8c10ac30 secure :-1 s=READY pgs=16 cs=0 l=1 rev1=1 crypto rx=0x7fef7c0098a0 tx=0x7fef7c009bb0 comp rx=0 tx=0).ready entity=mon.0 client_cookie=273125317a40928 server_cookie=0 in_seq=0 out_seq=0
2024-05-09T08:40:40.430 INFO:teuthology.orchestra.run.smithi098.stdout:/usr/bin/ceph: stderr
2024-05-09T08:40:34.148+0000 7fef89ffb700 1 -- 172.21.15.98:0/287626544 <== mon.0 v2:172.21.15.98:3300/0 1 ==== mon_map magic: 0 ==== 205+0+0 (secure 0 0 0) 0x7fef7c004160 con 0x7fef8c108840
2024-05-09T08:40:40.430 INFO:teuthology.orchestra.run.smithi098.stdout:/usr/bin/ceph: stderr
2024-05-09T08:40:34.148+0000 7fef89ffb700 1 -- 172.21.15.98:0/287626544 <== mon.0 v2:172.21.15.98:3300/0 2 ==== config(27 keys) ==== 1109+0+0 (secure 0 0 0) 0x7fef7c004300 con 0x7fef8c108840
2024-05-09T08:40:40.430 INFO:teuthology.orchestra.run.smithi098.stdout:/usr/bin/ceph: stderr
2024-05-09T08:40:34.148+0000 7fef89ffb700 1 -- 172.21.15.98:0/287626544 <== mon.0 v2:172.21.15.98:3300/0 3 ==== mon_map magic: 0 ==== 205+0+0 (secure 0 0 0) 0x7fef7c011b50 con 0x7fef8c108840
2024-05-09T08:40:40.430 INFO:teuthology.orchestra.run.smithi098.stdout:/usr/bin/ceph: stderr
2024-05-09T08:40:34.148+0000 7fef91a39700 1 -- 172.21.15.98:0/287626544 >> [v2:172.21.15.98:3300/0,v1:172.21.15.98:6789/0] conn(0x7fef8c108840 msgr2=0x7fef8c10ac30 secure :-1 s=STATE_CONNECTION_ESTABLISHED l=1).mark_down
2024-05-09T08:40:40.430 INFO:teuthology.orchestra.run.smithi098.stdout:/usr/bin/ceph: stderr
2024-05-09T08:40:34.148+0000 7fef91a39700 1 --2- 172.21.15.98:0/287626544 >> [v2:172.21.15.98:3300/0,v1:172.21.15.98:6789/0] conn(0x7fef8c108840 0x7fef8c10ac30 secure :-1 s=READY pgs=16 cs=0 l=1 rev1=1 crypto rx=0x7fef7c0098a0 tx=0x7fef7c009bb0 comp rx=0 tx=0).stop
2024-05-09T08:40:40.430 INFO:teuthology.orchestra.run.smithi098.stdout:/usr/bin/ceph: stderr
2024-05-09T08:40:34.148+0000 7fef91a39700 1 -- 172.21.15.98:0/287626544 shutdown_connections
2024-05-09T08:40:40.430 INFO:teuthology.orchestra.run.smithi098.stdout:/usr/bin/ceph: stderr
2024-05-09T08:40:34.148+0000 7fef91a39700 1 --2- 172.21.15.98:0/287626544 >> [v2:172.21.15.98:3300/0,v1:172.21.15.98:6789/0] conn(0x7fef8c108840 0x7fef8c10ac30 unknown :-1 s=CLOSED pgs=16 cs=0 l=1 rev1=1 crypto rx=0 tx=0 comp rx=0 tx=0).stop
2024-05-09T08:40:40.430 INFO:teuthology.orchestra.run.smithi098.stdout:/usr/bin/ceph: stderr
2024-05-09T08:40:34.148+0000 7fef91a39700 1 -- 172.21.15.98:0/287626544 >> 172.21.15.98:0/287626544 conn(0x7fef8c102270 msgr2=0x7fef8c1046b0 unknown :-1 s=STATE_NONE l=0).mark_down
2024-05-09T08:40:40.431 INFO:teuthology.orchestra.run.smithi098.stdout:/usr/bin/ceph: stderr
2024-05-09T08:40:34.148+0000 7fef91a39700 1 -- 172.21.15.98:0/287626544 shutdown_connections
2024-05-09T08:40:40.431 INFO:teuthology.orchestra.run.smithi098.stdout:/usr/bin/ceph: stderr
2024-05-09T08:40:34.148+0000 7fef91a39700 1 -- 172.21.15.98:0/287626544 wait complete.
2024-05-09T08:40:40.431 INFO:teuthology.orchestra.run.smithi098.stdout:/usr/bin/ceph: stderr
2024-05-09T08:40:34.149+0000 7fef91a39700 1 Processor -- start
2024-05-09T08:40:40.431 INFO:teuthology.orchestra.run.smithi098.stdout:/usr/bin/ceph: stderr
2024-05-09T08:40:34.149+0000 7fef91a39700 1 -- start start
2024-05-09T08:40:40.431 INFO:teuthology.orchestra.run.smithi098.stdout:/usr/bin/ceph: stderr
2024-05-09T08:40:34.149+0000 7fef91a39700 1 --2- >> [v2:172.21.15.98:3300/0,v1:172.21.15.98:6789/0] conn(0x7fef8c108840 0x7fef8c19bc80 unknown :-1 s=NONE pgs=0 cs=0 l=1 rev1=0 crypto rx=0 tx=0 comp rx=0 tx=0).connect
2024-05-09T08:40:40.431 INFO:teuthology.orchestra.run.smithi098.stdout:/usr/bin/ceph: stderr
2024-05-09T08:40:34.149+0000 7fef91a39700 1 -- --> [v2:172.21.15.98:3300/0,v1:172.21.15.98:6789/0] -- mon_getmap magic: 0 -- 0x7fef8c10c1a0 con 0x7fef8c108840
2024-05-09T08:40:40.431 INFO:teuthology.orchestra.run.smithi098.stdout:/usr/bin/ceph: stderr
2024-05-09T08:40:34.149+0000 7fef8affd700 1 --2- >> [v2:172.21.15.98:3300/0,v1:172.21.15.98:6789/0] conn(0x7fef8c108840 0x7fef8c19bc80 unknown :-1 s=BANNER_CONNECTING pgs=0 cs=0 l=1 rev1=0 crypto rx=0 tx=0 comp rx=0 tx=0)._handle_peer_banner_payload supported=3 required=0
2024-05-09T08:40:40.431 INFO:teuthology.orchestra.run.smithi098.stdout:/usr/bin/ceph: stderr
2024-05-09T08:40:34.149+0000 7fef8affd700 1 --2- >> [v2:172.21.15.98:3300/0,v1:172.21.15.98:6789/0] conn(0x7fef8c108840 0x7fef8c19bc80 unknown :-1 s=HELLO_CONNECTING pgs=0 cs=0 l=1 rev1=1 crypto rx=0 tx=0 comp rx=0 tx=0).handle_hello peer v2:172.21.15.98:3300/0 says I am v2:172.21.15.98:49110/0 (socket says 172.21.15.98:49110)
2024-05-09T08:40:40.431 INFO:teuthology.orchestra.run.smithi098.stdout:/usr/bin/ceph: stderr
2024-05-09T08:40:34.149+0000 7fef8affd700 1 -- 172.21.15.98:0/1921806051 learned_addr learned my addr 172.21.15.98:0/1921806051 (peer_addr_for_me v2:172.21.15.98:0/0)
2024-05-09T08:40:40.431 INFO:teuthology.orchestra.run.smithi098.stdout:/usr/bin/ceph: stderr
2024-05-09T08:40:34.150+0000 7fef8affd700 1 -- 172.21.15.98:0/1921806051 --> [v2:172.21.15.98:3300/0,v1:172.21.15.98:6789/0] -- mon_subscribe({config=0+,monmap=0+}) -- 0x7fef8c19c1c0 con 0x7fef8c108840
2024-05-09T08:40:40.431 INFO:teuthology.orchestra.run.smithi098.stdout:/usr/bin/ceph: stderr
2024-05-09T08:40:34.150+0000 7fef8affd700 1 --2- 172.21.15.98:0/1921806051 >> [v2:172.21.15.98:3300/0,v1:172.21.15.98:6789/0] conn(0x7fef8c108840 0x7fef8c19bc80 secure :-1 s=READY pgs=17 cs=0 l=1 rev1=1 crypto rx=0x7fef7c011b60 tx=0x7fef7c011c40 comp rx=0 tx=0).ready entity=mon.0 client_cookie=0 server_cookie=0 in_seq=0 out_seq=0
2024-05-09T08:40:40.431 INFO:teuthology.orchestra.run.smithi098.stdout:/usr/bin/ceph: stderr
2024-05-09T08:40:34.150+0000 7fef90a37700 1 -- 172.21.15.98:0/1921806051 <== mon.0 v2:172.21.15.98:3300/0 1 ==== mon_map magic: 0 ==== 205+0+0 (secure 0 0 0) 0x7fef7c003b20 con 0x7fef8c108840
2024-05-09T08:40:40.431 INFO:teuthology.orchestra.run.smithi098.stdout:/usr/bin/ceph: stderr
2024-05-09T08:40:34.150+0000 7fef90a37700 1 -- 172.21.15.98:0/1921806051 <== mon.0 v2:172.21.15.98:3300/0 2 ==== config(27 keys) ==== 1109+0+0 (secure 0 0 0) 0x7fef7c003cc0 con 0x7fef8c108840
2024-05-09T08:40:40.431 INFO:teuthology.orchestra.run.smithi098.stdout:/usr/bin/ceph: stderr
2024-05-09T08:40:34.150+0000 7fef91a39700 1 -- 172.21.15.98:0/1921806051 --> [v2:172.21.15.98:3300/0,v1:172.21.15.98:6789/0] -- mon_subscribe({mgrmap=0+}) -- 0x7fef8c19c450 con 0x7fef8c108840
2024-05-09T08:40:40.431 INFO:teuthology.orchestra.run.smithi098.stdout:/usr/bin/ceph: stderr
2024-05-09T08:40:34.150+0000 7fef90a37700 1 -- 172.21.15.98:0/1921806051 <== mon.0 v2:172.21.15.98:3300/0 3 ==== mon_map magic: 0 ==== 205+0+0 (secure 0 0 0) 0x7fef7c024840 con 0x7fef8c108840
2024-05-09T08:40:40.432 INFO:teuthology.orchestra.run.smithi098.stdout:/usr/bin/ceph: stderr
2024-05-09T08:40:34.150+0000 7fef91a39700 1 -- 172.21.15.98:0/1921806051 --> [v2:172.21.15.98:3300/0,v1:172.21.15.98:6789/0] -- mon_subscribe({osdmap=0}) -- 0x7fef8c19f140 con 0x7fef8c108840
2024-05-09T08:40:40.432 INFO:teuthology.orchestra.run.smithi098.stdout:/usr/bin/ceph: stderr
2024-05-09T08:40:34.151+0000 7fef90a37700 1 -- 172.21.15.98:0/1921806051 <== mon.0 v2:172.21.15.98:3300/0 4 ==== mgrmap(e 4) ==== 46276+0+0 (secure 0 0 0) 0x7fef7c022020 con 0x7fef8c108840
2024-05-09T08:40:40.432 INFO:teuthology.orchestra.run.smithi098.stdout:/usr/bin/ceph: stderr
2024-05-09T08:40:34.151+0000 7fef90a37700 1 --2- 172.21.15.98:0/1921806051 >> [v2:172.21.15.98:6800/1313924889,v1:172.21.15.98:6801/1313924889] conn(0x7fef740390c0 0x7fef7403b580 unknown :-1 s=NONE pgs=0 cs=0 l=1 rev1=0 crypto rx=0 tx=0 comp rx=0 tx=0).connect
2024-05-09T08:40:40.432 INFO:teuthology.orchestra.run.smithi098.stdout:/usr/bin/ceph: stderr
2024-05-09T08:40:34.151+0000 7fef90a37700 1 -- 172.21.15.98:0/1921806051 <== mon.0 v2:172.21.15.98:3300/0 5 ==== osd_map(1..1 src has 1..1) ==== 725+0+0 (secure 0 0 0) 0x7fef7c011e00 con 0x7fef8c108840
2024-05-09T08:40:40.432 INFO:teuthology.orchestra.run.smithi098.stdout:/usr/bin/ceph: stderr
2024-05-09T08:40:34.151+0000 7fef8a7fc700 1 --2- 172.21.15.98:0/1921806051 >> [v2:172.21.15.98:6800/1313924889,v1:172.21.15.98:6801/1313924889] conn(0x7fef740390c0 0x7fef7403b580 unknown :-1 s=BANNER_CONNECTING pgs=0 cs=0 l=1 rev1=0 crypto rx=0 tx=0 comp rx=0 tx=0)._handle_peer_banner_payload supported=3 required=0
2024-05-09T08:40:40.432 INFO:teuthology.orchestra.run.smithi098.stdout:/usr/bin/ceph: stderr
2024-05-09T08:40:34.151+0000 7fef91a39700 1 -- 172.21.15.98:0/1921806051 --> [v2:172.21.15.98:3300/0,v1:172.21.15.98:6789/0] -- mon_command({"prefix": "get_command_descriptions"} v 0) -- 0x7fef8c063980 con 0x7fef8c108840
2024-05-09T08:40:40.432 INFO:teuthology.orchestra.run.smithi098.stdout:/usr/bin/ceph: stderr
2024-05-09T08:40:34.151+0000 7fef8a7fc700 1 --2- 172.21.15.98:0/1921806051 >> [v2:172.21.15.98:6800/1313924889,v1:172.21.15.98:6801/1313924889] conn(0x7fef740390c0 0x7fef7403b580 secure :-1 s=READY pgs=6 cs=0 l=1 rev1=1 crypto rx=0x7fef80006fd0 tx=0x7fef80006e40 comp rx=0 tx=0).ready entity=mgr.14100 client_cookie=0 server_cookie=0 in_seq=0 out_seq=0
2024-05-09T08:40:40.432 INFO:teuthology.orchestra.run.smithi098.stdout:/usr/bin/ceph: stderr
2024-05-09T08:40:34.156+0000 7fef90a37700 1 -- 172.21.15.98:0/1921806051 <== mon.0 v2:172.21.15.98:3300/0 6 ==== mon_command_ack([{"prefix": "get_command_descriptions"}]=0 v0) ==== 72+0+186147 (secure 0 0 0) 0x7fef7c0172b0 con 0x7fef8c108840
2024-05-09T08:40:40.432 INFO:teuthology.orchestra.run.smithi098.stdout:/usr/bin/ceph: stderr
2024-05-09T08:40:34.434+0000 7fef91a39700 1 -- 172.21.15.98:0/1921806051 --> [v2:172.21.15.98:3300/0,v1:172.21.15.98:6789/0] -- mon_command({"prefix": "status", "format": "json-pretty"} v 0) -- 0x7fef8c19f310 con 0x7fef8c108840
2024-05-09T08:40:40.432 INFO:teuthology.orchestra.run.smithi098.stdout:/usr/bin/ceph: stderr
2024-05-09T08:40:34.434+0000 7fef90a37700 1 -- 172.21.15.98:0/1921806051 <== mon.0 v2:172.21.15.98:3300/0 7 ==== mon_command_ack([{"prefix": "status", "format": "json-pretty"}]=0 v0) ==== 79+0+1239 (secure 0 0 0) 0x7fef7c00b7e0 con 0x7fef8c108840
2024-05-09T08:40:40.432 INFO:teuthology.orchestra.run.smithi098.stdout:/usr/bin/ceph: stderr
2024-05-09T08:40:34.436+0000 7fef91a39700 1 -- 172.21.15.98:0/1921806051 >> [v2:172.21.15.98:6800/1313924889,v1:172.21.15.98:6801/1313924889] conn(0x7fef740390c0 msgr2=0x7fef7403b580 secure :-1 s=STATE_CONNECTION_ESTABLISHED l=1).mark_down
2024-05-09T08:40:40.432 INFO:teuthology.orchestra.run.smithi098.stdout:/usr/bin/ceph: stderr
2024-05-09T08:40:34.436+0000 7fef91a39700 1 --2- 172.21.15.98:0/1921806051 >> [v2:172.21.15.98:6800/1313924889,v1:172.21.15.98:6801/1313924889] conn(0x7fef740390c0 0x7fef7403b580 secure :-1 s=READY pgs=6 cs=0 l=1 rev1=1 crypto rx=0x7fef80006fd0 tx=0x7fef80006e40 comp rx=0 tx=0).stop
2024-05-09T08:40:40.432 INFO:teuthology.orchestra.run.smithi098.stdout:/usr/bin/ceph: stderr
2024-05-09T08:40:34.436+0000 7fef91a39700 1 -- 172.21.15.98:0/1921806051 >> [v2:172.21.15.98:3300/0,v1:172.21.15.98:6789/0] conn(0x7fef8c108840 msgr2=0x7fef8c19bc80 secure :-1 s=STATE_CONNECTION_ESTABLISHED l=1).mark_down
2024-05-09T08:40:40.432 INFO:teuthology.orchestra.run.smithi098.stdout:/usr/bin/ceph: stderr
2024-05-09T08:40:34.436+0000 7fef91a39700 1 --2- 172.21.15.98:0/1921806051 >> [v2:172.21.15.98:3300/0,v1:172.21.15.98:6789/0] conn(0x7fef8c108840 0x7fef8c19bc80 secure :-1 s=READY pgs=17 cs=0 l=1 rev1=1 crypto rx=0x7fef7c011b60 tx=0x7fef7c011c40 comp rx=0 tx=0).stop
2024-05-09T08:40:40.432 INFO:teuthology.orchestra.run.smithi098.stdout:/usr/bin/ceph: stderr
2024-05-09T08:40:34.436+0000 7fef91a39700 1 -- 172.21.15.98:0/1921806051 shutdown_connections
2024-05-09T08:40:40.433 INFO:teuthology.orchestra.run.smithi098.stdout:/usr/bin/ceph: stderr
2024-05-09T08:40:34.436+0000 7fef91a39700 1 --2- 172.21.15.98:0/1921806051 >> [v2:172.21.15.98:6800/1313924889,v1:172.21.15.98:6801/1313924889] conn(0x7fef740390c0 0x7fef7403b580 unknown :-1 s=CLOSED pgs=6 cs=0 l=1 rev1=1 crypto rx=0 tx=0 comp rx=0 tx=0).stop
2024-05-09T08:40:40.433 INFO:teuthology.orchestra.run.smithi098.stdout:/usr/bin/ceph: stderr
2024-05-09T08:40:34.436+0000 7fef91a39700 1 --2- 172.21.15.98:0/1921806051 >> [v2:172.21.15.98:3300/0,v1:172.21.15.98:6789/0] conn(0x7fef8c108840 0x7fef8c19bc80 unknown :-1 s=CLOSED pgs=17 cs=0 l=1 rev1=1 crypto rx=0 tx=0 comp rx=0 tx=0).stop
2024-05-09T08:40:40.433 INFO:teuthology.orchestra.run.smithi098.stdout:/usr/bin/ceph: stderr
2024-05-09T08:40:34.436+0000 7fef91a39700 1 -- 172.21.15.98:0/1921806051 >> 172.21.15.98:0/1921806051 conn(0x7fef8c102270 msgr2=0x7fef8c102cc0 unknown :-1 s=STATE_NONE l=0).mark_down
2024-05-09T08:40:40.433 INFO:teuthology.orchestra.run.smithi098.stdout:/usr/bin/ceph: stderr
2024-05-09T08:40:34.437+0000 7fef91a39700 1 -- 172.21.15.98:0/1921806051 shutdown_connections
2024-05-09T08:40:40.433 INFO:teuthology.orchestra.run.smithi098.stdout:/usr/bin/ceph: stderr
2024-05-09T08:40:34.437+0000 7fef91a39700 1 -- 172.21.15.98:0/1921806051 wait complete.
2024-05-09T08:40:40.433 INFO:teuthology.orchestra.run.smithi098.stdout:mgr is available
2024-05-09T08:40:42.850 INFO:journalctl@ceph.mon.a.smithi098.stdout:May 09 08:40:42 smithi098 ceph-mon[30092]: from='client.? 172.21.15.98:0/1585110852' entity='client.admin' cmd=[{"prefix": "config assimilate-conf"}]: dispatch
2024-05-09T08:40:43.159 INFO:teuthology.orchestra.run.smithi098.stdout:/usr/bin/ceph: stdout
2024-05-09T08:40:43.159 INFO:teuthology.orchestra.run.smithi098.stdout:/usr/bin/ceph: stdout [global]
2024-05-09T08:40:43.159 INFO:teuthology.orchestra.run.smithi098.stdout:/usr/bin/ceph: stdout fsid = a57d9712-0ddf-11ef-bc98-c7b262605968
2024-05-09T08:40:43.159 INFO:teuthology.orchestra.run.smithi098.stdout:/usr/bin/ceph: stdout mon_osd_allow_pg_remap = true
2024-05-09T08:40:43.159 INFO:teuthology.orchestra.run.smithi098.stdout:/usr/bin/ceph: stdout mon_osd_allow_primary_affinity = true
2024-05-09T08:40:43.160 INFO:teuthology.orchestra.run.smithi098.stdout:/usr/bin/ceph: stdout mon_warn_on_no_sortbitwise = false
2024-05-09T08:40:43.160 INFO:teuthology.orchestra.run.smithi098.stdout:/usr/bin/ceph: stdout osd_crush_chooseleaf_type = 0
2024-05-09T08:40:43.160 INFO:teuthology.orchestra.run.smithi098.stdout:/usr/bin/ceph: stdout
2024-05-09T08:40:43.160 INFO:teuthology.orchestra.run.smithi098.stdout:/usr/bin/ceph: stdout [mgr]
2024-05-09T08:40:43.160 INFO:teuthology.orchestra.run.smithi098.stdout:/usr/bin/ceph: stdout mgr/telemetry/nag = false
2024-05-09T08:40:43.160 INFO:teuthology.orchestra.run.smithi098.stdout:/usr/bin/ceph: stdout
2024-05-09T08:40:43.160 INFO:teuthology.orchestra.run.smithi098.stdout:/usr/bin/ceph: stdout [osd]
2024-05-09T08:40:43.160 INFO:teuthology.orchestra.run.smithi098.stdout:/usr/bin/ceph: stdout mon_osd_backfillfull_ratio = 0.85
2024-05-09T08:40:43.160 INFO:teuthology.orchestra.run.smithi098.stdout:/usr/bin/ceph: stdout mon_osd_full_ratio = 0.9
2024-05-09T08:40:43.160 INFO:teuthology.orchestra.run.smithi098.stdout:/usr/bin/ceph: stdout mon_osd_nearfull_ratio = 0.8
2024-05-09T08:40:43.160 INFO:teuthology.orchestra.run.smithi098.stdout:/usr/bin/ceph: stdout osd_map_max_advance = 10
2024-05-09T08:40:43.160 INFO:teuthology.orchestra.run.smithi098.stdout:/usr/bin/ceph: stdout osd_sloppy_crc = true
2024-05-09T08:40:43.160 INFO:teuthology.orchestra.run.smithi098.stdout:/usr/bin/ceph: stderr
2024-05-09T08:40:42.389+0000 7f1b73cdd700 1 Processor -- start
2024-05-09T08:40:43.160 INFO:teuthology.orchestra.run.smithi098.stdout:/usr/bin/ceph: stderr
2024-05-09T08:40:42.389+0000 7f1b73cdd700 1 -- start start
2024-05-09T08:40:43.160 INFO:teuthology.orchestra.run.smithi098.stdout:/usr/bin/ceph: stderr
2024-05-09T08:40:42.389+0000 7f1b73cdd700 1 --2- >> [v2:172.21.15.98:3300/0,v1:172.21.15.98:6789/0] conn(0x7f1b6c106d10 0x7f1b6c107130 unknown :-1 s=NONE pgs=0 cs=0 l=0 rev1=0 crypto rx=0 tx=0 comp rx=0 tx=0).connect
2024-05-09T08:40:43.161 INFO:teuthology.orchestra.run.smithi098.stdout:/usr/bin/ceph: stderr
2024-05-09T08:40:42.389+0000 7f1b73cdd700 1 -- --> [v2:172.21.15.98:3300/0,v1:172.21.15.98:6789/0] -- mon_getmap magic: 0 -- 0x7f1b6c107700 con 0x7f1b6c106d10
2024-05-09T08:40:43.161 INFO:teuthology.orchestra.run.smithi098.stdout:/usr/bin/ceph: stderr
2024-05-09T08:40:42.390+0000 7f1b71a79700 1 --2- >> [v2:172.21.15.98:3300/0,v1:172.21.15.98:6789/0] conn(0x7f1b6c106d10 0x7f1b6c107130 unknown :-1 s=BANNER_CONNECTING pgs=0 cs=0 l=0 rev1=0 crypto rx=0 tx=0 comp rx=0 tx=0)._handle_peer_banner_payload supported=3 required=0
2024-05-09T08:40:43.161 INFO:teuthology.orchestra.run.smithi098.stdout:/usr/bin/ceph: stderr
2024-05-09T08:40:42.390+0000 7f1b71a79700 1 --2- >> [v2:172.21.15.98:3300/0,v1:172.21.15.98:6789/0] conn(0x7f1b6c106d10 0x7f1b6c107130 unknown :-1 s=HELLO_CONNECTING pgs=0 cs=0 l=0 rev1=1 crypto rx=0 tx=0 comp rx=0 tx=0).handle_hello peer v2:172.21.15.98:3300/0 says I am v2:172.21.15.98:36106/0 (socket says 172.21.15.98:36106)
2024-05-09T08:40:43.161 INFO:teuthology.orchestra.run.smithi098.stdout:/usr/bin/ceph: stderr
2024-05-09T08:40:42.390+0000 7f1b71a79700 1 -- 172.21.15.98:0/1316177201 learned_addr learned my addr 172.21.15.98:0/1316177201 (peer_addr_for_me v2:172.21.15.98:0/0)
2024-05-09T08:40:43.161 INFO:teuthology.orchestra.run.smithi098.stdout:/usr/bin/ceph: stderr
2024-05-09T08:40:42.390+0000 7f1b71a79700 1 -- 172.21.15.98:0/1316177201 --> [v2:172.21.15.98:3300/0,v1:172.21.15.98:6789/0] -- mon_subscribe({config=0+,monmap=0+}) -- 0x7f1b6c107f10 con 0x7f1b6c106d10
2024-05-09T08:40:43.161 INFO:teuthology.orchestra.run.smithi098.stdout:/usr/bin/ceph: stderr
2024-05-09T08:40:42.390+0000 7f1b71a79700 1 --2- 172.21.15.98:0/1316177201 >> [v2:172.21.15.98:3300/0,v1:172.21.15.98:6789/0] conn(0x7f1b6c106d10 0x7f1b6c107130 secure :-1 s=READY pgs=18 cs=0 l=1 rev1=1 crypto rx=0x7f1b680098a0 tx=0x7f1b68009bb0 comp rx=0 tx=0).ready entity=mon.0 client_cookie=fbd1788efb41dac6 server_cookie=0 in_seq=0 out_seq=0
2024-05-09T08:40:43.161 INFO:teuthology.orchestra.run.smithi098.stdout:/usr/bin/ceph: stderr
2024-05-09T08:40:42.390+0000 7f1b70a77700 1 -- 172.21.15.98:0/1316177201 <== mon.0 v2:172.21.15.98:3300/0 1 ==== mon_map magic: 0 ==== 205+0+0 (secure 0 0 0) 0x7f1b68004160 con 0x7f1b6c106d10
2024-05-09T08:40:43.161 INFO:teuthology.orchestra.run.smithi098.stdout:/usr/bin/ceph: stderr
2024-05-09T08:40:42.390+0000 7f1b70a77700 1 -- 172.21.15.98:0/1316177201 <== mon.0 v2:172.21.15.98:3300/0 2 ==== config(27 keys) ==== 1109+0+0 (secure 0 0 0) 0x7f1b68004300 con 0x7f1b6c106d10
2024-05-09T08:40:43.161 INFO:teuthology.orchestra.run.smithi098.stdout:/usr/bin/ceph: stderr
2024-05-09T08:40:42.390+0000 7f1b70a77700 1 -- 172.21.15.98:0/1316177201 <== mon.0 v2:172.21.15.98:3300/0 3 ==== mon_map magic: 0 ==== 205+0+0 (secure 0 0 0) 0x7f1b68011b50 con 0x7f1b6c106d10
2024-05-09T08:40:43.161 INFO:teuthology.orchestra.run.smithi098.stdout:/usr/bin/ceph: stderr
2024-05-09T08:40:42.391+0000 7f1b73cdd700 1 -- 172.21.15.98:0/1316177201 >> [v2:172.21.15.98:3300/0,v1:172.21.15.98:6789/0] conn(0x7f1b6c106d10 msgr2=0x7f1b6c107130 secure :-1 s=STATE_CONNECTION_ESTABLISHED l=1).mark_down
2024-05-09T08:40:43.161 INFO:teuthology.orchestra.run.smithi098.stdout:/usr/bin/ceph: stderr
2024-05-09T08:40:42.391+0000 7f1b73cdd700 1 --2- 172.21.15.98:0/1316177201 >> [v2:172.21.15.98:3300/0,v1:172.21.15.98:6789/0] conn(0x7f1b6c106d10 0x7f1b6c107130 secure :-1 s=READY pgs=18 cs=0 l=1 rev1=1 crypto rx=0x7f1b680098a0 tx=0x7f1b68009bb0 comp rx=0 tx=0).stop
2024-05-09T08:40:43.161 INFO:teuthology.orchestra.run.smithi098.stdout:/usr/bin/ceph: stderr
2024-05-09T08:40:42.391+0000 7f1b73cdd700 1 -- 172.21.15.98:0/1316177201 shutdown_connections
2024-05-09T08:40:43.161 INFO:teuthology.orchestra.run.smithi098.stdout:/usr/bin/ceph: stderr
2024-05-09T08:40:42.391+0000 7f1b73cdd700 1 --2- 172.21.15.98:0/1316177201 >> [v2:172.21.15.98:3300/0,v1:172.21.15.98:6789/0] conn(0x7f1b6c106d10 0x7f1b6c107130 unknown :-1 s=CLOSED pgs=18 cs=0 l=1 rev1=1 crypto rx=0 tx=0 comp rx=0 tx=0).stop
2024-05-09T08:40:43.161 INFO:teuthology.orchestra.run.smithi098.stdout:/usr/bin/ceph: stderr
2024-05-09T08:40:42.391+0000 7f1b73cdd700 1 -- 172.21.15.98:0/1316177201 >> 172.21.15.98:0/1316177201 conn(0x7f1b6c1022b0 msgr2=0x7f1b6c1046f0 unknown :-1 s=STATE_NONE l=0).mark_down
2024-05-09T08:40:43.161 INFO:teuthology.orchestra.run.smithi098.stdout:/usr/bin/ceph: stderr
2024-05-09T08:40:42.391+0000 7f1b73cdd700 1 -- 172.21.15.98:0/1316177201 shutdown_connections
2024-05-09T08:40:43.162 INFO:teuthology.orchestra.run.smithi098.stdout:/usr/bin/ceph: stderr
2024-05-09T08:40:42.391+0000 7f1b73cdd700 1 -- 172.21.15.98:0/1316177201 wait complete.
2024-05-09T08:40:43.162 INFO:teuthology.orchestra.run.smithi098.stdout:/usr/bin/ceph: stderr
2024-05-09T08:40:42.392+0000 7f1b73cdd700 1 Processor -- start
2024-05-09T08:40:43.162 INFO:teuthology.orchestra.run.smithi098.stdout:/usr/bin/ceph: stderr
2024-05-09T08:40:42.392+0000 7f1b73cdd700 1 -- start start
2024-05-09T08:40:43.162 INFO:teuthology.orchestra.run.smithi098.stdout:/usr/bin/ceph: stderr
2024-05-09T08:40:42.392+0000 7f1b73cdd700 1 --2- >> [v2:172.21.15.98:3300/0,v1:172.21.15.98:6789/0] conn(0x7f1b6c106d10 0x7f1b6c19bd90 unknown :-1 s=NONE pgs=0 cs=0 l=1 rev1=0 crypto rx=0 tx=0 comp rx=0 tx=0).connect
2024-05-09T08:40:43.162 INFO:teuthology.orchestra.run.smithi098.stdout:/usr/bin/ceph: stderr
2024-05-09T08:40:42.392+0000 7f1b73cdd700 1 -- --> [v2:172.21.15.98:3300/0,v1:172.21.15.98:6789/0] -- mon_getmap magic: 0 -- 0x7f1b6c10b2c0 con 0x7f1b6c106d10
2024-05-09T08:40:43.162 INFO:teuthology.orchestra.run.smithi098.stdout:/usr/bin/ceph: stderr
2024-05-09T08:40:42.392+0000 7f1b71a79700 1 --2- >> [v2:172.21.15.98:3300/0,v1:172.21.15.98:6789/0] conn(0x7f1b6c106d10 0x7f1b6c19bd90 unknown :-1 s=BANNER_CONNECTING pgs=0 cs=0 l=1 rev1=0 crypto rx=0 tx=0 comp rx=0 tx=0)._handle_peer_banner_payload supported=3 required=0
2024-05-09T08:40:43.162 INFO:teuthology.orchestra.run.smithi098.stdout:/usr/bin/ceph: stderr
2024-05-09T08:40:42.392+0000 7f1b71a79700 1 --2- >> [v2:172.21.15.98:3300/0,v1:172.21.15.98:6789/0] conn(0x7f1b6c106d10 0x7f1b6c19bd90 unknown :-1 s=HELLO_CONNECTING pgs=0 cs=0 l=1 rev1=1 crypto rx=0 tx=0 comp rx=0 tx=0).handle_hello peer v2:172.21.15.98:3300/0 says I am v2:172.21.15.98:36110/0 (socket says 172.21.15.98:36110)
2024-05-09T08:40:43.162 INFO:teuthology.orchestra.run.smithi098.stdout:/usr/bin/ceph: stderr
2024-05-09T08:40:42.392+0000 7f1b71a79700 1 -- 172.21.15.98:0/1585110852 learned_addr learned my addr 172.21.15.98:0/1585110852 (peer_addr_for_me v2:172.21.15.98:0/0)
2024-05-09T08:40:43.162 INFO:teuthology.orchestra.run.smithi098.stdout:/usr/bin/ceph: stderr
2024-05-09T08:40:42.392+0000 7f1b71a79700 1 -- 172.21.15.98:0/1585110852 --> [v2:172.21.15.98:3300/0,v1:172.21.15.98:6789/0] -- mon_subscribe({config=0+,monmap=0+}) -- 0x7f1b6c19c2d0 con 0x7f1b6c106d10
2024-05-09T08:40:43.162 INFO:teuthology.orchestra.run.smithi098.stdout:/usr/bin/ceph: stderr
2024-05-09T08:40:42.392+0000 7f1b71a79700 1 --2- 172.21.15.98:0/1585110852 >> [v2:172.21.15.98:3300/0,v1:172.21.15.98:6789/0] conn(0x7f1b6c106d10 0x7f1b6c19bd90 secure :-1 s=READY pgs=19 cs=0 l=1 rev1=1 crypto rx=0x7f1b68000c00 tx=0x7f1b68011c10 comp rx=0 tx=0).ready entity=mon.0 client_cookie=0 server_cookie=0 in_seq=0 out_seq=0
2024-05-09T08:40:43.162 INFO:teuthology.orchestra.run.smithi098.stdout:/usr/bin/ceph: stderr
2024-05-09T08:40:42.393+0000 7f1b62ffd700 1 -- 172.21.15.98:0/1585110852 <== mon.0 v2:172.21.15.98:3300/0 1 ==== mon_map magic: 0 ==== 205+0+0 (secure 0 0 0) 0x7f1b68003b20 con 0x7f1b6c106d10
2024-05-09T08:40:43.162 INFO:teuthology.orchestra.run.smithi098.stdout:/usr/bin/ceph: stderr
2024-05-09T08:40:42.393+0000 7f1b62ffd700 1 -- 172.21.15.98:0/1585110852 <== mon.0 v2:172.21.15.98:3300/0 2 ==== config(27 keys) ==== 1109+0+0 (secure 0 0 0) 0x7f1b68003cc0 con 0x7f1b6c106d10
2024-05-09T08:40:43.162 INFO:teuthology.orchestra.run.smithi098.stdout:/usr/bin/ceph: stderr
2024-05-09T08:40:42.393+0000 7f1b73cdd700 1 -- 172.21.15.98:0/1585110852 --> [v2:172.21.15.98:3300/0,v1:172.21.15.98:6789/0] -- mon_subscribe({mgrmap=0+}) -- 0x7f1b6c19c560 con 0x7f1b6c106d10
2024-05-09T08:40:43.162 INFO:teuthology.orchestra.run.smithi098.stdout:/usr/bin/ceph: stderr
2024-05-09T08:40:42.393+0000 7f1b62ffd700 1 -- 172.21.15.98:0/1585110852 <== mon.0 v2:172.21.15.98:3300/0 3 ==== mon_map magic: 0 ==== 205+0+0 (secure 0 0 0) 0x7f1b68024910 con 0x7f1b6c106d10
2024-05-09T08:40:43.162 INFO:teuthology.orchestra.run.smithi098.stdout:/usr/bin/ceph: stderr
2024-05-09T08:40:42.393+0000 7f1b73cdd700 1 -- 172.21.15.98:0/1585110852 --> [v2:172.21.15.98:3300/0,v1:172.21.15.98:6789/0] -- mon_subscribe({osdmap=0}) -- 0x7f1b6c19f210 con 0x7f1b6c106d10
2024-05-09T08:40:43.163 INFO:teuthology.orchestra.run.smithi098.stdout:/usr/bin/ceph: stderr
2024-05-09T08:40:42.393+0000 7f1b62ffd700 1 -- 172.21.15.98:0/1585110852 <== mon.0 v2:172.21.15.98:3300/0 4 ==== mgrmap(e 4) ==== 46276+0+0 (secure 0 0 0) 0x7f1b68022020 con 0x7f1b6c106d10
2024-05-09T08:40:43.163 INFO:teuthology.orchestra.run.smithi098.stdout:/usr/bin/ceph: stderr
2024-05-09T08:40:42.394+0000 7f1b62ffd700 1 --2- 172.21.15.98:0/1585110852 >> [v2:172.21.15.98:6800/1313924889,v1:172.21.15.98:6801/1313924889] conn(0x7f1b58039110 0x7f1b5803b5d0 unknown :-1 s=NONE pgs=0 cs=0 l=1 rev1=0 crypto rx=0 tx=0 comp rx=0 tx=0).connect
2024-05-09T08:40:43.163 INFO:teuthology.orchestra.run.smithi098.stdout:/usr/bin/ceph: stderr
2024-05-09T08:40:42.394+0000 7f1b62ffd700 1 -- 172.21.15.98:0/1585110852 <== mon.0 v2:172.21.15.98:3300/0 5 ==== osd_map(1..1 src has 1..1) ==== 725+0+0 (secure 0 0 0) 0x7f1b68011e00 con 0x7f1b6c106d10
2024-05-09T08:40:43.163 INFO:teuthology.orchestra.run.smithi098.stdout:/usr/bin/ceph: stderr
2024-05-09T08:40:42.394+0000 7f1b71278700 1 --2- 172.21.15.98:0/1585110852 >> [v2:172.21.15.98:6800/1313924889,v1:172.21.15.98:6801/1313924889] conn(0x7f1b58039110 0x7f1b5803b5d0 unknown :-1 s=BANNER_CONNECTING pgs=0 cs=0 l=1 rev1=0 crypto rx=0 tx=0 comp rx=0 tx=0)._handle_peer_banner_payload supported=3 required=0
2024-05-09T08:40:43.163 INFO:teuthology.orchestra.run.smithi098.stdout:/usr/bin/ceph: stderr
2024-05-09T08:40:42.394+0000 7f1b73cdd700 1 -- 172.21.15.98:0/1585110852 --> [v2:172.21.15.98:3300/0,v1:172.21.15.98:6789/0] -- mon_command({"prefix": "get_command_descriptions"} v 0) -- 0x7f1b6c063980 con 0x7f1b6c106d10
2024-05-09T08:40:43.163 INFO:teuthology.orchestra.run.smithi098.stdout:/usr/bin/ceph: stderr
2024-05-09T08:40:42.394+0000 7f1b71278700 1 --2- 172.21.15.98:0/1585110852 >> [v2:172.21.15.98:6800/1313924889,v1:172.21.15.98:6801/1313924889] conn(0x7f1b58039110 0x7f1b5803b5d0 secure :-1 s=READY pgs=7 cs=0 l=1 rev1=1 crypto rx=0x7f1b5c006fd0 tx=0x7f1b5c006e40 comp rx=0 tx=0).ready entity=mgr.14100 client_cookie=0 server_cookie=0 in_seq=0 out_seq=0
2024-05-09T08:40:43.163 INFO:teuthology.orchestra.run.smithi098.stdout:/usr/bin/ceph: stderr
2024-05-09T08:40:42.399+0000 7f1b62ffd700 1 -- 172.21.15.98:0/1585110852 <== mon.0 v2:172.21.15.98:3300/0 6 ==== mon_command_ack([{"prefix": "get_command_descriptions"}]=0 v0) ==== 72+0+186147 (secure 0 0 0) 0x7f1b6800b3e0 con 0x7f1b6c106d10
2024-05-09T08:40:43.163 INFO:teuthology.orchestra.run.smithi098.stdout:/usr/bin/ceph: stderr
2024-05-09T08:40:42.595+0000 7f1b73cdd700 1 -- 172.21.15.98:0/1585110852 --> [v2:172.21.15.98:3300/0,v1:172.21.15.98:6789/0] -- mon_command({"prefix": "config assimilate-conf"} v 0) -- 0x7f1b6c02de00 con 0x7f1b6c106d10
2024-05-09T08:40:43.163 INFO:teuthology.orchestra.run.smithi098.stdout:/usr/bin/ceph: stderr
2024-05-09T08:40:42.596+0000 7f1b62ffd700 1 -- 172.21.15.98:0/1585110852 <== mon.0 v2:172.21.15.98:3300/0 7 ==== mon_command_ack([{"prefix": "config assimilate-conf"}]=0 v3) ==== 70+0+373 (secure 0 0 0) 0x7f1b6802cda0 con 0x7f1b6c106d10
2024-05-09T08:40:43.163 INFO:teuthology.orchestra.run.smithi098.stdout:/usr/bin/ceph: stderr
2024-05-09T08:40:42.599+0000 7f1b73cdd700 1 -- 172.21.15.98:0/1585110852 >> [v2:172.21.15.98:6800/1313924889,v1:172.21.15.98:6801/1313924889] conn(0x7f1b58039110 msgr2=0x7f1b5803b5d0 secure :-1 s=STATE_CONNECTION_ESTABLISHED l=1).mark_down
2024-05-09T08:40:43.163 INFO:teuthology.orchestra.run.smithi098.stdout:/usr/bin/ceph: stderr
2024-05-09T08:40:42.599+0000 7f1b73cdd700 1 --2- 172.21.15.98:0/1585110852 >> [v2:172.21.15.98:6800/1313924889,v1:172.21.15.98:6801/1313924889] conn(0x7f1b58039110 0x7f1b5803b5d0 secure :-1 s=READY pgs=7 cs=0 l=1 rev1=1 crypto rx=0x7f1b5c006fd0 tx=0x7f1b5c006e40 comp rx=0 tx=0).stop
2024-05-09T08:40:43.163 INFO:teuthology.orchestra.run.smithi098.stdout:/usr/bin/ceph: stderr
2024-05-09T08:40:42.599+0000 7f1b73cdd700 1 -- 172.21.15.98:0/1585110852 >> [v2:172.21.15.98:3300/0,v1:172.21.15.98:6789/0] conn(0x7f1b6c106d10 msgr2=0x7f1b6c19bd90 secure :-1 s=STATE_CONNECTION_ESTABLISHED l=1).mark_down
2024-05-09T08:40:43.163 INFO:teuthology.orchestra.run.smithi098.stdout:/usr/bin/ceph: stderr
2024-05-09T08:40:42.599+0000 7f1b73cdd700 1 --2- 172.21.15.98:0/1585110852 >> [v2:172.21.15.98:3300/0,v1:172.21.15.98:6789/0] conn(0x7f1b6c106d10 0x7f1b6c19bd90 secure :-1 s=READY pgs=19 cs=0 l=1 rev1=1 crypto rx=0x7f1b68000c00 tx=0x7f1b68011c10 comp rx=0 tx=0).stop
2024-05-09T08:40:43.163 INFO:teuthology.orchestra.run.smithi098.stdout:/usr/bin/ceph: stderr
2024-05-09T08:40:42.599+0000 7f1b73cdd700 1 -- 172.21.15.98:0/1585110852 shutdown_connections
2024-05-09T08:40:43.163 INFO:teuthology.orchestra.run.smithi098.stdout:/usr/bin/ceph: stderr
2024-05-09T08:40:42.599+0000 7f1b73cdd700 1 --2- 172.21.15.98:0/1585110852 >> [v2:172.21.15.98:6800/1313924889,v1:172.21.15.98:6801/1313924889] conn(0x7f1b58039110 0x7f1b5803b5d0 unknown :-1 s=CLOSED pgs=7 cs=0 l=1 rev1=1 crypto rx=0 tx=0 comp rx=0 tx=0).stop
2024-05-09T08:40:43.164 INFO:teuthology.orchestra.run.smithi098.stdout:/usr/bin/ceph: stderr
2024-05-09T08:40:42.599+0000 7f1b73cdd700 1 --2- 172.21.15.98:0/1585110852 >> [v2:172.21.15.98:3300/0,v1:172.21.15.98:6789/0] conn(0x7f1b6c106d10 0x7f1b6c19bd90 unknown :-1 s=CLOSED pgs=19 cs=0 l=1 rev1=1 crypto rx=0 tx=0 comp rx=0 tx=0).stop
2024-05-09T08:40:43.164 INFO:teuthology.orchestra.run.smithi098.stdout:/usr/bin/ceph: stderr
2024-05-09T08:40:42.599+0000 7f1b73cdd700 1 -- 172.21.15.98:0/1585110852 >> 172.21.15.98:0/1585110852 conn(0x7f1b6c1022b0 msgr2=0x7f1b6c1030c0 unknown :-1 s=STATE_NONE l=0).mark_down
2024-05-09T08:40:43.164 INFO:teuthology.orchestra.run.smithi098.stdout:/usr/bin/ceph: stderr
2024-05-09T08:40:42.599+0000 7f1b73cdd700 1 -- 172.21.15.98:0/1585110852 shutdown_connections
2024-05-09T08:40:43.164 INFO:teuthology.orchestra.run.smithi098.stdout:/usr/bin/ceph: stderr
2024-05-09T08:40:42.599+0000 7f1b73cdd700 1 -- 172.21.15.98:0/1585110852 wait complete.
2024-05-09T08:40:43.164 INFO:teuthology.orchestra.run.smithi098.stdout:Enabling cephadm module...
2024-05-09T08:40:44.087 INFO:journalctl@ceph.mon.a.smithi098.stdout:May 09 08:40:43 smithi098 ceph-mon[30092]: from='client.? 172.21.15.98:0/1245728039' entity='client.admin' cmd=[{"prefix": "mgr module enable", "module": "cephadm"}]: dispatch
2024-05-09T08:40:44.088 INFO:journalctl@ceph.mgr.x.smithi098.stdout:May 09 08:40:43 smithi098 ceph-a57d9712-0ddf-11ef-bc98-c7b262605968-mgr-x[30326]: ignoring --setuser ceph since I am not root
2024-05-09T08:40:44.088 INFO:journalctl@ceph.mgr.x.smithi098.stdout:May 09 08:40:43 smithi098 ceph-a57d9712-0ddf-11ef-bc98-c7b262605968-mgr-x[30326]: ignoring --setgroup ceph since I am not root
2024-05-09T08:40:44.088 INFO:journalctl@ceph.mgr.x.smithi098.stdout:May 09 08:40:44 smithi098 ceph-a57d9712-0ddf-11ef-bc98-c7b262605968-mgr-x[30326]:
2024-05-09T08:40:44.076+0000 7f5225504200 -1 mgr[py] Module balancer has missing NOTIFY_TYPES member
2024-05-09T08:40:44.465 INFO:journalctl@ceph.mgr.x.smithi098.stdout:May 09 08:40:44 smithi098 ceph-a57d9712-0ddf-11ef-bc98-c7b262605968-mgr-x[30326]:
2024-05-09T08:40:44.261+0000 7f5225504200 -1 mgr[py] Module orchestrator has missing NOTIFY_TYPES member
2024-05-09T08:40:44.466 INFO:journalctl@ceph.mgr.x.smithi098.stdout:May 09 08:40:44 smithi098 ceph-a57d9712-0ddf-11ef-bc98-c7b262605968-mgr-x[30326]:
2024-05-09T08:40:44.362+0000 7f5225504200 -1 mgr[py] Module snap_schedule has missing NOTIFY_TYPES member
2024-05-09T08:40:44.470 INFO:teuthology.orchestra.run.smithi098.stdout:/usr/bin/ceph: stderr
2024-05-09T08:40:43.573+0000 7f9f88a82700 1 Processor -- start
2024-05-09T08:40:44.475 INFO:teuthology.orchestra.run.smithi098.stdout:/usr/bin/ceph: stderr
2024-05-09T08:40:43.573+0000 7f9f88a82700 1 -- start start
2024-05-09T08:40:44.475 INFO:teuthology.orchestra.run.smithi098.stdout:/usr/bin/ceph: stderr
2024-05-09T08:40:43.573+0000 7f9f88a82700 1 --2- >> [v2:172.21.15.98:3300/0,v1:172.21.15.98:6789/0] conn(0x7f9f84106080 0x7f9f841064a0 unknown :-1 s=NONE pgs=0 cs=0 l=0 rev1=0 crypto rx=0 tx=0 comp rx=0 tx=0).connect
2024-05-09T08:40:44.476 INFO:teuthology.orchestra.run.smithi098.stdout:/usr/bin/ceph: stderr
2024-05-09T08:40:43.573+0000 7f9f88a82700 1 -- --> [v2:172.21.15.98:3300/0,v1:172.21.15.98:6789/0] -- mon_getmap magic: 0 -- 0x7f9f84106a70 con 0x7f9f84106080
2024-05-09T08:40:44.476 INFO:teuthology.orchestra.run.smithi098.stdout:/usr/bin/ceph: stderr
2024-05-09T08:40:43.574+0000 7f9f8259c700 1 --2- >> [v2:172.21.15.98:3300/0,v1:172.21.15.98:6789/0] conn(0x7f9f84106080 0x7f9f841064a0 unknown :-1 s=BANNER_CONNECTING pgs=0 cs=0 l=0 rev1=0 crypto rx=0 tx=0 comp rx=0 tx=0)._handle_peer_banner_payload supported=3 required=0
2024-05-09T08:40:44.476 INFO:teuthology.orchestra.run.smithi098.stdout:/usr/bin/ceph: stderr
2024-05-09T08:40:43.574+0000 7f9f8259c700 1 --2- >> [v2:172.21.15.98:3300/0,v1:172.21.15.98:6789/0] conn(0x7f9f84106080 0x7f9f841064a0 unknown :-1 s=HELLO_CONNECTING pgs=0 cs=0 l=0 rev1=1 crypto rx=0 tx=0 comp rx=0 tx=0).handle_hello peer v2:172.21.15.98:3300/0 says I am v2:172.21.15.98:36126/0 (socket says 172.21.15.98:36126)
2024-05-09T08:40:44.476 INFO:teuthology.orchestra.run.smithi098.stdout:/usr/bin/ceph: stderr
2024-05-09T08:40:43.574+0000 7f9f8259c700 1 -- 172.21.15.98:0/2887031176 learned_addr learned my addr 172.21.15.98:0/2887031176 (peer_addr_for_me v2:172.21.15.98:0/0)
2024-05-09T08:40:44.476 INFO:teuthology.orchestra.run.smithi098.stdout:/usr/bin/ceph: stderr
2024-05-09T08:40:43.574+0000 7f9f8259c700 1 -- 172.21.15.98:0/2887031176 --> [v2:172.21.15.98:3300/0,v1:172.21.15.98:6789/0] -- mon_subscribe({config=0+,monmap=0+}) -- 0x7f9f84106df0 con 0x7f9f84106080
2024-05-09T08:40:44.476 INFO:teuthology.orchestra.run.smithi098.stdout:/usr/bin/ceph: stderr
2024-05-09T08:40:43.574+0000 7f9f8259c700 1 --2- 172.21.15.98:0/2887031176 >> [v2:172.21.15.98:3300/0,v1:172.21.15.98:6789/0] conn(0x7f9f84106080 0x7f9f841064a0 secure :-1 s=READY pgs=20 cs=0 l=1 rev1=1 crypto rx=0x7f9f780098a0 tx=0x7f9f78009bb0 comp rx=0 tx=0).ready entity=mon.0 client_cookie=972d8188fc72f337 server_cookie=0 in_seq=0 out_seq=0
2024-05-09T08:40:44.476 INFO:teuthology.orchestra.run.smithi098.stdout:/usr/bin/ceph: stderr
2024-05-09T08:40:43.574+0000 7f9f8159a700 1 -- 172.21.15.98:0/2887031176 <== mon.0 v2:172.21.15.98:3300/0 1 ==== mon_map magic: 0 ==== 205+0+0 (secure 0 0 0) 0x7f9f78004160 con 0x7f9f84106080
2024-05-09T08:40:44.476 INFO:teuthology.orchestra.run.smithi098.stdout:/usr/bin/ceph: stderr
2024-05-09T08:40:43.575+0000 7f9f8159a700 1 -- 172.21.15.98:0/2887031176 <== mon.0 v2:172.21.15.98:3300/0 2 ==== config(27 keys) ==== 1109+0+0 (secure 0 0 0) 0x7f9f78004300 con 0x7f9f84106080
2024-05-09T08:40:44.476 INFO:teuthology.orchestra.run.smithi098.stdout:/usr/bin/ceph: stderr
2024-05-09T08:40:43.575+0000 7f9f8159a700 1 -- 172.21.15.98:0/2887031176 <== mon.0 v2:172.21.15.98:3300/0 3 ==== mon_map magic: 0 ==== 205+0+0 (secure 0 0 0) 0x7f9f78011b50 con 0x7f9f84106080
2024-05-09T08:40:44.476 INFO:teuthology.orchestra.run.smithi098.stdout:/usr/bin/ceph: stderr
2024-05-09T08:40:43.575+0000 7f9f88a82700 1 -- 172.21.15.98:0/2887031176 >> [v2:172.21.15.98:3300/0,v1:172.21.15.98:6789/0] conn(0x7f9f84106080 msgr2=0x7f9f841064a0 secure :-1 s=STATE_CONNECTION_ESTABLISHED l=1).mark_down
2024-05-09T08:40:44.476 INFO:teuthology.orchestra.run.smithi098.stdout:/usr/bin/ceph: stderr
2024-05-09T08:40:43.575+0000 7f9f88a82700 1 --2- 172.21.15.98:0/2887031176 >> [v2:172.21.15.98:3300/0,v1:172.21.15.98:6789/0] conn(0x7f9f84106080 0x7f9f841064a0 secure :-1 s=READY pgs=20 cs=0 l=1 rev1=1 crypto rx=0x7f9f780098a0 tx=0x7f9f78009bb0 comp rx=0 tx=0).stop
2024-05-09T08:40:44.476 INFO:teuthology.orchestra.run.smithi098.stdout:/usr/bin/ceph: stderr
2024-05-09T08:40:43.575+0000 7f9f88a82700 1 -- 172.21.15.98:0/2887031176 shutdown_connections
2024-05-09T08:40:44.476 INFO:teuthology.orchestra.run.smithi098.stdout:/usr/bin/ceph: stderr
2024-05-09T08:40:43.575+0000 7f9f88a82700 1 --2- 172.21.15.98:0/2887031176 >> [v2:172.21.15.98:3300/0,v1:172.21.15.98:6789/0] conn(0x7f9f84106080 0x7f9f841064a0 unknown :-1 s=CLOSED pgs=20 cs=0 l=1 rev1=1 crypto rx=0 tx=0 comp rx=0 tx=0).stop
2024-05-09T08:40:44.476 INFO:teuthology.orchestra.run.smithi098.stdout:/usr/bin/ceph: stderr
2024-05-09T08:40:43.575+0000 7f9f88a82700 1 -- 172.21.15.98:0/2887031176 >> 172.21.15.98:0/2887031176 conn(0x7f9f84101a00 msgr2=0x7f9f84103e20 unknown :-1 s=STATE_NONE l=0).mark_down
2024-05-09T08:40:44.477 INFO:teuthology.orchestra.run.smithi098.stdout:/usr/bin/ceph: stderr
2024-05-09T08:40:43.575+0000 7f9f88a82700 1 -- 172.21.15.98:0/2887031176 shutdown_connections
2024-05-09T08:40:44.477 INFO:teuthology.orchestra.run.smithi098.stdout:/usr/bin/ceph: stderr
2024-05-09T08:40:43.575+0000 7f9f88a82700 1 -- 172.21.15.98:0/2887031176 wait complete.
2024-05-09T08:40:44.477 INFO:teuthology.orchestra.run.smithi098.stdout:/usr/bin/ceph: stderr
2024-05-09T08:40:43.576+0000 7f9f88a82700 1 Processor -- start
2024-05-09T08:40:44.477 INFO:teuthology.orchestra.run.smithi098.stdout:/usr/bin/ceph: stderr
2024-05-09T08:40:43.576+0000 7f9f88a82700 1 -- start start
2024-05-09T08:40:44.477 INFO:teuthology.orchestra.run.smithi098.stdout:/usr/bin/ceph: stderr
2024-05-09T08:40:43.576+0000 7f9f88a82700 1 --2- >> [v2:172.21.15.98:3300/0,v1:172.21.15.98:6789/0] conn(0x7f9f84106080 0x7f9f8419deb0 unknown :-1 s=NONE pgs=0 cs=0 l=1 rev1=0 crypto rx=0 tx=0 comp rx=0 tx=0).connect
2024-05-09T08:40:44.477 INFO:teuthology.orchestra.run.smithi098.stdout:/usr/bin/ceph: stderr
2024-05-09T08:40:43.576+0000 7f9f88a82700 1 -- --> [v2:172.21.15.98:3300/0,v1:172.21.15.98:6789/0] -- mon_getmap magic: 0 -- 0x7f9f841081b0 con 0x7f9f84106080
2024-05-09T08:40:44.477 INFO:teuthology.orchestra.run.smithi098.stdout:/usr/bin/ceph: stderr
2024-05-09T08:40:43.576+0000 7f9f8259c700 1 --2- >> [v2:172.21.15.98:3300/0,v1:172.21.15.98:6789/0] conn(0x7f9f84106080 0x7f9f8419deb0 unknown :-1 s=BANNER_CONNECTING pgs=0 cs=0 l=1 rev1=0 crypto rx=0 tx=0 comp rx=0 tx=0)._handle_peer_banner_payload supported=3 required=0
2024-05-09T08:40:44.477 INFO:teuthology.orchestra.run.smithi098.stdout:/usr/bin/ceph: stderr
2024-05-09T08:40:43.576+0000 7f9f8259c700 1 --2- >> [v2:172.21.15.98:3300/0,v1:172.21.15.98:6789/0] conn(0x7f9f84106080 0x7f9f8419deb0 unknown :-1 s=HELLO_CONNECTING pgs=0 cs=0 l=1 rev1=1 crypto rx=0 tx=0 comp rx=0 tx=0).handle_hello peer v2:172.21.15.98:3300/0 says I am v2:172.21.15.98:36130/0 (socket says 172.21.15.98:36130)
2024-05-09T08:40:44.477 INFO:teuthology.orchestra.run.smithi098.stdout:/usr/bin/ceph: stderr
2024-05-09T08:40:43.576+0000 7f9f8259c700 1 -- 172.21.15.98:0/1245728039 learned_addr learned my addr 172.21.15.98:0/1245728039 (peer_addr_for_me v2:172.21.15.98:0/0)
2024-05-09T08:40:44.477 INFO:teuthology.orchestra.run.smithi098.stdout:/usr/bin/ceph: stderr
2024-05-09T08:40:43.577+0000 7f9f8259c700 1 -- 172.21.15.98:0/1245728039 --> [v2:172.21.15.98:3300/0,v1:172.21.15.98:6789/0] -- mon_subscribe({config=0+,monmap=0+}) -- 0x7f9f8419e3f0 con 0x7f9f84106080
2024-05-09T08:40:44.477 INFO:teuthology.orchestra.run.smithi098.stdout:/usr/bin/ceph: stderr
2024-05-09T08:40:43.577+0000 7f9f8259c700 1 --2- 172.21.15.98:0/1245728039 >> [v2:172.21.15.98:3300/0,v1:172.21.15.98:6789/0] conn(0x7f9f84106080 0x7f9f8419deb0 secure :-1 s=READY pgs=21 cs=0 l=1 rev1=1 crypto rx=0x7f9f78011670 tx=0x7f9f78011b60 comp rx=0 tx=0).ready entity=mon.0 client_cookie=0 server_cookie=0 in_seq=0 out_seq=0
2024-05-09T08:40:44.477 INFO:teuthology.orchestra.run.smithi098.stdout:/usr/bin/ceph: stderr
2024-05-09T08:40:43.577+0000 7f9f737fe700 1 -- 172.21.15.98:0/1245728039 <== mon.0 v2:172.21.15.98:3300/0 1 ==== mon_map magic: 0 ==== 205+0+0 (secure 0 0 0) 0x7f9f780039c0 con 0x7f9f84106080
2024-05-09T08:40:44.477 INFO:teuthology.orchestra.run.smithi098.stdout:/usr/bin/ceph: stderr
2024-05-09T08:40:43.577+0000 7f9f88a82700 1 -- 172.21.15.98:0/1245728039 --> [v2:172.21.15.98:3300/0,v1:172.21.15.98:6789/0] -- mon_subscribe({mgrmap=0+}) -- 0x7f9f8419e680 con 0x7f9f84106080
2024-05-09T08:40:44.477 INFO:teuthology.orchestra.run.smithi098.stdout:/usr/bin/ceph: stderr
2024-05-09T08:40:43.577+0000 7f9f737fe700 1 -- 172.21.15.98:0/1245728039 <== mon.0 v2:172.21.15.98:3300/0 2 ==== config(27 keys) ==== 1109+0+0 (secure 0 0 0) 0x7f9f78011e50 con 0x7f9f84106080
2024-05-09T08:40:44.477 INFO:teuthology.orchestra.run.smithi098.stdout:/usr/bin/ceph: stderr
2024-05-09T08:40:43.577+0000 7f9f737fe700 1 -- 172.21.15.98:0/1245728039 <== mon.0 v2:172.21.15.98:3300/0 3 ==== mon_map magic: 0 ==== 205+0+0 (secure 0 0 0) 0x7f9f7801a5c0 con 0x7f9f84106080
2024-05-09T08:40:44.478 INFO:teuthology.orchestra.run.smithi098.stdout:/usr/bin/ceph: stderr
2024-05-09T08:40:43.577+0000 7f9f88a82700 1 -- 172.21.15.98:0/1245728039 --> [v2:172.21.15.98:3300/0,v1:172.21.15.98:6789/0] -- mon_subscribe({osdmap=0}) -- 0x7f9f841a1370 con 0x7f9f84106080
2024-05-09T08:40:44.478 INFO:teuthology.orchestra.run.smithi098.stdout:/usr/bin/ceph: stderr
