2024-05-09T08:40:55.278+0000 7f703e7fc700 1 -- 172.21.15.98:0/885908234 <== mon.0 v2:172.21.15.98:3300/0 1 ==== mon_map magic: 0 ==== 205+0+0 (secure 0 0 0) 0x7f70440039c0 con 0x7f7048108850
2024-05-09T08:40:56.331 INFO:teuthology.orchestra.run.smithi098.stdout:/usr/bin/ceph: stderr
2024-05-09T08:40:55.278+0000 7f703e7fc700 1 -- 172.21.15.98:0/885908234 <== mon.0 v2:172.21.15.98:3300/0 2 ==== config(27 keys) ==== 1109+0+0 (secure 0 0 0) 0x7f7044011e50 con 0x7f7048108850
2024-05-09T08:40:56.331 INFO:teuthology.orchestra.run.smithi098.stdout:/usr/bin/ceph: stderr
2024-05-09T08:40:55.278+0000 7f704f500700 1 -- 172.21.15.98:0/885908234 --> [v2:172.21.15.98:3300/0,v1:172.21.15.98:6789/0] -- mon_subscribe({mgrmap=0+}) -- 0x7f7048106800 con 0x7f7048108850
2024-05-09T08:40:56.331 INFO:teuthology.orchestra.run.smithi098.stdout:/usr/bin/ceph: stderr
2024-05-09T08:40:55.278+0000 7f703e7fc700 1 -- 172.21.15.98:0/885908234 <== mon.0 v2:172.21.15.98:3300/0 3 ==== mon_map magic: 0 ==== 205+0+0 (secure 0 0 0) 0x7f704401a5c0 con 0x7f7048108850
2024-05-09T08:40:56.331 INFO:teuthology.orchestra.run.smithi098.stdout:/usr/bin/ceph: stderr
2024-05-09T08:40:55.279+0000 7f704f500700 1 -- 172.21.15.98:0/885908234 --> [v2:172.21.15.98:3300/0,v1:172.21.15.98:6789/0] -- mon_subscribe({osdmap=0}) -- 0x7f7048106d40 con 0x7f7048108850
2024-05-09T08:40:56.331 INFO:teuthology.orchestra.run.smithi098.stdout:/usr/bin/ceph: stderr
2024-05-09T08:40:55.279+0000 7f703e7fc700 1 -- 172.21.15.98:0/885908234 <== mon.0 v2:172.21.15.98:3300/0 4 ==== mgrmap(e 8) ==== 46287+0+0 (secure 0 0 0) 0x7f7044024430 con 0x7f7048108850
2024-05-09T08:40:56.331 INFO:teuthology.orchestra.run.smithi098.stdout:/usr/bin/ceph: stderr
2024-05-09T08:40:55.279+0000 7f704f500700 1 -- 172.21.15.98:0/885908234 --> [v2:172.21.15.98:3300/0,v1:172.21.15.98:6789/0] -- mon_command({"prefix": "get_command_descriptions"} v 0) -- 0x7f7048063980 con 0x7f7048108850
2024-05-09T08:40:56.331 INFO:teuthology.orchestra.run.smithi098.stdout:/usr/bin/ceph: stderr
2024-05-09T08:40:55.280+0000 7f703e7fc700 1 --2- 172.21.15.98:0/885908234 >> [v2:172.21.15.98:6800/498605085,v1:172.21.15.98:6801/498605085] conn(0x7f7034039110 0x7f703403b5d0 unknown :-1 s=NONE pgs=0 cs=0 l=1 rev1=0 crypto rx=0 tx=0 comp rx=0 tx=0).connect
2024-05-09T08:40:56.331 INFO:teuthology.orchestra.run.smithi098.stdout:/usr/bin/ceph: stderr
2024-05-09T08:40:55.280+0000 7f703e7fc700 1 -- 172.21.15.98:0/885908234 <== mon.0 v2:172.21.15.98:3300/0 5 ==== osd_map(2..2 src has 1..2) ==== 940+0+0 (secure 0 0 0) 0x7f704404d4a0 con 0x7f7048108850
2024-05-09T08:40:56.331 INFO:teuthology.orchestra.run.smithi098.stdout:/usr/bin/ceph: stderr
2024-05-09T08:40:55.280+0000 7f704ca9b700 1 --2- 172.21.15.98:0/885908234 >> [v2:172.21.15.98:6800/498605085,v1:172.21.15.98:6801/498605085] conn(0x7f7034039110 0x7f703403b5d0 unknown :-1 s=BANNER_CONNECTING pgs=0 cs=0 l=1 rev1=0 crypto rx=0 tx=0 comp rx=0 tx=0)._handle_peer_banner_payload supported=3 required=0
2024-05-09T08:40:56.332 INFO:teuthology.orchestra.run.smithi098.stdout:/usr/bin/ceph: stderr
2024-05-09T08:40:55.280+0000 7f704ca9b700 1 --2- 172.21.15.98:0/885908234 >> [v2:172.21.15.98:6800/498605085,v1:172.21.15.98:6801/498605085] conn(0x7f7034039110 0x7f703403b5d0 secure :-1 s=READY pgs=9 cs=0 l=1 rev1=1 crypto rx=0x7f7038006fd0 tx=0x7f7038006e40 comp rx=0 tx=0).ready entity=mgr.14118 client_cookie=0 server_cookie=0 in_seq=0 out_seq=0
2024-05-09T08:40:56.332 INFO:teuthology.orchestra.run.smithi098.stdout:/usr/bin/ceph: stderr
2024-05-09T08:40:55.285+0000 7f703e7fc700 1 -- 172.21.15.98:0/885908234 <== mon.0 v2:172.21.15.98:3300/0 6 ==== mon_command_ack([{"prefix": "get_command_descriptions"}]=0 v0) ==== 72+0+186147 (secure 0 0 0) 0x7f704402d910 con 0x7f7048108850
2024-05-09T08:40:56.332 INFO:teuthology.orchestra.run.smithi098.stdout:/usr/bin/ceph: stderr
2024-05-09T08:40:55.482+0000 7f704f500700 1 -- 172.21.15.98:0/885908234 --> [v2:172.21.15.98:6800/498605085,v1:172.21.15.98:6801/498605085] -- mgr_command(tid 0: {"prefix": "cephadm generate-key", "target": ["mon-mgr", ""]}) -- 0x7f7048103400 con 0x7f7034039110
2024-05-09T08:40:56.332 INFO:teuthology.orchestra.run.smithi098.stdout:/usr/bin/ceph: stderr
2024-05-09T08:40:55.719+0000 7f703e7fc700 1 -- 172.21.15.98:0/885908234 <== mgr.14118 v2:172.21.15.98:6800/498605085 1 ==== mgr_command_reply(tid 0: 0 ) ==== 8+0+0 (secure 0 0 0) 0x7f7048103400 con 0x7f7034039110
2024-05-09T08:40:56.332 INFO:teuthology.orchestra.run.smithi098.stdout:/usr/bin/ceph: stderr
2024-05-09T08:40:55.721+0000 7f704f500700 1 -- 172.21.15.98:0/885908234 >> [v2:172.21.15.98:6800/498605085,v1:172.21.15.98:6801/498605085] conn(0x7f7034039110 msgr2=0x7f703403b5d0 secure :-1 s=STATE_CONNECTION_ESTABLISHED l=1).mark_down
2024-05-09T08:40:56.332 INFO:teuthology.orchestra.run.smithi098.stdout:/usr/bin/ceph: stderr
2024-05-09T08:40:55.721+0000 7f704f500700 1 --2- 172.21.15.98:0/885908234 >> [v2:172.21.15.98:6800/498605085,v1:172.21.15.98:6801/498605085] conn(0x7f7034039110 0x7f703403b5d0 secure :-1 s=READY pgs=9 cs=0 l=1 rev1=1 crypto rx=0x7f7038006fd0 tx=0x7f7038006e40 comp rx=0 tx=0).stop
2024-05-09T08:40:56.332 INFO:teuthology.orchestra.run.smithi098.stdout:/usr/bin/ceph: stderr
2024-05-09T08:40:55.721+0000 7f704f500700 1 -- 172.21.15.98:0/885908234 >> [v2:172.21.15.98:3300/0,v1:172.21.15.98:6789/0] conn(0x7f7048108850 msgr2=0x7f70481080d0 secure :-1 s=STATE_CONNECTION_ESTABLISHED l=1).mark_down
2024-05-09T08:40:56.332 INFO:teuthology.orchestra.run.smithi098.stdout:/usr/bin/ceph: stderr
2024-05-09T08:40:55.721+0000 7f704f500700 1 --2- 172.21.15.98:0/885908234 >> [v2:172.21.15.98:3300/0,v1:172.21.15.98:6789/0] conn(0x7f7048108850 0x7f70481080d0 secure :-1 s=READY pgs=40 cs=0 l=1 rev1=1 crypto rx=0x7f7044011670 tx=0x7f7044011b60 comp rx=0 tx=0).stop
2024-05-09T08:40:56.332 INFO:teuthology.orchestra.run.smithi098.stdout:/usr/bin/ceph: stderr
2024-05-09T08:40:55.722+0000 7f704f500700 1 -- 172.21.15.98:0/885908234 shutdown_connections
2024-05-09T08:40:56.332 INFO:teuthology.orchestra.run.smithi098.stdout:/usr/bin/ceph: stderr
2024-05-09T08:40:55.722+0000 7f704f500700 1 --2- 172.21.15.98:0/885908234 >> [v2:172.21.15.98:6800/498605085,v1:172.21.15.98:6801/498605085] conn(0x7f7034039110 0x7f703403b5d0 unknown :-1 s=CLOSED pgs=9 cs=0 l=1 rev1=1 crypto rx=0 tx=0 comp rx=0 tx=0).stop
2024-05-09T08:40:56.332 INFO:teuthology.orchestra.run.smithi098.stdout:/usr/bin/ceph: stderr
2024-05-09T08:40:55.722+0000 7f704f500700 1 --2- 172.21.15.98:0/885908234 >> [v2:172.21.15.98:3300/0,v1:172.21.15.98:6789/0] conn(0x7f7048108850 0x7f70481080d0 unknown :-1 s=CLOSED pgs=40 cs=0 l=1 rev1=1 crypto rx=0 tx=0 comp rx=0 tx=0).stop
2024-05-09T08:40:56.332 INFO:teuthology.orchestra.run.smithi098.stdout:/usr/bin/ceph: stderr
2024-05-09T08:40:55.722+0000 7f704f500700 1 -- 172.21.15.98:0/885908234 >> 172.21.15.98:0/885908234 conn(0x7f7048102280 msgr2=0x7f7048102cf0 unknown :-1 s=STATE_NONE l=0).mark_down
2024-05-09T08:40:56.332 INFO:teuthology.orchestra.run.smithi098.stdout:/usr/bin/ceph: stderr
2024-05-09T08:40:55.722+0000 7f704f500700 1 -- 172.21.15.98:0/885908234 shutdown_connections
2024-05-09T08:40:56.332 INFO:teuthology.orchestra.run.smithi098.stdout:/usr/bin/ceph: stderr
2024-05-09T08:40:55.722+0000 7f704f500700 1 -- 172.21.15.98:0/885908234 wait complete.
2024-05-09T08:40:56.935 INFO:journalctl@ceph.mon.a.smithi098.stdout:May 09 08:40:56 smithi098 ceph-mon[30092]: from='client.14134 -' entity='client.admin' cmd=[{"prefix": "cephadm generate-key", "target": ["mon-mgr", ""]}]: dispatch
2024-05-09T08:40:56.935 INFO:journalctl@ceph.mon.a.smithi098.stdout:May 09 08:40:56 smithi098 ceph-mon[30092]: Generating ssh key...
2024-05-09T08:40:57.545 INFO:teuthology.orchestra.run.smithi098.stdout:/usr/bin/ceph: stdout ssh-rsa AAAAB3NzaC1yc2EAAAADAQABAAABgQDM08QhTU9RCj64TMHPr8xMaD2Ggju/QS/0ZtCwyPuKPgrejfryn302vt6awYcYMVgjAQpkBkaRlPqfogVnozATLQM1oWPIg80beCjWShdY6SefSde+xGAGZouZa0SVmT4acx4cZN8o9NGFwr2pmNh+Io6hiUuiGyCq7svM9Oq+rTDBjA3zz8Qi216KQ6cu2gv49/J4OfiHbvRVfAAU5c1RGuc1fBiOefAaN0zOgmAUIKkyDBf1EfQ3/apAfpD0Rp5wfMRCTAm8iLbrAfwONyttgKsBHgiCJ82HCuoR96doEfEmBwpAqvka0fdkNHETqKjbAnQ0JcpIZX4uHmtUFurEVw3Oz0eU0Wgx53KdxYVwtRCCxKrE/etAPD7cMo2tqDObDhK1UqxOKLJ6Iuju60/jjy4OIh2w7LwtfhY1DOHwRbd4ly9c9YZJSW+tx9UTp8F0dpJTt1ibS3Y3c+QpPynSNqTDOClBAlPlRoi3xJqaCZ5yHTTwpBBYnrZpfVm2I5s= ceph-a57d9712-0ddf-11ef-bc98-c7b262605968
2024-05-09T08:40:57.545 INFO:teuthology.orchestra.run.smithi098.stdout:/usr/bin/ceph: stderr
2024-05-09T08:40:56.731+0000 7fc108329700 1 Processor -- start
2024-05-09T08:40:57.545 INFO:teuthology.orchestra.run.smithi098.stdout:/usr/bin/ceph: stderr
2024-05-09T08:40:56.731+0000 7fc108329700 1 -- start start
2024-05-09T08:40:57.545 INFO:teuthology.orchestra.run.smithi098.stdout:/usr/bin/ceph: stderr
2024-05-09T08:40:56.731+0000 7fc108329700 1 --2- >> [v2:172.21.15.98:3300/0,v1:172.21.15.98:6789/0] conn(0x7fc10007de20 0x7fc10007c320 unknown :-1 s=NONE pgs=0 cs=0 l=0 rev1=0 crypto rx=0 tx=0 comp rx=0 tx=0).connect
2024-05-09T08:40:57.545 INFO:teuthology.orchestra.run.smithi098.stdout:/usr/bin/ceph: stderr
2024-05-09T08:40:56.731+0000 7fc108329700 1 -- --> [v2:172.21.15.98:3300/0,v1:172.21.15.98:6789/0] -- mon_getmap magic: 0 -- 0x7fc10007c860 con 0x7fc10007de20
2024-05-09T08:40:57.545 INFO:teuthology.orchestra.run.smithi098.stdout:/usr/bin/ceph: stderr
2024-05-09T08:40:56.731+0000 7fc1060c5700 1 --2- >> [v2:172.21.15.98:3300/0,v1:172.21.15.98:6789/0] conn(0x7fc10007de20 0x7fc10007c320 unknown :-1 s=BANNER_CONNECTING pgs=0 cs=0 l=0 rev1=0 crypto rx=0 tx=0 comp rx=0 tx=0)._handle_peer_banner_payload supported=3 required=0
2024-05-09T08:40:57.546 INFO:teuthology.orchestra.run.smithi098.stdout:/usr/bin/ceph: stderr
2024-05-09T08:40:56.731+0000 7fc1060c5700 1 --2- >> [v2:172.21.15.98:3300/0,v1:172.21.15.98:6789/0] conn(0x7fc10007de20 0x7fc10007c320 unknown :-1 s=HELLO_CONNECTING pgs=0 cs=0 l=0 rev1=1 crypto rx=0 tx=0 comp rx=0 tx=0).handle_hello peer v2:172.21.15.98:3300/0 says I am v2:172.21.15.98:32910/0 (socket says 172.21.15.98:32910)
2024-05-09T08:40:57.546 INFO:teuthology.orchestra.run.smithi098.stdout:/usr/bin/ceph: stderr
2024-05-09T08:40:56.731+0000 7fc1060c5700 1 -- 172.21.15.98:0/124206852 learned_addr learned my addr 172.21.15.98:0/124206852 (peer_addr_for_me v2:172.21.15.98:0/0)
2024-05-09T08:40:57.546 INFO:teuthology.orchestra.run.smithi098.stdout:/usr/bin/ceph: stderr
2024-05-09T08:40:56.732+0000 7fc1060c5700 1 -- 172.21.15.98:0/124206852 --> [v2:172.21.15.98:3300/0,v1:172.21.15.98:6789/0] -- mon_subscribe({config=0+,monmap=0+}) -- 0x7fc10007c9e0 con 0x7fc10007de20
2024-05-09T08:40:57.546 INFO:teuthology.orchestra.run.smithi098.stdout:/usr/bin/ceph: stderr
2024-05-09T08:40:56.732+0000 7fc1060c5700 1 --2- 172.21.15.98:0/124206852 >> [v2:172.21.15.98:3300/0,v1:172.21.15.98:6789/0] conn(0x7fc10007de20 0x7fc10007c320 secure :-1 s=READY pgs=41 cs=0 l=1 rev1=1 crypto rx=0x7fc0fc0098a0 tx=0x7fc0fc009bb0 comp rx=0 tx=0).ready entity=mon.0 client_cookie=bbf07a09e1f932dc server_cookie=0 in_seq=0 out_seq=0
2024-05-09T08:40:57.546 INFO:teuthology.orchestra.run.smithi098.stdout:/usr/bin/ceph: stderr
2024-05-09T08:40:56.732+0000 7fc1050c3700 1 -- 172.21.15.98:0/124206852 <== mon.0 v2:172.21.15.98:3300/0 1 ==== mon_map magic: 0 ==== 205+0+0 (secure 0 0 0) 0x7fc0fc004160 con 0x7fc10007de20
2024-05-09T08:40:57.546 INFO:teuthology.orchestra.run.smithi098.stdout:/usr/bin/ceph: stderr
2024-05-09T08:40:56.732+0000 7fc1050c3700 1 -- 172.21.15.98:0/124206852 <== mon.0 v2:172.21.15.98:3300/0 2 ==== config(27 keys) ==== 1109+0+0 (secure 0 0 0) 0x7fc0fc004300 con 0x7fc10007de20
2024-05-09T08:40:57.546 INFO:teuthology.orchestra.run.smithi098.stdout:/usr/bin/ceph: stderr
2024-05-09T08:40:56.732+0000 7fc1050c3700 1 -- 172.21.15.98:0/124206852 <== mon.0 v2:172.21.15.98:3300/0 3 ==== mon_map magic: 0 ==== 205+0+0 (secure 0 0 0) 0x7fc0fc011b50 con 0x7fc10007de20
2024-05-09T08:40:57.546 INFO:teuthology.orchestra.run.smithi098.stdout:/usr/bin/ceph: stderr
2024-05-09T08:40:56.733+0000 7fc108329700 1 -- 172.21.15.98:0/124206852 >> [v2:172.21.15.98:3300/0,v1:172.21.15.98:6789/0] conn(0x7fc10007de20 msgr2=0x7fc10007c320 secure :-1 s=STATE_CONNECTION_ESTABLISHED l=1).mark_down
2024-05-09T08:40:57.546 INFO:teuthology.orchestra.run.smithi098.stdout:/usr/bin/ceph: stderr
2024-05-09T08:40:56.733+0000 7fc108329700 1 --2- 172.21.15.98:0/124206852 >> [v2:172.21.15.98:3300/0,v1:172.21.15.98:6789/0] conn(0x7fc10007de20 0x7fc10007c320 secure :-1 s=READY pgs=41 cs=0 l=1 rev1=1 crypto rx=0x7fc0fc0098a0 tx=0x7fc0fc009bb0 comp rx=0 tx=0).stop
2024-05-09T08:40:57.546 INFO:teuthology.orchestra.run.smithi098.stdout:/usr/bin/ceph: stderr
2024-05-09T08:40:56.733+0000 7fc108329700 1 -- 172.21.15.98:0/124206852 shutdown_connections
2024-05-09T08:40:57.546 INFO:teuthology.orchestra.run.smithi098.stdout:/usr/bin/ceph: stderr
2024-05-09T08:40:56.733+0000 7fc108329700 1 --2- 172.21.15.98:0/124206852 >> [v2:172.21.15.98:3300/0,v1:172.21.15.98:6789/0] conn(0x7fc10007de20 0x7fc10007c320 unknown :-1 s=CLOSED pgs=41 cs=0 l=1 rev1=1 crypto rx=0 tx=0 comp rx=0 tx=0).stop
2024-05-09T08:40:57.546 INFO:teuthology.orchestra.run.smithi098.stdout:/usr/bin/ceph: stderr
2024-05-09T08:40:56.733+0000 7fc108329700 1 -- 172.21.15.98:0/124206852 >> 172.21.15.98:0/124206852 conn(0x7fc100103440 msgr2=0x7fc100105860 unknown :-1 s=STATE_NONE l=0).mark_down
2024-05-09T08:40:57.546 INFO:teuthology.orchestra.run.smithi098.stdout:/usr/bin/ceph: stderr
2024-05-09T08:40:56.733+0000 7fc108329700 1 -- 172.21.15.98:0/124206852 shutdown_connections
2024-05-09T08:40:57.547 INFO:teuthology.orchestra.run.smithi098.stdout:/usr/bin/ceph: stderr
2024-05-09T08:40:56.733+0000 7fc108329700 1 -- 172.21.15.98:0/124206852 wait complete.
2024-05-09T08:40:57.547 INFO:teuthology.orchestra.run.smithi098.stdout:/usr/bin/ceph: stderr
2024-05-09T08:40:56.733+0000 7fc108329700 1 Processor -- start
2024-05-09T08:40:57.547 INFO:teuthology.orchestra.run.smithi098.stdout:/usr/bin/ceph: stderr
2024-05-09T08:40:56.733+0000 7fc108329700 1 -- start start
2024-05-09T08:40:57.547 INFO:teuthology.orchestra.run.smithi098.stdout:/usr/bin/ceph: stderr
2024-05-09T08:40:56.733+0000 7fc108329700 1 --2- >> [v2:172.21.15.98:3300/0,v1:172.21.15.98:6789/0] conn(0x7fc10007de20 0x7fc10019df10 unknown :-1 s=NONE pgs=0 cs=0 l=1 rev1=0 crypto rx=0 tx=0 comp rx=0 tx=0).connect
2024-05-09T08:40:57.547 INFO:teuthology.orchestra.run.smithi098.stdout:/usr/bin/ceph: stderr
2024-05-09T08:40:56.733+0000 7fc108329700 1 -- --> [v2:172.21.15.98:3300/0,v1:172.21.15.98:6789/0] -- mon_getmap magic: 0 -- 0x7fc10010e430 con 0x7fc10007de20
2024-05-09T08:40:57.547 INFO:teuthology.orchestra.run.smithi098.stdout:/usr/bin/ceph: stderr
2024-05-09T08:40:56.734+0000 7fc1060c5700 1 --2- >> [v2:172.21.15.98:3300/0,v1:172.21.15.98:6789/0] conn(0x7fc10007de20 0x7fc10019df10 unknown :-1 s=BANNER_CONNECTING pgs=0 cs=0 l=1 rev1=0 crypto rx=0 tx=0 comp rx=0 tx=0)._handle_peer_banner_payload supported=3 required=0
2024-05-09T08:40:57.547 INFO:teuthology.orchestra.run.smithi098.stdout:/usr/bin/ceph: stderr
2024-05-09T08:40:56.734+0000 7fc1060c5700 1 --2- >> [v2:172.21.15.98:3300/0,v1:172.21.15.98:6789/0] conn(0x7fc10007de20 0x7fc10019df10 unknown :-1 s=HELLO_CONNECTING pgs=0 cs=0 l=1 rev1=1 crypto rx=0 tx=0 comp rx=0 tx=0).handle_hello peer v2:172.21.15.98:3300/0 says I am v2:172.21.15.98:32920/0 (socket says 172.21.15.98:32920)
2024-05-09T08:40:57.547 INFO:teuthology.orchestra.run.smithi098.stdout:/usr/bin/ceph: stderr
2024-05-09T08:40:56.734+0000 7fc1060c5700 1 -- 172.21.15.98:0/1864526023 learned_addr learned my addr 172.21.15.98:0/1864526023 (peer_addr_for_me v2:172.21.15.98:0/0)
2024-05-09T08:40:57.547 INFO:teuthology.orchestra.run.smithi098.stdout:/usr/bin/ceph: stderr
2024-05-09T08:40:56.734+0000 7fc1060c5700 1 -- 172.21.15.98:0/1864526023 --> [v2:172.21.15.98:3300/0,v1:172.21.15.98:6789/0] -- mon_subscribe({config=0+,monmap=0+}) -- 0x7fc10019e450 con 0x7fc10007de20
2024-05-09T08:40:57.547 INFO:teuthology.orchestra.run.smithi098.stdout:/usr/bin/ceph: stderr
2024-05-09T08:40:56.734+0000 7fc1060c5700 1 --2- 172.21.15.98:0/1864526023 >> [v2:172.21.15.98:3300/0,v1:172.21.15.98:6789/0] conn(0x7fc10007de20 0x7fc10019df10 secure :-1 s=READY pgs=42 cs=0 l=1 rev1=1 crypto rx=0x7fc0fc011b60 tx=0x7fc0fc011c40 comp rx=0 tx=0).ready entity=mon.0 client_cookie=0 server_cookie=0 in_seq=0 out_seq=0
2024-05-09T08:40:57.547 INFO:teuthology.orchestra.run.smithi098.stdout:/usr/bin/ceph: stderr
2024-05-09T08:40:56.734+0000 7fc0f77fe700 1 -- 172.21.15.98:0/1864526023 <== mon.0 v2:172.21.15.98:3300/0 1 ==== mon_map magic: 0 ==== 205+0+0 (secure 0 0 0) 0x7fc0fc003970 con 0x7fc10007de20
2024-05-09T08:40:57.547 INFO:teuthology.orchestra.run.smithi098.stdout:/usr/bin/ceph: stderr
2024-05-09T08:40:56.734+0000 7fc0f77fe700 1 -- 172.21.15.98:0/1864526023 <== mon.0 v2:172.21.15.98:3300/0 2 ==== config(27 keys) ==== 1109+0+0 (secure 0 0 0) 0x7fc0fc003b10 con 0x7fc10007de20
2024-05-09T08:40:57.548 INFO:teuthology.orchestra.run.smithi098.stdout:/usr/bin/ceph: stderr
2024-05-09T08:40:56.734+0000 7fc0f77fe700 1 -- 172.21.15.98:0/1864526023 <== mon.0 v2:172.21.15.98:3300/0 3 ==== mon_map magic: 0 ==== 205+0+0 (secure 0 0 0) 0x7fc0fc024610 con 0x7fc10007de20
2024-05-09T08:40:57.548 INFO:teuthology.orchestra.run.smithi098.stdout:/usr/bin/ceph: stderr
2024-05-09T08:40:56.734+0000 7fc108329700 1 -- 172.21.15.98:0/1864526023 --> [v2:172.21.15.98:3300/0,v1:172.21.15.98:6789/0] -- mon_subscribe({mgrmap=0+}) -- 0x7fc10019e6e0 con 0x7fc10007de20
2024-05-09T08:40:57.548 INFO:teuthology.orchestra.run.smithi098.stdout:/usr/bin/ceph: stderr
2024-05-09T08:40:56.734+0000 7fc108329700 1 -- 172.21.15.98:0/1864526023 --> [v2:172.21.15.98:3300/0,v1:172.21.15.98:6789/0] -- mon_subscribe({osdmap=0}) -- 0x7fc1001a13d0 con 0x7fc10007de20
2024-05-09T08:40:57.548 INFO:teuthology.orchestra.run.smithi098.stdout:/usr/bin/ceph: stderr
2024-05-09T08:40:56.735+0000 7fc0f77fe700 1 -- 172.21.15.98:0/1864526023 <== mon.0 v2:172.21.15.98:3300/0 4 ==== mgrmap(e 8) ==== 46287+0+0 (secure 0 0 0) 0x7fc0fc0248c0 con 0x7fc10007de20
2024-05-09T08:40:57.548 INFO:teuthology.orchestra.run.smithi098.stdout:/usr/bin/ceph: stderr
2024-05-09T08:40:56.735+0000 7fc108329700 1 -- 172.21.15.98:0/1864526023 --> [v2:172.21.15.98:3300/0,v1:172.21.15.98:6789/0] -- mon_command({"prefix": "get_command_descriptions"} v 0) -- 0x7fc100063980 con 0x7fc10007de20
2024-05-09T08:40:57.548 INFO:teuthology.orchestra.run.smithi098.stdout:/usr/bin/ceph: stderr
2024-05-09T08:40:56.735+0000 7fc0f77fe700 1 --2- 172.21.15.98:0/1864526023 >> [v2:172.21.15.98:6800/498605085,v1:172.21.15.98:6801/498605085] conn(0x7fc0ec039160 0x7fc0ec03b620 unknown :-1 s=NONE pgs=0 cs=0 l=1 rev1=0 crypto rx=0 tx=0 comp rx=0 tx=0).connect
2024-05-09T08:40:57.548 INFO:teuthology.orchestra.run.smithi098.stdout:/usr/bin/ceph: stderr
2024-05-09T08:40:56.735+0000 7fc0f77fe700 1 -- 172.21.15.98:0/1864526023 <== mon.0 v2:172.21.15.98:3300/0 5 ==== osd_map(2..2 src has 1..2) ==== 940+0+0 (secure 0 0 0) 0x7fc0fc011e00 con 0x7fc10007de20
2024-05-09T08:40:57.548 INFO:teuthology.orchestra.run.smithi098.stdout:/usr/bin/ceph: stderr
2024-05-09T08:40:56.735+0000 7fc1058c4700 1 --2- 172.21.15.98:0/1864526023 >> [v2:172.21.15.98:6800/498605085,v1:172.21.15.98:6801/498605085] conn(0x7fc0ec039160 0x7fc0ec03b620 unknown :-1 s=BANNER_CONNECTING pgs=0 cs=0 l=1 rev1=0 crypto rx=0 tx=0 comp rx=0 tx=0)._handle_peer_banner_payload supported=3 required=0
2024-05-09T08:40:57.548 INFO:teuthology.orchestra.run.smithi098.stdout:/usr/bin/ceph: stderr
2024-05-09T08:40:56.736+0000 7fc1058c4700 1 --2- 172.21.15.98:0/1864526023 >> [v2:172.21.15.98:6800/498605085,v1:172.21.15.98:6801/498605085] conn(0x7fc0ec039160 0x7fc0ec03b620 secure :-1 s=READY pgs=10 cs=0 l=1 rev1=1 crypto rx=0x7fc0f0006fd0 tx=0x7fc0f0006e40 comp rx=0 tx=0).ready entity=mgr.14118 client_cookie=0 server_cookie=0 in_seq=0 out_seq=0
2024-05-09T08:40:57.548 INFO:teuthology.orchestra.run.smithi098.stdout:/usr/bin/ceph: stderr
2024-05-09T08:40:56.740+0000 7fc0f77fe700 1 -- 172.21.15.98:0/1864526023 <== mon.0 v2:172.21.15.98:3300/0 6 ==== mon_command_ack([{"prefix": "get_command_descriptions"}]=0 v0) ==== 72+0+186147 (secure 0 0 0) 0x7fc0fc00ba00 con 0x7fc10007de20
2024-05-09T08:40:57.548 INFO:teuthology.orchestra.run.smithi098.stdout:/usr/bin/ceph: stderr
2024-05-09T08:40:56.936+0000 7fc108329700 1 -- 172.21.15.98:0/1864526023 --> [v2:172.21.15.98:6800/498605085,v1:172.21.15.98:6801/498605085] -- mgr_command(tid 0: {"prefix": "cephadm get-pub-key", "target": ["mon-mgr", ""]}) -- 0x7fc100104640 con 0x7fc0ec039160
2024-05-09T08:40:57.548 INFO:teuthology.orchestra.run.smithi098.stdout:/usr/bin/ceph: stderr
2024-05-09T08:40:56.937+0000 7fc0f77fe700 1 -- 172.21.15.98:0/1864526023 <== mgr.14118 v2:172.21.15.98:6800/498605085 1 ==== mgr_command_reply(tid 0: 0 ) ==== 8+0+595 (secure 0 0 0) 0x7fc100104640 con 0x7fc0ec039160
2024-05-09T08:40:57.548 INFO:teuthology.orchestra.run.smithi098.stdout:/usr/bin/ceph: stderr
2024-05-09T08:40:56.939+0000 7fc108329700 1 -- 172.21.15.98:0/1864526023 >> [v2:172.21.15.98:6800/498605085,v1:172.21.15.98:6801/498605085] conn(0x7fc0ec039160 msgr2=0x7fc0ec03b620 secure :-1 s=STATE_CONNECTION_ESTABLISHED l=1).mark_down
2024-05-09T08:40:57.549 INFO:teuthology.orchestra.run.smithi098.stdout:/usr/bin/ceph: stderr
2024-05-09T08:40:56.939+0000 7fc108329700 1 --2- 172.21.15.98:0/1864526023 >> [v2:172.21.15.98:6800/498605085,v1:172.21.15.98:6801/498605085] conn(0x7fc0ec039160 0x7fc0ec03b620 secure :-1 s=READY pgs=10 cs=0 l=1 rev1=1 crypto rx=0x7fc0f0006fd0 tx=0x7fc0f0006e40 comp rx=0 tx=0).stop
2024-05-09T08:40:57.549 INFO:teuthology.orchestra.run.smithi098.stdout:/usr/bin/ceph: stderr
2024-05-09T08:40:56.939+0000 7fc108329700 1 -- 172.21.15.98:0/1864526023 >> [v2:172.21.15.98:3300/0,v1:172.21.15.98:6789/0] conn(0x7fc10007de20 msgr2=0x7fc10019df10 secure :-1 s=STATE_CONNECTION_ESTABLISHED l=1).mark_down
2024-05-09T08:40:57.549 INFO:teuthology.orchestra.run.smithi098.stdout:/usr/bin/ceph: stderr
2024-05-09T08:40:56.939+0000 7fc108329700 1 --2- 172.21.15.98:0/1864526023 >> [v2:172.21.15.98:3300/0,v1:172.21.15.98:6789/0] conn(0x7fc10007de20 0x7fc10019df10 secure :-1 s=READY pgs=42 cs=0 l=1 rev1=1 crypto rx=0x7fc0fc011b60 tx=0x7fc0fc011c40 comp rx=0 tx=0).stop
2024-05-09T08:40:57.549 INFO:teuthology.orchestra.run.smithi098.stdout:/usr/bin/ceph: stderr
2024-05-09T08:40:56.939+0000 7fc108329700 1 -- 172.21.15.98:0/1864526023 shutdown_connections
2024-05-09T08:40:57.549 INFO:teuthology.orchestra.run.smithi098.stdout:/usr/bin/ceph: stderr
2024-05-09T08:40:56.939+0000 7fc108329700 1 --2- 172.21.15.98:0/1864526023 >> [v2:172.21.15.98:6800/498605085,v1:172.21.15.98:6801/498605085] conn(0x7fc0ec039160 0x7fc0ec03b620 unknown :-1 s=CLOSED pgs=10 cs=0 l=1 rev1=1 crypto rx=0 tx=0 comp rx=0 tx=0).stop
2024-05-09T08:40:57.549 INFO:teuthology.orchestra.run.smithi098.stdout:/usr/bin/ceph: stderr
2024-05-09T08:40:56.939+0000 7fc108329700 1 --2- 172.21.15.98:0/1864526023 >> [v2:172.21.15.98:3300/0,v1:172.21.15.98:6789/0] conn(0x7fc10007de20 0x7fc10019df10 unknown :-1 s=CLOSED pgs=42 cs=0 l=1 rev1=1 crypto rx=0 tx=0 comp rx=0 tx=0).stop
2024-05-09T08:40:57.549 INFO:teuthology.orchestra.run.smithi098.stdout:/usr/bin/ceph: stderr
2024-05-09T08:40:56.939+0000 7fc108329700 1 -- 172.21.15.98:0/1864526023 >> 172.21.15.98:0/1864526023 conn(0x7fc100103440 msgr2=0x7fc100103f30 unknown :-1 s=STATE_NONE l=0).mark_down
2024-05-09T08:40:57.549 INFO:teuthology.orchestra.run.smithi098.stdout:/usr/bin/ceph: stderr
2024-05-09T08:40:56.939+0000 7fc108329700 1 -- 172.21.15.98:0/1864526023 shutdown_connections
2024-05-09T08:40:57.549 INFO:teuthology.orchestra.run.smithi098.stdout:/usr/bin/ceph: stderr
2024-05-09T08:40:56.939+0000 7fc108329700 1 -- 172.21.15.98:0/1864526023 wait complete.
2024-05-09T08:40:57.549 INFO:teuthology.orchestra.run.smithi098.stdout:Wrote public SSH key to /home/ubuntu/cephtest/ceph.pub
2024-05-09T08:40:57.549 INFO:teuthology.orchestra.run.smithi098.stdout:Adding key to root@localhost authorized_keys...
2024-05-09T08:40:57.549 INFO:teuthology.orchestra.run.smithi098.stdout:Adding host smithi098...
2024-05-09T08:40:58.087 INFO:journalctl@ceph.mon.a.smithi098.stdout:May 09 08:40:57 smithi098 ceph-mon[30092]: from='client.14136 -' entity='client.admin' cmd=[{"prefix": "cephadm get-pub-key", "target": ["mon-mgr", ""]}]: dispatch
2024-05-09T08:40:59.024 INFO:journalctl@ceph.mon.a.smithi098.stdout:May 09 08:40:59 smithi098 ceph-mon[30092]: from='client.14138 -' entity='client.admin' cmd=[{"prefix": "orch host add", "hostname": "smithi098", "addr": "172.21.15.98", "target": ["mon-mgr", ""]}]: dispatch
2024-05-09T08:40:59.025 INFO:journalctl@ceph.mon.a.smithi098.stdout:May 09 08:40:59 smithi098 ceph-mon[30092]: Deploying cephadm binary to smithi098
2024-05-09T08:41:02.736 INFO:teuthology.orchestra.run.smithi098.stdout:/usr/bin/ceph: stdout Added host 'smithi098' with addr '172.21.15.98'
2024-05-09T08:41:02.736 INFO:teuthology.orchestra.run.smithi098.stdout:/usr/bin/ceph: stderr
2024-05-09T08:40:57.972+0000 7f350ae1a700 1 Processor -- start
2024-05-09T08:41:02.736 INFO:teuthology.orchestra.run.smithi098.stdout:/usr/bin/ceph: stderr
2024-05-09T08:40:57.972+0000 7f350ae1a700 1 -- start start
2024-05-09T08:41:02.736 INFO:teuthology.orchestra.run.smithi098.stdout:/usr/bin/ceph: stderr
2024-05-09T08:40:57.972+0000 7f350ae1a700 1 --2- >> [v2:172.21.15.98:3300/0,v1:172.21.15.98:6789/0] conn(0x7f3504108950 0x7f350410ad40 unknown :-1 s=NONE pgs=0 cs=0 l=0 rev1=0 crypto rx=0 tx=0 comp rx=0 tx=0).connect
2024-05-09T08:41:02.736 INFO:teuthology.orchestra.run.smithi098.stdout:/usr/bin/ceph: stderr
2024-05-09T08:40:57.972+0000 7f350ae1a700 1 -- --> [v2:172.21.15.98:3300/0,v1:172.21.15.98:6789/0] -- mon_getmap magic: 0 -- 0x7f350407bdf0 con 0x7f3504108950
2024-05-09T08:41:02.736 INFO:teuthology.orchestra.run.smithi098.stdout:/usr/bin/ceph: stderr
2024-05-09T08:40:57.972+0000 7f3508bb6700 1 --2- >> [v2:172.21.15.98:3300/0,v1:172.21.15.98:6789/0] conn(0x7f3504108950 0x7f350410ad40 unknown :-1 s=BANNER_CONNECTING pgs=0 cs=0 l=0 rev1=0 crypto rx=0 tx=0 comp rx=0 tx=0)._handle_peer_banner_payload supported=3 required=0
2024-05-09T08:41:02.736 INFO:teuthology.orchestra.run.smithi098.stdout:/usr/bin/ceph: stderr
2024-05-09T08:40:57.972+0000 7f3508bb6700 1 --2- >> [v2:172.21.15.98:3300/0,v1:172.21.15.98:6789/0] conn(0x7f3504108950 0x7f350410ad40 unknown :-1 s=HELLO_CONNECTING pgs=0 cs=0 l=0 rev1=1 crypto rx=0 tx=0 comp rx=0 tx=0).handle_hello peer v2:172.21.15.98:3300/0 says I am v2:172.21.15.98:32936/0 (socket says 172.21.15.98:32936)
2024-05-09T08:41:02.736 INFO:teuthology.orchestra.run.smithi098.stdout:/usr/bin/ceph: stderr
2024-05-09T08:40:57.972+0000 7f3508bb6700 1 -- 172.21.15.98:0/597572380 learned_addr learned my addr 172.21.15.98:0/597572380 (peer_addr_for_me v2:172.21.15.98:0/0)
2024-05-09T08:41:02.736 INFO:teuthology.orchestra.run.smithi098.stdout:/usr/bin/ceph: stderr
2024-05-09T08:40:57.972+0000 7f3508bb6700 1 -- 172.21.15.98:0/597572380 --> [v2:172.21.15.98:3300/0,v1:172.21.15.98:6789/0] -- mon_subscribe({config=0+,monmap=0+}) -- 0x7f350410b280 con 0x7f3504108950
2024-05-09T08:41:02.736 INFO:teuthology.orchestra.run.smithi098.stdout:/usr/bin/ceph: stderr
2024-05-09T08:40:57.972+0000 7f3508bb6700 1 --2- 172.21.15.98:0/597572380 >> [v2:172.21.15.98:3300/0,v1:172.21.15.98:6789/0] conn(0x7f3504108950 0x7f350410ad40 secure :-1 s=READY pgs=43 cs=0 l=1 rev1=1 crypto rx=0x7f34f80098a0 tx=0x7f34f8009bb0 comp rx=0 tx=0).ready entity=mon.0 client_cookie=e4d0848bd81d6faa server_cookie=0 in_seq=0 out_seq=0
2024-05-09T08:41:02.737 INFO:teuthology.orchestra.run.smithi098.stdout:/usr/bin/ceph: stderr
2024-05-09T08:40:57.973+0000 7f35037fe700 1 -- 172.21.15.98:0/597572380 <== mon.0 v2:172.21.15.98:3300/0 1 ==== mon_map magic: 0 ==== 205+0+0 (secure 0 0 0) 0x7f34f8004160 con 0x7f3504108950
2024-05-09T08:41:02.737 INFO:teuthology.orchestra.run.smithi098.stdout:/usr/bin/ceph: stderr
2024-05-09T08:40:57.973+0000 7f35037fe700 1 -- 172.21.15.98:0/597572380 <== mon.0 v2:172.21.15.98:3300/0 2 ==== config(27 keys) ==== 1109+0+0 (secure 0 0 0) 0x7f34f8004300 con 0x7f3504108950
2024-05-09T08:41:02.737 INFO:teuthology.orchestra.run.smithi098.stdout:/usr/bin/ceph: stderr
2024-05-09T08:40:57.973+0000 7f35037fe700 1 -- 172.21.15.98:0/597572380 <== mon.0 v2:172.21.15.98:3300/0 3 ==== mon_map magic: 0 ==== 205+0+0 (secure 0 0 0) 0x7f34f8011b50 con 0x7f3504108950
2024-05-09T08:41:02.737 INFO:teuthology.orchestra.run.smithi098.stdout:/usr/bin/ceph: stderr
2024-05-09T08:40:57.973+0000 7f350ae1a700 1 -- 172.21.15.98:0/597572380 >> [v2:172.21.15.98:3300/0,v1:172.21.15.98:6789/0] conn(0x7f3504108950 msgr2=0x7f350410ad40 secure :-1 s=STATE_CONNECTION_ESTABLISHED l=1).mark_down
2024-05-09T08:41:02.737 INFO:teuthology.orchestra.run.smithi098.stdout:/usr/bin/ceph: stderr
2024-05-09T08:40:57.973+0000 7f350ae1a700 1 --2- 172.21.15.98:0/597572380 >> [v2:172.21.15.98:3300/0,v1:172.21.15.98:6789/0] conn(0x7f3504108950 0x7f350410ad40 secure :-1 s=READY pgs=43 cs=0 l=1 rev1=1 crypto rx=0x7f34f80098a0 tx=0x7f34f8009bb0 comp rx=0 tx=0).stop
2024-05-09T08:41:02.737 INFO:teuthology.orchestra.run.smithi098.stdout:/usr/bin/ceph: stderr
2024-05-09T08:40:57.973+0000 7f350ae1a700 1 -- 172.21.15.98:0/597572380 shutdown_connections
2024-05-09T08:41:02.737 INFO:teuthology.orchestra.run.smithi098.stdout:/usr/bin/ceph: stderr
2024-05-09T08:40:57.973+0000 7f350ae1a700 1 --2- 172.21.15.98:0/597572380 >> [v2:172.21.15.98:3300/0,v1:172.21.15.98:6789/0] conn(0x7f3504108950 0x7f350410ad40 unknown :-1 s=CLOSED pgs=43 cs=0 l=1 rev1=1 crypto rx=0 tx=0 comp rx=0 tx=0).stop
2024-05-09T08:41:02.737 INFO:teuthology.orchestra.run.smithi098.stdout:/usr/bin/ceph: stderr
2024-05-09T08:40:57.973+0000 7f350ae1a700 1 -- 172.21.15.98:0/597572380 >> 172.21.15.98:0/597572380 conn(0x7f35041022a0 msgr2=0x7f35041046e0 unknown :-1 s=STATE_NONE l=0).mark_down
2024-05-09T08:41:02.737 INFO:teuthology.orchestra.run.smithi098.stdout:/usr/bin/ceph: stderr
2024-05-09T08:40:57.973+0000 7f350ae1a700 1 -- 172.21.15.98:0/597572380 shutdown_connections
2024-05-09T08:41:02.737 INFO:teuthology.orchestra.run.smithi098.stdout:/usr/bin/ceph: stderr
2024-05-09T08:40:57.973+0000 7f350ae1a700 1 -- 172.21.15.98:0/597572380 wait complete.
2024-05-09T08:41:02.737 INFO:teuthology.orchestra.run.smithi098.stdout:/usr/bin/ceph: stderr
2024-05-09T08:40:57.974+0000 7f350ae1a700 1 Processor -- start
2024-05-09T08:41:02.737 INFO:teuthology.orchestra.run.smithi098.stdout:/usr/bin/ceph: stderr
2024-05-09T08:40:57.974+0000 7f350ae1a700 1 -- start start
2024-05-09T08:41:02.737 INFO:teuthology.orchestra.run.smithi098.stdout:/usr/bin/ceph: stderr
2024-05-09T08:40:57.974+0000 7f350ae1a700 1 --2- >> [v2:172.21.15.98:3300/0,v1:172.21.15.98:6789/0] conn(0x7f3504108950 0x7f350419bca0 unknown :-1 s=NONE pgs=0 cs=0 l=1 rev1=0 crypto rx=0 tx=0 comp rx=0 tx=0).connect
2024-05-09T08:41:02.738 INFO:teuthology.orchestra.run.smithi098.stdout:/usr/bin/ceph: stderr
2024-05-09T08:40:57.974+0000 7f350ae1a700 1 -- --> [v2:172.21.15.98:3300/0,v1:172.21.15.98:6789/0] -- mon_getmap magic: 0 -- 0x7f350410c1e0 con 0x7f3504108950
2024-05-09T08:41:02.738 INFO:teuthology.orchestra.run.smithi098.stdout:/usr/bin/ceph: stderr
2024-05-09T08:40:57.974+0000 7f3508bb6700 1 --2- >> [v2:172.21.15.98:3300/0,v1:172.21.15.98:6789/0] conn(0x7f3504108950 0x7f350419bca0 unknown :-1 s=BANNER_CONNECTING pgs=0 cs=0 l=1 rev1=0 crypto rx=0 tx=0 comp rx=0 tx=0)._handle_peer_banner_payload supported=3 required=0
2024-05-09T08:41:02.738 INFO:teuthology.orchestra.run.smithi098.stdout:/usr/bin/ceph: stderr
2024-05-09T08:40:57.974+0000 7f3508bb6700 1 --2- >> [v2:172.21.15.98:3300/0,v1:172.21.15.98:6789/0] conn(0x7f3504108950 0x7f350419bca0 unknown :-1 s=HELLO_CONNECTING pgs=0 cs=0 l=1 rev1=1 crypto rx=0 tx=0 comp rx=0 tx=0).handle_hello peer v2:172.21.15.98:3300/0 says I am v2:172.21.15.98:32946/0 (socket says 172.21.15.98:32946)
2024-05-09T08:41:02.738 INFO:teuthology.orchestra.run.smithi098.stdout:/usr/bin/ceph: stderr
2024-05-09T08:40:57.974+0000 7f3508bb6700 1 -- 172.21.15.98:0/410429005 learned_addr learned my addr 172.21.15.98:0/410429005 (peer_addr_for_me v2:172.21.15.98:0/0)
2024-05-09T08:41:02.738 INFO:teuthology.orchestra.run.smithi098.stdout:/usr/bin/ceph: stderr
2024-05-09T08:40:57.974+0000 7f3508bb6700 1 -- 172.21.15.98:0/410429005 --> [v2:172.21.15.98:3300/0,v1:172.21.15.98:6789/0] -- mon_subscribe({config=0+,monmap=0+}) -- 0x7f350419c1e0 con 0x7f3504108950
2024-05-09T08:41:02.738 INFO:teuthology.orchestra.run.smithi098.stdout:/usr/bin/ceph: stderr
2024-05-09T08:40:57.975+0000 7f3508bb6700 1 --2- 172.21.15.98:0/410429005 >> [v2:172.21.15.98:3300/0,v1:172.21.15.98:6789/0] conn(0x7f3504108950 0x7f350419bca0 secure :-1 s=READY pgs=44 cs=0 l=1 rev1=1 crypto rx=0x7f34f8011670 tx=0x7f34f8011b60 comp rx=0 tx=0).ready entity=mon.0 client_cookie=0 server_cookie=0 in_seq=0 out_seq=0
2024-05-09T08:41:02.738 INFO:teuthology.orchestra.run.smithi098.stdout:/usr/bin/ceph: stderr
2024-05-09T08:40:57.975+0000 7f3501ffb700 1 -- 172.21.15.98:0/410429005 <== mon.0 v2:172.21.15.98:3300/0 1 ==== mon_map magic: 0 ==== 205+0+0 (secure 0 0 0) 0x7f34f80039c0 con 0x7f3504108950
2024-05-09T08:41:02.738 INFO:teuthology.orchestra.run.smithi098.stdout:/usr/bin/ceph: stderr
2024-05-09T08:40:57.975+0000 7f3501ffb700 1 -- 172.21.15.98:0/410429005 <== mon.0 v2:172.21.15.98:3300/0 2 ==== config(27 keys) ==== 1109+0+0 (secure 0 0 0) 0x7f34f8011e50 con 0x7f3504108950
2024-05-09T08:41:02.738 INFO:teuthology.orchestra.run.smithi098.stdout:/usr/bin/ceph: stderr
2024-05-09T08:40:57.975+0000 7f3501ffb700 1 -- 172.21.15.98:0/410429005 <== mon.0 v2:172.21.15.98:3300/0 3 ==== mon_map magic: 0 ==== 205+0+0 (secure 0 0 0) 0x7f34f801a5c0 con 0x7f3504108950
2024-05-09T08:41:02.738 INFO:teuthology.orchestra.run.smithi098.stdout:/usr/bin/ceph: stderr
2024-05-09T08:40:57.975+0000 7f350ae1a700 1 -- 172.21.15.98:0/410429005 --> [v2:172.21.15.98:3300/0,v1:172.21.15.98:6789/0] -- mon_subscribe({mgrmap=0+}) -- 0x7f350419c470 con 0x7f3504108950
2024-05-09T08:41:02.738 INFO:teuthology.orchestra.run.smithi098.stdout:/usr/bin/ceph: stderr
2024-05-09T08:40:57.975+0000 7f350ae1a700 1 -- 172.21.15.98:0/410429005 --> [v2:172.21.15.98:3300/0,v1:172.21.15.98:6789/0] -- mon_subscribe({osdmap=0}) -- 0x7f350419f160 con 0x7f3504108950
2024-05-09T08:41:02.738 INFO:teuthology.orchestra.run.smithi098.stdout:/usr/bin/ceph: stderr
2024-05-09T08:40:57.976+0000 7f3501ffb700 1 -- 172.21.15.98:0/410429005 <== mon.0 v2:172.21.15.98:3300/0 4 ==== mgrmap(e 8) ==== 46287+0+0 (secure 0 0 0) 0x7f34f8024430 con 0x7f3504108950
2024-05-09T08:41:02.738 INFO:teuthology.orchestra.run.smithi098.stdout:/usr/bin/ceph: stderr
2024-05-09T08:40:57.976+0000 7f3501ffb700 1 --2- 172.21.15.98:0/410429005 >> [v2:172.21.15.98:6800/498605085,v1:172.21.15.98:6801/498605085] conn(0x7f34f40390c0 0x7f34f403b580 unknown :-1 s=NONE pgs=0 cs=0 l=1 rev1=0 crypto rx=0 tx=0 comp rx=0 tx=0).connect
2024-05-09T08:41:02.738 INFO:teuthology.orchestra.run.smithi098.stdout:/usr/bin/ceph: stderr
2024-05-09T08:40:57.976+0000 7f350ae1a700 1 -- 172.21.15.98:0/410429005 --> [v2:172.21.15.98:3300/0,v1:172.21.15.98:6789/0] -- mon_command({"prefix": "get_command_descriptions"} v 0) -- 0x7f3504063980 con 0x7f3504108950
2024-05-09T08:41:02.739 INFO:teuthology.orchestra.run.smithi098.stdout:/usr/bin/ceph: stderr
2024-05-09T08:40:57.976+0000 7f3501ffb700 1 -- 172.21.15.98:0/410429005 <== mon.0 v2:172.21.15.98:3300/0 5 ==== osd_map(2..2 src has 1..2) ==== 940+0+0 (secure 0 0 0) 0x7f34f804d480 con 0x7f3504108950
2024-05-09T08:41:02.739 INFO:teuthology.orchestra.run.smithi098.stdout:/usr/bin/ceph: stderr
2024-05-09T08:40:57.976+0000 7f3503fff700 1 --2- 172.21.15.98:0/410429005 >> [v2:172.21.15.98:6800/498605085,v1:172.21.15.98:6801/498605085] conn(0x7f34f40390c0 0x7f34f403b580 unknown :-1 s=BANNER_CONNECTING pgs=0 cs=0 l=1 rev1=0 crypto rx=0 tx=0 comp rx=0 tx=0)._handle_peer_banner_payload supported=3 required=0
2024-05-09T08:41:02.739 INFO:teuthology.orchestra.run.smithi098.stdout:/usr/bin/ceph: stderr
2024-05-09T08:40:57.977+0000 7f3503fff700 1 --2- 172.21.15.98:0/410429005 >> [v2:172.21.15.98:6800/498605085,v1:172.21.15.98:6801/498605085] conn(0x7f34f40390c0 0x7f34f403b580 secure :-1 s=READY pgs=11 cs=0 l=1 rev1=1 crypto rx=0x7f34f0006fd0 tx=0x7f34f0006e40 comp rx=0 tx=0).ready entity=mgr.14118 client_cookie=0 server_cookie=0 in_seq=0 out_seq=0
2024-05-09T08:41:02.739 INFO:teuthology.orchestra.run.smithi098.stdout:/usr/bin/ceph: stderr
2024-05-09T08:40:57.981+0000 7f3501ffb700 1 -- 172.21.15.98:0/410429005 <== mon.0 v2:172.21.15.98:3300/0 6 ==== mon_command_ack([{"prefix": "get_command_descriptions"}]=0 v0) ==== 72+0+186147 (secure 0 0 0) 0x7f34f80151c0 con 0x7f3504108950
2024-05-09T08:41:02.739 INFO:teuthology.orchestra.run.smithi098.stdout:/usr/bin/ceph: stderr
2024-05-09T08:40:58.179+0000 7f350ae1a700 1 -- 172.21.15.98:0/410429005 --> [v2:172.21.15.98:6800/498605085,v1:172.21.15.98:6801/498605085] -- mgr_command(tid 0: {"prefix": "orch host add", "hostname": "smithi098", "addr": "172.21.15.98", "target": ["mon-mgr", ""]}) -- 0x7f3504103400 con 0x7f34f40390c0
2024-05-09T08:41:02.739 INFO:teuthology.orchestra.run.smithi098.stdout:/usr/bin/ceph: stderr
2024-05-09T08:41:02.235+0000 7f3501ffb700 1 -- 172.21.15.98:0/410429005 <== mgr.14118 v2:172.21.15.98:6800/498605085 1 ==== mgr_command_reply(tid 0: 0 ) ==== 8+0+48 (secure 0 0 0) 0x7f3504103400 con 0x7f34f40390c0
2024-05-09T08:41:02.739 INFO:teuthology.orchestra.run.smithi098.stdout:/usr/bin/ceph: stderr
2024-05-09T08:41:02.237+0000 7f350ae1a700 1 -- 172.21.15.98:0/410429005 >> [v2:172.21.15.98:6800/498605085,v1:172.21.15.98:6801/498605085] conn(0x7f34f40390c0 msgr2=0x7f34f403b580 secure :-1 s=STATE_CONNECTION_ESTABLISHED l=1).mark_down
2024-05-09T08:41:02.739 INFO:teuthology.orchestra.run.smithi098.stdout:/usr/bin/ceph: stderr
2024-05-09T08:41:02.237+0000 7f350ae1a700 1 --2- 172.21.15.98:0/410429005 >> [v2:172.21.15.98:6800/498605085,v1:172.21.15.98:6801/498605085] conn(0x7f34f40390c0 0x7f34f403b580 secure :-1 s=READY pgs=11 cs=0 l=1 rev1=1 crypto rx=0x7f34f0006fd0 tx=0x7f34f0006e40 comp rx=0 tx=0).stop
2024-05-09T08:41:02.739 INFO:teuthology.orchestra.run.smithi098.stdout:/usr/bin/ceph: stderr
2024-05-09T08:41:02.237+0000 7f350ae1a700 1 -- 172.21.15.98:0/410429005 >> [v2:172.21.15.98:3300/0,v1:172.21.15.98:6789/0] conn(0x7f3504108950 msgr2=0x7f350419bca0 secure :-1 s=STATE_CONNECTION_ESTABLISHED l=1).mark_down
2024-05-09T08:41:02.739 INFO:teuthology.orchestra.run.smithi098.stdout:/usr/bin/ceph: stderr
2024-05-09T08:41:02.237+0000 7f350ae1a700 1 --2- 172.21.15.98:0/410429005 >> [v2:172.21.15.98:3300/0,v1:172.21.15.98:6789/0] conn(0x7f3504108950 0x7f350419bca0 secure :-1 s=READY pgs=44 cs=0 l=1 rev1=1 crypto rx=0x7f34f8011670 tx=0x7f34f8011b60 comp rx=0 tx=0).stop
2024-05-09T08:41:02.739 INFO:teuthology.orchestra.run.smithi098.stdout:/usr/bin/ceph: stderr
2024-05-09T08:41:02.238+0000 7f350ae1a700 1 -- 172.21.15.98:0/410429005 shutdown_connections
2024-05-09T08:41:02.739 INFO:teuthology.orchestra.run.smithi098.stdout:/usr/bin/ceph: stderr
2024-05-09T08:41:02.238+0000 7f350ae1a700 1 --2- 172.21.15.98:0/410429005 >> [v2:172.21.15.98:6800/498605085,v1:172.21.15.98:6801/498605085] conn(0x7f34f40390c0 0x7f34f403b580 unknown :-1 s=CLOSED pgs=11 cs=0 l=1 rev1=1 crypto rx=0 tx=0 comp rx=0 tx=0).stop
2024-05-09T08:41:02.739 INFO:teuthology.orchestra.run.smithi098.stdout:/usr/bin/ceph: stderr
2024-05-09T08:41:02.238+0000 7f350ae1a700 1 --2- 172.21.15.98:0/410429005 >> [v2:172.21.15.98:3300/0,v1:172.21.15.98:6789/0] conn(0x7f3504108950 0x7f350419bca0 unknown :-1 s=CLOSED pgs=44 cs=0 l=1 rev1=1 crypto rx=0 tx=0 comp rx=0 tx=0).stop
2024-05-09T08:41:02.739 INFO:teuthology.orchestra.run.smithi098.stdout:/usr/bin/ceph: stderr
2024-05-09T08:41:02.238+0000 7f350ae1a700 1 -- 172.21.15.98:0/410429005 >> 172.21.15.98:0/410429005 conn(0x7f35041022a0 msgr2=0x7f3504102cf0 unknown :-1 s=STATE_NONE l=0).mark_down
2024-05-09T08:41:02.739 INFO:teuthology.orchestra.run.smithi098.stdout:/usr/bin/ceph: stderr
2024-05-09T08:41:02.238+0000 7f350ae1a700 1 -- 172.21.15.98:0/410429005 shutdown_connections
2024-05-09T08:41:02.740 INFO:teuthology.orchestra.run.smithi098.stdout:/usr/bin/ceph: stderr
2024-05-09T08:41:02.238+0000 7f350ae1a700 1 -- 172.21.15.98:0/410429005 wait complete.
2024-05-09T08:41:02.740 INFO:teuthology.orchestra.run.smithi098.stdout:Deploying unmanaged mon service...
2024-05-09T08:41:03.337 INFO:journalctl@ceph.mon.a.smithi098.stdout:May 09 08:41:03 smithi098 ceph-mon[30092]: from='mgr.14118 172.21.15.98:0/2478690691' entity='mgr.x'
2024-05-09T08:41:03.337 INFO:journalctl@ceph.mon.a.smithi098.stdout:May 09 08:41:03 smithi098 ceph-mon[30092]: Added host smithi098
2024-05-09T08:41:03.338 INFO:journalctl@ceph.mon.a.smithi098.stdout:May 09 08:41:03 smithi098 ceph-mon[30092]: from='mgr.14118 172.21.15.98:0/2478690691' entity='mgr.x' cmd=[{"prefix": "config dump", "format": "json"}]: dispatch
2024-05-09T08:41:05.087 INFO:journalctl@ceph.mon.a.smithi098.stdout:May 09 08:41:04 smithi098 ceph-mon[30092]: from='client.14140 -' entity='client.admin' cmd=[{"prefix": "orch apply", "service_type": "mon", "unmanaged": true, "target": ["mon-mgr", ""]}]: dispatch
2024-05-09T08:41:05.128 INFO:journalctl@ceph.mon.a.smithi098.stdout:May 09 08:41:04 smithi098 ceph-mon[30092]: Saving service mon spec with placement count:5
2024-05-09T08:41:05.128 INFO:journalctl@ceph.mon.a.smithi098.stdout:May 09 08:41:04 smithi098 ceph-mon[30092]: from='mgr.14118 172.21.15.98:0/2478690691' entity='mgr.x'
2024-05-09T08:41:05.194 INFO:teuthology.orchestra.run.smithi098.stdout:/usr/bin/ceph: stdout Scheduled mon update...
2024-05-09T08:41:05.194 INFO:teuthology.orchestra.run.smithi098.stdout:/usr/bin/ceph: stderr
2024-05-09T08:41:03.448+0000 7f08ce36b700 1 Processor -- start
2024-05-09T08:41:05.194 INFO:teuthology.orchestra.run.smithi098.stdout:/usr/bin/ceph: stderr
2024-05-09T08:41:03.449+0000 7f08ce36b700 1 -- start start
2024-05-09T08:41:05.194 INFO:teuthology.orchestra.run.smithi098.stdout:/usr/bin/ceph: stderr
2024-05-09T08:41:03.449+0000 7f08ce36b700 1 --2- >> [v2:172.21.15.98:3300/0,v1:172.21.15.98:6789/0] conn(0x7f08c8108290 0x7f08c81086b0 unknown :-1 s=NONE pgs=0 cs=0 l=0 rev1=0 crypto rx=0 tx=0 comp rx=0 tx=0).connect
2024-05-09T08:41:05.195 INFO:teuthology.orchestra.run.smithi098.stdout:/usr/bin/ceph: stderr
2024-05-09T08:41:03.449+0000 7f08ce36b700 1 -- --> [v2:172.21.15.98:3300/0,v1:172.21.15.98:6789/0] -- mon_getmap magic: 0 -- 0x7f08c8108c80 con 0x7f08c8108290
2024-05-09T08:41:05.195 INFO:teuthology.orchestra.run.smithi098.stdout:/usr/bin/ceph: stderr
2024-05-09T08:41:03.449+0000 7f08c7fff700 1 --2- >> [v2:172.21.15.98:3300/0,v1:172.21.15.98:6789/0] conn(0x7f08c8108290 0x7f08c81086b0 unknown :-1 s=BANNER_CONNECTING pgs=0 cs=0 l=0 rev1=0 crypto rx=0 tx=0 comp rx=0 tx=0)._handle_peer_banner_payload supported=3 required=0
2024-05-09T08:41:05.195 INFO:teuthology.orchestra.run.smithi098.stdout:/usr/bin/ceph: stderr
2024-05-09T08:41:03.449+0000 7f08c7fff700 1 --2- >> [v2:172.21.15.98:3300/0,v1:172.21.15.98:6789/0] conn(0x7f08c8108290 0x7f08c81086b0 unknown :-1 s=HELLO_CONNECTING pgs=0 cs=0 l=0 rev1=1 crypto rx=0 tx=0 comp rx=0 tx=0).handle_hello peer v2:172.21.15.98:3300/0 says I am v2:172.21.15.98:32954/0 (socket says 172.21.15.98:32954)
2024-05-09T08:41:05.195 INFO:teuthology.orchestra.run.smithi098.stdout:/usr/bin/ceph: stderr
2024-05-09T08:41:03.449+0000 7f08c7fff700 1 -- 172.21.15.98:0/3964027831 learned_addr learned my addr 172.21.15.98:0/3964027831 (peer_addr_for_me v2:172.21.15.98:0/0)
2024-05-09T08:41:05.195 INFO:teuthology.orchestra.run.smithi098.stdout:/usr/bin/ceph: stderr
2024-05-09T08:41:03.449+0000 7f08c7fff700 1 -- 172.21.15.98:0/3964027831 --> [v2:172.21.15.98:3300/0,v1:172.21.15.98:6789/0] -- mon_subscribe({config=0+,monmap=0+}) -- 0x7f08c8106ef0 con 0x7f08c8108290
2024-05-09T08:41:05.195 INFO:teuthology.orchestra.run.smithi098.stdout:/usr/bin/ceph: stderr
2024-05-09T08:41:03.449+0000 7f08c7fff700 1 --2- 172.21.15.98:0/3964027831 >> [v2:172.21.15.98:3300/0,v1:172.21.15.98:6789/0] conn(0x7f08c8108290 0x7f08c81086b0 secure :-1 s=READY pgs=45 cs=0 l=1 rev1=1 crypto rx=0x7f08b800bb40 tx=0x7f08b800be50 comp rx=0 tx=0).ready entity=mon.0 client_cookie=3a6447ecb1cbd0b4 server_cookie=0 in_seq=0 out_seq=0
2024-05-09T08:41:05.195 INFO:teuthology.orchestra.run.smithi098.stdout:/usr/bin/ceph: stderr
2024-05-09T08:41:03.450+0000 7f08c6ffd700 1 -- 172.21.15.98:0/3964027831 <== mon.0 v2:172.21.15.98:3300/0 1 ==== mon_map magic: 0 ==== 205+0+0 (secure 0 0 0) 0x7f08b800dbe0 con 0x7f08c8108290
2024-05-09T08:41:05.195 INFO:teuthology.orchestra.run.smithi098.stdout:/usr/bin/ceph: stderr
2024-05-09T08:41:03.450+0000 7f08c6ffd700 1 -- 172.21.15.98:0/3964027831 <== mon.0 v2:172.21.15.98:3300/0 2 ==== config(27 keys) ==== 1109+0+0 (secure 0 0 0) 0x7f08b80044f0 con 0x7f08c8108290
2024-05-09T08:41:05.195 INFO:teuthology.orchestra.run.smithi098.stdout:/usr/bin/ceph: stderr
2024-05-09T08:41:03.450+0000 7f08c6ffd700 1 -- 172.21.15.98:0/3964027831 <== mon.0 v2:172.21.15.98:3300/0 3 ==== mon_map magic: 0 ==== 205+0+0 (secure 0 0 0) 0x7f08b8010470 con 0x7f08c8108290
2024-05-09T08:41:05.195 INFO:teuthology.orchestra.run.smithi098.stdout:/usr/bin/ceph: stderr
2024-05-09T08:41:03.450+0000 7f08ce36b700 1 -- 172.21.15.98:0/3964027831 >> [v2:172.21.15.98:3300/0,v1:172.21.15.98:6789/0] conn(0x7f08c8108290 msgr2=0x7f08c81086b0 secure :-1 s=STATE_CONNECTION_ESTABLISHED l=1).mark_down
2024-05-09T08:41:05.195 INFO:teuthology.orchestra.run.smithi098.stdout:/usr/bin/ceph: stderr
2024-05-09T08:41:03.450+0000 7f08ce36b700 1 --2- 172.21.15.98:0/3964027831 >> [v2:172.21.15.98:3300/0,v1:172.21.15.98:6789/0] conn(0x7f08c8108290 0x7f08c81086b0 secure :-1 s=READY pgs=45 cs=0 l=1 rev1=1 crypto rx=0x7f08b800bb40 tx=0x7f08b800be50 comp rx=0 tx=0).stop
2024-05-09T08:41:05.195 INFO:teuthology.orchestra.run.smithi098.stdout:/usr/bin/ceph: stderr
2024-05-09T08:41:03.450+0000 7f08ce36b700 1 -- 172.21.15.98:0/3964027831 shutdown_connections
2024-05-09T08:41:05.195 INFO:teuthology.orchestra.run.smithi098.stdout:/usr/bin/ceph: stderr
2024-05-09T08:41:03.450+0000 7f08ce36b700 1 --2- 172.21.15.98:0/3964027831 >> [v2:172.21.15.98:3300/0,v1:172.21.15.98:6789/0] conn(0x7f08c8108290 0x7f08c81086b0 unknown :-1 s=CLOSED pgs=45 cs=0 l=1 rev1=1 crypto rx=0 tx=0 comp rx=0 tx=0).stop
2024-05-09T08:41:05.195 INFO:teuthology.orchestra.run.smithi098.stdout:/usr/bin/ceph: stderr
2024-05-09T08:41:03.450+0000 7f08ce36b700 1 -- 172.21.15.98:0/3964027831 >> 172.21.15.98:0/3964027831 conn(0x7f08c8101a20 msgr2=0x7f08c8103e40 unknown :-1 s=STATE_NONE l=0).mark_down
2024-05-09T08:41:05.195 INFO:teuthology.orchestra.run.smithi098.stdout:/usr/bin/ceph: stderr
2024-05-09T08:41:03.450+0000 7f08ce36b700 1 -- 172.21.15.98:0/3964027831 shutdown_connections
2024-05-09T08:41:05.196 INFO:teuthology.orchestra.run.smithi098.stdout:/usr/bin/ceph: stderr
2024-05-09T08:41:03.450+0000 7f08ce36b700 1 -- 172.21.15.98:0/3964027831 wait complete.
2024-05-09T08:41:05.196 INFO:teuthology.orchestra.run.smithi098.stdout:/usr/bin/ceph: stderr
2024-05-09T08:41:03.451+0000 7f08ce36b700 1 Processor -- start
2024-05-09T08:41:05.196 INFO:teuthology.orchestra.run.smithi098.stdout:/usr/bin/ceph: stderr
2024-05-09T08:41:03.451+0000 7f08ce36b700 1 -- start start
2024-05-09T08:41:05.196 INFO:teuthology.orchestra.run.smithi098.stdout:/usr/bin/ceph: stderr
2024-05-09T08:41:03.451+0000 7f08ce36b700 1 --2- >> [v2:172.21.15.98:3300/0,v1:172.21.15.98:6789/0] conn(0x7f08c8108290 0x7f08c8199a80 unknown :-1 s=NONE pgs=0 cs=0 l=1 rev1=0 crypto rx=0 tx=0 comp rx=0 tx=0).connect
2024-05-09T08:41:05.196 INFO:teuthology.orchestra.run.smithi098.stdout:/usr/bin/ceph: stderr
2024-05-09T08:41:03.451+0000 7f08ce36b700 1 -- --> [v2:172.21.15.98:3300/0,v1:172.21.15.98:6789/0] -- mon_getmap magic: 0 -- 0x7f08c8105de0 con 0x7f08c8108290
2024-05-09T08:41:05.196 INFO:teuthology.orchestra.run.smithi098.stdout:/usr/bin/ceph: stderr
2024-05-09T08:41:03.451+0000 7f08c7fff700 1 --2- >> [v2:172.21.15.98:3300/0,v1:172.21.15.98:6789/0] conn(0x7f08c8108290 0x7f08c8199a80 unknown :-1 s=BANNER_CONNECTING pgs=0 cs=0 l=1 rev1=0 crypto rx=0 tx=0 comp rx=0 tx=0)._handle_peer_banner_payload supported=3 required=0
2024-05-09T08:41:05.196 INFO:teuthology.orchestra.run.smithi098.stdout:/usr/bin/ceph: stderr
2024-05-09T08:41:03.451+0000 7f08c7fff700 1 --2- >> [v2:172.21.15.98:3300/0,v1:172.21.15.98:6789/0] conn(0x7f08c8108290 0x7f08c8199a80 unknown :-1 s=HELLO_CONNECTING pgs=0 cs=0 l=1 rev1=1 crypto rx=0 tx=0 comp rx=0 tx=0).handle_hello peer v2:172.21.15.98:3300/0 says I am v2:172.21.15.98:32958/0 (socket says 172.21.15.98:32958)
2024-05-09T08:41:05.196 INFO:teuthology.orchestra.run.smithi098.stdout:/usr/bin/ceph: stderr
2024-05-09T08:41:03.451+0000 7f08c7fff700 1 -- 172.21.15.98:0/1473997565 learned_addr learned my addr 172.21.15.98:0/1473997565 (peer_addr_for_me v2:172.21.15.98:0/0)
2024-05-09T08:41:05.196 INFO:teuthology.orchestra.run.smithi098.stdout:/usr/bin/ceph: stderr
2024-05-09T08:41:03.452+0000 7f08c7fff700 1 -- 172.21.15.98:0/1473997565 --> [v2:172.21.15.98:3300/0,v1:172.21.15.98:6789/0] -- mon_subscribe({config=0+,monmap=0+}) -- 0x7f08c8199fc0 con 0x7f08c8108290
2024-05-09T08:41:05.196 INFO:teuthology.orchestra.run.smithi098.stdout:/usr/bin/ceph: stderr
2024-05-09T08:41:03.452+0000 7f08c7fff700 1 --2- 172.21.15.98:0/1473997565 >> [v2:172.21.15.98:3300/0,v1:172.21.15.98:6789/0] conn(0x7f08c8108290 0x7f08c8199a80 secure :-1 s=READY pgs=46 cs=0 l=1 rev1=1 crypto rx=0x7f08b800b340 tx=0x7f08b80040b0 comp rx=0 tx=0).ready entity=mon.0 client_cookie=0 server_cookie=0 in_seq=0 out_seq=0
2024-05-09T08:41:05.196 INFO:teuthology.orchestra.run.smithi098.stdout:/usr/bin/ceph: stderr
2024-05-09T08:41:03.452+0000 7f08c57fa700 1 -- 172.21.15.98:0/1473997565 <== mon.0 v2:172.21.15.98:3300/0 1 ==== mon_map magic: 0 ==== 205+0+0 (secure 0 0 0) 0x7f08b8027070 con 0x7f08c8108290
2024-05-09T08:41:05.196 INFO:teuthology.orchestra.run.smithi098.stdout:/usr/bin/ceph: stderr
