2024-05-09T08:41:20.793+0000 7f880ca64700 1 --2- 172.21.15.98:0/275566041 >> [v2:172.21.15.98:6800/1228297308,v1:172.21.15.98:6801/1228297308] conn(0x7f87f4039170 0x7f87f403b630 secure :-1 s=READY pgs=8 cs=0 l=1 rev1=1 crypto rx=0x7f87f8006fd0 tx=0x7f87f8006e40 comp rx=0 tx=0).ready entity=mgr.14150 client_cookie=0 server_cookie=0 in_seq=0 out_seq=0
2024-05-09T08:41:21.849 INFO:teuthology.orchestra.run.smithi098.stdout:/usr/bin/ceph: stderr
2024-05-09T08:41:20.797+0000 7f87fe7fc700 1 -- 172.21.15.98:0/275566041 <== mon.0 v2:172.21.15.98:3300/0 6 ==== mon_command_ack([{"prefix": "get_command_descriptions"}]=0 v0) ==== 72+0+186147 (secure 0 0 0) 0x7f8804011e20 con 0x7f8808108260
2024-05-09T08:41:21.849 INFO:teuthology.orchestra.run.smithi098.stdout:/usr/bin/ceph: stderr
2024-05-09T08:41:21.017+0000 7f880f4c9700 1 -- 172.21.15.98:0/275566041 --> [v2:172.21.15.98:6800/1228297308,v1:172.21.15.98:6801/1228297308] -- mgr_command(tid 0: {"prefix": "dashboard ac-user-create", "username": "admin", "rolename": "administrator", "force_password": true, "pwd_update_required": true, "target": ["mon-mgr", ""]}) -- 0x7f88081956b0 con 0x7f87f4039170
2024-05-09T08:41:21.849 INFO:teuthology.orchestra.run.smithi098.stdout:/usr/bin/ceph: stderr
2024-05-09T08:41:21.240+0000 7f87fe7fc700 1 -- 172.21.15.98:0/275566041 <== mgr.14150 v2:172.21.15.98:6800/1228297308 1 ==== mgr_command_reply(tid 0: 0 ) ==== 8+0+252 (secure 0 0 0) 0x7f88081956b0 con 0x7f87f4039170
2024-05-09T08:41:21.849 INFO:teuthology.orchestra.run.smithi098.stdout:/usr/bin/ceph: stderr
2024-05-09T08:41:21.242+0000 7f880f4c9700 1 -- 172.21.15.98:0/275566041 >> [v2:172.21.15.98:6800/1228297308,v1:172.21.15.98:6801/1228297308] conn(0x7f87f4039170 msgr2=0x7f87f403b630 secure :-1 s=STATE_CONNECTION_ESTABLISHED l=1).mark_down
2024-05-09T08:41:21.849 INFO:teuthology.orchestra.run.smithi098.stdout:/usr/bin/ceph: stderr
2024-05-09T08:41:21.242+0000 7f880f4c9700 1 --2- 172.21.15.98:0/275566041 >> [v2:172.21.15.98:6800/1228297308,v1:172.21.15.98:6801/1228297308] conn(0x7f87f4039170 0x7f87f403b630 secure :-1 s=READY pgs=8 cs=0 l=1 rev1=1 crypto rx=0x7f87f8006fd0 tx=0x7f87f8006e40 comp rx=0 tx=0).stop
2024-05-09T08:41:21.850 INFO:teuthology.orchestra.run.smithi098.stdout:/usr/bin/ceph: stderr
2024-05-09T08:41:21.242+0000 7f880f4c9700 1 -- 172.21.15.98:0/275566041 >> [v2:172.21.15.98:3300/0,v1:172.21.15.98:6789/0] conn(0x7f8808108260 msgr2=0x7f880819bbf0 secure :-1 s=STATE_CONNECTION_ESTABLISHED l=1).mark_down
2024-05-09T08:41:21.850 INFO:teuthology.orchestra.run.smithi098.stdout:/usr/bin/ceph: stderr
2024-05-09T08:41:21.242+0000 7f880f4c9700 1 --2- 172.21.15.98:0/275566041 >> [v2:172.21.15.98:3300/0,v1:172.21.15.98:6789/0] conn(0x7f8808108260 0x7f880819bbf0 secure :-1 s=READY pgs=71 cs=0 l=1 rev1=1 crypto rx=0x7f88040117e0 tx=0x7f8804011c10 comp rx=0 tx=0).stop
2024-05-09T08:41:21.850 INFO:teuthology.orchestra.run.smithi098.stdout:/usr/bin/ceph: stderr
2024-05-09T08:41:21.242+0000 7f880f4c9700 1 -- 172.21.15.98:0/275566041 shutdown_connections
2024-05-09T08:41:21.850 INFO:teuthology.orchestra.run.smithi098.stdout:/usr/bin/ceph: stderr
2024-05-09T08:41:21.242+0000 7f880f4c9700 1 --2- 172.21.15.98:0/275566041 >> [v2:172.21.15.98:6800/1228297308,v1:172.21.15.98:6801/1228297308] conn(0x7f87f4039170 0x7f87f403b630 unknown :-1 s=CLOSED pgs=8 cs=0 l=1 rev1=1 crypto rx=0 tx=0 comp rx=0 tx=0).stop
2024-05-09T08:41:21.850 INFO:teuthology.orchestra.run.smithi098.stdout:/usr/bin/ceph: stderr
2024-05-09T08:41:21.242+0000 7f880f4c9700 1 --2- 172.21.15.98:0/275566041 >> [v2:172.21.15.98:3300/0,v1:172.21.15.98:6789/0] conn(0x7f8808108260 0x7f880819bbf0 unknown :-1 s=CLOSED pgs=71 cs=0 l=1 rev1=1 crypto rx=0 tx=0 comp rx=0 tx=0).stop
2024-05-09T08:41:21.850 INFO:teuthology.orchestra.run.smithi098.stdout:/usr/bin/ceph: stderr
2024-05-09T08:41:21.242+0000 7f880f4c9700 1 -- 172.21.15.98:0/275566041 >> 172.21.15.98:0/275566041 conn(0x7f88081019f0 msgr2=0x7f88081927f0 unknown :-1 s=STATE_NONE l=0).mark_down
2024-05-09T08:41:21.850 INFO:teuthology.orchestra.run.smithi098.stdout:/usr/bin/ceph: stderr
2024-05-09T08:41:21.242+0000 7f880f4c9700 1 -- 172.21.15.98:0/275566041 shutdown_connections
2024-05-09T08:41:21.850 INFO:teuthology.orchestra.run.smithi098.stdout:/usr/bin/ceph: stderr
2024-05-09T08:41:21.242+0000 7f880f4c9700 1 -- 172.21.15.98:0/275566041 wait complete.
2024-05-09T08:41:21.850 INFO:teuthology.orchestra.run.smithi098.stdout:Fetching dashboard port number...
2024-05-09T08:41:22.455 INFO:journalctl@ceph.mon.a.smithi098.stdout:May 09 08:41:22 smithi098 ceph-mon[30092]: from='client.14164 -' entity='client.admin' cmd=[{"prefix": "dashboard ac-user-create", "username": "admin", "rolename": "administrator", "force_password": true, "pwd_update_required": true, "target": ["mon-mgr", ""]}]: dispatch
2024-05-09T08:41:22.455 INFO:journalctl@ceph.mon.a.smithi098.stdout:May 09 08:41:22 smithi098 ceph-mon[30092]: from='mgr.14150 172.21.15.98:0/1172058648' entity='mgr.x'
2024-05-09T08:41:23.364 INFO:teuthology.orchestra.run.smithi098.stdout:/usr/bin/ceph: stdout 8443
2024-05-09T08:41:23.365 INFO:teuthology.orchestra.run.smithi098.stdout:/usr/bin/ceph: stderr
2024-05-09T08:41:22.254+0000 7ff2aed3e700 1 Processor -- start
2024-05-09T08:41:23.365 INFO:teuthology.orchestra.run.smithi098.stdout:/usr/bin/ceph: stderr
2024-05-09T08:41:22.254+0000 7ff2aed3e700 1 -- start start
2024-05-09T08:41:23.365 INFO:teuthology.orchestra.run.smithi098.stdout:/usr/bin/ceph: stderr
2024-05-09T08:41:22.255+0000 7ff2aed3e700 1 --2- >> [v2:172.21.15.98:3300/0,v1:172.21.15.98:6789/0] conn(0x7ff2a8108860 0x7ff2a810ac50 unknown :-1 s=NONE pgs=0 cs=0 l=0 rev1=0 crypto rx=0 tx=0 comp rx=0 tx=0).connect
2024-05-09T08:41:23.365 INFO:teuthology.orchestra.run.smithi098.stdout:/usr/bin/ceph: stderr
2024-05-09T08:41:22.255+0000 7ff2aed3e700 1 -- --> [v2:172.21.15.98:3300/0,v1:172.21.15.98:6789/0] -- mon_getmap magic: 0 -- 0x7ff2a807be90 con 0x7ff2a8108860
2024-05-09T08:41:23.365 INFO:teuthology.orchestra.run.smithi098.stdout:/usr/bin/ceph: stderr
2024-05-09T08:41:22.255+0000 7ff2acada700 1 --2- >> [v2:172.21.15.98:3300/0,v1:172.21.15.98:6789/0] conn(0x7ff2a8108860 0x7ff2a810ac50 unknown :-1 s=BANNER_CONNECTING pgs=0 cs=0 l=0 rev1=0 crypto rx=0 tx=0 comp rx=0 tx=0)._handle_peer_banner_payload supported=3 required=0
2024-05-09T08:41:23.365 INFO:teuthology.orchestra.run.smithi098.stdout:/usr/bin/ceph: stderr
2024-05-09T08:41:22.255+0000 7ff2acada700 1 --2- >> [v2:172.21.15.98:3300/0,v1:172.21.15.98:6789/0] conn(0x7ff2a8108860 0x7ff2a810ac50 unknown :-1 s=HELLO_CONNECTING pgs=0 cs=0 l=0 rev1=1 crypto rx=0 tx=0 comp rx=0 tx=0).handle_hello peer v2:172.21.15.98:3300/0 says I am v2:172.21.15.98:43230/0 (socket says 172.21.15.98:43230)
2024-05-09T08:41:23.365 INFO:teuthology.orchestra.run.smithi098.stdout:/usr/bin/ceph: stderr
2024-05-09T08:41:22.255+0000 7ff2acada700 1 -- 172.21.15.98:0/1874917436 learned_addr learned my addr 172.21.15.98:0/1874917436 (peer_addr_for_me v2:172.21.15.98:0/0)
2024-05-09T08:41:23.365 INFO:teuthology.orchestra.run.smithi098.stdout:/usr/bin/ceph: stderr
2024-05-09T08:41:22.255+0000 7ff2acada700 1 -- 172.21.15.98:0/1874917436 --> [v2:172.21.15.98:3300/0,v1:172.21.15.98:6789/0] -- mon_subscribe({config=0+,monmap=0+}) -- 0x7ff2a810b190 con 0x7ff2a8108860
2024-05-09T08:41:23.365 INFO:teuthology.orchestra.run.smithi098.stdout:/usr/bin/ceph: stderr
2024-05-09T08:41:22.255+0000 7ff2acada700 1 --2- 172.21.15.98:0/1874917436 >> [v2:172.21.15.98:3300/0,v1:172.21.15.98:6789/0] conn(0x7ff2a8108860 0x7ff2a810ac50 secure :-1 s=READY pgs=72 cs=0 l=1 rev1=1 crypto rx=0x7ff2a40098a0 tx=0x7ff2a4009bb0 comp rx=0 tx=0).ready entity=mon.0 client_cookie=96c6b2ebc300e26c server_cookie=0 in_seq=0 out_seq=0
2024-05-09T08:41:23.365 INFO:teuthology.orchestra.run.smithi098.stdout:/usr/bin/ceph: stderr
2024-05-09T08:41:22.255+0000 7ff29f7fe700 1 -- 172.21.15.98:0/1874917436 <== mon.0 v2:172.21.15.98:3300/0 1 ==== mon_map magic: 0 ==== 205+0+0 (secure 0 0 0) 0x7ff2a4004160 con 0x7ff2a8108860
2024-05-09T08:41:23.365 INFO:teuthology.orchestra.run.smithi098.stdout:/usr/bin/ceph: stderr
2024-05-09T08:41:22.256+0000 7ff29f7fe700 1 -- 172.21.15.98:0/1874917436 <== mon.0 v2:172.21.15.98:3300/0 2 ==== config(27 keys) ==== 1140+0+0 (secure 0 0 0) 0x7ff2a4004300 con 0x7ff2a8108860
2024-05-09T08:41:23.365 INFO:teuthology.orchestra.run.smithi098.stdout:/usr/bin/ceph: stderr
2024-05-09T08:41:22.256+0000 7ff29f7fe700 1 -- 172.21.15.98:0/1874917436 <== mon.0 v2:172.21.15.98:3300/0 3 ==== mon_map magic: 0 ==== 205+0+0 (secure 0 0 0) 0x7ff2a4011b20 con 0x7ff2a8108860
2024-05-09T08:41:23.365 INFO:teuthology.orchestra.run.smithi098.stdout:/usr/bin/ceph: stderr
2024-05-09T08:41:22.256+0000 7ff2aed3e700 1 -- 172.21.15.98:0/1874917436 >> [v2:172.21.15.98:3300/0,v1:172.21.15.98:6789/0] conn(0x7ff2a8108860 msgr2=0x7ff2a810ac50 secure :-1 s=STATE_CONNECTION_ESTABLISHED l=1).mark_down
2024-05-09T08:41:23.365 INFO:teuthology.orchestra.run.smithi098.stdout:/usr/bin/ceph: stderr
2024-05-09T08:41:22.256+0000 7ff2aed3e700 1 --2- 172.21.15.98:0/1874917436 >> [v2:172.21.15.98:3300/0,v1:172.21.15.98:6789/0] conn(0x7ff2a8108860 0x7ff2a810ac50 secure :-1 s=READY pgs=72 cs=0 l=1 rev1=1 crypto rx=0x7ff2a40098a0 tx=0x7ff2a4009bb0 comp rx=0 tx=0).stop
2024-05-09T08:41:23.366 INFO:teuthology.orchestra.run.smithi098.stdout:/usr/bin/ceph: stderr
2024-05-09T08:41:22.256+0000 7ff2aed3e700 1 -- 172.21.15.98:0/1874917436 shutdown_connections
2024-05-09T08:41:23.366 INFO:teuthology.orchestra.run.smithi098.stdout:/usr/bin/ceph: stderr
2024-05-09T08:41:22.256+0000 7ff2aed3e700 1 --2- 172.21.15.98:0/1874917436 >> [v2:172.21.15.98:3300/0,v1:172.21.15.98:6789/0] conn(0x7ff2a8108860 0x7ff2a810ac50 unknown :-1 s=CLOSED pgs=72 cs=0 l=1 rev1=1 crypto rx=0 tx=0 comp rx=0 tx=0).stop
2024-05-09T08:41:23.366 INFO:teuthology.orchestra.run.smithi098.stdout:/usr/bin/ceph: stderr
2024-05-09T08:41:22.256+0000 7ff2aed3e700 1 -- 172.21.15.98:0/1874917436 >> 172.21.15.98:0/1874917436 conn(0x7ff2a8102210 msgr2=0x7ff2a8104690 unknown :-1 s=STATE_NONE l=0).mark_down
2024-05-09T08:41:23.366 INFO:teuthology.orchestra.run.smithi098.stdout:/usr/bin/ceph: stderr
2024-05-09T08:41:22.257+0000 7ff2aed3e700 1 -- 172.21.15.98:0/1874917436 shutdown_connections
2024-05-09T08:41:23.366 INFO:teuthology.orchestra.run.smithi098.stdout:/usr/bin/ceph: stderr
2024-05-09T08:41:22.257+0000 7ff2aed3e700 1 -- 172.21.15.98:0/1874917436 wait complete.
2024-05-09T08:41:23.366 INFO:teuthology.orchestra.run.smithi098.stdout:/usr/bin/ceph: stderr
2024-05-09T08:41:22.257+0000 7ff2aed3e700 1 Processor -- start
2024-05-09T08:41:23.366 INFO:teuthology.orchestra.run.smithi098.stdout:/usr/bin/ceph: stderr
2024-05-09T08:41:22.257+0000 7ff2aed3e700 1 -- start start
2024-05-09T08:41:23.366 INFO:teuthology.orchestra.run.smithi098.stdout:/usr/bin/ceph: stderr
2024-05-09T08:41:22.258+0000 7ff2aed3e700 1 --2- >> [v2:172.21.15.98:3300/0,v1:172.21.15.98:6789/0] conn(0x7ff2a8108860 0x7ff2a819bd10 unknown :-1 s=NONE pgs=0 cs=0 l=1 rev1=0 crypto rx=0 tx=0 comp rx=0 tx=0).connect
2024-05-09T08:41:23.366 INFO:teuthology.orchestra.run.smithi098.stdout:/usr/bin/ceph: stderr
2024-05-09T08:41:22.258+0000 7ff2aed3e700 1 -- --> [v2:172.21.15.98:3300/0,v1:172.21.15.98:6789/0] -- mon_getmap magic: 0 -- 0x7ff2a810c1f0 con 0x7ff2a8108860
2024-05-09T08:41:23.366 INFO:teuthology.orchestra.run.smithi098.stdout:/usr/bin/ceph: stderr
2024-05-09T08:41:22.258+0000 7ff2acada700 1 --2- >> [v2:172.21.15.98:3300/0,v1:172.21.15.98:6789/0] conn(0x7ff2a8108860 0x7ff2a819bd10 unknown :-1 s=BANNER_CONNECTING pgs=0 cs=0 l=1 rev1=0 crypto rx=0 tx=0 comp rx=0 tx=0)._handle_peer_banner_payload supported=3 required=0
2024-05-09T08:41:23.366 INFO:teuthology.orchestra.run.smithi098.stdout:/usr/bin/ceph: stderr
2024-05-09T08:41:22.258+0000 7ff2acada700 1 --2- >> [v2:172.21.15.98:3300/0,v1:172.21.15.98:6789/0] conn(0x7ff2a8108860 0x7ff2a819bd10 unknown :-1 s=HELLO_CONNECTING pgs=0 cs=0 l=1 rev1=1 crypto rx=0 tx=0 comp rx=0 tx=0).handle_hello peer v2:172.21.15.98:3300/0 says I am v2:172.21.15.98:43238/0 (socket says 172.21.15.98:43238)
2024-05-09T08:41:23.366 INFO:teuthology.orchestra.run.smithi098.stdout:/usr/bin/ceph: stderr
2024-05-09T08:41:22.258+0000 7ff2acada700 1 -- 172.21.15.98:0/2112663833 learned_addr learned my addr 172.21.15.98:0/2112663833 (peer_addr_for_me v2:172.21.15.98:0/0)
2024-05-09T08:41:23.366 INFO:teuthology.orchestra.run.smithi098.stdout:/usr/bin/ceph: stderr
2024-05-09T08:41:22.258+0000 7ff2acada700 1 -- 172.21.15.98:0/2112663833 --> [v2:172.21.15.98:3300/0,v1:172.21.15.98:6789/0] -- mon_subscribe({config=0+,monmap=0+}) -- 0x7ff2a819c250 con 0x7ff2a8108860
2024-05-09T08:41:23.367 INFO:teuthology.orchestra.run.smithi098.stdout:/usr/bin/ceph: stderr
2024-05-09T08:41:22.258+0000 7ff2acada700 1 --2- 172.21.15.98:0/2112663833 >> [v2:172.21.15.98:3300/0,v1:172.21.15.98:6789/0] conn(0x7ff2a8108860 0x7ff2a819bd10 secure :-1 s=READY pgs=73 cs=0 l=1 rev1=1 crypto rx=0x7ff2a40117e0 tx=0x7ff2a4011c10 comp rx=0 tx=0).ready entity=mon.0 client_cookie=0 server_cookie=0 in_seq=0 out_seq=0
2024-05-09T08:41:23.367 INFO:teuthology.orchestra.run.smithi098.stdout:/usr/bin/ceph: stderr
2024-05-09T08:41:22.258+0000 7ff29dffb700 1 -- 172.21.15.98:0/2112663833 <== mon.0 v2:172.21.15.98:3300/0 1 ==== mon_map magic: 0 ==== 205+0+0 (secure 0 0 0) 0x7ff2a4003bf0 con 0x7ff2a8108860
2024-05-09T08:41:23.367 INFO:teuthology.orchestra.run.smithi098.stdout:/usr/bin/ceph: stderr
2024-05-09T08:41:22.258+0000 7ff29dffb700 1 -- 172.21.15.98:0/2112663833 <== mon.0 v2:172.21.15.98:3300/0 2 ==== config(27 keys) ==== 1140+0+0 (secure 0 0 0) 0x7ff2a401a910 con 0x7ff2a8108860
2024-05-09T08:41:23.367 INFO:teuthology.orchestra.run.smithi098.stdout:/usr/bin/ceph: stderr
2024-05-09T08:41:22.258+0000 7ff2aed3e700 1 -- 172.21.15.98:0/2112663833 --> [v2:172.21.15.98:3300/0,v1:172.21.15.98:6789/0] -- mon_subscribe({mgrmap=0+}) -- 0x7ff2a819c4e0 con 0x7ff2a8108860
2024-05-09T08:41:23.367 INFO:teuthology.orchestra.run.smithi098.stdout:/usr/bin/ceph: stderr
2024-05-09T08:41:22.258+0000 7ff29dffb700 1 -- 172.21.15.98:0/2112663833 <== mon.0 v2:172.21.15.98:3300/0 3 ==== mon_map magic: 0 ==== 205+0+0 (secure 0 0 0) 0x7ff2a4024970 con 0x7ff2a8108860
2024-05-09T08:41:23.367 INFO:teuthology.orchestra.run.smithi098.stdout:/usr/bin/ceph: stderr
2024-05-09T08:41:22.259+0000 7ff2aed3e700 1 -- 172.21.15.98:0/2112663833 --> [v2:172.21.15.98:3300/0,v1:172.21.15.98:6789/0] -- mon_subscribe({osdmap=0}) -- 0x7ff2a819c940 con 0x7ff2a8108860
2024-05-09T08:41:23.367 INFO:teuthology.orchestra.run.smithi098.stdout:/usr/bin/ceph: stderr
2024-05-09T08:41:22.259+0000 7ff29dffb700 1 -- 172.21.15.98:0/2112663833 <== mon.0 v2:172.21.15.98:3300/0 4 ==== mgrmap(e 12) ==== 46300+0+0 (secure 0 0 0) 0x7ff2a4022020 con 0x7ff2a8108860
2024-05-09T08:41:23.367 INFO:teuthology.orchestra.run.smithi098.stdout:/usr/bin/ceph: stderr
2024-05-09T08:41:22.260+0000 7ff29dffb700 1 --2- 172.21.15.98:0/2112663833 >> [v2:172.21.15.98:6800/1228297308,v1:172.21.15.98:6801/1228297308] conn(0x7ff290039050 0x7ff29003b510 unknown :-1 s=NONE pgs=0 cs=0 l=1 rev1=0 crypto rx=0 tx=0 comp rx=0 tx=0).connect
2024-05-09T08:41:23.367 INFO:teuthology.orchestra.run.smithi098.stdout:/usr/bin/ceph: stderr
2024-05-09T08:41:22.260+0000 7ff29dffb700 1 -- 172.21.15.98:0/2112663833 <== mon.0 v2:172.21.15.98:3300/0 5 ==== osd_map(3..3 src has 1..3) ==== 1155+0+0 (secure 0 0 0) 0x7ff2a404d4e0 con 0x7ff2a8108860
2024-05-09T08:41:23.367 INFO:teuthology.orchestra.run.smithi098.stdout:/usr/bin/ceph: stderr
2024-05-09T08:41:22.260+0000 7ff29ffff700 1 --2- 172.21.15.98:0/2112663833 >> [v2:172.21.15.98:6800/1228297308,v1:172.21.15.98:6801/1228297308] conn(0x7ff290039050 0x7ff29003b510 unknown :-1 s=BANNER_CONNECTING pgs=0 cs=0 l=1 rev1=0 crypto rx=0 tx=0 comp rx=0 tx=0)._handle_peer_banner_payload supported=3 required=0
2024-05-09T08:41:23.367 INFO:teuthology.orchestra.run.smithi098.stdout:/usr/bin/ceph: stderr
2024-05-09T08:41:22.260+0000 7ff2aed3e700 1 -- 172.21.15.98:0/2112663833 --> [v2:172.21.15.98:3300/0,v1:172.21.15.98:6789/0] -- mon_command({"prefix": "get_command_descriptions"} v 0) -- 0x7ff2a8063980 con 0x7ff2a8108860
2024-05-09T08:41:23.367 INFO:teuthology.orchestra.run.smithi098.stdout:/usr/bin/ceph: stderr
2024-05-09T08:41:22.260+0000 7ff29ffff700 1 --2- 172.21.15.98:0/2112663833 >> [v2:172.21.15.98:6800/1228297308,v1:172.21.15.98:6801/1228297308] conn(0x7ff290039050 0x7ff29003b510 secure :-1 s=READY pgs=9 cs=0 l=1 rev1=1 crypto rx=0x7ff298006fd0 tx=0x7ff298006e40 comp rx=0 tx=0).ready entity=mgr.14150 client_cookie=0 server_cookie=0 in_seq=0 out_seq=0
2024-05-09T08:41:23.367 INFO:teuthology.orchestra.run.smithi098.stdout:/usr/bin/ceph: stderr
2024-05-09T08:41:22.265+0000 7ff29dffb700 1 -- 172.21.15.98:0/2112663833 <== mon.0 v2:172.21.15.98:3300/0 6 ==== mon_command_ack([{"prefix": "get_command_descriptions"}]=0 v0) ==== 72+0+186147 (secure 0 0 0) 0x7ff2a4011e20 con 0x7ff2a8108860
2024-05-09T08:41:23.368 INFO:teuthology.orchestra.run.smithi098.stdout:/usr/bin/ceph: stderr
2024-05-09T08:41:22.478+0000 7ff2aed3e700 1 -- 172.21.15.98:0/2112663833 --> [v2:172.21.15.98:3300/0,v1:172.21.15.98:6789/0] -- mon_command({"prefix": "config get", "who": "mgr", "key": "mgr/dashboard/ssl_server_port"} v 0) -- 0x7ff2a819f1c0 con 0x7ff2a8108860
2024-05-09T08:41:23.368 INFO:teuthology.orchestra.run.smithi098.stdout:/usr/bin/ceph: stderr
2024-05-09T08:41:22.479+0000 7ff29dffb700 1 -- 172.21.15.98:0/2112663833 <== mon.0 v2:172.21.15.98:3300/0 7 ==== mon_command_ack([{"prefix": "config get", "who": "mgr", "key": "mgr/dashboard/ssl_server_port"}]=0 v8) ==== 112+0+5 (secure 0 0 0) 0x7ff2a402c350 con 0x7ff2a8108860
2024-05-09T08:41:23.368 INFO:teuthology.orchestra.run.smithi098.stdout:/usr/bin/ceph: stderr
2024-05-09T08:41:22.481+0000 7ff2aed3e700 1 -- 172.21.15.98:0/2112663833 >> [v2:172.21.15.98:6800/1228297308,v1:172.21.15.98:6801/1228297308] conn(0x7ff290039050 msgr2=0x7ff29003b510 secure :-1 s=STATE_CONNECTION_ESTABLISHED l=1).mark_down
2024-05-09T08:41:23.368 INFO:teuthology.orchestra.run.smithi098.stdout:/usr/bin/ceph: stderr
2024-05-09T08:41:22.481+0000 7ff2aed3e700 1 --2- 172.21.15.98:0/2112663833 >> [v2:172.21.15.98:6800/1228297308,v1:172.21.15.98:6801/1228297308] conn(0x7ff290039050 0x7ff29003b510 secure :-1 s=READY pgs=9 cs=0 l=1 rev1=1 crypto rx=0x7ff298006fd0 tx=0x7ff298006e40 comp rx=0 tx=0).stop
2024-05-09T08:41:23.368 INFO:teuthology.orchestra.run.smithi098.stdout:/usr/bin/ceph: stderr
2024-05-09T08:41:22.481+0000 7ff2aed3e700 1 -- 172.21.15.98:0/2112663833 >> [v2:172.21.15.98:3300/0,v1:172.21.15.98:6789/0] conn(0x7ff2a8108860 msgr2=0x7ff2a819bd10 secure :-1 s=STATE_CONNECTION_ESTABLISHED l=1).mark_down
2024-05-09T08:41:23.368 INFO:teuthology.orchestra.run.smithi098.stdout:/usr/bin/ceph: stderr
2024-05-09T08:41:22.481+0000 7ff2aed3e700 1 --2- 172.21.15.98:0/2112663833 >> [v2:172.21.15.98:3300/0,v1:172.21.15.98:6789/0] conn(0x7ff2a8108860 0x7ff2a819bd10 secure :-1 s=READY pgs=73 cs=0 l=1 rev1=1 crypto rx=0x7ff2a40117e0 tx=0x7ff2a4011c10 comp rx=0 tx=0).stop
2024-05-09T08:41:23.368 INFO:teuthology.orchestra.run.smithi098.stdout:/usr/bin/ceph: stderr
2024-05-09T08:41:22.481+0000 7ff2aed3e700 1 -- 172.21.15.98:0/2112663833 shutdown_connections
2024-05-09T08:41:23.368 INFO:teuthology.orchestra.run.smithi098.stdout:/usr/bin/ceph: stderr
2024-05-09T08:41:22.481+0000 7ff2aed3e700 1 --2- 172.21.15.98:0/2112663833 >> [v2:172.21.15.98:6800/1228297308,v1:172.21.15.98:6801/1228297308] conn(0x7ff290039050 0x7ff29003b510 unknown :-1 s=CLOSED pgs=9 cs=0 l=1 rev1=1 crypto rx=0 tx=0 comp rx=0 tx=0).stop
2024-05-09T08:41:23.368 INFO:teuthology.orchestra.run.smithi098.stdout:/usr/bin/ceph: stderr
2024-05-09T08:41:22.481+0000 7ff2aed3e700 1 --2- 172.21.15.98:0/2112663833 >> [v2:172.21.15.98:3300/0,v1:172.21.15.98:6789/0] conn(0x7ff2a8108860 0x7ff2a819bd10 unknown :-1 s=CLOSED pgs=73 cs=0 l=1 rev1=1 crypto rx=0 tx=0 comp rx=0 tx=0).stop
2024-05-09T08:41:23.368 INFO:teuthology.orchestra.run.smithi098.stdout:/usr/bin/ceph: stderr
2024-05-09T08:41:22.481+0000 7ff2aed3e700 1 -- 172.21.15.98:0/2112663833 >> 172.21.15.98:0/2112663833 conn(0x7ff2a8102210 msgr2=0x7ff2a8102d40 unknown :-1 s=STATE_NONE l=0).mark_down
2024-05-09T08:41:23.368 INFO:teuthology.orchestra.run.smithi098.stdout:/usr/bin/ceph: stderr
2024-05-09T08:41:22.481+0000 7ff2aed3e700 1 -- 172.21.15.98:0/2112663833 shutdown_connections
2024-05-09T08:41:23.368 INFO:teuthology.orchestra.run.smithi098.stdout:/usr/bin/ceph: stderr
2024-05-09T08:41:22.481+0000 7ff2aed3e700 1 -- 172.21.15.98:0/2112663833 wait complete.
2024-05-09T08:41:23.372 INFO:teuthology.orchestra.run.smithi098.stdout:Non-zero exit code 1 from systemctl is-enabled firewalld.service
2024-05-09T08:41:23.372 INFO:teuthology.orchestra.run.smithi098.stdout:systemctl: stdout disabled
2024-05-09T08:41:23.381 INFO:teuthology.orchestra.run.smithi098.stdout:Non-zero exit code 3 from systemctl is-active firewalld.service
2024-05-09T08:41:23.381 INFO:teuthology.orchestra.run.smithi098.stdout:systemctl: stdout inactive
2024-05-09T08:41:23.381 INFO:teuthology.orchestra.run.smithi098.stdout:firewalld.service is not enabled
2024-05-09T08:41:23.381 INFO:teuthology.orchestra.run.smithi098.stdout:Not possible to open ports <[8443]>. firewalld.service is not available
2024-05-09T08:41:23.383 INFO:teuthology.orchestra.run.smithi098.stdout:Ceph Dashboard is now available at:
2024-05-09T08:41:23.383 INFO:teuthology.orchestra.run.smithi098.stdout:
2024-05-09T08:41:23.383 INFO:teuthology.orchestra.run.smithi098.stdout: URL: https://smithi098.front.sepia.ceph.com:8443/
2024-05-09T08:41:23.383 INFO:teuthology.orchestra.run.smithi098.stdout: User: admin
2024-05-09T08:41:23.383 INFO:teuthology.orchestra.run.smithi098.stdout: Password: tkctwgemis
2024-05-09T08:41:23.383 INFO:teuthology.orchestra.run.smithi098.stdout:
2024-05-09T08:41:23.384 INFO:teuthology.orchestra.run.smithi098.stdout:Saving cluster configuration to /var/lib/ceph/a57d9712-0ddf-11ef-bc98-c7b262605968/config directory
2024-05-09T08:41:23.384 INFO:teuthology.orchestra.run.smithi098.stdout:Enabling autotune for osd_memory_target
2024-05-09T08:41:23.509 INFO:journalctl@ceph.mon.a.smithi098.stdout:May 09 08:41:23 smithi098 ceph-mon[30092]: from='client.? 172.21.15.98:0/2112663833' entity='client.admin' cmd=[{"prefix": "config get", "who": "mgr", "key": "mgr/dashboard/ssl_server_port"}]: dispatch
2024-05-09T08:41:24.518 INFO:journalctl@ceph.mon.a.smithi098.stdout:May 09 08:41:24 smithi098 ceph-mon[30092]: mgrmap e13: x(active, since 6s)
2024-05-09T08:41:24.638 INFO:teuthology.orchestra.run.smithi098.stdout:/usr/bin/ceph: stderr
2024-05-09T08:41:23.796+0000 7fcce322f700 1 Processor -- start
2024-05-09T08:41:24.638 INFO:teuthology.orchestra.run.smithi098.stdout:/usr/bin/ceph: stderr
2024-05-09T08:41:23.796+0000 7fcce322f700 1 -- start start
2024-05-09T08:41:24.638 INFO:teuthology.orchestra.run.smithi098.stdout:/usr/bin/ceph: stderr
2024-05-09T08:41:23.796+0000 7fcce322f700 1 --2- >> [v2:172.21.15.98:3300/0,v1:172.21.15.98:6789/0] conn(0x7fccdc108820 0x7fccdc10ac10 unknown :-1 s=NONE pgs=0 cs=0 l=0 rev1=0 crypto rx=0 tx=0 comp rx=0 tx=0).connect
2024-05-09T08:41:24.638 INFO:teuthology.orchestra.run.smithi098.stdout:/usr/bin/ceph: stderr
2024-05-09T08:41:23.796+0000 7fcce322f700 1 -- --> [v2:172.21.15.98:3300/0,v1:172.21.15.98:6789/0] -- mon_getmap magic: 0 -- 0x7fccdc07bed0 con 0x7fccdc108820
2024-05-09T08:41:24.638 INFO:teuthology.orchestra.run.smithi098.stdout:/usr/bin/ceph: stderr
2024-05-09T08:41:23.797+0000 7fcce0fcb700 1 --2- >> [v2:172.21.15.98:3300/0,v1:172.21.15.98:6789/0] conn(0x7fccdc108820 0x7fccdc10ac10 unknown :-1 s=BANNER_CONNECTING pgs=0 cs=0 l=0 rev1=0 crypto rx=0 tx=0 comp rx=0 tx=0)._handle_peer_banner_payload supported=3 required=0
2024-05-09T08:41:24.639 INFO:teuthology.orchestra.run.smithi098.stdout:/usr/bin/ceph: stderr
2024-05-09T08:41:23.797+0000 7fcce0fcb700 1 --2- >> [v2:172.21.15.98:3300/0,v1:172.21.15.98:6789/0] conn(0x7fccdc108820 0x7fccdc10ac10 unknown :-1 s=HELLO_CONNECTING pgs=0 cs=0 l=0 rev1=1 crypto rx=0 tx=0 comp rx=0 tx=0).handle_hello peer v2:172.21.15.98:3300/0 says I am v2:172.21.15.98:43244/0 (socket says 172.21.15.98:43244)
2024-05-09T08:41:24.639 INFO:teuthology.orchestra.run.smithi098.stdout:/usr/bin/ceph: stderr
2024-05-09T08:41:23.797+0000 7fcce0fcb700 1 -- 172.21.15.98:0/874336363 learned_addr learned my addr 172.21.15.98:0/874336363 (peer_addr_for_me v2:172.21.15.98:0/0)
2024-05-09T08:41:24.639 INFO:teuthology.orchestra.run.smithi098.stdout:/usr/bin/ceph: stderr
2024-05-09T08:41:23.797+0000 7fcce0fcb700 1 -- 172.21.15.98:0/874336363 --> [v2:172.21.15.98:3300/0,v1:172.21.15.98:6789/0] -- mon_subscribe({config=0+,monmap=0+}) -- 0x7fccdc10b150 con 0x7fccdc108820
2024-05-09T08:41:24.639 INFO:teuthology.orchestra.run.smithi098.stdout:/usr/bin/ceph: stderr
2024-05-09T08:41:23.797+0000 7fcce0fcb700 1 --2- 172.21.15.98:0/874336363 >> [v2:172.21.15.98:3300/0,v1:172.21.15.98:6789/0] conn(0x7fccdc108820 0x7fccdc10ac10 secure :-1 s=READY pgs=74 cs=0 l=1 rev1=1 crypto rx=0x7fccd00098a0 tx=0x7fccd0009bb0 comp rx=0 tx=0).ready entity=mon.0 client_cookie=f20f9bc8f53ead88 server_cookie=0 in_seq=0 out_seq=0
2024-05-09T08:41:24.639 INFO:teuthology.orchestra.run.smithi098.stdout:/usr/bin/ceph: stderr
2024-05-09T08:41:23.797+0000 7fccdb7fe700 1 -- 172.21.15.98:0/874336363 <== mon.0 v2:172.21.15.98:3300/0 1 ==== mon_map magic: 0 ==== 205+0+0 (secure 0 0 0) 0x7fccd0004160 con 0x7fccdc108820
2024-05-09T08:41:24.639 INFO:teuthology.orchestra.run.smithi098.stdout:/usr/bin/ceph: stderr
2024-05-09T08:41:23.797+0000 7fccdb7fe700 1 -- 172.21.15.98:0/874336363 <== mon.0 v2:172.21.15.98:3300/0 2 ==== config(27 keys) ==== 1140+0+0 (secure 0 0 0) 0x7fccd0004300 con 0x7fccdc108820
2024-05-09T08:41:24.639 INFO:teuthology.orchestra.run.smithi098.stdout:/usr/bin/ceph: stderr
2024-05-09T08:41:23.797+0000 7fccdb7fe700 1 -- 172.21.15.98:0/874336363 <== mon.0 v2:172.21.15.98:3300/0 3 ==== mon_map magic: 0 ==== 205+0+0 (secure 0 0 0) 0x7fccd0011b20 con 0x7fccdc108820
2024-05-09T08:41:24.639 INFO:teuthology.orchestra.run.smithi098.stdout:/usr/bin/ceph: stderr
2024-05-09T08:41:23.798+0000 7fcce322f700 1 -- 172.21.15.98:0/874336363 >> [v2:172.21.15.98:3300/0,v1:172.21.15.98:6789/0] conn(0x7fccdc108820 msgr2=0x7fccdc10ac10 secure :-1 s=STATE_CONNECTION_ESTABLISHED l=1).mark_down
2024-05-09T08:41:24.639 INFO:teuthology.orchestra.run.smithi098.stdout:/usr/bin/ceph: stderr
2024-05-09T08:41:23.798+0000 7fcce322f700 1 --2- 172.21.15.98:0/874336363 >> [v2:172.21.15.98:3300/0,v1:172.21.15.98:6789/0] conn(0x7fccdc108820 0x7fccdc10ac10 secure :-1 s=READY pgs=74 cs=0 l=1 rev1=1 crypto rx=0x7fccd00098a0 tx=0x7fccd0009bb0 comp rx=0 tx=0).stop
2024-05-09T08:41:24.639 INFO:teuthology.orchestra.run.smithi098.stdout:/usr/bin/ceph: stderr
2024-05-09T08:41:23.798+0000 7fcce322f700 1 -- 172.21.15.98:0/874336363 shutdown_connections
2024-05-09T08:41:24.639 INFO:teuthology.orchestra.run.smithi098.stdout:/usr/bin/ceph: stderr
2024-05-09T08:41:23.798+0000 7fcce322f700 1 --2- 172.21.15.98:0/874336363 >> [v2:172.21.15.98:3300/0,v1:172.21.15.98:6789/0] conn(0x7fccdc108820 0x7fccdc10ac10 unknown :-1 s=CLOSED pgs=74 cs=0 l=1 rev1=1 crypto rx=0 tx=0 comp rx=0 tx=0).stop
2024-05-09T08:41:24.639 INFO:teuthology.orchestra.run.smithi098.stdout:/usr/bin/ceph: stderr
2024-05-09T08:41:23.798+0000 7fcce322f700 1 -- 172.21.15.98:0/874336363 >> 172.21.15.98:0/874336363 conn(0x7fccdc102210 msgr2=0x7fccdc104690 unknown :-1 s=STATE_NONE l=0).mark_down
2024-05-09T08:41:24.639 INFO:teuthology.orchestra.run.smithi098.stdout:/usr/bin/ceph: stderr
2024-05-09T08:41:23.798+0000 7fcce322f700 1 -- 172.21.15.98:0/874336363 shutdown_connections
2024-05-09T08:41:24.639 INFO:teuthology.orchestra.run.smithi098.stdout:/usr/bin/ceph: stderr
2024-05-09T08:41:23.798+0000 7fcce322f700 1 -- 172.21.15.98:0/874336363 wait complete.
2024-05-09T08:41:24.640 INFO:teuthology.orchestra.run.smithi098.stdout:/usr/bin/ceph: stderr
2024-05-09T08:41:23.799+0000 7fcce322f700 1 Processor -- start
2024-05-09T08:41:24.640 INFO:teuthology.orchestra.run.smithi098.stdout:/usr/bin/ceph: stderr
2024-05-09T08:41:23.799+0000 7fcce322f700 1 -- start start
2024-05-09T08:41:24.641 INFO:teuthology.orchestra.run.smithi098.stdout:/usr/bin/ceph: stderr
2024-05-09T08:41:23.799+0000 7fcce322f700 1 --2- >> [v2:172.21.15.98:3300/0,v1:172.21.15.98:6789/0] conn(0x7fccdc108820 0x7fccdc19bd20 unknown :-1 s=NONE pgs=0 cs=0 l=1 rev1=0 crypto rx=0 tx=0 comp rx=0 tx=0).connect
2024-05-09T08:41:24.641 INFO:teuthology.orchestra.run.smithi098.stdout:/usr/bin/ceph: stderr
2024-05-09T08:41:23.799+0000 7fcce322f700 1 -- --> [v2:172.21.15.98:3300/0,v1:172.21.15.98:6789/0] -- mon_getmap magic: 0 -- 0x7fccdc10c1c0 con 0x7fccdc108820
2024-05-09T08:41:24.641 INFO:teuthology.orchestra.run.smithi098.stdout:/usr/bin/ceph: stderr
2024-05-09T08:41:23.799+0000 7fcce0fcb700 1 --2- >> [v2:172.21.15.98:3300/0,v1:172.21.15.98:6789/0] conn(0x7fccdc108820 0x7fccdc19bd20 unknown :-1 s=BANNER_CONNECTING pgs=0 cs=0 l=1 rev1=0 crypto rx=0 tx=0 comp rx=0 tx=0)._handle_peer_banner_payload supported=3 required=0
2024-05-09T08:41:24.641 INFO:teuthology.orchestra.run.smithi098.stdout:/usr/bin/ceph: stderr
2024-05-09T08:41:23.799+0000 7fcce0fcb700 1 --2- >> [v2:172.21.15.98:3300/0,v1:172.21.15.98:6789/0] conn(0x7fccdc108820 0x7fccdc19bd20 unknown :-1 s=HELLO_CONNECTING pgs=0 cs=0 l=1 rev1=1 crypto rx=0 tx=0 comp rx=0 tx=0).handle_hello peer v2:172.21.15.98:3300/0 says I am v2:172.21.15.98:43260/0 (socket says 172.21.15.98:43260)
2024-05-09T08:41:24.641 INFO:teuthology.orchestra.run.smithi098.stdout:/usr/bin/ceph: stderr
2024-05-09T08:41:23.799+0000 7fcce0fcb700 1 -- 172.21.15.98:0/963316807 learned_addr learned my addr 172.21.15.98:0/963316807 (peer_addr_for_me v2:172.21.15.98:0/0)
2024-05-09T08:41:24.641 INFO:teuthology.orchestra.run.smithi098.stdout:/usr/bin/ceph: stderr
2024-05-09T08:41:23.799+0000 7fcce0fcb700 1 -- 172.21.15.98:0/963316807 --> [v2:172.21.15.98:3300/0,v1:172.21.15.98:6789/0] -- mon_subscribe({config=0+,monmap=0+}) -- 0x7fccdc19c260 con 0x7fccdc108820
2024-05-09T08:41:24.642 INFO:teuthology.orchestra.run.smithi098.stdout:/usr/bin/ceph: stderr
2024-05-09T08:41:23.799+0000 7fcce0fcb700 1 --2- 172.21.15.98:0/963316807 >> [v2:172.21.15.98:3300/0,v1:172.21.15.98:6789/0] conn(0x7fccdc108820 0x7fccdc19bd20 secure :-1 s=READY pgs=75 cs=0 l=1 rev1=1 crypto rx=0x7fccd00117e0 tx=0x7fccd0011ba0 comp rx=0 tx=0).ready entity=mon.0 client_cookie=0 server_cookie=0 in_seq=0 out_seq=0
2024-05-09T08:41:24.642 INFO:teuthology.orchestra.run.smithi098.stdout:/usr/bin/ceph: stderr
2024-05-09T08:41:23.799+0000 7fccd9ffb700 1 -- 172.21.15.98:0/963316807 <== mon.0 v2:172.21.15.98:3300/0 1 ==== mon_map magic: 0 ==== 205+0+0 (secure 0 0 0) 0x7fccd0003ba0 con 0x7fccdc108820
2024-05-09T08:41:24.642 INFO:teuthology.orchestra.run.smithi098.stdout:/usr/bin/ceph: stderr
2024-05-09T08:41:23.799+0000 7fccd9ffb700 1 -- 172.21.15.98:0/963316807 <== mon.0 v2:172.21.15.98:3300/0 2 ==== config(27 keys) ==== 1140+0+0 (secure 0 0 0) 0x7fccd001a910 con 0x7fccdc108820
2024-05-09T08:41:24.642 INFO:teuthology.orchestra.run.smithi098.stdout:/usr/bin/ceph: stderr
2024-05-09T08:41:23.799+0000 7fcce322f700 1 -- 172.21.15.98:0/963316807 --> [v2:172.21.15.98:3300/0,v1:172.21.15.98:6789/0] -- mon_subscribe({mgrmap=0+}) -- 0x7fccdc19c4f0 con 0x7fccdc108820
2024-05-09T08:41:24.642 INFO:teuthology.orchestra.run.smithi098.stdout:/usr/bin/ceph: stderr
2024-05-09T08:41:23.799+0000 7fccd9ffb700 1 -- 172.21.15.98:0/963316807 <== mon.0 v2:172.21.15.98:3300/0 3 ==== mon_map magic: 0 ==== 205+0+0 (secure 0 0 0) 0x7fccd00248f0 con 0x7fccdc108820
2024-05-09T08:41:24.642 INFO:teuthology.orchestra.run.smithi098.stdout:/usr/bin/ceph: stderr
2024-05-09T08:41:23.800+0000 7fcce322f700 1 -- 172.21.15.98:0/963316807 --> [v2:172.21.15.98:3300/0,v1:172.21.15.98:6789/0] -- mon_subscribe({osdmap=0}) -- 0x7fccdc19c950 con 0x7fccdc108820
2024-05-09T08:41:24.642 INFO:teuthology.orchestra.run.smithi098.stdout:/usr/bin/ceph: stderr
2024-05-09T08:41:23.800+0000 7fccd9ffb700 1 -- 172.21.15.98:0/963316807 <== mon.0 v2:172.21.15.98:3300/0 4 ==== mgrmap(e 13) ==== 46343+0+0 (secure 0 0 0) 0x7fccd0022020 con 0x7fccdc108820
2024-05-09T08:41:24.642 INFO:teuthology.orchestra.run.smithi098.stdout:/usr/bin/ceph: stderr
2024-05-09T08:41:23.801+0000 7fcce322f700 1 -- 172.21.15.98:0/963316807 --> [v2:172.21.15.98:3300/0,v1:172.21.15.98:6789/0] -- mon_command({"prefix": "get_command_descriptions"} v 0) -- 0x7fccdc063980 con 0x7fccdc108820
2024-05-09T08:41:24.642 INFO:teuthology.orchestra.run.smithi098.stdout:/usr/bin/ceph: stderr
2024-05-09T08:41:23.801+0000 7fccd9ffb700 1 --2- 172.21.15.98:0/963316807 >> [v2:172.21.15.98:6800/1228297308,v1:172.21.15.98:6801/1228297308] conn(0x7fcccc0391a0 0x7fcccc03b660 unknown :-1 s=NONE pgs=0 cs=0 l=1 rev1=0 crypto rx=0 tx=0 comp rx=0 tx=0).connect
2024-05-09T08:41:24.642 INFO:teuthology.orchestra.run.smithi098.stdout:/usr/bin/ceph: stderr
2024-05-09T08:41:23.801+0000 7fccd9ffb700 1 -- 172.21.15.98:0/963316807 <== mon.0 v2:172.21.15.98:3300/0 5 ==== osd_map(3..3 src has 1..3) ==== 1155+0+0 (secure 0 0 0) 0x7fccd004d890 con 0x7fccdc108820
2024-05-09T08:41:24.642 INFO:teuthology.orchestra.run.smithi098.stdout:/usr/bin/ceph: stderr
2024-05-09T08:41:23.801+0000 7fccdbfff700 1 --2- 172.21.15.98:0/963316807 >> [v2:172.21.15.98:6800/1228297308,v1:172.21.15.98:6801/1228297308] conn(0x7fcccc0391a0 0x7fcccc03b660 unknown :-1 s=BANNER_CONNECTING pgs=0 cs=0 l=1 rev1=0 crypto rx=0 tx=0 comp rx=0 tx=0)._handle_peer_banner_payload supported=3 required=0
2024-05-09T08:41:24.642 INFO:teuthology.orchestra.run.smithi098.stdout:/usr/bin/ceph: stderr
2024-05-09T08:41:23.801+0000 7fccdbfff700 1 --2- 172.21.15.98:0/963316807 >> [v2:172.21.15.98:6800/1228297308,v1:172.21.15.98:6801/1228297308] conn(0x7fcccc0391a0 0x7fcccc03b660 secure :-1 s=READY pgs=10 cs=0 l=1 rev1=1 crypto rx=0x7fccc8006fd0 tx=0x7fccc8006e40 comp rx=0 tx=0).ready entity=mgr.14150 client_cookie=0 server_cookie=0 in_seq=0 out_seq=0
2024-05-09T08:41:24.642 INFO:teuthology.orchestra.run.smithi098.stdout:/usr/bin/ceph: stderr
2024-05-09T08:41:23.806+0000 7fccd9ffb700 1 -- 172.21.15.98:0/963316807 <== mon.0 v2:172.21.15.98:3300/0 6 ==== mon_command_ack([{"prefix": "get_command_descriptions"}]=0 v0) ==== 72+0+186147 (secure 0 0 0) 0x7fccd001ab30 con 0x7fccdc108820
2024-05-09T08:41:24.643 INFO:teuthology.orchestra.run.smithi098.stdout:/usr/bin/ceph: stderr
2024-05-09T08:41:24.000+0000 7fcce322f700 1 -- 172.21.15.98:0/963316807 --> [v2:172.21.15.98:3300/0,v1:172.21.15.98:6789/0] -- mon_command([{prefix=config set, name=osd_memory_target_autotune}] v 0) -- 0x7fccdc19f3b0 con 0x7fccdc108820
2024-05-09T08:41:24.643 INFO:teuthology.orchestra.run.smithi098.stdout:/usr/bin/ceph: stderr
2024-05-09T08:41:24.000+0000 7fccd9ffb700 1 -- 172.21.15.98:0/963316807 <== mon.0 v2:172.21.15.98:3300/0 7 ==== mon_command_ack([{prefix=config set, name=osd_memory_target_autotune}]=0 v8)=0 v8) ==== 127+0+0 (secure 0 0 0) 0x7fccd000b5a0 con 0x7fccdc108820
2024-05-09T08:41:24.643 INFO:teuthology.orchestra.run.smithi098.stdout:/usr/bin/ceph: stderr
2024-05-09T08:41:24.002+0000 7fcce322f700 1 -- 172.21.15.98:0/963316807 >> [v2:172.21.15.98:6800/1228297308,v1:172.21.15.98:6801/1228297308] conn(0x7fcccc0391a0 msgr2=0x7fcccc03b660 secure :-1 s=STATE_CONNECTION_ESTABLISHED l=1).mark_down
2024-05-09T08:41:24.643 INFO:teuthology.orchestra.run.smithi098.stdout:/usr/bin/ceph: stderr
2024-05-09T08:41:24.002+0000 7fcce322f700 1 --2- 172.21.15.98:0/963316807 >> [v2:172.21.15.98:6800/1228297308,v1:172.21.15.98:6801/1228297308] conn(0x7fcccc0391a0 0x7fcccc03b660 secure :-1 s=READY pgs=10 cs=0 l=1 rev1=1 crypto rx=0x7fccc8006fd0 tx=0x7fccc8006e40 comp rx=0 tx=0).stop
2024-05-09T08:41:24.643 INFO:teuthology.orchestra.run.smithi098.stdout:/usr/bin/ceph: stderr
2024-05-09T08:41:24.002+0000 7fcce322f700 1 -- 172.21.15.98:0/963316807 >> [v2:172.21.15.98:3300/0,v1:172.21.15.98:6789/0] conn(0x7fccdc108820 msgr2=0x7fccdc19bd20 secure :-1 s=STATE_CONNECTION_ESTABLISHED l=1).mark_down
2024-05-09T08:41:24.643 INFO:teuthology.orchestra.run.smithi098.stdout:/usr/bin/ceph: stderr
2024-05-09T08:41:24.002+0000 7fcce322f700 1 --2- 172.21.15.98:0/963316807 >> [v2:172.21.15.98:3300/0,v1:172.21.15.98:6789/0] conn(0x7fccdc108820 0x7fccdc19bd20 secure :-1 s=READY pgs=75 cs=0 l=1 rev1=1 crypto rx=0x7fccd00117e0 tx=0x7fccd0011ba0 comp rx=0 tx=0).stop
2024-05-09T08:41:24.643 INFO:teuthology.orchestra.run.smithi098.stdout:/usr/bin/ceph: stderr
2024-05-09T08:41:24.003+0000 7fcce322f700 1 -- 172.21.15.98:0/963316807 shutdown_connections
2024-05-09T08:41:24.643 INFO:teuthology.orchestra.run.smithi098.stdout:/usr/bin/ceph: stderr
2024-05-09T08:41:24.003+0000 7fcce322f700 1 --2- 172.21.15.98:0/963316807 >> [v2:172.21.15.98:6800/1228297308,v1:172.21.15.98:6801/1228297308] conn(0x7fcccc0391a0 0x7fcccc03b660 unknown :-1 s=CLOSED pgs=10 cs=0 l=1 rev1=1 crypto rx=0 tx=0 comp rx=0 tx=0).stop
2024-05-09T08:41:24.643 INFO:teuthology.orchestra.run.smithi098.stdout:/usr/bin/ceph: stderr
2024-05-09T08:41:24.003+0000 7fcce322f700 1 --2- 172.21.15.98:0/963316807 >> [v2:172.21.15.98:3300/0,v1:172.21.15.98:6789/0] conn(0x7fccdc108820 0x7fccdc19bd20 unknown :-1 s=CLOSED pgs=75 cs=0 l=1 rev1=1 crypto rx=0 tx=0 comp rx=0 tx=0).stop
2024-05-09T08:41:24.643 INFO:teuthology.orchestra.run.smithi098.stdout:/usr/bin/ceph: stderr
2024-05-09T08:41:24.003+0000 7fcce322f700 1 -- 172.21.15.98:0/963316807 >> 172.21.15.98:0/963316807 conn(0x7fccdc102210 msgr2=0x7fccdc102d90 unknown :-1 s=STATE_NONE l=0).mark_down
2024-05-09T08:41:24.643 INFO:teuthology.orchestra.run.smithi098.stdout:/usr/bin/ceph: stderr
2024-05-09T08:41:24.003+0000 7fcce322f700 1 -- 172.21.15.98:0/963316807 shutdown_connections
2024-05-09T08:41:24.643 INFO:teuthology.orchestra.run.smithi098.stdout:/usr/bin/ceph: stderr
2024-05-09T08:41:24.003+0000 7fcce322f700 1 -- 172.21.15.98:0/963316807 wait complete.
2024-05-09T08:41:25.987 INFO:teuthology.orchestra.run.smithi098.stdout:/usr/bin/ceph: stderr
2024-05-09T08:41:25.068+0000 7f03df8c4700 1 Processor -- start
2024-05-09T08:41:25.987 INFO:teuthology.orchestra.run.smithi098.stdout:/usr/bin/ceph: stderr
2024-05-09T08:41:25.069+0000 7f03df8c4700 1 -- start start
2024-05-09T08:41:25.987 INFO:teuthology.orchestra.run.smithi098.stdout:/usr/bin/ceph: stderr
2024-05-09T08:41:25.069+0000 7f03df8c4700 1 --2- >> [v2:172.21.15.98:3300/0,v1:172.21.15.98:6789/0] conn(0x7f03d81066c0 0x7f03d8106ae0 unknown :-1 s=NONE pgs=0 cs=0 l=0 rev1=0 crypto rx=0 tx=0 comp rx=0 tx=0).connect
2024-05-09T08:41:25.987 INFO:teuthology.orchestra.run.smithi098.stdout:/usr/bin/ceph: stderr
2024-05-09T08:41:25.069+0000 7f03df8c4700 1 -- --> [v2:172.21.15.98:3300/0,v1:172.21.15.98:6789/0] -- mon_getmap magic: 0 -- 0x7f03d807be50 con 0x7f03d81066c0
2024-05-09T08:41:25.987 INFO:teuthology.orchestra.run.smithi098.stdout:/usr/bin/ceph: stderr
2024-05-09T08:41:25.069+0000 7f03dd660700 1 --2- >> [v2:172.21.15.98:3300/0,v1:172.21.15.98:6789/0] conn(0x7f03d81066c0 0x7f03d8106ae0 unknown :-1 s=BANNER_CONNECTING pgs=0 cs=0 l=0 rev1=0 crypto rx=0 tx=0 comp rx=0 tx=0)._handle_peer_banner_payload supported=3 required=0
2024-05-09T08:41:25.987 INFO:teuthology.orchestra.run.smithi098.stdout:/usr/bin/ceph: stderr
2024-05-09T08:41:25.069+0000 7f03dd660700 1 --2- >> [v2:172.21.15.98:3300/0,v1:172.21.15.98:6789/0] conn(0x7f03d81066c0 0x7f03d8106ae0 unknown :-1 s=HELLO_CONNECTING pgs=0 cs=0 l=0 rev1=1 crypto rx=0 tx=0 comp rx=0 tx=0).handle_hello peer v2:172.21.15.98:3300/0 says I am v2:172.21.15.98:43274/0 (socket says 172.21.15.98:43274)
2024-05-09T08:41:25.988 INFO:teuthology.orchestra.run.smithi098.stdout:/usr/bin/ceph: stderr
2024-05-09T08:41:25.069+0000 7f03dd660700 1 -- 172.21.15.98:0/3689972065 learned_addr learned my addr 172.21.15.98:0/3689972065 (peer_addr_for_me v2:172.21.15.98:0/0)
2024-05-09T08:41:25.988 INFO:teuthology.orchestra.run.smithi098.stdout:/usr/bin/ceph: stderr
2024-05-09T08:41:25.069+0000 7f03dd660700 1 -- 172.21.15.98:0/3689972065 --> [v2:172.21.15.98:3300/0,v1:172.21.15.98:6789/0] -- mon_subscribe({config=0+,monmap=0+}) -- 0x7f03d8107020 con 0x7f03d81066c0
2024-05-09T08:41:25.988 INFO:teuthology.orchestra.run.smithi098.stdout:/usr/bin/ceph: stderr
2024-05-09T08:41:25.069+0000 7f03dd660700 1 --2- 172.21.15.98:0/3689972065 >> [v2:172.21.15.98:3300/0,v1:172.21.15.98:6789/0] conn(0x7f03d81066c0 0x7f03d8106ae0 secure :-1 s=READY pgs=76 cs=0 l=1 rev1=1 crypto rx=0x7f03cc0098a0 tx=0x7f03cc009bb0 comp rx=0 tx=0).ready entity=mon.0 client_cookie=8d984f715eb06818 server_cookie=0 in_seq=0 out_seq=0
2024-05-09T08:41:25.988 INFO:teuthology.orchestra.run.smithi098.stdout:/usr/bin/ceph: stderr
2024-05-09T08:41:25.070+0000 7f03cbfff700 1 -- 172.21.15.98:0/3689972065 <== mon.0 v2:172.21.15.98:3300/0 1 ==== mon_map magic: 0 ==== 205+0+0 (secure 0 0 0) 0x7f03cc004160 con 0x7f03d81066c0
2024-05-09T08:41:25.988 INFO:teuthology.orchestra.run.smithi098.stdout:/usr/bin/ceph: stderr
2024-05-09T08:41:25.070+0000 7f03cbfff700 1 -- 172.21.15.98:0/3689972065 <== mon.0 v2:172.21.15.98:3300/0 2 ==== config(27 keys) ==== 1140+0+0 (secure 0 0 0) 0x7f03cc004300 con 0x7f03d81066c0
2024-05-09T08:41:25.988 INFO:teuthology.orchestra.run.smithi098.stdout:/usr/bin/ceph: stderr
2024-05-09T08:41:25.070+0000 7f03cbfff700 1 -- 172.21.15.98:0/3689972065 <== mon.0 v2:172.21.15.98:3300/0 3 ==== mon_map magic: 0 ==== 205+0+0 (secure 0 0 0) 0x7f03cc011b20 con 0x7f03d81066c0
2024-05-09T08:41:25.988 INFO:teuthology.orchestra.run.smithi098.stdout:/usr/bin/ceph: stderr
2024-05-09T08:41:25.070+0000 7f03df8c4700 1 -- 172.21.15.98:0/3689972065 >> [v2:172.21.15.98:3300/0,v1:172.21.15.98:6789/0] conn(0x7f03d81066c0 msgr2=0x7f03d8106ae0 secure :-1 s=STATE_CONNECTION_ESTABLISHED l=1).mark_down
2024-05-09T08:41:25.988 INFO:teuthology.orchestra.run.smithi098.stdout:/usr/bin/ceph: stderr
2024-05-09T08:41:25.070+0000 7f03df8c4700 1 --2- 172.21.15.98:0/3689972065 >> [v2:172.21.15.98:3300/0,v1:172.21.15.98:6789/0] conn(0x7f03d81066c0 0x7f03d8106ae0 secure :-1 s=READY pgs=76 cs=0 l=1 rev1=1 crypto rx=0x7f03cc0098a0 tx=0x7f03cc009bb0 comp rx=0 tx=0).stop
2024-05-09T08:41:25.988 INFO:teuthology.orchestra.run.smithi098.stdout:/usr/bin/ceph: stderr
2024-05-09T08:41:25.070+0000 7f03df8c4700 1 -- 172.21.15.98:0/3689972065 shutdown_connections
2024-05-09T08:41:25.988 INFO:teuthology.orchestra.run.smithi098.stdout:/usr/bin/ceph: stderr
2024-05-09T08:41:25.070+0000 7f03df8c4700 1 --2- 172.21.15.98:0/3689972065 >> [v2:172.21.15.98:3300/0,v1:172.21.15.98:6789/0] conn(0x7f03d81066c0 0x7f03d8106ae0 unknown :-1 s=CLOSED pgs=76 cs=0 l=1 rev1=1 crypto rx=0 tx=0 comp rx=0 tx=0).stop
2024-05-09T08:41:25.988 INFO:teuthology.orchestra.run.smithi098.stdout:/usr/bin/ceph: stderr
2024-05-09T08:41:25.070+0000 7f03df8c4700 1 -- 172.21.15.98:0/3689972065 >> 172.21.15.98:0/3689972065 conn(0x7f03d8102280 msgr2=0x7f03d81046c0 unknown :-1 s=STATE_NONE l=0).mark_down
2024-05-09T08:41:25.988 INFO:teuthology.orchestra.run.smithi098.stdout:/usr/bin/ceph: stderr
2024-05-09T08:41:25.070+0000 7f03df8c4700 1 -- 172.21.15.98:0/3689972065 shutdown_connections
2024-05-09T08:41:25.988 INFO:teuthology.orchestra.run.smithi098.stdout:/usr/bin/ceph: stderr
2024-05-09T08:41:25.070+0000 7f03df8c4700 1 -- 172.21.15.98:0/3689972065 wait complete.
2024-05-09T08:41:25.988 INFO:teuthology.orchestra.run.smithi098.stdout:/usr/bin/ceph: stderr
2024-05-09T08:41:25.071+0000 7f03df8c4700 1 Processor -- start
2024-05-09T08:41:25.988 INFO:teuthology.orchestra.run.smithi098.stdout:/usr/bin/ceph: stderr
2024-05-09T08:41:25.071+0000 7f03df8c4700 1 -- start start
2024-05-09T08:41:25.989 INFO:teuthology.orchestra.run.smithi098.stdout:/usr/bin/ceph: stderr
2024-05-09T08:41:25.071+0000 7f03df8c4700 1 --2- >> [v2:172.21.15.98:3300/0,v1:172.21.15.98:6789/0] conn(0x7f03d81066c0 0x7f03d819de40 unknown :-1 s=NONE pgs=0 cs=0 l=1 rev1=0 crypto rx=0 tx=0 comp rx=0 tx=0).connect
2024-05-09T08:41:25.989 INFO:teuthology.orchestra.run.smithi098.stdout:/usr/bin/ceph: stderr
2024-05-09T08:41:25.071+0000 7f03df8c4700 1 -- --> [v2:172.21.15.98:3300/0,v1:172.21.15.98:6789/0] -- mon_getmap magic: 0 -- 0x7f03d81080f0 con 0x7f03d81066c0
2024-05-09T08:41:25.989 INFO:teuthology.orchestra.run.smithi098.stdout:/usr/bin/ceph: stderr
2024-05-09T08:41:25.071+0000 7f03dd660700 1 --2- >> [v2:172.21.15.98:3300/0,v1:172.21.15.98:6789/0] conn(0x7f03d81066c0 0x7f03d819de40 unknown :-1 s=BANNER_CONNECTING pgs=0 cs=0 l=1 rev1=0 crypto rx=0 tx=0 comp rx=0 tx=0)._handle_peer_banner_payload supported=3 required=0
2024-05-09T08:41:25.989 INFO:teuthology.orchestra.run.smithi098.stdout:/usr/bin/ceph: stderr
2024-05-09T08:41:25.071+0000 7f03dd660700 1 --2- >> [v2:172.21.15.98:3300/0,v1:172.21.15.98:6789/0] conn(0x7f03d81066c0 0x7f03d819de40 unknown :-1 s=HELLO_CONNECTING pgs=0 cs=0 l=1 rev1=1 crypto rx=0 tx=0 comp rx=0 tx=0).handle_hello peer v2:172.21.15.98:3300/0 says I am v2:172.21.15.98:43290/0 (socket says 172.21.15.98:43290)
2024-05-09T08:41:25.989 INFO:teuthology.orchestra.run.smithi098.stdout:/usr/bin/ceph: stderr
2024-05-09T08:41:25.071+0000 7f03dd660700 1 -- 172.21.15.98:0/1449156879 learned_addr learned my addr 172.21.15.98:0/1449156879 (peer_addr_for_me v2:172.21.15.98:0/0)
2024-05-09T08:41:25.989 INFO:teuthology.orchestra.run.smithi098.stdout:/usr/bin/ceph: stderr
2024-05-09T08:41:25.071+0000 7f03dd660700 1 -- 172.21.15.98:0/1449156879 --> [v2:172.21.15.98:3300/0,v1:172.21.15.98:6789/0] -- mon_subscribe({config=0+,monmap=0+}) -- 0x7f03d819e380 con 0x7f03d81066c0
2024-05-09T08:41:25.989 INFO:teuthology.orchestra.run.smithi098.stdout:/usr/bin/ceph: stderr
2024-05-09T08:41:25.072+0000 7f03dd660700 1 --2- 172.21.15.98:0/1449156879 >> [v2:172.21.15.98:3300/0,v1:172.21.15.98:6789/0] conn(0x7f03d81066c0 0x7f03d819de40 secure :-1 s=READY pgs=77 cs=0 l=1 rev1=1 crypto rx=0x7f03cc0117e0 tx=0x7f03cc011c10 comp rx=0 tx=0).ready entity=mon.0 client_cookie=0 server_cookie=0 in_seq=0 out_seq=0
2024-05-09T08:41:25.989 INFO:teuthology.orchestra.run.smithi098.stdout:/usr/bin/ceph: stderr
2024-05-09T08:41:25.072+0000 7f03ca7fc700 1 -- 172.21.15.98:0/1449156879 <== mon.0 v2:172.21.15.98:3300/0 1 ==== mon_map magic: 0 ==== 205+0+0 (secure 0 0 0) 0x7f03cc003bf0 con 0x7f03d81066c0
2024-05-09T08:41:25.989 INFO:teuthology.orchestra.run.smithi098.stdout:/usr/bin/ceph: stderr
2024-05-09T08:41:25.072+0000 7f03ca7fc700 1 -- 172.21.15.98:0/1449156879 <== mon.0 v2:172.21.15.98:3300/0 2 ==== config(27 keys) ==== 1140+0+0 (secure 0 0 0) 0x7f03cc01a910 con 0x7f03d81066c0
2024-05-09T08:41:25.989 INFO:teuthology.orchestra.run.smithi098.stdout:/usr/bin/ceph: stderr
2024-05-09T08:41:25.072+0000 7f03df8c4700 1 -- 172.21.15.98:0/1449156879 --> [v2:172.21.15.98:3300/0,v1:172.21.15.98:6789/0] -- mon_subscribe({mgrmap=0+}) -- 0x7f03d819e610 con 0x7f03d81066c0
2024-05-09T08:41:25.989 INFO:teuthology.orchestra.run.smithi098.stdout:/usr/bin/ceph: stderr
2024-05-09T08:41:25.072+0000 7f03ca7fc700 1 -- 172.21.15.98:0/1449156879 <== mon.0 v2:172.21.15.98:3300/0 3 ==== mon_map magic: 0 ==== 205+0+0 (secure 0 0 0) 0x7f03cc024970 con 0x7f03d81066c0
2024-05-09T08:41:25.989 INFO:teuthology.orchestra.run.smithi098.stdout:/usr/bin/ceph: stderr
2024-05-09T08:41:25.072+0000 7f03df8c4700 1 -- 172.21.15.98:0/1449156879 --> [v2:172.21.15.98:3300/0,v1:172.21.15.98:6789/0] -- mon_subscribe({osdmap=0}) -- 0x7f03d819ea70 con 0x7f03d81066c0
2024-05-09T08:41:25.989 INFO:teuthology.orchestra.run.smithi098.stdout:/usr/bin/ceph: stderr
2024-05-09T08:41:25.073+0000 7f03ca7fc700 1 -- 172.21.15.98:0/1449156879 <== mon.0 v2:172.21.15.98:3300/0 4 ==== mgrmap(e 13) ==== 46343+0+0 (secure 0 0 0) 0x7f03cc022020 con 0x7f03d81066c0
2024-05-09T08:41:25.989 INFO:teuthology.orchestra.run.smithi098.stdout:/usr/bin/ceph: stderr
2024-05-09T08:41:25.073+0000 7f03df8c4700 1 -- 172.21.15.98:0/1449156879 --> [v2:172.21.15.98:3300/0,v1:172.21.15.98:6789/0] -- mon_command({"prefix": "get_command_descriptions"} v 0) -- 0x7f03d8063980 con 0x7f03d81066c0
2024-05-09T08:41:25.989 INFO:teuthology.orchestra.run.smithi098.stdout:/usr/bin/ceph: stderr
2024-05-09T08:41:25.073+0000 7f03ca7fc700 1 --2- 172.21.15.98:0/1449156879 >> [v2:172.21.15.98:6800/1228297308,v1:172.21.15.98:6801/1228297308] conn(0x7f03c40391b0 0x7f03c403b670 unknown :-1 s=NONE pgs=0 cs=0 l=1 rev1=0 crypto rx=0 tx=0 comp rx=0 tx=0).connect
2024-05-09T08:41:25.990 INFO:teuthology.orchestra.run.smithi098.stdout:/usr/bin/ceph: stderr
2024-05-09T08:41:25.073+0000 7f03ca7fc700 1 -- 172.21.15.98:0/1449156879 <== mon.0 v2:172.21.15.98:3300/0 5 ==== osd_map(3..3 src has 1..3) ==== 1155+0+0 (secure 0 0 0) 0x7f03cc04d5b0 con 0x7f03d81066c0
2024-05-09T08:41:25.990 INFO:teuthology.orchestra.run.smithi098.stdout:/usr/bin/ceph: stderr
2024-05-09T08:41:25.073+0000 7f03dce5f700 1 --2- 172.21.15.98:0/1449156879 >> [v2:172.21.15.98:6800/1228297308,v1:172.21.15.98:6801/1228297308] conn(0x7f03c40391b0 0x7f03c403b670 unknown :-1 s=BANNER_CONNECTING pgs=0 cs=0 l=1 rev1=0 crypto rx=0 tx=0 comp rx=0 tx=0)._handle_peer_banner_payload supported=3 required=0
2024-05-09T08:41:25.990 INFO:teuthology.orchestra.run.smithi098.stdout:/usr/bin/ceph: stderr
2024-05-09T08:41:25.073+0000 7f03dce5f700 1 --2- 172.21.15.98:0/1449156879 >> [v2:172.21.15.98:6800/1228297308,v1:172.21.15.98:6801/1228297308] conn(0x7f03c40391b0 0x7f03c403b670 secure :-1 s=READY pgs=11 cs=0 l=1 rev1=1 crypto rx=0x7f03d4006fd0 tx=0x7f03d4006e40 comp rx=0 tx=0).ready entity=mgr.14150 client_cookie=0 server_cookie=0 in_seq=0 out_seq=0
2024-05-09T08:41:25.990 INFO:teuthology.orchestra.run.smithi098.stdout:/usr/bin/ceph: stderr
2024-05-09T08:41:25.078+0000 7f03ca7fc700 1 -- 172.21.15.98:0/1449156879 <== mon.0 v2:172.21.15.98:3300/0 6 ==== mon_command_ack([{"prefix": "get_command_descriptions"}]=0 v0) ==== 72+0+186147 (secure 0 0 0) 0x7f03cc011e20 con 0x7f03d81066c0
2024-05-09T08:41:25.990 INFO:teuthology.orchestra.run.smithi098.stdout:/usr/bin/ceph: stderr
