2024-05-09T08:52:32.310+0000 7fac8959a700 1 -- 172.21.15.100:0/1341686788 <== mon.0 v2:172.21.15.100:3300/0 1 ==== mon_map magic: 0 ==== 205+0+0 (secure 0 0 0) 0x7fac7c004160 con 0x7fac8c068ea0
2024-05-09T08:52:33.342 INFO:teuthology.orchestra.run.smithi100.stdout:/usr/bin/ceph: stderr
2024-05-09T08:52:32.310+0000 7fac8959a700 1 -- 172.21.15.100:0/1341686788 <== mon.0 v2:172.21.15.100:3300/0 2 ==== config(28 keys) ==== 1171+0+0 (secure 0 0 0) 0x7fac7c004300 con 0x7fac8c068ea0
2024-05-09T08:52:33.343 INFO:teuthology.orchestra.run.smithi100.stdout:/usr/bin/ceph: stderr
2024-05-09T08:52:32.310+0000 7fac8959a700 1 -- 172.21.15.100:0/1341686788 <== mon.0 v2:172.21.15.100:3300/0 3 ==== mon_map magic: 0 ==== 205+0+0 (secure 0 0 0) 0x7fac7c011bb0 con 0x7fac8c068ea0
2024-05-09T08:52:33.343 INFO:teuthology.orchestra.run.smithi100.stdout:/usr/bin/ceph: stderr
2024-05-09T08:52:32.311+0000 7fac90e94700 1 -- 172.21.15.100:0/1341686788 >> [v2:172.21.15.100:3300/0,v1:172.21.15.100:6789/0] conn(0x7fac8c068ea0 msgr2=0x7fac8c1064e0 secure :-1 s=STATE_CONNECTION_ESTABLISHED l=1).mark_down
2024-05-09T08:52:33.343 INFO:teuthology.orchestra.run.smithi100.stdout:/usr/bin/ceph: stderr
2024-05-09T08:52:32.311+0000 7fac90e94700 1 --2- 172.21.15.100:0/1341686788 >> [v2:172.21.15.100:3300/0,v1:172.21.15.100:6789/0] conn(0x7fac8c068ea0 0x7fac8c1064e0 secure :-1 s=READY pgs=53 cs=0 l=1 rev1=1 crypto rx=0x7fac7c0098a0 tx=0x7fac7c009bb0 comp rx=0 tx=0).stop
2024-05-09T08:52:33.343 INFO:teuthology.orchestra.run.smithi100.stdout:/usr/bin/ceph: stderr
2024-05-09T08:52:32.311+0000 7fac90e94700 1 -- 172.21.15.100:0/1341686788 shutdown_connections
2024-05-09T08:52:33.343 INFO:teuthology.orchestra.run.smithi100.stdout:/usr/bin/ceph: stderr
2024-05-09T08:52:32.311+0000 7fac90e94700 1 --2- 172.21.15.100:0/1341686788 >> [v2:172.21.15.100:3300/0,v1:172.21.15.100:6789/0] conn(0x7fac8c068ea0 0x7fac8c1064e0 unknown :-1 s=CLOSED pgs=53 cs=0 l=1 rev1=1 crypto rx=0 tx=0 comp rx=0 tx=0).stop
2024-05-09T08:52:33.343 INFO:teuthology.orchestra.run.smithi100.stdout:/usr/bin/ceph: stderr
2024-05-09T08:52:32.311+0000 7fac90e94700 1 -- 172.21.15.100:0/1341686788 >> 172.21.15.100:0/1341686788 conn(0x7fac8c101aa0 msgr2=0x7fac8c103ec0 unknown :-1 s=STATE_NONE l=0).mark_down
2024-05-09T08:52:33.343 INFO:teuthology.orchestra.run.smithi100.stdout:/usr/bin/ceph: stderr
2024-05-09T08:52:32.311+0000 7fac90e94700 1 -- 172.21.15.100:0/1341686788 shutdown_connections
2024-05-09T08:52:33.343 INFO:teuthology.orchestra.run.smithi100.stdout:/usr/bin/ceph: stderr
2024-05-09T08:52:32.311+0000 7fac90e94700 1 -- 172.21.15.100:0/1341686788 wait complete.
2024-05-09T08:52:33.343 INFO:teuthology.orchestra.run.smithi100.stdout:/usr/bin/ceph: stderr
2024-05-09T08:52:32.312+0000 7fac90e94700 1 Processor -- start
2024-05-09T08:52:33.343 INFO:teuthology.orchestra.run.smithi100.stdout:/usr/bin/ceph: stderr
2024-05-09T08:52:32.312+0000 7fac90e94700 1 -- start start
2024-05-09T08:52:33.343 INFO:teuthology.orchestra.run.smithi100.stdout:/usr/bin/ceph: stderr
2024-05-09T08:52:32.312+0000 7fac90e94700 1 --2- >> [v2:172.21.15.100:3300/0,v1:172.21.15.100:6789/0] conn(0x7fac8c068ea0 0x7fac8c19e140 unknown :-1 s=NONE pgs=0 cs=0 l=1 rev1=0 crypto rx=0 tx=0 comp rx=0 tx=0).connect
2024-05-09T08:52:33.343 INFO:teuthology.orchestra.run.smithi100.stdout:/usr/bin/ceph: stderr
2024-05-09T08:52:32.312+0000 7fac90e94700 1 -- --> [v2:172.21.15.100:3300/0,v1:172.21.15.100:6789/0] -- mon_getmap magic: 0 -- 0x7fac8c107f20 con 0x7fac8c068ea0
2024-05-09T08:52:33.343 INFO:teuthology.orchestra.run.smithi100.stdout:/usr/bin/ceph: stderr
2024-05-09T08:52:32.312+0000 7fac8a59c700 1 --2- >> [v2:172.21.15.100:3300/0,v1:172.21.15.100:6789/0] conn(0x7fac8c068ea0 0x7fac8c19e140 unknown :-1 s=BANNER_CONNECTING pgs=0 cs=0 l=1 rev1=0 crypto rx=0 tx=0 comp rx=0 tx=0)._handle_peer_banner_payload supported=3 required=0
2024-05-09T08:52:33.343 INFO:teuthology.orchestra.run.smithi100.stdout:/usr/bin/ceph: stderr
2024-05-09T08:52:32.312+0000 7fac8a59c700 1 --2- >> [v2:172.21.15.100:3300/0,v1:172.21.15.100:6789/0] conn(0x7fac8c068ea0 0x7fac8c19e140 unknown :-1 s=HELLO_CONNECTING pgs=0 cs=0 l=1 rev1=1 crypto rx=0 tx=0 comp rx=0 tx=0).handle_hello peer v2:172.21.15.100:3300/0 says I am v2:172.21.15.100:34360/0 (socket says 172.21.15.100:34360)
2024-05-09T08:52:33.343 INFO:teuthology.orchestra.run.smithi100.stdout:/usr/bin/ceph: stderr
2024-05-09T08:52:32.312+0000 7fac8a59c700 1 -- 172.21.15.100:0/2572529308 learned_addr learned my addr 172.21.15.100:0/2572529308 (peer_addr_for_me v2:172.21.15.100:0/0)
2024-05-09T08:52:33.344 INFO:teuthology.orchestra.run.smithi100.stdout:/usr/bin/ceph: stderr
2024-05-09T08:52:32.312+0000 7fac8a59c700 1 -- 172.21.15.100:0/2572529308 --> [v2:172.21.15.100:3300/0,v1:172.21.15.100:6789/0] -- mon_subscribe({config=0+,monmap=0+}) -- 0x7fac8c19e680 con 0x7fac8c068ea0
2024-05-09T08:52:33.344 INFO:teuthology.orchestra.run.smithi100.stdout:/usr/bin/ceph: stderr
2024-05-09T08:52:32.313+0000 7fac8a59c700 1 --2- 172.21.15.100:0/2572529308 >> [v2:172.21.15.100:3300/0,v1:172.21.15.100:6789/0] conn(0x7fac8c068ea0 0x7fac8c19e140 secure :-1 s=READY pgs=54 cs=0 l=1 rev1=1 crypto rx=0x7fac7c000c00 tx=0x7fac7c011c70 comp rx=0 tx=0).ready entity=mon.0 client_cookie=0 server_cookie=0 in_seq=0 out_seq=0
2024-05-09T08:52:33.344 INFO:teuthology.orchestra.run.smithi100.stdout:/usr/bin/ceph: stderr
2024-05-09T08:52:32.313+0000 7fac7b7fe700 1 -- 172.21.15.100:0/2572529308 <== mon.0 v2:172.21.15.100:3300/0 1 ==== mon_map magic: 0 ==== 205+0+0 (secure 0 0 0) 0x7fac7c011e60 con 0x7fac8c068ea0
2024-05-09T08:52:33.344 INFO:teuthology.orchestra.run.smithi100.stdout:/usr/bin/ceph: stderr
2024-05-09T08:52:32.313+0000 7fac7b7fe700 1 -- 172.21.15.100:0/2572529308 <== mon.0 v2:172.21.15.100:3300/0 2 ==== config(28 keys) ==== 1171+0+0 (secure 0 0 0) 0x7fac7c003b20 con 0x7fac8c068ea0
2024-05-09T08:52:33.344 INFO:teuthology.orchestra.run.smithi100.stdout:/usr/bin/ceph: stderr
2024-05-09T08:52:32.313+0000 7fac90e94700 1 -- 172.21.15.100:0/2572529308 --> [v2:172.21.15.100:3300/0,v1:172.21.15.100:6789/0] -- mon_subscribe({mgrmap=0+}) -- 0x7fac8c19e910 con 0x7fac8c068ea0
2024-05-09T08:52:33.344 INFO:teuthology.orchestra.run.smithi100.stdout:/usr/bin/ceph: stderr
2024-05-09T08:52:32.313+0000 7fac7b7fe700 1 -- 172.21.15.100:0/2572529308 <== mon.0 v2:172.21.15.100:3300/0 3 ==== mon_map magic: 0 ==== 205+0+0 (secure 0 0 0) 0x7fac7c024760 con 0x7fac8c068ea0
2024-05-09T08:52:33.344 INFO:teuthology.orchestra.run.smithi100.stdout:/usr/bin/ceph: stderr
2024-05-09T08:52:32.313+0000 7fac90e94700 1 -- 172.21.15.100:0/2572529308 --> [v2:172.21.15.100:3300/0,v1:172.21.15.100:6789/0] -- mon_subscribe({osdmap=0}) -- 0x7fac8c1a1600 con 0x7fac8c068ea0
2024-05-09T08:52:33.344 INFO:teuthology.orchestra.run.smithi100.stdout:/usr/bin/ceph: stderr
2024-05-09T08:52:32.314+0000 7fac90e94700 1 -- 172.21.15.100:0/2572529308 --> [v2:172.21.15.100:3300/0,v1:172.21.15.100:6789/0] -- mon_command({"prefix": "get_command_descriptions"} v 0) -- 0x7fac8c063980 con 0x7fac8c068ea0
2024-05-09T08:52:33.344 INFO:teuthology.orchestra.run.smithi100.stdout:/usr/bin/ceph: stderr
2024-05-09T08:52:32.314+0000 7fac7b7fe700 1 -- 172.21.15.100:0/2572529308 <== mon.0 v2:172.21.15.100:3300/0 4 ==== mgrmap(e 8) ==== 46287+0+0 (secure 0 0 0) 0x7fac7c022020 con 0x7fac8c068ea0
2024-05-09T08:52:33.344 INFO:teuthology.orchestra.run.smithi100.stdout:/usr/bin/ceph: stderr
2024-05-09T08:52:32.314+0000 7fac7b7fe700 1 --2- 172.21.15.100:0/2572529308 >> [v2:172.21.15.100:6800/453788238,v1:172.21.15.100:6801/453788238] conn(0x7fac74039050 0x7fac7403b510 unknown :-1 s=NONE pgs=0 cs=0 l=1 rev1=0 crypto rx=0 tx=0 comp rx=0 tx=0).connect
2024-05-09T08:52:33.344 INFO:teuthology.orchestra.run.smithi100.stdout:/usr/bin/ceph: stderr
2024-05-09T08:52:32.314+0000 7fac7b7fe700 1 -- 172.21.15.100:0/2572529308 <== mon.0 v2:172.21.15.100:3300/0 5 ==== osd_map(2..2 src has 1..2) ==== 940+0+0 (secure 0 0 0) 0x7fac7c04ce60 con 0x7fac8c068ea0
2024-05-09T08:52:33.344 INFO:teuthology.orchestra.run.smithi100.stdout:/usr/bin/ceph: stderr
2024-05-09T08:52:32.314+0000 7fac89d9b700 1 --2- 172.21.15.100:0/2572529308 >> [v2:172.21.15.100:6800/453788238,v1:172.21.15.100:6801/453788238] conn(0x7fac74039050 0x7fac7403b510 unknown :-1 s=BANNER_CONNECTING pgs=0 cs=0 l=1 rev1=0 crypto rx=0 tx=0 comp rx=0 tx=0)._handle_peer_banner_payload supported=3 required=0
2024-05-09T08:52:33.345 INFO:teuthology.orchestra.run.smithi100.stdout:/usr/bin/ceph: stderr
2024-05-09T08:52:32.315+0000 7fac89d9b700 1 --2- 172.21.15.100:0/2572529308 >> [v2:172.21.15.100:6800/453788238,v1:172.21.15.100:6801/453788238] conn(0x7fac74039050 0x7fac7403b510 secure :-1 s=READY pgs=15 cs=0 l=1 rev1=1 crypto rx=0x7fac80006fd0 tx=0x7fac80006e40 comp rx=0 tx=0).ready entity=mgr.14120 client_cookie=0 server_cookie=0 in_seq=0 out_seq=0
2024-05-09T08:52:33.345 INFO:teuthology.orchestra.run.smithi100.stdout:/usr/bin/ceph: stderr
2024-05-09T08:52:32.319+0000 7fac7b7fe700 1 -- 172.21.15.100:0/2572529308 <== mon.0 v2:172.21.15.100:3300/0 6 ==== mon_command_ack([{"prefix": "get_command_descriptions"}]=0 v0) ==== 72+0+186147 (secure 0 0 0) 0x7fac7c0172b0 con 0x7fac8c068ea0
2024-05-09T08:52:33.345 INFO:teuthology.orchestra.run.smithi100.stdout:/usr/bin/ceph: stderr
2024-05-09T08:52:32.520+0000 7fac90e94700 1 -- 172.21.15.100:0/2572529308 --> [v2:172.21.15.100:3300/0,v1:172.21.15.100:6789/0] -- mon_command([{prefix=config set, name=mgr/dashboard/ssl_server_port}] v 0) -- 0x7fac8c1a17d0 con 0x7fac8c068ea0
2024-05-09T08:52:33.345 INFO:teuthology.orchestra.run.smithi100.stdout:/usr/bin/ceph: stderr
2024-05-09T08:52:32.523+0000 7fac7b7fe700 1 -- 172.21.15.100:0/2572529308 <== mon.0 v2:172.21.15.100:3300/0 7 ==== mon_command_ack([{prefix=config set, name=mgr/dashboard/ssl_server_port}]=0 v8)=0 v8) ==== 130+0+0 (secure 0 0 0) 0x7fac7c00fdd0 con 0x7fac8c068ea0
2024-05-09T08:52:33.345 INFO:teuthology.orchestra.run.smithi100.stdout:/usr/bin/ceph: stderr
2024-05-09T08:52:32.525+0000 7fac90e94700 1 -- 172.21.15.100:0/2572529308 >> [v2:172.21.15.100:6800/453788238,v1:172.21.15.100:6801/453788238] conn(0x7fac74039050 msgr2=0x7fac7403b510 secure :-1 s=STATE_CONNECTION_ESTABLISHED l=1).mark_down
2024-05-09T08:52:33.345 INFO:teuthology.orchestra.run.smithi100.stdout:/usr/bin/ceph: stderr
2024-05-09T08:52:32.525+0000 7fac90e94700 1 --2- 172.21.15.100:0/2572529308 >> [v2:172.21.15.100:6800/453788238,v1:172.21.15.100:6801/453788238] conn(0x7fac74039050 0x7fac7403b510 secure :-1 s=READY pgs=15 cs=0 l=1 rev1=1 crypto rx=0x7fac80006fd0 tx=0x7fac80006e40 comp rx=0 tx=0).stop
2024-05-09T08:52:33.345 INFO:teuthology.orchestra.run.smithi100.stdout:/usr/bin/ceph: stderr
2024-05-09T08:52:32.525+0000 7fac90e94700 1 -- 172.21.15.100:0/2572529308 >> [v2:172.21.15.100:3300/0,v1:172.21.15.100:6789/0] conn(0x7fac8c068ea0 msgr2=0x7fac8c19e140 secure :-1 s=STATE_CONNECTION_ESTABLISHED l=1).mark_down
2024-05-09T08:52:33.345 INFO:teuthology.orchestra.run.smithi100.stdout:/usr/bin/ceph: stderr
2024-05-09T08:52:32.525+0000 7fac90e94700 1 --2- 172.21.15.100:0/2572529308 >> [v2:172.21.15.100:3300/0,v1:172.21.15.100:6789/0] conn(0x7fac8c068ea0 0x7fac8c19e140 secure :-1 s=READY pgs=54 cs=0 l=1 rev1=1 crypto rx=0x7fac7c000c00 tx=0x7fac7c011c70 comp rx=0 tx=0).stop
2024-05-09T08:52:33.345 INFO:teuthology.orchestra.run.smithi100.stdout:/usr/bin/ceph: stderr
2024-05-09T08:52:32.525+0000 7fac90e94700 1 -- 172.21.15.100:0/2572529308 shutdown_connections
2024-05-09T08:52:33.345 INFO:teuthology.orchestra.run.smithi100.stdout:/usr/bin/ceph: stderr
2024-05-09T08:52:32.525+0000 7fac90e94700 1 --2- 172.21.15.100:0/2572529308 >> [v2:172.21.15.100:6800/453788238,v1:172.21.15.100:6801/453788238] conn(0x7fac74039050 0x7fac7403b510 unknown :-1 s=CLOSED pgs=15 cs=0 l=1 rev1=1 crypto rx=0 tx=0 comp rx=0 tx=0).stop
2024-05-09T08:52:33.345 INFO:teuthology.orchestra.run.smithi100.stdout:/usr/bin/ceph: stderr
2024-05-09T08:52:32.525+0000 7fac90e94700 1 --2- 172.21.15.100:0/2572529308 >> [v2:172.21.15.100:3300/0,v1:172.21.15.100:6789/0] conn(0x7fac8c068ea0 0x7fac8c19e140 unknown :-1 s=CLOSED pgs=54 cs=0 l=1 rev1=1 crypto rx=0 tx=0 comp rx=0 tx=0).stop
2024-05-09T08:52:33.345 INFO:teuthology.orchestra.run.smithi100.stdout:/usr/bin/ceph: stderr
2024-05-09T08:52:32.525+0000 7fac90e94700 1 -- 172.21.15.100:0/2572529308 >> 172.21.15.100:0/2572529308 conn(0x7fac8c101aa0 msgr2=0x7fac8c10bcc0 unknown :-1 s=STATE_NONE l=0).mark_down
2024-05-09T08:52:33.345 INFO:teuthology.orchestra.run.smithi100.stdout:/usr/bin/ceph: stderr
2024-05-09T08:52:32.525+0000 7fac90e94700 1 -- 172.21.15.100:0/2572529308 shutdown_connections
2024-05-09T08:52:33.345 INFO:teuthology.orchestra.run.smithi100.stdout:/usr/bin/ceph: stderr
2024-05-09T08:52:32.525+0000 7fac90e94700 1 -- 172.21.15.100:0/2572529308 wait complete.
2024-05-09T08:52:33.346 INFO:teuthology.orchestra.run.smithi100.stdout:Enabling the dashboard module...
2024-05-09T08:52:33.595 INFO:journalctl@ceph.mon.a.smithi100.stdout:May 09 08:52:33 smithi100 ceph-mon[30382]: from='client.? 172.21.15.100:0/2572529308' entity='client.admin'
2024-05-09T08:52:34.562 INFO:journalctl@ceph.mon.a.smithi100.stdout:May 09 08:52:34 smithi100 ceph-mon[30382]: from='client.? 172.21.15.100:0/3775406009' entity='client.admin' cmd=[{"prefix": "mgr module enable", "module": "dashboard"}]: dispatch
2024-05-09T08:52:34.562 INFO:journalctl@ceph.mon.a.smithi100.stdout:May 09 08:52:34 smithi100 ceph-mon[30382]: from='mgr.14120 172.21.15.100:0/2475151726' entity='mgr.x'
2024-05-09T08:52:34.817 INFO:journalctl@ceph.mgr.x.smithi100.stdout:May 09 08:52:34 smithi100 ceph-2babc2fe-0de1-11ef-bc98-c7b262605968-mgr-x[30616]: ignoring --setuser ceph since I am not root
2024-05-09T08:52:34.818 INFO:journalctl@ceph.mgr.x.smithi100.stdout:May 09 08:52:34 smithi100 ceph-2babc2fe-0de1-11ef-bc98-c7b262605968-mgr-x[30616]: ignoring --setgroup ceph since I am not root
2024-05-09T08:52:34.818 INFO:journalctl@ceph.mgr.x.smithi100.stdout:May 09 08:52:34 smithi100 ceph-2babc2fe-0de1-11ef-bc98-c7b262605968-mgr-x[30616]:
2024-05-09T08:52:34.712+0000 7f98f5917200 -1 mgr[py] Module balancer has missing NOTIFY_TYPES member
2024-05-09T08:52:35.095 INFO:journalctl@ceph.mgr.x.smithi100.stdout:May 09 08:52:34 smithi100 ceph-2babc2fe-0de1-11ef-bc98-c7b262605968-mgr-x[30616]:
2024-05-09T08:52:34.901+0000 7f98f5917200 -1 mgr[py] Module orchestrator has missing NOTIFY_TYPES member
2024-05-09T08:52:35.095 INFO:journalctl@ceph.mgr.x.smithi100.stdout:May 09 08:52:35 smithi100 ceph-2babc2fe-0de1-11ef-bc98-c7b262605968-mgr-x[30616]:
2024-05-09T08:52:35.004+0000 7f98f5917200 -1 mgr[py] Module snap_schedule has missing NOTIFY_TYPES member
2024-05-09T08:52:35.109 INFO:teuthology.orchestra.run.smithi100.stdout:/usr/bin/ceph: stderr
2024-05-09T08:52:33.733+0000 7f60f75e0700 1 Processor -- start
2024-05-09T08:52:35.109 INFO:teuthology.orchestra.run.smithi100.stdout:/usr/bin/ceph: stderr
2024-05-09T08:52:33.733+0000 7f60f75e0700 1 -- start start
2024-05-09T08:52:35.109 INFO:teuthology.orchestra.run.smithi100.stdout:/usr/bin/ceph: stderr
2024-05-09T08:52:33.733+0000 7f60f75e0700 1 --2- >> [v2:172.21.15.100:3300/0,v1:172.21.15.100:6789/0] conn(0x7f60f0108950 0x7f60f010ad40 unknown :-1 s=NONE pgs=0 cs=0 l=0 rev1=0 crypto rx=0 tx=0 comp rx=0 tx=0).connect
2024-05-09T08:52:35.109 INFO:teuthology.orchestra.run.smithi100.stdout:/usr/bin/ceph: stderr
2024-05-09T08:52:33.733+0000 7f60f75e0700 1 -- --> [v2:172.21.15.100:3300/0,v1:172.21.15.100:6789/0] -- mon_getmap magic: 0 -- 0x7f60f007be30 con 0x7f60f0108950
2024-05-09T08:52:35.109 INFO:teuthology.orchestra.run.smithi100.stdout:/usr/bin/ceph: stderr
2024-05-09T08:52:33.734+0000 7f60f537c700 1 --2- >> [v2:172.21.15.100:3300/0,v1:172.21.15.100:6789/0] conn(0x7f60f0108950 0x7f60f010ad40 unknown :-1 s=BANNER_CONNECTING pgs=0 cs=0 l=0 rev1=0 crypto rx=0 tx=0 comp rx=0 tx=0)._handle_peer_banner_payload supported=3 required=0
2024-05-09T08:52:35.109 INFO:teuthology.orchestra.run.smithi100.stdout:/usr/bin/ceph: stderr
2024-05-09T08:52:33.734+0000 7f60f537c700 1 --2- >> [v2:172.21.15.100:3300/0,v1:172.21.15.100:6789/0] conn(0x7f60f0108950 0x7f60f010ad40 unknown :-1 s=HELLO_CONNECTING pgs=0 cs=0 l=0 rev1=1 crypto rx=0 tx=0 comp rx=0 tx=0).handle_hello peer v2:172.21.15.100:3300/0 says I am v2:172.21.15.100:34366/0 (socket says 172.21.15.100:34366)
2024-05-09T08:52:35.110 INFO:teuthology.orchestra.run.smithi100.stdout:/usr/bin/ceph: stderr
2024-05-09T08:52:33.734+0000 7f60f537c700 1 -- 172.21.15.100:0/3508302036 learned_addr learned my addr 172.21.15.100:0/3508302036 (peer_addr_for_me v2:172.21.15.100:0/0)
2024-05-09T08:52:35.110 INFO:teuthology.orchestra.run.smithi100.stdout:/usr/bin/ceph: stderr
2024-05-09T08:52:33.734+0000 7f60f537c700 1 -- 172.21.15.100:0/3508302036 --> [v2:172.21.15.100:3300/0,v1:172.21.15.100:6789/0] -- mon_subscribe({config=0+,monmap=0+}) -- 0x7f60f010b280 con 0x7f60f0108950
2024-05-09T08:52:35.110 INFO:teuthology.orchestra.run.smithi100.stdout:/usr/bin/ceph: stderr
2024-05-09T08:52:33.734+0000 7f60f537c700 1 --2- 172.21.15.100:0/3508302036 >> [v2:172.21.15.100:3300/0,v1:172.21.15.100:6789/0] conn(0x7f60f0108950 0x7f60f010ad40 secure :-1 s=READY pgs=55 cs=0 l=1 rev1=1 crypto rx=0x7f60ec0098a0 tx=0x7f60ec009bb0 comp rx=0 tx=0).ready entity=mon.0 client_cookie=185d24f0b4d45b4f server_cookie=0 in_seq=0 out_seq=0
2024-05-09T08:52:35.110 INFO:teuthology.orchestra.run.smithi100.stdout:/usr/bin/ceph: stderr
2024-05-09T08:52:33.734+0000 7f60e7fff700 1 -- 172.21.15.100:0/3508302036 <== mon.0 v2:172.21.15.100:3300/0 1 ==== mon_map magic: 0 ==== 205+0+0 (secure 0 0 0) 0x7f60ec004160 con 0x7f60f0108950
2024-05-09T08:52:35.110 INFO:teuthology.orchestra.run.smithi100.stdout:/usr/bin/ceph: stderr
2024-05-09T08:52:33.734+0000 7f60e7fff700 1 -- 172.21.15.100:0/3508302036 <== mon.0 v2:172.21.15.100:3300/0 2 ==== config(28 keys) ==== 1171+0+0 (secure 0 0 0) 0x7f60ec004300 con 0x7f60f0108950
2024-05-09T08:52:35.110 INFO:teuthology.orchestra.run.smithi100.stdout:/usr/bin/ceph: stderr
2024-05-09T08:52:33.734+0000 7f60e7fff700 1 -- 172.21.15.100:0/3508302036 <== mon.0 v2:172.21.15.100:3300/0 3 ==== mon_map magic: 0 ==== 205+0+0 (secure 0 0 0) 0x7f60ec011bb0 con 0x7f60f0108950
2024-05-09T08:52:35.110 INFO:teuthology.orchestra.run.smithi100.stdout:/usr/bin/ceph: stderr
2024-05-09T08:52:33.735+0000 7f60f75e0700 1 -- 172.21.15.100:0/3508302036 >> [v2:172.21.15.100:3300/0,v1:172.21.15.100:6789/0] conn(0x7f60f0108950 msgr2=0x7f60f010ad40 secure :-1 s=STATE_CONNECTION_ESTABLISHED l=1).mark_down
2024-05-09T08:52:35.110 INFO:teuthology.orchestra.run.smithi100.stdout:/usr/bin/ceph: stderr
2024-05-09T08:52:33.735+0000 7f60f75e0700 1 --2- 172.21.15.100:0/3508302036 >> [v2:172.21.15.100:3300/0,v1:172.21.15.100:6789/0] conn(0x7f60f0108950 0x7f60f010ad40 secure :-1 s=READY pgs=55 cs=0 l=1 rev1=1 crypto rx=0x7f60ec0098a0 tx=0x7f60ec009bb0 comp rx=0 tx=0).stop
2024-05-09T08:52:35.110 INFO:teuthology.orchestra.run.smithi100.stdout:/usr/bin/ceph: stderr
2024-05-09T08:52:33.735+0000 7f60f75e0700 1 -- 172.21.15.100:0/3508302036 shutdown_connections
2024-05-09T08:52:35.110 INFO:teuthology.orchestra.run.smithi100.stdout:/usr/bin/ceph: stderr
2024-05-09T08:52:33.735+0000 7f60f75e0700 1 --2- 172.21.15.100:0/3508302036 >> [v2:172.21.15.100:3300/0,v1:172.21.15.100:6789/0] conn(0x7f60f0108950 0x7f60f010ad40 unknown :-1 s=CLOSED pgs=55 cs=0 l=1 rev1=1 crypto rx=0 tx=0 comp rx=0 tx=0).stop
2024-05-09T08:52:35.110 INFO:teuthology.orchestra.run.smithi100.stdout:/usr/bin/ceph: stderr
2024-05-09T08:52:33.735+0000 7f60f75e0700 1 -- 172.21.15.100:0/3508302036 >> 172.21.15.100:0/3508302036 conn(0x7f60f01023a0 msgr2=0x7f60f01047c0 unknown :-1 s=STATE_NONE l=0).mark_down
2024-05-09T08:52:35.110 INFO:teuthology.orchestra.run.smithi100.stdout:/usr/bin/ceph: stderr
2024-05-09T08:52:33.735+0000 7f60f75e0700 1 -- 172.21.15.100:0/3508302036 shutdown_connections
2024-05-09T08:52:35.110 INFO:teuthology.orchestra.run.smithi100.stdout:/usr/bin/ceph: stderr
2024-05-09T08:52:33.735+0000 7f60f75e0700 1 -- 172.21.15.100:0/3508302036 wait complete.
2024-05-09T08:52:35.111 INFO:teuthology.orchestra.run.smithi100.stdout:/usr/bin/ceph: stderr
2024-05-09T08:52:33.735+0000 7f60f75e0700 1 Processor -- start
2024-05-09T08:52:35.111 INFO:teuthology.orchestra.run.smithi100.stdout:/usr/bin/ceph: stderr
2024-05-09T08:52:33.735+0000 7f60f75e0700 1 -- start start
2024-05-09T08:52:35.111 INFO:teuthology.orchestra.run.smithi100.stdout:/usr/bin/ceph: stderr
2024-05-09T08:52:33.736+0000 7f60f75e0700 1 --2- >> [v2:172.21.15.100:3300/0,v1:172.21.15.100:6789/0] conn(0x7f60f0108950 0x7f60f019bf20 unknown :-1 s=NONE pgs=0 cs=0 l=1 rev1=0 crypto rx=0 tx=0 comp rx=0 tx=0).connect
2024-05-09T08:52:35.111 INFO:teuthology.orchestra.run.smithi100.stdout:/usr/bin/ceph: stderr
2024-05-09T08:52:33.736+0000 7f60f75e0700 1 -- --> [v2:172.21.15.100:3300/0,v1:172.21.15.100:6789/0] -- mon_getmap magic: 0 -- 0x7f60f010c2f0 con 0x7f60f0108950
2024-05-09T08:52:35.111 INFO:teuthology.orchestra.run.smithi100.stdout:/usr/bin/ceph: stderr
2024-05-09T08:52:33.736+0000 7f60f537c700 1 --2- >> [v2:172.21.15.100:3300/0,v1:172.21.15.100:6789/0] conn(0x7f60f0108950 0x7f60f019bf20 unknown :-1 s=BANNER_CONNECTING pgs=0 cs=0 l=1 rev1=0 crypto rx=0 tx=0 comp rx=0 tx=0)._handle_peer_banner_payload supported=3 required=0
2024-05-09T08:52:35.111 INFO:teuthology.orchestra.run.smithi100.stdout:/usr/bin/ceph: stderr
2024-05-09T08:52:33.736+0000 7f60f537c700 1 --2- >> [v2:172.21.15.100:3300/0,v1:172.21.15.100:6789/0] conn(0x7f60f0108950 0x7f60f019bf20 unknown :-1 s=HELLO_CONNECTING pgs=0 cs=0 l=1 rev1=1 crypto rx=0 tx=0 comp rx=0 tx=0).handle_hello peer v2:172.21.15.100:3300/0 says I am v2:172.21.15.100:34368/0 (socket says 172.21.15.100:34368)
2024-05-09T08:52:35.111 INFO:teuthology.orchestra.run.smithi100.stdout:/usr/bin/ceph: stderr
2024-05-09T08:52:33.736+0000 7f60f537c700 1 -- 172.21.15.100:0/3775406009 learned_addr learned my addr 172.21.15.100:0/3775406009 (peer_addr_for_me v2:172.21.15.100:0/0)
2024-05-09T08:52:35.111 INFO:teuthology.orchestra.run.smithi100.stdout:/usr/bin/ceph: stderr
2024-05-09T08:52:33.736+0000 7f60f537c700 1 -- 172.21.15.100:0/3775406009 --> [v2:172.21.15.100:3300/0,v1:172.21.15.100:6789/0] -- mon_subscribe({config=0+,monmap=0+}) -- 0x7f60f019c460 con 0x7f60f0108950
2024-05-09T08:52:35.111 INFO:teuthology.orchestra.run.smithi100.stdout:/usr/bin/ceph: stderr
2024-05-09T08:52:33.736+0000 7f60f537c700 1 --2- 172.21.15.100:0/3775406009 >> [v2:172.21.15.100:3300/0,v1:172.21.15.100:6789/0] conn(0x7f60f0108950 0x7f60f019bf20 secure :-1 s=READY pgs=56 cs=0 l=1 rev1=1 crypto rx=0x7f60ec011bc0 tx=0x7f60ec011ca0 comp rx=0 tx=0).ready entity=mon.0 client_cookie=0 server_cookie=0 in_seq=0 out_seq=0
2024-05-09T08:52:35.111 INFO:teuthology.orchestra.run.smithi100.stdout:/usr/bin/ceph: stderr
2024-05-09T08:52:33.736+0000 7f60e67fc700 1 -- 172.21.15.100:0/3775406009 <== mon.0 v2:172.21.15.100:3300/0 1 ==== mon_map magic: 0 ==== 205+0+0 (secure 0 0 0) 0x7f60ec011e60 con 0x7f60f0108950
2024-05-09T08:52:35.111 INFO:teuthology.orchestra.run.smithi100.stdout:/usr/bin/ceph: stderr
2024-05-09T08:52:33.736+0000 7f60e67fc700 1 -- 172.21.15.100:0/3775406009 <== mon.0 v2:172.21.15.100:3300/0 2 ==== config(28 keys) ==== 1171+0+0 (secure 0 0 0) 0x7f60ec003b20 con 0x7f60f0108950
2024-05-09T08:52:35.111 INFO:teuthology.orchestra.run.smithi100.stdout:/usr/bin/ceph: stderr
2024-05-09T08:52:33.736+0000 7f60f75e0700 1 -- 172.21.15.100:0/3775406009 --> [v2:172.21.15.100:3300/0,v1:172.21.15.100:6789/0] -- mon_subscribe({mgrmap=0+}) -- 0x7f60f019c6f0 con 0x7f60f0108950
2024-05-09T08:52:35.111 INFO:teuthology.orchestra.run.smithi100.stdout:/usr/bin/ceph: stderr
2024-05-09T08:52:33.736+0000 7f60e67fc700 1 -- 172.21.15.100:0/3775406009 <== mon.0 v2:172.21.15.100:3300/0 3 ==== mon_map magic: 0 ==== 205+0+0 (secure 0 0 0) 0x7f60ec024760 con 0x7f60f0108950
2024-05-09T08:52:35.111 INFO:teuthology.orchestra.run.smithi100.stdout:/usr/bin/ceph: stderr
2024-05-09T08:52:33.736+0000 7f60f75e0700 1 -- 172.21.15.100:0/3775406009 --> [v2:172.21.15.100:3300/0,v1:172.21.15.100:6789/0] -- mon_subscribe({osdmap=0}) -- 0x7f60f019f3e0 con 0x7f60f0108950
2024-05-09T08:52:35.112 INFO:teuthology.orchestra.run.smithi100.stdout:/usr/bin/ceph: stderr
2024-05-09T08:52:33.737+0000 7f60f75e0700 1 -- 172.21.15.100:0/3775406009 --> [v2:172.21.15.100:3300/0,v1:172.21.15.100:6789/0] -- mon_command({"prefix": "get_command_descriptions"} v 0) -- 0x7f60f0063980 con 0x7f60f0108950
2024-05-09T08:52:35.112 INFO:teuthology.orchestra.run.smithi100.stdout:/usr/bin/ceph: stderr
2024-05-09T08:52:33.737+0000 7f60e67fc700 1 -- 172.21.15.100:0/3775406009 <== mon.0 v2:172.21.15.100:3300/0 4 ==== mgrmap(e 8) ==== 46287+0+0 (secure 0 0 0) 0x7f60ec022020 con 0x7f60f0108950
2024-05-09T08:52:35.112 INFO:teuthology.orchestra.run.smithi100.stdout:/usr/bin/ceph: stderr
2024-05-09T08:52:33.737+0000 7f60e67fc700 1 --2- 172.21.15.100:0/3775406009 >> [v2:172.21.15.100:6800/453788238,v1:172.21.15.100:6801/453788238] conn(0x7f60dc0390a0 0x7f60dc03b560 unknown :-1 s=NONE pgs=0 cs=0 l=1 rev1=0 crypto rx=0 tx=0 comp rx=0 tx=0).connect
2024-05-09T08:52:35.112 INFO:teuthology.orchestra.run.smithi100.stdout:/usr/bin/ceph: stderr
2024-05-09T08:52:33.737+0000 7f60e67fc700 1 -- 172.21.15.100:0/3775406009 <== mon.0 v2:172.21.15.100:3300/0 5 ==== osd_map(2..2 src has 1..2) ==== 940+0+0 (secure 0 0 0) 0x7f60ec04d100 con 0x7f60f0108950
2024-05-09T08:52:35.112 INFO:teuthology.orchestra.run.smithi100.stdout:/usr/bin/ceph: stderr
2024-05-09T08:52:33.738+0000 7f60f4b7b700 1 --2- 172.21.15.100:0/3775406009 >> [v2:172.21.15.100:6800/453788238,v1:172.21.15.100:6801/453788238] conn(0x7f60dc0390a0 0x7f60dc03b560 unknown :-1 s=BANNER_CONNECTING pgs=0 cs=0 l=1 rev1=0 crypto rx=0 tx=0 comp rx=0 tx=0)._handle_peer_banner_payload supported=3 required=0
2024-05-09T08:52:35.112 INFO:teuthology.orchestra.run.smithi100.stdout:/usr/bin/ceph: stderr
2024-05-09T08:52:33.738+0000 7f60f4b7b700 1 --2- 172.21.15.100:0/3775406009 >> [v2:172.21.15.100:6800/453788238,v1:172.21.15.100:6801/453788238] conn(0x7f60dc0390a0 0x7f60dc03b560 secure :-1 s=READY pgs=16 cs=0 l=1 rev1=1 crypto rx=0x7f60e0006fd0 tx=0x7f60e0006e40 comp rx=0 tx=0).ready entity=mgr.14120 client_cookie=0 server_cookie=0 in_seq=0 out_seq=0
2024-05-09T08:52:35.112 INFO:teuthology.orchestra.run.smithi100.stdout:/usr/bin/ceph: stderr
2024-05-09T08:52:33.742+0000 7f60e67fc700 1 -- 172.21.15.100:0/3775406009 <== mon.0 v2:172.21.15.100:3300/0 6 ==== mon_command_ack([{"prefix": "get_command_descriptions"}]=0 v0) ==== 72+0+186147 (secure 0 0 0) 0x7f60ec02d3f0 con 0x7f60f0108950
2024-05-09T08:52:35.112 INFO:teuthology.orchestra.run.smithi100.stdout:/usr/bin/ceph: stderr
2024-05-09T08:52:33.999+0000 7f60f75e0700 1 -- 172.21.15.100:0/3775406009 --> [v2:172.21.15.100:3300/0,v1:172.21.15.100:6789/0] -- mon_command({"prefix": "mgr module enable", "module": "dashboard"} v 0) -- 0x7f60f019f990 con 0x7f60f0108950
2024-05-09T08:52:35.112 INFO:teuthology.orchestra.run.smithi100.stdout:/usr/bin/ceph: stderr
2024-05-09T08:52:34.527+0000 7f60e67fc700 1 -- 172.21.15.100:0/3775406009 <== mon.0 v2:172.21.15.100:3300/0 7 ==== mon_command_ack([{"prefix": "mgr module enable", "module": "dashboard"}]=0 v9) ==== 88+0+0 (secure 0 0 0) 0x7f60ec04f130 con 0x7f60f0108950
2024-05-09T08:52:35.112 INFO:teuthology.orchestra.run.smithi100.stdout:/usr/bin/ceph: stderr
2024-05-09T08:52:34.528+0000 7f60e67fc700 1 -- 172.21.15.100:0/3775406009 <== mon.0 v2:172.21.15.100:3300/0 8 ==== mgrmap(e 9) ==== 46300+0+0 (secure 0 0 0) 0x7f60ec01abc0 con 0x7f60f0108950
2024-05-09T08:52:35.112 INFO:teuthology.orchestra.run.smithi100.stdout:/usr/bin/ceph: stderr
2024-05-09T08:52:34.530+0000 7f60f75e0700 1 -- 172.21.15.100:0/3775406009 >> [v2:172.21.15.100:6800/453788238,v1:172.21.15.100:6801/453788238] conn(0x7f60dc0390a0 msgr2=0x7f60dc03b560 secure :-1 s=STATE_CONNECTION_ESTABLISHED l=1).mark_down
2024-05-09T08:52:35.112 INFO:teuthology.orchestra.run.smithi100.stdout:/usr/bin/ceph: stderr
2024-05-09T08:52:34.530+0000 7f60f75e0700 1 --2- 172.21.15.100:0/3775406009 >> [v2:172.21.15.100:6800/453788238,v1:172.21.15.100:6801/453788238] conn(0x7f60dc0390a0 0x7f60dc03b560 secure :-1 s=READY pgs=16 cs=0 l=1 rev1=1 crypto rx=0x7f60e0006fd0 tx=0x7f60e0006e40 comp rx=0 tx=0).stop
2024-05-09T08:52:35.112 INFO:teuthology.orchestra.run.smithi100.stdout:/usr/bin/ceph: stderr
2024-05-09T08:52:34.530+0000 7f60f75e0700 1 -- 172.21.15.100:0/3775406009 >> [v2:172.21.15.100:3300/0,v1:172.21.15.100:6789/0] conn(0x7f60f0108950 msgr2=0x7f60f019bf20 secure :-1 s=STATE_CONNECTION_ESTABLISHED l=1).mark_down
2024-05-09T08:52:35.112 INFO:teuthology.orchestra.run.smithi100.stdout:/usr/bin/ceph: stderr
2024-05-09T08:52:34.530+0000 7f60f75e0700 1 --2- 172.21.15.100:0/3775406009 >> [v2:172.21.15.100:3300/0,v1:172.21.15.100:6789/0] conn(0x7f60f0108950 0x7f60f019bf20 secure :-1 s=READY pgs=56 cs=0 l=1 rev1=1 crypto rx=0x7f60ec011bc0 tx=0x7f60ec011ca0 comp rx=0 tx=0).stop
2024-05-09T08:52:35.112 INFO:teuthology.orchestra.run.smithi100.stdout:/usr/bin/ceph: stderr
2024-05-09T08:52:34.530+0000 7f60f75e0700 1 -- 172.21.15.100:0/3775406009 shutdown_connections
2024-05-09T08:52:35.113 INFO:teuthology.orchestra.run.smithi100.stdout:/usr/bin/ceph: stderr
2024-05-09T08:52:34.530+0000 7f60f75e0700 1 --2- 172.21.15.100:0/3775406009 >> [v2:172.21.15.100:6800/453788238,v1:172.21.15.100:6801/453788238] conn(0x7f60dc0390a0 0x7f60dc03b560 unknown :-1 s=CLOSED pgs=16 cs=0 l=1 rev1=1 crypto rx=0 tx=0 comp rx=0 tx=0).stop
2024-05-09T08:52:35.113 INFO:teuthology.orchestra.run.smithi100.stdout:/usr/bin/ceph: stderr
2024-05-09T08:52:34.530+0000 7f60f75e0700 1 --2- 172.21.15.100:0/3775406009 >> [v2:172.21.15.100:3300/0,v1:172.21.15.100:6789/0] conn(0x7f60f0108950 0x7f60f019bf20 unknown :-1 s=CLOSED pgs=56 cs=0 l=1 rev1=1 crypto rx=0 tx=0 comp rx=0 tx=0).stop
2024-05-09T08:52:35.113 INFO:teuthology.orchestra.run.smithi100.stdout:/usr/bin/ceph: stderr
2024-05-09T08:52:34.530+0000 7f60f75e0700 1 -- 172.21.15.100:0/3775406009 >> 172.21.15.100:0/3775406009 conn(0x7f60f01023a0 msgr2=0x7f60f0102f60 unknown :-1 s=STATE_NONE l=0).mark_down
2024-05-09T08:52:35.113 INFO:teuthology.orchestra.run.smithi100.stdout:/usr/bin/ceph: stderr
2024-05-09T08:52:34.530+0000 7f60f75e0700 1 -- 172.21.15.100:0/3775406009 shutdown_connections
2024-05-09T08:52:35.113 INFO:teuthology.orchestra.run.smithi100.stdout:/usr/bin/ceph: stderr
2024-05-09T08:52:34.530+0000 7f60f75e0700 1 -- 172.21.15.100:0/3775406009 wait complete.
2024-05-09T08:52:35.368 INFO:journalctl@ceph.mgr.x.smithi100.stdout:May 09 08:52:35 smithi100 ceph-2babc2fe-0de1-11ef-bc98-c7b262605968-mgr-x[30616]:
2024-05-09T08:52:35.324+0000 7f98f5917200 -1 mgr[py] Module progress has missing NOTIFY_TYPES member
2024-05-09T08:52:35.624 INFO:journalctl@ceph.mon.a.smithi100.stdout:May 09 08:52:35 smithi100 ceph-mon[30382]: from='client.? 172.21.15.100:0/3775406009' entity='client.admin' cmd='[{"prefix": "mgr module enable", "module": "dashboard"}]': finished
2024-05-09T08:52:35.624 INFO:journalctl@ceph.mon.a.smithi100.stdout:May 09 08:52:35 smithi100 ceph-mon[30382]: mgrmap e9: x(active, since 18s)
2024-05-09T08:52:35.624 INFO:journalctl@ceph.mgr.x.smithi100.stdout:May 09 08:52:35 smithi100 ceph-2babc2fe-0de1-11ef-bc98-c7b262605968-mgr-x[30616]:
2024-05-09T08:52:35.414+0000 7f98f5917200 -1 mgr[py] Module influx has missing NOTIFY_TYPES member
2024-05-09T08:52:36.467 INFO:teuthology.orchestra.run.smithi100.stdout:/usr/bin/ceph: stdout {
2024-05-09T08:52:36.467 INFO:teuthology.orchestra.run.smithi100.stdout:/usr/bin/ceph: stdout "epoch": 9,
2024-05-09T08:52:36.467 INFO:teuthology.orchestra.run.smithi100.stdout:/usr/bin/ceph: stdout "available": true,
2024-05-09T08:52:36.467 INFO:teuthology.orchestra.run.smithi100.stdout:/usr/bin/ceph: stdout "active_name": "x",
2024-05-09T08:52:36.467 INFO:teuthology.orchestra.run.smithi100.stdout:/usr/bin/ceph: stdout "num_standby": 0
2024-05-09T08:52:36.467 INFO:teuthology.orchestra.run.smithi100.stdout:/usr/bin/ceph: stdout }
2024-05-09T08:52:36.468 INFO:teuthology.orchestra.run.smithi100.stdout:/usr/bin/ceph: stderr
2024-05-09T08:52:35.624+0000 7f7bb4590700 1 Processor -- start
2024-05-09T08:52:36.468 INFO:teuthology.orchestra.run.smithi100.stdout:/usr/bin/ceph: stderr
2024-05-09T08:52:35.624+0000 7f7bb4590700 1 -- start start
2024-05-09T08:52:36.468 INFO:teuthology.orchestra.run.smithi100.stdout:/usr/bin/ceph: stderr
2024-05-09T08:52:35.624+0000 7f7bb4590700 1 --2- >> [v2:172.21.15.100:3300/0,v1:172.21.15.100:6789/0] conn(0x7f7bac107e50 0x7f7bac108270 unknown :-1 s=NONE pgs=0 cs=0 l=0 rev1=0 crypto rx=0 tx=0 comp rx=0 tx=0).connect
2024-05-09T08:52:36.468 INFO:teuthology.orchestra.run.smithi100.stdout:/usr/bin/ceph: stderr
2024-05-09T08:52:35.624+0000 7f7bb4590700 1 -- --> [v2:172.21.15.100:3300/0,v1:172.21.15.100:6789/0] -- mon_getmap magic: 0 -- 0x7f7bac1087b0 con 0x7f7bac107e50
2024-05-09T08:52:36.468 INFO:teuthology.orchestra.run.smithi100.stdout:/usr/bin/ceph: stderr
2024-05-09T08:52:35.625+0000 7f7bb232c700 1 --2- >> [v2:172.21.15.100:3300/0,v1:172.21.15.100:6789/0] conn(0x7f7bac107e50 0x7f7bac108270 unknown :-1 s=BANNER_CONNECTING pgs=0 cs=0 l=0 rev1=0 crypto rx=0 tx=0 comp rx=0 tx=0)._handle_peer_banner_payload supported=3 required=0
2024-05-09T08:52:36.468 INFO:teuthology.orchestra.run.smithi100.stdout:/usr/bin/ceph: stderr
2024-05-09T08:52:35.625+0000 7f7bb232c700 1 --2- >> [v2:172.21.15.100:3300/0,v1:172.21.15.100:6789/0] conn(0x7f7bac107e50 0x7f7bac108270 unknown :-1 s=HELLO_CONNECTING pgs=0 cs=0 l=0 rev1=1 crypto rx=0 tx=0 comp rx=0 tx=0).handle_hello peer v2:172.21.15.100:3300/0 says I am v2:172.21.15.100:37426/0 (socket says 172.21.15.100:37426)
2024-05-09T08:52:36.468 INFO:teuthology.orchestra.run.smithi100.stdout:/usr/bin/ceph: stderr
2024-05-09T08:52:35.625+0000 7f7bb232c700 1 -- 172.21.15.100:0/4205421275 learned_addr learned my addr 172.21.15.100:0/4205421275 (peer_addr_for_me v2:172.21.15.100:0/0)
2024-05-09T08:52:36.468 INFO:teuthology.orchestra.run.smithi100.stdout:/usr/bin/ceph: stderr
2024-05-09T08:52:35.625+0000 7f7bb232c700 1 -- 172.21.15.100:0/4205421275 --> [v2:172.21.15.100:3300/0,v1:172.21.15.100:6789/0] -- mon_subscribe({config=0+,monmap=0+}) -- 0x7f7bac108fb0 con 0x7f7bac107e50
2024-05-09T08:52:36.468 INFO:teuthology.orchestra.run.smithi100.stdout:/usr/bin/ceph: stderr
2024-05-09T08:52:35.625+0000 7f7bb232c700 1 --2- 172.21.15.100:0/4205421275 >> [v2:172.21.15.100:3300/0,v1:172.21.15.100:6789/0] conn(0x7f7bac107e50 0x7f7bac108270 secure :-1 s=READY pgs=59 cs=0 l=1 rev1=1 crypto rx=0x7f7ba80098a0 tx=0x7f7ba8009bb0 comp rx=0 tx=0).ready entity=mon.0 client_cookie=53c328d3144f2282 server_cookie=0 in_seq=0 out_seq=0
2024-05-09T08:52:36.468 INFO:teuthology.orchestra.run.smithi100.stdout:/usr/bin/ceph: stderr
2024-05-09T08:52:35.625+0000 7f7bb132a700 1 -- 172.21.15.100:0/4205421275 <== mon.0 v2:172.21.15.100:3300/0 1 ==== mon_map magic: 0 ==== 205+0+0 (secure 0 0 0) 0x7f7ba8004160 con 0x7f7bac107e50
2024-05-09T08:52:36.468 INFO:teuthology.orchestra.run.smithi100.stdout:/usr/bin/ceph: stderr
2024-05-09T08:52:35.625+0000 7f7bb132a700 1 -- 172.21.15.100:0/4205421275 <== mon.0 v2:172.21.15.100:3300/0 2 ==== config(28 keys) ==== 1171+0+0 (secure 0 0 0) 0x7f7ba8004300 con 0x7f7bac107e50
2024-05-09T08:52:36.468 INFO:teuthology.orchestra.run.smithi100.stdout:/usr/bin/ceph: stderr
2024-05-09T08:52:35.625+0000 7f7bb132a700 1 -- 172.21.15.100:0/4205421275 <== mon.0 v2:172.21.15.100:3300/0 3 ==== mon_map magic: 0 ==== 205+0+0 (secure 0 0 0) 0x7f7ba8011bb0 con 0x7f7bac107e50
2024-05-09T08:52:36.468 INFO:teuthology.orchestra.run.smithi100.stdout:/usr/bin/ceph: stderr
2024-05-09T08:52:35.626+0000 7f7bb4590700 1 -- 172.21.15.100:0/4205421275 >> [v2:172.21.15.100:3300/0,v1:172.21.15.100:6789/0] conn(0x7f7bac107e50 msgr2=0x7f7bac108270 secure :-1 s=STATE_CONNECTION_ESTABLISHED l=1).mark_down
2024-05-09T08:52:36.468 INFO:teuthology.orchestra.run.smithi100.stdout:/usr/bin/ceph: stderr
2024-05-09T08:52:35.626+0000 7f7bb4590700 1 --2- 172.21.15.100:0/4205421275 >> [v2:172.21.15.100:3300/0,v1:172.21.15.100:6789/0] conn(0x7f7bac107e50 0x7f7bac108270 secure :-1 s=READY pgs=59 cs=0 l=1 rev1=1 crypto rx=0x7f7ba80098a0 tx=0x7f7ba8009bb0 comp rx=0 tx=0).stop
2024-05-09T08:52:36.468 INFO:teuthology.orchestra.run.smithi100.stdout:/usr/bin/ceph: stderr
2024-05-09T08:52:35.626+0000 7f7bb4590700 1 -- 172.21.15.100:0/4205421275 shutdown_connections
2024-05-09T08:52:36.469 INFO:teuthology.orchestra.run.smithi100.stdout:/usr/bin/ceph: stderr
2024-05-09T08:52:35.626+0000 7f7bb4590700 1 --2- 172.21.15.100:0/4205421275 >> [v2:172.21.15.100:3300/0,v1:172.21.15.100:6789/0] conn(0x7f7bac107e50 0x7f7bac108270 unknown :-1 s=CLOSED pgs=59 cs=0 l=1 rev1=1 crypto rx=0 tx=0 comp rx=0 tx=0).stop
2024-05-09T08:52:36.469 INFO:teuthology.orchestra.run.smithi100.stdout:/usr/bin/ceph: stderr
2024-05-09T08:52:35.626+0000 7f7bb4590700 1 -- 172.21.15.100:0/4205421275 >> 172.21.15.100:0/4205421275 conn(0x7f7bac103450 msgr2=0x7f7bac105870 unknown :-1 s=STATE_NONE l=0).mark_down
2024-05-09T08:52:36.469 INFO:teuthology.orchestra.run.smithi100.stdout:/usr/bin/ceph: stderr
2024-05-09T08:52:35.626+0000 7f7bb4590700 1 -- 172.21.15.100:0/4205421275 shutdown_connections
2024-05-09T08:52:36.469 INFO:teuthology.orchestra.run.smithi100.stdout:/usr/bin/ceph: stderr
2024-05-09T08:52:35.626+0000 7f7bb4590700 1 -- 172.21.15.100:0/4205421275 wait complete.
2024-05-09T08:52:36.469 INFO:teuthology.orchestra.run.smithi100.stdout:/usr/bin/ceph: stderr
2024-05-09T08:52:35.627+0000 7f7bb4590700 1 Processor -- start
2024-05-09T08:52:36.469 INFO:teuthology.orchestra.run.smithi100.stdout:/usr/bin/ceph: stderr
2024-05-09T08:52:35.627+0000 7f7bb4590700 1 -- start start
2024-05-09T08:52:36.469 INFO:teuthology.orchestra.run.smithi100.stdout:/usr/bin/ceph: stderr
2024-05-09T08:52:35.627+0000 7f7bb4590700 1 --2- >> [v2:172.21.15.100:3300/0,v1:172.21.15.100:6789/0] conn(0x7f7bac107e50 0x7f7bac19bf20 unknown :-1 s=NONE pgs=0 cs=0 l=1 rev1=0 crypto rx=0 tx=0 comp rx=0 tx=0).connect
2024-05-09T08:52:36.469 INFO:teuthology.orchestra.run.smithi100.stdout:/usr/bin/ceph: stderr
2024-05-09T08:52:35.627+0000 7f7bb4590700 1 -- --> [v2:172.21.15.100:3300/0,v1:172.21.15.100:6789/0] -- mon_getmap magic: 0 -- 0x7f7bac10c3f0 con 0x7f7bac107e50
2024-05-09T08:52:36.469 INFO:teuthology.orchestra.run.smithi100.stdout:/usr/bin/ceph: stderr
2024-05-09T08:52:35.627+0000 7f7bb232c700 1 --2- >> [v2:172.21.15.100:3300/0,v1:172.21.15.100:6789/0] conn(0x7f7bac107e50 0x7f7bac19bf20 unknown :-1 s=BANNER_CONNECTING pgs=0 cs=0 l=1 rev1=0 crypto rx=0 tx=0 comp rx=0 tx=0)._handle_peer_banner_payload supported=3 required=0
2024-05-09T08:52:36.469 INFO:teuthology.orchestra.run.smithi100.stdout:/usr/bin/ceph: stderr
2024-05-09T08:52:35.627+0000 7f7bb232c700 1 --2- >> [v2:172.21.15.100:3300/0,v1:172.21.15.100:6789/0] conn(0x7f7bac107e50 0x7f7bac19bf20 unknown :-1 s=HELLO_CONNECTING pgs=0 cs=0 l=1 rev1=1 crypto rx=0 tx=0 comp rx=0 tx=0).handle_hello peer v2:172.21.15.100:3300/0 says I am v2:172.21.15.100:37432/0 (socket says 172.21.15.100:37432)
2024-05-09T08:52:36.469 INFO:teuthology.orchestra.run.smithi100.stdout:/usr/bin/ceph: stderr
2024-05-09T08:52:35.627+0000 7f7bb232c700 1 -- 172.21.15.100:0/2567115853 learned_addr learned my addr 172.21.15.100:0/2567115853 (peer_addr_for_me v2:172.21.15.100:0/0)
2024-05-09T08:52:36.469 INFO:teuthology.orchestra.run.smithi100.stdout:/usr/bin/ceph: stderr
2024-05-09T08:52:35.627+0000 7f7bb232c700 1 -- 172.21.15.100:0/2567115853 --> [v2:172.21.15.100:3300/0,v1:172.21.15.100:6789/0] -- mon_subscribe({config=0+,monmap=0+}) -- 0x7f7bac19c460 con 0x7f7bac107e50
2024-05-09T08:52:36.469 INFO:teuthology.orchestra.run.smithi100.stdout:/usr/bin/ceph: stderr
2024-05-09T08:52:35.627+0000 7f7bb232c700 1 --2- 172.21.15.100:0/2567115853 >> [v2:172.21.15.100:3300/0,v1:172.21.15.100:6789/0] conn(0x7f7bac107e50 0x7f7bac19bf20 secure :-1 s=READY pgs=60 cs=0 l=1 rev1=1 crypto rx=0x7f7ba8011770 tx=0x7f7ba8011bc0 comp rx=0 tx=0).ready entity=mon.0 client_cookie=0 server_cookie=0 in_seq=0 out_seq=0
2024-05-09T08:52:36.470 INFO:teuthology.orchestra.run.smithi100.stdout:/usr/bin/ceph: stderr
2024-05-09T08:52:35.628+0000 7f7ba37fe700 1 -- 172.21.15.100:0/2567115853 <== mon.0 v2:172.21.15.100:3300/0 1 ==== mon_map magic: 0 ==== 205+0+0 (secure 0 0 0) 0x7f7ba80039c0 con 0x7f7bac107e50
2024-05-09T08:52:36.470 INFO:teuthology.orchestra.run.smithi100.stdout:/usr/bin/ceph: stderr
2024-05-09T08:52:35.628+0000 7f7ba37fe700 1 -- 172.21.15.100:0/2567115853 <== mon.0 v2:172.21.15.100:3300/0 2 ==== config(28 keys) ==== 1171+0+0 (secure 0 0 0) 0x7f7ba8003b60 con 0x7f7bac107e50
2024-05-09T08:52:36.470 INFO:teuthology.orchestra.run.smithi100.stdout:/usr/bin/ceph: stderr
2024-05-09T08:52:35.628+0000 7f7bb4590700 1 -- 172.21.15.100:0/2567115853 --> [v2:172.21.15.100:3300/0,v1:172.21.15.100:6789/0] -- mon_subscribe({mgrmap=0+}) -- 0x7f7bac19c6f0 con 0x7f7bac107e50
2024-05-09T08:52:36.470 INFO:teuthology.orchestra.run.smithi100.stdout:/usr/bin/ceph: stderr
2024-05-09T08:52:35.628+0000 7f7ba37fe700 1 -- 172.21.15.100:0/2567115853 <== mon.0 v2:172.21.15.100:3300/0 3 ==== mon_map magic: 0 ==== 205+0+0 (secure 0 0 0) 0x7f7ba801a720 con 0x7f7bac107e50
2024-05-09T08:52:36.470 INFO:teuthology.orchestra.run.smithi100.stdout:/usr/bin/ceph: stderr
2024-05-09T08:52:35.628+0000 7f7bb4590700 1 -- 172.21.15.100:0/2567115853 --> [v2:172.21.15.100:3300/0,v1:172.21.15.100:6789/0] -- mon_subscribe({osdmap=0}) -- 0x7f7bac19f3e0 con 0x7f7bac107e50
2024-05-09T08:52:36.470 INFO:teuthology.orchestra.run.smithi100.stdout:/usr/bin/ceph: stderr
2024-05-09T08:52:35.629+0000 7f7bb4590700 1 -- 172.21.15.100:0/2567115853 --> [v2:172.21.15.100:3300/0,v1:172.21.15.100:6789/0] -- mon_command({"prefix": "get_command_descriptions"} v 0) -- 0x7f7bac063980 con 0x7f7bac107e50
2024-05-09T08:52:36.470 INFO:teuthology.orchestra.run.smithi100.stdout:/usr/bin/ceph: stderr
2024-05-09T08:52:35.629+0000 7f7ba37fe700 1 -- 172.21.15.100:0/2567115853 <== mon.0 v2:172.21.15.100:3300/0 4 ==== mgrmap(e 9) ==== 46300+0+0 (secure 0 0 0) 0x7f7ba8024430 con 0x7f7bac107e50
2024-05-09T08:52:36.470 INFO:teuthology.orchestra.run.smithi100.stdout:/usr/bin/ceph: stderr
2024-05-09T08:52:35.629+0000 7f7ba37fe700 1 --2- 172.21.15.100:0/2567115853 >> [v2:172.21.15.100:6800/453788238,v1:172.21.15.100:6801/453788238] conn(0x7f7b98039050 0x7f7b9803b510 unknown :-1 s=NONE pgs=0 cs=0 l=1 rev1=0 crypto rx=0 tx=0 comp rx=0 tx=0).connect
2024-05-09T08:52:36.470 INFO:teuthology.orchestra.run.smithi100.stdout:/usr/bin/ceph: stderr
2024-05-09T08:52:35.629+0000 7f7ba37fe700 1 -- 172.21.15.100:0/2567115853 <== mon.0 v2:172.21.15.100:3300/0 5 ==== osd_map(2..2 src has 1..2) ==== 940+0+0 (secure 0 0 0) 0x7f7ba804d530 con 0x7f7bac107e50
2024-05-09T08:52:36.470 INFO:teuthology.orchestra.run.smithi100.stdout:/usr/bin/ceph: stderr
2024-05-09T08:52:35.629+0000 7f7bb1b2b700 1 -- 172.21.15.100:0/2567115853 >> [v2:172.21.15.100:6800/453788238,v1:172.21.15.100:6801/453788238] conn(0x7f7b98039050 msgr2=0x7f7b9803b510 unknown :-1 s=STATE_CONNECTING_RE l=1).process reconnect failed to v2:172.21.15.100:6800/453788238
2024-05-09T08:52:36.470 INFO:teuthology.orchestra.run.smithi100.stdout:/usr/bin/ceph: stderr
2024-05-09T08:52:35.629+0000 7f7bb1b2b700 1 --2- 172.21.15.100:0/2567115853 >> [v2:172.21.15.100:6800/453788238,v1:172.21.15.100:6801/453788238] conn(0x7f7b98039050 0x7f7b9803b510 unknown :-1 s=START_CONNECT pgs=0 cs=0 l=1 rev1=0 crypto rx=0 tx=0 comp rx=0 tx=0)._fault waiting 0.200000
2024-05-09T08:52:36.470 INFO:teuthology.orchestra.run.smithi100.stdout:/usr/bin/ceph: stderr
2024-05-09T08:52:35.634+0000 7f7ba37fe700 1 -- 172.21.15.100:0/2567115853 <== mon.0 v2:172.21.15.100:3300/0 6 ==== mon_command_ack([{"prefix": "get_command_descriptions"}]=0 v0) ==== 72+0+186147 (secure 0 0 0) 0x7f7ba800f2e0 con 0x7f7bac107e50
2024-05-09T08:52:36.471 INFO:teuthology.orchestra.run.smithi100.stdout:/usr/bin/ceph: stderr
2024-05-09T08:52:35.830+0000 7f7bb1b2b700 1 -- 172.21.15.100:0/2567115853 >> [v2:172.21.15.100:6800/453788238,v1:172.21.15.100:6801/453788238] conn(0x7f7b98039050 msgr2=0x7f7b9803b510 unknown :-1 s=STATE_CONNECTING_RE l=1).process reconnect failed to v2:172.21.15.100:6800/453788238
2024-05-09T08:52:36.471 INFO:teuthology.orchestra.run.smithi100.stdout:/usr/bin/ceph: stderr
2024-05-09T08:52:35.830+0000 7f7bb1b2b700 1 --2- 172.21.15.100:0/2567115853 >> [v2:172.21.15.100:6800/453788238,v1:172.21.15.100:6801/453788238] conn(0x7f7b98039050 0x7f7b9803b510 unknown :-1 s=START_CONNECT pgs=0 cs=0 l=1 rev1=0 crypto rx=0 tx=0 comp rx=0 tx=0)._fault waiting 0.400000
2024-05-09T08:52:36.471 INFO:teuthology.orchestra.run.smithi100.stdout:/usr/bin/ceph: stderr
2024-05-09T08:52:35.929+0000 7f7bb4590700 1 -- 172.21.15.100:0/2567115853 --> [v2:172.21.15.100:3300/0,v1:172.21.15.100:6789/0] -- mon_command({"prefix": "mgr stat"} v 0) -- 0x7f7bac19f5b0 con 0x7f7bac107e50
2024-05-09T08:52:36.471 INFO:teuthology.orchestra.run.smithi100.stdout:/usr/bin/ceph: stderr
2024-05-09T08:52:35.930+0000 7f7ba37fe700 1 -- 172.21.15.100:0/2567115853 <== mon.0 v2:172.21.15.100:3300/0 7 ==== mon_command_ack([{"prefix": "mgr stat"}]=0 v9) ==== 56+0+88 (secure 0 0 0) 0x7f7ba8024720 con 0x7f7bac107e50
2024-05-09T08:52:36.471 INFO:teuthology.orchestra.run.smithi100.stdout:/usr/bin/ceph: stderr
2024-05-09T08:52:35.932+0000 7f7bb4590700 1 -- 172.21.15.100:0/2567115853 >> [v2:172.21.15.100:6800/453788238,v1:172.21.15.100:6801/453788238] conn(0x7f7b98039050 msgr2=0x7f7b9803b510 unknown :-1 s=STATE_CONNECTING l=1).mark_down
2024-05-09T08:52:36.471 INFO:teuthology.orchestra.run.smithi100.stdout:/usr/bin/ceph: stderr
2024-05-09T08:52:35.932+0000 7f7bb4590700 1 --2- 172.21.15.100:0/2567115853 >> [v2:172.21.15.100:6800/453788238,v1:172.21.15.100:6801/453788238] conn(0x7f7b98039050 0x7f7b9803b510 unknown :-1 s=START_CONNECT pgs=0 cs=0 l=1 rev1=0 crypto rx=0 tx=0 comp rx=0 tx=0).stop
2024-05-09T08:52:36.471 INFO:teuthology.orchestra.run.smithi100.stdout:/usr/bin/ceph: stderr
2024-05-09T08:52:35.932+0000 7f7bb4590700 1 -- 172.21.15.100:0/2567115853 >> [v2:172.21.15.100:3300/0,v1:172.21.15.100:6789/0] conn(0x7f7bac107e50 msgr2=0x7f7bac19bf20 secure :-1 s=STATE_CONNECTION_ESTABLISHED l=1).mark_down
2024-05-09T08:52:36.471 INFO:teuthology.orchestra.run.smithi100.stdout:/usr/bin/ceph: stderr
2024-05-09T08:52:35.932+0000 7f7bb4590700 1 --2- 172.21.15.100:0/2567115853 >> [v2:172.21.15.100:3300/0,v1:172.21.15.100:6789/0] conn(0x7f7bac107e50 0x7f7bac19bf20 secure :-1 s=READY pgs=60 cs=0 l=1 rev1=1 crypto rx=0x7f7ba8011770 tx=0x7f7ba8011bc0 comp rx=0 tx=0).stop
2024-05-09T08:52:36.471 INFO:teuthology.orchestra.run.smithi100.stdout:/usr/bin/ceph: stderr
2024-05-09T08:52:35.932+0000 7f7bb4590700 1 -- 172.21.15.100:0/2567115853 shutdown_connections
2024-05-09T08:52:36.471 INFO:teuthology.orchestra.run.smithi100.stdout:/usr/bin/ceph: stderr
2024-05-09T08:52:35.932+0000 7f7bb4590700 1 --2- 172.21.15.100:0/2567115853 >> [v2:172.21.15.100:6800/453788238,v1:172.21.15.100:6801/453788238] conn(0x7f7b98039050 0x7f7b9803b510 unknown :-1 s=CLOSED pgs=0 cs=0 l=1 rev1=0 crypto rx=0 tx=0 comp rx=0 tx=0).stop
2024-05-09T08:52:36.471 INFO:teuthology.orchestra.run.smithi100.stdout:/usr/bin/ceph: stderr
2024-05-09T08:52:35.932+0000 7f7bb4590700 1 --2- 172.21.15.100:0/2567115853 >> [v2:172.21.15.100:3300/0,v1:172.21.15.100:6789/0] conn(0x7f7bac107e50 0x7f7bac19bf20 unknown :-1 s=CLOSED pgs=60 cs=0 l=1 rev1=1 crypto rx=0 tx=0 comp rx=0 tx=0).stop
2024-05-09T08:52:36.471 INFO:teuthology.orchestra.run.smithi100.stdout:/usr/bin/ceph: stderr
2024-05-09T08:52:35.932+0000 7f7bb4590700 1 -- 172.21.15.100:0/2567115853 >> 172.21.15.100:0/2567115853 conn(0x7f7bac103450 msgr2=0x7f7bac104050 unknown :-1 s=STATE_NONE l=0).mark_down
2024-05-09T08:52:36.471 INFO:teuthology.orchestra.run.smithi100.stdout:/usr/bin/ceph: stderr
2024-05-09T08:52:35.932+0000 7f7bb4590700 1 -- 172.21.15.100:0/2567115853 shutdown_connections
2024-05-09T08:52:36.471 INFO:teuthology.orchestra.run.smithi100.stdout:/usr/bin/ceph: stderr
2024-05-09T08:52:35.932+0000 7f7bb4590700 1 -- 172.21.15.100:0/2567115853 wait complete.
2024-05-09T08:52:36.472 INFO:teuthology.orchestra.run.smithi100.stdout:Waiting for the mgr to restart...
2024-05-09T08:52:36.472 INFO:teuthology.orchestra.run.smithi100.stdout:Waiting for mgr epoch 9...
2024-05-09T08:52:36.814 INFO:journalctl@ceph.mon.a.smithi100.stdout:May 09 08:52:36 smithi100 ceph-mon[30382]: from='client.? 172.21.15.100:0/2567115853' entity='client.admin' cmd=[{"prefix": "mgr stat"}]: dispatch
2024-05-09T08:52:36.814 INFO:journalctl@ceph.mgr.x.smithi100.stdout:May 09 08:52:36 smithi100 ceph-2babc2fe-0de1-11ef-bc98-c7b262605968-mgr-x[30616]:
2024-05-09T08:52:36.636+0000 7f98f5917200 -1 mgr[py] Module telegraf has missing NOTIFY_TYPES member
2024-05-09T08:52:36.814 INFO:journalctl@ceph.mgr.x.smithi100.stdout:May 09 08:52:36 smithi100 ceph-2babc2fe-0de1-11ef-bc98-c7b262605968-mgr-x[30616]:
2024-05-09T08:52:36.814+0000 7f98f5917200 -1 mgr[py] Module osd_support has missing NOTIFY_TYPES member
2024-05-09T08:52:37.095 INFO:journalctl@ceph.mgr.x.smithi100.stdout:May 09 08:52:36 smithi100 ceph-2babc2fe-0de1-11ef-bc98-c7b262605968-mgr-x[30616]:
2024-05-09T08:52:36.987+0000 7f98f5917200 -1 mgr[py] Module iostat has missing NOTIFY_TYPES member
2024-05-09T08:52:37.576 INFO:journalctl@ceph.mgr.x.smithi100.stdout:May 09 08:52:37 smithi100 ceph-2babc2fe-0de1-11ef-bc98-c7b262605968-mgr-x[30616]:
2024-05-09T08:52:37.279+0000 7f98f5917200 -1 mgr[py] Module alerts has missing NOTIFY_TYPES member
2024-05-09T08:52:37.576 INFO:journalctl@ceph.mgr.x.smithi100.stdout:May 09 08:52:37 smithi100 ceph-2babc2fe-0de1-11ef-bc98-c7b262605968-mgr-x[30616]:
2024-05-09T08:52:37.372+0000 7f98f5917200 -1 mgr[py] Module selftest has missing NOTIFY_TYPES member
2024-05-09T08:52:37.576 INFO:journalctl@ceph.mgr.x.smithi100.stdout:May 09 08:52:37 smithi100 ceph-2babc2fe-0de1-11ef-bc98-c7b262605968-mgr-x[30616]:
