2024-05-09T08:59:01.096+0000 7fd6b2ffd700 1 -- 172.21.15.64:0/4112162263 --> [v2:172.21.15.64:3300/0,v1:172.21.15.64:6789/0] -- mon_subscribe({config=0+,monmap=0+}) -- 0x7fd6b4107b80 con 0x7fd6b4106980
2024-05-09T08:59:02.106 INFO:teuthology.orchestra.run.smithi064.stdout:/usr/bin/ceph: stderr
2024-05-09T08:59:01.096+0000 7fd6b2ffd700 1 --2- 172.21.15.64:0/4112162263 >> [v2:172.21.15.64:3300/0,v1:172.21.15.64:6789/0] conn(0x7fd6b4106980 0x7fd6b4106da0 secure :-1 s=READY pgs=22 cs=0 l=1 rev1=1 crypto rx=0x7fd6a40098a0 tx=0x7fd6a4009bb0 comp rx=0 tx=0).ready entity=mon.0 client_cookie=32022ad4908bd585 server_cookie=0 in_seq=0 out_seq=0
2024-05-09T08:59:02.106 INFO:teuthology.orchestra.run.smithi064.stdout:/usr/bin/ceph: stderr
2024-05-09T08:59:01.097+0000 7fd6b1ffb700 1 -- 172.21.15.64:0/4112162263 <== mon.0 v2:172.21.15.64:3300/0 1 ==== mon_map magic: 0 ==== 205+0+0 (secure 0 0 0) 0x7fd6a4004160 con 0x7fd6b4106980
2024-05-09T08:59:02.106 INFO:teuthology.orchestra.run.smithi064.stdout:/usr/bin/ceph: stderr
2024-05-09T08:59:01.097+0000 7fd6b1ffb700 1 -- 172.21.15.64:0/4112162263 <== mon.0 v2:172.21.15.64:3300/0 2 ==== config(26 keys) ==== 1071+0+0 (secure 0 0 0) 0x7fd6a4004300 con 0x7fd6b4106980
2024-05-09T08:59:02.106 INFO:teuthology.orchestra.run.smithi064.stdout:/usr/bin/ceph: stderr
2024-05-09T08:59:01.097+0000 7fd6b1ffb700 1 -- 172.21.15.64:0/4112162263 <== mon.0 v2:172.21.15.64:3300/0 3 ==== mon_map magic: 0 ==== 205+0+0 (secure 0 0 0) 0x7fd6a4011a80 con 0x7fd6b4106980
2024-05-09T08:59:02.106 INFO:teuthology.orchestra.run.smithi064.stdout:/usr/bin/ceph: stderr
2024-05-09T08:59:01.097+0000 7fd6b94ba700 1 -- 172.21.15.64:0/4112162263 >> [v2:172.21.15.64:3300/0,v1:172.21.15.64:6789/0] conn(0x7fd6b4106980 msgr2=0x7fd6b4106da0 secure :-1 s=STATE_CONNECTION_ESTABLISHED l=1).mark_down
2024-05-09T08:59:02.106 INFO:teuthology.orchestra.run.smithi064.stdout:/usr/bin/ceph: stderr
2024-05-09T08:59:01.097+0000 7fd6b94ba700 1 --2- 172.21.15.64:0/4112162263 >> [v2:172.21.15.64:3300/0,v1:172.21.15.64:6789/0] conn(0x7fd6b4106980 0x7fd6b4106da0 secure :-1 s=READY pgs=22 cs=0 l=1 rev1=1 crypto rx=0x7fd6a40098a0 tx=0x7fd6a4009bb0 comp rx=0 tx=0).stop
2024-05-09T08:59:02.106 INFO:teuthology.orchestra.run.smithi064.stdout:/usr/bin/ceph: stderr
2024-05-09T08:59:01.097+0000 7fd6b94ba700 1 -- 172.21.15.64:0/4112162263 shutdown_connections
2024-05-09T08:59:02.106 INFO:teuthology.orchestra.run.smithi064.stdout:/usr/bin/ceph: stderr
2024-05-09T08:59:01.097+0000 7fd6b94ba700 1 --2- 172.21.15.64:0/4112162263 >> [v2:172.21.15.64:3300/0,v1:172.21.15.64:6789/0] conn(0x7fd6b4106980 0x7fd6b4106da0 unknown :-1 s=CLOSED pgs=22 cs=0 l=1 rev1=1 crypto rx=0 tx=0 comp rx=0 tx=0).stop
2024-05-09T08:59:02.106 INFO:teuthology.orchestra.run.smithi064.stdout:/usr/bin/ceph: stderr
2024-05-09T08:59:01.097+0000 7fd6b94ba700 1 -- 172.21.15.64:0/4112162263 >> 172.21.15.64:0/4112162263 conn(0x7fd6b4101f60 msgr2=0x7fd6b4104380 unknown :-1 s=STATE_NONE l=0).mark_down
2024-05-09T08:59:02.106 INFO:teuthology.orchestra.run.smithi064.stdout:/usr/bin/ceph: stderr
2024-05-09T08:59:01.097+0000 7fd6b94ba700 1 -- 172.21.15.64:0/4112162263 shutdown_connections
2024-05-09T08:59:02.106 INFO:teuthology.orchestra.run.smithi064.stdout:/usr/bin/ceph: stderr
2024-05-09T08:59:01.097+0000 7fd6b94ba700 1 -- 172.21.15.64:0/4112162263 wait complete.
2024-05-09T08:59:02.107 INFO:teuthology.orchestra.run.smithi064.stdout:/usr/bin/ceph: stderr
2024-05-09T08:59:01.098+0000 7fd6b94ba700 1 Processor -- start
2024-05-09T08:59:02.107 INFO:teuthology.orchestra.run.smithi064.stdout:/usr/bin/ceph: stderr
2024-05-09T08:59:01.098+0000 7fd6b94ba700 1 -- start start
2024-05-09T08:59:02.107 INFO:teuthology.orchestra.run.smithi064.stdout:/usr/bin/ceph: stderr
2024-05-09T08:59:01.098+0000 7fd6b94ba700 1 --2- >> [v2:172.21.15.64:3300/0,v1:172.21.15.64:6789/0] conn(0x7fd6b4106980 0x7fd6b419ba00 unknown :-1 s=NONE pgs=0 cs=0 l=1 rev1=0 crypto rx=0 tx=0 comp rx=0 tx=0).connect
2024-05-09T08:59:02.107 INFO:teuthology.orchestra.run.smithi064.stdout:/usr/bin/ceph: stderr
2024-05-09T08:59:01.099+0000 7fd6b94ba700 1 -- --> [v2:172.21.15.64:3300/0,v1:172.21.15.64:6789/0] -- mon_getmap magic: 0 -- 0x7fd6b410af30 con 0x7fd6b4106980
2024-05-09T08:59:02.107 INFO:teuthology.orchestra.run.smithi064.stdout:/usr/bin/ceph: stderr
2024-05-09T08:59:01.099+0000 7fd6b2ffd700 1 --2- >> [v2:172.21.15.64:3300/0,v1:172.21.15.64:6789/0] conn(0x7fd6b4106980 0x7fd6b419ba00 unknown :-1 s=BANNER_CONNECTING pgs=0 cs=0 l=1 rev1=0 crypto rx=0 tx=0 comp rx=0 tx=0)._handle_peer_banner_payload supported=3 required=0
2024-05-09T08:59:02.107 INFO:teuthology.orchestra.run.smithi064.stdout:/usr/bin/ceph: stderr
2024-05-09T08:59:01.099+0000 7fd6b2ffd700 1 --2- >> [v2:172.21.15.64:3300/0,v1:172.21.15.64:6789/0] conn(0x7fd6b4106980 0x7fd6b419ba00 unknown :-1 s=HELLO_CONNECTING pgs=0 cs=0 l=1 rev1=1 crypto rx=0 tx=0 comp rx=0 tx=0).handle_hello peer v2:172.21.15.64:3300/0 says I am v2:172.21.15.64:36690/0 (socket says 172.21.15.64:36690)
2024-05-09T08:59:02.107 INFO:teuthology.orchestra.run.smithi064.stdout:/usr/bin/ceph: stderr
2024-05-09T08:59:01.099+0000 7fd6b2ffd700 1 -- 172.21.15.64:0/1352808778 learned_addr learned my addr 172.21.15.64:0/1352808778 (peer_addr_for_me v2:172.21.15.64:0/0)
2024-05-09T08:59:02.107 INFO:teuthology.orchestra.run.smithi064.stdout:/usr/bin/ceph: stderr
2024-05-09T08:59:01.099+0000 7fd6b2ffd700 1 -- 172.21.15.64:0/1352808778 --> [v2:172.21.15.64:3300/0,v1:172.21.15.64:6789/0] -- mon_subscribe({config=0+,monmap=0+}) -- 0x7fd6b419bf40 con 0x7fd6b4106980
2024-05-09T08:59:02.107 INFO:teuthology.orchestra.run.smithi064.stdout:/usr/bin/ceph: stderr
2024-05-09T08:59:01.099+0000 7fd6b2ffd700 1 --2- 172.21.15.64:0/1352808778 >> [v2:172.21.15.64:3300/0,v1:172.21.15.64:6789/0] conn(0x7fd6b4106980 0x7fd6b419ba00 secure :-1 s=READY pgs=23 cs=0 l=1 rev1=1 crypto rx=0x7fd6a4000c00 tx=0x7fd6a4011b00 comp rx=0 tx=0).ready entity=mon.0 client_cookie=0 server_cookie=0 in_seq=0 out_seq=0
2024-05-09T08:59:02.107 INFO:teuthology.orchestra.run.smithi064.stdout:/usr/bin/ceph: stderr
2024-05-09T08:59:01.099+0000 7fd69bfff700 1 -- 172.21.15.64:0/1352808778 <== mon.0 v2:172.21.15.64:3300/0 1 ==== mon_map magic: 0 ==== 205+0+0 (secure 0 0 0) 0x7fd6a40039f0 con 0x7fd6b4106980
2024-05-09T08:59:02.107 INFO:teuthology.orchestra.run.smithi064.stdout:/usr/bin/ceph: stderr
2024-05-09T08:59:01.099+0000 7fd6b94ba700 1 -- 172.21.15.64:0/1352808778 --> [v2:172.21.15.64:3300/0,v1:172.21.15.64:6789/0] -- mon_subscribe({mgrmap=0+}) -- 0x7fd6b419c1d0 con 0x7fd6b4106980
2024-05-09T08:59:02.107 INFO:teuthology.orchestra.run.smithi064.stdout:/usr/bin/ceph: stderr
2024-05-09T08:59:01.099+0000 7fd69bfff700 1 -- 172.21.15.64:0/1352808778 <== mon.0 v2:172.21.15.64:3300/0 2 ==== config(26 keys) ==== 1071+0+0 (secure 0 0 0) 0x7fd6a4003b90 con 0x7fd6b4106980
2024-05-09T08:59:02.107 INFO:teuthology.orchestra.run.smithi064.stdout:/usr/bin/ceph: stderr
2024-05-09T08:59:01.099+0000 7fd6b94ba700 1 -- 172.21.15.64:0/1352808778 --> [v2:172.21.15.64:3300/0,v1:172.21.15.64:6789/0] -- mon_subscribe({osdmap=0}) -- 0x7fd6b419eec0 con 0x7fd6b4106980
2024-05-09T08:59:02.107 INFO:teuthology.orchestra.run.smithi064.stdout:/usr/bin/ceph: stderr
2024-05-09T08:59:01.099+0000 7fd69bfff700 1 -- 172.21.15.64:0/1352808778 <== mon.0 v2:172.21.15.64:3300/0 3 ==== mon_map magic: 0 ==== 205+0+0 (secure 0 0 0) 0x7fd6a401a740 con 0x7fd6b4106980
2024-05-09T08:59:02.107 INFO:teuthology.orchestra.run.smithi064.stdout:/usr/bin/ceph: stderr
2024-05-09T08:59:01.100+0000 7fd69bfff700 1 -- 172.21.15.64:0/1352808778 <== mon.0 v2:172.21.15.64:3300/0 4 ==== mgrmap(e 4) ==== 46276+0+0 (secure 0 0 0) 0x7fd6a401aa40 con 0x7fd6b4106980
2024-05-09T08:59:02.108 INFO:teuthology.orchestra.run.smithi064.stdout:/usr/bin/ceph: stderr
2024-05-09T08:59:01.100+0000 7fd6b94ba700 1 -- 172.21.15.64:0/1352808778 --> [v2:172.21.15.64:3300/0,v1:172.21.15.64:6789/0] -- mon_command({"prefix": "get_command_descriptions"} v 0) -- 0x7fd6b4063980 con 0x7fd6b4106980
2024-05-09T08:59:02.108 INFO:teuthology.orchestra.run.smithi064.stdout:/usr/bin/ceph: stderr
2024-05-09T08:59:01.100+0000 7fd69bfff700 1 --2- 172.21.15.64:0/1352808778 >> [v2:172.21.15.64:6800/421426620,v1:172.21.15.64:6801/421426620] conn(0x7fd69c039000 0x7fd69c03b4c0 unknown :-1 s=NONE pgs=0 cs=0 l=1 rev1=0 crypto rx=0 tx=0 comp rx=0 tx=0).connect
2024-05-09T08:59:02.108 INFO:teuthology.orchestra.run.smithi064.stdout:/usr/bin/ceph: stderr
2024-05-09T08:59:01.100+0000 7fd69bfff700 1 -- 172.21.15.64:0/1352808778 <== mon.0 v2:172.21.15.64:3300/0 5 ==== osd_map(1..1 src has 1..1) ==== 725+0+0 (secure 0 0 0) 0x7fd6a404d4c0 con 0x7fd6b4106980
2024-05-09T08:59:02.108 INFO:teuthology.orchestra.run.smithi064.stdout:/usr/bin/ceph: stderr
2024-05-09T08:59:01.101+0000 7fd6b27fc700 1 --2- 172.21.15.64:0/1352808778 >> [v2:172.21.15.64:6800/421426620,v1:172.21.15.64:6801/421426620] conn(0x7fd69c039000 0x7fd69c03b4c0 unknown :-1 s=BANNER_CONNECTING pgs=0 cs=0 l=1 rev1=0 crypto rx=0 tx=0 comp rx=0 tx=0)._handle_peer_banner_payload supported=3 required=0
2024-05-09T08:59:02.108 INFO:teuthology.orchestra.run.smithi064.stdout:/usr/bin/ceph: stderr
2024-05-09T08:59:01.101+0000 7fd6b27fc700 1 --2- 172.21.15.64:0/1352808778 >> [v2:172.21.15.64:6800/421426620,v1:172.21.15.64:6801/421426620] conn(0x7fd69c039000 0x7fd69c03b4c0 secure :-1 s=READY pgs=8 cs=0 l=1 rev1=1 crypto rx=0x7fd6a8006fd0 tx=0x7fd6a8006e40 comp rx=0 tx=0).ready entity=mgr.14100 client_cookie=0 server_cookie=0 in_seq=0 out_seq=0
2024-05-09T08:59:02.108 INFO:teuthology.orchestra.run.smithi064.stdout:/usr/bin/ceph: stderr
2024-05-09T08:59:01.105+0000 7fd69bfff700 1 -- 172.21.15.64:0/1352808778 <== mon.0 v2:172.21.15.64:3300/0 6 ==== mon_command_ack([{"prefix": "get_command_descriptions"}]=0 v0) ==== 72+0+186147 (secure 0 0 0) 0x7fd6a400ba00 con 0x7fd6b4106980
2024-05-09T08:59:02.108 INFO:teuthology.orchestra.run.smithi064.stdout:/usr/bin/ceph: stderr
2024-05-09T08:59:01.370+0000 7fd6b94ba700 1 -- 172.21.15.64:0/1352808778 --> [v2:172.21.15.64:3300/0,v1:172.21.15.64:6789/0] -- mon_command({"prefix": "mgr module enable", "module": "cephadm"} v 0) -- 0x7fd6b40008d0 con 0x7fd6b4106980
2024-05-09T08:59:02.108 INFO:teuthology.orchestra.run.smithi064.stdout:/usr/bin/ceph: stderr
2024-05-09T08:59:01.508+0000 7fd69bfff700 1 -- 172.21.15.64:0/1352808778 <== mon.0 v2:172.21.15.64:3300/0 7 ==== mon_command_ack([{"prefix": "mgr module enable", "module": "cephadm"}]=0 v5) ==== 86+0+0 (secure 0 0 0) 0x7fd6a404cee0 con 0x7fd6b4106980
2024-05-09T08:59:02.108 INFO:teuthology.orchestra.run.smithi064.stdout:/usr/bin/ceph: stderr
2024-05-09T08:59:01.510+0000 7fd69bfff700 1 -- 172.21.15.64:0/1352808778 <== mon.0 v2:172.21.15.64:3300/0 8 ==== mgrmap(e 5) ==== 46287+0+0 (secure 0 0 0) 0x7fd6a402d910 con 0x7fd6b4106980
2024-05-09T08:59:02.108 INFO:teuthology.orchestra.run.smithi064.stdout:/usr/bin/ceph: stderr
2024-05-09T08:59:01.511+0000 7fd6b94ba700 1 -- 172.21.15.64:0/1352808778 >> [v2:172.21.15.64:6800/421426620,v1:172.21.15.64:6801/421426620] conn(0x7fd69c039000 msgr2=0x7fd69c03b4c0 secure :-1 s=STATE_CONNECTION_ESTABLISHED l=1).mark_down
2024-05-09T08:59:02.108 INFO:teuthology.orchestra.run.smithi064.stdout:/usr/bin/ceph: stderr
2024-05-09T08:59:01.511+0000 7fd6b94ba700 1 --2- 172.21.15.64:0/1352808778 >> [v2:172.21.15.64:6800/421426620,v1:172.21.15.64:6801/421426620] conn(0x7fd69c039000 0x7fd69c03b4c0 secure :-1 s=READY pgs=8 cs=0 l=1 rev1=1 crypto rx=0x7fd6a8006fd0 tx=0x7fd6a8006e40 comp rx=0 tx=0).stop
2024-05-09T08:59:02.108 INFO:teuthology.orchestra.run.smithi064.stdout:/usr/bin/ceph: stderr
2024-05-09T08:59:01.511+0000 7fd6b94ba700 1 -- 172.21.15.64:0/1352808778 >> [v2:172.21.15.64:3300/0,v1:172.21.15.64:6789/0] conn(0x7fd6b4106980 msgr2=0x7fd6b419ba00 secure :-1 s=STATE_CONNECTION_ESTABLISHED l=1).mark_down
2024-05-09T08:59:02.108 INFO:teuthology.orchestra.run.smithi064.stdout:/usr/bin/ceph: stderr
2024-05-09T08:59:01.511+0000 7fd6b94ba700 1 --2- 172.21.15.64:0/1352808778 >> [v2:172.21.15.64:3300/0,v1:172.21.15.64:6789/0] conn(0x7fd6b4106980 0x7fd6b419ba00 secure :-1 s=READY pgs=23 cs=0 l=1 rev1=1 crypto rx=0x7fd6a4000c00 tx=0x7fd6a4011b00 comp rx=0 tx=0).stop
2024-05-09T08:59:02.108 INFO:teuthology.orchestra.run.smithi064.stdout:/usr/bin/ceph: stderr
2024-05-09T08:59:01.511+0000 7fd6b94ba700 1 -- 172.21.15.64:0/1352808778 shutdown_connections
2024-05-09T08:59:02.109 INFO:teuthology.orchestra.run.smithi064.stdout:/usr/bin/ceph: stderr
2024-05-09T08:59:01.511+0000 7fd6b94ba700 1 --2- 172.21.15.64:0/1352808778 >> [v2:172.21.15.64:6800/421426620,v1:172.21.15.64:6801/421426620] conn(0x7fd69c039000 0x7fd69c03b4c0 unknown :-1 s=CLOSED pgs=8 cs=0 l=1 rev1=1 crypto rx=0 tx=0 comp rx=0 tx=0).stop
2024-05-09T08:59:02.109 INFO:teuthology.orchestra.run.smithi064.stdout:/usr/bin/ceph: stderr
2024-05-09T08:59:01.511+0000 7fd6b94ba700 1 --2- 172.21.15.64:0/1352808778 >> [v2:172.21.15.64:3300/0,v1:172.21.15.64:6789/0] conn(0x7fd6b4106980 0x7fd6b419ba00 unknown :-1 s=CLOSED pgs=23 cs=0 l=1 rev1=1 crypto rx=0 tx=0 comp rx=0 tx=0).stop
2024-05-09T08:59:02.109 INFO:teuthology.orchestra.run.smithi064.stdout:/usr/bin/ceph: stderr
2024-05-09T08:59:01.511+0000 7fd6b94ba700 1 -- 172.21.15.64:0/1352808778 >> 172.21.15.64:0/1352808778 conn(0x7fd6b4101f60 msgr2=0x7fd6b4102db0 unknown :-1 s=STATE_NONE l=0).mark_down
2024-05-09T08:59:02.109 INFO:teuthology.orchestra.run.smithi064.stdout:/usr/bin/ceph: stderr
2024-05-09T08:59:01.511+0000 7fd6b94ba700 1 -- 172.21.15.64:0/1352808778 shutdown_connections
2024-05-09T08:59:02.109 INFO:teuthology.orchestra.run.smithi064.stdout:/usr/bin/ceph: stderr
2024-05-09T08:59:01.511+0000 7fd6b94ba700 1 -- 172.21.15.64:0/1352808778 wait complete.
2024-05-09T08:59:02.402 INFO:journalctl@ceph.mgr.x.smithi064.stdout:May 09 08:59:02 smithi064 ceph-2877b902-0de2-11ef-bc98-c7b262605968-mgr-x[30380]:
2024-05-09T08:59:02.313+0000 7fa1e97dc200 -1 mgr[py] Module progress has missing NOTIFY_TYPES member
2024-05-09T08:59:02.734 INFO:journalctl@ceph.mon.a.smithi064.stdout:May 09 08:59:02 smithi064 ceph-mon[30149]: from='client.? 172.21.15.64:0/1352808778' entity='client.admin' cmd='[{"prefix": "mgr module enable", "module": "cephadm"}]': finished
2024-05-09T08:59:02.734 INFO:journalctl@ceph.mon.a.smithi064.stdout:May 09 08:59:02 smithi064 ceph-mon[30149]: mgrmap e5: x(active, since 6s)
2024-05-09T08:59:02.734 INFO:journalctl@ceph.mgr.x.smithi064.stdout:May 09 08:59:02 smithi064 ceph-2877b902-0de2-11ef-bc98-c7b262605968-mgr-x[30380]:
2024-05-09T08:59:02.405+0000 7fa1e97dc200 -1 mgr[py] Module influx has missing NOTIFY_TYPES member
2024-05-09T08:59:03.439 INFO:teuthology.orchestra.run.smithi064.stdout:/usr/bin/ceph: stdout {
2024-05-09T08:59:03.439 INFO:teuthology.orchestra.run.smithi064.stdout:/usr/bin/ceph: stdout "epoch": 5,
2024-05-09T08:59:03.439 INFO:teuthology.orchestra.run.smithi064.stdout:/usr/bin/ceph: stdout "available": true,
2024-05-09T08:59:03.439 INFO:teuthology.orchestra.run.smithi064.stdout:/usr/bin/ceph: stdout "active_name": "x",
2024-05-09T08:59:03.439 INFO:teuthology.orchestra.run.smithi064.stdout:/usr/bin/ceph: stdout "num_standby": 0
2024-05-09T08:59:03.440 INFO:teuthology.orchestra.run.smithi064.stdout:/usr/bin/ceph: stdout }
2024-05-09T08:59:03.440 INFO:teuthology.orchestra.run.smithi064.stdout:/usr/bin/ceph: stderr
2024-05-09T08:59:02.528+0000 7fa1a41b1700 1 Processor -- start
2024-05-09T08:59:03.440 INFO:teuthology.orchestra.run.smithi064.stdout:/usr/bin/ceph: stderr
2024-05-09T08:59:02.529+0000 7fa1a41b1700 1 -- start start
2024-05-09T08:59:03.440 INFO:teuthology.orchestra.run.smithi064.stdout:/usr/bin/ceph: stderr
2024-05-09T08:59:02.529+0000 7fa1a41b1700 1 --2- >> [v2:172.21.15.64:3300/0,v1:172.21.15.64:6789/0] conn(0x7fa19c108590 0x7fa19c10a980 unknown :-1 s=NONE pgs=0 cs=0 l=0 rev1=0 crypto rx=0 tx=0 comp rx=0 tx=0).connect
2024-05-09T08:59:03.440 INFO:teuthology.orchestra.run.smithi064.stdout:/usr/bin/ceph: stderr
2024-05-09T08:59:02.529+0000 7fa1a41b1700 1 -- --> [v2:172.21.15.64:3300/0,v1:172.21.15.64:6789/0] -- mon_getmap magic: 0 -- 0x7fa19c07be90 con 0x7fa19c108590
2024-05-09T08:59:03.440 INFO:teuthology.orchestra.run.smithi064.stdout:/usr/bin/ceph: stderr
2024-05-09T08:59:02.529+0000 7fa1a1f4d700 1 --2- >> [v2:172.21.15.64:3300/0,v1:172.21.15.64:6789/0] conn(0x7fa19c108590 0x7fa19c10a980 unknown :-1 s=BANNER_CONNECTING pgs=0 cs=0 l=0 rev1=0 crypto rx=0 tx=0 comp rx=0 tx=0)._handle_peer_banner_payload supported=3 required=0
2024-05-09T08:59:03.440 INFO:teuthology.orchestra.run.smithi064.stdout:/usr/bin/ceph: stderr
2024-05-09T08:59:02.529+0000 7fa1a1f4d700 1 --2- >> [v2:172.21.15.64:3300/0,v1:172.21.15.64:6789/0] conn(0x7fa19c108590 0x7fa19c10a980 unknown :-1 s=HELLO_CONNECTING pgs=0 cs=0 l=0 rev1=1 crypto rx=0 tx=0 comp rx=0 tx=0).handle_hello peer v2:172.21.15.64:3300/0 says I am v2:172.21.15.64:36726/0 (socket says 172.21.15.64:36726)
2024-05-09T08:59:03.440 INFO:teuthology.orchestra.run.smithi064.stdout:/usr/bin/ceph: stderr
2024-05-09T08:59:02.529+0000 7fa1a1f4d700 1 -- 172.21.15.64:0/2165158648 learned_addr learned my addr 172.21.15.64:0/2165158648 (peer_addr_for_me v2:172.21.15.64:0/0)
2024-05-09T08:59:03.440 INFO:teuthology.orchestra.run.smithi064.stdout:/usr/bin/ceph: stderr
2024-05-09T08:59:02.529+0000 7fa1a1f4d700 1 -- 172.21.15.64:0/2165158648 --> [v2:172.21.15.64:3300/0,v1:172.21.15.64:6789/0] -- mon_subscribe({config=0+,monmap=0+}) -- 0x7fa19c10aec0 con 0x7fa19c108590
2024-05-09T08:59:03.440 INFO:teuthology.orchestra.run.smithi064.stdout:/usr/bin/ceph: stderr
2024-05-09T08:59:02.529+0000 7fa1a1f4d700 1 --2- 172.21.15.64:0/2165158648 >> [v2:172.21.15.64:3300/0,v1:172.21.15.64:6789/0] conn(0x7fa19c108590 0x7fa19c10a980 secure :-1 s=READY pgs=26 cs=0 l=1 rev1=1 crypto rx=0x7fa1980098a0 tx=0x7fa198009bb0 comp rx=0 tx=0).ready entity=mon.0 client_cookie=2ec197a89491c377 server_cookie=0 in_seq=0 out_seq=0
2024-05-09T08:59:03.440 INFO:teuthology.orchestra.run.smithi064.stdout:/usr/bin/ceph: stderr
2024-05-09T08:59:02.530+0000 7fa1a0f4b700 1 -- 172.21.15.64:0/2165158648 <== mon.0 v2:172.21.15.64:3300/0 1 ==== mon_map magic: 0 ==== 205+0+0 (secure 0 0 0) 0x7fa198004160 con 0x7fa19c108590
2024-05-09T08:59:03.440 INFO:teuthology.orchestra.run.smithi064.stdout:/usr/bin/ceph: stderr
2024-05-09T08:59:02.530+0000 7fa1a0f4b700 1 -- 172.21.15.64:0/2165158648 <== mon.0 v2:172.21.15.64:3300/0 2 ==== config(26 keys) ==== 1071+0+0 (secure 0 0 0) 0x7fa198004300 con 0x7fa19c108590
2024-05-09T08:59:03.440 INFO:teuthology.orchestra.run.smithi064.stdout:/usr/bin/ceph: stderr
2024-05-09T08:59:02.530+0000 7fa1a0f4b700 1 -- 172.21.15.64:0/2165158648 <== mon.0 v2:172.21.15.64:3300/0 3 ==== mon_map magic: 0 ==== 205+0+0 (secure 0 0 0) 0x7fa198011a80 con 0x7fa19c108590
2024-05-09T08:59:03.440 INFO:teuthology.orchestra.run.smithi064.stdout:/usr/bin/ceph: stderr
2024-05-09T08:59:02.530+0000 7fa1a41b1700 1 -- 172.21.15.64:0/2165158648 >> [v2:172.21.15.64:3300/0,v1:172.21.15.64:6789/0] conn(0x7fa19c108590 msgr2=0x7fa19c10a980 secure :-1 s=STATE_CONNECTION_ESTABLISHED l=1).mark_down
2024-05-09T08:59:03.441 INFO:teuthology.orchestra.run.smithi064.stdout:/usr/bin/ceph: stderr
2024-05-09T08:59:02.530+0000 7fa1a41b1700 1 --2- 172.21.15.64:0/2165158648 >> [v2:172.21.15.64:3300/0,v1:172.21.15.64:6789/0] conn(0x7fa19c108590 0x7fa19c10a980 secure :-1 s=READY pgs=26 cs=0 l=1 rev1=1 crypto rx=0x7fa1980098a0 tx=0x7fa198009bb0 comp rx=0 tx=0).stop
2024-05-09T08:59:03.441 INFO:teuthology.orchestra.run.smithi064.stdout:/usr/bin/ceph: stderr
2024-05-09T08:59:02.530+0000 7fa1a41b1700 1 -- 172.21.15.64:0/2165158648 shutdown_connections
2024-05-09T08:59:03.441 INFO:teuthology.orchestra.run.smithi064.stdout:/usr/bin/ceph: stderr
2024-05-09T08:59:02.530+0000 7fa1a41b1700 1 --2- 172.21.15.64:0/2165158648 >> [v2:172.21.15.64:3300/0,v1:172.21.15.64:6789/0] conn(0x7fa19c108590 0x7fa19c10a980 unknown :-1 s=CLOSED pgs=26 cs=0 l=1 rev1=1 crypto rx=0 tx=0 comp rx=0 tx=0).stop
2024-05-09T08:59:03.441 INFO:teuthology.orchestra.run.smithi064.stdout:/usr/bin/ceph: stderr
2024-05-09T08:59:02.530+0000 7fa1a41b1700 1 -- 172.21.15.64:0/2165158648 >> 172.21.15.64:0/2165158648 conn(0x7fa19c101f60 msgr2=0x7fa19c1043c0 unknown :-1 s=STATE_NONE l=0).mark_down
2024-05-09T08:59:03.441 INFO:teuthology.orchestra.run.smithi064.stdout:/usr/bin/ceph: stderr
2024-05-09T08:59:02.530+0000 7fa1a41b1700 1 -- 172.21.15.64:0/2165158648 shutdown_connections
2024-05-09T08:59:03.441 INFO:teuthology.orchestra.run.smithi064.stdout:/usr/bin/ceph: stderr
2024-05-09T08:59:02.531+0000 7fa1a41b1700 1 -- 172.21.15.64:0/2165158648 wait complete.
2024-05-09T08:59:03.441 INFO:teuthology.orchestra.run.smithi064.stdout:/usr/bin/ceph: stderr
2024-05-09T08:59:02.531+0000 7fa1a41b1700 1 Processor -- start
2024-05-09T08:59:03.441 INFO:teuthology.orchestra.run.smithi064.stdout:/usr/bin/ceph: stderr
2024-05-09T08:59:02.531+0000 7fa1a41b1700 1 -- start start
2024-05-09T08:59:03.441 INFO:teuthology.orchestra.run.smithi064.stdout:/usr/bin/ceph: stderr
2024-05-09T08:59:02.531+0000 7fa1a41b1700 1 --2- >> [v2:172.21.15.64:3300/0,v1:172.21.15.64:6789/0] conn(0x7fa19c108590 0x7fa19c107e10 unknown :-1 s=NONE pgs=0 cs=0 l=1 rev1=0 crypto rx=0 tx=0 comp rx=0 tx=0).connect
2024-05-09T08:59:03.441 INFO:teuthology.orchestra.run.smithi064.stdout:/usr/bin/ceph: stderr
2024-05-09T08:59:02.531+0000 7fa1a41b1700 1 -- --> [v2:172.21.15.64:3300/0,v1:172.21.15.64:6789/0] -- mon_getmap magic: 0 -- 0x7fa19c10be80 con 0x7fa19c108590
2024-05-09T08:59:03.441 INFO:teuthology.orchestra.run.smithi064.stdout:/usr/bin/ceph: stderr
2024-05-09T08:59:02.531+0000 7fa1a1f4d700 1 --2- >> [v2:172.21.15.64:3300/0,v1:172.21.15.64:6789/0] conn(0x7fa19c108590 0x7fa19c107e10 unknown :-1 s=BANNER_CONNECTING pgs=0 cs=0 l=1 rev1=0 crypto rx=0 tx=0 comp rx=0 tx=0)._handle_peer_banner_payload supported=3 required=0
2024-05-09T08:59:03.441 INFO:teuthology.orchestra.run.smithi064.stdout:/usr/bin/ceph: stderr
2024-05-09T08:59:02.532+0000 7fa1a1f4d700 1 --2- >> [v2:172.21.15.64:3300/0,v1:172.21.15.64:6789/0] conn(0x7fa19c108590 0x7fa19c107e10 unknown :-1 s=HELLO_CONNECTING pgs=0 cs=0 l=1 rev1=1 crypto rx=0 tx=0 comp rx=0 tx=0).handle_hello peer v2:172.21.15.64:3300/0 says I am v2:172.21.15.64:36738/0 (socket says 172.21.15.64:36738)
2024-05-09T08:59:03.441 INFO:teuthology.orchestra.run.smithi064.stdout:/usr/bin/ceph: stderr
2024-05-09T08:59:02.532+0000 7fa1a1f4d700 1 -- 172.21.15.64:0/1724389101 learned_addr learned my addr 172.21.15.64:0/1724389101 (peer_addr_for_me v2:172.21.15.64:0/0)
2024-05-09T08:59:03.441 INFO:teuthology.orchestra.run.smithi064.stdout:/usr/bin/ceph: stderr
2024-05-09T08:59:02.532+0000 7fa1a1f4d700 1 -- 172.21.15.64:0/1724389101 --> [v2:172.21.15.64:3300/0,v1:172.21.15.64:6789/0] -- mon_subscribe({config=0+,monmap=0+}) -- 0x7fa19c108350 con 0x7fa19c108590
2024-05-09T08:59:03.441 INFO:teuthology.orchestra.run.smithi064.stdout:/usr/bin/ceph: stderr
2024-05-09T08:59:02.532+0000 7fa1a1f4d700 1 --2- 172.21.15.64:0/1724389101 >> [v2:172.21.15.64:3300/0,v1:172.21.15.64:6789/0] conn(0x7fa19c108590 0x7fa19c107e10 secure :-1 s=READY pgs=27 cs=0 l=1 rev1=1 crypto rx=0x7fa198011a50 tx=0x7fa198011b30 comp rx=0 tx=0).ready entity=mon.0 client_cookie=0 server_cookie=0 in_seq=0 out_seq=0
2024-05-09T08:59:03.442 INFO:teuthology.orchestra.run.smithi064.stdout:/usr/bin/ceph: stderr
2024-05-09T08:59:02.532+0000 7fa192ffd700 1 -- 172.21.15.64:0/1724389101 <== mon.0 v2:172.21.15.64:3300/0 1 ==== mon_map magic: 0 ==== 205+0+0 (secure 0 0 0) 0x7fa198003a80 con 0x7fa19c108590
2024-05-09T08:59:03.442 INFO:teuthology.orchestra.run.smithi064.stdout:/usr/bin/ceph: stderr
2024-05-09T08:59:02.532+0000 7fa192ffd700 1 -- 172.21.15.64:0/1724389101 <== mon.0 v2:172.21.15.64:3300/0 2 ==== config(26 keys) ==== 1071+0+0 (secure 0 0 0) 0x7fa198003c20 con 0x7fa19c108590
2024-05-09T08:59:03.442 INFO:teuthology.orchestra.run.smithi064.stdout:/usr/bin/ceph: stderr
2024-05-09T08:59:02.532+0000 7fa1a41b1700 1 -- 172.21.15.64:0/1724389101 --> [v2:172.21.15.64:3300/0,v1:172.21.15.64:6789/0] -- mon_subscribe({mgrmap=0+}) -- 0x7fa19c106540 con 0x7fa19c108590
2024-05-09T08:59:03.442 INFO:teuthology.orchestra.run.smithi064.stdout:/usr/bin/ceph: stderr
2024-05-09T08:59:02.532+0000 7fa192ffd700 1 -- 172.21.15.64:0/1724389101 <== mon.0 v2:172.21.15.64:3300/0 3 ==== mon_map magic: 0 ==== 205+0+0 (secure 0 0 0) 0x7fa19801a650 con 0x7fa19c108590
2024-05-09T08:59:03.442 INFO:teuthology.orchestra.run.smithi064.stdout:/usr/bin/ceph: stderr
2024-05-09T08:59:02.532+0000 7fa1a41b1700 1 -- 172.21.15.64:0/1724389101 --> [v2:172.21.15.64:3300/0,v1:172.21.15.64:6789/0] -- mon_subscribe({osdmap=0}) -- 0x7fa19c106a80 con 0x7fa19c108590
2024-05-09T08:59:03.442 INFO:teuthology.orchestra.run.smithi064.stdout:/usr/bin/ceph: stderr
2024-05-09T08:59:02.533+0000 7fa192ffd700 1 -- 172.21.15.64:0/1724389101 <== mon.0 v2:172.21.15.64:3300/0 4 ==== mgrmap(e 5) ==== 46287+0+0 (secure 0 0 0) 0x7fa19801a990 con 0x7fa19c108590
2024-05-09T08:59:03.442 INFO:teuthology.orchestra.run.smithi064.stdout:/usr/bin/ceph: stderr
2024-05-09T08:59:02.533+0000 7fa1a41b1700 1 -- 172.21.15.64:0/1724389101 --> [v2:172.21.15.64:3300/0,v1:172.21.15.64:6789/0] -- mon_command({"prefix": "get_command_descriptions"} v 0) -- 0x7fa19c063980 con 0x7fa19c108590
2024-05-09T08:59:03.442 INFO:teuthology.orchestra.run.smithi064.stdout:/usr/bin/ceph: stderr
2024-05-09T08:59:02.534+0000 7fa192ffd700 1 --2- 172.21.15.64:0/1724389101 >> [v2:172.21.15.64:6800/421426620,v1:172.21.15.64:6801/421426620] conn(0x7fa188039050 0x7fa18803b510 unknown :-1 s=NONE pgs=0 cs=0 l=1 rev1=0 crypto rx=0 tx=0 comp rx=0 tx=0).connect
2024-05-09T08:59:03.442 INFO:teuthology.orchestra.run.smithi064.stdout:/usr/bin/ceph: stderr
2024-05-09T08:59:02.534+0000 7fa192ffd700 1 -- 172.21.15.64:0/1724389101 <== mon.0 v2:172.21.15.64:3300/0 5 ==== osd_map(1..1 src has 1..1) ==== 725+0+0 (secure 0 0 0) 0x7fa19804d520 con 0x7fa19c108590
2024-05-09T08:59:03.442 INFO:teuthology.orchestra.run.smithi064.stdout:/usr/bin/ceph: stderr
2024-05-09T08:59:02.534+0000 7fa1a174c700 1 -- 172.21.15.64:0/1724389101 >> [v2:172.21.15.64:6800/421426620,v1:172.21.15.64:6801/421426620] conn(0x7fa188039050 msgr2=0x7fa18803b510 unknown :-1 s=STATE_CONNECTING_RE l=1).process reconnect failed to v2:172.21.15.64:6800/421426620
2024-05-09T08:59:03.442 INFO:teuthology.orchestra.run.smithi064.stdout:/usr/bin/ceph: stderr
2024-05-09T08:59:02.534+0000 7fa1a174c700 1 --2- 172.21.15.64:0/1724389101 >> [v2:172.21.15.64:6800/421426620,v1:172.21.15.64:6801/421426620] conn(0x7fa188039050 0x7fa18803b510 unknown :-1 s=START_CONNECT pgs=0 cs=0 l=1 rev1=0 crypto rx=0 tx=0 comp rx=0 tx=0)._fault waiting 0.200000
2024-05-09T08:59:03.442 INFO:teuthology.orchestra.run.smithi064.stdout:/usr/bin/ceph: stderr
2024-05-09T08:59:02.539+0000 7fa192ffd700 1 -- 172.21.15.64:0/1724389101 <== mon.0 v2:172.21.15.64:3300/0 6 ==== mon_command_ack([{"prefix": "get_command_descriptions"}]=0 v0) ==== 72+0+186147 (secure 0 0 0) 0x7fa198020240 con 0x7fa19c108590
2024-05-09T08:59:03.442 INFO:teuthology.orchestra.run.smithi064.stdout:/usr/bin/ceph: stderr
2024-05-09T08:59:02.735+0000 7fa1a174c700 1 -- 172.21.15.64:0/1724389101 >> [v2:172.21.15.64:6800/421426620,v1:172.21.15.64:6801/421426620] conn(0x7fa188039050 msgr2=0x7fa18803b510 unknown :-1 s=STATE_CONNECTING_RE l=1).process reconnect failed to v2:172.21.15.64:6800/421426620
2024-05-09T08:59:03.442 INFO:teuthology.orchestra.run.smithi064.stdout:/usr/bin/ceph: stderr
2024-05-09T08:59:02.735+0000 7fa1a174c700 1 --2- 172.21.15.64:0/1724389101 >> [v2:172.21.15.64:6800/421426620,v1:172.21.15.64:6801/421426620] conn(0x7fa188039050 0x7fa18803b510 unknown :-1 s=START_CONNECT pgs=0 cs=0 l=1 rev1=0 crypto rx=0 tx=0 comp rx=0 tx=0)._fault waiting 0.400000
2024-05-09T08:59:03.443 INFO:teuthology.orchestra.run.smithi064.stdout:/usr/bin/ceph: stderr
2024-05-09T08:59:02.819+0000 7fa1a41b1700 1 -- 172.21.15.64:0/1724389101 --> [v2:172.21.15.64:3300/0,v1:172.21.15.64:6789/0] -- mon_command({"prefix": "mgr stat"} v 0) -- 0x7fa19c1073b0 con 0x7fa19c108590
2024-05-09T08:59:03.443 INFO:teuthology.orchestra.run.smithi064.stdout:/usr/bin/ceph: stderr
2024-05-09T08:59:02.819+0000 7fa192ffd700 1 -- 172.21.15.64:0/1724389101 <== mon.0 v2:172.21.15.64:3300/0 7 ==== mon_command_ack([{"prefix": "mgr stat"}]=0 v5) ==== 56+0+88 (secure 0 0 0) 0x7fa19800fdd0 con 0x7fa19c108590
2024-05-09T08:59:03.443 INFO:teuthology.orchestra.run.smithi064.stdout:/usr/bin/ceph: stderr
2024-05-09T08:59:02.823+0000 7fa1a41b1700 1 -- 172.21.15.64:0/1724389101 >> [v2:172.21.15.64:6800/421426620,v1:172.21.15.64:6801/421426620] conn(0x7fa188039050 msgr2=0x7fa18803b510 unknown :-1 s=STATE_CONNECTING l=1).mark_down
2024-05-09T08:59:03.443 INFO:teuthology.orchestra.run.smithi064.stdout:/usr/bin/ceph: stderr
2024-05-09T08:59:02.823+0000 7fa1a41b1700 1 --2- 172.21.15.64:0/1724389101 >> [v2:172.21.15.64:6800/421426620,v1:172.21.15.64:6801/421426620] conn(0x7fa188039050 0x7fa18803b510 unknown :-1 s=START_CONNECT pgs=0 cs=0 l=1 rev1=0 crypto rx=0 tx=0 comp rx=0 tx=0).stop
2024-05-09T08:59:03.443 INFO:teuthology.orchestra.run.smithi064.stdout:/usr/bin/ceph: stderr
2024-05-09T08:59:02.823+0000 7fa1a41b1700 1 -- 172.21.15.64:0/1724389101 >> [v2:172.21.15.64:3300/0,v1:172.21.15.64:6789/0] conn(0x7fa19c108590 msgr2=0x7fa19c107e10 secure :-1 s=STATE_CONNECTION_ESTABLISHED l=1).mark_down
2024-05-09T08:59:03.443 INFO:teuthology.orchestra.run.smithi064.stdout:/usr/bin/ceph: stderr
2024-05-09T08:59:02.823+0000 7fa1a41b1700 1 --2- 172.21.15.64:0/1724389101 >> [v2:172.21.15.64:3300/0,v1:172.21.15.64:6789/0] conn(0x7fa19c108590 0x7fa19c107e10 secure :-1 s=READY pgs=27 cs=0 l=1 rev1=1 crypto rx=0x7fa198011a50 tx=0x7fa198011b30 comp rx=0 tx=0).stop
2024-05-09T08:59:03.443 INFO:teuthology.orchestra.run.smithi064.stdout:/usr/bin/ceph: stderr
2024-05-09T08:59:02.823+0000 7fa1a41b1700 1 -- 172.21.15.64:0/1724389101 shutdown_connections
2024-05-09T08:59:03.443 INFO:teuthology.orchestra.run.smithi064.stdout:/usr/bin/ceph: stderr
2024-05-09T08:59:02.823+0000 7fa1a41b1700 1 --2- 172.21.15.64:0/1724389101 >> [v2:172.21.15.64:6800/421426620,v1:172.21.15.64:6801/421426620] conn(0x7fa188039050 0x7fa18803b510 unknown :-1 s=CLOSED pgs=0 cs=0 l=1 rev1=0 crypto rx=0 tx=0 comp rx=0 tx=0).stop
2024-05-09T08:59:03.443 INFO:teuthology.orchestra.run.smithi064.stdout:/usr/bin/ceph: stderr
2024-05-09T08:59:02.823+0000 7fa1a41b1700 1 --2- 172.21.15.64:0/1724389101 >> [v2:172.21.15.64:3300/0,v1:172.21.15.64:6789/0] conn(0x7fa19c108590 0x7fa19c107e10 secure :-1 s=CLOSED pgs=27 cs=0 l=1 rev1=1 crypto rx=0x7fa198011a50 tx=0x7fa198011b30 comp rx=0 tx=0).stop
2024-05-09T08:59:03.443 INFO:teuthology.orchestra.run.smithi064.stdout:/usr/bin/ceph: stderr
2024-05-09T08:59:02.823+0000 7fa1a41b1700 1 -- 172.21.15.64:0/1724389101 >> 172.21.15.64:0/1724389101 conn(0x7fa19c101f60 msgr2=0x7fa19c102a20 unknown :-1 s=STATE_NONE l=0).mark_down
2024-05-09T08:59:03.443 INFO:teuthology.orchestra.run.smithi064.stdout:/usr/bin/ceph: stderr
2024-05-09T08:59:02.825+0000 7fa1a41b1700 1 -- 172.21.15.64:0/1724389101 shutdown_connections
2024-05-09T08:59:03.443 INFO:teuthology.orchestra.run.smithi064.stdout:/usr/bin/ceph: stderr
2024-05-09T08:59:02.826+0000 7fa1a41b1700 1 -- 172.21.15.64:0/1724389101 wait complete.
2024-05-09T08:59:03.443 INFO:teuthology.orchestra.run.smithi064.stdout:Waiting for the mgr to restart...
2024-05-09T08:59:03.443 INFO:teuthology.orchestra.run.smithi064.stdout:Waiting for mgr epoch 5...
2024-05-09T08:59:03.789 INFO:journalctl@ceph.mon.a.smithi064.stdout:May 09 08:59:03 smithi064 ceph-mon[30149]: from='client.? 172.21.15.64:0/1724389101' entity='client.admin' cmd=[{"prefix": "mgr stat"}]: dispatch
2024-05-09T08:59:03.790 INFO:journalctl@ceph.mgr.x.smithi064.stdout:May 09 08:59:03 smithi064 ceph-2877b902-0de2-11ef-bc98-c7b262605968-mgr-x[30380]:
2024-05-09T08:59:03.670+0000 7fa1e97dc200 -1 mgr[py] Module telegraf has missing NOTIFY_TYPES member
2024-05-09T08:59:04.101 INFO:journalctl@ceph.mgr.x.smithi064.stdout:May 09 08:59:03 smithi064 ceph-2877b902-0de2-11ef-bc98-c7b262605968-mgr-x[30380]:
2024-05-09T08:59:03.851+0000 7fa1e97dc200 -1 mgr[py] Module osd_support has missing NOTIFY_TYPES member
2024-05-09T08:59:04.101 INFO:journalctl@ceph.mgr.x.smithi064.stdout:May 09 08:59:04 smithi064 ceph-2877b902-0de2-11ef-bc98-c7b262605968-mgr-x[30380]:
2024-05-09T08:59:04.030+0000 7fa1e97dc200 -1 mgr[py] Module iostat has missing NOTIFY_TYPES member
2024-05-09T08:59:04.402 INFO:journalctl@ceph.mgr.x.smithi064.stdout:May 09 08:59:04 smithi064 ceph-2877b902-0de2-11ef-bc98-c7b262605968-mgr-x[30380]:
2024-05-09T08:59:04.334+0000 7fa1e97dc200 -1 mgr[py] Module alerts has missing NOTIFY_TYPES member
2024-05-09T08:59:04.839 INFO:journalctl@ceph.mgr.x.smithi064.stdout:May 09 08:59:04 smithi064 ceph-2877b902-0de2-11ef-bc98-c7b262605968-mgr-x[30380]:
2024-05-09T08:59:04.430+0000 7fa1e97dc200 -1 mgr[py] Module selftest has missing NOTIFY_TYPES member
2024-05-09T08:59:04.840 INFO:journalctl@ceph.mgr.x.smithi064.stdout:May 09 08:59:04 smithi064 ceph-2877b902-0de2-11ef-bc98-c7b262605968-mgr-x[30380]:
2024-05-09T08:59:04.640+0000 7fa1e97dc200 -1 mgr[py] Module pg_autoscaler has missing NOTIFY_TYPES member
2024-05-09T08:59:05.152 INFO:journalctl@ceph.mgr.x.smithi064.stdout:May 09 08:59:04 smithi064 ceph-2877b902-0de2-11ef-bc98-c7b262605968-mgr-x[30380]:
2024-05-09T08:59:04.840+0000 7fa1e97dc200 -1 mgr[py] Module test_orchestrator has missing NOTIFY_TYPES member
2024-05-09T08:59:05.653 INFO:journalctl@ceph.mgr.x.smithi064.stdout:May 09 08:59:05 smithi064 ceph-2877b902-0de2-11ef-bc98-c7b262605968-mgr-x[30380]:
2024-05-09T08:59:05.469+0000 7fa1e97dc200 -1 mgr[py] Module rook has missing NOTIFY_TYPES member
2024-05-09T08:59:06.215 INFO:journalctl@ceph.mgr.x.smithi064.stdout:May 09 08:59:05 smithi064 ceph-2877b902-0de2-11ef-bc98-c7b262605968-mgr-x[30380]:
2024-05-09T08:59:05.907+0000 7fa1e97dc200 -1 mgr[py] Module volumes has missing NOTIFY_TYPES member
2024-05-09T08:59:06.215 INFO:journalctl@ceph.mgr.x.smithi064.stdout:May 09 08:59:06 smithi064 ceph-2877b902-0de2-11ef-bc98-c7b262605968-mgr-x[30380]:
2024-05-09T08:59:06.007+0000 7fa1e97dc200 -1 mgr[py] Module crash has missing NOTIFY_TYPES member
2024-05-09T08:59:06.215 INFO:journalctl@ceph.mgr.x.smithi064.stdout:May 09 08:59:06 smithi064 ceph-2877b902-0de2-11ef-bc98-c7b262605968-mgr-x[30380]:
2024-05-09T08:59:06.215+0000 7fa1e97dc200 -1 mgr[py] Module rgw has missing NOTIFY_TYPES member
2024-05-09T08:59:07.105 INFO:journalctl@ceph.mgr.x.smithi064.stdout:May 09 08:59:06 smithi064 ceph-2877b902-0de2-11ef-bc98-c7b262605968-mgr-x[30380]:
2024-05-09T08:59:06.757+0000 7fa1e97dc200 -1 mgr[py] Module prometheus has missing NOTIFY_TYPES member
2024-05-09T08:59:07.105 INFO:journalctl@ceph.mgr.x.smithi064.stdout:May 09 08:59:06 smithi064 ceph-2877b902-0de2-11ef-bc98-c7b262605968-mgr-x[30380]:
2024-05-09T08:59:06.853+0000 7fa1e97dc200 -1 mgr[py] Module devicehealth has missing NOTIFY_TYPES member
2024-05-09T08:59:07.402 INFO:journalctl@ceph.mgr.x.smithi064.stdout:May 09 08:59:07 smithi064 ceph-2877b902-0de2-11ef-bc98-c7b262605968-mgr-x[30380]:
2024-05-09T08:59:07.105+0000 7fa1e97dc200 -1 mgr[py] Module telemetry has missing NOTIFY_TYPES member
2024-05-09T08:59:07.403 INFO:journalctl@ceph.mgr.x.smithi064.stdout:May 09 08:59:07 smithi064 ceph-2877b902-0de2-11ef-bc98-c7b262605968-mgr-x[30380]:
2024-05-09T08:59:07.244+0000 7fa1e97dc200 -1 mgr[py] Module diskprediction_local has missing NOTIFY_TYPES member
2024-05-09T08:59:07.403 INFO:journalctl@ceph.mgr.x.smithi064.stdout:May 09 08:59:07 smithi064 ceph-2877b902-0de2-11ef-bc98-c7b262605968-mgr-x[30380]:
2024-05-09T08:59:07.342+0000 7fa1e97dc200 -1 mgr[py] Module osd_perf_query has missing NOTIFY_TYPES member
2024-05-09T08:59:07.773 INFO:journalctl@ceph.mgr.x.smithi064.stdout:May 09 08:59:07 smithi064 ceph-2877b902-0de2-11ef-bc98-c7b262605968-mgr-x[30380]:
2024-05-09T08:59:07.463+0000 7fa1e97dc200 -1 mgr[py] Module rbd_support has missing NOTIFY_TYPES member
2024-05-09T08:59:07.773 INFO:journalctl@ceph.mgr.x.smithi064.stdout:May 09 08:59:07 smithi064 ceph-2877b902-0de2-11ef-bc98-c7b262605968-mgr-x[30380]:
2024-05-09T08:59:07.774+0000 7fa1e97dc200 -1 mgr[py] Module zabbix has missing NOTIFY_TYPES member
2024-05-09T08:59:08.652 INFO:journalctl@ceph.mgr.x.smithi064.stdout:May 09 08:59:08 smithi064 ceph-2877b902-0de2-11ef-bc98-c7b262605968-mgr-x[30380]:
2024-05-09T08:59:08.402+0000 7fa1e97dc200 -1 mgr[py] Module status has missing NOTIFY_TYPES member
2024-05-09T08:59:08.653 INFO:journalctl@ceph.mgr.x.smithi064.stdout:May 09 08:59:08 smithi064 ceph-2877b902-0de2-11ef-bc98-c7b262605968-mgr-x[30380]:
2024-05-09T08:59:08.626+0000 7fa1e97dc200 -1 mgr[py] Module nfs has missing NOTIFY_TYPES member
2024-05-09T08:59:09.152 INFO:journalctl@ceph.mon.a.smithi064.stdout:May 09 08:59:08 smithi064 ceph-mon[30149]: Active manager daemon x restarted
2024-05-09T08:59:09.153 INFO:journalctl@ceph.mon.a.smithi064.stdout:May 09 08:59:08 smithi064 ceph-mon[30149]: Activating manager daemon x
2024-05-09T08:59:09.153 INFO:journalctl@ceph.mon.a.smithi064.stdout:May 09 08:59:08 smithi064 ceph-mon[30149]: osdmap e2: 0 total, 0 up, 0 in
2024-05-09T08:59:09.153 INFO:journalctl@ceph.mon.a.smithi064.stdout:May 09 08:59:08 smithi064 ceph-mon[30149]: mgrmap e6: x(active, starting, since 0.00330687s)
2024-05-09T08:59:09.153 INFO:journalctl@ceph.mon.a.smithi064.stdout:May 09 08:59:08 smithi064 ceph-mon[30149]: from='mgr.14120 172.21.15.64:0/2279437650' entity='mgr.x' cmd=[{"prefix": "mon metadata", "id": "a"}]: dispatch
2024-05-09T08:59:09.153 INFO:journalctl@ceph.mon.a.smithi064.stdout:May 09 08:59:08 smithi064 ceph-mon[30149]: from='mgr.14120 172.21.15.64:0/2279437650' entity='mgr.x' cmd=[{"prefix": "mgr metadata", "who": "x", "id": "x"}]: dispatch
2024-05-09T08:59:09.153 INFO:journalctl@ceph.mon.a.smithi064.stdout:May 09 08:59:08 smithi064 ceph-mon[30149]: from='mgr.14120 172.21.15.64:0/2279437650' entity='mgr.x' cmd=[{"prefix": "mds metadata"}]: dispatch
2024-05-09T08:59:09.153 INFO:journalctl@ceph.mon.a.smithi064.stdout:May 09 08:59:08 smithi064 ceph-mon[30149]: from='mgr.14120 172.21.15.64:0/2279437650' entity='mgr.x' cmd=[{"prefix": "osd metadata"}]: dispatch
2024-05-09T08:59:09.153 INFO:journalctl@ceph.mon.a.smithi064.stdout:May 09 08:59:08 smithi064 ceph-mon[30149]: from='mgr.14120 172.21.15.64:0/2279437650' entity='mgr.x' cmd=[{"prefix": "mon metadata"}]: dispatch
2024-05-09T08:59:09.153 INFO:journalctl@ceph.mon.a.smithi064.stdout:May 09 08:59:08 smithi064 ceph-mon[30149]: Manager daemon x is now available
2024-05-09T08:59:09.153 INFO:journalctl@ceph.mon.a.smithi064.stdout:May 09 08:59:08 smithi064 ceph-mon[30149]: from='mgr.14120 172.21.15.64:0/2279437650' entity='mgr.x'
2024-05-09T08:59:09.153 INFO:journalctl@ceph.mon.a.smithi064.stdout:May 09 08:59:08 smithi064 ceph-mon[30149]: from='mgr.14120 172.21.15.64:0/2279437650' entity='mgr.x'
2024-05-09T08:59:09.153 INFO:journalctl@ceph.mon.a.smithi064.stdout:May 09 08:59:08 smithi064 ceph-mon[30149]: from='mgr.14120 172.21.15.64:0/2279437650' entity='mgr.x' cmd=[{"prefix": "config dump", "format": "json"}]: dispatch
2024-05-09T08:59:09.153 INFO:journalctl@ceph.mon.a.smithi064.stdout:May 09 08:59:08 smithi064 ceph-mon[30149]: from='mgr.14120 172.21.15.64:0/2279437650' entity='mgr.x' cmd=[{"prefix": "config dump", "format": "json"}]: dispatch
2024-05-09T08:59:09.154 INFO:journalctl@ceph.mon.a.smithi064.stdout:May 09 08:59:08 smithi064 ceph-mon[30149]: from='mgr.14120 172.21.15.64:0/2279437650' entity='mgr.x' cmd=[{"prefix":"config rm","who":"mgr","name":"mgr/rbd_support/x/mirror_snapshot_schedule"}]: dispatch
2024-05-09T08:59:09.902 INFO:journalctl@ceph.mon.a.smithi064.stdout:May 09 08:59:09 smithi064 ceph-mon[30149]: Found migration_current of "None". Setting to last migration.
2024-05-09T08:59:09.903 INFO:journalctl@ceph.mon.a.smithi064.stdout:May 09 08:59:09 smithi064 ceph-mon[30149]: from='mgr.14120 172.21.15.64:0/2279437650' entity='mgr.x' cmd=[{"prefix":"config rm","who":"mgr","name":"mgr/rbd_support/x/trash_purge_schedule"}]: dispatch
2024-05-09T08:59:09.903 INFO:journalctl@ceph.mon.a.smithi064.stdout:May 09 08:59:09 smithi064 ceph-mon[30149]: from='mgr.14120 172.21.15.64:0/2279437650' entity='mgr.x'
2024-05-09T08:59:09.903 INFO:journalctl@ceph.mon.a.smithi064.stdout:May 09 08:59:09 smithi064 ceph-mon[30149]: from='mgr.14120 172.21.15.64:0/2279437650' entity='mgr.x'
2024-05-09T08:59:09.903 INFO:journalctl@ceph.mon.a.smithi064.stdout:May 09 08:59:09 smithi064 ceph-mon[30149]: mgrmap e7: x(active, since 1.00591s)
2024-05-09T08:59:10.229 INFO:teuthology.orchestra.run.smithi064.stdout:/usr/bin/ceph: stdout {
2024-05-09T08:59:10.229 INFO:teuthology.orchestra.run.smithi064.stdout:/usr/bin/ceph: stdout "mgrmap_epoch": 7,
2024-05-09T08:59:10.229 INFO:teuthology.orchestra.run.smithi064.stdout:/usr/bin/ceph: stdout "initialized": true
2024-05-09T08:59:10.230 INFO:teuthology.orchestra.run.smithi064.stdout:/usr/bin/ceph: stdout }
2024-05-09T08:59:10.230 INFO:teuthology.orchestra.run.smithi064.stdout:/usr/bin/ceph: stderr
2024-05-09T08:59:03.896+0000 7f8b4d67a700 1 Processor -- start
2024-05-09T08:59:10.230 INFO:teuthology.orchestra.run.smithi064.stdout:/usr/bin/ceph: stderr
2024-05-09T08:59:03.896+0000 7f8b4d67a700 1 -- start start
2024-05-09T08:59:10.230 INFO:teuthology.orchestra.run.smithi064.stdout:/usr/bin/ceph: stderr
2024-05-09T08:59:03.896+0000 7f8b4d67a700 1 --2- >> [v2:172.21.15.64:3300/0,v1:172.21.15.64:6789/0] conn(0x7f8b48106390 0x7f8b481067b0 unknown :-1 s=NONE pgs=0 cs=0 l=0 rev1=0 crypto rx=0 tx=0 comp rx=0 tx=0).connect
2024-05-09T08:59:10.230 INFO:teuthology.orchestra.run.smithi064.stdout:/usr/bin/ceph: stderr
2024-05-09T08:59:03.896+0000 7f8b4d67a700 1 -- --> [v2:172.21.15.64:3300/0,v1:172.21.15.64:6789/0] -- mon_getmap magic: 0 -- 0x7f8b4807be50 con 0x7f8b48106390
2024-05-09T08:59:10.230 INFO:teuthology.orchestra.run.smithi064.stdout:/usr/bin/ceph: stderr
2024-05-09T08:59:03.897+0000 7f8b46ffd700 1 --2- >> [v2:172.21.15.64:3300/0,v1:172.21.15.64:6789/0] conn(0x7f8b48106390 0x7f8b481067b0 unknown :-1 s=BANNER_CONNECTING pgs=0 cs=0 l=0 rev1=0 crypto rx=0 tx=0 comp rx=0 tx=0)._handle_peer_banner_payload supported=3 required=0
2024-05-09T08:59:10.230 INFO:teuthology.orchestra.run.smithi064.stdout:/usr/bin/ceph: stderr
2024-05-09T08:59:03.897+0000 7f8b46ffd700 1 --2- >> [v2:172.21.15.64:3300/0,v1:172.21.15.64:6789/0] conn(0x7f8b48106390 0x7f8b481067b0 unknown :-1 s=HELLO_CONNECTING pgs=0 cs=0 l=0 rev1=1 crypto rx=0 tx=0 comp rx=0 tx=0).handle_hello peer v2:172.21.15.64:3300/0 says I am v2:172.21.15.64:36740/0 (socket says 172.21.15.64:36740)
2024-05-09T08:59:10.230 INFO:teuthology.orchestra.run.smithi064.stdout:/usr/bin/ceph: stderr
2024-05-09T08:59:03.897+0000 7f8b46ffd700 1 -- 172.21.15.64:0/1390100502 learned_addr learned my addr 172.21.15.64:0/1390100502 (peer_addr_for_me v2:172.21.15.64:0/0)
2024-05-09T08:59:10.230 INFO:teuthology.orchestra.run.smithi064.stdout:/usr/bin/ceph: stderr
2024-05-09T08:59:03.897+0000 7f8b46ffd700 1 -- 172.21.15.64:0/1390100502 --> [v2:172.21.15.64:3300/0,v1:172.21.15.64:6789/0] -- mon_subscribe({config=0+,monmap=0+}) -- 0x7f8b48106cf0 con 0x7f8b48106390
2024-05-09T08:59:10.230 INFO:teuthology.orchestra.run.smithi064.stdout:/usr/bin/ceph: stderr
2024-05-09T08:59:03.897+0000 7f8b46ffd700 1 --2- 172.21.15.64:0/1390100502 >> [v2:172.21.15.64:3300/0,v1:172.21.15.64:6789/0] conn(0x7f8b48106390 0x7f8b481067b0 secure :-1 s=READY pgs=28 cs=0 l=1 rev1=1 crypto rx=0x7f8b380098a0 tx=0x7f8b38009bb0 comp rx=0 tx=0).ready entity=mon.0 client_cookie=2dea52df2e24c3db server_cookie=0 in_seq=0 out_seq=0
2024-05-09T08:59:10.230 INFO:teuthology.orchestra.run.smithi064.stdout:/usr/bin/ceph: stderr
2024-05-09T08:59:03.897+0000 7f8b45ffb700 1 -- 172.21.15.64:0/1390100502 <== mon.0 v2:172.21.15.64:3300/0 1 ==== mon_map magic: 0 ==== 205+0+0 (secure 0 0 0) 0x7f8b38004160 con 0x7f8b48106390
2024-05-09T08:59:10.230 INFO:teuthology.orchestra.run.smithi064.stdout:/usr/bin/ceph: stderr
2024-05-09T08:59:03.897+0000 7f8b45ffb700 1 -- 172.21.15.64:0/1390100502 <== mon.0 v2:172.21.15.64:3300/0 2 ==== config(26 keys) ==== 1071+0+0 (secure 0 0 0) 0x7f8b38004300 con 0x7f8b48106390
2024-05-09T08:59:10.230 INFO:teuthology.orchestra.run.smithi064.stdout:/usr/bin/ceph: stderr
2024-05-09T08:59:03.897+0000 7f8b45ffb700 1 -- 172.21.15.64:0/1390100502 <== mon.0 v2:172.21.15.64:3300/0 3 ==== mon_map magic: 0 ==== 205+0+0 (secure 0 0 0) 0x7f8b38011a80 con 0x7f8b48106390
2024-05-09T08:59:10.230 INFO:teuthology.orchestra.run.smithi064.stdout:/usr/bin/ceph: stderr
2024-05-09T08:59:03.898+0000 7f8b4d67a700 1 -- 172.21.15.64:0/1390100502 >> [v2:172.21.15.64:3300/0,v1:172.21.15.64:6789/0] conn(0x7f8b48106390 msgr2=0x7f8b481067b0 secure :-1 s=STATE_CONNECTION_ESTABLISHED l=1).mark_down
2024-05-09T08:59:10.231 INFO:teuthology.orchestra.run.smithi064.stdout:/usr/bin/ceph: stderr
2024-05-09T08:59:03.898+0000 7f8b4d67a700 1 --2- 172.21.15.64:0/1390100502 >> [v2:172.21.15.64:3300/0,v1:172.21.15.64:6789/0] conn(0x7f8b48106390 0x7f8b481067b0 secure :-1 s=READY pgs=28 cs=0 l=1 rev1=1 crypto rx=0x7f8b380098a0 tx=0x7f8b38009bb0 comp rx=0 tx=0).stop
2024-05-09T08:59:10.231 INFO:teuthology.orchestra.run.smithi064.stdout:/usr/bin/ceph: stderr
2024-05-09T08:59:03.898+0000 7f8b4d67a700 1 -- 172.21.15.64:0/1390100502 shutdown_connections
2024-05-09T08:59:10.231 INFO:teuthology.orchestra.run.smithi064.stdout:/usr/bin/ceph: stderr
2024-05-09T08:59:03.898+0000 7f8b4d67a700 1 --2- 172.21.15.64:0/1390100502 >> [v2:172.21.15.64:3300/0,v1:172.21.15.64:6789/0] conn(0x7f8b48106390 0x7f8b481067b0 unknown :-1 s=CLOSED pgs=28 cs=0 l=1 rev1=1 crypto rx=0 tx=0 comp rx=0 tx=0).stop
2024-05-09T08:59:10.231 INFO:teuthology.orchestra.run.smithi064.stdout:/usr/bin/ceph: stderr
2024-05-09T08:59:03.898+0000 7f8b4d67a700 1 -- 172.21.15.64:0/1390100502 >> 172.21.15.64:0/1390100502 conn(0x7f8b48101f70 msgr2=0x7f8b48104390 unknown :-1 s=STATE_NONE l=0).mark_down
2024-05-09T08:59:10.231 INFO:teuthology.orchestra.run.smithi064.stdout:/usr/bin/ceph: stderr
2024-05-09T08:59:03.898+0000 7f8b4d67a700 1 -- 172.21.15.64:0/1390100502 shutdown_connections
2024-05-09T08:59:10.231 INFO:teuthology.orchestra.run.smithi064.stdout:/usr/bin/ceph: stderr
2024-05-09T08:59:03.898+0000 7f8b4d67a700 1 -- 172.21.15.64:0/1390100502 wait complete.
2024-05-09T08:59:10.231 INFO:teuthology.orchestra.run.smithi064.stdout:/usr/bin/ceph: stderr
2024-05-09T08:59:03.899+0000 7f8b4d67a700 1 Processor -- start
2024-05-09T08:59:10.231 INFO:teuthology.orchestra.run.smithi064.stdout:/usr/bin/ceph: stderr
2024-05-09T08:59:03.899+0000 7f8b4d67a700 1 -- start start
2024-05-09T08:59:10.231 INFO:teuthology.orchestra.run.smithi064.stdout:/usr/bin/ceph: stderr
2024-05-09T08:59:03.899+0000 7f8b4d67a700 1 --2- >> [v2:172.21.15.64:3300/0,v1:172.21.15.64:6789/0] conn(0x7f8b48106390 0x7f8b4819dbf0 unknown :-1 s=NONE pgs=0 cs=0 l=1 rev1=0 crypto rx=0 tx=0 comp rx=0 tx=0).connect
2024-05-09T08:59:10.231 INFO:teuthology.orchestra.run.smithi064.stdout:/usr/bin/ceph: stderr
2024-05-09T08:59:03.899+0000 7f8b4d67a700 1 -- --> [v2:172.21.15.64:3300/0,v1:172.21.15.64:6789/0] -- mon_getmap magic: 0 -- 0x7f8b48107d20 con 0x7f8b48106390
2024-05-09T08:59:10.231 INFO:teuthology.orchestra.run.smithi064.stdout:/usr/bin/ceph: stderr
2024-05-09T08:59:03.899+0000 7f8b46ffd700 1 --2- >> [v2:172.21.15.64:3300/0,v1:172.21.15.64:6789/0] conn(0x7f8b48106390 0x7f8b4819dbf0 unknown :-1 s=BANNER_CONNECTING pgs=0 cs=0 l=1 rev1=0 crypto rx=0 tx=0 comp rx=0 tx=0)._handle_peer_banner_payload supported=3 required=0
2024-05-09T08:59:10.231 INFO:teuthology.orchestra.run.smithi064.stdout:/usr/bin/ceph: stderr
2024-05-09T08:59:03.899+0000 7f8b46ffd700 1 --2- >> [v2:172.21.15.64:3300/0,v1:172.21.15.64:6789/0] conn(0x7f8b48106390 0x7f8b4819dbf0 unknown :-1 s=HELLO_CONNECTING pgs=0 cs=0 l=1 rev1=1 crypto rx=0 tx=0 comp rx=0 tx=0).handle_hello peer v2:172.21.15.64:3300/0 says I am v2:172.21.15.64:36748/0 (socket says 172.21.15.64:36748)
2024-05-09T08:59:10.231 INFO:teuthology.orchestra.run.smithi064.stdout:/usr/bin/ceph: stderr
2024-05-09T08:59:03.899+0000 7f8b46ffd700 1 -- 172.21.15.64:0/779767638 learned_addr learned my addr 172.21.15.64:0/779767638 (peer_addr_for_me v2:172.21.15.64:0/0)
2024-05-09T08:59:10.231 INFO:teuthology.orchestra.run.smithi064.stdout:/usr/bin/ceph: stderr
2024-05-09T08:59:03.900+0000 7f8b46ffd700 1 -- 172.21.15.64:0/779767638 --> [v2:172.21.15.64:3300/0,v1:172.21.15.64:6789/0] -- mon_subscribe({config=0+,monmap=0+}) -- 0x7f8b4819e130 con 0x7f8b48106390
2024-05-09T08:59:10.231 INFO:teuthology.orchestra.run.smithi064.stdout:/usr/bin/ceph: stderr
2024-05-09T08:59:03.900+0000 7f8b46ffd700 1 --2- 172.21.15.64:0/779767638 >> [v2:172.21.15.64:3300/0,v1:172.21.15.64:6789/0] conn(0x7f8b48106390 0x7f8b4819dbf0 secure :-1 s=READY pgs=29 cs=0 l=1 rev1=1 crypto rx=0x7f8b38011a50 tx=0x7f8b38004290 comp rx=0 tx=0).ready entity=mon.0 client_cookie=0 server_cookie=0 in_seq=0 out_seq=0
2024-05-09T08:59:10.231 INFO:teuthology.orchestra.run.smithi064.stdout:/usr/bin/ceph: stderr
2024-05-09T08:59:03.900+0000 7f8b3ffff700 1 -- 172.21.15.64:0/779767638 <== mon.0 v2:172.21.15.64:3300/0 1 ==== mon_map magic: 0 ==== 205+0+0 (secure 0 0 0) 0x7f8b380039f0 con 0x7f8b48106390
2024-05-09T08:59:10.232 INFO:teuthology.orchestra.run.smithi064.stdout:/usr/bin/ceph: stderr
2024-05-09T08:59:03.900+0000 7f8b4d67a700 1 -- 172.21.15.64:0/779767638 --> [v2:172.21.15.64:3300/0,v1:172.21.15.64:6789/0] -- mon_subscribe({mgrmap=0+}) -- 0x7f8b4819e3c0 con 0x7f8b48106390
2024-05-09T08:59:10.232 INFO:teuthology.orchestra.run.smithi064.stdout:/usr/bin/ceph: stderr
2024-05-09T08:59:03.900+0000 7f8b3ffff700 1 -- 172.21.15.64:0/779767638 <== mon.0 v2:172.21.15.64:3300/0 2 ==== config(26 keys) ==== 1071+0+0 (secure 0 0 0) 0x7f8b38003b90 con 0x7f8b48106390
2024-05-09T08:59:10.232 INFO:teuthology.orchestra.run.smithi064.stdout:/usr/bin/ceph: stderr
