2024-05-09T09:09:06.159 INFO:journalctl@ceph.mon.a.smithi069.stdout:May 09 09:09:06 smithi069 ceph-mon[30123]: from='mgr.14120 172.21.15.69:0/1021909657' entity='mgr.x' cmd=[{"prefix": "config dump", "format": "json"}]: dispatch
2024-05-09T09:09:06.870 INFO:teuthology.orchestra.run.smithi069.stdout:/usr/bin/ceph: stdout value unchanged
2024-05-09T09:09:06.870 INFO:teuthology.orchestra.run.smithi069.stdout:/usr/bin/ceph: stderr
2024-05-09T09:09:06.160+0000 7f80ab588700 1 Processor -- start
2024-05-09T09:09:06.870 INFO:teuthology.orchestra.run.smithi069.stdout:/usr/bin/ceph: stderr
2024-05-09T09:09:06.160+0000 7f80ab588700 1 -- start start
2024-05-09T09:09:06.870 INFO:teuthology.orchestra.run.smithi069.stdout:/usr/bin/ceph: stderr
2024-05-09T09:09:06.160+0000 7f80ab588700 1 --2- >> [v2:172.21.15.69:3300/0,v1:172.21.15.69:6789/0] conn(0x7f80a407e740 0x7f80a407cba0 unknown :-1 s=NONE pgs=0 cs=0 l=0 rev1=0 crypto rx=0 tx=0 comp rx=0 tx=0).connect
2024-05-09T09:09:06.870 INFO:teuthology.orchestra.run.smithi069.stdout:/usr/bin/ceph: stderr
2024-05-09T09:09:06.160+0000 7f80ab588700 1 -- --> [v2:172.21.15.69:3300/0,v1:172.21.15.69:6789/0] -- mon_getmap magic: 0 -- 0x7f80a407d170 con 0x7f80a407e740
2024-05-09T09:09:06.870 INFO:teuthology.orchestra.run.smithi069.stdout:/usr/bin/ceph: stderr
2024-05-09T09:09:06.160+0000 7f80a9324700 1 --2- >> [v2:172.21.15.69:3300/0,v1:172.21.15.69:6789/0] conn(0x7f80a407e740 0x7f80a407cba0 unknown :-1 s=BANNER_CONNECTING pgs=0 cs=0 l=0 rev1=0 crypto rx=0 tx=0 comp rx=0 tx=0)._handle_peer_banner_payload supported=3 required=0
2024-05-09T09:09:06.870 INFO:teuthology.orchestra.run.smithi069.stdout:/usr/bin/ceph: stderr
2024-05-09T09:09:06.160+0000 7f80a9324700 1 --2- >> [v2:172.21.15.69:3300/0,v1:172.21.15.69:6789/0] conn(0x7f80a407e740 0x7f80a407cba0 unknown :-1 s=HELLO_CONNECTING pgs=0 cs=0 l=0 rev1=1 crypto rx=0 tx=0 comp rx=0 tx=0).handle_hello peer v2:172.21.15.69:3300/0 says I am v2:172.21.15.69:48014/0 (socket says 172.21.15.69:48014)
2024-05-09T09:09:06.870 INFO:teuthology.orchestra.run.smithi069.stdout:/usr/bin/ceph: stderr
2024-05-09T09:09:06.160+0000 7f80a9324700 1 -- 172.21.15.69:0/739690838 learned_addr learned my addr 172.21.15.69:0/739690838 (peer_addr_for_me v2:172.21.15.69:0/0)
2024-05-09T09:09:06.870 INFO:teuthology.orchestra.run.smithi069.stdout:/usr/bin/ceph: stderr
2024-05-09T09:09:06.161+0000 7f80a9324700 1 -- 172.21.15.69:0/739690838 --> [v2:172.21.15.69:3300/0,v1:172.21.15.69:6789/0] -- mon_subscribe({config=0+,monmap=0+}) -- 0x7f80a407d2f0 con 0x7f80a407e740
2024-05-09T09:09:06.871 INFO:teuthology.orchestra.run.smithi069.stdout:/usr/bin/ceph: stderr
2024-05-09T09:09:06.161+0000 7f80a9324700 1 --2- 172.21.15.69:0/739690838 >> [v2:172.21.15.69:3300/0,v1:172.21.15.69:6789/0] conn(0x7f80a407e740 0x7f80a407cba0 secure :-1 s=READY pgs=39 cs=0 l=1 rev1=1 crypto rx=0x7f80a00098a0 tx=0x7f80a0009bb0 comp rx=0 tx=0).ready entity=mon.0 client_cookie=3348158635dac448 server_cookie=0 in_seq=0 out_seq=0
2024-05-09T09:09:06.871 INFO:teuthology.orchestra.run.smithi069.stdout:/usr/bin/ceph: stderr
2024-05-09T09:09:06.161+0000 7f809bfff700 1 -- 172.21.15.69:0/739690838 <== mon.0 v2:172.21.15.69:3300/0 1 ==== mon_map magic: 0 ==== 205+0+0 (secure 0 0 0) 0x7f80a0004160 con 0x7f80a407e740
2024-05-09T09:09:06.871 INFO:teuthology.orchestra.run.smithi069.stdout:/usr/bin/ceph: stderr
2024-05-09T09:09:06.161+0000 7f809bfff700 1 -- 172.21.15.69:0/739690838 <== mon.0 v2:172.21.15.69:3300/0 2 ==== config(27 keys) ==== 1109+0+0 (secure 0 0 0) 0x7f80a0004300 con 0x7f80a407e740
2024-05-09T09:09:06.871 INFO:teuthology.orchestra.run.smithi069.stdout:/usr/bin/ceph: stderr
2024-05-09T09:09:06.161+0000 7f809bfff700 1 -- 172.21.15.69:0/739690838 <== mon.0 v2:172.21.15.69:3300/0 3 ==== mon_map magic: 0 ==== 205+0+0 (secure 0 0 0) 0x7f80a0011b50 con 0x7f80a407e740
2024-05-09T09:09:06.871 INFO:teuthology.orchestra.run.smithi069.stdout:/usr/bin/ceph: stderr
2024-05-09T09:09:06.162+0000 7f80ab588700 1 -- 172.21.15.69:0/739690838 >> [v2:172.21.15.69:3300/0,v1:172.21.15.69:6789/0] conn(0x7f80a407e740 msgr2=0x7f80a407cba0 secure :-1 s=STATE_CONNECTION_ESTABLISHED l=1).mark_down
2024-05-09T09:09:06.871 INFO:teuthology.orchestra.run.smithi069.stdout:/usr/bin/ceph: stderr
2024-05-09T09:09:06.162+0000 7f80ab588700 1 --2- 172.21.15.69:0/739690838 >> [v2:172.21.15.69:3300/0,v1:172.21.15.69:6789/0] conn(0x7f80a407e740 0x7f80a407cba0 secure :-1 s=READY pgs=39 cs=0 l=1 rev1=1 crypto rx=0x7f80a00098a0 tx=0x7f80a0009bb0 comp rx=0 tx=0).stop
2024-05-09T09:09:06.871 INFO:teuthology.orchestra.run.smithi069.stdout:/usr/bin/ceph: stderr
2024-05-09T09:09:06.162+0000 7f80ab588700 1 -- 172.21.15.69:0/739690838 shutdown_connections
2024-05-09T09:09:06.871 INFO:teuthology.orchestra.run.smithi069.stdout:/usr/bin/ceph: stderr
2024-05-09T09:09:06.162+0000 7f80ab588700 1 --2- 172.21.15.69:0/739690838 >> [v2:172.21.15.69:3300/0,v1:172.21.15.69:6789/0] conn(0x7f80a407e740 0x7f80a407cba0 unknown :-1 s=CLOSED pgs=39 cs=0 l=1 rev1=1 crypto rx=0 tx=0 comp rx=0 tx=0).stop
2024-05-09T09:09:06.871 INFO:teuthology.orchestra.run.smithi069.stdout:/usr/bin/ceph: stderr
2024-05-09T09:09:06.162+0000 7f80ab588700 1 -- 172.21.15.69:0/739690838 >> 172.21.15.69:0/739690838 conn(0x7f80a41033b0 msgr2=0x7f80a41057d0 unknown :-1 s=STATE_NONE l=0).mark_down
2024-05-09T09:09:06.871 INFO:teuthology.orchestra.run.smithi069.stdout:/usr/bin/ceph: stderr
2024-05-09T09:09:06.162+0000 7f80ab588700 1 -- 172.21.15.69:0/739690838 shutdown_connections
2024-05-09T09:09:06.872 INFO:teuthology.orchestra.run.smithi069.stdout:/usr/bin/ceph: stderr
2024-05-09T09:09:06.162+0000 7f80ab588700 1 -- 172.21.15.69:0/739690838 wait complete.
2024-05-09T09:09:06.872 INFO:teuthology.orchestra.run.smithi069.stdout:/usr/bin/ceph: stderr
2024-05-09T09:09:06.162+0000 7f80ab588700 1 Processor -- start
2024-05-09T09:09:06.872 INFO:teuthology.orchestra.run.smithi069.stdout:/usr/bin/ceph: stderr
2024-05-09T09:09:06.162+0000 7f80ab588700 1 -- start start
2024-05-09T09:09:06.872 INFO:teuthology.orchestra.run.smithi069.stdout:/usr/bin/ceph: stderr
2024-05-09T09:09:06.163+0000 7f80ab588700 1 --2- >> [v2:172.21.15.69:3300/0,v1:172.21.15.69:6789/0] conn(0x7f80a407e740 0x7f80a419df10 unknown :-1 s=NONE pgs=0 cs=0 l=1 rev1=0 crypto rx=0 tx=0 comp rx=0 tx=0).connect
2024-05-09T09:09:06.872 INFO:teuthology.orchestra.run.smithi069.stdout:/usr/bin/ceph: stderr
2024-05-09T09:09:06.163+0000 7f80ab588700 1 -- --> [v2:172.21.15.69:3300/0,v1:172.21.15.69:6789/0] -- mon_getmap magic: 0 -- 0x7f80a410e360 con 0x7f80a407e740
2024-05-09T09:09:06.872 INFO:teuthology.orchestra.run.smithi069.stdout:/usr/bin/ceph: stderr
2024-05-09T09:09:06.163+0000 7f80a9324700 1 --2- >> [v2:172.21.15.69:3300/0,v1:172.21.15.69:6789/0] conn(0x7f80a407e740 0x7f80a419df10 unknown :-1 s=BANNER_CONNECTING pgs=0 cs=0 l=1 rev1=0 crypto rx=0 tx=0 comp rx=0 tx=0)._handle_peer_banner_payload supported=3 required=0
2024-05-09T09:09:06.872 INFO:teuthology.orchestra.run.smithi069.stdout:/usr/bin/ceph: stderr
2024-05-09T09:09:06.163+0000 7f80a9324700 1 --2- >> [v2:172.21.15.69:3300/0,v1:172.21.15.69:6789/0] conn(0x7f80a407e740 0x7f80a419df10 unknown :-1 s=HELLO_CONNECTING pgs=0 cs=0 l=1 rev1=1 crypto rx=0 tx=0 comp rx=0 tx=0).handle_hello peer v2:172.21.15.69:3300/0 says I am v2:172.21.15.69:48030/0 (socket says 172.21.15.69:48030)
2024-05-09T09:09:06.872 INFO:teuthology.orchestra.run.smithi069.stdout:/usr/bin/ceph: stderr
2024-05-09T09:09:06.163+0000 7f80a9324700 1 -- 172.21.15.69:0/4236298113 learned_addr learned my addr 172.21.15.69:0/4236298113 (peer_addr_for_me v2:172.21.15.69:0/0)
2024-05-09T09:09:06.872 INFO:teuthology.orchestra.run.smithi069.stdout:/usr/bin/ceph: stderr
2024-05-09T09:09:06.163+0000 7f80a9324700 1 -- 172.21.15.69:0/4236298113 --> [v2:172.21.15.69:3300/0,v1:172.21.15.69:6789/0] -- mon_subscribe({config=0+,monmap=0+}) -- 0x7f80a419e450 con 0x7f80a407e740
2024-05-09T09:09:06.872 INFO:teuthology.orchestra.run.smithi069.stdout:/usr/bin/ceph: stderr
2024-05-09T09:09:06.163+0000 7f80a9324700 1 --2- 172.21.15.69:0/4236298113 >> [v2:172.21.15.69:3300/0,v1:172.21.15.69:6789/0] conn(0x7f80a407e740 0x7f80a419df10 secure :-1 s=READY pgs=40 cs=0 l=1 rev1=1 crypto rx=0x7f80a0011670 tx=0x7f80a0011b60 comp rx=0 tx=0).ready entity=mon.0 client_cookie=0 server_cookie=0 in_seq=0 out_seq=0
2024-05-09T09:09:06.872 INFO:teuthology.orchestra.run.smithi069.stdout:/usr/bin/ceph: stderr
2024-05-09T09:09:06.163+0000 7f809a7fc700 1 -- 172.21.15.69:0/4236298113 <== mon.0 v2:172.21.15.69:3300/0 1 ==== mon_map magic: 0 ==== 205+0+0 (secure 0 0 0) 0x7f80a00039c0 con 0x7f80a407e740
2024-05-09T09:09:06.872 INFO:teuthology.orchestra.run.smithi069.stdout:/usr/bin/ceph: stderr
2024-05-09T09:09:06.163+0000 7f809a7fc700 1 -- 172.21.15.69:0/4236298113 <== mon.0 v2:172.21.15.69:3300/0 2 ==== config(27 keys) ==== 1109+0+0 (secure 0 0 0) 0x7f80a0011e50 con 0x7f80a407e740
2024-05-09T09:09:06.872 INFO:teuthology.orchestra.run.smithi069.stdout:/usr/bin/ceph: stderr
2024-05-09T09:09:06.163+0000 7f80ab588700 1 -- 172.21.15.69:0/4236298113 --> [v2:172.21.15.69:3300/0,v1:172.21.15.69:6789/0] -- mon_subscribe({mgrmap=0+}) -- 0x7f80a419e6e0 con 0x7f80a407e740
2024-05-09T09:09:06.872 INFO:teuthology.orchestra.run.smithi069.stdout:/usr/bin/ceph: stderr
2024-05-09T09:09:06.163+0000 7f809a7fc700 1 -- 172.21.15.69:0/4236298113 <== mon.0 v2:172.21.15.69:3300/0 3 ==== mon_map magic: 0 ==== 205+0+0 (secure 0 0 0) 0x7f80a001a5c0 con 0x7f80a407e740
2024-05-09T09:09:06.872 INFO:teuthology.orchestra.run.smithi069.stdout:/usr/bin/ceph: stderr
2024-05-09T09:09:06.163+0000 7f80ab588700 1 -- 172.21.15.69:0/4236298113 --> [v2:172.21.15.69:3300/0,v1:172.21.15.69:6789/0] -- mon_subscribe({osdmap=0}) -- 0x7f80a41a13d0 con 0x7f80a407e740
2024-05-09T09:09:06.873 INFO:teuthology.orchestra.run.smithi069.stdout:/usr/bin/ceph: stderr
2024-05-09T09:09:06.164+0000 7f80ab588700 1 -- 172.21.15.69:0/4236298113 --> [v2:172.21.15.69:3300/0,v1:172.21.15.69:6789/0] -- mon_command({"prefix": "get_command_descriptions"} v 0) -- 0x7f80a4063980 con 0x7f80a407e740
2024-05-09T09:09:06.873 INFO:teuthology.orchestra.run.smithi069.stdout:/usr/bin/ceph: stderr
2024-05-09T09:09:06.164+0000 7f809a7fc700 1 -- 172.21.15.69:0/4236298113 <== mon.0 v2:172.21.15.69:3300/0 4 ==== mgrmap(e 8) ==== 46287+0+0 (secure 0 0 0) 0x7f80a001a8c0 con 0x7f80a407e740
2024-05-09T09:09:06.873 INFO:teuthology.orchestra.run.smithi069.stdout:/usr/bin/ceph: stderr
2024-05-09T09:09:06.164+0000 7f809a7fc700 1 --2- 172.21.15.69:0/4236298113 >> [v2:172.21.15.69:6800/936285351,v1:172.21.15.69:6801/936285351] conn(0x7f8090039000 0x7f809003b4c0 unknown :-1 s=NONE pgs=0 cs=0 l=1 rev1=0 crypto rx=0 tx=0 comp rx=0 tx=0).connect
2024-05-09T09:09:06.873 INFO:teuthology.orchestra.run.smithi069.stdout:/usr/bin/ceph: stderr
2024-05-09T09:09:06.165+0000 7f809a7fc700 1 -- 172.21.15.69:0/4236298113 <== mon.0 v2:172.21.15.69:3300/0 5 ==== osd_map(2..2 src has 1..2) ==== 940+0+0 (secure 0 0 0) 0x7f80a004d610 con 0x7f80a407e740
2024-05-09T09:09:06.873 INFO:teuthology.orchestra.run.smithi069.stdout:/usr/bin/ceph: stderr
2024-05-09T09:09:06.165+0000 7f80a8b23700 1 --2- 172.21.15.69:0/4236298113 >> [v2:172.21.15.69:6800/936285351,v1:172.21.15.69:6801/936285351] conn(0x7f8090039000 0x7f809003b4c0 unknown :-1 s=BANNER_CONNECTING pgs=0 cs=0 l=1 rev1=0 crypto rx=0 tx=0 comp rx=0 tx=0)._handle_peer_banner_payload supported=3 required=0
2024-05-09T09:09:06.873 INFO:teuthology.orchestra.run.smithi069.stdout:/usr/bin/ceph: stderr
2024-05-09T09:09:06.165+0000 7f80a8b23700 1 --2- 172.21.15.69:0/4236298113 >> [v2:172.21.15.69:6800/936285351,v1:172.21.15.69:6801/936285351] conn(0x7f8090039000 0x7f809003b4c0 secure :-1 s=READY pgs=8 cs=0 l=1 rev1=1 crypto rx=0x7f8094006fd0 tx=0x7f8094006e40 comp rx=0 tx=0).ready entity=mgr.14120 client_cookie=0 server_cookie=0 in_seq=0 out_seq=0
2024-05-09T09:09:06.873 INFO:teuthology.orchestra.run.smithi069.stdout:/usr/bin/ceph: stderr
2024-05-09T09:09:06.169+0000 7f809a7fc700 1 -- 172.21.15.69:0/4236298113 <== mon.0 v2:172.21.15.69:3300/0 6 ==== mon_command_ack([{"prefix": "get_command_descriptions"}]=0 v0) ==== 72+0+186147 (secure 0 0 0) 0x7f80a0019c70 con 0x7f80a407e740
2024-05-09T09:09:06.873 INFO:teuthology.orchestra.run.smithi069.stdout:/usr/bin/ceph: stderr
2024-05-09T09:09:06.368+0000 7f80ab588700 1 -- 172.21.15.69:0/4236298113 --> [v2:172.21.15.69:6800/936285351,v1:172.21.15.69:6801/936285351] -- mgr_command(tid 0: {"prefix": "cephadm set-user", "user": "root", "target": ["mon-mgr", ""]}) -- 0x7f80a41045d0 con 0x7f8090039000
2024-05-09T09:09:06.873 INFO:teuthology.orchestra.run.smithi069.stdout:/usr/bin/ceph: stderr
2024-05-09T09:09:06.368+0000 7f809a7fc700 1 -- 172.21.15.69:0/4236298113 <== mgr.14120 v2:172.21.15.69:6800/936285351 1 ==== mgr_command_reply(tid 0: 0 ) ==== 8+0+16 (secure 0 0 0) 0x7f80a41045d0 con 0x7f8090039000
2024-05-09T09:09:06.873 INFO:teuthology.orchestra.run.smithi069.stdout:/usr/bin/ceph: stderr
2024-05-09T09:09:06.370+0000 7f80ab588700 1 -- 172.21.15.69:0/4236298113 >> [v2:172.21.15.69:6800/936285351,v1:172.21.15.69:6801/936285351] conn(0x7f8090039000 msgr2=0x7f809003b4c0 secure :-1 s=STATE_CONNECTION_ESTABLISHED l=1).mark_down
2024-05-09T09:09:06.873 INFO:teuthology.orchestra.run.smithi069.stdout:/usr/bin/ceph: stderr
2024-05-09T09:09:06.370+0000 7f80ab588700 1 --2- 172.21.15.69:0/4236298113 >> [v2:172.21.15.69:6800/936285351,v1:172.21.15.69:6801/936285351] conn(0x7f8090039000 0x7f809003b4c0 secure :-1 s=READY pgs=8 cs=0 l=1 rev1=1 crypto rx=0x7f8094006fd0 tx=0x7f8094006e40 comp rx=0 tx=0).stop
2024-05-09T09:09:06.873 INFO:teuthology.orchestra.run.smithi069.stdout:/usr/bin/ceph: stderr
2024-05-09T09:09:06.370+0000 7f80ab588700 1 -- 172.21.15.69:0/4236298113 >> [v2:172.21.15.69:3300/0,v1:172.21.15.69:6789/0] conn(0x7f80a407e740 msgr2=0x7f80a419df10 secure :-1 s=STATE_CONNECTION_ESTABLISHED l=1).mark_down
2024-05-09T09:09:06.873 INFO:teuthology.orchestra.run.smithi069.stdout:/usr/bin/ceph: stderr
2024-05-09T09:09:06.370+0000 7f80ab588700 1 --2- 172.21.15.69:0/4236298113 >> [v2:172.21.15.69:3300/0,v1:172.21.15.69:6789/0] conn(0x7f80a407e740 0x7f80a419df10 secure :-1 s=READY pgs=40 cs=0 l=1 rev1=1 crypto rx=0x7f80a0011670 tx=0x7f80a0011b60 comp rx=0 tx=0).stop
2024-05-09T09:09:06.873 INFO:teuthology.orchestra.run.smithi069.stdout:/usr/bin/ceph: stderr
2024-05-09T09:09:06.370+0000 7f80ab588700 1 -- 172.21.15.69:0/4236298113 shutdown_connections
2024-05-09T09:09:06.873 INFO:teuthology.orchestra.run.smithi069.stdout:/usr/bin/ceph: stderr
2024-05-09T09:09:06.370+0000 7f80ab588700 1 --2- 172.21.15.69:0/4236298113 >> [v2:172.21.15.69:6800/936285351,v1:172.21.15.69:6801/936285351] conn(0x7f8090039000 0x7f809003b4c0 unknown :-1 s=CLOSED pgs=8 cs=0 l=1 rev1=1 crypto rx=0 tx=0 comp rx=0 tx=0).stop
2024-05-09T09:09:06.874 INFO:teuthology.orchestra.run.smithi069.stdout:/usr/bin/ceph: stderr
2024-05-09T09:09:06.370+0000 7f80ab588700 1 --2- 172.21.15.69:0/4236298113 >> [v2:172.21.15.69:3300/0,v1:172.21.15.69:6789/0] conn(0x7f80a407e740 0x7f80a419df10 unknown :-1 s=CLOSED pgs=40 cs=0 l=1 rev1=1 crypto rx=0 tx=0 comp rx=0 tx=0).stop
2024-05-09T09:09:06.874 INFO:teuthology.orchestra.run.smithi069.stdout:/usr/bin/ceph: stderr
2024-05-09T09:09:06.371+0000 7f80ab588700 1 -- 172.21.15.69:0/4236298113 >> 172.21.15.69:0/4236298113 conn(0x7f80a41033b0 msgr2=0x7f80a4103ec0 unknown :-1 s=STATE_NONE l=0).mark_down
2024-05-09T09:09:06.874 INFO:teuthology.orchestra.run.smithi069.stdout:/usr/bin/ceph: stderr
2024-05-09T09:09:06.371+0000 7f80ab588700 1 -- 172.21.15.69:0/4236298113 shutdown_connections
2024-05-09T09:09:06.874 INFO:teuthology.orchestra.run.smithi069.stdout:/usr/bin/ceph: stderr
2024-05-09T09:09:06.371+0000 7f80ab588700 1 -- 172.21.15.69:0/4236298113 wait complete.
2024-05-09T09:09:06.874 INFO:teuthology.orchestra.run.smithi069.stdout:Generating ssh key...
2024-05-09T09:09:07.255 INFO:journalctl@ceph.mon.a.smithi069.stdout:May 09 09:09:07 smithi069 ceph-mon[30123]: from='client.14132 -' entity='client.admin' cmd=[{"prefix": "orch set backend", "module_name": "cephadm", "target": ["mon-mgr", ""]}]: dispatch
2024-05-09T09:09:07.960 INFO:journalctl@ceph.mgr.x.smithi069.stdout:May 09 09:09:07 smithi069 ceph-8e3a7b52-0de3-11ef-bc98-c7b262605968-mgr-x[30352]: Generating public/private rsa key pair.
2024-05-09T09:09:07.960 INFO:journalctl@ceph.mgr.x.smithi069.stdout:May 09 09:09:07 smithi069 ceph-8e3a7b52-0de3-11ef-bc98-c7b262605968-mgr-x[30352]: Your identification has been saved in /tmp/tmpp9pjhn39/key.
2024-05-09T09:09:07.960 INFO:journalctl@ceph.mgr.x.smithi069.stdout:May 09 09:09:07 smithi069 ceph-8e3a7b52-0de3-11ef-bc98-c7b262605968-mgr-x[30352]: Your public key has been saved in /tmp/tmpp9pjhn39/key.pub.
2024-05-09T09:09:07.960 INFO:journalctl@ceph.mgr.x.smithi069.stdout:May 09 09:09:07 smithi069 ceph-8e3a7b52-0de3-11ef-bc98-c7b262605968-mgr-x[30352]: The key fingerprint is:
2024-05-09T09:09:07.960 INFO:journalctl@ceph.mgr.x.smithi069.stdout:May 09 09:09:07 smithi069 ceph-8e3a7b52-0de3-11ef-bc98-c7b262605968-mgr-x[30352]: SHA256:DaMDULUfad1Ll2n9h3Jq84vE00vihQgAH9iX7AsSne8 ceph-8e3a7b52-0de3-11ef-bc98-c7b262605968
2024-05-09T09:09:07.960 INFO:journalctl@ceph.mgr.x.smithi069.stdout:May 09 09:09:07 smithi069 ceph-8e3a7b52-0de3-11ef-bc98-c7b262605968-mgr-x[30352]: The key's randomart image is:
2024-05-09T09:09:07.960 INFO:journalctl@ceph.mgr.x.smithi069.stdout:May 09 09:09:07 smithi069 ceph-8e3a7b52-0de3-11ef-bc98-c7b262605968-mgr-x[30352]: +---[RSA 3072]----+
2024-05-09T09:09:07.960 INFO:journalctl@ceph.mgr.x.smithi069.stdout:May 09 09:09:07 smithi069 ceph-8e3a7b52-0de3-11ef-bc98-c7b262605968-mgr-x[30352]: | ..o=oo . |
2024-05-09T09:09:07.960 INFO:journalctl@ceph.mgr.x.smithi069.stdout:May 09 09:09:07 smithi069 ceph-8e3a7b52-0de3-11ef-bc98-c7b262605968-mgr-x[30352]: | .oo+o+o . + |
2024-05-09T09:09:07.960 INFO:journalctl@ceph.mgr.x.smithi069.stdout:May 09 09:09:07 smithi069 ceph-8e3a7b52-0de3-11ef-bc98-c7b262605968-mgr-x[30352]: | ..++* . o = .|
2024-05-09T09:09:07.960 INFO:journalctl@ceph.mgr.x.smithi069.stdout:May 09 09:09:07 smithi069 ceph-8e3a7b52-0de3-11ef-bc98-c7b262605968-mgr-x[30352]: | ...=o= . + ..|
2024-05-09T09:09:07.961 INFO:journalctl@ceph.mgr.x.smithi069.stdout:May 09 09:09:07 smithi069 ceph-8e3a7b52-0de3-11ef-bc98-c7b262605968-mgr-x[30352]: | .ooS.. o o o|
2024-05-09T09:09:07.961 INFO:journalctl@ceph.mgr.x.smithi069.stdout:May 09 09:09:07 smithi069 ceph-8e3a7b52-0de3-11ef-bc98-c7b262605968-mgr-x[30352]: | .E. o * .|
2024-05-09T09:09:07.961 INFO:journalctl@ceph.mgr.x.smithi069.stdout:May 09 09:09:07 smithi069 ceph-8e3a7b52-0de3-11ef-bc98-c7b262605968-mgr-x[30352]: | . X + |
2024-05-09T09:09:07.961 INFO:journalctl@ceph.mgr.x.smithi069.stdout:May 09 09:09:07 smithi069 ceph-8e3a7b52-0de3-11ef-bc98-c7b262605968-mgr-x[30352]: | + O . |
2024-05-09T09:09:07.961 INFO:journalctl@ceph.mgr.x.smithi069.stdout:May 09 09:09:07 smithi069 ceph-8e3a7b52-0de3-11ef-bc98-c7b262605968-mgr-x[30352]: | o +. |
2024-05-09T09:09:07.961 INFO:journalctl@ceph.mgr.x.smithi069.stdout:May 09 09:09:07 smithi069 ceph-8e3a7b52-0de3-11ef-bc98-c7b262605968-mgr-x[30352]: +----[SHA256]-----+
2024-05-09T09:09:08.235 INFO:journalctl@ceph.mon.a.smithi069.stdout:May 09 09:09:08 smithi069 ceph-mon[30123]: from='client.14134 -' entity='client.admin' cmd=[{"prefix": "cephadm set-user", "user": "root", "target": ["mon-mgr", ""]}]: dispatch
2024-05-09T09:09:08.236 INFO:journalctl@ceph.mon.a.smithi069.stdout:May 09 09:09:08 smithi069 ceph-mon[30123]: from='mgr.14120 172.21.15.69:0/1021909657' entity='mgr.x'
2024-05-09T09:09:08.236 INFO:journalctl@ceph.mon.a.smithi069.stdout:May 09 09:09:08 smithi069 ceph-mon[30123]: from='mgr.14120 172.21.15.69:0/1021909657' entity='mgr.x'
2024-05-09T09:09:08.240 INFO:teuthology.orchestra.run.smithi069.stdout:/usr/bin/ceph: stderr
2024-05-09T09:09:07.256+0000 7fcdddf24700 1 Processor -- start
2024-05-09T09:09:08.240 INFO:teuthology.orchestra.run.smithi069.stdout:/usr/bin/ceph: stderr
2024-05-09T09:09:07.256+0000 7fcdddf24700 1 -- start start
2024-05-09T09:09:08.240 INFO:teuthology.orchestra.run.smithi069.stdout:/usr/bin/ceph: stderr
2024-05-09T09:09:07.256+0000 7fcdddf24700 1 --2- >> [v2:172.21.15.69:3300/0,v1:172.21.15.69:6789/0] conn(0x7fcdd81088a0 0x7fcdd810ac90 unknown :-1 s=NONE pgs=0 cs=0 l=0 rev1=0 crypto rx=0 tx=0 comp rx=0 tx=0).connect
2024-05-09T09:09:08.240 INFO:teuthology.orchestra.run.smithi069.stdout:/usr/bin/ceph: stderr
2024-05-09T09:09:07.256+0000 7fcdddf24700 1 -- --> [v2:172.21.15.69:3300/0,v1:172.21.15.69:6789/0] -- mon_getmap magic: 0 -- 0x7fcdd807c680 con 0x7fcdd81088a0
2024-05-09T09:09:08.240 INFO:teuthology.orchestra.run.smithi069.stdout:/usr/bin/ceph: stderr
2024-05-09T09:09:07.257+0000 7fcdd77fe700 1 --2- >> [v2:172.21.15.69:3300/0,v1:172.21.15.69:6789/0] conn(0x7fcdd81088a0 0x7fcdd810ac90 unknown :-1 s=BANNER_CONNECTING pgs=0 cs=0 l=0 rev1=0 crypto rx=0 tx=0 comp rx=0 tx=0)._handle_peer_banner_payload supported=3 required=0
2024-05-09T09:09:08.240 INFO:teuthology.orchestra.run.smithi069.stdout:/usr/bin/ceph: stderr
2024-05-09T09:09:07.257+0000 7fcdd77fe700 1 --2- >> [v2:172.21.15.69:3300/0,v1:172.21.15.69:6789/0] conn(0x7fcdd81088a0 0x7fcdd810ac90 unknown :-1 s=HELLO_CONNECTING pgs=0 cs=0 l=0 rev1=1 crypto rx=0 tx=0 comp rx=0 tx=0).handle_hello peer v2:172.21.15.69:3300/0 says I am v2:172.21.15.69:48044/0 (socket says 172.21.15.69:48044)
2024-05-09T09:09:08.240 INFO:teuthology.orchestra.run.smithi069.stdout:/usr/bin/ceph: stderr
2024-05-09T09:09:07.257+0000 7fcdd77fe700 1 -- 172.21.15.69:0/420410103 learned_addr learned my addr 172.21.15.69:0/420410103 (peer_addr_for_me v2:172.21.15.69:0/0)
2024-05-09T09:09:08.240 INFO:teuthology.orchestra.run.smithi069.stdout:/usr/bin/ceph: stderr
2024-05-09T09:09:07.257+0000 7fcdd77fe700 1 -- 172.21.15.69:0/420410103 --> [v2:172.21.15.69:3300/0,v1:172.21.15.69:6789/0] -- mon_subscribe({config=0+,monmap=0+}) -- 0x7fcdd810b1d0 con 0x7fcdd81088a0
2024-05-09T09:09:08.240 INFO:teuthology.orchestra.run.smithi069.stdout:/usr/bin/ceph: stderr
2024-05-09T09:09:07.257+0000 7fcdd77fe700 1 --2- 172.21.15.69:0/420410103 >> [v2:172.21.15.69:3300/0,v1:172.21.15.69:6789/0] conn(0x7fcdd81088a0 0x7fcdd810ac90 secure :-1 s=READY pgs=41 cs=0 l=1 rev1=1 crypto rx=0x7fcdc8009e80 tx=0x7fcdc800b330 comp rx=0 tx=0).ready entity=mon.0 client_cookie=601495a0ce860cb1 server_cookie=0 in_seq=0 out_seq=0
2024-05-09T09:09:08.240 INFO:teuthology.orchestra.run.smithi069.stdout:/usr/bin/ceph: stderr
2024-05-09T09:09:07.257+0000 7fcdd67fc700 1 -- 172.21.15.69:0/420410103 <== mon.0 v2:172.21.15.69:3300/0 1 ==== mon_map magic: 0 ==== 205+0+0 (secure 0 0 0) 0x7fcdc8017070 con 0x7fcdd81088a0
2024-05-09T09:09:08.240 INFO:teuthology.orchestra.run.smithi069.stdout:/usr/bin/ceph: stderr
2024-05-09T09:09:07.257+0000 7fcdd67fc700 1 -- 172.21.15.69:0/420410103 <== mon.0 v2:172.21.15.69:3300/0 2 ==== config(27 keys) ==== 1109+0+0 (secure 0 0 0) 0x7fcdc800b8c0 con 0x7fcdd81088a0
2024-05-09T09:09:08.241 INFO:teuthology.orchestra.run.smithi069.stdout:/usr/bin/ceph: stderr
2024-05-09T09:09:07.257+0000 7fcdd67fc700 1 -- 172.21.15.69:0/420410103 <== mon.0 v2:172.21.15.69:3300/0 3 ==== mon_map magic: 0 ==== 205+0+0 (secure 0 0 0) 0x7fcdc80045c0 con 0x7fcdd81088a0
2024-05-09T09:09:08.241 INFO:teuthology.orchestra.run.smithi069.stdout:/usr/bin/ceph: stderr
2024-05-09T09:09:07.258+0000 7fcdddf24700 1 -- 172.21.15.69:0/420410103 >> [v2:172.21.15.69:3300/0,v1:172.21.15.69:6789/0] conn(0x7fcdd81088a0 msgr2=0x7fcdd810ac90 secure :-1 s=STATE_CONNECTION_ESTABLISHED l=1).mark_down
2024-05-09T09:09:08.241 INFO:teuthology.orchestra.run.smithi069.stdout:/usr/bin/ceph: stderr
2024-05-09T09:09:07.258+0000 7fcdddf24700 1 --2- 172.21.15.69:0/420410103 >> [v2:172.21.15.69:3300/0,v1:172.21.15.69:6789/0] conn(0x7fcdd81088a0 0x7fcdd810ac90 secure :-1 s=READY pgs=41 cs=0 l=1 rev1=1 crypto rx=0x7fcdc8009e80 tx=0x7fcdc800b330 comp rx=0 tx=0).stop
2024-05-09T09:09:08.241 INFO:teuthology.orchestra.run.smithi069.stdout:/usr/bin/ceph: stderr
2024-05-09T09:09:07.258+0000 7fcdddf24700 1 -- 172.21.15.69:0/420410103 shutdown_connections
2024-05-09T09:09:08.241 INFO:teuthology.orchestra.run.smithi069.stdout:/usr/bin/ceph: stderr
2024-05-09T09:09:07.258+0000 7fcdddf24700 1 --2- 172.21.15.69:0/420410103 >> [v2:172.21.15.69:3300/0,v1:172.21.15.69:6789/0] conn(0x7fcdd81088a0 0x7fcdd810ac90 unknown :-1 s=CLOSED pgs=41 cs=0 l=1 rev1=1 crypto rx=0 tx=0 comp rx=0 tx=0).stop
2024-05-09T09:09:08.241 INFO:teuthology.orchestra.run.smithi069.stdout:/usr/bin/ceph: stderr
2024-05-09T09:09:07.258+0000 7fcdddf24700 1 -- 172.21.15.69:0/420410103 >> 172.21.15.69:0/420410103 conn(0x7fcdd8102290 msgr2=0x7fcdd81046b0 unknown :-1 s=STATE_NONE l=0).mark_down
2024-05-09T09:09:08.241 INFO:teuthology.orchestra.run.smithi069.stdout:/usr/bin/ceph: stderr
2024-05-09T09:09:07.258+0000 7fcdddf24700 1 -- 172.21.15.69:0/420410103 shutdown_connections
2024-05-09T09:09:08.241 INFO:teuthology.orchestra.run.smithi069.stdout:/usr/bin/ceph: stderr
2024-05-09T09:09:07.258+0000 7fcdddf24700 1 -- 172.21.15.69:0/420410103 wait complete.
2024-05-09T09:09:08.241 INFO:teuthology.orchestra.run.smithi069.stdout:/usr/bin/ceph: stderr
2024-05-09T09:09:07.258+0000 7fcdddf24700 1 Processor -- start
2024-05-09T09:09:08.244 INFO:teuthology.orchestra.run.smithi069.stdout:/usr/bin/ceph: stderr
2024-05-09T09:09:07.259+0000 7fcdddf24700 1 -- start start
2024-05-09T09:09:08.244 INFO:teuthology.orchestra.run.smithi069.stdout:/usr/bin/ceph: stderr
2024-05-09T09:09:07.259+0000 7fcdddf24700 1 --2- >> [v2:172.21.15.69:3300/0,v1:172.21.15.69:6789/0] conn(0x7fcdd81088a0 0x7fcdd819bc50 unknown :-1 s=NONE pgs=0 cs=0 l=1 rev1=0 crypto rx=0 tx=0 comp rx=0 tx=0).connect
2024-05-09T09:09:08.245 INFO:teuthology.orchestra.run.smithi069.stdout:/usr/bin/ceph: stderr
2024-05-09T09:09:07.259+0000 7fcdddf24700 1 -- --> [v2:172.21.15.69:3300/0,v1:172.21.15.69:6789/0] -- mon_getmap magic: 0 -- 0x7fcdd810c120 con 0x7fcdd81088a0
2024-05-09T09:09:08.245 INFO:teuthology.orchestra.run.smithi069.stdout:/usr/bin/ceph: stderr
2024-05-09T09:09:07.259+0000 7fcdd77fe700 1 --2- >> [v2:172.21.15.69:3300/0,v1:172.21.15.69:6789/0] conn(0x7fcdd81088a0 0x7fcdd819bc50 unknown :-1 s=BANNER_CONNECTING pgs=0 cs=0 l=1 rev1=0 crypto rx=0 tx=0 comp rx=0 tx=0)._handle_peer_banner_payload supported=3 required=0
2024-05-09T09:09:08.245 INFO:teuthology.orchestra.run.smithi069.stdout:/usr/bin/ceph: stderr
2024-05-09T09:09:07.259+0000 7fcdd77fe700 1 --2- >> [v2:172.21.15.69:3300/0,v1:172.21.15.69:6789/0] conn(0x7fcdd81088a0 0x7fcdd819bc50 unknown :-1 s=HELLO_CONNECTING pgs=0 cs=0 l=1 rev1=1 crypto rx=0 tx=0 comp rx=0 tx=0).handle_hello peer v2:172.21.15.69:3300/0 says I am v2:172.21.15.69:48046/0 (socket says 172.21.15.69:48046)
2024-05-09T09:09:08.245 INFO:teuthology.orchestra.run.smithi069.stdout:/usr/bin/ceph: stderr
2024-05-09T09:09:07.259+0000 7fcdd77fe700 1 -- 172.21.15.69:0/1091980233 learned_addr learned my addr 172.21.15.69:0/1091980233 (peer_addr_for_me v2:172.21.15.69:0/0)
2024-05-09T09:09:08.245 INFO:teuthology.orchestra.run.smithi069.stdout:/usr/bin/ceph: stderr
2024-05-09T09:09:07.259+0000 7fcdd77fe700 1 -- 172.21.15.69:0/1091980233 --> [v2:172.21.15.69:3300/0,v1:172.21.15.69:6789/0] -- mon_subscribe({config=0+,monmap=0+}) -- 0x7fcdd819c190 con 0x7fcdd81088a0
2024-05-09T09:09:08.245 INFO:teuthology.orchestra.run.smithi069.stdout:/usr/bin/ceph: stderr
2024-05-09T09:09:07.259+0000 7fcdd77fe700 1 --2- 172.21.15.69:0/1091980233 >> [v2:172.21.15.69:3300/0,v1:172.21.15.69:6789/0] conn(0x7fcdd81088a0 0x7fcdd819bc50 secure :-1 s=READY pgs=42 cs=0 l=1 rev1=1 crypto rx=0x7fcdc8004350 tx=0x7fcdc800bd50 comp rx=0 tx=0).ready entity=mon.0 client_cookie=0 server_cookie=0 in_seq=0 out_seq=0
2024-05-09T09:09:08.245 INFO:teuthology.orchestra.run.smithi069.stdout:/usr/bin/ceph: stderr
2024-05-09T09:09:07.260+0000 7fcdd4ff9700 1 -- 172.21.15.69:0/1091980233 <== mon.0 v2:172.21.15.69:3300/0 1 ==== mon_map magic: 0 ==== 205+0+0 (secure 0 0 0) 0x7fcdc8020020 con 0x7fcdd81088a0
2024-05-09T09:09:08.245 INFO:teuthology.orchestra.run.smithi069.stdout:/usr/bin/ceph: stderr
2024-05-09T09:09:07.260+0000 7fcdd4ff9700 1 -- 172.21.15.69:0/1091980233 <== mon.0 v2:172.21.15.69:3300/0 2 ==== config(27 keys) ==== 1109+0+0 (secure 0 0 0) 0x7fcdc8003c10 con 0x7fcdd81088a0
2024-05-09T09:09:08.245 INFO:teuthology.orchestra.run.smithi069.stdout:/usr/bin/ceph: stderr
2024-05-09T09:09:07.260+0000 7fcdddf24700 1 -- 172.21.15.69:0/1091980233 --> [v2:172.21.15.69:3300/0,v1:172.21.15.69:6789/0] -- mon_subscribe({mgrmap=0+}) -- 0x7fcdd819c420 con 0x7fcdd81088a0
2024-05-09T09:09:08.245 INFO:teuthology.orchestra.run.smithi069.stdout:/usr/bin/ceph: stderr
2024-05-09T09:09:07.260+0000 7fcdd4ff9700 1 -- 172.21.15.69:0/1091980233 <== mon.0 v2:172.21.15.69:3300/0 3 ==== mon_map magic: 0 ==== 205+0+0 (secure 0 0 0) 0x7fcdc8017040 con 0x7fcdd81088a0
2024-05-09T09:09:08.245 INFO:teuthology.orchestra.run.smithi069.stdout:/usr/bin/ceph: stderr
2024-05-09T09:09:07.260+0000 7fcdddf24700 1 -- 172.21.15.69:0/1091980233 --> [v2:172.21.15.69:3300/0,v1:172.21.15.69:6789/0] -- mon_subscribe({osdmap=0}) -- 0x7fcdd819f110 con 0x7fcdd81088a0
2024-05-09T09:09:08.245 INFO:teuthology.orchestra.run.smithi069.stdout:/usr/bin/ceph: stderr
2024-05-09T09:09:07.261+0000 7fcdd4ff9700 1 -- 172.21.15.69:0/1091980233 <== mon.0 v2:172.21.15.69:3300/0 4 ==== mgrmap(e 8) ==== 46287+0+0 (secure 0 0 0) 0x7fcdc8023020 con 0x7fcdd81088a0
2024-05-09T09:09:08.245 INFO:teuthology.orchestra.run.smithi069.stdout:/usr/bin/ceph: stderr
2024-05-09T09:09:07.261+0000 7fcdddf24700 1 -- 172.21.15.69:0/1091980233 --> [v2:172.21.15.69:3300/0,v1:172.21.15.69:6789/0] -- mon_command({"prefix": "get_command_descriptions"} v 0) -- 0x7fcdd8063980 con 0x7fcdd81088a0
2024-05-09T09:09:08.245 INFO:teuthology.orchestra.run.smithi069.stdout:/usr/bin/ceph: stderr
2024-05-09T09:09:07.261+0000 7fcdd4ff9700 1 --2- 172.21.15.69:0/1091980233 >> [v2:172.21.15.69:6800/936285351,v1:172.21.15.69:6801/936285351] conn(0x7fcdc0039050 0x7fcdc003b510 unknown :-1 s=NONE pgs=0 cs=0 l=1 rev1=0 crypto rx=0 tx=0 comp rx=0 tx=0).connect
2024-05-09T09:09:08.246 INFO:teuthology.orchestra.run.smithi069.stdout:/usr/bin/ceph: stderr
2024-05-09T09:09:07.261+0000 7fcdd4ff9700 1 -- 172.21.15.69:0/1091980233 <== mon.0 v2:172.21.15.69:3300/0 5 ==== osd_map(2..2 src has 1..2) ==== 940+0+0 (secure 0 0 0) 0x7fcdc800f050 con 0x7fcdd81088a0
2024-05-09T09:09:08.246 INFO:teuthology.orchestra.run.smithi069.stdout:/usr/bin/ceph: stderr
2024-05-09T09:09:07.261+0000 7fcdd6ffd700 1 --2- 172.21.15.69:0/1091980233 >> [v2:172.21.15.69:6800/936285351,v1:172.21.15.69:6801/936285351] conn(0x7fcdc0039050 0x7fcdc003b510 unknown :-1 s=BANNER_CONNECTING pgs=0 cs=0 l=1 rev1=0 crypto rx=0 tx=0 comp rx=0 tx=0)._handle_peer_banner_payload supported=3 required=0
2024-05-09T09:09:08.246 INFO:teuthology.orchestra.run.smithi069.stdout:/usr/bin/ceph: stderr
2024-05-09T09:09:07.261+0000 7fcdd6ffd700 1 --2- 172.21.15.69:0/1091980233 >> [v2:172.21.15.69:6800/936285351,v1:172.21.15.69:6801/936285351] conn(0x7fcdc0039050 0x7fcdc003b510 secure :-1 s=READY pgs=9 cs=0 l=1 rev1=1 crypto rx=0x7fcdcc006fd0 tx=0x7fcdcc006e40 comp rx=0 tx=0).ready entity=mgr.14120 client_cookie=0 server_cookie=0 in_seq=0 out_seq=0
2024-05-09T09:09:08.246 INFO:teuthology.orchestra.run.smithi069.stdout:/usr/bin/ceph: stderr
2024-05-09T09:09:07.266+0000 7fcdd4ff9700 1 -- 172.21.15.69:0/1091980233 <== mon.0 v2:172.21.15.69:3300/0 6 ==== mon_command_ack([{"prefix": "get_command_descriptions"}]=0 v0) ==== 72+0+186147 (secure 0 0 0) 0x7fcdc802a020 con 0x7fcdd81088a0
2024-05-09T09:09:08.246 INFO:teuthology.orchestra.run.smithi069.stdout:/usr/bin/ceph: stderr
2024-05-09T09:09:07.462+0000 7fcdddf24700 1 -- 172.21.15.69:0/1091980233 --> [v2:172.21.15.69:6800/936285351,v1:172.21.15.69:6801/936285351] -- mgr_command(tid 0: {"prefix": "cephadm generate-key", "target": ["mon-mgr", ""]}) -- 0x7fcdd8103500 con 0x7fcdc0039050
2024-05-09T09:09:08.246 INFO:teuthology.orchestra.run.smithi069.stdout:/usr/bin/ceph: stderr
2024-05-09T09:09:07.712+0000 7fcdd4ff9700 1 -- 172.21.15.69:0/1091980233 <== mgr.14120 v2:172.21.15.69:6800/936285351 1 ==== mgr_command_reply(tid 0: 0 ) ==== 8+0+0 (secure 0 0 0) 0x7fcdd8103500 con 0x7fcdc0039050
2024-05-09T09:09:08.246 INFO:teuthology.orchestra.run.smithi069.stdout:/usr/bin/ceph: stderr
2024-05-09T09:09:07.714+0000 7fcdddf24700 1 -- 172.21.15.69:0/1091980233 >> [v2:172.21.15.69:6800/936285351,v1:172.21.15.69:6801/936285351] conn(0x7fcdc0039050 msgr2=0x7fcdc003b510 secure :-1 s=STATE_CONNECTION_ESTABLISHED l=1).mark_down
2024-05-09T09:09:08.246 INFO:teuthology.orchestra.run.smithi069.stdout:/usr/bin/ceph: stderr
2024-05-09T09:09:07.714+0000 7fcdddf24700 1 --2- 172.21.15.69:0/1091980233 >> [v2:172.21.15.69:6800/936285351,v1:172.21.15.69:6801/936285351] conn(0x7fcdc0039050 0x7fcdc003b510 secure :-1 s=READY pgs=9 cs=0 l=1 rev1=1 crypto rx=0x7fcdcc006fd0 tx=0x7fcdcc006e40 comp rx=0 tx=0).stop
2024-05-09T09:09:08.246 INFO:teuthology.orchestra.run.smithi069.stdout:/usr/bin/ceph: stderr
2024-05-09T09:09:07.714+0000 7fcdddf24700 1 -- 172.21.15.69:0/1091980233 >> [v2:172.21.15.69:3300/0,v1:172.21.15.69:6789/0] conn(0x7fcdd81088a0 msgr2=0x7fcdd819bc50 secure :-1 s=STATE_CONNECTION_ESTABLISHED l=1).mark_down
2024-05-09T09:09:08.246 INFO:teuthology.orchestra.run.smithi069.stdout:/usr/bin/ceph: stderr
2024-05-09T09:09:07.714+0000 7fcdddf24700 1 --2- 172.21.15.69:0/1091980233 >> [v2:172.21.15.69:3300/0,v1:172.21.15.69:6789/0] conn(0x7fcdd81088a0 0x7fcdd819bc50 secure :-1 s=READY pgs=42 cs=0 l=1 rev1=1 crypto rx=0x7fcdc8004350 tx=0x7fcdc800bd50 comp rx=0 tx=0).stop
2024-05-09T09:09:08.246 INFO:teuthology.orchestra.run.smithi069.stdout:/usr/bin/ceph: stderr
2024-05-09T09:09:07.714+0000 7fcdddf24700 1 -- 172.21.15.69:0/1091980233 shutdown_connections
2024-05-09T09:09:08.246 INFO:teuthology.orchestra.run.smithi069.stdout:/usr/bin/ceph: stderr
2024-05-09T09:09:07.714+0000 7fcdddf24700 1 --2- 172.21.15.69:0/1091980233 >> [v2:172.21.15.69:6800/936285351,v1:172.21.15.69:6801/936285351] conn(0x7fcdc0039050 0x7fcdc003b510 unknown :-1 s=CLOSED pgs=9 cs=0 l=1 rev1=1 crypto rx=0 tx=0 comp rx=0 tx=0).stop
2024-05-09T09:09:08.246 INFO:teuthology.orchestra.run.smithi069.stdout:/usr/bin/ceph: stderr
2024-05-09T09:09:07.714+0000 7fcdddf24700 1 --2- 172.21.15.69:0/1091980233 >> [v2:172.21.15.69:3300/0,v1:172.21.15.69:6789/0] conn(0x7fcdd81088a0 0x7fcdd819bc50 unknown :-1 s=CLOSED pgs=42 cs=0 l=1 rev1=1 crypto rx=0 tx=0 comp rx=0 tx=0).stop
2024-05-09T09:09:08.246 INFO:teuthology.orchestra.run.smithi069.stdout:/usr/bin/ceph: stderr
2024-05-09T09:09:07.714+0000 7fcdddf24700 1 -- 172.21.15.69:0/1091980233 >> 172.21.15.69:0/1091980233 conn(0x7fcdd8102290 msgr2=0x7fcdd8102df0 unknown :-1 s=STATE_NONE l=0).mark_down
2024-05-09T09:09:08.247 INFO:teuthology.orchestra.run.smithi069.stdout:/usr/bin/ceph: stderr
2024-05-09T09:09:07.714+0000 7fcdddf24700 1 -- 172.21.15.69:0/1091980233 shutdown_connections
2024-05-09T09:09:08.247 INFO:teuthology.orchestra.run.smithi069.stdout:/usr/bin/ceph: stderr
2024-05-09T09:09:07.714+0000 7fcdddf24700 1 -- 172.21.15.69:0/1091980233 wait complete.
2024-05-09T09:09:09.259 INFO:journalctl@ceph.mon.a.smithi069.stdout:May 09 09:09:09 smithi069 ceph-mon[30123]: from='client.14136 -' entity='client.admin' cmd=[{"prefix": "cephadm generate-key", "target": ["mon-mgr", ""]}]: dispatch
2024-05-09T09:09:09.259 INFO:journalctl@ceph.mon.a.smithi069.stdout:May 09 09:09:09 smithi069 ceph-mon[30123]: Generating ssh key...
2024-05-09T09:09:09.363 INFO:teuthology.orchestra.run.smithi069.stdout:/usr/bin/ceph: stdout ssh-rsa AAAAB3NzaC1yc2EAAAADAQABAAABgQC3BPXpp+qOiQsqCLDIPxc3d2zGg7AJgRX05+1uhzRbSg9xcmV+pu6gZTPN5BeUBf40gcLzT9pFrA+eYEA5gPRkNJUsvG5rKNSrMMgsSIsLmH1RDa2ixPgsqzXD6CqSifs3Q5V0sdnqMi5Zp/jAHDmAg56RIF37vkeSfp+AWZGpBOKTelzu4rbxL/bxciyZumTbQa3YO2znjXi6yHbOj+rAVMUWX4sYxn4k5a5dQatY5YboWPlWLKY6YYSvZZS2BRrPmSw4zds20/4CoI375kWkqtAsPmW/EbRcJuxt1VgI+4+qhudPIzBXnWtpp2CcXIzK0EUB4w4FA+ovtq1j9c4Ivrc+i/Xkrh5Z5KkqhgtcQUXV23RCCSRL9GwvnGNjMBwZ7RfJx+5/55X56UUhipSCqlGoRrR5u/qcmTI1fiH/SaXkyhOkMA/H351mQx6hcA6VSrIWiW3NoESleJJ4/cjHOBafrn0dsqogsaxKRhspMqNqQfTJC92IOMHfPKhU5jM= ceph-8e3a7b52-0de3-11ef-bc98-c7b262605968
2024-05-09T09:09:09.363 INFO:teuthology.orchestra.run.smithi069.stdout:/usr/bin/ceph: stderr
2024-05-09T09:09:08.655+0000 7fe699753700 1 Processor -- start
2024-05-09T09:09:09.363 INFO:teuthology.orchestra.run.smithi069.stdout:/usr/bin/ceph: stderr
2024-05-09T09:09:08.655+0000 7fe699753700 1 -- start start
2024-05-09T09:09:09.363 INFO:teuthology.orchestra.run.smithi069.stdout:/usr/bin/ceph: stderr
2024-05-09T09:09:08.655+0000 7fe699753700 1 --2- >> [v2:172.21.15.69:3300/0,v1:172.21.15.69:6789/0] conn(0x7fe694106640 0x7fe694108a70 unknown :-1 s=NONE pgs=0 cs=0 l=0 rev1=0 crypto rx=0 tx=0 comp rx=0 tx=0).connect
2024-05-09T09:09:09.363 INFO:teuthology.orchestra.run.smithi069.stdout:/usr/bin/ceph: stderr
2024-05-09T09:09:08.655+0000 7fe699753700 1 -- --> [v2:172.21.15.69:3300/0,v1:172.21.15.69:6789/0] -- mon_getmap magic: 0 -- 0x7fe69407c710 con 0x7fe694106640
2024-05-09T09:09:09.363 INFO:teuthology.orchestra.run.smithi069.stdout:/usr/bin/ceph: stderr
2024-05-09T09:09:08.656+0000 7fe692ffd700 1 --2- >> [v2:172.21.15.69:3300/0,v1:172.21.15.69:6789/0] conn(0x7fe694106640 0x7fe694108a70 unknown :-1 s=BANNER_CONNECTING pgs=0 cs=0 l=0 rev1=0 crypto rx=0 tx=0 comp rx=0 tx=0)._handle_peer_banner_payload supported=3 required=0
2024-05-09T09:09:09.363 INFO:teuthology.orchestra.run.smithi069.stdout:/usr/bin/ceph: stderr
2024-05-09T09:09:08.656+0000 7fe692ffd700 1 --2- >> [v2:172.21.15.69:3300/0,v1:172.21.15.69:6789/0] conn(0x7fe694106640 0x7fe694108a70 unknown :-1 s=HELLO_CONNECTING pgs=0 cs=0 l=0 rev1=1 crypto rx=0 tx=0 comp rx=0 tx=0).handle_hello peer v2:172.21.15.69:3300/0 says I am v2:172.21.15.69:55284/0 (socket says 172.21.15.69:55284)
2024-05-09T09:09:09.363 INFO:teuthology.orchestra.run.smithi069.stdout:/usr/bin/ceph: stderr
2024-05-09T09:09:08.656+0000 7fe692ffd700 1 -- 172.21.15.69:0/4186266253 learned_addr learned my addr 172.21.15.69:0/4186266253 (peer_addr_for_me v2:172.21.15.69:0/0)
2024-05-09T09:09:09.364 INFO:teuthology.orchestra.run.smithi069.stdout:/usr/bin/ceph: stderr
2024-05-09T09:09:08.656+0000 7fe692ffd700 1 -- 172.21.15.69:0/4186266253 --> [v2:172.21.15.69:3300/0,v1:172.21.15.69:6789/0] -- mon_subscribe({config=0+,monmap=0+}) -- 0x7fe694108fb0 con 0x7fe694106640
2024-05-09T09:09:09.364 INFO:teuthology.orchestra.run.smithi069.stdout:/usr/bin/ceph: stderr
2024-05-09T09:09:08.656+0000 7fe692ffd700 1 --2- 172.21.15.69:0/4186266253 >> [v2:172.21.15.69:3300/0,v1:172.21.15.69:6789/0] conn(0x7fe694106640 0x7fe694108a70 secure :-1 s=READY pgs=43 cs=0 l=1 rev1=1 crypto rx=0x7fe6840098a0 tx=0x7fe684009bb0 comp rx=0 tx=0).ready entity=mon.0 client_cookie=a07f29c4f724521e server_cookie=0 in_seq=0 out_seq=0
2024-05-09T09:09:09.364 INFO:teuthology.orchestra.run.smithi069.stdout:/usr/bin/ceph: stderr
2024-05-09T09:09:08.656+0000 7fe6927fc700 1 -- 172.21.15.69:0/4186266253 <== mon.0 v2:172.21.15.69:3300/0 1 ==== mon_map magic: 0 ==== 205+0+0 (secure 0 0 0) 0x7fe684004160 con 0x7fe694106640
2024-05-09T09:09:09.364 INFO:teuthology.orchestra.run.smithi069.stdout:/usr/bin/ceph: stderr
2024-05-09T09:09:08.656+0000 7fe6927fc700 1 -- 172.21.15.69:0/4186266253 <== mon.0 v2:172.21.15.69:3300/0 2 ==== config(27 keys) ==== 1109+0+0 (secure 0 0 0) 0x7fe684004300 con 0x7fe694106640
2024-05-09T09:09:09.364 INFO:teuthology.orchestra.run.smithi069.stdout:/usr/bin/ceph: stderr
2024-05-09T09:09:08.656+0000 7fe6927fc700 1 -- 172.21.15.69:0/4186266253 <== mon.0 v2:172.21.15.69:3300/0 3 ==== mon_map magic: 0 ==== 205+0+0 (secure 0 0 0) 0x7fe684011b50 con 0x7fe694106640
2024-05-09T09:09:09.364 INFO:teuthology.orchestra.run.smithi069.stdout:/usr/bin/ceph: stderr
2024-05-09T09:09:08.657+0000 7fe699753700 1 -- 172.21.15.69:0/4186266253 >> [v2:172.21.15.69:3300/0,v1:172.21.15.69:6789/0] conn(0x7fe694106640 msgr2=0x7fe694108a70 secure :-1 s=STATE_CONNECTION_ESTABLISHED l=1).mark_down
2024-05-09T09:09:09.364 INFO:teuthology.orchestra.run.smithi069.stdout:/usr/bin/ceph: stderr
2024-05-09T09:09:08.657+0000 7fe699753700 1 --2- 172.21.15.69:0/4186266253 >> [v2:172.21.15.69:3300/0,v1:172.21.15.69:6789/0] conn(0x7fe694106640 0x7fe694108a70 secure :-1 s=READY pgs=43 cs=0 l=1 rev1=1 crypto rx=0x7fe6840098a0 tx=0x7fe684009bb0 comp rx=0 tx=0).stop
2024-05-09T09:09:09.364 INFO:teuthology.orchestra.run.smithi069.stdout:/usr/bin/ceph: stderr
2024-05-09T09:09:08.657+0000 7fe699753700 1 -- 172.21.15.69:0/4186266253 shutdown_connections
2024-05-09T09:09:09.364 INFO:teuthology.orchestra.run.smithi069.stdout:/usr/bin/ceph: stderr
2024-05-09T09:09:08.657+0000 7fe699753700 1 --2- 172.21.15.69:0/4186266253 >> [v2:172.21.15.69:3300/0,v1:172.21.15.69:6789/0] conn(0x7fe694106640 0x7fe694108a70 unknown :-1 s=CLOSED pgs=43 cs=0 l=1 rev1=1 crypto rx=0 tx=0 comp rx=0 tx=0).stop
2024-05-09T09:09:09.364 INFO:teuthology.orchestra.run.smithi069.stdout:/usr/bin/ceph: stderr
2024-05-09T09:09:08.657+0000 7fe699753700 1 -- 172.21.15.69:0/4186266253 >> 172.21.15.69:0/4186266253 conn(0x7fe6941022c0 msgr2=0x7fe6941046e0 unknown :-1 s=STATE_NONE l=0).mark_down
2024-05-09T09:09:09.364 INFO:teuthology.orchestra.run.smithi069.stdout:/usr/bin/ceph: stderr
2024-05-09T09:09:08.657+0000 7fe699753700 1 -- 172.21.15.69:0/4186266253 shutdown_connections
2024-05-09T09:09:09.364 INFO:teuthology.orchestra.run.smithi069.stdout:/usr/bin/ceph: stderr
2024-05-09T09:09:08.657+0000 7fe699753700 1 -- 172.21.15.69:0/4186266253 wait complete.
2024-05-09T09:09:09.364 INFO:teuthology.orchestra.run.smithi069.stdout:/usr/bin/ceph: stderr
2024-05-09T09:09:08.657+0000 7fe699753700 1 Processor -- start
2024-05-09T09:09:09.368 INFO:teuthology.orchestra.run.smithi069.stdout:/usr/bin/ceph: stderr
2024-05-09T09:09:08.658+0000 7fe699753700 1 -- start start
2024-05-09T09:09:09.368 INFO:teuthology.orchestra.run.smithi069.stdout:/usr/bin/ceph: stderr
2024-05-09T09:09:08.658+0000 7fe699753700 1 --2- >> [v2:172.21.15.69:3300/0,v1:172.21.15.69:6789/0] conn(0x7fe694106640 0x7fe6941a2370 unknown :-1 s=NONE pgs=0 cs=0 l=1 rev1=0 crypto rx=0 tx=0 comp rx=0 tx=0).connect
2024-05-09T09:09:09.368 INFO:teuthology.orchestra.run.smithi069.stdout:/usr/bin/ceph: stderr
2024-05-09T09:09:08.658+0000 7fe699753700 1 -- --> [v2:172.21.15.69:3300/0,v1:172.21.15.69:6789/0] -- mon_getmap magic: 0 -- 0x7fe694109fd0 con 0x7fe694106640
2024-05-09T09:09:09.368 INFO:teuthology.orchestra.run.smithi069.stdout:/usr/bin/ceph: stderr
2024-05-09T09:09:08.658+0000 7fe692ffd700 1 --2- >> [v2:172.21.15.69:3300/0,v1:172.21.15.69:6789/0] conn(0x7fe694106640 0x7fe6941a2370 unknown :-1 s=BANNER_CONNECTING pgs=0 cs=0 l=1 rev1=0 crypto rx=0 tx=0 comp rx=0 tx=0)._handle_peer_banner_payload supported=3 required=0
2024-05-09T09:09:09.369 INFO:teuthology.orchestra.run.smithi069.stdout:/usr/bin/ceph: stderr
2024-05-09T09:09:08.658+0000 7fe692ffd700 1 --2- >> [v2:172.21.15.69:3300/0,v1:172.21.15.69:6789/0] conn(0x7fe694106640 0x7fe6941a2370 unknown :-1 s=HELLO_CONNECTING pgs=0 cs=0 l=1 rev1=1 crypto rx=0 tx=0 comp rx=0 tx=0).handle_hello peer v2:172.21.15.69:3300/0 says I am v2:172.21.15.69:55298/0 (socket says 172.21.15.69:55298)
2024-05-09T09:09:09.369 INFO:teuthology.orchestra.run.smithi069.stdout:/usr/bin/ceph: stderr
2024-05-09T09:09:08.658+0000 7fe692ffd700 1 -- 172.21.15.69:0/4194534645 learned_addr learned my addr 172.21.15.69:0/4194534645 (peer_addr_for_me v2:172.21.15.69:0/0)
2024-05-09T09:09:09.369 INFO:teuthology.orchestra.run.smithi069.stdout:/usr/bin/ceph: stderr
2024-05-09T09:09:08.658+0000 7fe692ffd700 1 -- 172.21.15.69:0/4194534645 --> [v2:172.21.15.69:3300/0,v1:172.21.15.69:6789/0] -- mon_subscribe({config=0+,monmap=0+}) -- 0x7fe6941a28b0 con 0x7fe694106640
2024-05-09T09:09:09.369 INFO:teuthology.orchestra.run.smithi069.stdout:/usr/bin/ceph: stderr
2024-05-09T09:09:08.658+0000 7fe692ffd700 1 --2- 172.21.15.69:0/4194534645 >> [v2:172.21.15.69:3300/0,v1:172.21.15.69:6789/0] conn(0x7fe694106640 0x7fe6941a2370 secure :-1 s=READY pgs=44 cs=0 l=1 rev1=1 crypto rx=0x7fe684009fb0 tx=0x7fe684011bf0 comp rx=0 tx=0).ready entity=mon.0 client_cookie=0 server_cookie=0 in_seq=0 out_seq=0
2024-05-09T09:09:09.369 INFO:teuthology.orchestra.run.smithi069.stdout:/usr/bin/ceph: stderr
2024-05-09T09:09:08.658+0000 7fe690ff9700 1 -- 172.21.15.69:0/4194534645 <== mon.0 v2:172.21.15.69:3300/0 1 ==== mon_map magic: 0 ==== 205+0+0 (secure 0 0 0) 0x7fe6840038b0 con 0x7fe694106640
2024-05-09T09:09:09.369 INFO:teuthology.orchestra.run.smithi069.stdout:/usr/bin/ceph: stderr
2024-05-09T09:09:08.658+0000 7fe690ff9700 1 -- 172.21.15.69:0/4194534645 <== mon.0 v2:172.21.15.69:3300/0 2 ==== config(27 keys) ==== 1109+0+0 (secure 0 0 0) 0x7fe684011e50 con 0x7fe694106640
2024-05-09T09:09:09.369 INFO:teuthology.orchestra.run.smithi069.stdout:/usr/bin/ceph: stderr
2024-05-09T09:09:08.658+0000 7fe699753700 1 -- 172.21.15.69:0/4194534645 --> [v2:172.21.15.69:3300/0,v1:172.21.15.69:6789/0] -- mon_subscribe({mgrmap=0+}) -- 0x7fe6941a2b40 con 0x7fe694106640
2024-05-09T09:09:09.369 INFO:teuthology.orchestra.run.smithi069.stdout:/usr/bin/ceph: stderr
2024-05-09T09:09:08.658+0000 7fe690ff9700 1 -- 172.21.15.69:0/4194534645 <== mon.0 v2:172.21.15.69:3300/0 3 ==== mon_map magic: 0 ==== 205+0+0 (secure 0 0 0) 0x7fe684019420 con 0x7fe694106640
2024-05-09T09:09:09.369 INFO:teuthology.orchestra.run.smithi069.stdout:/usr/bin/ceph: stderr
2024-05-09T09:09:08.658+0000 7fe699753700 1 -- 172.21.15.69:0/4194534645 --> [v2:172.21.15.69:3300/0,v1:172.21.15.69:6789/0] -- mon_subscribe({osdmap=0}) -- 0x7fe6941a5830 con 0x7fe694106640
2024-05-09T09:09:09.369 INFO:teuthology.orchestra.run.smithi069.stdout:/usr/bin/ceph: stderr
2024-05-09T09:09:08.659+0000 7fe690ff9700 1 -- 172.21.15.69:0/4194534645 <== mon.0 v2:172.21.15.69:3300/0 4 ==== mgrmap(e 8) ==== 46287+0+0 (secure 0 0 0) 0x7fe6840196d0 con 0x7fe694106640
2024-05-09T09:09:09.369 INFO:teuthology.orchestra.run.smithi069.stdout:/usr/bin/ceph: stderr
2024-05-09T09:09:08.659+0000 7fe690ff9700 1 --2- 172.21.15.69:0/4194534645 >> [v2:172.21.15.69:6800/936285351,v1:172.21.15.69:6801/936285351] conn(0x7fe680039050 0x7fe68003b510 unknown :-1 s=NONE pgs=0 cs=0 l=1 rev1=0 crypto rx=0 tx=0 comp rx=0 tx=0).connect
2024-05-09T09:09:09.370 INFO:teuthology.orchestra.run.smithi069.stdout:/usr/bin/ceph: stderr
2024-05-09T09:09:08.659+0000 7fe690ff9700 1 -- 172.21.15.69:0/4194534645 <== mon.0 v2:172.21.15.69:3300/0 5 ==== osd_map(2..2 src has 1..2) ==== 940+0+0 (secure 0 0 0) 0x7fe68404d2b0 con 0x7fe694106640
2024-05-09T09:09:09.370 INFO:teuthology.orchestra.run.smithi069.stdout:/usr/bin/ceph: stderr
2024-05-09T09:09:08.659+0000 7fe699753700 1 -- 172.21.15.69:0/4194534645 --> [v2:172.21.15.69:3300/0,v1:172.21.15.69:6789/0] -- mon_command({"prefix": "get_command_descriptions"} v 0) -- 0x7fe694063980 con 0x7fe694106640
2024-05-09T09:09:09.370 INFO:teuthology.orchestra.run.smithi069.stdout:/usr/bin/ceph: stderr
2024-05-09T09:09:08.660+0000 7fe68bfff700 1 --2- 172.21.15.69:0/4194534645 >> [v2:172.21.15.69:6800/936285351,v1:172.21.15.69:6801/936285351] conn(0x7fe680039050 0x7fe68003b510 unknown :-1 s=BANNER_CONNECTING pgs=0 cs=0 l=1 rev1=0 crypto rx=0 tx=0 comp rx=0 tx=0)._handle_peer_banner_payload supported=3 required=0
2024-05-09T09:09:09.370 INFO:teuthology.orchestra.run.smithi069.stdout:/usr/bin/ceph: stderr
2024-05-09T09:09:08.660+0000 7fe68bfff700 1 --2- 172.21.15.69:0/4194534645 >> [v2:172.21.15.69:6800/936285351,v1:172.21.15.69:6801/936285351] conn(0x7fe680039050 0x7fe68003b510 secure :-1 s=READY pgs=10 cs=0 l=1 rev1=1 crypto rx=0x7fe67c006fd0 tx=0x7fe67c006e40 comp rx=0 tx=0).ready entity=mgr.14120 client_cookie=0 server_cookie=0 in_seq=0 out_seq=0
2024-05-09T09:09:09.370 INFO:teuthology.orchestra.run.smithi069.stdout:/usr/bin/ceph: stderr
2024-05-09T09:09:08.664+0000 7fe690ff9700 1 -- 172.21.15.69:0/4194534645 <== mon.0 v2:172.21.15.69:3300/0 6 ==== mon_command_ack([{"prefix": "get_command_descriptions"}]=0 v0) ==== 72+0+186147 (secure 0 0 0) 0x7fe68400bc70 con 0x7fe694106640
2024-05-09T09:09:09.370 INFO:teuthology.orchestra.run.smithi069.stdout:/usr/bin/ceph: stderr
2024-05-09T09:09:08.858+0000 7fe699753700 1 -- 172.21.15.69:0/4194534645 --> [v2:172.21.15.69:6800/936285351,v1:172.21.15.69:6801/936285351] -- mgr_command(tid 0: {"prefix": "cephadm get-pub-key", "target": ["mon-mgr", ""]}) -- 0x7fe69402de20 con 0x7fe680039050
2024-05-09T09:09:09.370 INFO:teuthology.orchestra.run.smithi069.stdout:/usr/bin/ceph: stderr
2024-05-09T09:09:08.859+0000 7fe690ff9700 1 -- 172.21.15.69:0/4194534645 <== mgr.14120 v2:172.21.15.69:6800/936285351 1 ==== mgr_command_reply(tid 0: 0 ) ==== 8+0+595 (secure 0 0 0) 0x7fe69402de20 con 0x7fe680039050
2024-05-09T09:09:09.374 INFO:teuthology.orchestra.run.smithi069.stdout:/usr/bin/ceph: stderr
2024-05-09T09:09:08.861+0000 7fe699753700 1 -- 172.21.15.69:0/4194534645 >> [v2:172.21.15.69:6800/936285351,v1:172.21.15.69:6801/936285351] conn(0x7fe680039050 msgr2=0x7fe68003b510 secure :-1 s=STATE_CONNECTION_ESTABLISHED l=1).mark_down
2024-05-09T09:09:09.374 INFO:teuthology.orchestra.run.smithi069.stdout:/usr/bin/ceph: stderr
2024-05-09T09:09:08.861+0000 7fe699753700 1 --2- 172.21.15.69:0/4194534645 >> [v2:172.21.15.69:6800/936285351,v1:172.21.15.69:6801/936285351] conn(0x7fe680039050 0x7fe68003b510 secure :-1 s=READY pgs=10 cs=0 l=1 rev1=1 crypto rx=0x7fe67c006fd0 tx=0x7fe67c006e40 comp rx=0 tx=0).stop
2024-05-09T09:09:09.374 INFO:teuthology.orchestra.run.smithi069.stdout:/usr/bin/ceph: stderr
2024-05-09T09:09:08.861+0000 7fe699753700 1 -- 172.21.15.69:0/4194534645 >> [v2:172.21.15.69:3300/0,v1:172.21.15.69:6789/0] conn(0x7fe694106640 msgr2=0x7fe6941a2370 secure :-1 s=STATE_CONNECTION_ESTABLISHED l=1).mark_down
2024-05-09T09:09:09.374 INFO:teuthology.orchestra.run.smithi069.stdout:/usr/bin/ceph: stderr
