2024-05-09T09:08:57.422+0000 7f02070fa700 1 --2- 172.21.15.69:0/3695370687 >> [v2:172.21.15.69:6800/2869747387,v1:172.21.15.69:6801/2869747387] conn(0x7f01e8039050 0x7f01e803b510 unknown :-1 s=CLOSED pgs=0 cs=0 l=1 rev1=0 crypto rx=0 tx=0 comp rx=0 tx=0).stop
2024-05-09T09:08:57.977 INFO:teuthology.orchestra.run.smithi069.stdout:/usr/bin/ceph: stderr
2024-05-09T09:08:57.422+0000 7f02070fa700 1 --2- 172.21.15.69:0/3695370687 >> [v2:172.21.15.69:3300/0,v1:172.21.15.69:6789/0] conn(0x7f0200108810 0x7f0200108040 unknown :-1 s=CLOSED pgs=27 cs=0 l=1 rev1=1 crypto rx=0 tx=0 comp rx=0 tx=0).stop
2024-05-09T09:08:57.978 INFO:teuthology.orchestra.run.smithi069.stdout:/usr/bin/ceph: stderr
2024-05-09T09:08:57.422+0000 7f02070fa700 1 -- 172.21.15.69:0/3695370687 >> 172.21.15.69:0/3695370687 conn(0x7f0200102200 msgr2=0x7f0200102d60 unknown :-1 s=STATE_NONE l=0).mark_down
2024-05-09T09:08:57.978 INFO:teuthology.orchestra.run.smithi069.stdout:/usr/bin/ceph: stderr
2024-05-09T09:08:57.424+0000 7f02070fa700 1 -- 172.21.15.69:0/3695370687 shutdown_connections
2024-05-09T09:08:57.978 INFO:teuthology.orchestra.run.smithi069.stdout:/usr/bin/ceph: stderr
2024-05-09T09:08:57.424+0000 7f02070fa700 1 -- 172.21.15.69:0/3695370687 wait complete.
2024-05-09T09:08:57.978 INFO:teuthology.orchestra.run.smithi069.stdout:Waiting for the mgr to restart...
2024-05-09T09:08:57.978 INFO:teuthology.orchestra.run.smithi069.stdout:Waiting for mgr epoch 5...
2024-05-09T09:08:58.229 INFO:journalctl@ceph.mon.a.smithi069.stdout:May 09 09:08:58 smithi069 ceph-mon[30123]: from='client.? 172.21.15.69:0/3695370687' entity='client.admin' cmd=[{"prefix": "mgr stat"}]: dispatch
2024-05-09T09:08:58.509 INFO:journalctl@ceph.mgr.x.smithi069.stdout:May 09 09:08:58 smithi069 ceph-8e3a7b52-0de3-11ef-bc98-c7b262605968-mgr-x[30352]:
2024-05-09T09:08:58.231+0000 7f385e057200 -1 mgr[py] Module telegraf has missing NOTIFY_TYPES member
2024-05-09T09:08:58.509 INFO:journalctl@ceph.mgr.x.smithi069.stdout:May 09 09:08:58 smithi069 ceph-8e3a7b52-0de3-11ef-bc98-c7b262605968-mgr-x[30352]:
2024-05-09T09:08:58.407+0000 7f385e057200 -1 mgr[py] Module osd_support has missing NOTIFY_TYPES member
2024-05-09T09:08:58.863 INFO:journalctl@ceph.mgr.x.smithi069.stdout:May 09 09:08:58 smithi069 ceph-8e3a7b52-0de3-11ef-bc98-c7b262605968-mgr-x[30352]:
2024-05-09T09:08:58.577+0000 7f385e057200 -1 mgr[py] Module iostat has missing NOTIFY_TYPES member
2024-05-09T09:08:58.864 INFO:journalctl@ceph.mgr.x.smithi069.stdout:May 09 09:08:58 smithi069 ceph-8e3a7b52-0de3-11ef-bc98-c7b262605968-mgr-x[30352]:
2024-05-09T09:08:58.865+0000 7f385e057200 -1 mgr[py] Module alerts has missing NOTIFY_TYPES member
2024-05-09T09:08:59.161 INFO:journalctl@ceph.mgr.x.smithi069.stdout:May 09 09:08:58 smithi069 ceph-8e3a7b52-0de3-11ef-bc98-c7b262605968-mgr-x[30352]:
2024-05-09T09:08:58.956+0000 7f385e057200 -1 mgr[py] Module selftest has missing NOTIFY_TYPES member
2024-05-09T09:08:59.161 INFO:journalctl@ceph.mgr.x.smithi069.stdout:May 09 09:08:59 smithi069 ceph-8e3a7b52-0de3-11ef-bc98-c7b262605968-mgr-x[30352]:
2024-05-09T09:08:59.162+0000 7f385e057200 -1 mgr[py] Module pg_autoscaler has missing NOTIFY_TYPES member
2024-05-09T09:08:59.509 INFO:journalctl@ceph.mgr.x.smithi069.stdout:May 09 09:08:59 smithi069 ceph-8e3a7b52-0de3-11ef-bc98-c7b262605968-mgr-x[30352]:
2024-05-09T09:08:59.355+0000 7f385e057200 -1 mgr[py] Module test_orchestrator has missing NOTIFY_TYPES member
2024-05-09T09:09:00.259 INFO:journalctl@ceph.mgr.x.smithi069.stdout:May 09 09:08:59 smithi069 ceph-8e3a7b52-0de3-11ef-bc98-c7b262605968-mgr-x[30352]:
2024-05-09T09:08:59.962+0000 7f385e057200 -1 mgr[py] Module rook has missing NOTIFY_TYPES member
2024-05-09T09:09:00.681 INFO:journalctl@ceph.mgr.x.smithi069.stdout:May 09 09:09:00 smithi069 ceph-8e3a7b52-0de3-11ef-bc98-c7b262605968-mgr-x[30352]:
2024-05-09T09:09:00.387+0000 7f385e057200 -1 mgr[py] Module volumes has missing NOTIFY_TYPES member
2024-05-09T09:09:00.681 INFO:journalctl@ceph.mgr.x.smithi069.stdout:May 09 09:09:00 smithi069 ceph-8e3a7b52-0de3-11ef-bc98-c7b262605968-mgr-x[30352]:
2024-05-09T09:09:00.483+0000 7f385e057200 -1 mgr[py] Module crash has missing NOTIFY_TYPES member
2024-05-09T09:09:00.681 INFO:journalctl@ceph.mgr.x.smithi069.stdout:May 09 09:09:00 smithi069 ceph-8e3a7b52-0de3-11ef-bc98-c7b262605968-mgr-x[30352]:
2024-05-09T09:09:00.682+0000 7f385e057200 -1 mgr[py] Module rgw has missing NOTIFY_TYPES member
2024-05-09T09:09:01.509 INFO:journalctl@ceph.mgr.x.smithi069.stdout:May 09 09:09:01 smithi069 ceph-8e3a7b52-0de3-11ef-bc98-c7b262605968-mgr-x[30352]:
2024-05-09T09:09:01.195+0000 7f385e057200 -1 mgr[py] Module prometheus has missing NOTIFY_TYPES member
2024-05-09T09:09:01.509 INFO:journalctl@ceph.mgr.x.smithi069.stdout:May 09 09:09:01 smithi069 ceph-8e3a7b52-0de3-11ef-bc98-c7b262605968-mgr-x[30352]:
2024-05-09T09:09:01.286+0000 7f385e057200 -1 mgr[py] Module devicehealth has missing NOTIFY_TYPES member
2024-05-09T09:09:01.859 INFO:journalctl@ceph.mgr.x.smithi069.stdout:May 09 09:09:01 smithi069 ceph-8e3a7b52-0de3-11ef-bc98-c7b262605968-mgr-x[30352]:
2024-05-09T09:09:01.524+0000 7f385e057200 -1 mgr[py] Module telemetry has missing NOTIFY_TYPES member
2024-05-09T09:09:01.859 INFO:journalctl@ceph.mgr.x.smithi069.stdout:May 09 09:09:01 smithi069 ceph-8e3a7b52-0de3-11ef-bc98-c7b262605968-mgr-x[30352]:
2024-05-09T09:09:01.654+0000 7f385e057200 -1 mgr[py] Module diskprediction_local has missing NOTIFY_TYPES member
2024-05-09T09:09:01.860 INFO:journalctl@ceph.mgr.x.smithi069.stdout:May 09 09:09:01 smithi069 ceph-8e3a7b52-0de3-11ef-bc98-c7b262605968-mgr-x[30352]:
2024-05-09T09:09:01.747+0000 7f385e057200 -1 mgr[py] Module osd_perf_query has missing NOTIFY_TYPES member
2024-05-09T09:09:01.860 INFO:journalctl@ceph.mgr.x.smithi069.stdout:May 09 09:09:01 smithi069 ceph-8e3a7b52-0de3-11ef-bc98-c7b262605968-mgr-x[30352]:
2024-05-09T09:09:01.861+0000 7f385e057200 -1 mgr[py] Module rbd_support has missing NOTIFY_TYPES member
2024-05-09T09:09:02.509 INFO:journalctl@ceph.mgr.x.smithi069.stdout:May 09 09:09:02 smithi069 ceph-8e3a7b52-0de3-11ef-bc98-c7b262605968-mgr-x[30352]:
2024-05-09T09:09:02.156+0000 7f385e057200 -1 mgr[py] Module zabbix has missing NOTIFY_TYPES member
2024-05-09T09:09:03.009 INFO:journalctl@ceph.mgr.x.smithi069.stdout:May 09 09:09:02 smithi069 ceph-8e3a7b52-0de3-11ef-bc98-c7b262605968-mgr-x[30352]:
2024-05-09T09:09:02.747+0000 7f385e057200 -1 mgr[py] Module status has missing NOTIFY_TYPES member
2024-05-09T09:09:03.009 INFO:journalctl@ceph.mgr.x.smithi069.stdout:May 09 09:09:02 smithi069 ceph-8e3a7b52-0de3-11ef-bc98-c7b262605968-mgr-x[30352]:
2024-05-09T09:09:02.959+0000 7f385e057200 -1 mgr[py] Module nfs has missing NOTIFY_TYPES member
2024-05-09T09:09:03.509 INFO:journalctl@ceph.mon.a.smithi069.stdout:May 09 09:09:03 smithi069 ceph-mon[30123]: Active manager daemon x restarted
2024-05-09T09:09:03.509 INFO:journalctl@ceph.mon.a.smithi069.stdout:May 09 09:09:03 smithi069 ceph-mon[30123]: Activating manager daemon x
2024-05-09T09:09:03.509 INFO:journalctl@ceph.mon.a.smithi069.stdout:May 09 09:09:03 smithi069 ceph-mon[30123]: osdmap e2: 0 total, 0 up, 0 in
2024-05-09T09:09:03.509 INFO:journalctl@ceph.mon.a.smithi069.stdout:May 09 09:09:03 smithi069 ceph-mon[30123]: mgrmap e6: x(active, starting, since 0.00350676s)
2024-05-09T09:09:03.510 INFO:journalctl@ceph.mon.a.smithi069.stdout:May 09 09:09:03 smithi069 ceph-mon[30123]: from='mgr.14120 172.21.15.69:0/1021909657' entity='mgr.x' cmd=[{"prefix": "mon metadata", "id": "a"}]: dispatch
2024-05-09T09:09:03.510 INFO:journalctl@ceph.mon.a.smithi069.stdout:May 09 09:09:03 smithi069 ceph-mon[30123]: from='mgr.14120 172.21.15.69:0/1021909657' entity='mgr.x' cmd=[{"prefix": "mgr metadata", "who": "x", "id": "x"}]: dispatch
2024-05-09T09:09:03.510 INFO:journalctl@ceph.mon.a.smithi069.stdout:May 09 09:09:03 smithi069 ceph-mon[30123]: from='mgr.14120 172.21.15.69:0/1021909657' entity='mgr.x' cmd=[{"prefix": "mds metadata"}]: dispatch
2024-05-09T09:09:03.510 INFO:journalctl@ceph.mon.a.smithi069.stdout:May 09 09:09:03 smithi069 ceph-mon[30123]: from='mgr.14120 172.21.15.69:0/1021909657' entity='mgr.x' cmd=[{"prefix": "osd metadata"}]: dispatch
2024-05-09T09:09:03.510 INFO:journalctl@ceph.mon.a.smithi069.stdout:May 09 09:09:03 smithi069 ceph-mon[30123]: from='mgr.14120 172.21.15.69:0/1021909657' entity='mgr.x' cmd=[{"prefix": "mon metadata"}]: dispatch
2024-05-09T09:09:03.510 INFO:journalctl@ceph.mon.a.smithi069.stdout:May 09 09:09:03 smithi069 ceph-mon[30123]: Manager daemon x is now available
2024-05-09T09:09:03.510 INFO:journalctl@ceph.mon.a.smithi069.stdout:May 09 09:09:03 smithi069 ceph-mon[30123]: from='mgr.14120 172.21.15.69:0/1021909657' entity='mgr.x'
2024-05-09T09:09:03.510 INFO:journalctl@ceph.mon.a.smithi069.stdout:May 09 09:09:03 smithi069 ceph-mon[30123]: from='mgr.14120 172.21.15.69:0/1021909657' entity='mgr.x'
2024-05-09T09:09:03.510 INFO:journalctl@ceph.mon.a.smithi069.stdout:May 09 09:09:03 smithi069 ceph-mon[30123]: from='mgr.14120 172.21.15.69:0/1021909657' entity='mgr.x' cmd=[{"prefix": "config dump", "format": "json"}]: dispatch
2024-05-09T09:09:03.510 INFO:journalctl@ceph.mon.a.smithi069.stdout:May 09 09:09:03 smithi069 ceph-mon[30123]: from='mgr.14120 172.21.15.69:0/1021909657' entity='mgr.x' cmd=[{"prefix": "config dump", "format": "json"}]: dispatch
2024-05-09T09:09:03.510 INFO:journalctl@ceph.mon.a.smithi069.stdout:May 09 09:09:03 smithi069 ceph-mon[30123]: from='mgr.14120 172.21.15.69:0/1021909657' entity='mgr.x' cmd=[{"prefix":"config rm","who":"mgr","name":"mgr/rbd_support/x/mirror_snapshot_schedule"}]: dispatch
2024-05-09T09:09:04.259 INFO:journalctl@ceph.mon.a.smithi069.stdout:May 09 09:09:04 smithi069 ceph-mon[30123]: Found migration_current of "None". Setting to last migration.
2024-05-09T09:09:04.260 INFO:journalctl@ceph.mon.a.smithi069.stdout:May 09 09:09:04 smithi069 ceph-mon[30123]: from='mgr.14120 172.21.15.69:0/1021909657' entity='mgr.x' cmd=[{"prefix":"config rm","who":"mgr","name":"mgr/rbd_support/x/trash_purge_schedule"}]: dispatch
2024-05-09T09:09:04.260 INFO:journalctl@ceph.mon.a.smithi069.stdout:May 09 09:09:04 smithi069 ceph-mon[30123]: from='mgr.14120 172.21.15.69:0/1021909657' entity='mgr.x'
2024-05-09T09:09:04.260 INFO:journalctl@ceph.mon.a.smithi069.stdout:May 09 09:09:04 smithi069 ceph-mon[30123]: from='mgr.14120 172.21.15.69:0/1021909657' entity='mgr.x'
2024-05-09T09:09:04.260 INFO:journalctl@ceph.mon.a.smithi069.stdout:May 09 09:09:04 smithi069 ceph-mon[30123]: from='mgr.14120 172.21.15.69:0/1021909657' entity='mgr.x' cmd=[{"prefix": "config dump", "format": "json"}]: dispatch
2024-05-09T09:09:04.260 INFO:journalctl@ceph.mon.a.smithi069.stdout:May 09 09:09:04 smithi069 ceph-mon[30123]: mgrmap e7: x(active, since 1.00572s)
2024-05-09T09:09:04.570 INFO:teuthology.orchestra.run.smithi069.stdout:/usr/bin/ceph: stdout {
2024-05-09T09:09:04.570 INFO:teuthology.orchestra.run.smithi069.stdout:/usr/bin/ceph: stdout "mgrmap_epoch": 7,
2024-05-09T09:09:04.570 INFO:teuthology.orchestra.run.smithi069.stdout:/usr/bin/ceph: stdout "initialized": true
2024-05-09T09:09:04.571 INFO:teuthology.orchestra.run.smithi069.stdout:/usr/bin/ceph: stdout }
2024-05-09T09:09:04.571 INFO:teuthology.orchestra.run.smithi069.stdout:/usr/bin/ceph: stderr
2024-05-09T09:08:58.374+0000 7ff58400e700 1 Processor -- start
2024-05-09T09:09:04.571 INFO:teuthology.orchestra.run.smithi069.stdout:/usr/bin/ceph: stderr
2024-05-09T09:08:58.374+0000 7ff58400e700 1 -- start start
2024-05-09T09:09:04.571 INFO:teuthology.orchestra.run.smithi069.stdout:/usr/bin/ceph: stderr
2024-05-09T09:08:58.375+0000 7ff58400e700 1 --2- >> [v2:172.21.15.69:3300/0,v1:172.21.15.69:6789/0] conn(0x7ff57c106640 0x7ff57c106a60 unknown :-1 s=NONE pgs=0 cs=0 l=0 rev1=0 crypto rx=0 tx=0 comp rx=0 tx=0).connect
2024-05-09T09:09:04.571 INFO:teuthology.orchestra.run.smithi069.stdout:/usr/bin/ceph: stderr
2024-05-09T09:08:58.375+0000 7ff58400e700 1 -- --> [v2:172.21.15.69:3300/0,v1:172.21.15.69:6789/0] -- mon_getmap magic: 0 -- 0x7ff57c07c6b0 con 0x7ff57c106640
2024-05-09T09:09:04.571 INFO:teuthology.orchestra.run.smithi069.stdout:/usr/bin/ceph: stderr
2024-05-09T09:08:58.375+0000 7ff581daa700 1 --2- >> [v2:172.21.15.69:3300/0,v1:172.21.15.69:6789/0] conn(0x7ff57c106640 0x7ff57c106a60 unknown :-1 s=BANNER_CONNECTING pgs=0 cs=0 l=0 rev1=0 crypto rx=0 tx=0 comp rx=0 tx=0)._handle_peer_banner_payload supported=3 required=0
2024-05-09T09:09:04.571 INFO:teuthology.orchestra.run.smithi069.stdout:/usr/bin/ceph: stderr
2024-05-09T09:08:58.375+0000 7ff581daa700 1 --2- >> [v2:172.21.15.69:3300/0,v1:172.21.15.69:6789/0] conn(0x7ff57c106640 0x7ff57c106a60 unknown :-1 s=HELLO_CONNECTING pgs=0 cs=0 l=0 rev1=1 crypto rx=0 tx=0 comp rx=0 tx=0).handle_hello peer v2:172.21.15.69:3300/0 says I am v2:172.21.15.69:47924/0 (socket says 172.21.15.69:47924)
2024-05-09T09:09:04.571 INFO:teuthology.orchestra.run.smithi069.stdout:/usr/bin/ceph: stderr
2024-05-09T09:08:58.375+0000 7ff581daa700 1 -- 172.21.15.69:0/950368649 learned_addr learned my addr 172.21.15.69:0/950368649 (peer_addr_for_me v2:172.21.15.69:0/0)
2024-05-09T09:09:04.571 INFO:teuthology.orchestra.run.smithi069.stdout:/usr/bin/ceph: stderr
2024-05-09T09:08:58.375+0000 7ff581daa700 1 -- 172.21.15.69:0/950368649 --> [v2:172.21.15.69:3300/0,v1:172.21.15.69:6789/0] -- mon_subscribe({config=0+,monmap=0+}) -- 0x7ff57c106fa0 con 0x7ff57c106640
2024-05-09T09:09:04.571 INFO:teuthology.orchestra.run.smithi069.stdout:/usr/bin/ceph: stderr
2024-05-09T09:08:58.375+0000 7ff581daa700 1 --2- 172.21.15.69:0/950368649 >> [v2:172.21.15.69:3300/0,v1:172.21.15.69:6789/0] conn(0x7ff57c106640 0x7ff57c106a60 secure :-1 s=READY pgs=28 cs=0 l=1 rev1=1 crypto rx=0x7ff5780098a0 tx=0x7ff578009bb0 comp rx=0 tx=0).ready entity=mon.0 client_cookie=8a93fcfdc93f3377 server_cookie=0 in_seq=0 out_seq=0
2024-05-09T09:09:04.572 INFO:teuthology.orchestra.run.smithi069.stdout:/usr/bin/ceph: stderr
2024-05-09T09:08:58.375+0000 7ff580da8700 1 -- 172.21.15.69:0/950368649 <== mon.0 v2:172.21.15.69:3300/0 1 ==== mon_map magic: 0 ==== 205+0+0 (secure 0 0 0) 0x7ff578004160 con 0x7ff57c106640
2024-05-09T09:09:04.572 INFO:teuthology.orchestra.run.smithi069.stdout:/usr/bin/ceph: stderr
2024-05-09T09:08:58.375+0000 7ff580da8700 1 -- 172.21.15.69:0/950368649 <== mon.0 v2:172.21.15.69:3300/0 2 ==== config(27 keys) ==== 1109+0+0 (secure 0 0 0) 0x7ff578004300 con 0x7ff57c106640
2024-05-09T09:09:04.572 INFO:teuthology.orchestra.run.smithi069.stdout:/usr/bin/ceph: stderr
2024-05-09T09:08:58.375+0000 7ff580da8700 1 -- 172.21.15.69:0/950368649 <== mon.0 v2:172.21.15.69:3300/0 3 ==== mon_map magic: 0 ==== 205+0+0 (secure 0 0 0) 0x7ff578011b50 con 0x7ff57c106640
2024-05-09T09:09:04.572 INFO:teuthology.orchestra.run.smithi069.stdout:/usr/bin/ceph: stderr
2024-05-09T09:08:58.376+0000 7ff58400e700 1 -- 172.21.15.69:0/950368649 >> [v2:172.21.15.69:3300/0,v1:172.21.15.69:6789/0] conn(0x7ff57c106640 msgr2=0x7ff57c106a60 secure :-1 s=STATE_CONNECTION_ESTABLISHED l=1).mark_down
2024-05-09T09:09:04.572 INFO:teuthology.orchestra.run.smithi069.stdout:/usr/bin/ceph: stderr
2024-05-09T09:08:58.376+0000 7ff58400e700 1 --2- 172.21.15.69:0/950368649 >> [v2:172.21.15.69:3300/0,v1:172.21.15.69:6789/0] conn(0x7ff57c106640 0x7ff57c106a60 secure :-1 s=READY pgs=28 cs=0 l=1 rev1=1 crypto rx=0x7ff5780098a0 tx=0x7ff578009bb0 comp rx=0 tx=0).stop
2024-05-09T09:09:04.572 INFO:teuthology.orchestra.run.smithi069.stdout:/usr/bin/ceph: stderr
2024-05-09T09:08:58.376+0000 7ff58400e700 1 -- 172.21.15.69:0/950368649 shutdown_connections
2024-05-09T09:09:04.572 INFO:teuthology.orchestra.run.smithi069.stdout:/usr/bin/ceph: stderr
2024-05-09T09:08:58.376+0000 7ff58400e700 1 --2- 172.21.15.69:0/950368649 >> [v2:172.21.15.69:3300/0,v1:172.21.15.69:6789/0] conn(0x7ff57c106640 0x7ff57c106a60 unknown :-1 s=CLOSED pgs=28 cs=0 l=1 rev1=1 crypto rx=0 tx=0 comp rx=0 tx=0).stop
2024-05-09T09:09:04.572 INFO:teuthology.orchestra.run.smithi069.stdout:/usr/bin/ceph: stderr
2024-05-09T09:08:58.376+0000 7ff58400e700 1 -- 172.21.15.69:0/950368649 >> 172.21.15.69:0/950368649 conn(0x7ff57c102200 msgr2=0x7ff57c104640 unknown :-1 s=STATE_NONE l=0).mark_down
2024-05-09T09:09:04.572 INFO:teuthology.orchestra.run.smithi069.stdout:/usr/bin/ceph: stderr
2024-05-09T09:08:58.376+0000 7ff58400e700 1 -- 172.21.15.69:0/950368649 shutdown_connections
2024-05-09T09:09:04.572 INFO:teuthology.orchestra.run.smithi069.stdout:/usr/bin/ceph: stderr
2024-05-09T09:08:58.376+0000 7ff58400e700 1 -- 172.21.15.69:0/950368649 wait complete.
2024-05-09T09:09:04.572 INFO:teuthology.orchestra.run.smithi069.stdout:/usr/bin/ceph: stderr
2024-05-09T09:08:58.377+0000 7ff58400e700 1 Processor -- start
2024-05-09T09:09:04.572 INFO:teuthology.orchestra.run.smithi069.stdout:/usr/bin/ceph: stderr
2024-05-09T09:08:58.377+0000 7ff58400e700 1 -- start start
2024-05-09T09:09:04.573 INFO:teuthology.orchestra.run.smithi069.stdout:/usr/bin/ceph: stderr
2024-05-09T09:08:58.377+0000 7ff58400e700 1 --2- >> [v2:172.21.15.69:3300/0,v1:172.21.15.69:6789/0] conn(0x7ff57c106640 0x7ff57c19dee0 unknown :-1 s=NONE pgs=0 cs=0 l=1 rev1=0 crypto rx=0 tx=0 comp rx=0 tx=0).connect
2024-05-09T09:09:04.573 INFO:teuthology.orchestra.run.smithi069.stdout:/usr/bin/ceph: stderr
2024-05-09T09:08:58.377+0000 7ff58400e700 1 -- --> [v2:172.21.15.69:3300/0,v1:172.21.15.69:6789/0] -- mon_getmap magic: 0 -- 0x7ff57c107fc0 con 0x7ff57c106640
2024-05-09T09:09:04.573 INFO:teuthology.orchestra.run.smithi069.stdout:/usr/bin/ceph: stderr
2024-05-09T09:08:58.377+0000 7ff581daa700 1 --2- >> [v2:172.21.15.69:3300/0,v1:172.21.15.69:6789/0] conn(0x7ff57c106640 0x7ff57c19dee0 unknown :-1 s=BANNER_CONNECTING pgs=0 cs=0 l=1 rev1=0 crypto rx=0 tx=0 comp rx=0 tx=0)._handle_peer_banner_payload supported=3 required=0
2024-05-09T09:09:04.573 INFO:teuthology.orchestra.run.smithi069.stdout:/usr/bin/ceph: stderr
2024-05-09T09:08:58.377+0000 7ff581daa700 1 --2- >> [v2:172.21.15.69:3300/0,v1:172.21.15.69:6789/0] conn(0x7ff57c106640 0x7ff57c19dee0 unknown :-1 s=HELLO_CONNECTING pgs=0 cs=0 l=1 rev1=1 crypto rx=0 tx=0 comp rx=0 tx=0).handle_hello peer v2:172.21.15.69:3300/0 says I am v2:172.21.15.69:47928/0 (socket says 172.21.15.69:47928)
2024-05-09T09:09:04.573 INFO:teuthology.orchestra.run.smithi069.stdout:/usr/bin/ceph: stderr
2024-05-09T09:08:58.377+0000 7ff581daa700 1 -- 172.21.15.69:0/3694730153 learned_addr learned my addr 172.21.15.69:0/3694730153 (peer_addr_for_me v2:172.21.15.69:0/0)
2024-05-09T09:09:04.573 INFO:teuthology.orchestra.run.smithi069.stdout:/usr/bin/ceph: stderr
2024-05-09T09:08:58.377+0000 7ff581daa700 1 -- 172.21.15.69:0/3694730153 --> [v2:172.21.15.69:3300/0,v1:172.21.15.69:6789/0] -- mon_subscribe({config=0+,monmap=0+}) -- 0x7ff57c19e420 con 0x7ff57c106640
2024-05-09T09:09:04.573 INFO:teuthology.orchestra.run.smithi069.stdout:/usr/bin/ceph: stderr
2024-05-09T09:08:58.378+0000 7ff581daa700 1 --2- 172.21.15.69:0/3694730153 >> [v2:172.21.15.69:3300/0,v1:172.21.15.69:6789/0] conn(0x7ff57c106640 0x7ff57c19dee0 secure :-1 s=READY pgs=29 cs=0 l=1 rev1=1 crypto rx=0x7ff578011670 tx=0x7ff578011b60 comp rx=0 tx=0).ready entity=mon.0 client_cookie=0 server_cookie=0 in_seq=0 out_seq=0
2024-05-09T09:09:04.573 INFO:teuthology.orchestra.run.smithi069.stdout:/usr/bin/ceph: stderr
2024-05-09T09:08:58.378+0000 7ff572ffd700 1 -- 172.21.15.69:0/3694730153 <== mon.0 v2:172.21.15.69:3300/0 1 ==== mon_map magic: 0 ==== 205+0+0 (secure 0 0 0) 0x7ff5780039c0 con 0x7ff57c106640
2024-05-09T09:09:04.573 INFO:teuthology.orchestra.run.smithi069.stdout:/usr/bin/ceph: stderr
2024-05-09T09:08:58.378+0000 7ff572ffd700 1 -- 172.21.15.69:0/3694730153 <== mon.0 v2:172.21.15.69:3300/0 2 ==== config(27 keys) ==== 1109+0+0 (secure 0 0 0) 0x7ff578011e50 con 0x7ff57c106640
2024-05-09T09:09:04.574 INFO:teuthology.orchestra.run.smithi069.stdout:/usr/bin/ceph: stderr
2024-05-09T09:08:58.378+0000 7ff58400e700 1 -- 172.21.15.69:0/3694730153 --> [v2:172.21.15.69:3300/0,v1:172.21.15.69:6789/0] -- mon_subscribe({mgrmap=0+}) -- 0x7ff57c19e6b0 con 0x7ff57c106640
2024-05-09T09:09:04.574 INFO:teuthology.orchestra.run.smithi069.stdout:/usr/bin/ceph: stderr
2024-05-09T09:08:58.378+0000 7ff572ffd700 1 -- 172.21.15.69:0/3694730153 <== mon.0 v2:172.21.15.69:3300/0 3 ==== mon_map magic: 0 ==== 205+0+0 (secure 0 0 0) 0x7ff57801a5c0 con 0x7ff57c106640
2024-05-09T09:09:04.574 INFO:teuthology.orchestra.run.smithi069.stdout:/usr/bin/ceph: stderr
2024-05-09T09:08:58.378+0000 7ff58400e700 1 -- 172.21.15.69:0/3694730153 --> [v2:172.21.15.69:3300/0,v1:172.21.15.69:6789/0] -- mon_subscribe({osdmap=0}) -- 0x7ff57c1a13a0 con 0x7ff57c106640
2024-05-09T09:09:04.574 INFO:teuthology.orchestra.run.smithi069.stdout:/usr/bin/ceph: stderr
2024-05-09T09:08:58.379+0000 7ff572ffd700 1 -- 172.21.15.69:0/3694730153 <== mon.0 v2:172.21.15.69:3300/0 4 ==== mgrmap(e 5) ==== 46287+0+0 (secure 0 0 0) 0x7ff57801a870 con 0x7ff57c106640
2024-05-09T09:09:04.574 INFO:teuthology.orchestra.run.smithi069.stdout:/usr/bin/ceph: stderr
2024-05-09T09:08:58.379+0000 7ff572ffd700 1 --2- 172.21.15.69:0/3694730153 >> [v2:172.21.15.69:6800/2869747387,v1:172.21.15.69:6801/2869747387] conn(0x7ff568039050 0x7ff56803b510 unknown :-1 s=NONE pgs=0 cs=0 l=1 rev1=0 crypto rx=0 tx=0 comp rx=0 tx=0).connect
2024-05-09T09:09:04.574 INFO:teuthology.orchestra.run.smithi069.stdout:/usr/bin/ceph: stderr
2024-05-09T09:08:58.379+0000 7ff572ffd700 1 -- 172.21.15.69:0/3694730153 --> [v2:172.21.15.69:6800/2869747387,v1:172.21.15.69:6801/2869747387] -- command(tid 0: {"prefix": "get_command_descriptions"}) -- 0x7ff56803bc20 con 0x7ff568039050
2024-05-09T09:09:04.574 INFO:teuthology.orchestra.run.smithi069.stdout:/usr/bin/ceph: stderr
2024-05-09T09:08:58.379+0000 7ff572ffd700 1 -- 172.21.15.69:0/3694730153 <== mon.0 v2:172.21.15.69:3300/0 5 ==== osd_map(1..1 src has 1..1) ==== 725+0+0 (secure 0 0 0) 0x7ff57804d270 con 0x7ff57c106640
2024-05-09T09:09:04.574 INFO:teuthology.orchestra.run.smithi069.stdout:/usr/bin/ceph: stderr
2024-05-09T09:08:58.379+0000 7ff5815a9700 1 -- 172.21.15.69:0/3694730153 >> [v2:172.21.15.69:6800/2869747387,v1:172.21.15.69:6801/2869747387] conn(0x7ff568039050 msgr2=0x7ff56803b510 unknown :-1 s=STATE_CONNECTING_RE l=1).process reconnect failed to v2:172.21.15.69:6800/2869747387
2024-05-09T09:09:04.574 INFO:teuthology.orchestra.run.smithi069.stdout:/usr/bin/ceph: stderr
2024-05-09T09:08:58.379+0000 7ff5815a9700 1 --2- 172.21.15.69:0/3694730153 >> [v2:172.21.15.69:6800/2869747387,v1:172.21.15.69:6801/2869747387] conn(0x7ff568039050 0x7ff56803b510 unknown :-1 s=START_CONNECT pgs=0 cs=0 l=1 rev1=0 crypto rx=0 tx=0 comp rx=0 tx=0)._fault waiting 0.200000
2024-05-09T09:09:04.574 INFO:teuthology.orchestra.run.smithi069.stdout:/usr/bin/ceph: stderr
2024-05-09T09:08:58.580+0000 7ff5815a9700 1 -- 172.21.15.69:0/3694730153 >> [v2:172.21.15.69:6800/2869747387,v1:172.21.15.69:6801/2869747387] conn(0x7ff568039050 msgr2=0x7ff56803b510 unknown :-1 s=STATE_CONNECTING_RE l=1).process reconnect failed to v2:172.21.15.69:6800/2869747387
2024-05-09T09:09:04.574 INFO:teuthology.orchestra.run.smithi069.stdout:/usr/bin/ceph: stderr
2024-05-09T09:08:58.580+0000 7ff5815a9700 1 --2- 172.21.15.69:0/3694730153 >> [v2:172.21.15.69:6800/2869747387,v1:172.21.15.69:6801/2869747387] conn(0x7ff568039050 0x7ff56803b510 unknown :-1 s=START_CONNECT pgs=0 cs=0 l=1 rev1=0 crypto rx=0 tx=0 comp rx=0 tx=0)._fault waiting 0.400000
2024-05-09T09:09:04.574 INFO:teuthology.orchestra.run.smithi069.stdout:/usr/bin/ceph: stderr
2024-05-09T09:08:58.981+0000 7ff5815a9700 1 -- 172.21.15.69:0/3694730153 >> [v2:172.21.15.69:6800/2869747387,v1:172.21.15.69:6801/2869747387] conn(0x7ff568039050 msgr2=0x7ff56803b510 unknown :-1 s=STATE_CONNECTING_RE l=1).process reconnect failed to v2:172.21.15.69:6800/2869747387
2024-05-09T09:09:04.575 INFO:teuthology.orchestra.run.smithi069.stdout:/usr/bin/ceph: stderr
2024-05-09T09:08:58.981+0000 7ff5815a9700 1 --2- 172.21.15.69:0/3694730153 >> [v2:172.21.15.69:6800/2869747387,v1:172.21.15.69:6801/2869747387] conn(0x7ff568039050 0x7ff56803b510 unknown :-1 s=START_CONNECT pgs=0 cs=0 l=1 rev1=0 crypto rx=0 tx=0 comp rx=0 tx=0)._fault waiting 0.800000
2024-05-09T09:09:04.575 INFO:teuthology.orchestra.run.smithi069.stdout:/usr/bin/ceph: stderr
2024-05-09T09:08:59.782+0000 7ff5815a9700 1 -- 172.21.15.69:0/3694730153 >> [v2:172.21.15.69:6800/2869747387,v1:172.21.15.69:6801/2869747387] conn(0x7ff568039050 msgr2=0x7ff56803b510 unknown :-1 s=STATE_CONNECTING_RE l=1).process reconnect failed to v2:172.21.15.69:6800/2869747387
2024-05-09T09:09:04.575 INFO:teuthology.orchestra.run.smithi069.stdout:/usr/bin/ceph: stderr
2024-05-09T09:08:59.782+0000 7ff5815a9700 1 --2- 172.21.15.69:0/3694730153 >> [v2:172.21.15.69:6800/2869747387,v1:172.21.15.69:6801/2869747387] conn(0x7ff568039050 0x7ff56803b510 unknown :-1 s=START_CONNECT pgs=0 cs=0 l=1 rev1=0 crypto rx=0 tx=0 comp rx=0 tx=0)._fault waiting 1.600000
2024-05-09T09:09:04.575 INFO:teuthology.orchestra.run.smithi069.stdout:/usr/bin/ceph: stderr
2024-05-09T09:09:01.383+0000 7ff5815a9700 1 -- 172.21.15.69:0/3694730153 >> [v2:172.21.15.69:6800/2869747387,v1:172.21.15.69:6801/2869747387] conn(0x7ff568039050 msgr2=0x7ff56803b510 unknown :-1 s=STATE_CONNECTING_RE l=1).process reconnect failed to v2:172.21.15.69:6800/2869747387
2024-05-09T09:09:04.575 INFO:teuthology.orchestra.run.smithi069.stdout:/usr/bin/ceph: stderr
2024-05-09T09:09:01.383+0000 7ff5815a9700 1 --2- 172.21.15.69:0/3694730153 >> [v2:172.21.15.69:6800/2869747387,v1:172.21.15.69:6801/2869747387] conn(0x7ff568039050 0x7ff56803b510 unknown :-1 s=START_CONNECT pgs=0 cs=0 l=1 rev1=0 crypto rx=0 tx=0 comp rx=0 tx=0)._fault waiting 3.200000
2024-05-09T09:09:04.575 INFO:teuthology.orchestra.run.smithi069.stdout:/usr/bin/ceph: stderr
2024-05-09T09:09:02.962+0000 7ff572ffd700 1 -- 172.21.15.69:0/3694730153 <== mon.0 v2:172.21.15.69:3300/0 6 ==== mgrmap(e 6) ==== 46054+0+0 (secure 0 0 0) 0x7ff57801abb0 con 0x7ff57c106640
2024-05-09T09:09:04.575 INFO:teuthology.orchestra.run.smithi069.stdout:/usr/bin/ceph: stderr
2024-05-09T09:09:02.963+0000 7ff572ffd700 1 -- 172.21.15.69:0/3694730153 >> [v2:172.21.15.69:6800/2869747387,v1:172.21.15.69:6801/2869747387] conn(0x7ff568039050 msgr2=0x7ff56803b510 unknown :-1 s=STATE_CONNECTING l=1).mark_down
2024-05-09T09:09:04.575 INFO:teuthology.orchestra.run.smithi069.stdout:/usr/bin/ceph: stderr
2024-05-09T09:09:02.963+0000 7ff572ffd700 1 --2- 172.21.15.69:0/3694730153 >> [v2:172.21.15.69:6800/2869747387,v1:172.21.15.69:6801/2869747387] conn(0x7ff568039050 0x7ff56803b510 unknown :-1 s=START_CONNECT pgs=0 cs=0 l=1 rev1=0 crypto rx=0 tx=0 comp rx=0 tx=0).stop
2024-05-09T09:09:04.576 INFO:teuthology.orchestra.run.smithi069.stdout:/usr/bin/ceph: stderr
2024-05-09T09:09:03.964+0000 7ff572ffd700 1 -- 172.21.15.69:0/3694730153 <== mon.0 v2:172.21.15.69:3300/0 7 ==== mgrmap(e 7) ==== 46181+0+0 (secure 0 0 0) 0x7ff57804e910 con 0x7ff57c106640
2024-05-09T09:09:04.576 INFO:teuthology.orchestra.run.smithi069.stdout:/usr/bin/ceph: stderr
2024-05-09T09:09:03.964+0000 7ff572ffd700 1 --2- 172.21.15.69:0/3694730153 >> [v2:172.21.15.69:6800/936285351,v1:172.21.15.69:6801/936285351] conn(0x7ff56803c980 0x7ff56803ed70 unknown :-1 s=NONE pgs=0 cs=0 l=1 rev1=0 crypto rx=0 tx=0 comp rx=0 tx=0).connect
2024-05-09T09:09:04.576 INFO:teuthology.orchestra.run.smithi069.stdout:/usr/bin/ceph: stderr
2024-05-09T09:09:03.964+0000 7ff572ffd700 1 -- 172.21.15.69:0/3694730153 --> [v2:172.21.15.69:6800/936285351,v1:172.21.15.69:6801/936285351] -- command(tid 0: {"prefix": "get_command_descriptions"}) -- 0x7ff578016e70 con 0x7ff56803c980
2024-05-09T09:09:04.576 INFO:teuthology.orchestra.run.smithi069.stdout:/usr/bin/ceph: stderr
2024-05-09T09:09:03.964+0000 7ff5815a9700 1 --2- 172.21.15.69:0/3694730153 >> [v2:172.21.15.69:6800/936285351,v1:172.21.15.69:6801/936285351] conn(0x7ff56803c980 0x7ff56803ed70 unknown :-1 s=BANNER_CONNECTING pgs=0 cs=0 l=1 rev1=0 crypto rx=0 tx=0 comp rx=0 tx=0)._handle_peer_banner_payload supported=3 required=0
2024-05-09T09:09:04.576 INFO:teuthology.orchestra.run.smithi069.stdout:/usr/bin/ceph: stderr
2024-05-09T09:09:03.965+0000 7ff5815a9700 1 --2- 172.21.15.69:0/3694730153 >> [v2:172.21.15.69:6800/936285351,v1:172.21.15.69:6801/936285351] conn(0x7ff56803c980 0x7ff56803ed70 secure :-1 s=READY pgs=2 cs=0 l=1 rev1=1 crypto rx=0x7ff56c003a10 tx=0x7ff56c0092b0 comp rx=0 tx=0).ready entity=mgr.14120 client_cookie=0 server_cookie=0 in_seq=0 out_seq=0
2024-05-09T09:09:04.576 INFO:teuthology.orchestra.run.smithi069.stdout:/usr/bin/ceph: stderr
2024-05-09T09:09:03.966+0000 7ff572ffd700 1 -- 172.21.15.69:0/3694730153 <== mgr.14120 v2:172.21.15.69:6800/936285351 1 ==== command_reply(tid 0: 0 ) ==== 8+0+7774 (secure 0 0 0) 0x7ff578016e70 con 0x7ff56803c980
2024-05-09T09:09:04.576 INFO:teuthology.orchestra.run.smithi069.stdout:/usr/bin/ceph: stderr
2024-05-09T09:09:03.973+0000 7ff58400e700 1 -- 172.21.15.69:0/3694730153 --> [v2:172.21.15.69:6800/936285351,v1:172.21.15.69:6801/936285351] -- command(tid 1: {"prefix": "mgr_status"}) -- 0x7ff57c063980 con 0x7ff56803c980
2024-05-09T09:09:04.576 INFO:teuthology.orchestra.run.smithi069.stdout:/usr/bin/ceph: stderr
2024-05-09T09:09:03.973+0000 7ff572ffd700 1 -- 172.21.15.69:0/3694730153 <== mgr.14120 v2:172.21.15.69:6800/936285351 2 ==== command_reply(tid 1: 0 ) ==== 8+0+51 (secure 0 0 0) 0x7ff57c063980 con 0x7ff56803c980
2024-05-09T09:09:04.576 INFO:teuthology.orchestra.run.smithi069.stdout:/usr/bin/ceph: stderr
2024-05-09T09:09:03.973+0000 7ff58400e700 1 -- 172.21.15.69:0/3694730153 >> [v2:172.21.15.69:6800/936285351,v1:172.21.15.69:6801/936285351] conn(0x7ff56803c980 msgr2=0x7ff56803ed70 secure :-1 s=STATE_CONNECTION_ESTABLISHED l=1).mark_down
2024-05-09T09:09:04.576 INFO:teuthology.orchestra.run.smithi069.stdout:/usr/bin/ceph: stderr
2024-05-09T09:09:03.973+0000 7ff58400e700 1 --2- 172.21.15.69:0/3694730153 >> [v2:172.21.15.69:6800/936285351,v1:172.21.15.69:6801/936285351] conn(0x7ff56803c980 0x7ff56803ed70 secure :-1 s=READY pgs=2 cs=0 l=1 rev1=1 crypto rx=0x7ff56c003a10 tx=0x7ff56c0092b0 comp rx=0 tx=0).stop
2024-05-09T09:09:04.576 INFO:teuthology.orchestra.run.smithi069.stdout:/usr/bin/ceph: stderr
2024-05-09T09:09:03.973+0000 7ff58400e700 1 -- 172.21.15.69:0/3694730153 >> [v2:172.21.15.69:3300/0,v1:172.21.15.69:6789/0] conn(0x7ff57c106640 msgr2=0x7ff57c19dee0 secure :-1 s=STATE_CONNECTION_ESTABLISHED l=1).mark_down
2024-05-09T09:09:04.577 INFO:teuthology.orchestra.run.smithi069.stdout:/usr/bin/ceph: stderr
2024-05-09T09:09:03.973+0000 7ff58400e700 1 --2- 172.21.15.69:0/3694730153 >> [v2:172.21.15.69:3300/0,v1:172.21.15.69:6789/0] conn(0x7ff57c106640 0x7ff57c19dee0 secure :-1 s=READY pgs=29 cs=0 l=1 rev1=1 crypto rx=0x7ff578011670 tx=0x7ff578011b60 comp rx=0 tx=0).stop
2024-05-09T09:09:04.577 INFO:teuthology.orchestra.run.smithi069.stdout:/usr/bin/ceph: stderr
2024-05-09T09:09:03.973+0000 7ff58400e700 1 -- 172.21.15.69:0/3694730153 shutdown_connections
2024-05-09T09:09:04.577 INFO:teuthology.orchestra.run.smithi069.stdout:/usr/bin/ceph: stderr
2024-05-09T09:09:03.973+0000 7ff58400e700 1 --2- 172.21.15.69:0/3694730153 >> [v2:172.21.15.69:6800/936285351,v1:172.21.15.69:6801/936285351] conn(0x7ff56803c980 0x7ff56803ed70 unknown :-1 s=CLOSED pgs=2 cs=0 l=1 rev1=1 crypto rx=0 tx=0 comp rx=0 tx=0).stop
2024-05-09T09:09:04.577 INFO:teuthology.orchestra.run.smithi069.stdout:/usr/bin/ceph: stderr
2024-05-09T09:09:03.973+0000 7ff58400e700 1 --2- 172.21.15.69:0/3694730153 >> [v2:172.21.15.69:3300/0,v1:172.21.15.69:6789/0] conn(0x7ff57c106640 0x7ff57c19dee0 unknown :-1 s=CLOSED pgs=29 cs=0 l=1 rev1=1 crypto rx=0 tx=0 comp rx=0 tx=0).stop
2024-05-09T09:09:04.577 INFO:teuthology.orchestra.run.smithi069.stdout:/usr/bin/ceph: stderr
2024-05-09T09:09:03.973+0000 7ff58400e700 1 --2- 172.21.15.69:0/3694730153 >> [v2:172.21.15.69:6800/2869747387,v1:172.21.15.69:6801/2869747387] conn(0x7ff568039050 0x7ff56803b510 unknown :-1 s=CLOSED pgs=0 cs=0 l=1 rev1=0 crypto rx=0 tx=0 comp rx=0 tx=0).stop
2024-05-09T09:09:04.577 INFO:teuthology.orchestra.run.smithi069.stdout:/usr/bin/ceph: stderr
2024-05-09T09:09:03.973+0000 7ff58400e700 1 -- 172.21.15.69:0/3694730153 >> 172.21.15.69:0/3694730153 conn(0x7ff57c102200 msgr2=0x7ff57c194b00 unknown :-1 s=STATE_NONE l=0).mark_down
2024-05-09T09:09:04.577 INFO:teuthology.orchestra.run.smithi069.stdout:/usr/bin/ceph: stderr
2024-05-09T09:09:03.973+0000 7ff58400e700 1 -- 172.21.15.69:0/3694730153 shutdown_connections
2024-05-09T09:09:04.577 INFO:teuthology.orchestra.run.smithi069.stdout:/usr/bin/ceph: stderr
2024-05-09T09:09:03.973+0000 7ff58400e700 1 -- 172.21.15.69:0/3694730153 wait complete.
2024-05-09T09:09:04.577 INFO:teuthology.orchestra.run.smithi069.stdout:mgr epoch 5 is available
2024-05-09T09:09:04.578 INFO:teuthology.orchestra.run.smithi069.stdout:Setting orchestrator backend to cephadm...
2024-05-09T09:09:05.226 INFO:journalctl@ceph.mon.a.smithi069.stdout:May 09 09:09:05 smithi069 ceph-mon[30123]: [09/May/2024:09:09:03] ENGINE Bus STARTING
2024-05-09T09:09:05.226 INFO:journalctl@ceph.mon.a.smithi069.stdout:May 09 09:09:05 smithi069 ceph-mon[30123]: [09/May/2024:09:09:03] ENGINE Serving on http://172.21.15.69:8765
2024-05-09T09:09:05.226 INFO:journalctl@ceph.mon.a.smithi069.stdout:May 09 09:09:05 smithi069 ceph-mon[30123]: [09/May/2024:09:09:03] ENGINE Serving on https://172.21.15.69:7150
2024-05-09T09:09:05.226 INFO:journalctl@ceph.mon.a.smithi069.stdout:May 09 09:09:05 smithi069 ceph-mon[30123]: [09/May/2024:09:09:03] ENGINE Bus STARTED
2024-05-09T09:09:05.226 INFO:journalctl@ceph.mon.a.smithi069.stdout:May 09 09:09:05 smithi069 ceph-mon[30123]: from='client.14124 -' entity='client.admin' cmd=[{"prefix": "get_command_descriptions"}]: dispatch
2024-05-09T09:09:05.226 INFO:journalctl@ceph.mon.a.smithi069.stdout:May 09 09:09:05 smithi069 ceph-mon[30123]: from='client.14124 -' entity='client.admin' cmd=[{"prefix": "mgr_status"}]: dispatch
2024-05-09T09:09:05.777 INFO:teuthology.orchestra.run.smithi069.stdout:/usr/bin/ceph: stderr
2024-05-09T09:09:04.997+0000 7fcbd35e8700 1 Processor -- start
2024-05-09T09:09:05.777 INFO:teuthology.orchestra.run.smithi069.stdout:/usr/bin/ceph: stderr
2024-05-09T09:09:04.997+0000 7fcbd35e8700 1 -- start start
2024-05-09T09:09:05.778 INFO:teuthology.orchestra.run.smithi069.stdout:/usr/bin/ceph: stderr
2024-05-09T09:09:04.997+0000 7fcbd35e8700 1 --2- >> [v2:172.21.15.69:3300/0,v1:172.21.15.69:6789/0] conn(0x7fcbcc1066d0 0x7fcbcc106af0 unknown :-1 s=NONE pgs=0 cs=0 l=0 rev1=0 crypto rx=0 tx=0 comp rx=0 tx=0).connect
2024-05-09T09:09:05.778 INFO:teuthology.orchestra.run.smithi069.stdout:/usr/bin/ceph: stderr
2024-05-09T09:09:04.997+0000 7fcbd35e8700 1 -- --> [v2:172.21.15.69:3300/0,v1:172.21.15.69:6789/0] -- mon_getmap magic: 0 -- 0x7fcbcc07c690 con 0x7fcbcc1066d0
2024-05-09T09:09:05.778 INFO:teuthology.orchestra.run.smithi069.stdout:/usr/bin/ceph: stderr
2024-05-09T09:09:04.998+0000 7fcbd1384700 1 --2- >> [v2:172.21.15.69:3300/0,v1:172.21.15.69:6789/0] conn(0x7fcbcc1066d0 0x7fcbcc106af0 unknown :-1 s=BANNER_CONNECTING pgs=0 cs=0 l=0 rev1=0 crypto rx=0 tx=0 comp rx=0 tx=0)._handle_peer_banner_payload supported=3 required=0
2024-05-09T09:09:05.778 INFO:teuthology.orchestra.run.smithi069.stdout:/usr/bin/ceph: stderr
2024-05-09T09:09:04.998+0000 7fcbd1384700 1 --2- >> [v2:172.21.15.69:3300/0,v1:172.21.15.69:6789/0] conn(0x7fcbcc1066d0 0x7fcbcc106af0 unknown :-1 s=HELLO_CONNECTING pgs=0 cs=0 l=0 rev1=1 crypto rx=0 tx=0 comp rx=0 tx=0).handle_hello peer v2:172.21.15.69:3300/0 says I am v2:172.21.15.69:47986/0 (socket says 172.21.15.69:47986)
2024-05-09T09:09:05.778 INFO:teuthology.orchestra.run.smithi069.stdout:/usr/bin/ceph: stderr
2024-05-09T09:09:04.998+0000 7fcbd1384700 1 -- 172.21.15.69:0/1451544737 learned_addr learned my addr 172.21.15.69:0/1451544737 (peer_addr_for_me v2:172.21.15.69:0/0)
2024-05-09T09:09:05.778 INFO:teuthology.orchestra.run.smithi069.stdout:/usr/bin/ceph: stderr
2024-05-09T09:09:04.998+0000 7fcbd1384700 1 -- 172.21.15.69:0/1451544737 --> [v2:172.21.15.69:3300/0,v1:172.21.15.69:6789/0] -- mon_subscribe({config=0+,monmap=0+}) -- 0x7fcbcc107030 con 0x7fcbcc1066d0
2024-05-09T09:09:05.778 INFO:teuthology.orchestra.run.smithi069.stdout:/usr/bin/ceph: stderr
2024-05-09T09:09:04.998+0000 7fcbd1384700 1 --2- 172.21.15.69:0/1451544737 >> [v2:172.21.15.69:3300/0,v1:172.21.15.69:6789/0] conn(0x7fcbcc1066d0 0x7fcbcc106af0 secure :-1 s=READY pgs=37 cs=0 l=1 rev1=1 crypto rx=0x7fcbc8009e80 tx=0x7fcbc800b330 comp rx=0 tx=0).ready entity=mon.0 client_cookie=db4ee9304626aaf7 server_cookie=0 in_seq=0 out_seq=0
2024-05-09T09:09:05.778 INFO:teuthology.orchestra.run.smithi069.stdout:/usr/bin/ceph: stderr
2024-05-09T09:09:04.998+0000 7fcbc3fff700 1 -- 172.21.15.69:0/1451544737 <== mon.0 v2:172.21.15.69:3300/0 1 ==== mon_map magic: 0 ==== 205+0+0 (secure 0 0 0) 0x7fcbc8017070 con 0x7fcbcc1066d0
2024-05-09T09:09:05.778 INFO:teuthology.orchestra.run.smithi069.stdout:/usr/bin/ceph: stderr
2024-05-09T09:09:04.998+0000 7fcbc3fff700 1 -- 172.21.15.69:0/1451544737 <== mon.0 v2:172.21.15.69:3300/0 2 ==== config(27 keys) ==== 1109+0+0 (secure 0 0 0) 0x7fcbc800b8c0 con 0x7fcbcc1066d0
2024-05-09T09:09:05.778 INFO:teuthology.orchestra.run.smithi069.stdout:/usr/bin/ceph: stderr
2024-05-09T09:09:04.998+0000 7fcbc3fff700 1 -- 172.21.15.69:0/1451544737 <== mon.0 v2:172.21.15.69:3300/0 3 ==== mon_map magic: 0 ==== 205+0+0 (secure 0 0 0) 0x7fcbc80045c0 con 0x7fcbcc1066d0
2024-05-09T09:09:05.778 INFO:teuthology.orchestra.run.smithi069.stdout:/usr/bin/ceph: stderr
2024-05-09T09:09:04.999+0000 7fcbd35e8700 1 -- 172.21.15.69:0/1451544737 >> [v2:172.21.15.69:3300/0,v1:172.21.15.69:6789/0] conn(0x7fcbcc1066d0 msgr2=0x7fcbcc106af0 secure :-1 s=STATE_CONNECTION_ESTABLISHED l=1).mark_down
2024-05-09T09:09:05.778 INFO:teuthology.orchestra.run.smithi069.stdout:/usr/bin/ceph: stderr
2024-05-09T09:09:04.999+0000 7fcbd35e8700 1 --2- 172.21.15.69:0/1451544737 >> [v2:172.21.15.69:3300/0,v1:172.21.15.69:6789/0] conn(0x7fcbcc1066d0 0x7fcbcc106af0 secure :-1 s=READY pgs=37 cs=0 l=1 rev1=1 crypto rx=0x7fcbc8009e80 tx=0x7fcbc800b330 comp rx=0 tx=0).stop
2024-05-09T09:09:05.778 INFO:teuthology.orchestra.run.smithi069.stdout:/usr/bin/ceph: stderr
2024-05-09T09:09:04.999+0000 7fcbd35e8700 1 -- 172.21.15.69:0/1451544737 shutdown_connections
2024-05-09T09:09:05.779 INFO:teuthology.orchestra.run.smithi069.stdout:/usr/bin/ceph: stderr
2024-05-09T09:09:04.999+0000 7fcbd35e8700 1 --2- 172.21.15.69:0/1451544737 >> [v2:172.21.15.69:3300/0,v1:172.21.15.69:6789/0] conn(0x7fcbcc1066d0 0x7fcbcc106af0 unknown :-1 s=CLOSED pgs=37 cs=0 l=1 rev1=1 crypto rx=0 tx=0 comp rx=0 tx=0).stop
2024-05-09T09:09:05.779 INFO:teuthology.orchestra.run.smithi069.stdout:/usr/bin/ceph: stderr
2024-05-09T09:09:04.999+0000 7fcbd35e8700 1 -- 172.21.15.69:0/1451544737 >> 172.21.15.69:0/1451544737 conn(0x7fcbcc1022d0 msgr2=0x7fcbcc1046f0 unknown :-1 s=STATE_NONE l=0).mark_down
2024-05-09T09:09:05.779 INFO:teuthology.orchestra.run.smithi069.stdout:/usr/bin/ceph: stderr
2024-05-09T09:09:04.999+0000 7fcbd35e8700 1 -- 172.21.15.69:0/1451544737 shutdown_connections
2024-05-09T09:09:05.779 INFO:teuthology.orchestra.run.smithi069.stdout:/usr/bin/ceph: stderr
2024-05-09T09:09:04.999+0000 7fcbd35e8700 1 -- 172.21.15.69:0/1451544737 wait complete.
2024-05-09T09:09:05.779 INFO:teuthology.orchestra.run.smithi069.stdout:/usr/bin/ceph: stderr
2024-05-09T09:09:04.999+0000 7fcbd35e8700 1 Processor -- start
2024-05-09T09:09:05.779 INFO:teuthology.orchestra.run.smithi069.stdout:/usr/bin/ceph: stderr
2024-05-09T09:09:04.999+0000 7fcbd35e8700 1 -- start start
2024-05-09T09:09:05.779 INFO:teuthology.orchestra.run.smithi069.stdout:/usr/bin/ceph: stderr
2024-05-09T09:09:05.000+0000 7fcbd35e8700 1 --2- >> [v2:172.21.15.69:3300/0,v1:172.21.15.69:6789/0] conn(0x7fcbcc1066d0 0x7fcbcc19deb0 unknown :-1 s=NONE pgs=0 cs=0 l=1 rev1=0 crypto rx=0 tx=0 comp rx=0 tx=0).connect
2024-05-09T09:09:05.779 INFO:teuthology.orchestra.run.smithi069.stdout:/usr/bin/ceph: stderr
2024-05-09T09:09:05.000+0000 7fcbd35e8700 1 -- --> [v2:172.21.15.69:3300/0,v1:172.21.15.69:6789/0] -- mon_getmap magic: 0 -- 0x7fcbcc108050 con 0x7fcbcc1066d0
2024-05-09T09:09:05.782 INFO:teuthology.orchestra.run.smithi069.stdout:/usr/bin/ceph: stderr
2024-05-09T09:09:05.000+0000 7fcbd1384700 1 --2- >> [v2:172.21.15.69:3300/0,v1:172.21.15.69:6789/0] conn(0x7fcbcc1066d0 0x7fcbcc19deb0 unknown :-1 s=BANNER_CONNECTING pgs=0 cs=0 l=1 rev1=0 crypto rx=0 tx=0 comp rx=0 tx=0)._handle_peer_banner_payload supported=3 required=0
2024-05-09T09:09:05.782 INFO:teuthology.orchestra.run.smithi069.stdout:/usr/bin/ceph: stderr
2024-05-09T09:09:05.000+0000 7fcbd1384700 1 --2- >> [v2:172.21.15.69:3300/0,v1:172.21.15.69:6789/0] conn(0x7fcbcc1066d0 0x7fcbcc19deb0 unknown :-1 s=HELLO_CONNECTING pgs=0 cs=0 l=1 rev1=1 crypto rx=0 tx=0 comp rx=0 tx=0).handle_hello peer v2:172.21.15.69:3300/0 says I am v2:172.21.15.69:48002/0 (socket says 172.21.15.69:48002)
2024-05-09T09:09:05.782 INFO:teuthology.orchestra.run.smithi069.stdout:/usr/bin/ceph: stderr
2024-05-09T09:09:05.000+0000 7fcbd1384700 1 -- 172.21.15.69:0/745842416 learned_addr learned my addr 172.21.15.69:0/745842416 (peer_addr_for_me v2:172.21.15.69:0/0)
2024-05-09T09:09:05.782 INFO:teuthology.orchestra.run.smithi069.stdout:/usr/bin/ceph: stderr
2024-05-09T09:09:05.000+0000 7fcbd1384700 1 -- 172.21.15.69:0/745842416 --> [v2:172.21.15.69:3300/0,v1:172.21.15.69:6789/0] -- mon_subscribe({config=0+,monmap=0+}) -- 0x7fcbcc19e3f0 con 0x7fcbcc1066d0
2024-05-09T09:09:05.782 INFO:teuthology.orchestra.run.smithi069.stdout:/usr/bin/ceph: stderr
2024-05-09T09:09:05.000+0000 7fcbd1384700 1 --2- 172.21.15.69:0/745842416 >> [v2:172.21.15.69:3300/0,v1:172.21.15.69:6789/0] conn(0x7fcbcc1066d0 0x7fcbcc19deb0 secure :-1 s=READY pgs=38 cs=0 l=1 rev1=1 crypto rx=0x7fcbc80072a0 tx=0x7fcbc800bd50 comp rx=0 tx=0).ready entity=mon.0 client_cookie=0 server_cookie=0 in_seq=0 out_seq=0
2024-05-09T09:09:05.783 INFO:teuthology.orchestra.run.smithi069.stdout:/usr/bin/ceph: stderr
2024-05-09T09:09:05.000+0000 7fcbc27fc700 1 -- 172.21.15.69:0/745842416 <== mon.0 v2:172.21.15.69:3300/0 1 ==== mon_map magic: 0 ==== 205+0+0 (secure 0 0 0) 0x7fcbc8020020 con 0x7fcbcc1066d0
2024-05-09T09:09:05.783 INFO:teuthology.orchestra.run.smithi069.stdout:/usr/bin/ceph: stderr
2024-05-09T09:09:05.000+0000 7fcbd35e8700 1 -- 172.21.15.69:0/745842416 --> [v2:172.21.15.69:3300/0,v1:172.21.15.69:6789/0] -- mon_subscribe({mgrmap=0+}) -- 0x7fcbcc19e680 con 0x7fcbcc1066d0
2024-05-09T09:09:05.783 INFO:teuthology.orchestra.run.smithi069.stdout:/usr/bin/ceph: stderr
2024-05-09T09:09:05.000+0000 7fcbc27fc700 1 -- 172.21.15.69:0/745842416 <== mon.0 v2:172.21.15.69:3300/0 2 ==== config(27 keys) ==== 1109+0+0 (secure 0 0 0) 0x7fcbc8003b50 con 0x7fcbcc1066d0
2024-05-09T09:09:05.783 INFO:teuthology.orchestra.run.smithi069.stdout:/usr/bin/ceph: stderr
2024-05-09T09:09:05.000+0000 7fcbc27fc700 1 -- 172.21.15.69:0/745842416 <== mon.0 v2:172.21.15.69:3300/0 3 ==== mon_map magic: 0 ==== 205+0+0 (secure 0 0 0) 0x7fcbc8017040 con 0x7fcbcc1066d0
2024-05-09T09:09:05.783 INFO:teuthology.orchestra.run.smithi069.stdout:/usr/bin/ceph: stderr
2024-05-09T09:09:05.000+0000 7fcbd35e8700 1 -- 172.21.15.69:0/745842416 --> [v2:172.21.15.69:3300/0,v1:172.21.15.69:6789/0] -- mon_subscribe({osdmap=0}) -- 0x7fcbcc1a1370 con 0x7fcbcc1066d0
2024-05-09T09:09:05.783 INFO:teuthology.orchestra.run.smithi069.stdout:/usr/bin/ceph: stderr
2024-05-09T09:09:05.001+0000 7fcbc27fc700 1 -- 172.21.15.69:0/745842416 <== mon.0 v2:172.21.15.69:3300/0 4 ==== mgrmap(e 7) ==== 46181+0+0 (secure 0 0 0) 0x7fcbc8023020 con 0x7fcbcc1066d0
2024-05-09T09:09:05.783 INFO:teuthology.orchestra.run.smithi069.stdout:/usr/bin/ceph: stderr
2024-05-09T09:09:05.001+0000 7fcbd35e8700 1 -- 172.21.15.69:0/745842416 --> [v2:172.21.15.69:3300/0,v1:172.21.15.69:6789/0] -- mon_command({"prefix": "get_command_descriptions"} v 0) -- 0x7fcbcc063980 con 0x7fcbcc1066d0
2024-05-09T09:09:05.783 INFO:teuthology.orchestra.run.smithi069.stdout:/usr/bin/ceph: stderr
2024-05-09T09:09:05.002+0000 7fcbc27fc700 1 --2- 172.21.15.69:0/745842416 >> [v2:172.21.15.69:6800/936285351,v1:172.21.15.69:6801/936285351] conn(0x7fcbb8038ed0 0x7fcbb803b390 unknown :-1 s=NONE pgs=0 cs=0 l=1 rev1=0 crypto rx=0 tx=0 comp rx=0 tx=0).connect
2024-05-09T09:09:05.783 INFO:teuthology.orchestra.run.smithi069.stdout:/usr/bin/ceph: stderr
2024-05-09T09:09:05.002+0000 7fcbc27fc700 1 -- 172.21.15.69:0/745842416 <== mon.0 v2:172.21.15.69:3300/0 5 ==== osd_map(2..2 src has 1..2) ==== 940+0+0 (secure 0 0 0) 0x7fcbc800f050 con 0x7fcbcc1066d0
2024-05-09T09:09:05.783 INFO:teuthology.orchestra.run.smithi069.stdout:/usr/bin/ceph: stderr
2024-05-09T09:09:05.002+0000 7fcbd0b83700 1 --2- 172.21.15.69:0/745842416 >> [v2:172.21.15.69:6800/936285351,v1:172.21.15.69:6801/936285351] conn(0x7fcbb8038ed0 0x7fcbb803b390 unknown :-1 s=BANNER_CONNECTING pgs=0 cs=0 l=1 rev1=0 crypto rx=0 tx=0 comp rx=0 tx=0)._handle_peer_banner_payload supported=3 required=0
2024-05-09T09:09:05.783 INFO:teuthology.orchestra.run.smithi069.stdout:/usr/bin/ceph: stderr
2024-05-09T09:09:05.002+0000 7fcbd0b83700 1 --2- 172.21.15.69:0/745842416 >> [v2:172.21.15.69:6800/936285351,v1:172.21.15.69:6801/936285351] conn(0x7fcbb8038ed0 0x7fcbb803b390 secure :-1 s=READY pgs=7 cs=0 l=1 rev1=1 crypto rx=0x7fcbbc006fd0 tx=0x7fcbbc006e40 comp rx=0 tx=0).ready entity=mgr.14120 client_cookie=0 server_cookie=0 in_seq=0 out_seq=0
2024-05-09T09:09:05.783 INFO:teuthology.orchestra.run.smithi069.stdout:/usr/bin/ceph: stderr
2024-05-09T09:09:05.007+0000 7fcbc27fc700 1 -- 172.21.15.69:0/745842416 <== mon.0 v2:172.21.15.69:3300/0 6 ==== mon_command_ack([{"prefix": "get_command_descriptions"}]=0 v0) ==== 72+0+186147 (secure 0 0 0) 0x7fcbc802a020 con 0x7fcbcc1066d0
2024-05-09T09:09:05.783 INFO:teuthology.orchestra.run.smithi069.stdout:/usr/bin/ceph: stderr
2024-05-09T09:09:05.018+0000 7fcbc27fc700 1 -- 172.21.15.69:0/745842416 <== mon.0 v2:172.21.15.69:3300/0 7 ==== mgrmap(e 8) ==== 46287+0+0 (secure 0 0 0) 0x7fcbc8011390 con 0x7fcbcc1066d0
2024-05-09T09:09:05.783 INFO:teuthology.orchestra.run.smithi069.stdout:/usr/bin/ceph: stderr
2024-05-09T09:09:05.220+0000 7fcbd35e8700 1 -- 172.21.15.69:0/745842416 --> [v2:172.21.15.69:6800/936285351,v1:172.21.15.69:6801/936285351] -- mgr_command(tid 0: {"prefix": "orch set backend", "module_name": "cephadm", "target": ["mon-mgr", ""]}) -- 0x7fcbcc02df30 con 0x7fcbb8038ed0
2024-05-09T09:09:05.784 INFO:teuthology.orchestra.run.smithi069.stdout:/usr/bin/ceph: stderr
2024-05-09T09:09:05.227+0000 7fcbc27fc700 1 -- 172.21.15.69:0/745842416 <== mgr.14120 v2:172.21.15.69:6800/936285351 1 ==== mgr_command_reply(tid 0: 0 ) ==== 8+0+0 (secure 0 0 0) 0x7fcbcc02df30 con 0x7fcbb8038ed0
2024-05-09T09:09:05.784 INFO:teuthology.orchestra.run.smithi069.stdout:/usr/bin/ceph: stderr
2024-05-09T09:09:05.230+0000 7fcbd35e8700 1 -- 172.21.15.69:0/745842416 >> [v2:172.21.15.69:6800/936285351,v1:172.21.15.69:6801/936285351] conn(0x7fcbb8038ed0 msgr2=0x7fcbb803b390 secure :-1 s=STATE_CONNECTION_ESTABLISHED l=1).mark_down
2024-05-09T09:09:05.784 INFO:teuthology.orchestra.run.smithi069.stdout:/usr/bin/ceph: stderr
2024-05-09T09:09:05.230+0000 7fcbd35e8700 1 --2- 172.21.15.69:0/745842416 >> [v2:172.21.15.69:6800/936285351,v1:172.21.15.69:6801/936285351] conn(0x7fcbb8038ed0 0x7fcbb803b390 secure :-1 s=READY pgs=7 cs=0 l=1 rev1=1 crypto rx=0x7fcbbc006fd0 tx=0x7fcbbc006e40 comp rx=0 tx=0).stop
2024-05-09T09:09:05.784 INFO:teuthology.orchestra.run.smithi069.stdout:/usr/bin/ceph: stderr
2024-05-09T09:09:05.230+0000 7fcbd35e8700 1 -- 172.21.15.69:0/745842416 >> [v2:172.21.15.69:3300/0,v1:172.21.15.69:6789/0] conn(0x7fcbcc1066d0 msgr2=0x7fcbcc19deb0 secure :-1 s=STATE_CONNECTION_ESTABLISHED l=1).mark_down
2024-05-09T09:09:05.784 INFO:teuthology.orchestra.run.smithi069.stdout:/usr/bin/ceph: stderr
2024-05-09T09:09:05.230+0000 7fcbd35e8700 1 --2- 172.21.15.69:0/745842416 >> [v2:172.21.15.69:3300/0,v1:172.21.15.69:6789/0] conn(0x7fcbcc1066d0 0x7fcbcc19deb0 secure :-1 s=READY pgs=38 cs=0 l=1 rev1=1 crypto rx=0x7fcbc80072a0 tx=0x7fcbc800bd50 comp rx=0 tx=0).stop
2024-05-09T09:09:05.784 INFO:teuthology.orchestra.run.smithi069.stdout:/usr/bin/ceph: stderr
2024-05-09T09:09:05.230+0000 7fcbd35e8700 1 -- 172.21.15.69:0/745842416 shutdown_connections
2024-05-09T09:09:05.784 INFO:teuthology.orchestra.run.smithi069.stdout:/usr/bin/ceph: stderr
2024-05-09T09:09:05.230+0000 7fcbd35e8700 1 --2- 172.21.15.69:0/745842416 >> [v2:172.21.15.69:6800/936285351,v1:172.21.15.69:6801/936285351] conn(0x7fcbb8038ed0 0x7fcbb803b390 unknown :-1 s=CLOSED pgs=7 cs=0 l=1 rev1=1 crypto rx=0 tx=0 comp rx=0 tx=0).stop
2024-05-09T09:09:05.784 INFO:teuthology.orchestra.run.smithi069.stdout:/usr/bin/ceph: stderr
2024-05-09T09:09:05.230+0000 7fcbd35e8700 1 --2- 172.21.15.69:0/745842416 >> [v2:172.21.15.69:3300/0,v1:172.21.15.69:6789/0] conn(0x7fcbcc1066d0 0x7fcbcc19deb0 unknown :-1 s=CLOSED pgs=38 cs=0 l=1 rev1=1 crypto rx=0 tx=0 comp rx=0 tx=0).stop
2024-05-09T09:09:05.784 INFO:teuthology.orchestra.run.smithi069.stdout:/usr/bin/ceph: stderr
2024-05-09T09:09:05.230+0000 7fcbd35e8700 1 -- 172.21.15.69:0/745842416 >> 172.21.15.69:0/745842416 conn(0x7fcbcc1022d0 msgr2=0x7fcbcc194af0 unknown :-1 s=STATE_NONE l=0).mark_down
2024-05-09T09:09:05.784 INFO:teuthology.orchestra.run.smithi069.stdout:/usr/bin/ceph: stderr
2024-05-09T09:09:05.230+0000 7fcbd35e8700 1 -- 172.21.15.69:0/745842416 shutdown_connections
2024-05-09T09:09:05.784 INFO:teuthology.orchestra.run.smithi069.stdout:/usr/bin/ceph: stderr
2024-05-09T09:09:05.230+0000 7fcbd35e8700 1 -- 172.21.15.69:0/745842416 wait complete.
2024-05-09T09:09:06.158 INFO:journalctl@ceph.mon.a.smithi069.stdout:May 09 09:09:06 smithi069 ceph-mon[30123]: mgrmap e8: x(active, since 2s)
2024-05-09T09:09:06.158 INFO:journalctl@ceph.mon.a.smithi069.stdout:May 09 09:09:06 smithi069 ceph-mon[30123]: from='mgr.14120 172.21.15.69:0/1021909657' entity='mgr.x'
