2024-05-09T09:08:55.082 INFO:teuthology.orchestra.run.smithi069.stdout:/usr/bin/ceph: stdout mgr/telemetry/nag = false
2024-05-09T09:08:55.082 INFO:teuthology.orchestra.run.smithi069.stdout:/usr/bin/ceph: stdout
2024-05-09T09:08:55.082 INFO:teuthology.orchestra.run.smithi069.stdout:/usr/bin/ceph: stdout [osd]
2024-05-09T09:08:55.082 INFO:teuthology.orchestra.run.smithi069.stdout:/usr/bin/ceph: stdout mon_osd_backfillfull_ratio = 0.85
2024-05-09T09:08:55.082 INFO:teuthology.orchestra.run.smithi069.stdout:/usr/bin/ceph: stdout mon_osd_full_ratio = 0.9
2024-05-09T09:08:55.082 INFO:teuthology.orchestra.run.smithi069.stdout:/usr/bin/ceph: stdout mon_osd_nearfull_ratio = 0.8
2024-05-09T09:08:55.082 INFO:teuthology.orchestra.run.smithi069.stdout:/usr/bin/ceph: stdout osd_map_max_advance = 10
2024-05-09T09:08:55.082 INFO:teuthology.orchestra.run.smithi069.stdout:/usr/bin/ceph: stdout osd_sloppy_crc = true
2024-05-09T09:08:55.083 INFO:teuthology.orchestra.run.smithi069.stdout:/usr/bin/ceph: stderr
2024-05-09T09:08:54.323+0000 7f0a7c9ea700 1 Processor -- start
2024-05-09T09:08:55.083 INFO:teuthology.orchestra.run.smithi069.stdout:/usr/bin/ceph: stderr
2024-05-09T09:08:54.323+0000 7f0a7c9ea700 1 -- start start
2024-05-09T09:08:55.083 INFO:teuthology.orchestra.run.smithi069.stdout:/usr/bin/ceph: stderr
2024-05-09T09:08:54.323+0000 7f0a7c9ea700 1 --2- >> [v2:172.21.15.69:3300/0,v1:172.21.15.69:6789/0] conn(0x7f0a781088a0 0x7f0a7810ac90 unknown :-1 s=NONE pgs=0 cs=0 l=0 rev1=0 crypto rx=0 tx=0 comp rx=0 tx=0).connect
2024-05-09T09:08:55.083 INFO:teuthology.orchestra.run.smithi069.stdout:/usr/bin/ceph: stderr
2024-05-09T09:08:54.323+0000 7f0a7c9ea700 1 -- --> [v2:172.21.15.69:3300/0,v1:172.21.15.69:6789/0] -- mon_getmap magic: 0 -- 0x7f0a7807c6d0 con 0x7f0a781088a0
2024-05-09T09:08:55.083 INFO:teuthology.orchestra.run.smithi069.stdout:/usr/bin/ceph: stderr
2024-05-09T09:08:54.323+0000 7f0a7659c700 1 --2- >> [v2:172.21.15.69:3300/0,v1:172.21.15.69:6789/0] conn(0x7f0a781088a0 0x7f0a7810ac90 unknown :-1 s=BANNER_CONNECTING pgs=0 cs=0 l=0 rev1=0 crypto rx=0 tx=0 comp rx=0 tx=0)._handle_peer_banner_payload supported=3 required=0
2024-05-09T09:08:55.083 INFO:teuthology.orchestra.run.smithi069.stdout:/usr/bin/ceph: stderr
2024-05-09T09:08:54.323+0000 7f0a7659c700 1 --2- >> [v2:172.21.15.69:3300/0,v1:172.21.15.69:6789/0] conn(0x7f0a781088a0 0x7f0a7810ac90 unknown :-1 s=HELLO_CONNECTING pgs=0 cs=0 l=0 rev1=1 crypto rx=0 tx=0 comp rx=0 tx=0).handle_hello peer v2:172.21.15.69:3300/0 says I am v2:172.21.15.69:57880/0 (socket says 172.21.15.69:57880)
2024-05-09T09:08:55.083 INFO:teuthology.orchestra.run.smithi069.stdout:/usr/bin/ceph: stderr
2024-05-09T09:08:54.323+0000 7f0a7659c700 1 -- 172.21.15.69:0/371561788 learned_addr learned my addr 172.21.15.69:0/371561788 (peer_addr_for_me v2:172.21.15.69:0/0)
2024-05-09T09:08:55.083 INFO:teuthology.orchestra.run.smithi069.stdout:/usr/bin/ceph: stderr
2024-05-09T09:08:54.323+0000 7f0a7659c700 1 -- 172.21.15.69:0/371561788 --> [v2:172.21.15.69:3300/0,v1:172.21.15.69:6789/0] -- mon_subscribe({config=0+,monmap=0+}) -- 0x7f0a7810b1d0 con 0x7f0a781088a0
2024-05-09T09:08:55.083 INFO:teuthology.orchestra.run.smithi069.stdout:/usr/bin/ceph: stderr
2024-05-09T09:08:54.323+0000 7f0a7659c700 1 --2- 172.21.15.69:0/371561788 >> [v2:172.21.15.69:3300/0,v1:172.21.15.69:6789/0] conn(0x7f0a781088a0 0x7f0a7810ac90 secure :-1 s=READY pgs=20 cs=0 l=1 rev1=1 crypto rx=0x7f0a6c0098a0 tx=0x7f0a6c009bb0 comp rx=0 tx=0).ready entity=mon.0 client_cookie=363e3ad10616ae5a server_cookie=0 in_seq=0 out_seq=0
2024-05-09T09:08:55.083 INFO:teuthology.orchestra.run.smithi069.stdout:/usr/bin/ceph: stderr
2024-05-09T09:08:54.324+0000 7f0a7559a700 1 -- 172.21.15.69:0/371561788 <== mon.0 v2:172.21.15.69:3300/0 1 ==== mon_map magic: 0 ==== 205+0+0 (secure 0 0 0) 0x7f0a6c004160 con 0x7f0a781088a0
2024-05-09T09:08:55.083 INFO:teuthology.orchestra.run.smithi069.stdout:/usr/bin/ceph: stderr
2024-05-09T09:08:54.324+0000 7f0a7559a700 1 -- 172.21.15.69:0/371561788 <== mon.0 v2:172.21.15.69:3300/0 2 ==== config(27 keys) ==== 1109+0+0 (secure 0 0 0) 0x7f0a6c004300 con 0x7f0a781088a0
2024-05-09T09:08:55.083 INFO:teuthology.orchestra.run.smithi069.stdout:/usr/bin/ceph: stderr
2024-05-09T09:08:54.324+0000 7f0a7559a700 1 -- 172.21.15.69:0/371561788 <== mon.0 v2:172.21.15.69:3300/0 3 ==== mon_map magic: 0 ==== 205+0+0 (secure 0 0 0) 0x7f0a6c011b50 con 0x7f0a781088a0
2024-05-09T09:08:55.084 INFO:teuthology.orchestra.run.smithi069.stdout:/usr/bin/ceph: stderr
2024-05-09T09:08:54.324+0000 7f0a7c9ea700 1 -- 172.21.15.69:0/371561788 >> [v2:172.21.15.69:3300/0,v1:172.21.15.69:6789/0] conn(0x7f0a781088a0 msgr2=0x7f0a7810ac90 secure :-1 s=STATE_CONNECTION_ESTABLISHED l=1).mark_down
2024-05-09T09:08:55.084 INFO:teuthology.orchestra.run.smithi069.stdout:/usr/bin/ceph: stderr
2024-05-09T09:08:54.324+0000 7f0a7c9ea700 1 --2- 172.21.15.69:0/371561788 >> [v2:172.21.15.69:3300/0,v1:172.21.15.69:6789/0] conn(0x7f0a781088a0 0x7f0a7810ac90 secure :-1 s=READY pgs=20 cs=0 l=1 rev1=1 crypto rx=0x7f0a6c0098a0 tx=0x7f0a6c009bb0 comp rx=0 tx=0).stop
2024-05-09T09:08:55.084 INFO:teuthology.orchestra.run.smithi069.stdout:/usr/bin/ceph: stderr
2024-05-09T09:08:54.324+0000 7f0a7c9ea700 1 -- 172.21.15.69:0/371561788 shutdown_connections
2024-05-09T09:08:55.084 INFO:teuthology.orchestra.run.smithi069.stdout:/usr/bin/ceph: stderr
2024-05-09T09:08:54.324+0000 7f0a7c9ea700 1 --2- 172.21.15.69:0/371561788 >> [v2:172.21.15.69:3300/0,v1:172.21.15.69:6789/0] conn(0x7f0a781088a0 0x7f0a7810ac90 unknown :-1 s=CLOSED pgs=20 cs=0 l=1 rev1=1 crypto rx=0 tx=0 comp rx=0 tx=0).stop
2024-05-09T09:08:55.084 INFO:teuthology.orchestra.run.smithi069.stdout:/usr/bin/ceph: stderr
2024-05-09T09:08:54.324+0000 7f0a7c9ea700 1 -- 172.21.15.69:0/371561788 >> 172.21.15.69:0/371561788 conn(0x7f0a78102350 msgr2=0x7f0a78104770 unknown :-1 s=STATE_NONE l=0).mark_down
2024-05-09T09:08:55.084 INFO:teuthology.orchestra.run.smithi069.stdout:/usr/bin/ceph: stderr
2024-05-09T09:08:54.324+0000 7f0a7c9ea700 1 -- 172.21.15.69:0/371561788 shutdown_connections
2024-05-09T09:08:55.084 INFO:teuthology.orchestra.run.smithi069.stdout:/usr/bin/ceph: stderr
2024-05-09T09:08:54.324+0000 7f0a7c9ea700 1 -- 172.21.15.69:0/371561788 wait complete.
2024-05-09T09:08:55.084 INFO:teuthology.orchestra.run.smithi069.stdout:/usr/bin/ceph: stderr
2024-05-09T09:08:54.325+0000 7f0a7c9ea700 1 Processor -- start
2024-05-09T09:08:55.084 INFO:teuthology.orchestra.run.smithi069.stdout:/usr/bin/ceph: stderr
2024-05-09T09:08:54.325+0000 7f0a7c9ea700 1 -- start start
2024-05-09T09:08:55.084 INFO:teuthology.orchestra.run.smithi069.stdout:/usr/bin/ceph: stderr
2024-05-09T09:08:54.325+0000 7f0a7c9ea700 1 --2- >> [v2:172.21.15.69:3300/0,v1:172.21.15.69:6789/0] conn(0x7f0a781088a0 0x7f0a7819bcb0 unknown :-1 s=NONE pgs=0 cs=0 l=1 rev1=0 crypto rx=0 tx=0 comp rx=0 tx=0).connect
2024-05-09T09:08:55.084 INFO:teuthology.orchestra.run.smithi069.stdout:/usr/bin/ceph: stderr
2024-05-09T09:08:54.325+0000 7f0a7c9ea700 1 -- --> [v2:172.21.15.69:3300/0,v1:172.21.15.69:6789/0] -- mon_getmap magic: 0 -- 0x7f0a7810c130 con 0x7f0a781088a0
2024-05-09T09:08:55.084 INFO:teuthology.orchestra.run.smithi069.stdout:/usr/bin/ceph: stderr
2024-05-09T09:08:54.325+0000 7f0a7659c700 1 --2- >> [v2:172.21.15.69:3300/0,v1:172.21.15.69:6789/0] conn(0x7f0a781088a0 0x7f0a7819bcb0 unknown :-1 s=BANNER_CONNECTING pgs=0 cs=0 l=1 rev1=0 crypto rx=0 tx=0 comp rx=0 tx=0)._handle_peer_banner_payload supported=3 required=0
2024-05-09T09:08:55.084 INFO:teuthology.orchestra.run.smithi069.stdout:/usr/bin/ceph: stderr
2024-05-09T09:08:54.325+0000 7f0a7659c700 1 --2- >> [v2:172.21.15.69:3300/0,v1:172.21.15.69:6789/0] conn(0x7f0a781088a0 0x7f0a7819bcb0 unknown :-1 s=HELLO_CONNECTING pgs=0 cs=0 l=1 rev1=1 crypto rx=0 tx=0 comp rx=0 tx=0).handle_hello peer v2:172.21.15.69:3300/0 says I am v2:172.21.15.69:57888/0 (socket says 172.21.15.69:57888)
2024-05-09T09:08:55.084 INFO:teuthology.orchestra.run.smithi069.stdout:/usr/bin/ceph: stderr
2024-05-09T09:08:54.325+0000 7f0a7659c700 1 -- 172.21.15.69:0/4254271220 learned_addr learned my addr 172.21.15.69:0/4254271220 (peer_addr_for_me v2:172.21.15.69:0/0)
2024-05-09T09:08:55.085 INFO:teuthology.orchestra.run.smithi069.stdout:/usr/bin/ceph: stderr
2024-05-09T09:08:54.326+0000 7f0a7659c700 1 -- 172.21.15.69:0/4254271220 --> [v2:172.21.15.69:3300/0,v1:172.21.15.69:6789/0] -- mon_subscribe({config=0+,monmap=0+}) -- 0x7f0a7819c1f0 con 0x7f0a781088a0
2024-05-09T09:08:55.085 INFO:teuthology.orchestra.run.smithi069.stdout:/usr/bin/ceph: stderr
2024-05-09T09:08:54.326+0000 7f0a7659c700 1 --2- 172.21.15.69:0/4254271220 >> [v2:172.21.15.69:3300/0,v1:172.21.15.69:6789/0] conn(0x7f0a781088a0 0x7f0a7819bcb0 secure :-1 s=READY pgs=21 cs=0 l=1 rev1=1 crypto rx=0x7f0a6c011670 tx=0x7f0a6c011b60 comp rx=0 tx=0).ready entity=mon.0 client_cookie=0 server_cookie=0 in_seq=0 out_seq=0
2024-05-09T09:08:55.085 INFO:teuthology.orchestra.run.smithi069.stdout:/usr/bin/ceph: stderr
2024-05-09T09:08:54.326+0000 7f0a677fe700 1 -- 172.21.15.69:0/4254271220 <== mon.0 v2:172.21.15.69:3300/0 1 ==== mon_map magic: 0 ==== 205+0+0 (secure 0 0 0) 0x7f0a6c0039c0 con 0x7f0a781088a0
2024-05-09T09:08:55.085 INFO:teuthology.orchestra.run.smithi069.stdout:/usr/bin/ceph: stderr
2024-05-09T09:08:54.326+0000 7f0a677fe700 1 -- 172.21.15.69:0/4254271220 <== mon.0 v2:172.21.15.69:3300/0 2 ==== config(27 keys) ==== 1109+0+0 (secure 0 0 0) 0x7f0a6c011e50 con 0x7f0a781088a0
2024-05-09T09:08:55.085 INFO:teuthology.orchestra.run.smithi069.stdout:/usr/bin/ceph: stderr
2024-05-09T09:08:54.326+0000 7f0a7c9ea700 1 -- 172.21.15.69:0/4254271220 --> [v2:172.21.15.69:3300/0,v1:172.21.15.69:6789/0] -- mon_subscribe({mgrmap=0+}) -- 0x7f0a7819c480 con 0x7f0a781088a0
2024-05-09T09:08:55.085 INFO:teuthology.orchestra.run.smithi069.stdout:/usr/bin/ceph: stderr
2024-05-09T09:08:54.326+0000 7f0a677fe700 1 -- 172.21.15.69:0/4254271220 <== mon.0 v2:172.21.15.69:3300/0 3 ==== mon_map magic: 0 ==== 205+0+0 (secure 0 0 0) 0x7f0a6c01a5c0 con 0x7f0a781088a0
2024-05-09T09:08:55.085 INFO:teuthology.orchestra.run.smithi069.stdout:/usr/bin/ceph: stderr
2024-05-09T09:08:54.326+0000 7f0a7c9ea700 1 -- 172.21.15.69:0/4254271220 --> [v2:172.21.15.69:3300/0,v1:172.21.15.69:6789/0] -- mon_subscribe({osdmap=0}) -- 0x7f0a7819f170 con 0x7f0a781088a0
2024-05-09T09:08:55.085 INFO:teuthology.orchestra.run.smithi069.stdout:/usr/bin/ceph: stderr
2024-05-09T09:08:54.327+0000 7f0a677fe700 1 -- 172.21.15.69:0/4254271220 <== mon.0 v2:172.21.15.69:3300/0 4 ==== mgrmap(e 4) ==== 46276+0+0 (secure 0 0 0) 0x7f0a6c01a8c0 con 0x7f0a781088a0
2024-05-09T09:08:55.085 INFO:teuthology.orchestra.run.smithi069.stdout:/usr/bin/ceph: stderr
2024-05-09T09:08:54.327+0000 7f0a677fe700 1 --2- 172.21.15.69:0/4254271220 >> [v2:172.21.15.69:6800/2869747387,v1:172.21.15.69:6801/2869747387] conn(0x7f0a60038fb0 0x7f0a6003b470 unknown :-1 s=NONE pgs=0 cs=0 l=1 rev1=0 crypto rx=0 tx=0 comp rx=0 tx=0).connect
2024-05-09T09:08:55.085 INFO:teuthology.orchestra.run.smithi069.stdout:/usr/bin/ceph: stderr
2024-05-09T09:08:54.327+0000 7f0a7c9ea700 1 -- 172.21.15.69:0/4254271220 --> [v2:172.21.15.69:3300/0,v1:172.21.15.69:6789/0] -- mon_command({"prefix": "get_command_descriptions"} v 0) -- 0x7f0a78063980 con 0x7f0a781088a0
2024-05-09T09:08:55.085 INFO:teuthology.orchestra.run.smithi069.stdout:/usr/bin/ceph: stderr
2024-05-09T09:08:54.327+0000 7f0a677fe700 1 -- 172.21.15.69:0/4254271220 <== mon.0 v2:172.21.15.69:3300/0 5 ==== osd_map(1..1 src has 1..1) ==== 725+0+0 (secure 0 0 0) 0x7f0a6c04d590 con 0x7f0a781088a0
2024-05-09T09:08:55.085 INFO:teuthology.orchestra.run.smithi069.stdout:/usr/bin/ceph: stderr
2024-05-09T09:08:54.327+0000 7f0a75d9b700 1 --2- 172.21.15.69:0/4254271220 >> [v2:172.21.15.69:6800/2869747387,v1:172.21.15.69:6801/2869747387] conn(0x7f0a60038fb0 0x7f0a6003b470 unknown :-1 s=BANNER_CONNECTING pgs=0 cs=0 l=1 rev1=0 crypto rx=0 tx=0 comp rx=0 tx=0)._handle_peer_banner_payload supported=3 required=0
2024-05-09T09:08:55.085 INFO:teuthology.orchestra.run.smithi069.stdout:/usr/bin/ceph: stderr
2024-05-09T09:08:54.328+0000 7f0a75d9b700 1 --2- 172.21.15.69:0/4254271220 >> [v2:172.21.15.69:6800/2869747387,v1:172.21.15.69:6801/2869747387] conn(0x7f0a60038fb0 0x7f0a6003b470 secure :-1 s=READY pgs=7 cs=0 l=1 rev1=1 crypto rx=0x7f0a68006fd0 tx=0x7f0a68006e40 comp rx=0 tx=0).ready entity=mgr.14100 client_cookie=0 server_cookie=0 in_seq=0 out_seq=0
2024-05-09T09:08:55.085 INFO:teuthology.orchestra.run.smithi069.stdout:/usr/bin/ceph: stderr
2024-05-09T09:08:54.332+0000 7f0a677fe700 1 -- 172.21.15.69:0/4254271220 <== mon.0 v2:172.21.15.69:3300/0 6 ==== mon_command_ack([{"prefix": "get_command_descriptions"}]=0 v0) ==== 72+0+186147 (secure 0 0 0) 0x7f0a6c019c70 con 0x7f0a781088a0
2024-05-09T09:08:55.086 INFO:teuthology.orchestra.run.smithi069.stdout:/usr/bin/ceph: stderr
2024-05-09T09:08:54.523+0000 7f0a7c9ea700 1 -- 172.21.15.69:0/4254271220 --> [v2:172.21.15.69:3300/0,v1:172.21.15.69:6789/0] -- mon_command({"prefix": "config assimilate-conf"} v 0) -- 0x7f0a7819f340 con 0x7f0a781088a0
2024-05-09T09:08:55.086 INFO:teuthology.orchestra.run.smithi069.stdout:/usr/bin/ceph: stderr
2024-05-09T09:08:54.524+0000 7f0a677fe700 1 -- 172.21.15.69:0/4254271220 <== mon.0 v2:172.21.15.69:3300/0 7 ==== mon_command_ack([{"prefix": "config assimilate-conf"}]=0 v3) ==== 70+0+373 (secure 0 0 0) 0x7f0a6c032190 con 0x7f0a781088a0
2024-05-09T09:08:55.086 INFO:teuthology.orchestra.run.smithi069.stdout:/usr/bin/ceph: stderr
2024-05-09T09:08:54.526+0000 7f0a7c9ea700 1 -- 172.21.15.69:0/4254271220 >> [v2:172.21.15.69:6800/2869747387,v1:172.21.15.69:6801/2869747387] conn(0x7f0a60038fb0 msgr2=0x7f0a6003b470 secure :-1 s=STATE_CONNECTION_ESTABLISHED l=1).mark_down
2024-05-09T09:08:55.086 INFO:teuthology.orchestra.run.smithi069.stdout:/usr/bin/ceph: stderr
2024-05-09T09:08:54.526+0000 7f0a7c9ea700 1 --2- 172.21.15.69:0/4254271220 >> [v2:172.21.15.69:6800/2869747387,v1:172.21.15.69:6801/2869747387] conn(0x7f0a60038fb0 0x7f0a6003b470 secure :-1 s=READY pgs=7 cs=0 l=1 rev1=1 crypto rx=0x7f0a68006fd0 tx=0x7f0a68006e40 comp rx=0 tx=0).stop
2024-05-09T09:08:55.086 INFO:teuthology.orchestra.run.smithi069.stdout:/usr/bin/ceph: stderr
2024-05-09T09:08:54.526+0000 7f0a7c9ea700 1 -- 172.21.15.69:0/4254271220 >> [v2:172.21.15.69:3300/0,v1:172.21.15.69:6789/0] conn(0x7f0a781088a0 msgr2=0x7f0a7819bcb0 secure :-1 s=STATE_CONNECTION_ESTABLISHED l=1).mark_down
2024-05-09T09:08:55.086 INFO:teuthology.orchestra.run.smithi069.stdout:/usr/bin/ceph: stderr
2024-05-09T09:08:54.526+0000 7f0a7c9ea700 1 --2- 172.21.15.69:0/4254271220 >> [v2:172.21.15.69:3300/0,v1:172.21.15.69:6789/0] conn(0x7f0a781088a0 0x7f0a7819bcb0 secure :-1 s=READY pgs=21 cs=0 l=1 rev1=1 crypto rx=0x7f0a6c011670 tx=0x7f0a6c011b60 comp rx=0 tx=0).stop
2024-05-09T09:08:55.086 INFO:teuthology.orchestra.run.smithi069.stdout:/usr/bin/ceph: stderr
2024-05-09T09:08:54.526+0000 7f0a7c9ea700 1 -- 172.21.15.69:0/4254271220 shutdown_connections
2024-05-09T09:08:55.086 INFO:teuthology.orchestra.run.smithi069.stdout:/usr/bin/ceph: stderr
2024-05-09T09:08:54.526+0000 7f0a7c9ea700 1 --2- 172.21.15.69:0/4254271220 >> [v2:172.21.15.69:6800/2869747387,v1:172.21.15.69:6801/2869747387] conn(0x7f0a60038fb0 0x7f0a6003b470 unknown :-1 s=CLOSED pgs=7 cs=0 l=1 rev1=1 crypto rx=0 tx=0 comp rx=0 tx=0).stop
2024-05-09T09:08:55.086 INFO:teuthology.orchestra.run.smithi069.stdout:/usr/bin/ceph: stderr
2024-05-09T09:08:54.526+0000 7f0a7c9ea700 1 --2- 172.21.15.69:0/4254271220 >> [v2:172.21.15.69:3300/0,v1:172.21.15.69:6789/0] conn(0x7f0a781088a0 0x7f0a7819bcb0 unknown :-1 s=CLOSED pgs=21 cs=0 l=1 rev1=1 crypto rx=0 tx=0 comp rx=0 tx=0).stop
2024-05-09T09:08:55.086 INFO:teuthology.orchestra.run.smithi069.stdout:/usr/bin/ceph: stderr
2024-05-09T09:08:54.526+0000 7f0a7c9ea700 1 -- 172.21.15.69:0/4254271220 >> 172.21.15.69:0/4254271220 conn(0x7f0a78102350 msgr2=0x7f0a78102e40 unknown :-1 s=STATE_NONE l=0).mark_down
2024-05-09T09:08:55.086 INFO:teuthology.orchestra.run.smithi069.stdout:/usr/bin/ceph: stderr
2024-05-09T09:08:54.526+0000 7f0a7c9ea700 1 -- 172.21.15.69:0/4254271220 shutdown_connections
2024-05-09T09:08:55.086 INFO:teuthology.orchestra.run.smithi069.stdout:/usr/bin/ceph: stderr
2024-05-09T09:08:54.526+0000 7f0a7c9ea700 1 -- 172.21.15.69:0/4254271220 wait complete.
2024-05-09T09:08:55.086 INFO:teuthology.orchestra.run.smithi069.stdout:Enabling cephadm module...
2024-05-09T09:08:55.375 INFO:journalctl@ceph.mon.a.smithi069.stdout:May 09 09:08:55 smithi069 ceph-mon[30123]: from='client.? 172.21.15.69:0/4254271220' entity='client.admin' cmd=[{"prefix": "config assimilate-conf"}]: dispatch
2024-05-09T09:08:56.420 INFO:journalctl@ceph.mon.a.smithi069.stdout:May 09 09:08:56 smithi069 ceph-mon[30123]: from='client.? 172.21.15.69:0/899322350' entity='client.admin' cmd=[{"prefix": "mgr module enable", "module": "cephadm"}]: dispatch
2024-05-09T09:08:56.420 INFO:journalctl@ceph.mgr.x.smithi069.stdout:May 09 09:08:56 smithi069 ceph-8e3a7b52-0de3-11ef-bc98-c7b262605968-mgr-x[30352]: ignoring --setuser ceph since I am not root
2024-05-09T09:08:56.420 INFO:journalctl@ceph.mgr.x.smithi069.stdout:May 09 09:08:56 smithi069 ceph-8e3a7b52-0de3-11ef-bc98-c7b262605968-mgr-x[30352]: ignoring --setgroup ceph since I am not root
2024-05-09T09:08:56.420 INFO:journalctl@ceph.mgr.x.smithi069.stdout:May 09 09:08:56 smithi069 ceph-8e3a7b52-0de3-11ef-bc98-c7b262605968-mgr-x[30352]:
2024-05-09T09:08:56.300+0000 7f385e057200 -1 mgr[py] Module balancer has missing NOTIFY_TYPES member
2024-05-09T09:08:56.687 INFO:journalctl@ceph.mgr.x.smithi069.stdout:May 09 09:08:56 smithi069 ceph-8e3a7b52-0de3-11ef-bc98-c7b262605968-mgr-x[30352]:
2024-05-09T09:08:56.489+0000 7f385e057200 -1 mgr[py] Module orchestrator has missing NOTIFY_TYPES member
2024-05-09T09:08:56.687 INFO:journalctl@ceph.mgr.x.smithi069.stdout:May 09 09:08:56 smithi069 ceph-8e3a7b52-0de3-11ef-bc98-c7b262605968-mgr-x[30352]:
2024-05-09T09:08:56.591+0000 7f385e057200 -1 mgr[py] Module snap_schedule has missing NOTIFY_TYPES member
2024-05-09T09:08:56.694 INFO:teuthology.orchestra.run.smithi069.stdout:/usr/bin/ceph: stderr
2024-05-09T09:08:55.478+0000 7f9af7e2d700 1 Processor -- start
2024-05-09T09:08:56.694 INFO:teuthology.orchestra.run.smithi069.stdout:/usr/bin/ceph: stderr
2024-05-09T09:08:55.478+0000 7f9af7e2d700 1 -- start start
2024-05-09T09:08:56.694 INFO:teuthology.orchestra.run.smithi069.stdout:/usr/bin/ceph: stderr
2024-05-09T09:08:55.478+0000 7f9af7e2d700 1 --2- >> [v2:172.21.15.69:3300/0,v1:172.21.15.69:6789/0] conn(0x7f9af0107dd0 0x7f9af01081f0 unknown :-1 s=NONE pgs=0 cs=0 l=0 rev1=0 crypto rx=0 tx=0 comp rx=0 tx=0).connect
2024-05-09T09:08:56.694 INFO:teuthology.orchestra.run.smithi069.stdout:/usr/bin/ceph: stderr
2024-05-09T09:08:55.478+0000 7f9af7e2d700 1 -- --> [v2:172.21.15.69:3300/0,v1:172.21.15.69:6789/0] -- mon_getmap magic: 0 -- 0x7f9af01087c0 con 0x7f9af0107dd0
2024-05-09T09:08:56.694 INFO:teuthology.orchestra.run.smithi069.stdout:/usr/bin/ceph: stderr
2024-05-09T09:08:55.478+0000 7f9af5bc9700 1 --2- >> [v2:172.21.15.69:3300/0,v1:172.21.15.69:6789/0] conn(0x7f9af0107dd0 0x7f9af01081f0 unknown :-1 s=BANNER_CONNECTING pgs=0 cs=0 l=0 rev1=0 crypto rx=0 tx=0 comp rx=0 tx=0)._handle_peer_banner_payload supported=3 required=0
2024-05-09T09:08:56.695 INFO:teuthology.orchestra.run.smithi069.stdout:/usr/bin/ceph: stderr
2024-05-09T09:08:55.478+0000 7f9af5bc9700 1 --2- >> [v2:172.21.15.69:3300/0,v1:172.21.15.69:6789/0] conn(0x7f9af0107dd0 0x7f9af01081f0 unknown :-1 s=HELLO_CONNECTING pgs=0 cs=0 l=0 rev1=1 crypto rx=0 tx=0 comp rx=0 tx=0).handle_hello peer v2:172.21.15.69:3300/0 says I am v2:172.21.15.69:57894/0 (socket says 172.21.15.69:57894)
2024-05-09T09:08:56.695 INFO:teuthology.orchestra.run.smithi069.stdout:/usr/bin/ceph: stderr
2024-05-09T09:08:55.478+0000 7f9af5bc9700 1 -- 172.21.15.69:0/3849669833 learned_addr learned my addr 172.21.15.69:0/3849669833 (peer_addr_for_me v2:172.21.15.69:0/0)
2024-05-09T09:08:56.695 INFO:teuthology.orchestra.run.smithi069.stdout:/usr/bin/ceph: stderr
2024-05-09T09:08:55.479+0000 7f9af5bc9700 1 -- 172.21.15.69:0/3849669833 --> [v2:172.21.15.69:3300/0,v1:172.21.15.69:6789/0] -- mon_subscribe({config=0+,monmap=0+}) -- 0x7f9af0108fd0 con 0x7f9af0107dd0
2024-05-09T09:08:56.695 INFO:teuthology.orchestra.run.smithi069.stdout:/usr/bin/ceph: stderr
2024-05-09T09:08:55.479+0000 7f9af5bc9700 1 --2- 172.21.15.69:0/3849669833 >> [v2:172.21.15.69:3300/0,v1:172.21.15.69:6789/0] conn(0x7f9af0107dd0 0x7f9af01081f0 secure :-1 s=READY pgs=22 cs=0 l=1 rev1=1 crypto rx=0x7f9aec0098a0 tx=0x7f9aec009bb0 comp rx=0 tx=0).ready entity=mon.0 client_cookie=2a54d23aa4196321 server_cookie=0 in_seq=0 out_seq=0
2024-05-09T09:08:56.695 INFO:teuthology.orchestra.run.smithi069.stdout:/usr/bin/ceph: stderr
2024-05-09T09:08:55.479+0000 7f9af4bc7700 1 -- 172.21.15.69:0/3849669833 <== mon.0 v2:172.21.15.69:3300/0 1 ==== mon_map magic: 0 ==== 205+0+0 (secure 0 0 0) 0x7f9aec004160 con 0x7f9af0107dd0
2024-05-09T09:08:56.695 INFO:teuthology.orchestra.run.smithi069.stdout:/usr/bin/ceph: stderr
2024-05-09T09:08:55.479+0000 7f9af4bc7700 1 -- 172.21.15.69:0/3849669833 <== mon.0 v2:172.21.15.69:3300/0 2 ==== config(27 keys) ==== 1109+0+0 (secure 0 0 0) 0x7f9aec004300 con 0x7f9af0107dd0
2024-05-09T09:08:56.695 INFO:teuthology.orchestra.run.smithi069.stdout:/usr/bin/ceph: stderr
2024-05-09T09:08:55.479+0000 7f9af4bc7700 1 -- 172.21.15.69:0/3849669833 <== mon.0 v2:172.21.15.69:3300/0 3 ==== mon_map magic: 0 ==== 205+0+0 (secure 0 0 0) 0x7f9aec011b50 con 0x7f9af0107dd0
2024-05-09T09:08:56.695 INFO:teuthology.orchestra.run.smithi069.stdout:/usr/bin/ceph: stderr
2024-05-09T09:08:55.479+0000 7f9af7e2d700 1 -- 172.21.15.69:0/3849669833 >> [v2:172.21.15.69:3300/0,v1:172.21.15.69:6789/0] conn(0x7f9af0107dd0 msgr2=0x7f9af01081f0 secure :-1 s=STATE_CONNECTION_ESTABLISHED l=1).mark_down
2024-05-09T09:08:56.695 INFO:teuthology.orchestra.run.smithi069.stdout:/usr/bin/ceph: stderr
2024-05-09T09:08:55.479+0000 7f9af7e2d700 1 --2- 172.21.15.69:0/3849669833 >> [v2:172.21.15.69:3300/0,v1:172.21.15.69:6789/0] conn(0x7f9af0107dd0 0x7f9af01081f0 secure :-1 s=READY pgs=22 cs=0 l=1 rev1=1 crypto rx=0x7f9aec0098a0 tx=0x7f9aec009bb0 comp rx=0 tx=0).stop
2024-05-09T09:08:56.695 INFO:teuthology.orchestra.run.smithi069.stdout:/usr/bin/ceph: stderr
2024-05-09T09:08:55.480+0000 7f9af7e2d700 1 -- 172.21.15.69:0/3849669833 shutdown_connections
2024-05-09T09:08:56.695 INFO:teuthology.orchestra.run.smithi069.stdout:/usr/bin/ceph: stderr
2024-05-09T09:08:55.480+0000 7f9af7e2d700 1 --2- 172.21.15.69:0/3849669833 >> [v2:172.21.15.69:3300/0,v1:172.21.15.69:6789/0] conn(0x7f9af0107dd0 0x7f9af01081f0 unknown :-1 s=CLOSED pgs=22 cs=0 l=1 rev1=1 crypto rx=0 tx=0 comp rx=0 tx=0).stop
2024-05-09T09:08:56.695 INFO:teuthology.orchestra.run.smithi069.stdout:/usr/bin/ceph: stderr
2024-05-09T09:08:55.480+0000 7f9af7e2d700 1 -- 172.21.15.69:0/3849669833 >> 172.21.15.69:0/3849669833 conn(0x7f9af01033b0 msgr2=0x7f9af01057d0 unknown :-1 s=STATE_NONE l=0).mark_down
2024-05-09T09:08:56.695 INFO:teuthology.orchestra.run.smithi069.stdout:/usr/bin/ceph: stderr
2024-05-09T09:08:55.480+0000 7f9af7e2d700 1 -- 172.21.15.69:0/3849669833 shutdown_connections
2024-05-09T09:08:56.695 INFO:teuthology.orchestra.run.smithi069.stdout:/usr/bin/ceph: stderr
2024-05-09T09:08:55.480+0000 7f9af7e2d700 1 -- 172.21.15.69:0/3849669833 wait complete.
2024-05-09T09:08:56.696 INFO:teuthology.orchestra.run.smithi069.stdout:/usr/bin/ceph: stderr
2024-05-09T09:08:55.480+0000 7f9af7e2d700 1 Processor -- start
2024-05-09T09:08:56.696 INFO:teuthology.orchestra.run.smithi069.stdout:/usr/bin/ceph: stderr
2024-05-09T09:08:55.480+0000 7f9af7e2d700 1 -- start start
2024-05-09T09:08:56.696 INFO:teuthology.orchestra.run.smithi069.stdout:/usr/bin/ceph: stderr
2024-05-09T09:08:55.480+0000 7f9af7e2d700 1 --2- >> [v2:172.21.15.69:3300/0,v1:172.21.15.69:6789/0] conn(0x7f9af0107dd0 0x7f9af019bd30 unknown :-1 s=NONE pgs=0 cs=0 l=1 rev1=0 crypto rx=0 tx=0 comp rx=0 tx=0).connect
2024-05-09T09:08:56.696 INFO:teuthology.orchestra.run.smithi069.stdout:/usr/bin/ceph: stderr
2024-05-09T09:08:55.480+0000 7f9af7e2d700 1 -- --> [v2:172.21.15.69:3300/0,v1:172.21.15.69:6789/0] -- mon_getmap magic: 0 -- 0x7f9af010c380 con 0x7f9af0107dd0
2024-05-09T09:08:56.696 INFO:teuthology.orchestra.run.smithi069.stdout:/usr/bin/ceph: stderr
2024-05-09T09:08:55.481+0000 7f9af5bc9700 1 --2- >> [v2:172.21.15.69:3300/0,v1:172.21.15.69:6789/0] conn(0x7f9af0107dd0 0x7f9af019bd30 unknown :-1 s=BANNER_CONNECTING pgs=0 cs=0 l=1 rev1=0 crypto rx=0 tx=0 comp rx=0 tx=0)._handle_peer_banner_payload supported=3 required=0
2024-05-09T09:08:56.696 INFO:teuthology.orchestra.run.smithi069.stdout:/usr/bin/ceph: stderr
2024-05-09T09:08:55.481+0000 7f9af5bc9700 1 --2- >> [v2:172.21.15.69:3300/0,v1:172.21.15.69:6789/0] conn(0x7f9af0107dd0 0x7f9af019bd30 unknown :-1 s=HELLO_CONNECTING pgs=0 cs=0 l=1 rev1=1 crypto rx=0 tx=0 comp rx=0 tx=0).handle_hello peer v2:172.21.15.69:3300/0 says I am v2:172.21.15.69:57900/0 (socket says 172.21.15.69:57900)
2024-05-09T09:08:56.696 INFO:teuthology.orchestra.run.smithi069.stdout:/usr/bin/ceph: stderr
2024-05-09T09:08:55.481+0000 7f9af5bc9700 1 -- 172.21.15.69:0/899322350 learned_addr learned my addr 172.21.15.69:0/899322350 (peer_addr_for_me v2:172.21.15.69:0/0)
2024-05-09T09:08:56.696 INFO:teuthology.orchestra.run.smithi069.stdout:/usr/bin/ceph: stderr
2024-05-09T09:08:55.481+0000 7f9af5bc9700 1 -- 172.21.15.69:0/899322350 --> [v2:172.21.15.69:3300/0,v1:172.21.15.69:6789/0] -- mon_subscribe({config=0+,monmap=0+}) -- 0x7f9af019c270 con 0x7f9af0107dd0
2024-05-09T09:08:56.696 INFO:teuthology.orchestra.run.smithi069.stdout:/usr/bin/ceph: stderr
2024-05-09T09:08:55.481+0000 7f9af5bc9700 1 --2- 172.21.15.69:0/899322350 >> [v2:172.21.15.69:3300/0,v1:172.21.15.69:6789/0] conn(0x7f9af0107dd0 0x7f9af019bd30 secure :-1 s=READY pgs=23 cs=0 l=1 rev1=1 crypto rx=0x7f9aec011670 tx=0x7f9aec011b60 comp rx=0 tx=0).ready entity=mon.0 client_cookie=0 server_cookie=0 in_seq=0 out_seq=0
2024-05-09T09:08:56.696 INFO:teuthology.orchestra.run.smithi069.stdout:/usr/bin/ceph: stderr
2024-05-09T09:08:55.481+0000 7f9ae6ffd700 1 -- 172.21.15.69:0/899322350 <== mon.0 v2:172.21.15.69:3300/0 1 ==== mon_map magic: 0 ==== 205+0+0 (secure 0 0 0) 0x7f9aec0039c0 con 0x7f9af0107dd0
2024-05-09T09:08:56.696 INFO:teuthology.orchestra.run.smithi069.stdout:/usr/bin/ceph: stderr
2024-05-09T09:08:55.481+0000 7f9ae6ffd700 1 -- 172.21.15.69:0/899322350 <== mon.0 v2:172.21.15.69:3300/0 2 ==== config(27 keys) ==== 1109+0+0 (secure 0 0 0) 0x7f9aec011e50 con 0x7f9af0107dd0
2024-05-09T09:08:56.696 INFO:teuthology.orchestra.run.smithi069.stdout:/usr/bin/ceph: stderr
2024-05-09T09:08:55.481+0000 7f9af7e2d700 1 -- 172.21.15.69:0/899322350 --> [v2:172.21.15.69:3300/0,v1:172.21.15.69:6789/0] -- mon_subscribe({mgrmap=0+}) -- 0x7f9af019c500 con 0x7f9af0107dd0
2024-05-09T09:08:56.696 INFO:teuthology.orchestra.run.smithi069.stdout:/usr/bin/ceph: stderr
2024-05-09T09:08:55.481+0000 7f9ae6ffd700 1 -- 172.21.15.69:0/899322350 <== mon.0 v2:172.21.15.69:3300/0 3 ==== mon_map magic: 0 ==== 205+0+0 (secure 0 0 0) 0x7f9aec01a5c0 con 0x7f9af0107dd0
2024-05-09T09:08:56.696 INFO:teuthology.orchestra.run.smithi069.stdout:/usr/bin/ceph: stderr
2024-05-09T09:08:55.481+0000 7f9af7e2d700 1 -- 172.21.15.69:0/899322350 --> [v2:172.21.15.69:3300/0,v1:172.21.15.69:6789/0] -- mon_subscribe({osdmap=0}) -- 0x7f9af019f1f0 con 0x7f9af0107dd0
2024-05-09T09:08:56.696 INFO:teuthology.orchestra.run.smithi069.stdout:/usr/bin/ceph: stderr
2024-05-09T09:08:55.482+0000 7f9af7e2d700 1 -- 172.21.15.69:0/899322350 --> [v2:172.21.15.69:3300/0,v1:172.21.15.69:6789/0] -- mon_command({"prefix": "get_command_descriptions"} v 0) -- 0x7f9af0063980 con 0x7f9af0107dd0
2024-05-09T09:08:56.697 INFO:teuthology.orchestra.run.smithi069.stdout:/usr/bin/ceph: stderr
2024-05-09T09:08:55.482+0000 7f9ae6ffd700 1 -- 172.21.15.69:0/899322350 <== mon.0 v2:172.21.15.69:3300/0 4 ==== mgrmap(e 4) ==== 46276+0+0 (secure 0 0 0) 0x7f9aec01a8c0 con 0x7f9af0107dd0
2024-05-09T09:08:56.697 INFO:teuthology.orchestra.run.smithi069.stdout:/usr/bin/ceph: stderr
2024-05-09T09:08:55.482+0000 7f9ae6ffd700 1 --2- 172.21.15.69:0/899322350 >> [v2:172.21.15.69:6800/2869747387,v1:172.21.15.69:6801/2869747387] conn(0x7f9adc038fb0 0x7f9adc03b470 unknown :-1 s=NONE pgs=0 cs=0 l=1 rev1=0 crypto rx=0 tx=0 comp rx=0 tx=0).connect
2024-05-09T09:08:56.697 INFO:teuthology.orchestra.run.smithi069.stdout:/usr/bin/ceph: stderr
2024-05-09T09:08:55.482+0000 7f9ae6ffd700 1 -- 172.21.15.69:0/899322350 <== mon.0 v2:172.21.15.69:3300/0 5 ==== osd_map(1..1 src has 1..1) ==== 725+0+0 (secure 0 0 0) 0x7f9aec04d450 con 0x7f9af0107dd0
2024-05-09T09:08:56.697 INFO:teuthology.orchestra.run.smithi069.stdout:/usr/bin/ceph: stderr
2024-05-09T09:08:55.482+0000 7f9af53c8700 1 --2- 172.21.15.69:0/899322350 >> [v2:172.21.15.69:6800/2869747387,v1:172.21.15.69:6801/2869747387] conn(0x7f9adc038fb0 0x7f9adc03b470 unknown :-1 s=BANNER_CONNECTING pgs=0 cs=0 l=1 rev1=0 crypto rx=0 tx=0 comp rx=0 tx=0)._handle_peer_banner_payload supported=3 required=0
2024-05-09T09:08:56.697 INFO:teuthology.orchestra.run.smithi069.stdout:/usr/bin/ceph: stderr
2024-05-09T09:08:55.483+0000 7f9af53c8700 1 --2- 172.21.15.69:0/899322350 >> [v2:172.21.15.69:6800/2869747387,v1:172.21.15.69:6801/2869747387] conn(0x7f9adc038fb0 0x7f9adc03b470 secure :-1 s=READY pgs=8 cs=0 l=1 rev1=1 crypto rx=0x7f9ae0006fd0 tx=0x7f9ae0006e40 comp rx=0 tx=0).ready entity=mgr.14100 client_cookie=0 server_cookie=0 in_seq=0 out_seq=0
2024-05-09T09:08:56.697 INFO:teuthology.orchestra.run.smithi069.stdout:/usr/bin/ceph: stderr
2024-05-09T09:08:55.487+0000 7f9ae6ffd700 1 -- 172.21.15.69:0/899322350 <== mon.0 v2:172.21.15.69:3300/0 6 ==== mon_command_ack([{"prefix": "get_command_descriptions"}]=0 v0) ==== 72+0+186147 (secure 0 0 0) 0x7f9aec019c70 con 0x7f9af0107dd0
2024-05-09T09:08:56.697 INFO:teuthology.orchestra.run.smithi069.stdout:/usr/bin/ceph: stderr
2024-05-09T09:08:55.737+0000 7f9af7e2d700 1 -- 172.21.15.69:0/899322350 --> [v2:172.21.15.69:3300/0,v1:172.21.15.69:6789/0] -- mon_command({"prefix": "mgr module enable", "module": "cephadm"} v 0) -- 0x7f9af019f830 con 0x7f9af0107dd0
2024-05-09T09:08:56.697 INFO:teuthology.orchestra.run.smithi069.stdout:/usr/bin/ceph: stderr
2024-05-09T09:08:56.132+0000 7f9ae6ffd700 1 -- 172.21.15.69:0/899322350 <== mon.0 v2:172.21.15.69:3300/0 7 ==== mon_command_ack([{"prefix": "mgr module enable", "module": "cephadm"}]=0 v5) ==== 86+0+0 (secure 0 0 0) 0x7f9aec02cc00 con 0x7f9af0107dd0
2024-05-09T09:08:56.697 INFO:teuthology.orchestra.run.smithi069.stdout:/usr/bin/ceph: stderr
2024-05-09T09:08:56.134+0000 7f9ae6ffd700 1 -- 172.21.15.69:0/899322350 <== mon.0 v2:172.21.15.69:3300/0 8 ==== mgrmap(e 5) ==== 46287+0+0 (secure 0 0 0) 0x7f9aec02d910 con 0x7f9af0107dd0
2024-05-09T09:08:56.697 INFO:teuthology.orchestra.run.smithi069.stdout:/usr/bin/ceph: stderr
2024-05-09T09:08:56.135+0000 7f9af7e2d700 1 -- 172.21.15.69:0/899322350 >> [v2:172.21.15.69:6800/2869747387,v1:172.21.15.69:6801/2869747387] conn(0x7f9adc038fb0 msgr2=0x7f9adc03b470 secure :-1 s=STATE_CONNECTION_ESTABLISHED l=1).mark_down
2024-05-09T09:08:56.697 INFO:teuthology.orchestra.run.smithi069.stdout:/usr/bin/ceph: stderr
2024-05-09T09:08:56.135+0000 7f9af7e2d700 1 --2- 172.21.15.69:0/899322350 >> [v2:172.21.15.69:6800/2869747387,v1:172.21.15.69:6801/2869747387] conn(0x7f9adc038fb0 0x7f9adc03b470 secure :-1 s=READY pgs=8 cs=0 l=1 rev1=1 crypto rx=0x7f9ae0006fd0 tx=0x7f9ae0006e40 comp rx=0 tx=0).stop
2024-05-09T09:08:56.697 INFO:teuthology.orchestra.run.smithi069.stdout:/usr/bin/ceph: stderr
2024-05-09T09:08:56.135+0000 7f9af7e2d700 1 -- 172.21.15.69:0/899322350 >> [v2:172.21.15.69:3300/0,v1:172.21.15.69:6789/0] conn(0x7f9af0107dd0 msgr2=0x7f9af019bd30 secure :-1 s=STATE_CONNECTION_ESTABLISHED l=1).mark_down
2024-05-09T09:08:56.697 INFO:teuthology.orchestra.run.smithi069.stdout:/usr/bin/ceph: stderr
2024-05-09T09:08:56.135+0000 7f9af7e2d700 1 --2- 172.21.15.69:0/899322350 >> [v2:172.21.15.69:3300/0,v1:172.21.15.69:6789/0] conn(0x7f9af0107dd0 0x7f9af019bd30 secure :-1 s=READY pgs=23 cs=0 l=1 rev1=1 crypto rx=0x7f9aec011670 tx=0x7f9aec011b60 comp rx=0 tx=0).stop
2024-05-09T09:08:56.697 INFO:teuthology.orchestra.run.smithi069.stdout:/usr/bin/ceph: stderr
2024-05-09T09:08:56.135+0000 7f9af7e2d700 1 -- 172.21.15.69:0/899322350 shutdown_connections
2024-05-09T09:08:56.698 INFO:teuthology.orchestra.run.smithi069.stdout:/usr/bin/ceph: stderr
2024-05-09T09:08:56.135+0000 7f9af7e2d700 1 --2- 172.21.15.69:0/899322350 >> [v2:172.21.15.69:6800/2869747387,v1:172.21.15.69:6801/2869747387] conn(0x7f9adc038fb0 0x7f9adc03b470 unknown :-1 s=CLOSED pgs=8 cs=0 l=1 rev1=1 crypto rx=0 tx=0 comp rx=0 tx=0).stop
2024-05-09T09:08:56.698 INFO:teuthology.orchestra.run.smithi069.stdout:/usr/bin/ceph: stderr
2024-05-09T09:08:56.135+0000 7f9af7e2d700 1 --2- 172.21.15.69:0/899322350 >> [v2:172.21.15.69:3300/0,v1:172.21.15.69:6789/0] conn(0x7f9af0107dd0 0x7f9af019bd30 unknown :-1 s=CLOSED pgs=23 cs=0 l=1 rev1=1 crypto rx=0 tx=0 comp rx=0 tx=0).stop
2024-05-09T09:08:56.698 INFO:teuthology.orchestra.run.smithi069.stdout:/usr/bin/ceph: stderr
2024-05-09T09:08:56.135+0000 7f9af7e2d700 1 -- 172.21.15.69:0/899322350 >> 172.21.15.69:0/899322350 conn(0x7f9af01033b0 msgr2=0x7f9af0103f10 unknown :-1 s=STATE_NONE l=0).mark_down
2024-05-09T09:08:56.698 INFO:teuthology.orchestra.run.smithi069.stdout:/usr/bin/ceph: stderr
2024-05-09T09:08:56.135+0000 7f9af7e2d700 1 -- 172.21.15.69:0/899322350 shutdown_connections
2024-05-09T09:08:56.698 INFO:teuthology.orchestra.run.smithi069.stdout:/usr/bin/ceph: stderr
2024-05-09T09:08:56.135+0000 7f9af7e2d700 1 -- 172.21.15.69:0/899322350 wait complete.
2024-05-09T09:08:56.994 INFO:journalctl@ceph.mgr.x.smithi069.stdout:May 09 09:08:56 smithi069 ceph-8e3a7b52-0de3-11ef-bc98-c7b262605968-mgr-x[30352]:
2024-05-09T09:08:56.909+0000 7f385e057200 -1 mgr[py] Module progress has missing NOTIFY_TYPES member
2024-05-09T09:08:56.994 INFO:journalctl@ceph.mgr.x.smithi069.stdout:May 09 09:08:56 smithi069 ceph-8e3a7b52-0de3-11ef-bc98-c7b262605968-mgr-x[30352]:
2024-05-09T09:08:56.995+0000 7f385e057200 -1 mgr[py] Module influx has missing NOTIFY_TYPES member
2024-05-09T09:08:57.259 INFO:journalctl@ceph.mon.a.smithi069.stdout:May 09 09:08:57 smithi069 ceph-mon[30123]: from='client.? 172.21.15.69:0/899322350' entity='client.admin' cmd='[{"prefix": "mgr module enable", "module": "cephadm"}]': finished
2024-05-09T09:08:57.259 INFO:journalctl@ceph.mon.a.smithi069.stdout:May 09 09:08:57 smithi069 ceph-mon[30123]: mgrmap e5: x(active, since 6s)
2024-05-09T09:08:57.970 INFO:teuthology.orchestra.run.smithi069.stdout:/usr/bin/ceph: stdout {
2024-05-09T09:08:57.970 INFO:teuthology.orchestra.run.smithi069.stdout:/usr/bin/ceph: stdout "epoch": 5,
2024-05-09T09:08:57.971 INFO:teuthology.orchestra.run.smithi069.stdout:/usr/bin/ceph: stdout "available": true,
2024-05-09T09:08:57.971 INFO:teuthology.orchestra.run.smithi069.stdout:/usr/bin/ceph: stdout "active_name": "x",
2024-05-09T09:08:57.971 INFO:teuthology.orchestra.run.smithi069.stdout:/usr/bin/ceph: stdout "num_standby": 0
2024-05-09T09:08:57.971 INFO:teuthology.orchestra.run.smithi069.stdout:/usr/bin/ceph: stdout }
2024-05-09T09:08:57.971 INFO:teuthology.orchestra.run.smithi069.stdout:/usr/bin/ceph: stderr
2024-05-09T09:08:57.109+0000 7f02070fa700 1 Processor -- start
2024-05-09T09:08:57.971 INFO:teuthology.orchestra.run.smithi069.stdout:/usr/bin/ceph: stderr
2024-05-09T09:08:57.109+0000 7f02070fa700 1 -- start start
2024-05-09T09:08:57.971 INFO:teuthology.orchestra.run.smithi069.stdout:/usr/bin/ceph: stderr
2024-05-09T09:08:57.109+0000 7f02070fa700 1 --2- >> [v2:172.21.15.69:3300/0,v1:172.21.15.69:6789/0] conn(0x7f0200108810 0x7f020010ac00 unknown :-1 s=NONE pgs=0 cs=0 l=0 rev1=0 crypto rx=0 tx=0 comp rx=0 tx=0).connect
2024-05-09T09:08:57.971 INFO:teuthology.orchestra.run.smithi069.stdout:/usr/bin/ceph: stderr
2024-05-09T09:08:57.109+0000 7f02070fa700 1 -- --> [v2:172.21.15.69:3300/0,v1:172.21.15.69:6789/0] -- mon_getmap magic: 0 -- 0x7f020007c6f0 con 0x7f0200108810
2024-05-09T09:08:57.971 INFO:teuthology.orchestra.run.smithi069.stdout:/usr/bin/ceph: stderr
2024-05-09T09:08:57.109+0000 7f0204e96700 1 --2- >> [v2:172.21.15.69:3300/0,v1:172.21.15.69:6789/0] conn(0x7f0200108810 0x7f020010ac00 unknown :-1 s=BANNER_CONNECTING pgs=0 cs=0 l=0 rev1=0 crypto rx=0 tx=0 comp rx=0 tx=0)._handle_peer_banner_payload supported=3 required=0
2024-05-09T09:08:57.972 INFO:teuthology.orchestra.run.smithi069.stdout:/usr/bin/ceph: stderr
2024-05-09T09:08:57.109+0000 7f0204e96700 1 --2- >> [v2:172.21.15.69:3300/0,v1:172.21.15.69:6789/0] conn(0x7f0200108810 0x7f020010ac00 unknown :-1 s=HELLO_CONNECTING pgs=0 cs=0 l=0 rev1=1 crypto rx=0 tx=0 comp rx=0 tx=0).handle_hello peer v2:172.21.15.69:3300/0 says I am v2:172.21.15.69:57924/0 (socket says 172.21.15.69:57924)
2024-05-09T09:08:57.972 INFO:teuthology.orchestra.run.smithi069.stdout:/usr/bin/ceph: stderr
2024-05-09T09:08:57.109+0000 7f0204e96700 1 -- 172.21.15.69:0/3338446324 learned_addr learned my addr 172.21.15.69:0/3338446324 (peer_addr_for_me v2:172.21.15.69:0/0)
2024-05-09T09:08:57.972 INFO:teuthology.orchestra.run.smithi069.stdout:/usr/bin/ceph: stderr
2024-05-09T09:08:57.110+0000 7f0204e96700 1 -- 172.21.15.69:0/3338446324 --> [v2:172.21.15.69:3300/0,v1:172.21.15.69:6789/0] -- mon_subscribe({config=0+,monmap=0+}) -- 0x7f020010b140 con 0x7f0200108810
2024-05-09T09:08:57.972 INFO:teuthology.orchestra.run.smithi069.stdout:/usr/bin/ceph: stderr
2024-05-09T09:08:57.110+0000 7f0204e96700 1 --2- 172.21.15.69:0/3338446324 >> [v2:172.21.15.69:3300/0,v1:172.21.15.69:6789/0] conn(0x7f0200108810 0x7f020010ac00 secure :-1 s=READY pgs=26 cs=0 l=1 rev1=1 crypto rx=0x7f01fc0098a0 tx=0x7f01fc009bb0 comp rx=0 tx=0).ready entity=mon.0 client_cookie=e2bb8492ff0f4633 server_cookie=0 in_seq=0 out_seq=0
2024-05-09T09:08:57.972 INFO:teuthology.orchestra.run.smithi069.stdout:/usr/bin/ceph: stderr
2024-05-09T09:08:57.110+0000 7f01f77fe700 1 -- 172.21.15.69:0/3338446324 <== mon.0 v2:172.21.15.69:3300/0 1 ==== mon_map magic: 0 ==== 205+0+0 (secure 0 0 0) 0x7f01fc004160 con 0x7f0200108810
2024-05-09T09:08:57.972 INFO:teuthology.orchestra.run.smithi069.stdout:/usr/bin/ceph: stderr
2024-05-09T09:08:57.110+0000 7f01f77fe700 1 -- 172.21.15.69:0/3338446324 <== mon.0 v2:172.21.15.69:3300/0 2 ==== config(27 keys) ==== 1109+0+0 (secure 0 0 0) 0x7f01fc004300 con 0x7f0200108810
2024-05-09T09:08:57.972 INFO:teuthology.orchestra.run.smithi069.stdout:/usr/bin/ceph: stderr
2024-05-09T09:08:57.110+0000 7f01f77fe700 1 -- 172.21.15.69:0/3338446324 <== mon.0 v2:172.21.15.69:3300/0 3 ==== mon_map magic: 0 ==== 205+0+0 (secure 0 0 0) 0x7f01fc011b50 con 0x7f0200108810
2024-05-09T09:08:57.972 INFO:teuthology.orchestra.run.smithi069.stdout:/usr/bin/ceph: stderr
2024-05-09T09:08:57.111+0000 7f02070fa700 1 -- 172.21.15.69:0/3338446324 >> [v2:172.21.15.69:3300/0,v1:172.21.15.69:6789/0] conn(0x7f0200108810 msgr2=0x7f020010ac00 secure :-1 s=STATE_CONNECTION_ESTABLISHED l=1).mark_down
2024-05-09T09:08:57.972 INFO:teuthology.orchestra.run.smithi069.stdout:/usr/bin/ceph: stderr
2024-05-09T09:08:57.111+0000 7f02070fa700 1 --2- 172.21.15.69:0/3338446324 >> [v2:172.21.15.69:3300/0,v1:172.21.15.69:6789/0] conn(0x7f0200108810 0x7f020010ac00 secure :-1 s=READY pgs=26 cs=0 l=1 rev1=1 crypto rx=0x7f01fc0098a0 tx=0x7f01fc009bb0 comp rx=0 tx=0).stop
2024-05-09T09:08:57.972 INFO:teuthology.orchestra.run.smithi069.stdout:/usr/bin/ceph: stderr
2024-05-09T09:08:57.111+0000 7f02070fa700 1 -- 172.21.15.69:0/3338446324 shutdown_connections
2024-05-09T09:08:57.973 INFO:teuthology.orchestra.run.smithi069.stdout:/usr/bin/ceph: stderr
2024-05-09T09:08:57.111+0000 7f02070fa700 1 --2- 172.21.15.69:0/3338446324 >> [v2:172.21.15.69:3300/0,v1:172.21.15.69:6789/0] conn(0x7f0200108810 0x7f020010ac00 unknown :-1 s=CLOSED pgs=26 cs=0 l=1 rev1=1 crypto rx=0 tx=0 comp rx=0 tx=0).stop
2024-05-09T09:08:57.973 INFO:teuthology.orchestra.run.smithi069.stdout:/usr/bin/ceph: stderr
2024-05-09T09:08:57.111+0000 7f02070fa700 1 -- 172.21.15.69:0/3338446324 >> 172.21.15.69:0/3338446324 conn(0x7f0200102200 msgr2=0x7f0200104640 unknown :-1 s=STATE_NONE l=0).mark_down
2024-05-09T09:08:57.973 INFO:teuthology.orchestra.run.smithi069.stdout:/usr/bin/ceph: stderr
2024-05-09T09:08:57.111+0000 7f02070fa700 1 -- 172.21.15.69:0/3338446324 shutdown_connections
2024-05-09T09:08:57.973 INFO:teuthology.orchestra.run.smithi069.stdout:/usr/bin/ceph: stderr
2024-05-09T09:08:57.111+0000 7f02070fa700 1 -- 172.21.15.69:0/3338446324 wait complete.
2024-05-09T09:08:57.974 INFO:teuthology.orchestra.run.smithi069.stdout:/usr/bin/ceph: stderr
2024-05-09T09:08:57.111+0000 7f02070fa700 1 Processor -- start
2024-05-09T09:08:57.974 INFO:teuthology.orchestra.run.smithi069.stdout:/usr/bin/ceph: stderr
2024-05-09T09:08:57.111+0000 7f02070fa700 1 -- start start
2024-05-09T09:08:57.974 INFO:teuthology.orchestra.run.smithi069.stdout:/usr/bin/ceph: stderr
2024-05-09T09:08:57.111+0000 7f02070fa700 1 --2- >> [v2:172.21.15.69:3300/0,v1:172.21.15.69:6789/0] conn(0x7f0200108810 0x7f0200108040 unknown :-1 s=NONE pgs=0 cs=0 l=1 rev1=0 crypto rx=0 tx=0 comp rx=0 tx=0).connect
2024-05-09T09:08:57.974 INFO:teuthology.orchestra.run.smithi069.stdout:/usr/bin/ceph: stderr
2024-05-09T09:08:57.111+0000 7f02070fa700 1 -- --> [v2:172.21.15.69:3300/0,v1:172.21.15.69:6789/0] -- mon_getmap magic: 0 -- 0x7f020010c0f0 con 0x7f0200108810
2024-05-09T09:08:57.974 INFO:teuthology.orchestra.run.smithi069.stdout:/usr/bin/ceph: stderr
2024-05-09T09:08:57.112+0000 7f0204e96700 1 --2- >> [v2:172.21.15.69:3300/0,v1:172.21.15.69:6789/0] conn(0x7f0200108810 0x7f0200108040 unknown :-1 s=BANNER_CONNECTING pgs=0 cs=0 l=1 rev1=0 crypto rx=0 tx=0 comp rx=0 tx=0)._handle_peer_banner_payload supported=3 required=0
2024-05-09T09:08:57.974 INFO:teuthology.orchestra.run.smithi069.stdout:/usr/bin/ceph: stderr
2024-05-09T09:08:57.112+0000 7f0204e96700 1 --2- >> [v2:172.21.15.69:3300/0,v1:172.21.15.69:6789/0] conn(0x7f0200108810 0x7f0200108040 unknown :-1 s=HELLO_CONNECTING pgs=0 cs=0 l=1 rev1=1 crypto rx=0 tx=0 comp rx=0 tx=0).handle_hello peer v2:172.21.15.69:3300/0 says I am v2:172.21.15.69:57938/0 (socket says 172.21.15.69:57938)
2024-05-09T09:08:57.974 INFO:teuthology.orchestra.run.smithi069.stdout:/usr/bin/ceph: stderr
2024-05-09T09:08:57.112+0000 7f0204e96700 1 -- 172.21.15.69:0/3695370687 learned_addr learned my addr 172.21.15.69:0/3695370687 (peer_addr_for_me v2:172.21.15.69:0/0)
2024-05-09T09:08:57.974 INFO:teuthology.orchestra.run.smithi069.stdout:/usr/bin/ceph: stderr
2024-05-09T09:08:57.112+0000 7f0204e96700 1 -- 172.21.15.69:0/3695370687 --> [v2:172.21.15.69:3300/0,v1:172.21.15.69:6789/0] -- mon_subscribe({config=0+,monmap=0+}) -- 0x7f0200108580 con 0x7f0200108810
2024-05-09T09:08:57.974 INFO:teuthology.orchestra.run.smithi069.stdout:/usr/bin/ceph: stderr
2024-05-09T09:08:57.112+0000 7f0204e96700 1 --2- 172.21.15.69:0/3695370687 >> [v2:172.21.15.69:3300/0,v1:172.21.15.69:6789/0] conn(0x7f0200108810 0x7f0200108040 secure :-1 s=READY pgs=27 cs=0 l=1 rev1=1 crypto rx=0x7f01fc011670 tx=0x7f01fc011b60 comp rx=0 tx=0).ready entity=mon.0 client_cookie=0 server_cookie=0 in_seq=0 out_seq=0
2024-05-09T09:08:57.974 INFO:teuthology.orchestra.run.smithi069.stdout:/usr/bin/ceph: stderr
2024-05-09T09:08:57.112+0000 7f01f5ffb700 1 -- 172.21.15.69:0/3695370687 <== mon.0 v2:172.21.15.69:3300/0 1 ==== mon_map magic: 0 ==== 205+0+0 (secure 0 0 0) 0x7f01fc0039c0 con 0x7f0200108810
2024-05-09T09:08:57.975 INFO:teuthology.orchestra.run.smithi069.stdout:/usr/bin/ceph: stderr
2024-05-09T09:08:57.112+0000 7f02070fa700 1 -- 172.21.15.69:0/3695370687 --> [v2:172.21.15.69:3300/0,v1:172.21.15.69:6789/0] -- mon_subscribe({mgrmap=0+}) -- 0x7f02001067c0 con 0x7f0200108810
2024-05-09T09:08:57.975 INFO:teuthology.orchestra.run.smithi069.stdout:/usr/bin/ceph: stderr
2024-05-09T09:08:57.112+0000 7f01f5ffb700 1 -- 172.21.15.69:0/3695370687 <== mon.0 v2:172.21.15.69:3300/0 2 ==== config(27 keys) ==== 1109+0+0 (secure 0 0 0) 0x7f01fc011e50 con 0x7f0200108810
2024-05-09T09:08:57.975 INFO:teuthology.orchestra.run.smithi069.stdout:/usr/bin/ceph: stderr
2024-05-09T09:08:57.112+0000 7f01f5ffb700 1 -- 172.21.15.69:0/3695370687 <== mon.0 v2:172.21.15.69:3300/0 3 ==== mon_map magic: 0 ==== 205+0+0 (secure 0 0 0) 0x7f01fc01a5c0 con 0x7f0200108810
2024-05-09T09:08:57.975 INFO:teuthology.orchestra.run.smithi069.stdout:/usr/bin/ceph: stderr
2024-05-09T09:08:57.112+0000 7f02070fa700 1 -- 172.21.15.69:0/3695370687 --> [v2:172.21.15.69:3300/0,v1:172.21.15.69:6789/0] -- mon_subscribe({osdmap=0}) -- 0x7f0200106ca0 con 0x7f0200108810
2024-05-09T09:08:57.975 INFO:teuthology.orchestra.run.smithi069.stdout:/usr/bin/ceph: stderr
2024-05-09T09:08:57.113+0000 7f01f5ffb700 1 -- 172.21.15.69:0/3695370687 <== mon.0 v2:172.21.15.69:3300/0 4 ==== mgrmap(e 5) ==== 46287+0+0 (secure 0 0 0) 0x7f01fc01a870 con 0x7f0200108810
2024-05-09T09:08:57.975 INFO:teuthology.orchestra.run.smithi069.stdout:/usr/bin/ceph: stderr
2024-05-09T09:08:57.113+0000 7f01f5ffb700 1 --2- 172.21.15.69:0/3695370687 >> [v2:172.21.15.69:6800/2869747387,v1:172.21.15.69:6801/2869747387] conn(0x7f01e8039050 0x7f01e803b510 unknown :-1 s=NONE pgs=0 cs=0 l=1 rev1=0 crypto rx=0 tx=0 comp rx=0 tx=0).connect
2024-05-09T09:08:57.976 INFO:teuthology.orchestra.run.smithi069.stdout:/usr/bin/ceph: stderr
2024-05-09T09:08:57.113+0000 7f01f5ffb700 1 -- 172.21.15.69:0/3695370687 <== mon.0 v2:172.21.15.69:3300/0 5 ==== osd_map(1..1 src has 1..1) ==== 725+0+0 (secure 0 0 0) 0x7f01fc04d450 con 0x7f0200108810
2024-05-09T09:08:57.976 INFO:teuthology.orchestra.run.smithi069.stdout:/usr/bin/ceph: stderr
2024-05-09T09:08:57.113+0000 7f01f7fff700 1 -- 172.21.15.69:0/3695370687 >> [v2:172.21.15.69:6800/2869747387,v1:172.21.15.69:6801/2869747387] conn(0x7f01e8039050 msgr2=0x7f01e803b510 unknown :-1 s=STATE_CONNECTING_RE l=1).process reconnect failed to v2:172.21.15.69:6800/2869747387
2024-05-09T09:08:57.976 INFO:teuthology.orchestra.run.smithi069.stdout:/usr/bin/ceph: stderr
2024-05-09T09:08:57.113+0000 7f01f7fff700 1 --2- 172.21.15.69:0/3695370687 >> [v2:172.21.15.69:6800/2869747387,v1:172.21.15.69:6801/2869747387] conn(0x7f01e8039050 0x7f01e803b510 unknown :-1 s=START_CONNECT pgs=0 cs=0 l=1 rev1=0 crypto rx=0 tx=0 comp rx=0 tx=0)._fault waiting 0.200000
2024-05-09T09:08:57.976 INFO:teuthology.orchestra.run.smithi069.stdout:/usr/bin/ceph: stderr
2024-05-09T09:08:57.114+0000 7f02070fa700 1 -- 172.21.15.69:0/3695370687 --> [v2:172.21.15.69:3300/0,v1:172.21.15.69:6789/0] -- mon_command({"prefix": "get_command_descriptions"} v 0) -- 0x7f0200063980 con 0x7f0200108810
2024-05-09T09:08:57.976 INFO:teuthology.orchestra.run.smithi069.stdout:/usr/bin/ceph: stderr
2024-05-09T09:08:57.119+0000 7f01f5ffb700 1 -- 172.21.15.69:0/3695370687 <== mon.0 v2:172.21.15.69:3300/0 6 ==== mon_command_ack([{"prefix": "get_command_descriptions"}]=0 v0) ==== 72+0+186147 (secure 0 0 0) 0x7f01fc019c70 con 0x7f0200108810
2024-05-09T09:08:57.976 INFO:teuthology.orchestra.run.smithi069.stdout:/usr/bin/ceph: stderr
2024-05-09T09:08:57.314+0000 7f01f7fff700 1 -- 172.21.15.69:0/3695370687 >> [v2:172.21.15.69:6800/2869747387,v1:172.21.15.69:6801/2869747387] conn(0x7f01e8039050 msgr2=0x7f01e803b510 unknown :-1 s=STATE_CONNECTING_RE l=1).process reconnect failed to v2:172.21.15.69:6800/2869747387
2024-05-09T09:08:57.976 INFO:teuthology.orchestra.run.smithi069.stdout:/usr/bin/ceph: stderr
2024-05-09T09:08:57.314+0000 7f01f7fff700 1 --2- 172.21.15.69:0/3695370687 >> [v2:172.21.15.69:6800/2869747387,v1:172.21.15.69:6801/2869747387] conn(0x7f01e8039050 0x7f01e803b510 unknown :-1 s=START_CONNECT pgs=0 cs=0 l=1 rev1=0 crypto rx=0 tx=0 comp rx=0 tx=0)._fault waiting 0.400000
2024-05-09T09:08:57.977 INFO:teuthology.orchestra.run.smithi069.stdout:/usr/bin/ceph: stderr
2024-05-09T09:08:57.414+0000 7f02070fa700 1 -- 172.21.15.69:0/3695370687 --> [v2:172.21.15.69:3300/0,v1:172.21.15.69:6789/0] -- mon_command({"prefix": "mgr stat"} v 0) -- 0x7f0200107350 con 0x7f0200108810
2024-05-09T09:08:57.977 INFO:teuthology.orchestra.run.smithi069.stdout:/usr/bin/ceph: stderr
2024-05-09T09:08:57.418+0000 7f01f5ffb700 1 -- 172.21.15.69:0/3695370687 <== mon.0 v2:172.21.15.69:3300/0 7 ==== mon_command_ack([{"prefix": "mgr stat"}]=0 v5) ==== 56+0+88 (secure 0 0 0) 0x7f01fc02c9c0 con 0x7f0200108810
2024-05-09T09:08:57.977 INFO:teuthology.orchestra.run.smithi069.stdout:/usr/bin/ceph: stderr
2024-05-09T09:08:57.421+0000 7f02070fa700 1 -- 172.21.15.69:0/3695370687 >> [v2:172.21.15.69:6800/2869747387,v1:172.21.15.69:6801/2869747387] conn(0x7f01e8039050 msgr2=0x7f01e803b510 unknown :-1 s=STATE_CONNECTING l=1).mark_down
2024-05-09T09:08:57.977 INFO:teuthology.orchestra.run.smithi069.stdout:/usr/bin/ceph: stderr
2024-05-09T09:08:57.421+0000 7f02070fa700 1 --2- 172.21.15.69:0/3695370687 >> [v2:172.21.15.69:6800/2869747387,v1:172.21.15.69:6801/2869747387] conn(0x7f01e8039050 0x7f01e803b510 unknown :-1 s=START_CONNECT pgs=0 cs=0 l=1 rev1=0 crypto rx=0 tx=0 comp rx=0 tx=0).stop
2024-05-09T09:08:57.977 INFO:teuthology.orchestra.run.smithi069.stdout:/usr/bin/ceph: stderr
2024-05-09T09:08:57.421+0000 7f02070fa700 1 -- 172.21.15.69:0/3695370687 >> [v2:172.21.15.69:3300/0,v1:172.21.15.69:6789/0] conn(0x7f0200108810 msgr2=0x7f0200108040 secure :-1 s=STATE_CONNECTION_ESTABLISHED l=1).mark_down
2024-05-09T09:08:57.977 INFO:teuthology.orchestra.run.smithi069.stdout:/usr/bin/ceph: stderr
2024-05-09T09:08:57.421+0000 7f02070fa700 1 --2- 172.21.15.69:0/3695370687 >> [v2:172.21.15.69:3300/0,v1:172.21.15.69:6789/0] conn(0x7f0200108810 0x7f0200108040 secure :-1 s=READY pgs=27 cs=0 l=1 rev1=1 crypto rx=0x7f01fc011670 tx=0x7f01fc011b60 comp rx=0 tx=0).stop
2024-05-09T09:08:57.977 INFO:teuthology.orchestra.run.smithi069.stdout:/usr/bin/ceph: stderr
2024-05-09T09:08:57.422+0000 7f02070fa700 1 -- 172.21.15.69:0/3695370687 shutdown_connections
2024-05-09T09:08:57.977 INFO:teuthology.orchestra.run.smithi069.stdout:/usr/bin/ceph: stderr
