2024-05-09T09:09:17.592+0000 7fb29ea61700 1 --2- 172.21.15.69:0/3167707677 >> [v2:172.21.15.69:6800/936285351,v1:172.21.15.69:6801/936285351] conn(0x7fb280039000 0x7fb28003b4c0 unknown :-1 s=CLOSED pgs=13 cs=0 l=1 rev1=1 crypto rx=0 tx=0 comp rx=0 tx=0).stop
2024-05-09T09:09:18.159 INFO:teuthology.orchestra.run.smithi069.stdout:/usr/bin/ceph: stderr
2024-05-09T09:09:17.592+0000 7fb29ea61700 1 --2- 172.21.15.69:0/3167707677 >> [v2:172.21.15.69:3300/0,v1:172.21.15.69:6789/0] conn(0x7fb298106080 0x7fb29819bce0 unknown :-1 s=CLOSED pgs=50 cs=0 l=1 rev1=1 crypto rx=0 tx=0 comp rx=0 tx=0).stop
2024-05-09T09:09:18.159 INFO:teuthology.orchestra.run.smithi069.stdout:/usr/bin/ceph: stderr
2024-05-09T09:09:17.592+0000 7fb29ea61700 1 -- 172.21.15.69:0/3167707677 >> 172.21.15.69:0/3167707677 conn(0x7fb298101a20 msgr2=0x7fb2981024c0 unknown :-1 s=STATE_NONE l=0).mark_down
2024-05-09T09:09:18.159 INFO:teuthology.orchestra.run.smithi069.stdout:/usr/bin/ceph: stderr
2024-05-09T09:09:17.592+0000 7fb29ea61700 1 -- 172.21.15.69:0/3167707677 shutdown_connections
2024-05-09T09:09:18.159 INFO:teuthology.orchestra.run.smithi069.stdout:/usr/bin/ceph: stderr
2024-05-09T09:09:17.592+0000 7fb29ea61700 1 -- 172.21.15.69:0/3167707677 wait complete.
2024-05-09T09:09:18.807 INFO:journalctl@ceph.mon.a.smithi069.stdout:May 09 09:09:18 smithi069 ceph-mon[30123]: from='client.14144 -' entity='client.admin' cmd=[{"prefix": "orch apply", "service_type": "mgr", "unmanaged": true, "target": ["mon-mgr", ""]}]: dispatch
2024-05-09T09:09:18.807 INFO:journalctl@ceph.mon.a.smithi069.stdout:May 09 09:09:18 smithi069 ceph-mon[30123]: Saving service mgr spec with placement count:2
2024-05-09T09:09:18.807 INFO:journalctl@ceph.mon.a.smithi069.stdout:May 09 09:09:18 smithi069 ceph-mon[30123]: from='mgr.14120 172.21.15.69:0/1021909657' entity='mgr.x'
2024-05-09T09:09:19.847 INFO:teuthology.orchestra.run.smithi069.stdout:/usr/bin/ceph: stderr
2024-05-09T09:09:18.576+0000 7f98da440700 1 Processor -- start
2024-05-09T09:09:19.847 INFO:teuthology.orchestra.run.smithi069.stdout:/usr/bin/ceph: stderr
2024-05-09T09:09:18.576+0000 7f98da440700 1 -- start start
2024-05-09T09:09:19.848 INFO:teuthology.orchestra.run.smithi069.stdout:/usr/bin/ceph: stderr
2024-05-09T09:09:18.577+0000 7f98da440700 1 --2- >> [v2:172.21.15.69:3300/0,v1:172.21.15.69:6789/0] conn(0x7f98d4108860 0x7f98d410ac50 unknown :-1 s=NONE pgs=0 cs=0 l=0 rev1=0 crypto rx=0 tx=0 comp rx=0 tx=0).connect
2024-05-09T09:09:19.848 INFO:teuthology.orchestra.run.smithi069.stdout:/usr/bin/ceph: stderr
2024-05-09T09:09:18.577+0000 7f98da440700 1 -- --> [v2:172.21.15.69:3300/0,v1:172.21.15.69:6789/0] -- mon_getmap magic: 0 -- 0x7f98d407be60 con 0x7f98d4108860
2024-05-09T09:09:19.848 INFO:teuthology.orchestra.run.smithi069.stdout:/usr/bin/ceph: stderr
2024-05-09T09:09:18.577+0000 7f98d3fff700 1 --2- >> [v2:172.21.15.69:3300/0,v1:172.21.15.69:6789/0] conn(0x7f98d4108860 0x7f98d410ac50 unknown :-1 s=BANNER_CONNECTING pgs=0 cs=0 l=0 rev1=0 crypto rx=0 tx=0 comp rx=0 tx=0)._handle_peer_banner_payload supported=3 required=0
2024-05-09T09:09:19.848 INFO:teuthology.orchestra.run.smithi069.stdout:/usr/bin/ceph: stderr
2024-05-09T09:09:18.577+0000 7f98d3fff700 1 --2- >> [v2:172.21.15.69:3300/0,v1:172.21.15.69:6789/0] conn(0x7f98d4108860 0x7f98d410ac50 unknown :-1 s=HELLO_CONNECTING pgs=0 cs=0 l=0 rev1=1 crypto rx=0 tx=0 comp rx=0 tx=0).handle_hello peer v2:172.21.15.69:3300/0 says I am v2:172.21.15.69:53414/0 (socket says 172.21.15.69:53414)
2024-05-09T09:09:19.848 INFO:teuthology.orchestra.run.smithi069.stdout:/usr/bin/ceph: stderr
2024-05-09T09:09:18.577+0000 7f98d3fff700 1 -- 172.21.15.69:0/2737384824 learned_addr learned my addr 172.21.15.69:0/2737384824 (peer_addr_for_me v2:172.21.15.69:0/0)
2024-05-09T09:09:19.848 INFO:teuthology.orchestra.run.smithi069.stdout:/usr/bin/ceph: stderr
2024-05-09T09:09:18.577+0000 7f98d3fff700 1 -- 172.21.15.69:0/2737384824 --> [v2:172.21.15.69:3300/0,v1:172.21.15.69:6789/0] -- mon_subscribe({config=0+,monmap=0+}) -- 0x7f98d410b190 con 0x7f98d4108860
2024-05-09T09:09:19.848 INFO:teuthology.orchestra.run.smithi069.stdout:/usr/bin/ceph: stderr
2024-05-09T09:09:18.577+0000 7f98d3fff700 1 --2- 172.21.15.69:0/2737384824 >> [v2:172.21.15.69:3300/0,v1:172.21.15.69:6789/0] conn(0x7f98d4108860 0x7f98d410ac50 secure :-1 s=READY pgs=51 cs=0 l=1 rev1=1 crypto rx=0x7f98c40098a0 tx=0x7f98c4009bb0 comp rx=0 tx=0).ready entity=mon.0 client_cookie=c84846c3611ddcf1 server_cookie=0 in_seq=0 out_seq=0
2024-05-09T09:09:19.848 INFO:teuthology.orchestra.run.smithi069.stdout:/usr/bin/ceph: stderr
2024-05-09T09:09:18.578+0000 7f98d2ffd700 1 -- 172.21.15.69:0/2737384824 <== mon.0 v2:172.21.15.69:3300/0 1 ==== mon_map magic: 0 ==== 205+0+0 (secure 0 0 0) 0x7f98c4004160 con 0x7f98d4108860
2024-05-09T09:09:19.848 INFO:teuthology.orchestra.run.smithi069.stdout:/usr/bin/ceph: stderr
2024-05-09T09:09:18.578+0000 7f98d2ffd700 1 -- 172.21.15.69:0/2737384824 <== mon.0 v2:172.21.15.69:3300/0 2 ==== config(27 keys) ==== 1140+0+0 (secure 0 0 0) 0x7f98c4004300 con 0x7f98d4108860
2024-05-09T09:09:19.848 INFO:teuthology.orchestra.run.smithi069.stdout:/usr/bin/ceph: stderr
2024-05-09T09:09:18.578+0000 7f98d2ffd700 1 -- 172.21.15.69:0/2737384824 <== mon.0 v2:172.21.15.69:3300/0 3 ==== mon_map magic: 0 ==== 205+0+0 (secure 0 0 0) 0x7f98c4011b20 con 0x7f98d4108860
2024-05-09T09:09:19.848 INFO:teuthology.orchestra.run.smithi069.stdout:/usr/bin/ceph: stderr
2024-05-09T09:09:18.578+0000 7f98da440700 1 -- 172.21.15.69:0/2737384824 >> [v2:172.21.15.69:3300/0,v1:172.21.15.69:6789/0] conn(0x7f98d4108860 msgr2=0x7f98d410ac50 secure :-1 s=STATE_CONNECTION_ESTABLISHED l=1).mark_down
2024-05-09T09:09:19.848 INFO:teuthology.orchestra.run.smithi069.stdout:/usr/bin/ceph: stderr
2024-05-09T09:09:18.578+0000 7f98da440700 1 --2- 172.21.15.69:0/2737384824 >> [v2:172.21.15.69:3300/0,v1:172.21.15.69:6789/0] conn(0x7f98d4108860 0x7f98d410ac50 secure :-1 s=READY pgs=51 cs=0 l=1 rev1=1 crypto rx=0x7f98c40098a0 tx=0x7f98c4009bb0 comp rx=0 tx=0).stop
2024-05-09T09:09:19.849 INFO:teuthology.orchestra.run.smithi069.stdout:/usr/bin/ceph: stderr
2024-05-09T09:09:18.578+0000 7f98da440700 1 -- 172.21.15.69:0/2737384824 shutdown_connections
2024-05-09T09:09:19.849 INFO:teuthology.orchestra.run.smithi069.stdout:/usr/bin/ceph: stderr
2024-05-09T09:09:18.578+0000 7f98da440700 1 --2- 172.21.15.69:0/2737384824 >> [v2:172.21.15.69:3300/0,v1:172.21.15.69:6789/0] conn(0x7f98d4108860 0x7f98d410ac50 unknown :-1 s=CLOSED pgs=51 cs=0 l=1 rev1=1 crypto rx=0 tx=0 comp rx=0 tx=0).stop
2024-05-09T09:09:19.849 INFO:teuthology.orchestra.run.smithi069.stdout:/usr/bin/ceph: stderr
2024-05-09T09:09:18.578+0000 7f98da440700 1 -- 172.21.15.69:0/2737384824 >> 172.21.15.69:0/2737384824 conn(0x7f98d4102290 msgr2=0x7f98d41046b0 unknown :-1 s=STATE_NONE l=0).mark_down
2024-05-09T09:09:19.849 INFO:teuthology.orchestra.run.smithi069.stdout:/usr/bin/ceph: stderr
2024-05-09T09:09:18.578+0000 7f98da440700 1 -- 172.21.15.69:0/2737384824 shutdown_connections
2024-05-09T09:09:19.849 INFO:teuthology.orchestra.run.smithi069.stdout:/usr/bin/ceph: stderr
2024-05-09T09:09:18.578+0000 7f98da440700 1 -- 172.21.15.69:0/2737384824 wait complete.
2024-05-09T09:09:19.849 INFO:teuthology.orchestra.run.smithi069.stdout:/usr/bin/ceph: stderr
2024-05-09T09:09:18.579+0000 7f98da440700 1 Processor -- start
2024-05-09T09:09:19.849 INFO:teuthology.orchestra.run.smithi069.stdout:/usr/bin/ceph: stderr
2024-05-09T09:09:18.579+0000 7f98da440700 1 -- start start
2024-05-09T09:09:19.849 INFO:teuthology.orchestra.run.smithi069.stdout:/usr/bin/ceph: stderr
2024-05-09T09:09:18.579+0000 7f98da440700 1 --2- >> [v2:172.21.15.69:3300/0,v1:172.21.15.69:6789/0] conn(0x7f98d4108860 0x7f98d419dee0 unknown :-1 s=NONE pgs=0 cs=0 l=1 rev1=0 crypto rx=0 tx=0 comp rx=0 tx=0).connect
2024-05-09T09:09:19.849 INFO:teuthology.orchestra.run.smithi069.stdout:/usr/bin/ceph: stderr
2024-05-09T09:09:18.579+0000 7f98da440700 1 -- --> [v2:172.21.15.69:3300/0,v1:172.21.15.69:6789/0] -- mon_getmap magic: 0 -- 0x7f98d410c1f0 con 0x7f98d4108860
2024-05-09T09:09:19.849 INFO:teuthology.orchestra.run.smithi069.stdout:/usr/bin/ceph: stderr
2024-05-09T09:09:18.579+0000 7f98d3fff700 1 --2- >> [v2:172.21.15.69:3300/0,v1:172.21.15.69:6789/0] conn(0x7f98d4108860 0x7f98d419dee0 unknown :-1 s=BANNER_CONNECTING pgs=0 cs=0 l=1 rev1=0 crypto rx=0 tx=0 comp rx=0 tx=0)._handle_peer_banner_payload supported=3 required=0
2024-05-09T09:09:19.849 INFO:teuthology.orchestra.run.smithi069.stdout:/usr/bin/ceph: stderr
2024-05-09T09:09:18.579+0000 7f98d3fff700 1 --2- >> [v2:172.21.15.69:3300/0,v1:172.21.15.69:6789/0] conn(0x7f98d4108860 0x7f98d419dee0 unknown :-1 s=HELLO_CONNECTING pgs=0 cs=0 l=1 rev1=1 crypto rx=0 tx=0 comp rx=0 tx=0).handle_hello peer v2:172.21.15.69:3300/0 says I am v2:172.21.15.69:53420/0 (socket says 172.21.15.69:53420)
2024-05-09T09:09:19.849 INFO:teuthology.orchestra.run.smithi069.stdout:/usr/bin/ceph: stderr
2024-05-09T09:09:18.579+0000 7f98d3fff700 1 -- 172.21.15.69:0/619034035 learned_addr learned my addr 172.21.15.69:0/619034035 (peer_addr_for_me v2:172.21.15.69:0/0)
2024-05-09T09:09:19.849 INFO:teuthology.orchestra.run.smithi069.stdout:/usr/bin/ceph: stderr
2024-05-09T09:09:18.580+0000 7f98d3fff700 1 -- 172.21.15.69:0/619034035 --> [v2:172.21.15.69:3300/0,v1:172.21.15.69:6789/0] -- mon_subscribe({config=0+,monmap=0+}) -- 0x7f98d419e420 con 0x7f98d4108860
2024-05-09T09:09:19.849 INFO:teuthology.orchestra.run.smithi069.stdout:/usr/bin/ceph: stderr
2024-05-09T09:09:18.580+0000 7f98d3fff700 1 --2- 172.21.15.69:0/619034035 >> [v2:172.21.15.69:3300/0,v1:172.21.15.69:6789/0] conn(0x7f98d4108860 0x7f98d419dee0 secure :-1 s=READY pgs=52 cs=0 l=1 rev1=1 crypto rx=0x7f98c40117e0 tx=0x7f98c4011ba0 comp rx=0 tx=0).ready entity=mon.0 client_cookie=0 server_cookie=0 in_seq=0 out_seq=0
2024-05-09T09:09:19.850 INFO:teuthology.orchestra.run.smithi069.stdout:/usr/bin/ceph: stderr
2024-05-09T09:09:18.580+0000 7f98d17fa700 1 -- 172.21.15.69:0/619034035 <== mon.0 v2:172.21.15.69:3300/0 1 ==== mon_map magic: 0 ==== 205+0+0 (secure 0 0 0) 0x7f98c4003ba0 con 0x7f98d4108860
2024-05-09T09:09:19.850 INFO:teuthology.orchestra.run.smithi069.stdout:/usr/bin/ceph: stderr
2024-05-09T09:09:18.580+0000 7f98d17fa700 1 -- 172.21.15.69:0/619034035 <== mon.0 v2:172.21.15.69:3300/0 2 ==== config(27 keys) ==== 1140+0+0 (secure 0 0 0) 0x7f98c401a910 con 0x7f98d4108860
2024-05-09T09:09:19.850 INFO:teuthology.orchestra.run.smithi069.stdout:/usr/bin/ceph: stderr
2024-05-09T09:09:18.580+0000 7f98d17fa700 1 -- 172.21.15.69:0/619034035 <== mon.0 v2:172.21.15.69:3300/0 3 ==== mon_map magic: 0 ==== 205+0+0 (secure 0 0 0) 0x7f98c40248f0 con 0x7f98d4108860
2024-05-09T09:09:19.850 INFO:teuthology.orchestra.run.smithi069.stdout:/usr/bin/ceph: stderr
2024-05-09T09:09:18.580+0000 7f98da440700 1 -- 172.21.15.69:0/619034035 --> [v2:172.21.15.69:3300/0,v1:172.21.15.69:6789/0] -- mon_subscribe({mgrmap=0+}) -- 0x7f98d419e6b0 con 0x7f98d4108860
2024-05-09T09:09:19.850 INFO:teuthology.orchestra.run.smithi069.stdout:/usr/bin/ceph: stderr
2024-05-09T09:09:18.580+0000 7f98da440700 1 -- 172.21.15.69:0/619034035 --> [v2:172.21.15.69:3300/0,v1:172.21.15.69:6789/0] -- mon_subscribe({osdmap=0}) -- 0x7f98d419eb10 con 0x7f98d4108860
2024-05-09T09:09:19.850 INFO:teuthology.orchestra.run.smithi069.stdout:/usr/bin/ceph: stderr
2024-05-09T09:09:18.581+0000 7f98d17fa700 1 -- 172.21.15.69:0/619034035 <== mon.0 v2:172.21.15.69:3300/0 4 ==== mgrmap(e 8) ==== 46287+0+0 (secure 0 0 0) 0x7f98c4022020 con 0x7f98d4108860
2024-05-09T09:09:19.850 INFO:teuthology.orchestra.run.smithi069.stdout:/usr/bin/ceph: stderr
2024-05-09T09:09:18.581+0000 7f98da440700 1 -- 172.21.15.69:0/619034035 --> [v2:172.21.15.69:3300/0,v1:172.21.15.69:6789/0] -- mon_command({"prefix": "get_command_descriptions"} v 0) -- 0x7f98d4063980 con 0x7f98d4108860
2024-05-09T09:09:19.850 INFO:teuthology.orchestra.run.smithi069.stdout:/usr/bin/ceph: stderr
2024-05-09T09:09:18.581+0000 7f98d17fa700 1 --2- 172.21.15.69:0/619034035 >> [v2:172.21.15.69:6800/936285351,v1:172.21.15.69:6801/936285351] conn(0x7f98c00390a0 0x7f98c003b560 unknown :-1 s=NONE pgs=0 cs=0 l=1 rev1=0 crypto rx=0 tx=0 comp rx=0 tx=0).connect
2024-05-09T09:09:19.850 INFO:teuthology.orchestra.run.smithi069.stdout:/usr/bin/ceph: stderr
2024-05-09T09:09:18.581+0000 7f98d17fa700 1 -- 172.21.15.69:0/619034035 <== mon.0 v2:172.21.15.69:3300/0 5 ==== osd_map(2..2 src has 1..2) ==== 940+0+0 (secure 0 0 0) 0x7f98c404d470 con 0x7f98d4108860
2024-05-09T09:09:19.850 INFO:teuthology.orchestra.run.smithi069.stdout:/usr/bin/ceph: stderr
2024-05-09T09:09:18.581+0000 7f98d37fe700 1 --2- 172.21.15.69:0/619034035 >> [v2:172.21.15.69:6800/936285351,v1:172.21.15.69:6801/936285351] conn(0x7f98c00390a0 0x7f98c003b560 unknown :-1 s=BANNER_CONNECTING pgs=0 cs=0 l=1 rev1=0 crypto rx=0 tx=0 comp rx=0 tx=0)._handle_peer_banner_payload supported=3 required=0
2024-05-09T09:09:19.850 INFO:teuthology.orchestra.run.smithi069.stdout:/usr/bin/ceph: stderr
2024-05-09T09:09:18.582+0000 7f98d37fe700 1 --2- 172.21.15.69:0/619034035 >> [v2:172.21.15.69:6800/936285351,v1:172.21.15.69:6801/936285351] conn(0x7f98c00390a0 0x7f98c003b560 secure :-1 s=READY pgs=14 cs=0 l=1 rev1=1 crypto rx=0x7f98bc006fd0 tx=0x7f98bc006e40 comp rx=0 tx=0).ready entity=mgr.14120 client_cookie=0 server_cookie=0 in_seq=0 out_seq=0
2024-05-09T09:09:19.850 INFO:teuthology.orchestra.run.smithi069.stdout:/usr/bin/ceph: stderr
2024-05-09T09:09:18.586+0000 7f98d17fa700 1 -- 172.21.15.69:0/619034035 <== mon.0 v2:172.21.15.69:3300/0 6 ==== mon_command_ack([{"prefix": "get_command_descriptions"}]=0 v0) ==== 72+0+186147 (secure 0 0 0) 0x7f98c400f2e0 con 0x7f98d4108860
2024-05-09T09:09:19.850 INFO:teuthology.orchestra.run.smithi069.stdout:/usr/bin/ceph: stderr
2024-05-09T09:09:18.800+0000 7f98da440700 1 -- 172.21.15.69:0/619034035 --> [v2:172.21.15.69:3300/0,v1:172.21.15.69:6789/0] -- mon_command([{prefix=config set, name=mgr/cephadm/container_init}] v 0) -- 0x7f98d41a13a0 con 0x7f98d4108860
2024-05-09T09:09:19.851 INFO:teuthology.orchestra.run.smithi069.stdout:/usr/bin/ceph: stderr
2024-05-09T09:09:18.805+0000 7f98d17fa700 1 -- 172.21.15.69:0/619034035 <== mon.0 v2:172.21.15.69:3300/0 7 ==== mon_command_ack([{prefix=config set, name=mgr/cephadm/container_init}]=0 v7)=0 v7) ==== 142+0+0 (secure 0 0 0) 0x7f98c402d3f0 con 0x7f98d4108860
2024-05-09T09:09:19.851 INFO:teuthology.orchestra.run.smithi069.stdout:/usr/bin/ceph: stderr
2024-05-09T09:09:18.808+0000 7f98da440700 1 -- 172.21.15.69:0/619034035 >> [v2:172.21.15.69:6800/936285351,v1:172.21.15.69:6801/936285351] conn(0x7f98c00390a0 msgr2=0x7f98c003b560 secure :-1 s=STATE_CONNECTION_ESTABLISHED l=1).mark_down
2024-05-09T09:09:19.851 INFO:teuthology.orchestra.run.smithi069.stdout:/usr/bin/ceph: stderr
2024-05-09T09:09:18.808+0000 7f98da440700 1 --2- 172.21.15.69:0/619034035 >> [v2:172.21.15.69:6800/936285351,v1:172.21.15.69:6801/936285351] conn(0x7f98c00390a0 0x7f98c003b560 secure :-1 s=READY pgs=14 cs=0 l=1 rev1=1 crypto rx=0x7f98bc006fd0 tx=0x7f98bc006e40 comp rx=0 tx=0).stop
2024-05-09T09:09:19.851 INFO:teuthology.orchestra.run.smithi069.stdout:/usr/bin/ceph: stderr
2024-05-09T09:09:18.808+0000 7f98da440700 1 -- 172.21.15.69:0/619034035 >> [v2:172.21.15.69:3300/0,v1:172.21.15.69:6789/0] conn(0x7f98d4108860 msgr2=0x7f98d419dee0 secure :-1 s=STATE_CONNECTION_ESTABLISHED l=1).mark_down
2024-05-09T09:09:19.851 INFO:teuthology.orchestra.run.smithi069.stdout:/usr/bin/ceph: stderr
2024-05-09T09:09:18.808+0000 7f98da440700 1 --2- 172.21.15.69:0/619034035 >> [v2:172.21.15.69:3300/0,v1:172.21.15.69:6789/0] conn(0x7f98d4108860 0x7f98d419dee0 secure :-1 s=READY pgs=52 cs=0 l=1 rev1=1 crypto rx=0x7f98c40117e0 tx=0x7f98c4011ba0 comp rx=0 tx=0).stop
2024-05-09T09:09:19.851 INFO:teuthology.orchestra.run.smithi069.stdout:/usr/bin/ceph: stderr
2024-05-09T09:09:18.808+0000 7f98da440700 1 -- 172.21.15.69:0/619034035 shutdown_connections
2024-05-09T09:09:19.851 INFO:teuthology.orchestra.run.smithi069.stdout:/usr/bin/ceph: stderr
2024-05-09T09:09:18.808+0000 7f98da440700 1 --2- 172.21.15.69:0/619034035 >> [v2:172.21.15.69:6800/936285351,v1:172.21.15.69:6801/936285351] conn(0x7f98c00390a0 0x7f98c003b560 unknown :-1 s=CLOSED pgs=14 cs=0 l=1 rev1=1 crypto rx=0 tx=0 comp rx=0 tx=0).stop
2024-05-09T09:09:19.851 INFO:teuthology.orchestra.run.smithi069.stdout:/usr/bin/ceph: stderr
2024-05-09T09:09:18.808+0000 7f98da440700 1 --2- 172.21.15.69:0/619034035 >> [v2:172.21.15.69:3300/0,v1:172.21.15.69:6789/0] conn(0x7f98d4108860 0x7f98d419dee0 unknown :-1 s=CLOSED pgs=52 cs=0 l=1 rev1=1 crypto rx=0 tx=0 comp rx=0 tx=0).stop
2024-05-09T09:09:19.851 INFO:teuthology.orchestra.run.smithi069.stdout:/usr/bin/ceph: stderr
2024-05-09T09:09:18.808+0000 7f98da440700 1 -- 172.21.15.69:0/619034035 >> 172.21.15.69:0/619034035 conn(0x7f98d4102290 msgr2=0x7f98d4102ca0 unknown :-1 s=STATE_NONE l=0).mark_down
2024-05-09T09:09:19.851 INFO:teuthology.orchestra.run.smithi069.stdout:/usr/bin/ceph: stderr
2024-05-09T09:09:18.808+0000 7f98da440700 1 -- 172.21.15.69:0/619034035 shutdown_connections
2024-05-09T09:09:19.851 INFO:teuthology.orchestra.run.smithi069.stdout:/usr/bin/ceph: stderr
2024-05-09T09:09:18.808+0000 7f98da440700 1 -- 172.21.15.69:0/619034035 wait complete.
2024-05-09T09:09:20.101 INFO:journalctl@ceph.mon.a.smithi069.stdout:May 09 09:09:19 smithi069 ceph-mon[30123]: from='client.? 172.21.15.69:0/619034035' entity='client.admin'
2024-05-09T09:09:21.062 INFO:teuthology.orchestra.run.smithi069.stdout:/usr/bin/ceph: stderr
2024-05-09T09:09:20.290+0000 7f3431ba4700 1 Processor -- start
2024-05-09T09:09:21.063 INFO:teuthology.orchestra.run.smithi069.stdout:/usr/bin/ceph: stderr
2024-05-09T09:09:20.290+0000 7f3431ba4700 1 -- start start
2024-05-09T09:09:21.063 INFO:teuthology.orchestra.run.smithi069.stdout:/usr/bin/ceph: stderr
2024-05-09T09:09:20.290+0000 7f3431ba4700 1 --2- >> [v2:172.21.15.69:3300/0,v1:172.21.15.69:6789/0] conn(0x7f342c106650 0x7f342c106a70 unknown :-1 s=NONE pgs=0 cs=0 l=0 rev1=0 crypto rx=0 tx=0 comp rx=0 tx=0).connect
2024-05-09T09:09:21.063 INFO:teuthology.orchestra.run.smithi069.stdout:/usr/bin/ceph: stderr
2024-05-09T09:09:20.290+0000 7f3431ba4700 1 -- --> [v2:172.21.15.69:3300/0,v1:172.21.15.69:6789/0] -- mon_getmap magic: 0 -- 0x7f342c07be60 con 0x7f342c106650
2024-05-09T09:09:21.063 INFO:teuthology.orchestra.run.smithi069.stdout:/usr/bin/ceph: stderr
2024-05-09T09:09:20.290+0000 7f342b7fe700 1 --2- >> [v2:172.21.15.69:3300/0,v1:172.21.15.69:6789/0] conn(0x7f342c106650 0x7f342c106a70 unknown :-1 s=BANNER_CONNECTING pgs=0 cs=0 l=0 rev1=0 crypto rx=0 tx=0 comp rx=0 tx=0)._handle_peer_banner_payload supported=3 required=0
2024-05-09T09:09:21.063 INFO:teuthology.orchestra.run.smithi069.stdout:/usr/bin/ceph: stderr
2024-05-09T09:09:20.290+0000 7f342b7fe700 1 --2- >> [v2:172.21.15.69:3300/0,v1:172.21.15.69:6789/0] conn(0x7f342c106650 0x7f342c106a70 unknown :-1 s=HELLO_CONNECTING pgs=0 cs=0 l=0 rev1=1 crypto rx=0 tx=0 comp rx=0 tx=0).handle_hello peer v2:172.21.15.69:3300/0 says I am v2:172.21.15.69:53428/0 (socket says 172.21.15.69:53428)
2024-05-09T09:09:21.063 INFO:teuthology.orchestra.run.smithi069.stdout:/usr/bin/ceph: stderr
2024-05-09T09:09:20.290+0000 7f342b7fe700 1 -- 172.21.15.69:0/805385103 learned_addr learned my addr 172.21.15.69:0/805385103 (peer_addr_for_me v2:172.21.15.69:0/0)
2024-05-09T09:09:21.063 INFO:teuthology.orchestra.run.smithi069.stdout:/usr/bin/ceph: stderr
2024-05-09T09:09:20.290+0000 7f342b7fe700 1 -- 172.21.15.69:0/805385103 --> [v2:172.21.15.69:3300/0,v1:172.21.15.69:6789/0] -- mon_subscribe({config=0+,monmap=0+}) -- 0x7f342c106fb0 con 0x7f342c106650
2024-05-09T09:09:21.063 INFO:teuthology.orchestra.run.smithi069.stdout:/usr/bin/ceph: stderr
2024-05-09T09:09:20.290+0000 7f342b7fe700 1 --2- 172.21.15.69:0/805385103 >> [v2:172.21.15.69:3300/0,v1:172.21.15.69:6789/0] conn(0x7f342c106650 0x7f342c106a70 secure :-1 s=READY pgs=53 cs=0 l=1 rev1=1 crypto rx=0x7f341c0098a0 tx=0x7f341c009bb0 comp rx=0 tx=0).ready entity=mon.0 client_cookie=4b92fc620fa46e72 server_cookie=0 in_seq=0 out_seq=0
2024-05-09T09:09:21.063 INFO:teuthology.orchestra.run.smithi069.stdout:/usr/bin/ceph: stderr
2024-05-09T09:09:20.291+0000 7f342a7fc700 1 -- 172.21.15.69:0/805385103 <== mon.0 v2:172.21.15.69:3300/0 1 ==== mon_map magic: 0 ==== 205+0+0 (secure 0 0 0) 0x7f341c004160 con 0x7f342c106650
2024-05-09T09:09:21.063 INFO:teuthology.orchestra.run.smithi069.stdout:/usr/bin/ceph: stderr
2024-05-09T09:09:20.291+0000 7f342a7fc700 1 -- 172.21.15.69:0/805385103 <== mon.0 v2:172.21.15.69:3300/0 2 ==== config(27 keys) ==== 1140+0+0 (secure 0 0 0) 0x7f341c004300 con 0x7f342c106650
2024-05-09T09:09:21.064 INFO:teuthology.orchestra.run.smithi069.stdout:/usr/bin/ceph: stderr
2024-05-09T09:09:20.291+0000 7f342a7fc700 1 -- 172.21.15.69:0/805385103 <== mon.0 v2:172.21.15.69:3300/0 3 ==== mon_map magic: 0 ==== 205+0+0 (secure 0 0 0) 0x7f341c011b20 con 0x7f342c106650
2024-05-09T09:09:21.064 INFO:teuthology.orchestra.run.smithi069.stdout:/usr/bin/ceph: stderr
2024-05-09T09:09:20.291+0000 7f3431ba4700 1 -- 172.21.15.69:0/805385103 >> [v2:172.21.15.69:3300/0,v1:172.21.15.69:6789/0] conn(0x7f342c106650 msgr2=0x7f342c106a70 secure :-1 s=STATE_CONNECTION_ESTABLISHED l=1).mark_down
2024-05-09T09:09:21.064 INFO:teuthology.orchestra.run.smithi069.stdout:/usr/bin/ceph: stderr
2024-05-09T09:09:20.291+0000 7f3431ba4700 1 --2- 172.21.15.69:0/805385103 >> [v2:172.21.15.69:3300/0,v1:172.21.15.69:6789/0] conn(0x7f342c106650 0x7f342c106a70 secure :-1 s=READY pgs=53 cs=0 l=1 rev1=1 crypto rx=0x7f341c0098a0 tx=0x7f341c009bb0 comp rx=0 tx=0).stop
2024-05-09T09:09:21.064 INFO:teuthology.orchestra.run.smithi069.stdout:/usr/bin/ceph: stderr
2024-05-09T09:09:20.292+0000 7f3431ba4700 1 -- 172.21.15.69:0/805385103 shutdown_connections
2024-05-09T09:09:21.064 INFO:teuthology.orchestra.run.smithi069.stdout:/usr/bin/ceph: stderr
2024-05-09T09:09:20.292+0000 7f3431ba4700 1 --2- 172.21.15.69:0/805385103 >> [v2:172.21.15.69:3300/0,v1:172.21.15.69:6789/0] conn(0x7f342c106650 0x7f342c106a70 unknown :-1 s=CLOSED pgs=53 cs=0 l=1 rev1=1 crypto rx=0 tx=0 comp rx=0 tx=0).stop
2024-05-09T09:09:21.064 INFO:teuthology.orchestra.run.smithi069.stdout:/usr/bin/ceph: stderr
2024-05-09T09:09:20.292+0000 7f3431ba4700 1 -- 172.21.15.69:0/805385103 >> 172.21.15.69:0/805385103 conn(0x7f342c102290 msgr2=0x7f342c1046b0 unknown :-1 s=STATE_NONE l=0).mark_down
2024-05-09T09:09:21.064 INFO:teuthology.orchestra.run.smithi069.stdout:/usr/bin/ceph: stderr
2024-05-09T09:09:20.292+0000 7f3431ba4700 1 -- 172.21.15.69:0/805385103 shutdown_connections
2024-05-09T09:09:21.064 INFO:teuthology.orchestra.run.smithi069.stdout:/usr/bin/ceph: stderr
2024-05-09T09:09:20.292+0000 7f3431ba4700 1 -- 172.21.15.69:0/805385103 wait complete.
2024-05-09T09:09:21.065 INFO:teuthology.orchestra.run.smithi069.stdout:/usr/bin/ceph: stderr
2024-05-09T09:09:20.292+0000 7f3431ba4700 1 Processor -- start
2024-05-09T09:09:21.065 INFO:teuthology.orchestra.run.smithi069.stdout:/usr/bin/ceph: stderr
2024-05-09T09:09:20.292+0000 7f3431ba4700 1 -- start start
2024-05-09T09:09:21.065 INFO:teuthology.orchestra.run.smithi069.stdout:/usr/bin/ceph: stderr
2024-05-09T09:09:20.292+0000 7f3431ba4700 1 --2- >> [v2:172.21.15.69:3300/0,v1:172.21.15.69:6789/0] conn(0x7f342c106650 0x7f342c19dea0 unknown :-1 s=NONE pgs=0 cs=0 l=1 rev1=0 crypto rx=0 tx=0 comp rx=0 tx=0).connect
2024-05-09T09:09:21.065 INFO:teuthology.orchestra.run.smithi069.stdout:/usr/bin/ceph: stderr
2024-05-09T09:09:20.292+0000 7f3431ba4700 1 -- --> [v2:172.21.15.69:3300/0,v1:172.21.15.69:6789/0] -- mon_getmap magic: 0 -- 0x7f342c108080 con 0x7f342c106650
2024-05-09T09:09:21.065 INFO:teuthology.orchestra.run.smithi069.stdout:/usr/bin/ceph: stderr
2024-05-09T09:09:20.293+0000 7f342b7fe700 1 --2- >> [v2:172.21.15.69:3300/0,v1:172.21.15.69:6789/0] conn(0x7f342c106650 0x7f342c19dea0 unknown :-1 s=BANNER_CONNECTING pgs=0 cs=0 l=1 rev1=0 crypto rx=0 tx=0 comp rx=0 tx=0)._handle_peer_banner_payload supported=3 required=0
2024-05-09T09:09:21.065 INFO:teuthology.orchestra.run.smithi069.stdout:/usr/bin/ceph: stderr
2024-05-09T09:09:20.293+0000 7f342b7fe700 1 --2- >> [v2:172.21.15.69:3300/0,v1:172.21.15.69:6789/0] conn(0x7f342c106650 0x7f342c19dea0 unknown :-1 s=HELLO_CONNECTING pgs=0 cs=0 l=1 rev1=1 crypto rx=0 tx=0 comp rx=0 tx=0).handle_hello peer v2:172.21.15.69:3300/0 says I am v2:172.21.15.69:53434/0 (socket says 172.21.15.69:53434)
2024-05-09T09:09:21.065 INFO:teuthology.orchestra.run.smithi069.stdout:/usr/bin/ceph: stderr
2024-05-09T09:09:20.293+0000 7f342b7fe700 1 -- 172.21.15.69:0/3623538929 learned_addr learned my addr 172.21.15.69:0/3623538929 (peer_addr_for_me v2:172.21.15.69:0/0)
2024-05-09T09:09:21.065 INFO:teuthology.orchestra.run.smithi069.stdout:/usr/bin/ceph: stderr
2024-05-09T09:09:20.293+0000 7f342b7fe700 1 -- 172.21.15.69:0/3623538929 --> [v2:172.21.15.69:3300/0,v1:172.21.15.69:6789/0] -- mon_subscribe({config=0+,monmap=0+}) -- 0x7f342c19e3e0 con 0x7f342c106650
2024-05-09T09:09:21.065 INFO:teuthology.orchestra.run.smithi069.stdout:/usr/bin/ceph: stderr
2024-05-09T09:09:20.293+0000 7f342b7fe700 1 --2- 172.21.15.69:0/3623538929 >> [v2:172.21.15.69:3300/0,v1:172.21.15.69:6789/0] conn(0x7f342c106650 0x7f342c19dea0 secure :-1 s=READY pgs=54 cs=0 l=1 rev1=1 crypto rx=0x7f341c0117e0 tx=0x7f341c011c10 comp rx=0 tx=0).ready entity=mon.0 client_cookie=0 server_cookie=0 in_seq=0 out_seq=0
2024-05-09T09:09:21.065 INFO:teuthology.orchestra.run.smithi069.stdout:/usr/bin/ceph: stderr
2024-05-09T09:09:20.293+0000 7f3428ff9700 1 -- 172.21.15.69:0/3623538929 <== mon.0 v2:172.21.15.69:3300/0 1 ==== mon_map magic: 0 ==== 205+0+0 (secure 0 0 0) 0x7f341c003bf0 con 0x7f342c106650
2024-05-09T09:09:21.065 INFO:teuthology.orchestra.run.smithi069.stdout:/usr/bin/ceph: stderr
2024-05-09T09:09:20.293+0000 7f3428ff9700 1 -- 172.21.15.69:0/3623538929 <== mon.0 v2:172.21.15.69:3300/0 2 ==== config(27 keys) ==== 1140+0+0 (secure 0 0 0) 0x7f341c01a910 con 0x7f342c106650
2024-05-09T09:09:21.065 INFO:teuthology.orchestra.run.smithi069.stdout:/usr/bin/ceph: stderr
2024-05-09T09:09:20.293+0000 7f3428ff9700 1 -- 172.21.15.69:0/3623538929 <== mon.0 v2:172.21.15.69:3300/0 3 ==== mon_map magic: 0 ==== 205+0+0 (secure 0 0 0) 0x7f341c024970 con 0x7f342c106650
2024-05-09T09:09:21.065 INFO:teuthology.orchestra.run.smithi069.stdout:/usr/bin/ceph: stderr
2024-05-09T09:09:20.293+0000 7f3431ba4700 1 -- 172.21.15.69:0/3623538929 --> [v2:172.21.15.69:3300/0,v1:172.21.15.69:6789/0] -- mon_subscribe({mgrmap=0+}) -- 0x7f342c19e670 con 0x7f342c106650
2024-05-09T09:09:21.065 INFO:teuthology.orchestra.run.smithi069.stdout:/usr/bin/ceph: stderr
2024-05-09T09:09:20.293+0000 7f3431ba4700 1 -- 172.21.15.69:0/3623538929 --> [v2:172.21.15.69:3300/0,v1:172.21.15.69:6789/0] -- mon_subscribe({osdmap=0}) -- 0x7f342c19ead0 con 0x7f342c106650
2024-05-09T09:09:21.066 INFO:teuthology.orchestra.run.smithi069.stdout:/usr/bin/ceph: stderr
2024-05-09T09:09:20.294+0000 7f3428ff9700 1 -- 172.21.15.69:0/3623538929 <== mon.0 v2:172.21.15.69:3300/0 4 ==== mgrmap(e 8) ==== 46287+0+0 (secure 0 0 0) 0x7f341c022020 con 0x7f342c106650
2024-05-09T09:09:21.066 INFO:teuthology.orchestra.run.smithi069.stdout:/usr/bin/ceph: stderr
2024-05-09T09:09:20.294+0000 7f3431ba4700 1 -- 172.21.15.69:0/3623538929 --> [v2:172.21.15.69:3300/0,v1:172.21.15.69:6789/0] -- mon_command({"prefix": "get_command_descriptions"} v 0) -- 0x7f342c063980 con 0x7f342c106650
2024-05-09T09:09:21.066 INFO:teuthology.orchestra.run.smithi069.stdout:/usr/bin/ceph: stderr
2024-05-09T09:09:20.294+0000 7f3428ff9700 1 --2- 172.21.15.69:0/3623538929 >> [v2:172.21.15.69:6800/936285351,v1:172.21.15.69:6801/936285351] conn(0x7f3414039050 0x7f341403b510 unknown :-1 s=NONE pgs=0 cs=0 l=1 rev1=0 crypto rx=0 tx=0 comp rx=0 tx=0).connect
2024-05-09T09:09:21.066 INFO:teuthology.orchestra.run.smithi069.stdout:/usr/bin/ceph: stderr
2024-05-09T09:09:20.294+0000 7f3428ff9700 1 -- 172.21.15.69:0/3623538929 <== mon.0 v2:172.21.15.69:3300/0 5 ==== osd_map(2..2 src has 1..2) ==== 940+0+0 (secure 0 0 0) 0x7f341c04d380 con 0x7f342c106650
2024-05-09T09:09:21.066 INFO:teuthology.orchestra.run.smithi069.stdout:/usr/bin/ceph: stderr
2024-05-09T09:09:20.295+0000 7f342affd700 1 --2- 172.21.15.69:0/3623538929 >> [v2:172.21.15.69:6800/936285351,v1:172.21.15.69:6801/936285351] conn(0x7f3414039050 0x7f341403b510 unknown :-1 s=BANNER_CONNECTING pgs=0 cs=0 l=1 rev1=0 crypto rx=0 tx=0 comp rx=0 tx=0)._handle_peer_banner_payload supported=3 required=0
2024-05-09T09:09:21.066 INFO:teuthology.orchestra.run.smithi069.stdout:/usr/bin/ceph: stderr
2024-05-09T09:09:20.295+0000 7f342affd700 1 --2- 172.21.15.69:0/3623538929 >> [v2:172.21.15.69:6800/936285351,v1:172.21.15.69:6801/936285351] conn(0x7f3414039050 0x7f341403b510 secure :-1 s=READY pgs=15 cs=0 l=1 rev1=1 crypto rx=0x7f3420006fd0 tx=0x7f3420006e40 comp rx=0 tx=0).ready entity=mgr.14120 client_cookie=0 server_cookie=0 in_seq=0 out_seq=0
2024-05-09T09:09:21.066 INFO:teuthology.orchestra.run.smithi069.stdout:/usr/bin/ceph: stderr
2024-05-09T09:09:20.299+0000 7f3428ff9700 1 -- 172.21.15.69:0/3623538929 <== mon.0 v2:172.21.15.69:3300/0 6 ==== mon_command_ack([{"prefix": "get_command_descriptions"}]=0 v0) ==== 72+0+186147 (secure 0 0 0) 0x7f341c011e20 con 0x7f342c106650
2024-05-09T09:09:21.066 INFO:teuthology.orchestra.run.smithi069.stdout:/usr/bin/ceph: stderr
2024-05-09T09:09:20.536+0000 7f3431ba4700 1 -- 172.21.15.69:0/3623538929 --> [v2:172.21.15.69:3300/0,v1:172.21.15.69:6789/0] -- mon_command([{prefix=config set, name=mgr/dashboard/ssl_server_port}] v 0) -- 0x7f342c062f30 con 0x7f342c106650
2024-05-09T09:09:21.066 INFO:teuthology.orchestra.run.smithi069.stdout:/usr/bin/ceph: stderr
2024-05-09T09:09:20.538+0000 7f3428ff9700 1 -- 172.21.15.69:0/3623538929 <== mon.0 v2:172.21.15.69:3300/0 7 ==== mon_command_ack([{prefix=config set, name=mgr/dashboard/ssl_server_port}]=0 v8)=0 v8) ==== 130+0+0 (secure 0 0 0) 0x7f341c0172b0 con 0x7f342c106650
2024-05-09T09:09:21.066 INFO:teuthology.orchestra.run.smithi069.stdout:/usr/bin/ceph: stderr
2024-05-09T09:09:20.541+0000 7f3431ba4700 1 -- 172.21.15.69:0/3623538929 >> [v2:172.21.15.69:6800/936285351,v1:172.21.15.69:6801/936285351] conn(0x7f3414039050 msgr2=0x7f341403b510 secure :-1 s=STATE_CONNECTION_ESTABLISHED l=1).mark_down
2024-05-09T09:09:21.066 INFO:teuthology.orchestra.run.smithi069.stdout:/usr/bin/ceph: stderr
2024-05-09T09:09:20.541+0000 7f3431ba4700 1 --2- 172.21.15.69:0/3623538929 >> [v2:172.21.15.69:6800/936285351,v1:172.21.15.69:6801/936285351] conn(0x7f3414039050 0x7f341403b510 secure :-1 s=READY pgs=15 cs=0 l=1 rev1=1 crypto rx=0x7f3420006fd0 tx=0x7f3420006e40 comp rx=0 tx=0).stop
2024-05-09T09:09:21.066 INFO:teuthology.orchestra.run.smithi069.stdout:/usr/bin/ceph: stderr
2024-05-09T09:09:20.541+0000 7f3431ba4700 1 -- 172.21.15.69:0/3623538929 >> [v2:172.21.15.69:3300/0,v1:172.21.15.69:6789/0] conn(0x7f342c106650 msgr2=0x7f342c19dea0 secure :-1 s=STATE_CONNECTION_ESTABLISHED l=1).mark_down
2024-05-09T09:09:21.067 INFO:teuthology.orchestra.run.smithi069.stdout:/usr/bin/ceph: stderr
2024-05-09T09:09:20.541+0000 7f3431ba4700 1 --2- 172.21.15.69:0/3623538929 >> [v2:172.21.15.69:3300/0,v1:172.21.15.69:6789/0] conn(0x7f342c106650 0x7f342c19dea0 secure :-1 s=READY pgs=54 cs=0 l=1 rev1=1 crypto rx=0x7f341c0117e0 tx=0x7f341c011c10 comp rx=0 tx=0).stop
2024-05-09T09:09:21.067 INFO:teuthology.orchestra.run.smithi069.stdout:/usr/bin/ceph: stderr
2024-05-09T09:09:20.541+0000 7f3431ba4700 1 -- 172.21.15.69:0/3623538929 shutdown_connections
2024-05-09T09:09:21.067 INFO:teuthology.orchestra.run.smithi069.stdout:/usr/bin/ceph: stderr
2024-05-09T09:09:20.541+0000 7f3431ba4700 1 --2- 172.21.15.69:0/3623538929 >> [v2:172.21.15.69:6800/936285351,v1:172.21.15.69:6801/936285351] conn(0x7f3414039050 0x7f341403b510 unknown :-1 s=CLOSED pgs=15 cs=0 l=1 rev1=1 crypto rx=0 tx=0 comp rx=0 tx=0).stop
2024-05-09T09:09:21.067 INFO:teuthology.orchestra.run.smithi069.stdout:/usr/bin/ceph: stderr
2024-05-09T09:09:20.541+0000 7f3431ba4700 1 --2- 172.21.15.69:0/3623538929 >> [v2:172.21.15.69:3300/0,v1:172.21.15.69:6789/0] conn(0x7f342c106650 0x7f342c19dea0 unknown :-1 s=CLOSED pgs=54 cs=0 l=1 rev1=1 crypto rx=0 tx=0 comp rx=0 tx=0).stop
2024-05-09T09:09:21.067 INFO:teuthology.orchestra.run.smithi069.stdout:/usr/bin/ceph: stderr
2024-05-09T09:09:20.541+0000 7f3431ba4700 1 -- 172.21.15.69:0/3623538929 >> 172.21.15.69:0/3623538929 conn(0x7f342c102290 msgr2=0x7f342c194ac0 unknown :-1 s=STATE_NONE l=0).mark_down
2024-05-09T09:09:21.067 INFO:teuthology.orchestra.run.smithi069.stdout:/usr/bin/ceph: stderr
2024-05-09T09:09:20.541+0000 7f3431ba4700 1 -- 172.21.15.69:0/3623538929 shutdown_connections
2024-05-09T09:09:21.067 INFO:teuthology.orchestra.run.smithi069.stdout:/usr/bin/ceph: stderr
2024-05-09T09:09:20.541+0000 7f3431ba4700 1 -- 172.21.15.69:0/3623538929 wait complete.
2024-05-09T09:09:21.067 INFO:teuthology.orchestra.run.smithi069.stdout:Enabling the dashboard module...
2024-05-09T09:09:21.187 INFO:journalctl@ceph.mon.a.smithi069.stdout:May 09 09:09:20 smithi069 ceph-mon[30123]: from='mgr.14120 172.21.15.69:0/1021909657' entity='mgr.x'
2024-05-09T09:09:21.187 INFO:journalctl@ceph.mon.a.smithi069.stdout:May 09 09:09:20 smithi069 ceph-mon[30123]: from='client.? 172.21.15.69:0/3623538929' entity='client.admin'
2024-05-09T09:09:22.470 INFO:journalctl@ceph.mon.a.smithi069.stdout:May 09 09:09:22 smithi069 ceph-mon[30123]: from='mgr.14120 172.21.15.69:0/1021909657' entity='mgr.x'
2024-05-09T09:09:22.470 INFO:journalctl@ceph.mon.a.smithi069.stdout:May 09 09:09:22 smithi069 ceph-mon[30123]: from='client.? 172.21.15.69:0/1732381087' entity='client.admin' cmd=[{"prefix": "mgr module enable", "module": "dashboard"}]: dispatch
2024-05-09T09:09:22.471 INFO:journalctl@ceph.mgr.x.smithi069.stdout:May 09 09:09:22 smithi069 ceph-8e3a7b52-0de3-11ef-bc98-c7b262605968-mgr-x[30352]: ignoring --setuser ceph since I am not root
2024-05-09T09:09:22.471 INFO:journalctl@ceph.mgr.x.smithi069.stdout:May 09 09:09:22 smithi069 ceph-8e3a7b52-0de3-11ef-bc98-c7b262605968-mgr-x[30352]: ignoring --setgroup ceph since I am not root
2024-05-09T09:09:22.471 INFO:journalctl@ceph.mgr.x.smithi069.stdout:May 09 09:09:22 smithi069 ceph-8e3a7b52-0de3-11ef-bc98-c7b262605968-mgr-x[30352]:
2024-05-09T09:09:22.284+0000 7fb252bfb200 -1 mgr[py] Module balancer has missing NOTIFY_TYPES member
2024-05-09T09:09:22.471 INFO:journalctl@ceph.mgr.x.smithi069.stdout:May 09 09:09:22 smithi069 ceph-8e3a7b52-0de3-11ef-bc98-c7b262605968-mgr-x[30352]:
2024-05-09T09:09:22.471+0000 7fb252bfb200 -1 mgr[py] Module orchestrator has missing NOTIFY_TYPES member
2024-05-09T09:09:22.732 INFO:journalctl@ceph.mgr.x.smithi069.stdout:May 09 09:09:22 smithi069 ceph-8e3a7b52-0de3-11ef-bc98-c7b262605968-mgr-x[30352]:
2024-05-09T09:09:22.574+0000 7fb252bfb200 -1 mgr[py] Module snap_schedule has missing NOTIFY_TYPES member
2024-05-09T09:09:22.740 INFO:teuthology.orchestra.run.smithi069.stdout:/usr/bin/ceph: stderr
2024-05-09T09:09:21.462+0000 7fee322ed700 1 Processor -- start
2024-05-09T09:09:22.741 INFO:teuthology.orchestra.run.smithi069.stdout:/usr/bin/ceph: stderr
2024-05-09T09:09:21.462+0000 7fee322ed700 1 -- start start
2024-05-09T09:09:22.741 INFO:teuthology.orchestra.run.smithi069.stdout:/usr/bin/ceph: stderr
2024-05-09T09:09:21.462+0000 7fee322ed700 1 --2- >> [v2:172.21.15.69:3300/0,v1:172.21.15.69:6789/0] conn(0x7fee2c1060b0 0x7fee2c1064d0 unknown :-1 s=NONE pgs=0 cs=0 l=0 rev1=0 crypto rx=0 tx=0 comp rx=0 tx=0).connect
2024-05-09T09:09:22.741 INFO:teuthology.orchestra.run.smithi069.stdout:/usr/bin/ceph: stderr
2024-05-09T09:09:21.462+0000 7fee322ed700 1 -- --> [v2:172.21.15.69:3300/0,v1:172.21.15.69:6789/0] -- mon_getmap magic: 0 -- 0x7fee2c106aa0 con 0x7fee2c1060b0
2024-05-09T09:09:22.741 INFO:teuthology.orchestra.run.smithi069.stdout:/usr/bin/ceph: stderr
2024-05-09T09:09:21.463+0000 7fee2bfff700 1 --2- >> [v2:172.21.15.69:3300/0,v1:172.21.15.69:6789/0] conn(0x7fee2c1060b0 0x7fee2c1064d0 unknown :-1 s=BANNER_CONNECTING pgs=0 cs=0 l=0 rev1=0 crypto rx=0 tx=0 comp rx=0 tx=0)._handle_peer_banner_payload supported=3 required=0
2024-05-09T09:09:22.741 INFO:teuthology.orchestra.run.smithi069.stdout:/usr/bin/ceph: stderr
2024-05-09T09:09:21.463+0000 7fee2bfff700 1 --2- >> [v2:172.21.15.69:3300/0,v1:172.21.15.69:6789/0] conn(0x7fee2c1060b0 0x7fee2c1064d0 unknown :-1 s=HELLO_CONNECTING pgs=0 cs=0 l=0 rev1=1 crypto rx=0 tx=0 comp rx=0 tx=0).handle_hello peer v2:172.21.15.69:3300/0 says I am v2:172.21.15.69:53446/0 (socket says 172.21.15.69:53446)
2024-05-09T09:09:22.741 INFO:teuthology.orchestra.run.smithi069.stdout:/usr/bin/ceph: stderr
2024-05-09T09:09:21.463+0000 7fee2bfff700 1 -- 172.21.15.69:0/3329955526 learned_addr learned my addr 172.21.15.69:0/3329955526 (peer_addr_for_me v2:172.21.15.69:0/0)
2024-05-09T09:09:22.741 INFO:teuthology.orchestra.run.smithi069.stdout:/usr/bin/ceph: stderr
2024-05-09T09:09:21.463+0000 7fee2bfff700 1 -- 172.21.15.69:0/3329955526 --> [v2:172.21.15.69:3300/0,v1:172.21.15.69:6789/0] -- mon_subscribe({config=0+,monmap=0+}) -- 0x7fee2c109040 con 0x7fee2c1060b0
2024-05-09T09:09:22.741 INFO:teuthology.orchestra.run.smithi069.stdout:/usr/bin/ceph: stderr
2024-05-09T09:09:21.463+0000 7fee2bfff700 1 --2- 172.21.15.69:0/3329955526 >> [v2:172.21.15.69:3300/0,v1:172.21.15.69:6789/0] conn(0x7fee2c1060b0 0x7fee2c1064d0 secure :-1 s=READY pgs=55 cs=0 l=1 rev1=1 crypto rx=0x7fee200098a0 tx=0x7fee20009bb0 comp rx=0 tx=0).ready entity=mon.0 client_cookie=caf97734541fb35e server_cookie=0 in_seq=0 out_seq=0
2024-05-09T09:09:22.741 INFO:teuthology.orchestra.run.smithi069.stdout:/usr/bin/ceph: stderr
2024-05-09T09:09:21.463+0000 7fee2affd700 1 -- 172.21.15.69:0/3329955526 <== mon.0 v2:172.21.15.69:3300/0 1 ==== mon_map magic: 0 ==== 205+0+0 (secure 0 0 0) 0x7fee20004160 con 0x7fee2c1060b0
2024-05-09T09:09:22.741 INFO:teuthology.orchestra.run.smithi069.stdout:/usr/bin/ceph: stderr
2024-05-09T09:09:21.463+0000 7fee2affd700 1 -- 172.21.15.69:0/3329955526 <== mon.0 v2:172.21.15.69:3300/0 2 ==== config(27 keys) ==== 1140+0+0 (secure 0 0 0) 0x7fee20004300 con 0x7fee2c1060b0
2024-05-09T09:09:22.741 INFO:teuthology.orchestra.run.smithi069.stdout:/usr/bin/ceph: stderr
2024-05-09T09:09:21.463+0000 7fee2affd700 1 -- 172.21.15.69:0/3329955526 <== mon.0 v2:172.21.15.69:3300/0 3 ==== mon_map magic: 0 ==== 205+0+0 (secure 0 0 0) 0x7fee20011b20 con 0x7fee2c1060b0
2024-05-09T09:09:22.741 INFO:teuthology.orchestra.run.smithi069.stdout:/usr/bin/ceph: stderr
2024-05-09T09:09:21.464+0000 7fee322ed700 1 -- 172.21.15.69:0/3329955526 >> [v2:172.21.15.69:3300/0,v1:172.21.15.69:6789/0] conn(0x7fee2c1060b0 msgr2=0x7fee2c1064d0 secure :-1 s=STATE_CONNECTION_ESTABLISHED l=1).mark_down
2024-05-09T09:09:22.742 INFO:teuthology.orchestra.run.smithi069.stdout:/usr/bin/ceph: stderr
2024-05-09T09:09:21.464+0000 7fee322ed700 1 --2- 172.21.15.69:0/3329955526 >> [v2:172.21.15.69:3300/0,v1:172.21.15.69:6789/0] conn(0x7fee2c1060b0 0x7fee2c1064d0 secure :-1 s=READY pgs=55 cs=0 l=1 rev1=1 crypto rx=0x7fee200098a0 tx=0x7fee20009bb0 comp rx=0 tx=0).stop
2024-05-09T09:09:22.742 INFO:teuthology.orchestra.run.smithi069.stdout:/usr/bin/ceph: stderr
2024-05-09T09:09:21.464+0000 7fee322ed700 1 -- 172.21.15.69:0/3329955526 shutdown_connections
2024-05-09T09:09:22.742 INFO:teuthology.orchestra.run.smithi069.stdout:/usr/bin/ceph: stderr
2024-05-09T09:09:21.464+0000 7fee322ed700 1 --2- 172.21.15.69:0/3329955526 >> [v2:172.21.15.69:3300/0,v1:172.21.15.69:6789/0] conn(0x7fee2c1060b0 0x7fee2c1064d0 unknown :-1 s=CLOSED pgs=55 cs=0 l=1 rev1=1 crypto rx=0 tx=0 comp rx=0 tx=0).stop
2024-05-09T09:09:22.742 INFO:teuthology.orchestra.run.smithi069.stdout:/usr/bin/ceph: stderr
2024-05-09T09:09:21.464+0000 7fee322ed700 1 -- 172.21.15.69:0/3329955526 >> 172.21.15.69:0/3329955526 conn(0x7fee2c101a20 msgr2=0x7fee2c103e40 unknown :-1 s=STATE_NONE l=0).mark_down
2024-05-09T09:09:22.742 INFO:teuthology.orchestra.run.smithi069.stdout:/usr/bin/ceph: stderr
2024-05-09T09:09:21.464+0000 7fee322ed700 1 -- 172.21.15.69:0/3329955526 shutdown_connections
2024-05-09T09:09:22.742 INFO:teuthology.orchestra.run.smithi069.stdout:/usr/bin/ceph: stderr
2024-05-09T09:09:21.464+0000 7fee322ed700 1 -- 172.21.15.69:0/3329955526 wait complete.
2024-05-09T09:09:22.742 INFO:teuthology.orchestra.run.smithi069.stdout:/usr/bin/ceph: stderr
2024-05-09T09:09:21.465+0000 7fee322ed700 1 Processor -- start
2024-05-09T09:09:22.742 INFO:teuthology.orchestra.run.smithi069.stdout:/usr/bin/ceph: stderr
2024-05-09T09:09:21.465+0000 7fee322ed700 1 -- start start
2024-05-09T09:09:22.742 INFO:teuthology.orchestra.run.smithi069.stdout:/usr/bin/ceph: stderr
2024-05-09T09:09:21.465+0000 7fee322ed700 1 --2- >> [v2:172.21.15.69:3300/0,v1:172.21.15.69:6789/0] conn(0x7fee2c1060b0 0x7fee2c19bcc0 unknown :-1 s=NONE pgs=0 cs=0 l=1 rev1=0 crypto rx=0 tx=0 comp rx=0 tx=0).connect
2024-05-09T09:09:22.742 INFO:teuthology.orchestra.run.smithi069.stdout:/usr/bin/ceph: stderr
2024-05-09T09:09:21.465+0000 7fee322ed700 1 -- --> [v2:172.21.15.69:3300/0,v1:172.21.15.69:6789/0] -- mon_getmap magic: 0 -- 0x7fee2c10c3f0 con 0x7fee2c1060b0
2024-05-09T09:09:22.742 INFO:teuthology.orchestra.run.smithi069.stdout:/usr/bin/ceph: stderr
2024-05-09T09:09:21.465+0000 7fee2bfff700 1 --2- >> [v2:172.21.15.69:3300/0,v1:172.21.15.69:6789/0] conn(0x7fee2c1060b0 0x7fee2c19bcc0 unknown :-1 s=BANNER_CONNECTING pgs=0 cs=0 l=1 rev1=0 crypto rx=0 tx=0 comp rx=0 tx=0)._handle_peer_banner_payload supported=3 required=0
2024-05-09T09:09:22.743 INFO:teuthology.orchestra.run.smithi069.stdout:/usr/bin/ceph: stderr
2024-05-09T09:09:21.465+0000 7fee2bfff700 1 --2- >> [v2:172.21.15.69:3300/0,v1:172.21.15.69:6789/0] conn(0x7fee2c1060b0 0x7fee2c19bcc0 unknown :-1 s=HELLO_CONNECTING pgs=0 cs=0 l=1 rev1=1 crypto rx=0 tx=0 comp rx=0 tx=0).handle_hello peer v2:172.21.15.69:3300/0 says I am v2:172.21.15.69:53462/0 (socket says 172.21.15.69:53462)
2024-05-09T09:09:22.743 INFO:teuthology.orchestra.run.smithi069.stdout:/usr/bin/ceph: stderr
2024-05-09T09:09:21.465+0000 7fee2bfff700 1 -- 172.21.15.69:0/1732381087 learned_addr learned my addr 172.21.15.69:0/1732381087 (peer_addr_for_me v2:172.21.15.69:0/0)
2024-05-09T09:09:22.743 INFO:teuthology.orchestra.run.smithi069.stdout:/usr/bin/ceph: stderr
2024-05-09T09:09:21.465+0000 7fee2bfff700 1 -- 172.21.15.69:0/1732381087 --> [v2:172.21.15.69:3300/0,v1:172.21.15.69:6789/0] -- mon_subscribe({config=0+,monmap=0+}) -- 0x7fee2c19c200 con 0x7fee2c1060b0
2024-05-09T09:09:22.743 INFO:teuthology.orchestra.run.smithi069.stdout:/usr/bin/ceph: stderr
2024-05-09T09:09:21.466+0000 7fee2bfff700 1 --2- 172.21.15.69:0/1732381087 >> [v2:172.21.15.69:3300/0,v1:172.21.15.69:6789/0] conn(0x7fee2c1060b0 0x7fee2c19bcc0 secure :-1 s=READY pgs=56 cs=0 l=1 rev1=1 crypto rx=0x7fee200117e0 tx=0x7fee20011c10 comp rx=0 tx=0).ready entity=mon.0 client_cookie=0 server_cookie=0 in_seq=0 out_seq=0
2024-05-09T09:09:22.743 INFO:teuthology.orchestra.run.smithi069.stdout:/usr/bin/ceph: stderr
2024-05-09T09:09:21.466+0000 7fee297fa700 1 -- 172.21.15.69:0/1732381087 <== mon.0 v2:172.21.15.69:3300/0 1 ==== mon_map magic: 0 ==== 205+0+0 (secure 0 0 0) 0x7fee20003bf0 con 0x7fee2c1060b0
2024-05-09T09:09:22.743 INFO:teuthology.orchestra.run.smithi069.stdout:/usr/bin/ceph: stderr
2024-05-09T09:09:21.466+0000 7fee297fa700 1 -- 172.21.15.69:0/1732381087 <== mon.0 v2:172.21.15.69:3300/0 2 ==== config(27 keys) ==== 1140+0+0 (secure 0 0 0) 0x7fee2001a910 con 0x7fee2c1060b0
2024-05-09T09:09:22.743 INFO:teuthology.orchestra.run.smithi069.stdout:/usr/bin/ceph: stderr
2024-05-09T09:09:21.466+0000 7fee297fa700 1 -- 172.21.15.69:0/1732381087 <== mon.0 v2:172.21.15.69:3300/0 3 ==== mon_map magic: 0 ==== 205+0+0 (secure 0 0 0) 0x7fee200249a0 con 0x7fee2c1060b0
2024-05-09T09:09:22.743 INFO:teuthology.orchestra.run.smithi069.stdout:/usr/bin/ceph: stderr
2024-05-09T09:09:21.466+0000 7fee322ed700 1 -- 172.21.15.69:0/1732381087 --> [v2:172.21.15.69:3300/0,v1:172.21.15.69:6789/0] -- mon_subscribe({mgrmap=0+}) -- 0x7fee2c19c490 con 0x7fee2c1060b0
2024-05-09T09:09:22.743 INFO:teuthology.orchestra.run.smithi069.stdout:/usr/bin/ceph: stderr
2024-05-09T09:09:21.466+0000 7fee322ed700 1 -- 172.21.15.69:0/1732381087 --> [v2:172.21.15.69:3300/0,v1:172.21.15.69:6789/0] -- mon_subscribe({osdmap=0}) -- 0x7fee2c19c8f0 con 0x7fee2c1060b0
2024-05-09T09:09:22.743 INFO:teuthology.orchestra.run.smithi069.stdout:/usr/bin/ceph: stderr
2024-05-09T09:09:21.467+0000 7fee297fa700 1 -- 172.21.15.69:0/1732381087 <== mon.0 v2:172.21.15.69:3300/0 4 ==== mgrmap(e 8) ==== 46287+0+0 (secure 0 0 0) 0x7fee20022020 con 0x7fee2c1060b0
2024-05-09T09:09:22.743 INFO:teuthology.orchestra.run.smithi069.stdout:/usr/bin/ceph: stderr
2024-05-09T09:09:21.467+0000 7fee297fa700 1 --2- 172.21.15.69:0/1732381087 >> [v2:172.21.15.69:6800/936285351,v1:172.21.15.69:6801/936285351] conn(0x7fee14039050 0x7fee1403b510 unknown :-1 s=NONE pgs=0 cs=0 l=1 rev1=0 crypto rx=0 tx=0 comp rx=0 tx=0).connect
2024-05-09T09:09:22.743 INFO:teuthology.orchestra.run.smithi069.stdout:/usr/bin/ceph: stderr
2024-05-09T09:09:21.467+0000 7fee297fa700 1 -- 172.21.15.69:0/1732381087 <== mon.0 v2:172.21.15.69:3300/0 5 ==== osd_map(2..2 src has 1..2) ==== 940+0+0 (secure 0 0 0) 0x7fee2004d3a0 con 0x7fee2c1060b0
2024-05-09T09:09:22.743 INFO:teuthology.orchestra.run.smithi069.stdout:/usr/bin/ceph: stderr
2024-05-09T09:09:21.467+0000 7fee322ed700 1 -- 172.21.15.69:0/1732381087 --> [v2:172.21.15.69:3300/0,v1:172.21.15.69:6789/0] -- mon_command({"prefix": "get_command_descriptions"} v 0) -- 0x7fee2c063980 con 0x7fee2c1060b0
2024-05-09T09:09:22.744 INFO:teuthology.orchestra.run.smithi069.stdout:/usr/bin/ceph: stderr
2024-05-09T09:09:21.467+0000 7fee2b7fe700 1 --2- 172.21.15.69:0/1732381087 >> [v2:172.21.15.69:6800/936285351,v1:172.21.15.69:6801/936285351] conn(0x7fee14039050 0x7fee1403b510 unknown :-1 s=BANNER_CONNECTING pgs=0 cs=0 l=1 rev1=0 crypto rx=0 tx=0 comp rx=0 tx=0)._handle_peer_banner_payload supported=3 required=0
2024-05-09T09:09:22.744 INFO:teuthology.orchestra.run.smithi069.stdout:/usr/bin/ceph: stderr
2024-05-09T09:09:21.468+0000 7fee2b7fe700 1 --2- 172.21.15.69:0/1732381087 >> [v2:172.21.15.69:6800/936285351,v1:172.21.15.69:6801/936285351] conn(0x7fee14039050 0x7fee1403b510 secure :-1 s=READY pgs=16 cs=0 l=1 rev1=1 crypto rx=0x7fee1c006fd0 tx=0x7fee1c006e40 comp rx=0 tx=0).ready entity=mgr.14120 client_cookie=0 server_cookie=0 in_seq=0 out_seq=0
2024-05-09T09:09:22.744 INFO:teuthology.orchestra.run.smithi069.stdout:/usr/bin/ceph: stderr
2024-05-09T09:09:21.477+0000 7fee297fa700 1 -- 172.21.15.69:0/1732381087 <== mon.0 v2:172.21.15.69:3300/0 6 ==== mon_command_ack([{"prefix": "get_command_descriptions"}]=0 v0) ==== 72+0+186147 (secure 0 0 0) 0x7fee20011e20 con 0x7fee2c1060b0
2024-05-09T09:09:22.744 INFO:teuthology.orchestra.run.smithi069.stdout:/usr/bin/ceph: stderr
2024-05-09T09:09:21.754+0000 7fee322ed700 1 -- 172.21.15.69:0/1732381087 --> [v2:172.21.15.69:3300/0,v1:172.21.15.69:6789/0] -- mon_command({"prefix": "mgr module enable", "module": "dashboard"} v 0) -- 0x7fee2c19f5b0 con 0x7fee2c1060b0
2024-05-09T09:09:22.744 INFO:teuthology.orchestra.run.smithi069.stdout:/usr/bin/ceph: stderr
2024-05-09T09:09:22.107+0000 7fee297fa700 1 -- 172.21.15.69:0/1732381087 <== mon.0 v2:172.21.15.69:3300/0 7 ==== mon_command_ack([{"prefix": "mgr module enable", "module": "dashboard"}]=0 v9) ==== 88+0+0 (secure 0 0 0) 0x7fee20019c70 con 0x7fee2c1060b0
2024-05-09T09:09:22.744 INFO:teuthology.orchestra.run.smithi069.stdout:/usr/bin/ceph: stderr
2024-05-09T09:09:22.108+0000 7fee297fa700 1 -- 172.21.15.69:0/1732381087 <== mon.0 v2:172.21.15.69:3300/0 8 ==== mgrmap(e 9) ==== 46300+0+0 (secure 0 0 0) 0x7fee2002d960 con 0x7fee2c1060b0
2024-05-09T09:09:22.744 INFO:teuthology.orchestra.run.smithi069.stdout:/usr/bin/ceph: stderr
2024-05-09T09:09:22.109+0000 7fee322ed700 1 -- 172.21.15.69:0/1732381087 >> [v2:172.21.15.69:6800/936285351,v1:172.21.15.69:6801/936285351] conn(0x7fee14039050 msgr2=0x7fee1403b510 secure :-1 s=STATE_CONNECTION_ESTABLISHED l=1).mark_down
2024-05-09T09:09:22.744 INFO:teuthology.orchestra.run.smithi069.stdout:/usr/bin/ceph: stderr
2024-05-09T09:09:22.109+0000 7fee322ed700 1 --2- 172.21.15.69:0/1732381087 >> [v2:172.21.15.69:6800/936285351,v1:172.21.15.69:6801/936285351] conn(0x7fee14039050 0x7fee1403b510 secure :-1 s=READY pgs=16 cs=0 l=1 rev1=1 crypto rx=0x7fee1c006fd0 tx=0x7fee1c006e40 comp rx=0 tx=0).stop
2024-05-09T09:09:22.744 INFO:teuthology.orchestra.run.smithi069.stdout:/usr/bin/ceph: stderr
2024-05-09T09:09:22.109+0000 7fee322ed700 1 -- 172.21.15.69:0/1732381087 >> [v2:172.21.15.69:3300/0,v1:172.21.15.69:6789/0] conn(0x7fee2c1060b0 msgr2=0x7fee2c19bcc0 secure :-1 s=STATE_CONNECTION_ESTABLISHED l=1).mark_down
2024-05-09T09:09:22.744 INFO:teuthology.orchestra.run.smithi069.stdout:/usr/bin/ceph: stderr
2024-05-09T09:09:22.109+0000 7fee322ed700 1 --2- 172.21.15.69:0/1732381087 >> [v2:172.21.15.69:3300/0,v1:172.21.15.69:6789/0] conn(0x7fee2c1060b0 0x7fee2c19bcc0 secure :-1 s=READY pgs=56 cs=0 l=1 rev1=1 crypto rx=0x7fee200117e0 tx=0x7fee20011c10 comp rx=0 tx=0).stop
2024-05-09T09:09:22.744 INFO:teuthology.orchestra.run.smithi069.stdout:/usr/bin/ceph: stderr
2024-05-09T09:09:22.110+0000 7fee322ed700 1 -- 172.21.15.69:0/1732381087 shutdown_connections
2024-05-09T09:09:22.744 INFO:teuthology.orchestra.run.smithi069.stdout:/usr/bin/ceph: stderr
2024-05-09T09:09:22.110+0000 7fee322ed700 1 --2- 172.21.15.69:0/1732381087 >> [v2:172.21.15.69:6800/936285351,v1:172.21.15.69:6801/936285351] conn(0x7fee14039050 0x7fee1403b510 unknown :-1 s=CLOSED pgs=16 cs=0 l=1 rev1=1 crypto rx=0 tx=0 comp rx=0 tx=0).stop
2024-05-09T09:09:22.744 INFO:teuthology.orchestra.run.smithi069.stdout:/usr/bin/ceph: stderr
2024-05-09T09:09:22.110+0000 7fee322ed700 1 --2- 172.21.15.69:0/1732381087 >> [v2:172.21.15.69:3300/0,v1:172.21.15.69:6789/0] conn(0x7fee2c1060b0 0x7fee2c19bcc0 unknown :-1 s=CLOSED pgs=56 cs=0 l=1 rev1=1 crypto rx=0 tx=0 comp rx=0 tx=0).stop
2024-05-09T09:09:22.744 INFO:teuthology.orchestra.run.smithi069.stdout:/usr/bin/ceph: stderr
