2024-05-09T09:15:16.057+0000 7fbe39ffb700 1 -- 172.21.15.12:0/3701406394 <== mon.0 v2:172.21.15.12:3300/0 5 ==== osd_map(1..1 src has 1..1) ==== 725+0+0 (secure 0 0 0) 0x7fbe30024730 con 0x7fbe3c107d30
2024-05-09T09:15:16.739 INFO:teuthology.orchestra.run.smithi012.stdout:/usr/bin/ceph: stderr
2024-05-09T09:15:16.058+0000 7fbe43185700 1 -- 172.21.15.12:0/3701406394 --> [v2:172.21.15.12:3300/0,v1:172.21.15.12:6789/0] -- mon_command({"prefix": "get_command_descriptions"} v 0) -- 0x7fbe3c063980 con 0x7fbe3c107d30
2024-05-09T09:15:16.739 INFO:teuthology.orchestra.run.smithi012.stdout:/usr/bin/ceph: stderr
2024-05-09T09:15:16.060+0000 7fbe39ffb700 1 -- 172.21.15.12:0/3701406394 <== mon.0 v2:172.21.15.12:3300/0 6 ==== mon_command_ack([{"prefix": "get_command_descriptions"}]=0 v0) ==== 72+0+73141 (secure 0 0 0) 0x7fbe30043dd0 con 0x7fbe3c107d30
2024-05-09T09:15:16.739 INFO:teuthology.orchestra.run.smithi012.stdout:/usr/bin/ceph: stderr
2024-05-09T09:15:16.134+0000 7fbe43185700 1 -- 172.21.15.12:0/3701406394 --> [v2:172.21.15.12:3300/0,v1:172.21.15.12:6789/0] -- mon_command({"prefix": "status", "format": "json-pretty"} v 0) -- 0x7fbe3c19f630 con 0x7fbe3c107d30
2024-05-09T09:15:16.739 INFO:teuthology.orchestra.run.smithi012.stdout:/usr/bin/ceph: stderr
2024-05-09T09:15:16.134+0000 7fbe39ffb700 1 -- 172.21.15.12:0/3701406394 <== mon.0 v2:172.21.15.12:3300/0 7 ==== mon_command_ack([{"prefix": "status", "format": "json-pretty"}]=0 v0) ==== 79+0+1239 (secure 0 0 0) 0x7fbe30032020 con 0x7fbe3c107d30
2024-05-09T09:15:16.739 INFO:teuthology.orchestra.run.smithi012.stdout:/usr/bin/ceph: stderr
2024-05-09T09:15:16.135+0000 7fbe43185700 1 -- 172.21.15.12:0/3701406394 >> [v2:172.21.15.12:3300/0,v1:172.21.15.12:6789/0] conn(0x7fbe3c107d30 msgr2=0x7fbe3c19bc00 secure :-1 s=STATE_CONNECTION_ESTABLISHED l=1).mark_down
2024-05-09T09:15:16.739 INFO:teuthology.orchestra.run.smithi012.stdout:/usr/bin/ceph: stderr
2024-05-09T09:15:16.135+0000 7fbe43185700 1 --2- 172.21.15.12:0/3701406394 >> [v2:172.21.15.12:3300/0,v1:172.21.15.12:6789/0] conn(0x7fbe3c107d30 0x7fbe3c19bc00 secure :-1 s=READY pgs=6 cs=0 l=1 rev1=1 crypto rx=0x7fbe30011670 tx=0x7fbe30011b50 comp rx=0 tx=0).stop
2024-05-09T09:15:16.739 INFO:teuthology.orchestra.run.smithi012.stdout:/usr/bin/ceph: stderr
2024-05-09T09:15:16.135+0000 7fbe43185700 1 -- 172.21.15.12:0/3701406394 shutdown_connections
2024-05-09T09:15:16.739 INFO:teuthology.orchestra.run.smithi012.stdout:/usr/bin/ceph: stderr
2024-05-09T09:15:16.135+0000 7fbe43185700 1 --2- 172.21.15.12:0/3701406394 >> [v2:172.21.15.12:3300/0,v1:172.21.15.12:6789/0] conn(0x7fbe3c107d30 0x7fbe3c19bc00 unknown :-1 s=CLOSED pgs=6 cs=0 l=1 rev1=1 crypto rx=0 tx=0 comp rx=0 tx=0).stop
2024-05-09T09:15:16.739 INFO:teuthology.orchestra.run.smithi012.stdout:/usr/bin/ceph: stderr
2024-05-09T09:15:16.135+0000 7fbe43185700 1 -- 172.21.15.12:0/3701406394 >> 172.21.15.12:0/3701406394 conn(0x7fbe3c1032f0 msgr2=0x7fbe3c103d90 unknown :-1 s=STATE_NONE l=0).mark_down
2024-05-09T09:15:16.739 INFO:teuthology.orchestra.run.smithi012.stdout:/usr/bin/ceph: stderr
2024-05-09T09:15:16.136+0000 7fbe43185700 1 -- 172.21.15.12:0/3701406394 shutdown_connections
2024-05-09T09:15:16.739 INFO:teuthology.orchestra.run.smithi012.stdout:/usr/bin/ceph: stderr
2024-05-09T09:15:16.136+0000 7fbe43185700 1 -- 172.21.15.12:0/3701406394 wait complete.
2024-05-09T09:15:16.739 INFO:teuthology.orchestra.run.smithi012.stdout:mgr not available, waiting (1/15)...
2024-05-09T09:15:17.976 INFO:journalctl@ceph.mgr.x.smithi012.stdout:May 09 09:15:17 smithi012 ceph-770e12d0-0de4-11ef-bc98-c7b262605968-mgr-x[30371]:
2024-05-09T09:15:17.620+0000 7f67811e3200 -1 mgr[py] Module telegraf has missing NOTIFY_TYPES member
2024-05-09T09:15:17.976 INFO:journalctl@ceph.mgr.x.smithi012.stdout:May 09 09:15:17 smithi012 ceph-770e12d0-0de4-11ef-bc98-c7b262605968-mgr-x[30371]:
2024-05-09T09:15:17.797+0000 7f67811e3200 -1 mgr[py] Module osd_support has missing NOTIFY_TYPES member
2024-05-09T09:15:17.976 INFO:journalctl@ceph.mgr.x.smithi012.stdout:May 09 09:15:17 smithi012 ceph-770e12d0-0de4-11ef-bc98-c7b262605968-mgr-x[30371]:
2024-05-09T09:15:17.975+0000 7f67811e3200 -1 mgr[py] Module iostat has missing NOTIFY_TYPES member
2024-05-09T09:15:18.586 INFO:journalctl@ceph.mgr.x.smithi012.stdout:May 09 09:15:18 smithi012 ceph-770e12d0-0de4-11ef-bc98-c7b262605968-mgr-x[30371]:
2024-05-09T09:15:18.278+0000 7f67811e3200 -1 mgr[py] Module alerts has missing NOTIFY_TYPES member
2024-05-09T09:15:18.586 INFO:journalctl@ceph.mgr.x.smithi012.stdout:May 09 09:15:18 smithi012 ceph-770e12d0-0de4-11ef-bc98-c7b262605968-mgr-x[30371]:
2024-05-09T09:15:18.374+0000 7f67811e3200 -1 mgr[py] Module selftest has missing NOTIFY_TYPES member
2024-05-09T09:15:18.586 INFO:journalctl@ceph.mgr.x.smithi012.stdout:May 09 09:15:18 smithi012 ceph-770e12d0-0de4-11ef-bc98-c7b262605968-mgr-x[30371]:
2024-05-09T09:15:18.587+0000 7f67811e3200 -1 mgr[py] Module pg_autoscaler has missing NOTIFY_TYPES member
2024-05-09T09:15:18.851 INFO:journalctl@ceph.mgr.x.smithi012.stdout:May 09 09:15:18 smithi012 ceph-770e12d0-0de4-11ef-bc98-c7b262605968-mgr-x[30371]:
2024-05-09T09:15:18.790+0000 7f67811e3200 -1 mgr[py] Module test_orchestrator has missing NOTIFY_TYPES member
2024-05-09T09:15:19.733 INFO:journalctl@ceph.mgr.x.smithi012.stdout:May 09 09:15:19 smithi012 ceph-770e12d0-0de4-11ef-bc98-c7b262605968-mgr-x[30371]:
2024-05-09T09:15:19.424+0000 7f67811e3200 -1 mgr[py] Module rook has missing NOTIFY_TYPES member
2024-05-09T09:15:20.174 INFO:journalctl@ceph.mgr.x.smithi012.stdout:May 09 09:15:19 smithi012 ceph-770e12d0-0de4-11ef-bc98-c7b262605968-mgr-x[30371]:
2024-05-09T09:15:19.864+0000 7f67811e3200 -1 mgr[py] Module volumes has missing NOTIFY_TYPES member
2024-05-09T09:15:20.174 INFO:journalctl@ceph.mgr.x.smithi012.stdout:May 09 09:15:19 smithi012 ceph-770e12d0-0de4-11ef-bc98-c7b262605968-mgr-x[30371]:
2024-05-09T09:15:19.965+0000 7f67811e3200 -1 mgr[py] Module crash has missing NOTIFY_TYPES member
2024-05-09T09:15:20.174 INFO:journalctl@ceph.mgr.x.smithi012.stdout:May 09 09:15:20 smithi012 ceph-770e12d0-0de4-11ef-bc98-c7b262605968-mgr-x[30371]:
2024-05-09T09:15:20.174+0000 7f67811e3200 -1 mgr[py] Module rgw has missing NOTIFY_TYPES member
2024-05-09T09:15:21.076 INFO:journalctl@ceph.mgr.x.smithi012.stdout:May 09 09:15:20 smithi012 ceph-770e12d0-0de4-11ef-bc98-c7b262605968-mgr-x[30371]:
2024-05-09T09:15:20.723+0000 7f67811e3200 -1 mgr[py] Module prometheus has missing NOTIFY_TYPES member
2024-05-09T09:15:21.076 INFO:journalctl@ceph.mgr.x.smithi012.stdout:May 09 09:15:20 smithi012 ceph-770e12d0-0de4-11ef-bc98-c7b262605968-mgr-x[30371]:
2024-05-09T09:15:20.820+0000 7f67811e3200 -1 mgr[py] Module devicehealth has missing NOTIFY_TYPES member
2024-05-09T09:15:21.451 INFO:journalctl@ceph.mgr.x.smithi012.stdout:May 09 09:15:21 smithi012 ceph-770e12d0-0de4-11ef-bc98-c7b262605968-mgr-x[30371]:
2024-05-09T09:15:21.077+0000 7f67811e3200 -1 mgr[py] Module telemetry has missing NOTIFY_TYPES member
2024-05-09T09:15:21.451 INFO:journalctl@ceph.mgr.x.smithi012.stdout:May 09 09:15:21 smithi012 ceph-770e12d0-0de4-11ef-bc98-c7b262605968-mgr-x[30371]:
2024-05-09T09:15:21.216+0000 7f67811e3200 -1 mgr[py] Module diskprediction_local has missing NOTIFY_TYPES member
2024-05-09T09:15:21.451 INFO:journalctl@ceph.mgr.x.smithi012.stdout:May 09 09:15:21 smithi012 ceph-770e12d0-0de4-11ef-bc98-c7b262605968-mgr-x[30371]:
2024-05-09T09:15:21.315+0000 7f67811e3200 -1 mgr[py] Module osd_perf_query has missing NOTIFY_TYPES member
2024-05-09T09:15:21.451 INFO:journalctl@ceph.mgr.x.smithi012.stdout:May 09 09:15:21 smithi012 ceph-770e12d0-0de4-11ef-bc98-c7b262605968-mgr-x[30371]:
2024-05-09T09:15:21.436+0000 7f67811e3200 -1 mgr[py] Module rbd_support has missing NOTIFY_TYPES member
2024-05-09T09:15:22.030 INFO:journalctl@ceph.mgr.x.smithi012.stdout:May 09 09:15:21 smithi012 ceph-770e12d0-0de4-11ef-bc98-c7b262605968-mgr-x[30371]:
2024-05-09T09:15:21.752+0000 7f67811e3200 -1 mgr[py] Module zabbix has missing NOTIFY_TYPES member
2024-05-09T09:15:22.390 INFO:journalctl@ceph.mon.a.smithi012.stdout:May 09 09:15:22 smithi012 ceph-mon[30140]: from='client.? 172.21.15.12:0/1398832688' entity='client.admin' cmd=[{"prefix": "status", "format": "json-pretty"}]: dispatch
2024-05-09T09:15:22.728 INFO:journalctl@ceph.mgr.x.smithi012.stdout:May 09 09:15:22 smithi012 ceph-770e12d0-0de4-11ef-bc98-c7b262605968-mgr-x[30371]:
2024-05-09T09:15:22.391+0000 7f67811e3200 -1 mgr[py] Module status has missing NOTIFY_TYPES member
2024-05-09T09:15:22.728 INFO:journalctl@ceph.mgr.x.smithi012.stdout:May 09 09:15:22 smithi012 ceph-770e12d0-0de4-11ef-bc98-c7b262605968-mgr-x[30371]:
2024-05-09T09:15:22.616+0000 7f67811e3200 -1 mgr[py] Module nfs has missing NOTIFY_TYPES member
2024-05-09T09:15:23.484 INFO:journalctl@ceph.mon.a.smithi012.stdout:May 09 09:15:23 smithi012 ceph-mon[30140]: Activating manager daemon x
2024-05-09T09:15:23.484 INFO:journalctl@ceph.mon.a.smithi012.stdout:May 09 09:15:23 smithi012 ceph-mon[30140]: mgrmap e2: x(active, starting, since 0.00293937s)
2024-05-09T09:15:23.484 INFO:journalctl@ceph.mon.a.smithi012.stdout:May 09 09:15:23 smithi012 ceph-mon[30140]: from='mgr.14100 172.21.15.12:0/1607477514' entity='mgr.x' cmd=[{"prefix": "mds metadata"}]: dispatch
2024-05-09T09:15:23.484 INFO:journalctl@ceph.mon.a.smithi012.stdout:May 09 09:15:23 smithi012 ceph-mon[30140]: from='mgr.14100 172.21.15.12:0/1607477514' entity='mgr.x' cmd=[{"prefix": "osd metadata"}]: dispatch
2024-05-09T09:15:23.484 INFO:journalctl@ceph.mon.a.smithi012.stdout:May 09 09:15:23 smithi012 ceph-mon[30140]: from='mgr.14100 172.21.15.12:0/1607477514' entity='mgr.x' cmd=[{"prefix": "mon metadata"}]: dispatch
2024-05-09T09:15:23.484 INFO:journalctl@ceph.mon.a.smithi012.stdout:May 09 09:15:23 smithi012 ceph-mon[30140]: from='mgr.14100 172.21.15.12:0/1607477514' entity='mgr.x' cmd=[{"prefix": "mon metadata", "id": "a"}]: dispatch
2024-05-09T09:15:23.484 INFO:journalctl@ceph.mon.a.smithi012.stdout:May 09 09:15:23 smithi012 ceph-mon[30140]: from='mgr.14100 172.21.15.12:0/1607477514' entity='mgr.x' cmd=[{"prefix": "mgr metadata", "who": "x", "id": "x"}]: dispatch
2024-05-09T09:15:23.484 INFO:journalctl@ceph.mon.a.smithi012.stdout:May 09 09:15:23 smithi012 ceph-mon[30140]: Manager daemon x is now available
2024-05-09T09:15:23.484 INFO:journalctl@ceph.mon.a.smithi012.stdout:May 09 09:15:23 smithi012 ceph-mon[30140]: from='mgr.14100 172.21.15.12:0/1607477514' entity='mgr.x' cmd=[{"prefix":"config rm","who":"mgr","name":"mgr/rbd_support/x/mirror_snapshot_schedule"}]: dispatch
2024-05-09T09:15:23.484 INFO:journalctl@ceph.mon.a.smithi012.stdout:May 09 09:15:23 smithi012 ceph-mon[30140]: from='mgr.14100 172.21.15.12:0/1607477514' entity='mgr.x' cmd=[{"prefix":"config rm","who":"mgr","name":"mgr/rbd_support/x/trash_purge_schedule"}]: dispatch
2024-05-09T09:15:23.484 INFO:journalctl@ceph.mon.a.smithi012.stdout:May 09 09:15:23 smithi012 ceph-mon[30140]: from='mgr.14100 172.21.15.12:0/1607477514' entity='mgr.x'
2024-05-09T09:15:23.484 INFO:journalctl@ceph.mon.a.smithi012.stdout:May 09 09:15:23 smithi012 ceph-mon[30140]: from='mgr.14100 172.21.15.12:0/1607477514' entity='mgr.x'
2024-05-09T09:15:23.485 INFO:journalctl@ceph.mon.a.smithi012.stdout:May 09 09:15:23 smithi012 ceph-mon[30140]: from='mgr.14100 172.21.15.12:0/1607477514' entity='mgr.x'
2024-05-09T09:15:23.815 INFO:teuthology.orchestra.run.smithi012.stdout:/usr/bin/ceph: stdout
2024-05-09T09:15:23.815 INFO:teuthology.orchestra.run.smithi012.stdout:/usr/bin/ceph: stdout {
2024-05-09T09:15:23.815 INFO:teuthology.orchestra.run.smithi012.stdout:/usr/bin/ceph: stdout "fsid": "770e12d0-0de4-11ef-bc98-c7b262605968",
2024-05-09T09:15:23.815 INFO:teuthology.orchestra.run.smithi012.stdout:/usr/bin/ceph: stdout "health": {
2024-05-09T09:15:23.815 INFO:teuthology.orchestra.run.smithi012.stdout:/usr/bin/ceph: stdout "status": "HEALTH_OK",
2024-05-09T09:15:23.815 INFO:teuthology.orchestra.run.smithi012.stdout:/usr/bin/ceph: stdout "checks": {},
2024-05-09T09:15:23.815 INFO:teuthology.orchestra.run.smithi012.stdout:/usr/bin/ceph: stdout "mutes": []
2024-05-09T09:15:23.815 INFO:teuthology.orchestra.run.smithi012.stdout:/usr/bin/ceph: stdout },
2024-05-09T09:15:23.816 INFO:teuthology.orchestra.run.smithi012.stdout:/usr/bin/ceph: stdout "election_epoch": 5,
2024-05-09T09:15:23.816 INFO:teuthology.orchestra.run.smithi012.stdout:/usr/bin/ceph: stdout "quorum": [
2024-05-09T09:15:23.816 INFO:teuthology.orchestra.run.smithi012.stdout:/usr/bin/ceph: stdout 0
2024-05-09T09:15:23.816 INFO:teuthology.orchestra.run.smithi012.stdout:/usr/bin/ceph: stdout ],
2024-05-09T09:15:23.816 INFO:teuthology.orchestra.run.smithi012.stdout:/usr/bin/ceph: stdout "quorum_names": [
2024-05-09T09:15:23.816 INFO:teuthology.orchestra.run.smithi012.stdout:/usr/bin/ceph: stdout "a"
2024-05-09T09:15:23.816 INFO:teuthology.orchestra.run.smithi012.stdout:/usr/bin/ceph: stdout ],
2024-05-09T09:15:23.816 INFO:teuthology.orchestra.run.smithi012.stdout:/usr/bin/ceph: stdout "quorum_age": 8,
2024-05-09T09:15:23.816 INFO:teuthology.orchestra.run.smithi012.stdout:/usr/bin/ceph: stdout "monmap": {
2024-05-09T09:15:23.816 INFO:teuthology.orchestra.run.smithi012.stdout:/usr/bin/ceph: stdout "epoch": 1,
2024-05-09T09:15:23.816 INFO:teuthology.orchestra.run.smithi012.stdout:/usr/bin/ceph: stdout "min_mon_release_name": "squid",
2024-05-09T09:15:23.816 INFO:teuthology.orchestra.run.smithi012.stdout:/usr/bin/ceph: stdout "num_mons": 1
2024-05-09T09:15:23.816 INFO:teuthology.orchestra.run.smithi012.stdout:/usr/bin/ceph: stdout },
2024-05-09T09:15:23.816 INFO:teuthology.orchestra.run.smithi012.stdout:/usr/bin/ceph: stdout "osdmap": {
2024-05-09T09:15:23.817 INFO:teuthology.orchestra.run.smithi012.stdout:/usr/bin/ceph: stdout "epoch": 1,
2024-05-09T09:15:23.817 INFO:teuthology.orchestra.run.smithi012.stdout:/usr/bin/ceph: stdout "num_osds": 0,
2024-05-09T09:15:23.817 INFO:teuthology.orchestra.run.smithi012.stdout:/usr/bin/ceph: stdout "num_up_osds": 0,
2024-05-09T09:15:23.817 INFO:teuthology.orchestra.run.smithi012.stdout:/usr/bin/ceph: stdout "osd_up_since": 0,
2024-05-09T09:15:23.817 INFO:teuthology.orchestra.run.smithi012.stdout:/usr/bin/ceph: stdout "num_in_osds": 0,
2024-05-09T09:15:23.817 INFO:teuthology.orchestra.run.smithi012.stdout:/usr/bin/ceph: stdout "osd_in_since": 0,
2024-05-09T09:15:23.817 INFO:teuthology.orchestra.run.smithi012.stdout:/usr/bin/ceph: stdout "num_remapped_pgs": 0
2024-05-09T09:15:23.817 INFO:teuthology.orchestra.run.smithi012.stdout:/usr/bin/ceph: stdout },
2024-05-09T09:15:23.817 INFO:teuthology.orchestra.run.smithi012.stdout:/usr/bin/ceph: stdout "pgmap": {
2024-05-09T09:15:23.817 INFO:teuthology.orchestra.run.smithi012.stdout:/usr/bin/ceph: stdout "pgs_by_state": [],
2024-05-09T09:15:23.817 INFO:teuthology.orchestra.run.smithi012.stdout:/usr/bin/ceph: stdout "num_pgs": 0,
2024-05-09T09:15:23.817 INFO:teuthology.orchestra.run.smithi012.stdout:/usr/bin/ceph: stdout "num_pools": 0,
2024-05-09T09:15:23.817 INFO:teuthology.orchestra.run.smithi012.stdout:/usr/bin/ceph: stdout "num_objects": 0,
2024-05-09T09:15:23.817 INFO:teuthology.orchestra.run.smithi012.stdout:/usr/bin/ceph: stdout "data_bytes": 0,
2024-05-09T09:15:23.818 INFO:teuthology.orchestra.run.smithi012.stdout:/usr/bin/ceph: stdout "bytes_used": 0,
2024-05-09T09:15:23.818 INFO:teuthology.orchestra.run.smithi012.stdout:/usr/bin/ceph: stdout "bytes_avail": 0,
2024-05-09T09:15:23.818 INFO:teuthology.orchestra.run.smithi012.stdout:/usr/bin/ceph: stdout "bytes_total": 0
2024-05-09T09:15:23.818 INFO:teuthology.orchestra.run.smithi012.stdout:/usr/bin/ceph: stdout },
2024-05-09T09:15:23.818 INFO:teuthology.orchestra.run.smithi012.stdout:/usr/bin/ceph: stdout "fsmap": {
2024-05-09T09:15:23.818 INFO:teuthology.orchestra.run.smithi012.stdout:/usr/bin/ceph: stdout "epoch": 1,
2024-05-09T09:15:23.818 INFO:teuthology.orchestra.run.smithi012.stdout:/usr/bin/ceph: stdout "by_rank": [],
2024-05-09T09:15:23.818 INFO:teuthology.orchestra.run.smithi012.stdout:/usr/bin/ceph: stdout "up:standby": 0
2024-05-09T09:15:23.818 INFO:teuthology.orchestra.run.smithi012.stdout:/usr/bin/ceph: stdout },
2024-05-09T09:15:23.818 INFO:teuthology.orchestra.run.smithi012.stdout:/usr/bin/ceph: stdout "mgrmap": {
2024-05-09T09:15:23.818 INFO:teuthology.orchestra.run.smithi012.stdout:/usr/bin/ceph: stdout "available": false,
2024-05-09T09:15:23.818 INFO:teuthology.orchestra.run.smithi012.stdout:/usr/bin/ceph: stdout "num_standbys": 0,
2024-05-09T09:15:23.818 INFO:teuthology.orchestra.run.smithi012.stdout:/usr/bin/ceph: stdout "modules": [
2024-05-09T09:15:23.818 INFO:teuthology.orchestra.run.smithi012.stdout:/usr/bin/ceph: stdout "iostat",
2024-05-09T09:15:23.818 INFO:teuthology.orchestra.run.smithi012.stdout:/usr/bin/ceph: stdout "nfs",
2024-05-09T09:15:23.819 INFO:teuthology.orchestra.run.smithi012.stdout:/usr/bin/ceph: stdout "restful"
2024-05-09T09:15:23.819 INFO:teuthology.orchestra.run.smithi012.stdout:/usr/bin/ceph: stdout ],
2024-05-09T09:15:23.819 INFO:teuthology.orchestra.run.smithi012.stdout:/usr/bin/ceph: stdout "services": {}
2024-05-09T09:15:23.819 INFO:teuthology.orchestra.run.smithi012.stdout:/usr/bin/ceph: stdout },
2024-05-09T09:15:23.819 INFO:teuthology.orchestra.run.smithi012.stdout:/usr/bin/ceph: stdout "servicemap": {
2024-05-09T09:15:23.819 INFO:teuthology.orchestra.run.smithi012.stdout:/usr/bin/ceph: stdout "epoch": 1,
2024-05-09T09:15:23.819 INFO:teuthology.orchestra.run.smithi012.stdout:/usr/bin/ceph: stdout "modified": "2024-05-09T09:15:02.892141+0000",
2024-05-09T09:15:23.819 INFO:teuthology.orchestra.run.smithi012.stdout:/usr/bin/ceph: stdout "services": {}
2024-05-09T09:15:23.819 INFO:teuthology.orchestra.run.smithi012.stdout:/usr/bin/ceph: stdout },
2024-05-09T09:15:23.819 INFO:teuthology.orchestra.run.smithi012.stdout:/usr/bin/ceph: stdout "progress_events": {}
2024-05-09T09:15:23.819 INFO:teuthology.orchestra.run.smithi012.stdout:/usr/bin/ceph: stdout }
2024-05-09T09:15:23.819 INFO:teuthology.orchestra.run.smithi012.stdout:/usr/bin/ceph: stderr
2024-05-09T09:15:21.899+0000 7f5b4a3e1700 1 Processor -- start
2024-05-09T09:15:23.819 INFO:teuthology.orchestra.run.smithi012.stdout:/usr/bin/ceph: stderr
2024-05-09T09:15:21.899+0000 7f5b4a3e1700 1 -- start start
2024-05-09T09:15:23.819 INFO:teuthology.orchestra.run.smithi012.stdout:/usr/bin/ceph: stderr
2024-05-09T09:15:21.899+0000 7f5b4a3e1700 1 --2- >> [v2:172.21.15.12:3300/0,v1:172.21.15.12:6789/0] conn(0x7f5b44106bd0 0x7f5b44106ff0 unknown :-1 s=NONE pgs=0 cs=0 l=0 rev1=0 crypto rx=0 tx=0 comp rx=0 tx=0).connect
2024-05-09T09:15:23.820 INFO:teuthology.orchestra.run.smithi012.stdout:/usr/bin/ceph: stderr
2024-05-09T09:15:21.899+0000 7f5b4a3e1700 1 -- --> [v2:172.21.15.12:3300/0,v1:172.21.15.12:6789/0] -- mon_getmap magic: 0 -- 0x7f5b441075c0 con 0x7f5b44106bd0
2024-05-09T09:15:23.820 INFO:teuthology.orchestra.run.smithi012.stdout:/usr/bin/ceph: stderr
2024-05-09T09:15:21.899+0000 7f5b43fff700 1 --2- >> [v2:172.21.15.12:3300/0,v1:172.21.15.12:6789/0] conn(0x7f5b44106bd0 0x7f5b44106ff0 unknown :-1 s=BANNER_CONNECTING pgs=0 cs=0 l=0 rev1=0 crypto rx=0 tx=0 comp rx=0 tx=0)._handle_peer_banner_payload supported=3 required=0
2024-05-09T09:15:23.820 INFO:teuthology.orchestra.run.smithi012.stdout:/usr/bin/ceph: stderr
2024-05-09T09:15:21.899+0000 7f5b43fff700 1 --2- >> [v2:172.21.15.12:3300/0,v1:172.21.15.12:6789/0] conn(0x7f5b44106bd0 0x7f5b44106ff0 unknown :-1 s=HELLO_CONNECTING pgs=0 cs=0 l=0 rev1=1 crypto rx=0 tx=0 comp rx=0 tx=0).handle_hello peer v2:172.21.15.12:3300/0 says I am v2:172.21.15.12:42928/0 (socket says 172.21.15.12:42928)
2024-05-09T09:15:23.820 INFO:teuthology.orchestra.run.smithi012.stdout:/usr/bin/ceph: stderr
2024-05-09T09:15:21.899+0000 7f5b43fff700 1 -- 172.21.15.12:0/3356999083 learned_addr learned my addr 172.21.15.12:0/3356999083 (peer_addr_for_me v2:172.21.15.12:0/0)
2024-05-09T09:15:23.820 INFO:teuthology.orchestra.run.smithi012.stdout:/usr/bin/ceph: stderr
2024-05-09T09:15:21.900+0000 7f5b43fff700 1 -- 172.21.15.12:0/3356999083 --> [v2:172.21.15.12:3300/0,v1:172.21.15.12:6789/0] -- mon_subscribe({config=0+,monmap=0+}) -- 0x7f5b44107dd0 con 0x7f5b44106bd0
2024-05-09T09:15:23.820 INFO:teuthology.orchestra.run.smithi012.stdout:/usr/bin/ceph: stderr
2024-05-09T09:15:21.900+0000 7f5b43fff700 1 --2- 172.21.15.12:0/3356999083 >> [v2:172.21.15.12:3300/0,v1:172.21.15.12:6789/0] conn(0x7f5b44106bd0 0x7f5b44106ff0 secure :-1 s=READY pgs=7 cs=0 l=1 rev1=1 crypto rx=0x7f5b340098a0 tx=0x7f5b34009bb0 comp rx=0 tx=0).ready entity=mon.0 client_cookie=9a45cbafcf6a5aaa server_cookie=0 in_seq=0 out_seq=0
2024-05-09T09:15:23.820 INFO:teuthology.orchestra.run.smithi012.stdout:/usr/bin/ceph: stderr
2024-05-09T09:15:21.900+0000 7f5b42ffd700 1 -- 172.21.15.12:0/3356999083 <== mon.0 v2:172.21.15.12:3300/0 1 ==== mon_map magic: 0 ==== 205+0+0 (secure 0 0 0) 0x7f5b34004160 con 0x7f5b44106bd0
2024-05-09T09:15:23.820 INFO:teuthology.orchestra.run.smithi012.stdout:/usr/bin/ceph: stderr
2024-05-09T09:15:21.900+0000 7f5b42ffd700 1 -- 172.21.15.12:0/3356999083 <== mon.0 v2:172.21.15.12:3300/0 2 ==== config(27 keys) ==== 1105+0+0 (secure 0 0 0) 0x7f5b34004300 con 0x7f5b44106bd0
2024-05-09T09:15:23.820 INFO:teuthology.orchestra.run.smithi012.stdout:/usr/bin/ceph: stderr
2024-05-09T09:15:21.900+0000 7f5b42ffd700 1 -- 172.21.15.12:0/3356999083 <== mon.0 v2:172.21.15.12:3300/0 3 ==== mon_map magic: 0 ==== 205+0+0 (secure 0 0 0) 0x7f5b34011b40 con 0x7f5b44106bd0
2024-05-09T09:15:23.820 INFO:teuthology.orchestra.run.smithi012.stdout:/usr/bin/ceph: stderr
2024-05-09T09:15:21.901+0000 7f5b4a3e1700 1 -- 172.21.15.12:0/3356999083 >> [v2:172.21.15.12:3300/0,v1:172.21.15.12:6789/0] conn(0x7f5b44106bd0 msgr2=0x7f5b44106ff0 secure :-1 s=STATE_CONNECTION_ESTABLISHED l=1).mark_down
2024-05-09T09:15:23.820 INFO:teuthology.orchestra.run.smithi012.stdout:/usr/bin/ceph: stderr
2024-05-09T09:15:21.901+0000 7f5b4a3e1700 1 --2- 172.21.15.12:0/3356999083 >> [v2:172.21.15.12:3300/0,v1:172.21.15.12:6789/0] conn(0x7f5b44106bd0 0x7f5b44106ff0 secure :-1 s=READY pgs=7 cs=0 l=1 rev1=1 crypto rx=0x7f5b340098a0 tx=0x7f5b34009bb0 comp rx=0 tx=0).stop
2024-05-09T09:15:23.820 INFO:teuthology.orchestra.run.smithi012.stdout:/usr/bin/ceph: stderr
2024-05-09T09:15:21.901+0000 7f5b4a3e1700 1 -- 172.21.15.12:0/3356999083 shutdown_connections
2024-05-09T09:15:23.820 INFO:teuthology.orchestra.run.smithi012.stdout:/usr/bin/ceph: stderr
2024-05-09T09:15:21.901+0000 7f5b4a3e1700 1 --2- 172.21.15.12:0/3356999083 >> [v2:172.21.15.12:3300/0,v1:172.21.15.12:6789/0] conn(0x7f5b44106bd0 0x7f5b44106ff0 unknown :-1 s=CLOSED pgs=7 cs=0 l=1 rev1=1 crypto rx=0 tx=0 comp rx=0 tx=0).stop
2024-05-09T09:15:23.821 INFO:teuthology.orchestra.run.smithi012.stdout:/usr/bin/ceph: stderr
2024-05-09T09:15:21.901+0000 7f5b4a3e1700 1 -- 172.21.15.12:0/3356999083 >> 172.21.15.12:0/3356999083 conn(0x7f5b44102170 msgr2=0x7f5b441045b0 unknown :-1 s=STATE_NONE l=0).mark_down
2024-05-09T09:15:23.821 INFO:teuthology.orchestra.run.smithi012.stdout:/usr/bin/ceph: stderr
2024-05-09T09:15:21.901+0000 7f5b4a3e1700 1 -- 172.21.15.12:0/3356999083 shutdown_connections
2024-05-09T09:15:23.821 INFO:teuthology.orchestra.run.smithi012.stdout:/usr/bin/ceph: stderr
2024-05-09T09:15:21.901+0000 7f5b4a3e1700 1 -- 172.21.15.12:0/3356999083 wait complete.
2024-05-09T09:15:23.821 INFO:teuthology.orchestra.run.smithi012.stdout:/usr/bin/ceph: stderr
2024-05-09T09:15:21.901+0000 7f5b4a3e1700 1 Processor -- start
2024-05-09T09:15:23.821 INFO:teuthology.orchestra.run.smithi012.stdout:/usr/bin/ceph: stderr
2024-05-09T09:15:21.901+0000 7f5b4a3e1700 1 -- start start
2024-05-09T09:15:23.821 INFO:teuthology.orchestra.run.smithi012.stdout:/usr/bin/ceph: stderr
2024-05-09T09:15:21.902+0000 7f5b4a3e1700 1 --2- >> [v2:172.21.15.12:3300/0,v1:172.21.15.12:6789/0] conn(0x7f5b44106bd0 0x7f5b4419ab40 unknown :-1 s=NONE pgs=0 cs=0 l=1 rev1=0 crypto rx=0 tx=0 comp rx=0 tx=0).connect
2024-05-09T09:15:23.821 INFO:teuthology.orchestra.run.smithi012.stdout:/usr/bin/ceph: stderr
2024-05-09T09:15:21.902+0000 7f5b4a3e1700 1 -- --> [v2:172.21.15.12:3300/0,v1:172.21.15.12:6789/0] -- mon_getmap magic: 0 -- 0x7f5b4410b180 con 0x7f5b44106bd0
2024-05-09T09:15:23.821 INFO:teuthology.orchestra.run.smithi012.stdout:/usr/bin/ceph: stderr
2024-05-09T09:15:21.902+0000 7f5b43fff700 1 --2- >> [v2:172.21.15.12:3300/0,v1:172.21.15.12:6789/0] conn(0x7f5b44106bd0 0x7f5b4419ab40 unknown :-1 s=BANNER_CONNECTING pgs=0 cs=0 l=1 rev1=0 crypto rx=0 tx=0 comp rx=0 tx=0)._handle_peer_banner_payload supported=3 required=0
2024-05-09T09:15:23.821 INFO:teuthology.orchestra.run.smithi012.stdout:/usr/bin/ceph: stderr
2024-05-09T09:15:21.902+0000 7f5b43fff700 1 --2- >> [v2:172.21.15.12:3300/0,v1:172.21.15.12:6789/0] conn(0x7f5b44106bd0 0x7f5b4419ab40 unknown :-1 s=HELLO_CONNECTING pgs=0 cs=0 l=1 rev1=1 crypto rx=0 tx=0 comp rx=0 tx=0).handle_hello peer v2:172.21.15.12:3300/0 says I am v2:172.21.15.12:42942/0 (socket says 172.21.15.12:42942)
2024-05-09T09:15:23.821 INFO:teuthology.orchestra.run.smithi012.stdout:/usr/bin/ceph: stderr
2024-05-09T09:15:21.902+0000 7f5b43fff700 1 -- 172.21.15.12:0/1398832688 learned_addr learned my addr 172.21.15.12:0/1398832688 (peer_addr_for_me v2:172.21.15.12:0/0)
2024-05-09T09:15:23.821 INFO:teuthology.orchestra.run.smithi012.stdout:/usr/bin/ceph: stderr
2024-05-09T09:15:21.902+0000 7f5b43fff700 1 -- 172.21.15.12:0/1398832688 --> [v2:172.21.15.12:3300/0,v1:172.21.15.12:6789/0] -- mon_subscribe({config=0+,monmap=0+}) -- 0x7f5b4419b080 con 0x7f5b44106bd0
2024-05-09T09:15:23.821 INFO:teuthology.orchestra.run.smithi012.stdout:/usr/bin/ceph: stderr
2024-05-09T09:15:21.902+0000 7f5b43fff700 1 --2- 172.21.15.12:0/1398832688 >> [v2:172.21.15.12:3300/0,v1:172.21.15.12:6789/0] conn(0x7f5b44106bd0 0x7f5b4419ab40 secure :-1 s=READY pgs=8 cs=0 l=1 rev1=1 crypto rx=0x7f5b34011670 tx=0x7f5b34011b50 comp rx=0 tx=0).ready entity=mon.0 client_cookie=0 server_cookie=0 in_seq=0 out_seq=0
2024-05-09T09:15:23.821 INFO:teuthology.orchestra.run.smithi012.stdout:/usr/bin/ceph: stderr
2024-05-09T09:15:21.902+0000 7f5b417fa700 1 -- 172.21.15.12:0/1398832688 <== mon.0 v2:172.21.15.12:3300/0 1 ==== mon_map magic: 0 ==== 205+0+0 (secure 0 0 0) 0x7f5b340038b0 con 0x7f5b44106bd0
2024-05-09T09:15:23.821 INFO:teuthology.orchestra.run.smithi012.stdout:/usr/bin/ceph: stderr
2024-05-09T09:15:21.903+0000 7f5b417fa700 1 -- 172.21.15.12:0/1398832688 <== mon.0 v2:172.21.15.12:3300/0 2 ==== config(27 keys) ==== 1105+0+0 (secure 0 0 0) 0x7f5b3401a430 con 0x7f5b44106bd0
2024-05-09T09:15:23.822 INFO:teuthology.orchestra.run.smithi012.stdout:/usr/bin/ceph: stderr
2024-05-09T09:15:21.903+0000 7f5b4a3e1700 1 -- 172.21.15.12:0/1398832688 --> [v2:172.21.15.12:3300/0,v1:172.21.15.12:6789/0] -- mon_subscribe({mgrmap=0+}) -- 0x7f5b4419b310 con 0x7f5b44106bd0
2024-05-09T09:15:23.822 INFO:teuthology.orchestra.run.smithi012.stdout:/usr/bin/ceph: stderr
2024-05-09T09:15:21.903+0000 7f5b417fa700 1 -- 172.21.15.12:0/1398832688 <== mon.0 v2:172.21.15.12:3300/0 3 ==== mon_map magic: 0 ==== 205+0+0 (secure 0 0 0) 0x7f5b34019550 con 0x7f5b44106bd0
2024-05-09T09:15:23.822 INFO:teuthology.orchestra.run.smithi012.stdout:/usr/bin/ceph: stderr
2024-05-09T09:15:21.903+0000 7f5b4a3e1700 1 -- 172.21.15.12:0/1398832688 --> [v2:172.21.15.12:3300/0,v1:172.21.15.12:6789/0] -- mon_subscribe({osdmap=0}) -- 0x7f5b4419e000 con 0x7f5b44106bd0
2024-05-09T09:15:23.822 INFO:teuthology.orchestra.run.smithi012.stdout:/usr/bin/ceph: stderr
2024-05-09T09:15:21.903+0000 7f5b417fa700 1 -- 172.21.15.12:0/1398832688 <== mon.0 v2:172.21.15.12:3300/0 4 ==== mgrmap(e 1) ==== 807+0+0 (secure 0 0 0) 0x7f5b34019be0 con 0x7f5b44106bd0
2024-05-09T09:15:23.822 INFO:teuthology.orchestra.run.smithi012.stdout:/usr/bin/ceph: stderr
2024-05-09T09:15:21.903+0000 7f5b417fa700 1 -- 172.21.15.12:0/1398832688 <== mon.0 v2:172.21.15.12:3300/0 5 ==== osd_map(1..1 src has 1..1) ==== 725+0+0 (secure 0 0 0) 0x7f5b34024730 con 0x7f5b44106bd0
2024-05-09T09:15:23.822 INFO:teuthology.orchestra.run.smithi012.stdout:/usr/bin/ceph: stderr
2024-05-09T09:15:21.903+0000 7f5b4a3e1700 1 -- 172.21.15.12:0/1398832688 --> [v2:172.21.15.12:3300/0,v1:172.21.15.12:6789/0] -- mon_command({"prefix": "get_command_descriptions"} v 0) -- 0x7f5b44063980 con 0x7f5b44106bd0
2024-05-09T09:15:23.822 INFO:teuthology.orchestra.run.smithi012.stdout:/usr/bin/ceph: stderr
2024-05-09T09:15:21.906+0000 7f5b417fa700 1 -- 172.21.15.12:0/1398832688 <== mon.0 v2:172.21.15.12:3300/0 6 ==== mon_command_ack([{"prefix": "get_command_descriptions"}]=0 v0) ==== 72+0+73141 (secure 0 0 0) 0x7f5b34043dd0 con 0x7f5b44106bd0
2024-05-09T09:15:23.822 INFO:teuthology.orchestra.run.smithi012.stdout:/usr/bin/ceph: stderr
2024-05-09T09:15:21.980+0000 7f5b4a3e1700 1 -- 172.21.15.12:0/1398832688 --> [v2:172.21.15.12:3300/0,v1:172.21.15.12:6789/0] -- mon_command({"prefix": "status", "format": "json-pretty"} v 0) -- 0x7f5b4419e580 con 0x7f5b44106bd0
2024-05-09T09:15:23.822 INFO:teuthology.orchestra.run.smithi012.stdout:/usr/bin/ceph: stderr
2024-05-09T09:15:21.980+0000 7f5b417fa700 1 -- 172.21.15.12:0/1398832688 <== mon.0 v2:172.21.15.12:3300/0 7 ==== mon_command_ack([{"prefix": "status", "format": "json-pretty"}]=0 v0) ==== 79+0+1239 (secure 0 0 0) 0x7f5b34032030 con 0x7f5b44106bd0
2024-05-09T09:15:23.822 INFO:teuthology.orchestra.run.smithi012.stdout:/usr/bin/ceph: stderr
2024-05-09T09:15:21.981+0000 7f5b4a3e1700 1 -- 172.21.15.12:0/1398832688 >> [v2:172.21.15.12:3300/0,v1:172.21.15.12:6789/0] conn(0x7f5b44106bd0 msgr2=0x7f5b4419ab40 secure :-1 s=STATE_CONNECTION_ESTABLISHED l=1).mark_down
2024-05-09T09:15:23.822 INFO:teuthology.orchestra.run.smithi012.stdout:/usr/bin/ceph: stderr
2024-05-09T09:15:21.981+0000 7f5b4a3e1700 1 --2- 172.21.15.12:0/1398832688 >> [v2:172.21.15.12:3300/0,v1:172.21.15.12:6789/0] conn(0x7f5b44106bd0 0x7f5b4419ab40 secure :-1 s=READY pgs=8 cs=0 l=1 rev1=1 crypto rx=0x7f5b34011670 tx=0x7f5b34011b50 comp rx=0 tx=0).stop
2024-05-09T09:15:23.822 INFO:teuthology.orchestra.run.smithi012.stdout:/usr/bin/ceph: stderr
2024-05-09T09:15:21.981+0000 7f5b4a3e1700 1 -- 172.21.15.12:0/1398832688 shutdown_connections
2024-05-09T09:15:23.822 INFO:teuthology.orchestra.run.smithi012.stdout:/usr/bin/ceph: stderr
2024-05-09T09:15:21.981+0000 7f5b4a3e1700 1 --2- 172.21.15.12:0/1398832688 >> [v2:172.21.15.12:3300/0,v1:172.21.15.12:6789/0] conn(0x7f5b44106bd0 0x7f5b4419ab40 unknown :-1 s=CLOSED pgs=8 cs=0 l=1 rev1=1 crypto rx=0 tx=0 comp rx=0 tx=0).stop
2024-05-09T09:15:23.822 INFO:teuthology.orchestra.run.smithi012.stdout:/usr/bin/ceph: stderr
2024-05-09T09:15:21.981+0000 7f5b4a3e1700 1 -- 172.21.15.12:0/1398832688 >> 172.21.15.12:0/1398832688 conn(0x7f5b44102170 msgr2=0x7f5b44102c30 unknown :-1 s=STATE_NONE l=0).mark_down
2024-05-09T09:15:23.822 INFO:teuthology.orchestra.run.smithi012.stdout:/usr/bin/ceph: stderr
2024-05-09T09:15:21.981+0000 7f5b4a3e1700 1 -- 172.21.15.12:0/1398832688 shutdown_connections
2024-05-09T09:15:23.823 INFO:teuthology.orchestra.run.smithi012.stdout:/usr/bin/ceph: stderr
2024-05-09T09:15:21.981+0000 7f5b4a3e1700 1 -- 172.21.15.12:0/1398832688 wait complete.
2024-05-09T09:15:23.823 INFO:teuthology.orchestra.run.smithi012.stdout:mgr not available, waiting (2/15)...
2024-05-09T09:15:24.983 INFO:journalctl@ceph.mon.a.smithi012.stdout:May 09 09:15:24 smithi012 ceph-mon[30140]: mgrmap e3: x(active, since 1.00801s)
2024-05-09T09:15:25.918 INFO:journalctl@ceph.mon.a.smithi012.stdout:May 09 09:15:25 smithi012 ceph-mon[30140]: mgrmap e4: x(active, since 2s)
2024-05-09T09:15:26.921 INFO:journalctl@ceph.mon.a.smithi012.stdout:May 09 09:15:26 smithi012 ceph-mon[30140]: from='client.? 172.21.15.12:0/1140295002' entity='client.admin' cmd=[{"prefix": "status", "format": "json-pretty"}]: dispatch
2024-05-09T09:15:27.028 INFO:teuthology.orchestra.run.smithi012.stdout:/usr/bin/ceph: stdout
2024-05-09T09:15:27.029 INFO:teuthology.orchestra.run.smithi012.stdout:/usr/bin/ceph: stdout {
2024-05-09T09:15:27.029 INFO:teuthology.orchestra.run.smithi012.stdout:/usr/bin/ceph: stdout "fsid": "770e12d0-0de4-11ef-bc98-c7b262605968",
2024-05-09T09:15:27.029 INFO:teuthology.orchestra.run.smithi012.stdout:/usr/bin/ceph: stdout "health": {
2024-05-09T09:15:27.029 INFO:teuthology.orchestra.run.smithi012.stdout:/usr/bin/ceph: stdout "status": "HEALTH_OK",
2024-05-09T09:15:27.029 INFO:teuthology.orchestra.run.smithi012.stdout:/usr/bin/ceph: stdout "checks": {},
2024-05-09T09:15:27.029 INFO:teuthology.orchestra.run.smithi012.stdout:/usr/bin/ceph: stdout "mutes": []
2024-05-09T09:15:27.029 INFO:teuthology.orchestra.run.smithi012.stdout:/usr/bin/ceph: stdout },
2024-05-09T09:15:27.029 INFO:teuthology.orchestra.run.smithi012.stdout:/usr/bin/ceph: stdout "election_epoch": 5,
2024-05-09T09:15:27.029 INFO:teuthology.orchestra.run.smithi012.stdout:/usr/bin/ceph: stdout "quorum": [
2024-05-09T09:15:27.029 INFO:teuthology.orchestra.run.smithi012.stdout:/usr/bin/ceph: stdout 0
2024-05-09T09:15:27.029 INFO:teuthology.orchestra.run.smithi012.stdout:/usr/bin/ceph: stdout ],
2024-05-09T09:15:27.029 INFO:teuthology.orchestra.run.smithi012.stdout:/usr/bin/ceph: stdout "quorum_names": [
2024-05-09T09:15:27.030 INFO:teuthology.orchestra.run.smithi012.stdout:/usr/bin/ceph: stdout "a"
2024-05-09T09:15:27.030 INFO:teuthology.orchestra.run.smithi012.stdout:/usr/bin/ceph: stdout ],
2024-05-09T09:15:27.030 INFO:teuthology.orchestra.run.smithi012.stdout:/usr/bin/ceph: stdout "quorum_age": 13,
2024-05-09T09:15:27.030 INFO:teuthology.orchestra.run.smithi012.stdout:/usr/bin/ceph: stdout "monmap": {
2024-05-09T09:15:27.030 INFO:teuthology.orchestra.run.smithi012.stdout:/usr/bin/ceph: stdout "epoch": 1,
2024-05-09T09:15:27.030 INFO:teuthology.orchestra.run.smithi012.stdout:/usr/bin/ceph: stdout "min_mon_release_name": "squid",
2024-05-09T09:15:27.030 INFO:teuthology.orchestra.run.smithi012.stdout:/usr/bin/ceph: stdout "num_mons": 1
2024-05-09T09:15:27.030 INFO:teuthology.orchestra.run.smithi012.stdout:/usr/bin/ceph: stdout },
2024-05-09T09:15:27.030 INFO:teuthology.orchestra.run.smithi012.stdout:/usr/bin/ceph: stdout "osdmap": {
2024-05-09T09:15:27.030 INFO:teuthology.orchestra.run.smithi012.stdout:/usr/bin/ceph: stdout "epoch": 1,
2024-05-09T09:15:27.030 INFO:teuthology.orchestra.run.smithi012.stdout:/usr/bin/ceph: stdout "num_osds": 0,
2024-05-09T09:15:27.030 INFO:teuthology.orchestra.run.smithi012.stdout:/usr/bin/ceph: stdout "num_up_osds": 0,
2024-05-09T09:15:27.039 INFO:teuthology.orchestra.run.smithi012.stdout:/usr/bin/ceph: stdout "osd_up_since": 0,
2024-05-09T09:15:27.039 INFO:teuthology.orchestra.run.smithi012.stdout:/usr/bin/ceph: stdout "num_in_osds": 0,
2024-05-09T09:15:27.039 INFO:teuthology.orchestra.run.smithi012.stdout:/usr/bin/ceph: stdout "osd_in_since": 0,
2024-05-09T09:15:27.039 INFO:teuthology.orchestra.run.smithi012.stdout:/usr/bin/ceph: stdout "num_remapped_pgs": 0
2024-05-09T09:15:27.039 INFO:teuthology.orchestra.run.smithi012.stdout:/usr/bin/ceph: stdout },
2024-05-09T09:15:27.040 INFO:teuthology.orchestra.run.smithi012.stdout:/usr/bin/ceph: stdout "pgmap": {
2024-05-09T09:15:27.040 INFO:teuthology.orchestra.run.smithi012.stdout:/usr/bin/ceph: stdout "pgs_by_state": [],
2024-05-09T09:15:27.040 INFO:teuthology.orchestra.run.smithi012.stdout:/usr/bin/ceph: stdout "num_pgs": 0,
2024-05-09T09:15:27.040 INFO:teuthology.orchestra.run.smithi012.stdout:/usr/bin/ceph: stdout "num_pools": 0,
2024-05-09T09:15:27.040 INFO:teuthology.orchestra.run.smithi012.stdout:/usr/bin/ceph: stdout "num_objects": 0,
2024-05-09T09:15:27.040 INFO:teuthology.orchestra.run.smithi012.stdout:/usr/bin/ceph: stdout "data_bytes": 0,
2024-05-09T09:15:27.040 INFO:teuthology.orchestra.run.smithi012.stdout:/usr/bin/ceph: stdout "bytes_used": 0,
2024-05-09T09:15:27.040 INFO:teuthology.orchestra.run.smithi012.stdout:/usr/bin/ceph: stdout "bytes_avail": 0,
2024-05-09T09:15:27.040 INFO:teuthology.orchestra.run.smithi012.stdout:/usr/bin/ceph: stdout "bytes_total": 0
2024-05-09T09:15:27.040 INFO:teuthology.orchestra.run.smithi012.stdout:/usr/bin/ceph: stdout },
2024-05-09T09:15:27.040 INFO:teuthology.orchestra.run.smithi012.stdout:/usr/bin/ceph: stdout "fsmap": {
2024-05-09T09:15:27.040 INFO:teuthology.orchestra.run.smithi012.stdout:/usr/bin/ceph: stdout "epoch": 1,
2024-05-09T09:15:27.040 INFO:teuthology.orchestra.run.smithi012.stdout:/usr/bin/ceph: stdout "by_rank": [],
2024-05-09T09:15:27.040 INFO:teuthology.orchestra.run.smithi012.stdout:/usr/bin/ceph: stdout "up:standby": 0
2024-05-09T09:15:27.040 INFO:teuthology.orchestra.run.smithi012.stdout:/usr/bin/ceph: stdout },
2024-05-09T09:15:27.041 INFO:teuthology.orchestra.run.smithi012.stdout:/usr/bin/ceph: stdout "mgrmap": {
2024-05-09T09:15:27.041 INFO:teuthology.orchestra.run.smithi012.stdout:/usr/bin/ceph: stdout "available": true,
2024-05-09T09:15:27.041 INFO:teuthology.orchestra.run.smithi012.stdout:/usr/bin/ceph: stdout "num_standbys": 0,
2024-05-09T09:15:27.041 INFO:teuthology.orchestra.run.smithi012.stdout:/usr/bin/ceph: stdout "modules": [
2024-05-09T09:15:27.041 INFO:teuthology.orchestra.run.smithi012.stdout:/usr/bin/ceph: stdout "iostat",
2024-05-09T09:15:27.041 INFO:teuthology.orchestra.run.smithi012.stdout:/usr/bin/ceph: stdout "nfs",
2024-05-09T09:15:27.041 INFO:teuthology.orchestra.run.smithi012.stdout:/usr/bin/ceph: stdout "restful"
2024-05-09T09:15:27.041 INFO:teuthology.orchestra.run.smithi012.stdout:/usr/bin/ceph: stdout ],
2024-05-09T09:15:27.041 INFO:teuthology.orchestra.run.smithi012.stdout:/usr/bin/ceph: stdout "services": {}
2024-05-09T09:15:27.041 INFO:teuthology.orchestra.run.smithi012.stdout:/usr/bin/ceph: stdout },
2024-05-09T09:15:27.041 INFO:teuthology.orchestra.run.smithi012.stdout:/usr/bin/ceph: stdout "servicemap": {
2024-05-09T09:15:27.041 INFO:teuthology.orchestra.run.smithi012.stdout:/usr/bin/ceph: stdout "epoch": 1,
2024-05-09T09:15:27.041 INFO:teuthology.orchestra.run.smithi012.stdout:/usr/bin/ceph: stdout "modified": "2024-05-09T09:15:02.892141+0000",
2024-05-09T09:15:27.041 INFO:teuthology.orchestra.run.smithi012.stdout:/usr/bin/ceph: stdout "services": {}
2024-05-09T09:15:27.042 INFO:teuthology.orchestra.run.smithi012.stdout:/usr/bin/ceph: stdout },
2024-05-09T09:15:27.042 INFO:teuthology.orchestra.run.smithi012.stdout:/usr/bin/ceph: stdout "progress_events": {}
2024-05-09T09:15:27.042 INFO:teuthology.orchestra.run.smithi012.stdout:/usr/bin/ceph: stdout }
2024-05-09T09:15:27.042 INFO:teuthology.orchestra.run.smithi012.stdout:/usr/bin/ceph: stderr
2024-05-09T09:15:26.213+0000 7fc0f94b7700 1 Processor -- start
2024-05-09T09:15:27.042 INFO:teuthology.orchestra.run.smithi012.stdout:/usr/bin/ceph: stderr
2024-05-09T09:15:26.213+0000 7fc0f94b7700 1 -- start start
2024-05-09T09:15:27.042 INFO:teuthology.orchestra.run.smithi012.stdout:/usr/bin/ceph: stderr
2024-05-09T09:15:26.213+0000 7fc0f94b7700 1 --2- >> [v2:172.21.15.12:3300/0,v1:172.21.15.12:6789/0] conn(0x7fc0f4107d00 0x7fc0f4108120 unknown :-1 s=NONE pgs=0 cs=0 l=0 rev1=0 crypto rx=0 tx=0 comp rx=0 tx=0).connect
2024-05-09T09:15:27.042 INFO:teuthology.orchestra.run.smithi012.stdout:/usr/bin/ceph: stderr
2024-05-09T09:15:26.213+0000 7fc0f94b7700 1 -- --> [v2:172.21.15.12:3300/0,v1:172.21.15.12:6789/0] -- mon_getmap magic: 0 -- 0x7fc0f41086f0 con 0x7fc0f4107d00
2024-05-09T09:15:27.042 INFO:teuthology.orchestra.run.smithi012.stdout:/usr/bin/ceph: stderr
2024-05-09T09:15:26.213+0000 7fc0f2ffd700 1 --2- >> [v2:172.21.15.12:3300/0,v1:172.21.15.12:6789/0] conn(0x7fc0f4107d00 0x7fc0f4108120 unknown :-1 s=BANNER_CONNECTING pgs=0 cs=0 l=0 rev1=0 crypto rx=0 tx=0 comp rx=0 tx=0)._handle_peer_banner_payload supported=3 required=0
2024-05-09T09:15:27.042 INFO:teuthology.orchestra.run.smithi012.stdout:/usr/bin/ceph: stderr
2024-05-09T09:15:26.213+0000 7fc0f2ffd700 1 --2- >> [v2:172.21.15.12:3300/0,v1:172.21.15.12:6789/0] conn(0x7fc0f4107d00 0x7fc0f4108120 unknown :-1 s=HELLO_CONNECTING pgs=0 cs=0 l=0 rev1=1 crypto rx=0 tx=0 comp rx=0 tx=0).handle_hello peer v2:172.21.15.12:3300/0 says I am v2:172.21.15.12:43020/0 (socket says 172.21.15.12:43020)
2024-05-09T09:15:27.042 INFO:teuthology.orchestra.run.smithi012.stdout:/usr/bin/ceph: stderr
2024-05-09T09:15:26.213+0000 7fc0f2ffd700 1 -- 172.21.15.12:0/2383336828 learned_addr learned my addr 172.21.15.12:0/2383336828 (peer_addr_for_me v2:172.21.15.12:0/0)
2024-05-09T09:15:27.042 INFO:teuthology.orchestra.run.smithi012.stdout:/usr/bin/ceph: stderr
2024-05-09T09:15:26.213+0000 7fc0f2ffd700 1 -- 172.21.15.12:0/2383336828 --> [v2:172.21.15.12:3300/0,v1:172.21.15.12:6789/0] -- mon_subscribe({config=0+,monmap=0+}) -- 0x7fc0f4108eb0 con 0x7fc0f4107d00
2024-05-09T09:15:27.042 INFO:teuthology.orchestra.run.smithi012.stdout:/usr/bin/ceph: stderr
2024-05-09T09:15:26.214+0000 7fc0f2ffd700 1 --2- 172.21.15.12:0/2383336828 >> [v2:172.21.15.12:3300/0,v1:172.21.15.12:6789/0] conn(0x7fc0f4107d00 0x7fc0f4108120 secure :-1 s=READY pgs=16 cs=0 l=1 rev1=1 crypto rx=0x7fc0e40098a0 tx=0x7fc0e4009bb0 comp rx=0 tx=0).ready entity=mon.0 client_cookie=e510ddd8d869a72e server_cookie=0 in_seq=0 out_seq=0
2024-05-09T09:15:27.042 INFO:teuthology.orchestra.run.smithi012.stdout:/usr/bin/ceph: stderr
2024-05-09T09:15:26.214+0000 7fc0f27fc700 1 -- 172.21.15.12:0/2383336828 <== mon.0 v2:172.21.15.12:3300/0 1 ==== mon_map magic: 0 ==== 205+0+0 (secure 0 0 0) 0x7fc0e4004160 con 0x7fc0f4107d00
2024-05-09T09:15:27.042 INFO:teuthology.orchestra.run.smithi012.stdout:/usr/bin/ceph: stderr
2024-05-09T09:15:26.214+0000 7fc0f27fc700 1 -- 172.21.15.12:0/2383336828 <== mon.0 v2:172.21.15.12:3300/0 2 ==== config(27 keys) ==== 1105+0+0 (secure 0 0 0) 0x7fc0e4004300 con 0x7fc0f4107d00
2024-05-09T09:15:27.043 INFO:teuthology.orchestra.run.smithi012.stdout:/usr/bin/ceph: stderr
2024-05-09T09:15:26.214+0000 7fc0f27fc700 1 -- 172.21.15.12:0/2383336828 <== mon.0 v2:172.21.15.12:3300/0 3 ==== mon_map magic: 0 ==== 205+0+0 (secure 0 0 0) 0x7fc0e4011b40 con 0x7fc0f4107d00
2024-05-09T09:15:27.043 INFO:teuthology.orchestra.run.smithi012.stdout:/usr/bin/ceph: stderr
2024-05-09T09:15:26.214+0000 7fc0f94b7700 1 -- 172.21.15.12:0/2383336828 >> [v2:172.21.15.12:3300/0,v1:172.21.15.12:6789/0] conn(0x7fc0f4107d00 msgr2=0x7fc0f4108120 secure :-1 s=STATE_CONNECTION_ESTABLISHED l=1).mark_down
2024-05-09T09:15:27.043 INFO:teuthology.orchestra.run.smithi012.stdout:/usr/bin/ceph: stderr
2024-05-09T09:15:26.214+0000 7fc0f94b7700 1 --2- 172.21.15.12:0/2383336828 >> [v2:172.21.15.12:3300/0,v1:172.21.15.12:6789/0] conn(0x7fc0f4107d00 0x7fc0f4108120 secure :-1 s=READY pgs=16 cs=0 l=1 rev1=1 crypto rx=0x7fc0e40098a0 tx=0x7fc0e4009bb0 comp rx=0 tx=0).stop
2024-05-09T09:15:27.043 INFO:teuthology.orchestra.run.smithi012.stdout:/usr/bin/ceph: stderr
2024-05-09T09:15:26.214+0000 7fc0f94b7700 1 -- 172.21.15.12:0/2383336828 shutdown_connections
2024-05-09T09:15:27.043 INFO:teuthology.orchestra.run.smithi012.stdout:/usr/bin/ceph: stderr
2024-05-09T09:15:26.214+0000 7fc0f94b7700 1 --2- 172.21.15.12:0/2383336828 >> [v2:172.21.15.12:3300/0,v1:172.21.15.12:6789/0] conn(0x7fc0f4107d00 0x7fc0f4108120 unknown :-1 s=CLOSED pgs=16 cs=0 l=1 rev1=1 crypto rx=0 tx=0 comp rx=0 tx=0).stop
2024-05-09T09:15:27.043 INFO:teuthology.orchestra.run.smithi012.stdout:/usr/bin/ceph: stderr
2024-05-09T09:15:26.214+0000 7fc0f94b7700 1 -- 172.21.15.12:0/2383336828 >> 172.21.15.12:0/2383336828 conn(0x7fc0f41032c0 msgr2=0x7fc0f41056e0 unknown :-1 s=STATE_NONE l=0).mark_down
2024-05-09T09:15:27.043 INFO:teuthology.orchestra.run.smithi012.stdout:/usr/bin/ceph: stderr
2024-05-09T09:15:26.214+0000 7fc0f94b7700 1 -- 172.21.15.12:0/2383336828 shutdown_connections
2024-05-09T09:15:27.043 INFO:teuthology.orchestra.run.smithi012.stdout:/usr/bin/ceph: stderr
2024-05-09T09:15:26.215+0000 7fc0f94b7700 1 -- 172.21.15.12:0/2383336828 wait complete.
2024-05-09T09:15:27.043 INFO:teuthology.orchestra.run.smithi012.stdout:/usr/bin/ceph: stderr
2024-05-09T09:15:26.215+0000 7fc0f94b7700 1 Processor -- start
2024-05-09T09:15:27.043 INFO:teuthology.orchestra.run.smithi012.stdout:/usr/bin/ceph: stderr
2024-05-09T09:15:26.215+0000 7fc0f94b7700 1 -- start start
2024-05-09T09:15:27.043 INFO:teuthology.orchestra.run.smithi012.stdout:/usr/bin/ceph: stderr
2024-05-09T09:15:26.215+0000 7fc0f94b7700 1 --2- >> [v2:172.21.15.12:3300/0,v1:172.21.15.12:6789/0] conn(0x7fc0f4107d00 0x7fc0f419bc40 unknown :-1 s=NONE pgs=0 cs=0 l=1 rev1=0 crypto rx=0 tx=0 comp rx=0 tx=0).connect
2024-05-09T09:15:27.043 INFO:teuthology.orchestra.run.smithi012.stdout:/usr/bin/ceph: stderr
2024-05-09T09:15:26.216+0000 7fc0f94b7700 1 -- --> [v2:172.21.15.12:3300/0,v1:172.21.15.12:6789/0] -- mon_getmap magic: 0 -- 0x7fc0f410c260 con 0x7fc0f4107d00
2024-05-09T09:15:27.043 INFO:teuthology.orchestra.run.smithi012.stdout:/usr/bin/ceph: stderr
2024-05-09T09:15:26.216+0000 7fc0f2ffd700 1 --2- >> [v2:172.21.15.12:3300/0,v1:172.21.15.12:6789/0] conn(0x7fc0f4107d00 0x7fc0f419bc40 unknown :-1 s=BANNER_CONNECTING pgs=0 cs=0 l=1 rev1=0 crypto rx=0 tx=0 comp rx=0 tx=0)._handle_peer_banner_payload supported=3 required=0
2024-05-09T09:15:27.043 INFO:teuthology.orchestra.run.smithi012.stdout:/usr/bin/ceph: stderr
2024-05-09T09:15:26.216+0000 7fc0f2ffd700 1 --2- >> [v2:172.21.15.12:3300/0,v1:172.21.15.12:6789/0] conn(0x7fc0f4107d00 0x7fc0f419bc40 unknown :-1 s=HELLO_CONNECTING pgs=0 cs=0 l=1 rev1=1 crypto rx=0 tx=0 comp rx=0 tx=0).handle_hello peer v2:172.21.15.12:3300/0 says I am v2:172.21.15.12:43036/0 (socket says 172.21.15.12:43036)
2024-05-09T09:15:27.044 INFO:teuthology.orchestra.run.smithi012.stdout:/usr/bin/ceph: stderr
2024-05-09T09:15:26.216+0000 7fc0f2ffd700 1 -- 172.21.15.12:0/1140295002 learned_addr learned my addr 172.21.15.12:0/1140295002 (peer_addr_for_me v2:172.21.15.12:0/0)
2024-05-09T09:15:27.044 INFO:teuthology.orchestra.run.smithi012.stdout:/usr/bin/ceph: stderr
2024-05-09T09:15:26.216+0000 7fc0f2ffd700 1 -- 172.21.15.12:0/1140295002 --> [v2:172.21.15.12:3300/0,v1:172.21.15.12:6789/0] -- mon_subscribe({config=0+,monmap=0+}) -- 0x7fc0f419c180 con 0x7fc0f4107d00
2024-05-09T09:15:27.044 INFO:teuthology.orchestra.run.smithi012.stdout:/usr/bin/ceph: stderr
2024-05-09T09:15:26.216+0000 7fc0f2ffd700 1 --2- 172.21.15.12:0/1140295002 >> [v2:172.21.15.12:3300/0,v1:172.21.15.12:6789/0] conn(0x7fc0f4107d00 0x7fc0f419bc40 secure :-1 s=READY pgs=17 cs=0 l=1 rev1=1 crypto rx=0x7fc0e4011670 tx=0x7fc0e4011b50 comp rx=0 tx=0).ready entity=mon.0 client_cookie=0 server_cookie=0 in_seq=0 out_seq=0
2024-05-09T09:15:27.044 INFO:teuthology.orchestra.run.smithi012.stdout:/usr/bin/ceph: stderr
2024-05-09T09:15:26.216+0000 7fc0f0ff9700 1 -- 172.21.15.12:0/1140295002 <== mon.0 v2:172.21.15.12:3300/0 1 ==== mon_map magic: 0 ==== 205+0+0 (secure 0 0 0) 0x7fc0e40038b0 con 0x7fc0f4107d00
2024-05-09T09:15:27.044 INFO:teuthology.orchestra.run.smithi012.stdout:/usr/bin/ceph: stderr
2024-05-09T09:15:26.216+0000 7fc0f94b7700 1 -- 172.21.15.12:0/1140295002 --> [v2:172.21.15.12:3300/0,v1:172.21.15.12:6789/0] -- mon_subscribe({mgrmap=0+}) -- 0x7fc0f419c410 con 0x7fc0f4107d00
2024-05-09T09:15:27.044 INFO:teuthology.orchestra.run.smithi012.stdout:/usr/bin/ceph: stderr
2024-05-09T09:15:26.216+0000 7fc0f0ff9700 1 -- 172.21.15.12:0/1140295002 <== mon.0 v2:172.21.15.12:3300/0 2 ==== config(27 keys) ==== 1105+0+0 (secure 0 0 0) 0x7fc0e401a430 con 0x7fc0f4107d00
2024-05-09T09:15:27.044 INFO:teuthology.orchestra.run.smithi012.stdout:/usr/bin/ceph: stderr
2024-05-09T09:15:26.216+0000 7fc0f0ff9700 1 -- 172.21.15.12:0/1140295002 <== mon.0 v2:172.21.15.12:3300/0 3 ==== mon_map magic: 0 ==== 205+0+0 (secure 0 0 0) 0x7fc0e4019550 con 0x7fc0f4107d00
2024-05-09T09:15:27.044 INFO:teuthology.orchestra.run.smithi012.stdout:/usr/bin/ceph: stderr
2024-05-09T09:15:26.217+0000 7fc0f94b7700 1 -- 172.21.15.12:0/1140295002 --> [v2:172.21.15.12:3300/0,v1:172.21.15.12:6789/0] -- mon_subscribe({osdmap=0}) -- 0x7fc0f419f100 con 0x7fc0f4107d00
2024-05-09T09:15:27.044 INFO:teuthology.orchestra.run.smithi012.stdout:/usr/bin/ceph: stderr
2024-05-09T09:15:26.217+0000 7fc0f0ff9700 1 -- 172.21.15.12:0/1140295002 <== mon.0 v2:172.21.15.12:3300/0 4 ==== mgrmap(e 4) ==== 46276+0+0 (secure 0 0 0) 0x7fc0e40198b0 con 0x7fc0f4107d00
2024-05-09T09:15:27.044 INFO:teuthology.orchestra.run.smithi012.stdout:/usr/bin/ceph: stderr
2024-05-09T09:15:26.217+0000 7fc0f0ff9700 1 --2- 172.21.15.12:0/1140295002 >> [v2:172.21.15.12:6800/1876427478,v1:172.21.15.12:6801/1876427478] conn(0x7fc0e0039070 0x7fc0e003b530 unknown :-1 s=NONE pgs=0 cs=0 l=1 rev1=0 crypto rx=0 tx=0 comp rx=0 tx=0).connect
2024-05-09T09:15:27.044 INFO:teuthology.orchestra.run.smithi012.stdout:/usr/bin/ceph: stderr
2024-05-09T09:15:26.217+0000 7fc0f0ff9700 1 -- 172.21.15.12:0/1140295002 <== mon.0 v2:172.21.15.12:3300/0 5 ==== osd_map(1..1 src has 1..1) ==== 725+0+0 (secure 0 0 0) 0x7fc0e404d1c0 con 0x7fc0f4107d00
2024-05-09T09:15:27.044 INFO:teuthology.orchestra.run.smithi012.stdout:/usr/bin/ceph: stderr
2024-05-09T09:15:26.217+0000 7fc0ea7fc700 1 --2- 172.21.15.12:0/1140295002 >> [v2:172.21.15.12:6800/1876427478,v1:172.21.15.12:6801/1876427478] conn(0x7fc0e0039070 0x7fc0e003b530 unknown :-1 s=BANNER_CONNECTING pgs=0 cs=0 l=1 rev1=0 crypto rx=0 tx=0 comp rx=0 tx=0)._handle_peer_banner_payload supported=3 required=0
2024-05-09T09:15:27.044 INFO:teuthology.orchestra.run.smithi012.stdout:/usr/bin/ceph: stderr
2024-05-09T09:15:26.218+0000 7fc0f94b7700 1 -- 172.21.15.12:0/1140295002 --> [v2:172.21.15.12:3300/0,v1:172.21.15.12:6789/0] -- mon_command({"prefix": "get_command_descriptions"} v 0) -- 0x7fc0f4063980 con 0x7fc0f4107d00
2024-05-09T09:15:27.044 INFO:teuthology.orchestra.run.smithi012.stdout:/usr/bin/ceph: stderr
2024-05-09T09:15:26.218+0000 7fc0ea7fc700 1 --2- 172.21.15.12:0/1140295002 >> [v2:172.21.15.12:6800/1876427478,v1:172.21.15.12:6801/1876427478] conn(0x7fc0e0039070 0x7fc0e003b530 secure :-1 s=READY pgs=6 cs=0 l=1 rev1=1 crypto rx=0x7fc0dc006fd0 tx=0x7fc0dc006e40 comp rx=0 tx=0).ready entity=mgr.14100 client_cookie=0 server_cookie=0 in_seq=0 out_seq=0
2024-05-09T09:15:27.045 INFO:teuthology.orchestra.run.smithi012.stdout:/usr/bin/ceph: stderr
