2024-05-09T09:16:10.533+0000 7f58fa7fc700 1 -- 172.21.15.12:0/3096769328 <== mon.0 v2:172.21.15.12:3300/0 7 ==== mon_command_ack([{"prefix": "config get", "who": "mgr", "key": "mgr/dashboard/ssl_server_port"}]=0 v8) ==== 112+0+5 (secure 0 0 0) 0x7f590001ac90 con 0x7f59041087c0
2024-05-09T09:16:11.103 INFO:teuthology.orchestra.run.smithi012.stdout:/usr/bin/ceph: stderr
2024-05-09T09:16:10.535+0000 7f590b639700 1 -- 172.21.15.12:0/3096769328 >> [v2:172.21.15.12:6800/3809515815,v1:172.21.15.12:6801/3809515815] conn(0x7f58f0039160 msgr2=0x7f58f003b620 secure :-1 s=STATE_CONNECTION_ESTABLISHED l=1).mark_down
2024-05-09T09:16:11.103 INFO:teuthology.orchestra.run.smithi012.stdout:/usr/bin/ceph: stderr
2024-05-09T09:16:10.535+0000 7f590b639700 1 --2- 172.21.15.12:0/3096769328 >> [v2:172.21.15.12:6800/3809515815,v1:172.21.15.12:6801/3809515815] conn(0x7f58f0039160 0x7f58f003b620 secure :-1 s=READY pgs=9 cs=0 l=1 rev1=1 crypto rx=0x7f58f4006fd0 tx=0x7f58f4006e40 comp rx=0 tx=0).stop
2024-05-09T09:16:11.103 INFO:teuthology.orchestra.run.smithi012.stdout:/usr/bin/ceph: stderr
2024-05-09T09:16:10.535+0000 7f590b639700 1 -- 172.21.15.12:0/3096769328 >> [v2:172.21.15.12:3300/0,v1:172.21.15.12:6789/0] conn(0x7f59041087c0 msgr2=0x7f590419bbc0 secure :-1 s=STATE_CONNECTION_ESTABLISHED l=1).mark_down
2024-05-09T09:16:11.103 INFO:teuthology.orchestra.run.smithi012.stdout:/usr/bin/ceph: stderr
2024-05-09T09:16:10.535+0000 7f590b639700 1 --2- 172.21.15.12:0/3096769328 >> [v2:172.21.15.12:3300/0,v1:172.21.15.12:6789/0] conn(0x7f59041087c0 0x7f590419bbc0 secure :-1 s=READY pgs=73 cs=0 l=1 rev1=1 crypto rx=0x7f5900006af0 tx=0x7f5900011bd0 comp rx=0 tx=0).stop
2024-05-09T09:16:11.103 INFO:teuthology.orchestra.run.smithi012.stdout:/usr/bin/ceph: stderr
2024-05-09T09:16:10.535+0000 7f590b639700 1 -- 172.21.15.12:0/3096769328 shutdown_connections
2024-05-09T09:16:11.103 INFO:teuthology.orchestra.run.smithi012.stdout:/usr/bin/ceph: stderr
2024-05-09T09:16:10.535+0000 7f590b639700 1 --2- 172.21.15.12:0/3096769328 >> [v2:172.21.15.12:6800/3809515815,v1:172.21.15.12:6801/3809515815] conn(0x7f58f0039160 0x7f58f003b620 unknown :-1 s=CLOSED pgs=9 cs=0 l=1 rev1=1 crypto rx=0 tx=0 comp rx=0 tx=0).stop
2024-05-09T09:16:11.103 INFO:teuthology.orchestra.run.smithi012.stdout:/usr/bin/ceph: stderr
2024-05-09T09:16:10.535+0000 7f590b639700 1 --2- 172.21.15.12:0/3096769328 >> [v2:172.21.15.12:3300/0,v1:172.21.15.12:6789/0] conn(0x7f59041087c0 0x7f590419bbc0 unknown :-1 s=CLOSED pgs=73 cs=0 l=1 rev1=1 crypto rx=0 tx=0 comp rx=0 tx=0).stop
2024-05-09T09:16:11.103 INFO:teuthology.orchestra.run.smithi012.stdout:/usr/bin/ceph: stderr
2024-05-09T09:16:10.535+0000 7f590b639700 1 -- 172.21.15.12:0/3096769328 >> 172.21.15.12:0/3096769328 conn(0x7f5904102190 msgr2=0x7f5904102b90 unknown :-1 s=STATE_NONE l=0).mark_down
2024-05-09T09:16:11.103 INFO:teuthology.orchestra.run.smithi012.stdout:/usr/bin/ceph: stderr
2024-05-09T09:16:10.535+0000 7f590b639700 1 -- 172.21.15.12:0/3096769328 shutdown_connections
2024-05-09T09:16:11.103 INFO:teuthology.orchestra.run.smithi012.stdout:/usr/bin/ceph: stderr
2024-05-09T09:16:10.535+0000 7f590b639700 1 -- 172.21.15.12:0/3096769328 wait complete.
2024-05-09T09:16:11.107 INFO:teuthology.orchestra.run.smithi012.stdout:Non-zero exit code 1 from systemctl is-enabled firewalld.service
2024-05-09T09:16:11.107 INFO:teuthology.orchestra.run.smithi012.stdout:systemctl: stdout disabled
2024-05-09T09:16:11.115 INFO:teuthology.orchestra.run.smithi012.stdout:Non-zero exit code 3 from systemctl is-active firewalld.service
2024-05-09T09:16:11.115 INFO:teuthology.orchestra.run.smithi012.stdout:systemctl: stdout inactive
2024-05-09T09:16:11.115 INFO:teuthology.orchestra.run.smithi012.stdout:firewalld.service is not enabled
2024-05-09T09:16:11.115 INFO:teuthology.orchestra.run.smithi012.stdout:Not possible to open ports <[8443]>. firewalld.service is not available
2024-05-09T09:16:11.117 INFO:teuthology.orchestra.run.smithi012.stdout:Ceph Dashboard is now available at:
2024-05-09T09:16:11.117 INFO:teuthology.orchestra.run.smithi012.stdout:
2024-05-09T09:16:11.117 INFO:teuthology.orchestra.run.smithi012.stdout: URL: https://smithi012.front.sepia.ceph.com:8443/
2024-05-09T09:16:11.117 INFO:teuthology.orchestra.run.smithi012.stdout: User: admin
2024-05-09T09:16:11.117 INFO:teuthology.orchestra.run.smithi012.stdout: Password: 1wmoc6iuo0
2024-05-09T09:16:11.117 INFO:teuthology.orchestra.run.smithi012.stdout:
2024-05-09T09:16:11.118 INFO:teuthology.orchestra.run.smithi012.stdout:Saving cluster configuration to /var/lib/ceph/770e12d0-0de4-11ef-bc98-c7b262605968/config directory
2024-05-09T09:16:11.118 INFO:teuthology.orchestra.run.smithi012.stdout:Enabling autotune for osd_memory_target
2024-05-09T09:16:11.983 INFO:journalctl@ceph.mon.a.smithi012.stdout:May 09 09:16:11 smithi012 ceph-mon[30140]: mgrmap e13: x(active, since 6s)
2024-05-09T09:16:12.331 INFO:teuthology.orchestra.run.smithi012.stdout:/usr/bin/ceph: stderr
2024-05-09T09:16:11.553+0000 7f3a56183700 1 Processor -- start
2024-05-09T09:16:12.331 INFO:teuthology.orchestra.run.smithi012.stdout:/usr/bin/ceph: stderr
2024-05-09T09:16:11.553+0000 7f3a56183700 1 -- start start
2024-05-09T09:16:12.331 INFO:teuthology.orchestra.run.smithi012.stdout:/usr/bin/ceph: stderr
2024-05-09T09:16:11.554+0000 7f3a56183700 1 --2- >> [v2:172.21.15.12:3300/0,v1:172.21.15.12:6789/0] conn(0x7f3a50106c30 0x7f3a50107050 unknown :-1 s=NONE pgs=0 cs=0 l=0 rev1=0 crypto rx=0 tx=0 comp rx=0 tx=0).connect
2024-05-09T09:16:12.332 INFO:teuthology.orchestra.run.smithi012.stdout:/usr/bin/ceph: stderr
2024-05-09T09:16:11.554+0000 7f3a56183700 1 -- --> [v2:172.21.15.12:3300/0,v1:172.21.15.12:6789/0] -- mon_getmap magic: 0 -- 0x7f3a50107620 con 0x7f3a50106c30
2024-05-09T09:16:12.332 INFO:teuthology.orchestra.run.smithi012.stdout:/usr/bin/ceph: stderr
2024-05-09T09:16:11.554+0000 7f3a4f7fe700 1 --2- >> [v2:172.21.15.12:3300/0,v1:172.21.15.12:6789/0] conn(0x7f3a50106c30 0x7f3a50107050 unknown :-1 s=BANNER_CONNECTING pgs=0 cs=0 l=0 rev1=0 crypto rx=0 tx=0 comp rx=0 tx=0)._handle_peer_banner_payload supported=3 required=0
2024-05-09T09:16:12.332 INFO:teuthology.orchestra.run.smithi012.stdout:/usr/bin/ceph: stderr
2024-05-09T09:16:11.554+0000 7f3a4f7fe700 1 --2- >> [v2:172.21.15.12:3300/0,v1:172.21.15.12:6789/0] conn(0x7f3a50106c30 0x7f3a50107050 unknown :-1 s=HELLO_CONNECTING pgs=0 cs=0 l=0 rev1=1 crypto rx=0 tx=0 comp rx=0 tx=0).handle_hello peer v2:172.21.15.12:3300/0 says I am v2:172.21.15.12:41028/0 (socket says 172.21.15.12:41028)
2024-05-09T09:16:12.332 INFO:teuthology.orchestra.run.smithi012.stdout:/usr/bin/ceph: stderr
2024-05-09T09:16:11.554+0000 7f3a4f7fe700 1 -- 172.21.15.12:0/891074481 learned_addr learned my addr 172.21.15.12:0/891074481 (peer_addr_for_me v2:172.21.15.12:0/0)
2024-05-09T09:16:12.332 INFO:teuthology.orchestra.run.smithi012.stdout:/usr/bin/ceph: stderr
2024-05-09T09:16:11.554+0000 7f3a4f7fe700 1 -- 172.21.15.12:0/891074481 --> [v2:172.21.15.12:3300/0,v1:172.21.15.12:6789/0] -- mon_subscribe({config=0+,monmap=0+}) -- 0x7f3a50107e30 con 0x7f3a50106c30
2024-05-09T09:16:12.332 INFO:teuthology.orchestra.run.smithi012.stdout:/usr/bin/ceph: stderr
2024-05-09T09:16:11.554+0000 7f3a4f7fe700 1 --2- 172.21.15.12:0/891074481 >> [v2:172.21.15.12:3300/0,v1:172.21.15.12:6789/0] conn(0x7f3a50106c30 0x7f3a50107050 secure :-1 s=READY pgs=74 cs=0 l=1 rev1=1 crypto rx=0x7f3a40009e80 tx=0x7f3a4000b330 comp rx=0 tx=0).ready entity=mon.0 client_cookie=9f640116bf7984b0 server_cookie=0 in_seq=0 out_seq=0
2024-05-09T09:16:12.332 INFO:teuthology.orchestra.run.smithi012.stdout:/usr/bin/ceph: stderr
2024-05-09T09:16:11.554+0000 7f3a4effd700 1 -- 172.21.15.12:0/891074481 <== mon.0 v2:172.21.15.12:3300/0 1 ==== mon_map magic: 0 ==== 205+0+0 (secure 0 0 0) 0x7f3a40017070 con 0x7f3a50106c30
2024-05-09T09:16:12.332 INFO:teuthology.orchestra.run.smithi012.stdout:/usr/bin/ceph: stderr
2024-05-09T09:16:11.555+0000 7f3a4effd700 1 -- 172.21.15.12:0/891074481 <== mon.0 v2:172.21.15.12:3300/0 2 ==== config(27 keys) ==== 1136+0+0 (secure 0 0 0) 0x7f3a4000b8c0 con 0x7f3a50106c30
2024-05-09T09:16:12.332 INFO:teuthology.orchestra.run.smithi012.stdout:/usr/bin/ceph: stderr
2024-05-09T09:16:11.555+0000 7f3a4effd700 1 -- 172.21.15.12:0/891074481 <== mon.0 v2:172.21.15.12:3300/0 3 ==== mon_map magic: 0 ==== 205+0+0 (secure 0 0 0) 0x7f3a40004520 con 0x7f3a50106c30
2024-05-09T09:16:12.332 INFO:teuthology.orchestra.run.smithi012.stdout:/usr/bin/ceph: stderr
2024-05-09T09:16:11.555+0000 7f3a56183700 1 -- 172.21.15.12:0/891074481 >> [v2:172.21.15.12:3300/0,v1:172.21.15.12:6789/0] conn(0x7f3a50106c30 msgr2=0x7f3a50107050 secure :-1 s=STATE_CONNECTION_ESTABLISHED l=1).mark_down
2024-05-09T09:16:12.332 INFO:teuthology.orchestra.run.smithi012.stdout:/usr/bin/ceph: stderr
2024-05-09T09:16:11.555+0000 7f3a56183700 1 --2- 172.21.15.12:0/891074481 >> [v2:172.21.15.12:3300/0,v1:172.21.15.12:6789/0] conn(0x7f3a50106c30 0x7f3a50107050 secure :-1 s=READY pgs=74 cs=0 l=1 rev1=1 crypto rx=0x7f3a40009e80 tx=0x7f3a4000b330 comp rx=0 tx=0).stop
2024-05-09T09:16:12.332 INFO:teuthology.orchestra.run.smithi012.stdout:/usr/bin/ceph: stderr
2024-05-09T09:16:11.555+0000 7f3a56183700 1 -- 172.21.15.12:0/891074481 shutdown_connections
2024-05-09T09:16:12.332 INFO:teuthology.orchestra.run.smithi012.stdout:/usr/bin/ceph: stderr
2024-05-09T09:16:11.555+0000 7f3a56183700 1 --2- 172.21.15.12:0/891074481 >> [v2:172.21.15.12:3300/0,v1:172.21.15.12:6789/0] conn(0x7f3a50106c30 0x7f3a50107050 unknown :-1 s=CLOSED pgs=74 cs=0 l=1 rev1=1 crypto rx=0 tx=0 comp rx=0 tx=0).stop
2024-05-09T09:16:12.332 INFO:teuthology.orchestra.run.smithi012.stdout:/usr/bin/ceph: stderr
2024-05-09T09:16:11.555+0000 7f3a56183700 1 -- 172.21.15.12:0/891074481 >> 172.21.15.12:0/891074481 conn(0x7f3a501021d0 msgr2=0x7f3a50104610 unknown :-1 s=STATE_NONE l=0).mark_down
2024-05-09T09:16:12.333 INFO:teuthology.orchestra.run.smithi012.stdout:/usr/bin/ceph: stderr
2024-05-09T09:16:11.555+0000 7f3a56183700 1 -- 172.21.15.12:0/891074481 shutdown_connections
2024-05-09T09:16:12.333 INFO:teuthology.orchestra.run.smithi012.stdout:/usr/bin/ceph: stderr
2024-05-09T09:16:11.555+0000 7f3a56183700 1 -- 172.21.15.12:0/891074481 wait complete.
2024-05-09T09:16:12.333 INFO:teuthology.orchestra.run.smithi012.stdout:/usr/bin/ceph: stderr
2024-05-09T09:16:11.556+0000 7f3a56183700 1 Processor -- start
2024-05-09T09:16:12.333 INFO:teuthology.orchestra.run.smithi012.stdout:/usr/bin/ceph: stderr
2024-05-09T09:16:11.556+0000 7f3a56183700 1 -- start start
2024-05-09T09:16:12.333 INFO:teuthology.orchestra.run.smithi012.stdout:/usr/bin/ceph: stderr
2024-05-09T09:16:11.556+0000 7f3a56183700 1 --2- >> [v2:172.21.15.12:3300/0,v1:172.21.15.12:6789/0] conn(0x7f3a50106c30 0x7f3a5019bba0 unknown :-1 s=NONE pgs=0 cs=0 l=1 rev1=0 crypto rx=0 tx=0 comp rx=0 tx=0).connect
2024-05-09T09:16:12.333 INFO:teuthology.orchestra.run.smithi012.stdout:/usr/bin/ceph: stderr
2024-05-09T09:16:11.556+0000 7f3a56183700 1 -- --> [v2:172.21.15.12:3300/0,v1:172.21.15.12:6789/0] -- mon_getmap magic: 0 -- 0x7f3a5010b1e0 con 0x7f3a50106c30
2024-05-09T09:16:12.333 INFO:teuthology.orchestra.run.smithi012.stdout:/usr/bin/ceph: stderr
2024-05-09T09:16:11.556+0000 7f3a4f7fe700 1 --2- >> [v2:172.21.15.12:3300/0,v1:172.21.15.12:6789/0] conn(0x7f3a50106c30 0x7f3a5019bba0 unknown :-1 s=BANNER_CONNECTING pgs=0 cs=0 l=1 rev1=0 crypto rx=0 tx=0 comp rx=0 tx=0)._handle_peer_banner_payload supported=3 required=0
2024-05-09T09:16:12.333 INFO:teuthology.orchestra.run.smithi012.stdout:/usr/bin/ceph: stderr
2024-05-09T09:16:11.556+0000 7f3a4f7fe700 1 --2- >> [v2:172.21.15.12:3300/0,v1:172.21.15.12:6789/0] conn(0x7f3a50106c30 0x7f3a5019bba0 unknown :-1 s=HELLO_CONNECTING pgs=0 cs=0 l=1 rev1=1 crypto rx=0 tx=0 comp rx=0 tx=0).handle_hello peer v2:172.21.15.12:3300/0 says I am v2:172.21.15.12:41042/0 (socket says 172.21.15.12:41042)
2024-05-09T09:16:12.333 INFO:teuthology.orchestra.run.smithi012.stdout:/usr/bin/ceph: stderr
2024-05-09T09:16:11.556+0000 7f3a4f7fe700 1 -- 172.21.15.12:0/3813817867 learned_addr learned my addr 172.21.15.12:0/3813817867 (peer_addr_for_me v2:172.21.15.12:0/0)
2024-05-09T09:16:12.333 INFO:teuthology.orchestra.run.smithi012.stdout:/usr/bin/ceph: stderr
2024-05-09T09:16:11.556+0000 7f3a4f7fe700 1 -- 172.21.15.12:0/3813817867 --> [v2:172.21.15.12:3300/0,v1:172.21.15.12:6789/0] -- mon_subscribe({config=0+,monmap=0+}) -- 0x7f3a5019c0e0 con 0x7f3a50106c30
2024-05-09T09:16:12.333 INFO:teuthology.orchestra.run.smithi012.stdout:/usr/bin/ceph: stderr
2024-05-09T09:16:11.557+0000 7f3a4f7fe700 1 --2- 172.21.15.12:0/3813817867 >> [v2:172.21.15.12:3300/0,v1:172.21.15.12:6789/0] conn(0x7f3a50106c30 0x7f3a5019bba0 secure :-1 s=READY pgs=75 cs=0 l=1 rev1=1 crypto rx=0x7f3a40000f80 tx=0x7f3a4000bd50 comp rx=0 tx=0).ready entity=mon.0 client_cookie=0 server_cookie=0 in_seq=0 out_seq=0
2024-05-09T09:16:12.333 INFO:teuthology.orchestra.run.smithi012.stdout:/usr/bin/ceph: stderr
2024-05-09T09:16:11.557+0000 7f3a4d7fa700 1 -- 172.21.15.12:0/3813817867 <== mon.0 v2:172.21.15.12:3300/0 1 ==== mon_map magic: 0 ==== 205+0+0 (secure 0 0 0) 0x7f3a40017070 con 0x7f3a50106c30
2024-05-09T09:16:12.333 INFO:teuthology.orchestra.run.smithi012.stdout:/usr/bin/ceph: stderr
2024-05-09T09:16:11.557+0000 7f3a4d7fa700 1 -- 172.21.15.12:0/3813817867 <== mon.0 v2:172.21.15.12:3300/0 2 ==== config(27 keys) ==== 1136+0+0 (secure 0 0 0) 0x7f3a40022070 con 0x7f3a50106c30
2024-05-09T09:16:12.333 INFO:teuthology.orchestra.run.smithi012.stdout:/usr/bin/ceph: stderr
2024-05-09T09:16:11.557+0000 7f3a56183700 1 -- 172.21.15.12:0/3813817867 --> [v2:172.21.15.12:3300/0,v1:172.21.15.12:6789/0] -- mon_subscribe({mgrmap=0+}) -- 0x7f3a5019c370 con 0x7f3a50106c30
2024-05-09T09:16:12.334 INFO:teuthology.orchestra.run.smithi012.stdout:/usr/bin/ceph: stderr
2024-05-09T09:16:11.557+0000 7f3a4d7fa700 1 -- 172.21.15.12:0/3813817867 <== mon.0 v2:172.21.15.12:3300/0 3 ==== mon_map magic: 0 ==== 205+0+0 (secure 0 0 0) 0x7f3a4001d5b0 con 0x7f3a50106c30
2024-05-09T09:16:12.334 INFO:teuthology.orchestra.run.smithi012.stdout:/usr/bin/ceph: stderr
2024-05-09T09:16:11.557+0000 7f3a56183700 1 -- 172.21.15.12:0/3813817867 --> [v2:172.21.15.12:3300/0,v1:172.21.15.12:6789/0] -- mon_subscribe({osdmap=0}) -- 0x7f3a5019f060 con 0x7f3a50106c30
2024-05-09T09:16:12.334 INFO:teuthology.orchestra.run.smithi012.stdout:/usr/bin/ceph: stderr
2024-05-09T09:16:11.558+0000 7f3a4d7fa700 1 -- 172.21.15.12:0/3813817867 <== mon.0 v2:172.21.15.12:3300/0 4 ==== mgrmap(e 13) ==== 46343+0+0 (secure 0 0 0) 0x7f3a40012990 con 0x7f3a50106c30
2024-05-09T09:16:12.334 INFO:teuthology.orchestra.run.smithi012.stdout:/usr/bin/ceph: stderr
2024-05-09T09:16:11.558+0000 7f3a56183700 1 -- 172.21.15.12:0/3813817867 --> [v2:172.21.15.12:3300/0,v1:172.21.15.12:6789/0] -- mon_command({"prefix": "get_command_descriptions"} v 0) -- 0x7f3a50063980 con 0x7f3a50106c30
2024-05-09T09:16:12.334 INFO:teuthology.orchestra.run.smithi012.stdout:/usr/bin/ceph: stderr
2024-05-09T09:16:11.558+0000 7f3a4d7fa700 1 --2- 172.21.15.12:0/3813817867 >> [v2:172.21.15.12:6800/3809515815,v1:172.21.15.12:6801/3809515815] conn(0x7f3a3c039200 0x7f3a3c03b6c0 unknown :-1 s=NONE pgs=0 cs=0 l=1 rev1=0 crypto rx=0 tx=0 comp rx=0 tx=0).connect
2024-05-09T09:16:12.334 INFO:teuthology.orchestra.run.smithi012.stdout:/usr/bin/ceph: stderr
2024-05-09T09:16:11.558+0000 7f3a4d7fa700 1 -- 172.21.15.12:0/3813817867 <== mon.0 v2:172.21.15.12:3300/0 5 ==== osd_map(3..3 src has 1..3) ==== 1155+0+0 (secure 0 0 0) 0x7f3a4000f050 con 0x7f3a50106c30
2024-05-09T09:16:12.334 INFO:teuthology.orchestra.run.smithi012.stdout:/usr/bin/ceph: stderr
2024-05-09T09:16:11.558+0000 7f3a46ffd700 1 --2- 172.21.15.12:0/3813817867 >> [v2:172.21.15.12:6800/3809515815,v1:172.21.15.12:6801/3809515815] conn(0x7f3a3c039200 0x7f3a3c03b6c0 unknown :-1 s=BANNER_CONNECTING pgs=0 cs=0 l=1 rev1=0 crypto rx=0 tx=0 comp rx=0 tx=0)._handle_peer_banner_payload supported=3 required=0
2024-05-09T09:16:12.334 INFO:teuthology.orchestra.run.smithi012.stdout:/usr/bin/ceph: stderr
2024-05-09T09:16:11.558+0000 7f3a46ffd700 1 --2- 172.21.15.12:0/3813817867 >> [v2:172.21.15.12:6800/3809515815,v1:172.21.15.12:6801/3809515815] conn(0x7f3a3c039200 0x7f3a3c03b6c0 secure :-1 s=READY pgs=10 cs=0 l=1 rev1=1 crypto rx=0x7f3a38006fd0 tx=0x7f3a38006e40 comp rx=0 tx=0).ready entity=mgr.14150 client_cookie=0 server_cookie=0 in_seq=0 out_seq=0
2024-05-09T09:16:12.334 INFO:teuthology.orchestra.run.smithi012.stdout:/usr/bin/ceph: stderr
2024-05-09T09:16:11.563+0000 7f3a4d7fa700 1 -- 172.21.15.12:0/3813817867 <== mon.0 v2:172.21.15.12:3300/0 6 ==== mon_command_ack([{"prefix": "get_command_descriptions"}]=0 v0) ==== 72+0+186147 (secure 0 0 0) 0x7f3a40024310 con 0x7f3a50106c30
2024-05-09T09:16:12.334 INFO:teuthology.orchestra.run.smithi012.stdout:/usr/bin/ceph: stderr
2024-05-09T09:16:11.769+0000 7f3a56183700 1 -- 172.21.15.12:0/3813817867 --> [v2:172.21.15.12:3300/0,v1:172.21.15.12:6789/0] -- mon_command([{prefix=config set, name=osd_memory_target_autotune}] v 0) -- 0x7f3a5002de80 con 0x7f3a50106c30
2024-05-09T09:16:12.334 INFO:teuthology.orchestra.run.smithi012.stdout:/usr/bin/ceph: stderr
2024-05-09T09:16:11.769+0000 7f3a4d7fa700 1 -- 172.21.15.12:0/3813817867 <== mon.0 v2:172.21.15.12:3300/0 7 ==== mon_command_ack([{prefix=config set, name=osd_memory_target_autotune}]=0 v8)=0 v8) ==== 127+0+0 (secure 0 0 0) 0x7f3a4001bd80 con 0x7f3a50106c30
2024-05-09T09:16:12.334 INFO:teuthology.orchestra.run.smithi012.stdout:/usr/bin/ceph: stderr
2024-05-09T09:16:11.771+0000 7f3a56183700 1 -- 172.21.15.12:0/3813817867 >> [v2:172.21.15.12:6800/3809515815,v1:172.21.15.12:6801/3809515815] conn(0x7f3a3c039200 msgr2=0x7f3a3c03b6c0 secure :-1 s=STATE_CONNECTION_ESTABLISHED l=1).mark_down
2024-05-09T09:16:12.334 INFO:teuthology.orchestra.run.smithi012.stdout:/usr/bin/ceph: stderr
2024-05-09T09:16:11.771+0000 7f3a56183700 1 --2- 172.21.15.12:0/3813817867 >> [v2:172.21.15.12:6800/3809515815,v1:172.21.15.12:6801/3809515815] conn(0x7f3a3c039200 0x7f3a3c03b6c0 secure :-1 s=READY pgs=10 cs=0 l=1 rev1=1 crypto rx=0x7f3a38006fd0 tx=0x7f3a38006e40 comp rx=0 tx=0).stop
2024-05-09T09:16:12.334 INFO:teuthology.orchestra.run.smithi012.stdout:/usr/bin/ceph: stderr
2024-05-09T09:16:11.771+0000 7f3a56183700 1 -- 172.21.15.12:0/3813817867 >> [v2:172.21.15.12:3300/0,v1:172.21.15.12:6789/0] conn(0x7f3a50106c30 msgr2=0x7f3a5019bba0 secure :-1 s=STATE_CONNECTION_ESTABLISHED l=1).mark_down
2024-05-09T09:16:12.335 INFO:teuthology.orchestra.run.smithi012.stdout:/usr/bin/ceph: stderr
2024-05-09T09:16:11.771+0000 7f3a56183700 1 --2- 172.21.15.12:0/3813817867 >> [v2:172.21.15.12:3300/0,v1:172.21.15.12:6789/0] conn(0x7f3a50106c30 0x7f3a5019bba0 secure :-1 s=READY pgs=75 cs=0 l=1 rev1=1 crypto rx=0x7f3a40000f80 tx=0x7f3a4000bd50 comp rx=0 tx=0).stop
2024-05-09T09:16:12.335 INFO:teuthology.orchestra.run.smithi012.stdout:/usr/bin/ceph: stderr
2024-05-09T09:16:11.771+0000 7f3a56183700 1 -- 172.21.15.12:0/3813817867 shutdown_connections
2024-05-09T09:16:12.335 INFO:teuthology.orchestra.run.smithi012.stdout:/usr/bin/ceph: stderr
2024-05-09T09:16:11.771+0000 7f3a56183700 1 --2- 172.21.15.12:0/3813817867 >> [v2:172.21.15.12:6800/3809515815,v1:172.21.15.12:6801/3809515815] conn(0x7f3a3c039200 0x7f3a3c03b6c0 unknown :-1 s=CLOSED pgs=10 cs=0 l=1 rev1=1 crypto rx=0 tx=0 comp rx=0 tx=0).stop
2024-05-09T09:16:12.335 INFO:teuthology.orchestra.run.smithi012.stdout:/usr/bin/ceph: stderr
2024-05-09T09:16:11.771+0000 7f3a56183700 1 --2- 172.21.15.12:0/3813817867 >> [v2:172.21.15.12:3300/0,v1:172.21.15.12:6789/0] conn(0x7f3a50106c30 0x7f3a5019bba0 unknown :-1 s=CLOSED pgs=75 cs=0 l=1 rev1=1 crypto rx=0 tx=0 comp rx=0 tx=0).stop
2024-05-09T09:16:12.335 INFO:teuthology.orchestra.run.smithi012.stdout:/usr/bin/ceph: stderr
2024-05-09T09:16:11.771+0000 7f3a56183700 1 -- 172.21.15.12:0/3813817867 >> 172.21.15.12:0/3813817867 conn(0x7f3a501021d0 msgr2=0x7f3a50102f80 unknown :-1 s=STATE_NONE l=0).mark_down
2024-05-09T09:16:12.335 INFO:teuthology.orchestra.run.smithi012.stdout:/usr/bin/ceph: stderr
2024-05-09T09:16:11.772+0000 7f3a56183700 1 -- 172.21.15.12:0/3813817867 shutdown_connections
2024-05-09T09:16:12.335 INFO:teuthology.orchestra.run.smithi012.stdout:/usr/bin/ceph: stderr
2024-05-09T09:16:11.772+0000 7f3a56183700 1 -- 172.21.15.12:0/3813817867 wait complete.
2024-05-09T09:16:13.680 INFO:teuthology.orchestra.run.smithi012.stdout:/usr/bin/ceph: stderr
2024-05-09T09:16:12.750+0000 7f7282225700 1 Processor -- start
2024-05-09T09:16:13.680 INFO:teuthology.orchestra.run.smithi012.stdout:/usr/bin/ceph: stderr
2024-05-09T09:16:12.750+0000 7f7282225700 1 -- start start
2024-05-09T09:16:13.680 INFO:teuthology.orchestra.run.smithi012.stdout:/usr/bin/ceph: stderr
2024-05-09T09:16:12.751+0000 7f7282225700 1 --2- >> [v2:172.21.15.12:3300/0,v1:172.21.15.12:6789/0] conn(0x7f727c108780 0x7f727c10ab70 unknown :-1 s=NONE pgs=0 cs=0 l=0 rev1=0 crypto rx=0 tx=0 comp rx=0 tx=0).connect
2024-05-09T09:16:13.680 INFO:teuthology.orchestra.run.smithi012.stdout:/usr/bin/ceph: stderr
2024-05-09T09:16:12.751+0000 7f7282225700 1 -- --> [v2:172.21.15.12:3300/0,v1:172.21.15.12:6789/0] -- mon_getmap magic: 0 -- 0x7f727c07bdf0 con 0x7f727c108780
2024-05-09T09:16:13.680 INFO:teuthology.orchestra.run.smithi012.stdout:/usr/bin/ceph: stderr
2024-05-09T09:16:12.751+0000 7f727b7fe700 1 --2- >> [v2:172.21.15.12:3300/0,v1:172.21.15.12:6789/0] conn(0x7f727c108780 0x7f727c10ab70 unknown :-1 s=BANNER_CONNECTING pgs=0 cs=0 l=0 rev1=0 crypto rx=0 tx=0 comp rx=0 tx=0)._handle_peer_banner_payload supported=3 required=0
2024-05-09T09:16:13.681 INFO:teuthology.orchestra.run.smithi012.stdout:/usr/bin/ceph: stderr
2024-05-09T09:16:12.751+0000 7f727b7fe700 1 --2- >> [v2:172.21.15.12:3300/0,v1:172.21.15.12:6789/0] conn(0x7f727c108780 0x7f727c10ab70 unknown :-1 s=HELLO_CONNECTING pgs=0 cs=0 l=0 rev1=1 crypto rx=0 tx=0 comp rx=0 tx=0).handle_hello peer v2:172.21.15.12:3300/0 says I am v2:172.21.15.12:38638/0 (socket says 172.21.15.12:38638)
2024-05-09T09:16:13.681 INFO:teuthology.orchestra.run.smithi012.stdout:/usr/bin/ceph: stderr
2024-05-09T09:16:12.751+0000 7f727b7fe700 1 -- 172.21.15.12:0/758929715 learned_addr learned my addr 172.21.15.12:0/758929715 (peer_addr_for_me v2:172.21.15.12:0/0)
2024-05-09T09:16:13.681 INFO:teuthology.orchestra.run.smithi012.stdout:/usr/bin/ceph: stderr
2024-05-09T09:16:12.751+0000 7f727b7fe700 1 -- 172.21.15.12:0/758929715 --> [v2:172.21.15.12:3300/0,v1:172.21.15.12:6789/0] -- mon_subscribe({config=0+,monmap=0+}) -- 0x7f727c10b0b0 con 0x7f727c108780
2024-05-09T09:16:13.681 INFO:teuthology.orchestra.run.smithi012.stdout:/usr/bin/ceph: stderr
2024-05-09T09:16:12.751+0000 7f727b7fe700 1 --2- 172.21.15.12:0/758929715 >> [v2:172.21.15.12:3300/0,v1:172.21.15.12:6789/0] conn(0x7f727c108780 0x7f727c10ab70 secure :-1 s=READY pgs=76 cs=0 l=1 rev1=1 crypto rx=0x7f726c009e80 tx=0x7f726c00b330 comp rx=0 tx=0).ready entity=mon.0 client_cookie=9184e0350f264f21 server_cookie=0 in_seq=0 out_seq=0
2024-05-09T09:16:13.681 INFO:teuthology.orchestra.run.smithi012.stdout:/usr/bin/ceph: stderr
2024-05-09T09:16:12.751+0000 7f727a7fc700 1 -- 172.21.15.12:0/758929715 <== mon.0 v2:172.21.15.12:3300/0 1 ==== mon_map magic: 0 ==== 205+0+0 (secure 0 0 0) 0x7f726c017070 con 0x7f727c108780
2024-05-09T09:16:13.681 INFO:teuthology.orchestra.run.smithi012.stdout:/usr/bin/ceph: stderr
2024-05-09T09:16:12.752+0000 7f727a7fc700 1 -- 172.21.15.12:0/758929715 <== mon.0 v2:172.21.15.12:3300/0 2 ==== config(27 keys) ==== 1136+0+0 (secure 0 0 0) 0x7f726c00b8c0 con 0x7f727c108780
2024-05-09T09:16:13.681 INFO:teuthology.orchestra.run.smithi012.stdout:/usr/bin/ceph: stderr
2024-05-09T09:16:12.752+0000 7f727a7fc700 1 -- 172.21.15.12:0/758929715 <== mon.0 v2:172.21.15.12:3300/0 3 ==== mon_map magic: 0 ==== 205+0+0 (secure 0 0 0) 0x7f726c004520 con 0x7f727c108780
2024-05-09T09:16:13.681 INFO:teuthology.orchestra.run.smithi012.stdout:/usr/bin/ceph: stderr
2024-05-09T09:16:12.752+0000 7f7282225700 1 -- 172.21.15.12:0/758929715 >> [v2:172.21.15.12:3300/0,v1:172.21.15.12:6789/0] conn(0x7f727c108780 msgr2=0x7f727c10ab70 secure :-1 s=STATE_CONNECTION_ESTABLISHED l=1).mark_down
2024-05-09T09:16:13.681 INFO:teuthology.orchestra.run.smithi012.stdout:/usr/bin/ceph: stderr
2024-05-09T09:16:12.752+0000 7f7282225700 1 --2- 172.21.15.12:0/758929715 >> [v2:172.21.15.12:3300/0,v1:172.21.15.12:6789/0] conn(0x7f727c108780 0x7f727c10ab70 secure :-1 s=READY pgs=76 cs=0 l=1 rev1=1 crypto rx=0x7f726c009e80 tx=0x7f726c00b330 comp rx=0 tx=0).stop
2024-05-09T09:16:13.681 INFO:teuthology.orchestra.run.smithi012.stdout:/usr/bin/ceph: stderr
2024-05-09T09:16:12.752+0000 7f7282225700 1 -- 172.21.15.12:0/758929715 shutdown_connections
2024-05-09T09:16:13.681 INFO:teuthology.orchestra.run.smithi012.stdout:/usr/bin/ceph: stderr
2024-05-09T09:16:12.752+0000 7f7282225700 1 --2- 172.21.15.12:0/758929715 >> [v2:172.21.15.12:3300/0,v1:172.21.15.12:6789/0] conn(0x7f727c108780 0x7f727c10ab70 unknown :-1 s=CLOSED pgs=76 cs=0 l=1 rev1=1 crypto rx=0 tx=0 comp rx=0 tx=0).stop
2024-05-09T09:16:13.681 INFO:teuthology.orchestra.run.smithi012.stdout:/usr/bin/ceph: stderr
2024-05-09T09:16:12.752+0000 7f7282225700 1 -- 172.21.15.12:0/758929715 >> 172.21.15.12:0/758929715 conn(0x7f727c102170 msgr2=0x7f727c1045b0 unknown :-1 s=STATE_NONE l=0).mark_down
2024-05-09T09:16:13.681 INFO:teuthology.orchestra.run.smithi012.stdout:/usr/bin/ceph: stderr
2024-05-09T09:16:12.752+0000 7f7282225700 1 -- 172.21.15.12:0/758929715 shutdown_connections
2024-05-09T09:16:13.682 INFO:teuthology.orchestra.run.smithi012.stdout:/usr/bin/ceph: stderr
2024-05-09T09:16:12.752+0000 7f7282225700 1 -- 172.21.15.12:0/758929715 wait complete.
2024-05-09T09:16:13.682 INFO:teuthology.orchestra.run.smithi012.stdout:/usr/bin/ceph: stderr
2024-05-09T09:16:12.753+0000 7f7282225700 1 Processor -- start
2024-05-09T09:16:13.682 INFO:teuthology.orchestra.run.smithi012.stdout:/usr/bin/ceph: stderr
2024-05-09T09:16:12.753+0000 7f7282225700 1 -- start start
2024-05-09T09:16:13.682 INFO:teuthology.orchestra.run.smithi012.stdout:/usr/bin/ceph: stderr
2024-05-09T09:16:12.753+0000 7f7282225700 1 --2- >> [v2:172.21.15.12:3300/0,v1:172.21.15.12:6789/0] conn(0x7f727c108780 0x7f727c19bb80 unknown :-1 s=NONE pgs=0 cs=0 l=1 rev1=0 crypto rx=0 tx=0 comp rx=0 tx=0).connect
2024-05-09T09:16:13.682 INFO:teuthology.orchestra.run.smithi012.stdout:/usr/bin/ceph: stderr
2024-05-09T09:16:12.753+0000 7f7282225700 1 -- --> [v2:172.21.15.12:3300/0,v1:172.21.15.12:6789/0] -- mon_getmap magic: 0 -- 0x7f727c10c110 con 0x7f727c108780
2024-05-09T09:16:13.682 INFO:teuthology.orchestra.run.smithi012.stdout:/usr/bin/ceph: stderr
2024-05-09T09:16:12.753+0000 7f727b7fe700 1 --2- >> [v2:172.21.15.12:3300/0,v1:172.21.15.12:6789/0] conn(0x7f727c108780 0x7f727c19bb80 unknown :-1 s=BANNER_CONNECTING pgs=0 cs=0 l=1 rev1=0 crypto rx=0 tx=0 comp rx=0 tx=0)._handle_peer_banner_payload supported=3 required=0
2024-05-09T09:16:13.682 INFO:teuthology.orchestra.run.smithi012.stdout:/usr/bin/ceph: stderr
2024-05-09T09:16:12.753+0000 7f727b7fe700 1 --2- >> [v2:172.21.15.12:3300/0,v1:172.21.15.12:6789/0] conn(0x7f727c108780 0x7f727c19bb80 unknown :-1 s=HELLO_CONNECTING pgs=0 cs=0 l=1 rev1=1 crypto rx=0 tx=0 comp rx=0 tx=0).handle_hello peer v2:172.21.15.12:3300/0 says I am v2:172.21.15.12:38646/0 (socket says 172.21.15.12:38646)
2024-05-09T09:16:13.682 INFO:teuthology.orchestra.run.smithi012.stdout:/usr/bin/ceph: stderr
2024-05-09T09:16:12.753+0000 7f727b7fe700 1 -- 172.21.15.12:0/2298568614 learned_addr learned my addr 172.21.15.12:0/2298568614 (peer_addr_for_me v2:172.21.15.12:0/0)
2024-05-09T09:16:13.682 INFO:teuthology.orchestra.run.smithi012.stdout:/usr/bin/ceph: stderr
2024-05-09T09:16:12.754+0000 7f727b7fe700 1 -- 172.21.15.12:0/2298568614 --> [v2:172.21.15.12:3300/0,v1:172.21.15.12:6789/0] -- mon_subscribe({config=0+,monmap=0+}) -- 0x7f727c19c0c0 con 0x7f727c108780
2024-05-09T09:16:13.682 INFO:teuthology.orchestra.run.smithi012.stdout:/usr/bin/ceph: stderr
2024-05-09T09:16:12.754+0000 7f727b7fe700 1 --2- 172.21.15.12:0/2298568614 >> [v2:172.21.15.12:3300/0,v1:172.21.15.12:6789/0] conn(0x7f727c108780 0x7f727c19bb80 secure :-1 s=READY pgs=77 cs=0 l=1 rev1=1 crypto rx=0x7f726c0042b0 tx=0x7f726c00bd50 comp rx=0 tx=0).ready entity=mon.0 client_cookie=0 server_cookie=0 in_seq=0 out_seq=0
2024-05-09T09:16:13.682 INFO:teuthology.orchestra.run.smithi012.stdout:/usr/bin/ceph: stderr
2024-05-09T09:16:12.754+0000 7f7278ff9700 1 -- 172.21.15.12:0/2298568614 <== mon.0 v2:172.21.15.12:3300/0 1 ==== mon_map magic: 0 ==== 205+0+0 (secure 0 0 0) 0x7f726c017070 con 0x7f727c108780
2024-05-09T09:16:13.682 INFO:teuthology.orchestra.run.smithi012.stdout:/usr/bin/ceph: stderr
2024-05-09T09:16:12.754+0000 7f7278ff9700 1 -- 172.21.15.12:0/2298568614 <== mon.0 v2:172.21.15.12:3300/0 2 ==== config(27 keys) ==== 1136+0+0 (secure 0 0 0) 0x7f726c022070 con 0x7f727c108780
2024-05-09T09:16:13.682 INFO:teuthology.orchestra.run.smithi012.stdout:/usr/bin/ceph: stderr
2024-05-09T09:16:12.754+0000 7f7278ff9700 1 -- 172.21.15.12:0/2298568614 <== mon.0 v2:172.21.15.12:3300/0 3 ==== mon_map magic: 0 ==== 205+0+0 (secure 0 0 0) 0x7f726c01d680 con 0x7f727c108780
2024-05-09T09:16:13.683 INFO:teuthology.orchestra.run.smithi012.stdout:/usr/bin/ceph: stderr
2024-05-09T09:16:12.754+0000 7f7282225700 1 -- 172.21.15.12:0/2298568614 --> [v2:172.21.15.12:3300/0,v1:172.21.15.12:6789/0] -- mon_subscribe({mgrmap=0+}) -- 0x7f727c19c350 con 0x7f727c108780
2024-05-09T09:16:13.683 INFO:teuthology.orchestra.run.smithi012.stdout:/usr/bin/ceph: stderr
2024-05-09T09:16:12.754+0000 7f7282225700 1 -- 172.21.15.12:0/2298568614 --> [v2:172.21.15.12:3300/0,v1:172.21.15.12:6789/0] -- mon_subscribe({osdmap=0}) -- 0x7f727c19f040 con 0x7f727c108780
2024-05-09T09:16:13.683 INFO:teuthology.orchestra.run.smithi012.stdout:/usr/bin/ceph: stderr
2024-05-09T09:16:12.755+0000 7f7278ff9700 1 -- 172.21.15.12:0/2298568614 <== mon.0 v2:172.21.15.12:3300/0 4 ==== mgrmap(e 13) ==== 46343+0+0 (secure 0 0 0) 0x7f726c012430 con 0x7f727c108780
2024-05-09T09:16:13.683 INFO:teuthology.orchestra.run.smithi012.stdout:/usr/bin/ceph: stderr
2024-05-09T09:16:12.755+0000 7f7282225700 1 -- 172.21.15.12:0/2298568614 --> [v2:172.21.15.12:3300/0,v1:172.21.15.12:6789/0] -- mon_command({"prefix": "get_command_descriptions"} v 0) -- 0x7f727c063980 con 0x7f727c108780
2024-05-09T09:16:13.683 INFO:teuthology.orchestra.run.smithi012.stdout:/usr/bin/ceph: stderr
2024-05-09T09:16:12.755+0000 7f7278ff9700 1 --2- 172.21.15.12:0/2298568614 >> [v2:172.21.15.12:6800/3809515815,v1:172.21.15.12:6801/3809515815] conn(0x7f7264039260 0x7f726403b720 unknown :-1 s=NONE pgs=0 cs=0 l=1 rev1=0 crypto rx=0 tx=0 comp rx=0 tx=0).connect
2024-05-09T09:16:13.683 INFO:teuthology.orchestra.run.smithi012.stdout:/usr/bin/ceph: stderr
2024-05-09T09:16:12.755+0000 7f7278ff9700 1 -- 172.21.15.12:0/2298568614 <== mon.0 v2:172.21.15.12:3300/0 5 ==== osd_map(3..3 src has 1..3) ==== 1155+0+0 (secure 0 0 0) 0x7f726c00f050 con 0x7f727c108780
2024-05-09T09:16:13.683 INFO:teuthology.orchestra.run.smithi012.stdout:/usr/bin/ceph: stderr
2024-05-09T09:16:12.756+0000 7f727affd700 1 --2- 172.21.15.12:0/2298568614 >> [v2:172.21.15.12:6800/3809515815,v1:172.21.15.12:6801/3809515815] conn(0x7f7264039260 0x7f726403b720 unknown :-1 s=BANNER_CONNECTING pgs=0 cs=0 l=1 rev1=0 crypto rx=0 tx=0 comp rx=0 tx=0)._handle_peer_banner_payload supported=3 required=0
2024-05-09T09:16:13.683 INFO:teuthology.orchestra.run.smithi012.stdout:/usr/bin/ceph: stderr
2024-05-09T09:16:12.756+0000 7f727affd700 1 --2- 172.21.15.12:0/2298568614 >> [v2:172.21.15.12:6800/3809515815,v1:172.21.15.12:6801/3809515815] conn(0x7f7264039260 0x7f726403b720 secure :-1 s=READY pgs=11 cs=0 l=1 rev1=1 crypto rx=0x7f7270006fd0 tx=0x7f7270006e40 comp rx=0 tx=0).ready entity=mgr.14150 client_cookie=0 server_cookie=0 in_seq=0 out_seq=0
2024-05-09T09:16:13.683 INFO:teuthology.orchestra.run.smithi012.stdout:/usr/bin/ceph: stderr
2024-05-09T09:16:12.760+0000 7f7278ff9700 1 -- 172.21.15.12:0/2298568614 <== mon.0 v2:172.21.15.12:3300/0 6 ==== mon_command_ack([{"prefix": "get_command_descriptions"}]=0 v0) ==== 72+0+186147 (secure 0 0 0) 0x7f726c022c60 con 0x7f727c108780
2024-05-09T09:16:13.683 INFO:teuthology.orchestra.run.smithi012.stdout:/usr/bin/ceph: stderr
2024-05-09T09:16:13.078+0000 7f7282225700 1 -- 172.21.15.12:0/2298568614 --> [v2:172.21.15.12:3300/0,v1:172.21.15.12:6789/0] -- mon_command([{prefix=config-key set, key=mgr/dashboard/cluster/status}] v 0) -- 0x7f727c19f5f0 con 0x7f727c108780
2024-05-09T09:16:13.683 INFO:teuthology.orchestra.run.smithi012.stdout:/usr/bin/ceph: stderr
2024-05-09T09:16:13.081+0000 7f7278ff9700 1 -- 172.21.15.12:0/2298568614 <== mon.0 v2:172.21.15.12:3300/0 7 ==== mon_command_ack([{prefix=config-key set, key=mgr/dashboard/cluster/status}]=0 set mgr/dashboard/cluster/status v28)=0 set mgr/dashboard/cluster/status v28) ==== 153+0+0 (secure 0 0 0) 0x7f726c01bd80 con 0x7f727c108780
2024-05-09T09:16:13.683 INFO:teuthology.orchestra.run.smithi012.stdout:/usr/bin/ceph: stderr
2024-05-09T09:16:13.083+0000 7f7282225700 1 -- 172.21.15.12:0/2298568614 >> [v2:172.21.15.12:6800/3809515815,v1:172.21.15.12:6801/3809515815] conn(0x7f7264039260 msgr2=0x7f726403b720 secure :-1 s=STATE_CONNECTION_ESTABLISHED l=1).mark_down
2024-05-09T09:16:13.683 INFO:teuthology.orchestra.run.smithi012.stdout:/usr/bin/ceph: stderr
2024-05-09T09:16:13.083+0000 7f7282225700 1 --2- 172.21.15.12:0/2298568614 >> [v2:172.21.15.12:6800/3809515815,v1:172.21.15.12:6801/3809515815] conn(0x7f7264039260 0x7f726403b720 secure :-1 s=READY pgs=11 cs=0 l=1 rev1=1 crypto rx=0x7f7270006fd0 tx=0x7f7270006e40 comp rx=0 tx=0).stop
2024-05-09T09:16:13.684 INFO:teuthology.orchestra.run.smithi012.stdout:/usr/bin/ceph: stderr
2024-05-09T09:16:13.083+0000 7f7282225700 1 -- 172.21.15.12:0/2298568614 >> [v2:172.21.15.12:3300/0,v1:172.21.15.12:6789/0] conn(0x7f727c108780 msgr2=0x7f727c19bb80 secure :-1 s=STATE_CONNECTION_ESTABLISHED l=1).mark_down
2024-05-09T09:16:13.684 INFO:teuthology.orchestra.run.smithi012.stdout:/usr/bin/ceph: stderr
2024-05-09T09:16:13.083+0000 7f7282225700 1 --2- 172.21.15.12:0/2298568614 >> [v2:172.21.15.12:3300/0,v1:172.21.15.12:6789/0] conn(0x7f727c108780 0x7f727c19bb80 secure :-1 s=READY pgs=77 cs=0 l=1 rev1=1 crypto rx=0x7f726c0042b0 tx=0x7f726c00bd50 comp rx=0 tx=0).stop
2024-05-09T09:16:13.684 INFO:teuthology.orchestra.run.smithi012.stdout:/usr/bin/ceph: stderr
2024-05-09T09:16:13.083+0000 7f7282225700 1 -- 172.21.15.12:0/2298568614 shutdown_connections
2024-05-09T09:16:13.684 INFO:teuthology.orchestra.run.smithi012.stdout:/usr/bin/ceph: stderr
2024-05-09T09:16:13.083+0000 7f7282225700 1 --2- 172.21.15.12:0/2298568614 >> [v2:172.21.15.12:6800/3809515815,v1:172.21.15.12:6801/3809515815] conn(0x7f7264039260 0x7f726403b720 unknown :-1 s=CLOSED pgs=11 cs=0 l=1 rev1=1 crypto rx=0 tx=0 comp rx=0 tx=0).stop
2024-05-09T09:16:13.684 INFO:teuthology.orchestra.run.smithi012.stdout:/usr/bin/ceph: stderr
2024-05-09T09:16:13.083+0000 7f7282225700 1 --2- 172.21.15.12:0/2298568614 >> [v2:172.21.15.12:3300/0,v1:172.21.15.12:6789/0] conn(0x7f727c108780 0x7f727c19bb80 unknown :-1 s=CLOSED pgs=77 cs=0 l=1 rev1=1 crypto rx=0 tx=0 comp rx=0 tx=0).stop
2024-05-09T09:16:13.684 INFO:teuthology.orchestra.run.smithi012.stdout:/usr/bin/ceph: stderr
2024-05-09T09:16:13.083+0000 7f7282225700 1 -- 172.21.15.12:0/2298568614 >> 172.21.15.12:0/2298568614 conn(0x7f727c102170 msgr2=0x7f727c102b70 unknown :-1 s=STATE_NONE l=0).mark_down
2024-05-09T09:16:13.684 INFO:teuthology.orchestra.run.smithi012.stdout:/usr/bin/ceph: stderr
2024-05-09T09:16:13.083+0000 7f7282225700 1 -- 172.21.15.12:0/2298568614 shutdown_connections
2024-05-09T09:16:13.684 INFO:teuthology.orchestra.run.smithi012.stdout:/usr/bin/ceph: stderr
2024-05-09T09:16:13.083+0000 7f7282225700 1 -- 172.21.15.12:0/2298568614 wait complete.
2024-05-09T09:16:13.684 INFO:teuthology.orchestra.run.smithi012.stdout:/usr/bin/ceph: stderr set mgr/dashboard/cluster/status
2024-05-09T09:16:13.684 INFO:teuthology.orchestra.run.smithi012.stdout:You can access the Ceph CLI as following in case of multi-cluster or non-default config:
2024-05-09T09:16:13.684 INFO:teuthology.orchestra.run.smithi012.stdout:
2024-05-09T09:16:13.684 INFO:teuthology.orchestra.run.smithi012.stdout: sudo /home/ubuntu/cephtest/cephadm shell --fsid 770e12d0-0de4-11ef-bc98-c7b262605968 -c /etc/ceph/ceph.conf -k /etc/ceph/ceph.client.admin.keyring
2024-05-09T09:16:13.684 INFO:teuthology.orchestra.run.smithi012.stdout:
2024-05-09T09:16:13.684 INFO:teuthology.orchestra.run.smithi012.stdout:Or, if you are only running a single cluster on this host:
2024-05-09T09:16:13.685 INFO:teuthology.orchestra.run.smithi012.stdout:
2024-05-09T09:16:13.685 INFO:teuthology.orchestra.run.smithi012.stdout: sudo /home/ubuntu/cephtest/cephadm shell
2024-05-09T09:16:13.685 INFO:teuthology.orchestra.run.smithi012.stdout:
2024-05-09T09:16:13.685 INFO:teuthology.orchestra.run.smithi012.stdout:Please consider enabling telemetry to help improve Ceph:
2024-05-09T09:16:13.685 INFO:teuthology.orchestra.run.smithi012.stdout:
2024-05-09T09:16:13.685 INFO:teuthology.orchestra.run.smithi012.stdout: ceph telemetry on
2024-05-09T09:16:13.685 INFO:teuthology.orchestra.run.smithi012.stdout:
2024-05-09T09:16:13.685 INFO:teuthology.orchestra.run.smithi012.stdout:For more information see:
2024-05-09T09:16:13.685 INFO:teuthology.orchestra.run.smithi012.stdout:
2024-05-09T09:16:13.685 INFO:teuthology.orchestra.run.smithi012.stdout: https://docs.ceph.com/en/latest/mgr/telemetry/
2024-05-09T09:16:13.685 INFO:teuthology.orchestra.run.smithi012.stdout:
2024-05-09T09:16:13.685 INFO:teuthology.orchestra.run.smithi012.stdout:Bootstrap complete.
2024-05-09T09:16:13.723 INFO:tasks.cephadm:Fetching config...
2024-05-09T09:16:13.724 DEBUG:teuthology.orchestra.run.smithi012:> set -ex
2024-05-09T09:16:13.724 DEBUG:teuthology.orchestra.run.smithi012:> dd if=/etc/ceph/ceph.conf of=/dev/stdout
2024-05-09T09:16:13.741 INFO:tasks.cephadm:Fetching client.admin keyring...
2024-05-09T09:16:13.742 DEBUG:teuthology.orchestra.run.smithi012:> set -ex
2024-05-09T09:16:13.742 DEBUG:teuthology.orchestra.run.smithi012:> dd if=/etc/ceph/ceph.client.admin.keyring of=/dev/stdout
2024-05-09T09:16:13.799 INFO:tasks.cephadm:Fetching mon keyring...
2024-05-09T09:16:13.799 DEBUG:teuthology.orchestra.run.smithi012:> set -ex
2024-05-09T09:16:13.799 DEBUG:teuthology.orchestra.run.smithi012:> sudo dd if=/var/lib/ceph/770e12d0-0de4-11ef-bc98-c7b262605968/mon.a/keyring of=/dev/stdout
2024-05-09T09:16:13.866 INFO:tasks.cephadm:Fetching pub ssh key...
2024-05-09T09:16:13.866 DEBUG:teuthology.orchestra.run.smithi012:> set -ex
2024-05-09T09:16:13.866 DEBUG:teuthology.orchestra.run.smithi012:> dd if=/home/ubuntu/cephtest/ceph.pub of=/dev/stdout
2024-05-09T09:16:13.923 INFO:tasks.cephadm:Installing pub ssh key for root users...
2024-05-09T09:16:13.923 DEBUG:teuthology.orchestra.run.smithi012:> sudo install -d -m 0700 /root/.ssh && echo 'ssh-rsa AAAAB3NzaC1yc2EAAAADAQABAAABgQDEreAC0MgbXwawxTqBnsofiiZrXHdPozHxaWgW43L6LSDRtHBS8XzZ61w9nvQh3ngjE21rdFKLj8L22AE3qaB+SlxSZQRramPs2cE4MeGUC9VFEr5Ff+yCR8NZsHe6mxJ2nEi+ufYOkOH/q5eSOIIqw4ahRk8lJwnKSMYnyIZ+dW7jvOsSK6qb1VB3VvNEBzp5tyCnfX9fRnQrF3N0lxpN0Ixw5wSLshKWnwFDm2iZv4VleQZzMdhzw0MYknLAEzapPfmkqJ8TGAcKmgXsGcJx2Bl4GA3FUBLLLCSMaaMNwI68iPoidcDh22Z9p+baaUQUvkO1p4kRWVE7XDQ8e0iUL+1PvIxJfMRO25Ofs2b1tuTQpLlMuIn+8no1oJF4uE7gKr2fpooWke5zjnDB5QTrqZ3sS9prrSGVWRgcYa3n8bguMDklRlyP3UTfYUuxk7Fw18TYQ5g3FLPTB74c2Xa78VdvSv5w9JYin5SO9M+OEwr1T7LeMKPDxOlQrh4s7Pc= ceph-770e12d0-0de4-11ef-bc98-c7b262605968' | sudo tee -a /root/.ssh/authorized_keys && sudo chmod 0600 /root/.ssh/authorized_keys
2024-05-09T09:16:14.016 INFO:teuthology.orchestra.run.smithi012.stdout:ssh-rsa AAAAB3NzaC1yc2EAAAADAQABAAABgQDEreAC0MgbXwawxTqBnsofiiZrXHdPozHxaWgW43L6LSDRtHBS8XzZ61w9nvQh3ngjE21rdFKLj8L22AE3qaB+SlxSZQRramPs2cE4MeGUC9VFEr5Ff+yCR8NZsHe6mxJ2nEi+ufYOkOH/q5eSOIIqw4ahRk8lJwnKSMYnyIZ+dW7jvOsSK6qb1VB3VvNEBzp5tyCnfX9fRnQrF3N0lxpN0Ixw5wSLshKWnwFDm2iZv4VleQZzMdhzw0MYknLAEzapPfmkqJ8TGAcKmgXsGcJx2Bl4GA3FUBLLLCSMaaMNwI68iPoidcDh22Z9p+baaUQUvkO1p4kRWVE7XDQ8e0iUL+1PvIxJfMRO25Ofs2b1tuTQpLlMuIn+8no1oJF4uE7gKr2fpooWke5zjnDB5QTrqZ3sS9prrSGVWRgcYa3n8bguMDklRlyP3UTfYUuxk7Fw18TYQ5g3FLPTB74c2Xa78VdvSv5w9JYin5SO9M+OEwr1T7LeMKPDxOlQrh4s7Pc= ceph-770e12d0-0de4-11ef-bc98-c7b262605968
2024-05-09T09:16:14.036 DEBUG:teuthology.orchestra.run.smithi016:> sudo install -d -m 0700 /root/.ssh && echo 'ssh-rsa AAAAB3NzaC1yc2EAAAADAQABAAABgQDEreAC0MgbXwawxTqBnsofiiZrXHdPozHxaWgW43L6LSDRtHBS8XzZ61w9nvQh3ngjE21rdFKLj8L22AE3qaB+SlxSZQRramPs2cE4MeGUC9VFEr5Ff+yCR8NZsHe6mxJ2nEi+ufYOkOH/q5eSOIIqw4ahRk8lJwnKSMYnyIZ+dW7jvOsSK6qb1VB3VvNEBzp5tyCnfX9fRnQrF3N0lxpN0Ixw5wSLshKWnwFDm2iZv4VleQZzMdhzw0MYknLAEzapPfmkqJ8TGAcKmgXsGcJx2Bl4GA3FUBLLLCSMaaMNwI68iPoidcDh22Z9p+baaUQUvkO1p4kRWVE7XDQ8e0iUL+1PvIxJfMRO25Ofs2b1tuTQpLlMuIn+8no1oJF4uE7gKr2fpooWke5zjnDB5QTrqZ3sS9prrSGVWRgcYa3n8bguMDklRlyP3UTfYUuxk7Fw18TYQ5g3FLPTB74c2Xa78VdvSv5w9JYin5SO9M+OEwr1T7LeMKPDxOlQrh4s7Pc= ceph-770e12d0-0de4-11ef-bc98-c7b262605968' | sudo tee -a /root/.ssh/authorized_keys && sudo chmod 0600 /root/.ssh/authorized_keys
2024-05-09T09:16:14.078 INFO:teuthology.orchestra.run.smithi016.stdout:ssh-rsa AAAAB3NzaC1yc2EAAAADAQABAAABgQDEreAC0MgbXwawxTqBnsofiiZrXHdPozHxaWgW43L6LSDRtHBS8XzZ61w9nvQh3ngjE21rdFKLj8L22AE3qaB+SlxSZQRramPs2cE4MeGUC9VFEr5Ff+yCR8NZsHe6mxJ2nEi+ufYOkOH/q5eSOIIqw4ahRk8lJwnKSMYnyIZ+dW7jvOsSK6qb1VB3VvNEBzp5tyCnfX9fRnQrF3N0lxpN0Ixw5wSLshKWnwFDm2iZv4VleQZzMdhzw0MYknLAEzapPfmkqJ8TGAcKmgXsGcJx2Bl4GA3FUBLLLCSMaaMNwI68iPoidcDh22Z9p+baaUQUvkO1p4kRWVE7XDQ8e0iUL+1PvIxJfMRO25Ofs2b1tuTQpLlMuIn+8no1oJF4uE7gKr2fpooWke5zjnDB5QTrqZ3sS9prrSGVWRgcYa3n8bguMDklRlyP3UTfYUuxk7Fw18TYQ5g3FLPTB74c2Xa78VdvSv5w9JYin5SO9M+OEwr1T7LeMKPDxOlQrh4s7Pc= ceph-770e12d0-0de4-11ef-bc98-c7b262605968
2024-05-09T09:16:14.091 DEBUG:teuthology.orchestra.run.smithi170:> sudo install -d -m 0700 /root/.ssh && echo 'ssh-rsa AAAAB3NzaC1yc2EAAAADAQABAAABgQDEreAC0MgbXwawxTqBnsofiiZrXHdPozHxaWgW43L6LSDRtHBS8XzZ61w9nvQh3ngjE21rdFKLj8L22AE3qaB+SlxSZQRramPs2cE4MeGUC9VFEr5Ff+yCR8NZsHe6mxJ2nEi+ufYOkOH/q5eSOIIqw4ahRk8lJwnKSMYnyIZ+dW7jvOsSK6qb1VB3VvNEBzp5tyCnfX9fRnQrF3N0lxpN0Ixw5wSLshKWnwFDm2iZv4VleQZzMdhzw0MYknLAEzapPfmkqJ8TGAcKmgXsGcJx2Bl4GA3FUBLLLCSMaaMNwI68iPoidcDh22Z9p+baaUQUvkO1p4kRWVE7XDQ8e0iUL+1PvIxJfMRO25Ofs2b1tuTQpLlMuIn+8no1oJF4uE7gKr2fpooWke5zjnDB5QTrqZ3sS9prrSGVWRgcYa3n8bguMDklRlyP3UTfYUuxk7Fw18TYQ5g3FLPTB74c2Xa78VdvSv5w9JYin5SO9M+OEwr1T7LeMKPDxOlQrh4s7Pc= ceph-770e12d0-0de4-11ef-bc98-c7b262605968' | sudo tee -a /root/.ssh/authorized_keys && sudo chmod 0600 /root/.ssh/authorized_keys
2024-05-09T09:16:14.133 INFO:teuthology.orchestra.run.smithi170.stdout:ssh-rsa AAAAB3NzaC1yc2EAAAADAQABAAABgQDEreAC0MgbXwawxTqBnsofiiZrXHdPozHxaWgW43L6LSDRtHBS8XzZ61w9nvQh3ngjE21rdFKLj8L22AE3qaB+SlxSZQRramPs2cE4MeGUC9VFEr5Ff+yCR8NZsHe6mxJ2nEi+ufYOkOH/q5eSOIIqw4ahRk8lJwnKSMYnyIZ+dW7jvOsSK6qb1VB3VvNEBzp5tyCnfX9fRnQrF3N0lxpN0Ixw5wSLshKWnwFDm2iZv4VleQZzMdhzw0MYknLAEzapPfmkqJ8TGAcKmgXsGcJx2Bl4GA3FUBLLLCSMaaMNwI68iPoidcDh22Z9p+baaUQUvkO1p4kRWVE7XDQ8e0iUL+1PvIxJfMRO25Ofs2b1tuTQpLlMuIn+8no1oJF4uE7gKr2fpooWke5zjnDB5QTrqZ3sS9prrSGVWRgcYa3n8bguMDklRlyP3UTfYUuxk7Fw18TYQ5g3FLPTB74c2Xa78VdvSv5w9JYin5SO9M+OEwr1T7LeMKPDxOlQrh4s7Pc= ceph-770e12d0-0de4-11ef-bc98-c7b262605968
2024-05-09T09:16:14.145 DEBUG:teuthology.orchestra.run.smithi012:> sudo /home/ubuntu/cephtest/cephadm --image quay-quay-quay.apps.os.sepia.ceph.com/ceph-ci/ceph:96805dcf909541c4ca9a1e90258de8ae5b6fa1bc shell -c /etc/ceph/ceph.conf -k /etc/ceph/ceph.client.admin.keyring --fsid 770e12d0-0de4-11ef-bc98-c7b262605968 -- ceph config set mgr mgr/cephadm/allow_ptrace true
2024-05-09T09:16:14.233 INFO:journalctl@ceph.mon.a.smithi012.stdout:May 09 09:16:14 smithi012 ceph-mon[30140]: from='client.? 172.21.15.12:0/2298568614' entity='client.admin'
2024-05-09T09:16:14.395 INFO:teuthology.orchestra.run.smithi012.stderr:Inferring config /var/lib/ceph/770e12d0-0de4-11ef-bc98-c7b262605968/mon.a/config
2024-05-09T09:16:17.020 INFO:teuthology.orchestra.run.smithi012.stderr:2024-05-09T09:16:17.018+0000 7fe273024700 1 -- 172.21.15.12:0/613565197 >> [v2:172.21.15.12:3300/0,v1:172.21.15.12:6789/0] conn(0x7fe26c101dc0 msgr2=0x7fe26c1021e0 secure :-1 s=STATE_CONNECTION_ESTABLISHED l=1).mark_down
2024-05-09T09:16:17.020 INFO:teuthology.orchestra.run.smithi012.stderr:2024-05-09T09:16:17.019+0000 7fe273024700 1 --2- 172.21.15.12:0/613565197 >> [v2:172.21.15.12:3300/0,v1:172.21.15.12:6789/0] conn(0x7fe26c101dc0 0x7fe26c1021e0 secure :-1 s=READY pgs=78 cs=0 l=1 rev1=1 crypto rx=0x7fe260009910 tx=0x7fe260009c20 comp rx=0 tx=0).stop
2024-05-09T09:16:17.021 INFO:teuthology.orchestra.run.smithi012.stderr:2024-05-09T09:16:17.019+0000 7fe273024700 1 -- 172.21.15.12:0/613565197 shutdown_connections
2024-05-09T09:16:17.021 INFO:teuthology.orchestra.run.smithi012.stderr:2024-05-09T09:16:17.019+0000 7fe273024700 1 --2- 172.21.15.12:0/613565197 >> [v2:172.21.15.12:3300/0,v1:172.21.15.12:6789/0] conn(0x7fe26c101dc0 0x7fe26c1021e0 unknown :-1 s=CLOSED pgs=78 cs=0 l=1 rev1=1 crypto rx=0 tx=0 comp rx=0 tx=0).stop
2024-05-09T09:16:17.021 INFO:teuthology.orchestra.run.smithi012.stderr:2024-05-09T09:16:17.019+0000 7fe273024700 1 -- 172.21.15.12:0/613565197 >> 172.21.15.12:0/613565197 conn(0x7fe26c0fd340 msgr2=0x7fe26c0ff7a0 unknown :-1 s=STATE_NONE l=0).mark_down
2024-05-09T09:16:17.021 INFO:teuthology.orchestra.run.smithi012.stderr:2024-05-09T09:16:17.019+0000 7fe273024700 1 -- 172.21.15.12:0/613565197 shutdown_connections
2024-05-09T09:16:17.021 INFO:teuthology.orchestra.run.smithi012.stderr:2024-05-09T09:16:17.019+0000 7fe273024700 1 -- 172.21.15.12:0/613565197 wait complete.
2024-05-09T09:16:17.021 INFO:teuthology.orchestra.run.smithi012.stderr:2024-05-09T09:16:17.019+0000 7fe273024700 1 Processor -- start
2024-05-09T09:16:17.021 INFO:teuthology.orchestra.run.smithi012.stderr:2024-05-09T09:16:17.019+0000 7fe273024700 1 -- start start
2024-05-09T09:16:17.021 INFO:teuthology.orchestra.run.smithi012.stderr:2024-05-09T09:16:17.020+0000 7fe273024700 1 --2- >> [v2:172.21.15.12:3300/0,v1:172.21.15.12:6789/0] conn(0x7fe26c101dc0 0x7fe26c197450 unknown :-1 s=NONE pgs=0 cs=0 l=1 rev1=0 crypto rx=0 tx=0 comp rx=0 tx=0).connect
2024-05-09T09:16:17.021 INFO:teuthology.orchestra.run.smithi012.stderr:2024-05-09T09:16:17.020+0000 7fe273024700 1 -- --> [v2:172.21.15.12:3300/0,v1:172.21.15.12:6789/0] -- mon_getmap magic: 0 -- 0x7fe26c107e40 con 0x7fe26c101dc0
2024-05-09T09:16:17.021 INFO:teuthology.orchestra.run.smithi012.stderr:2024-05-09T09:16:17.020+0000 7fe270dc0700 1 --2- >> [v2:172.21.15.12:3300/0,v1:172.21.15.12:6789/0] conn(0x7fe26c101dc0 0x7fe26c197450 unknown :-1 s=BANNER_CONNECTING pgs=0 cs=0 l=1 rev1=0 crypto rx=0 tx=0 comp rx=0 tx=0)._handle_peer_banner_payload supported=3 required=0
2024-05-09T09:16:17.021 INFO:teuthology.orchestra.run.smithi012.stderr:2024-05-09T09:16:17.020+0000 7fe270dc0700 1 --2- >> [v2:172.21.15.12:3300/0,v1:172.21.15.12:6789/0] conn(0x7fe26c101dc0 0x7fe26c197450 unknown :-1 s=HELLO_CONNECTING pgs=0 cs=0 l=1 rev1=1 crypto rx=0 tx=0 comp rx=0 tx=0).handle_hello peer v2:172.21.15.12:3300/0 says I am v2:172.21.15.12:38668/0 (socket says 172.21.15.12:38668)
2024-05-09T09:16:17.021 INFO:teuthology.orchestra.run.smithi012.stderr:2024-05-09T09:16:17.020+0000 7fe270dc0700 1 -- 172.21.15.12:0/1114977930 learned_addr learned my addr 172.21.15.12:0/1114977930 (peer_addr_for_me v2:172.21.15.12:0/0)
2024-05-09T09:16:17.022 INFO:teuthology.orchestra.run.smithi012.stderr:2024-05-09T09:16:17.020+0000 7fe270dc0700 1 -- 172.21.15.12:0/1114977930 --> [v2:172.21.15.12:3300/0,v1:172.21.15.12:6789/0] -- mon_subscribe({config=0+,monmap=0+}) -- 0x7fe26c197990 con 0x7fe26c101dc0
2024-05-09T09:16:17.023 INFO:teuthology.orchestra.run.smithi012.stderr:2024-05-09T09:16:17.021+0000 7fe270dc0700 1 --2- 172.21.15.12:0/1114977930 >> [v2:172.21.15.12:3300/0,v1:172.21.15.12:6789/0] conn(0x7fe26c101dc0 0x7fe26c197450 secure :-1 s=READY pgs=79 cs=0 l=1 rev1=1 crypto rx=0x7fe260004f80 tx=0x7fe260009f90 comp rx=0 tx=0).ready entity=mon.0 client_cookie=0 server_cookie=0 in_seq=0 out_seq=0
2024-05-09T09:16:17.023 INFO:teuthology.orchestra.run.smithi012.stderr:2024-05-09T09:16:17.021+0000 7fe269ffb700 1 -- 172.21.15.12:0/1114977930 <== mon.0 v2:172.21.15.12:3300/0 1 ==== mon_map magic: 0 ==== 205+0+0 (secure 0 0 0) 0x7fe260027070 con 0x7fe26c101dc0
2024-05-09T09:16:17.023 INFO:teuthology.orchestra.run.smithi012.stderr:2024-05-09T09:16:17.021+0000 7fe269ffb700 1 -- 172.21.15.12:0/1114977930 <== mon.0 v2:172.21.15.12:3300/0 2 ==== config(27 keys) ==== 1136+0+0 (secure 0 0 0) 0x7fe26000be30 con 0x7fe26c101dc0
2024-05-09T09:16:17.023 INFO:teuthology.orchestra.run.smithi012.stderr:2024-05-09T09:16:17.021+0000 7fe269ffb700 1 -- 172.21.15.12:0/1114977930 <== mon.0 v2:172.21.15.12:3300/0 3 ==== mon_map magic: 0 ==== 205+0+0 (secure 0 0 0) 0x7fe26000f460 con 0x7fe26c101dc0
2024-05-09T09:16:17.023 INFO:teuthology.orchestra.run.smithi012.stderr:2024-05-09T09:16:17.021+0000 7fe273024700 1 -- 172.21.15.12:0/1114977930 --> [v2:172.21.15.12:3300/0,v1:172.21.15.12:6789/0] -- mon_subscribe({mgrmap=0+}) -- 0x7fe26c197c20 con 0x7fe26c101dc0
2024-05-09T09:16:17.023 INFO:teuthology.orchestra.run.smithi012.stderr:2024-05-09T09:16:17.022+0000 7fe273024700 1 -- 172.21.15.12:0/1114977930 --> [v2:172.21.15.12:3300/0,v1:172.21.15.12:6789/0] -- mon_subscribe({osdmap=0}) -- 0x7fe26c074550 con 0x7fe26c101dc0
2024-05-09T09:16:17.023 INFO:teuthology.orchestra.run.smithi012.stderr:2024-05-09T09:16:17.022+0000 7fe269ffb700 1 -- 172.21.15.12:0/1114977930 <== mon.0 v2:172.21.15.12:3300/0 4 ==== mgrmap(e 13) ==== 46343+0+0 (secure 0 0 0) 0x7fe26002a070 con 0x7fe26c101dc0
2024-05-09T09:16:17.023 INFO:teuthology.orchestra.run.smithi012.stderr:2024-05-09T09:16:17.023+0000 7fe269ffb700 1 --2- 172.21.15.12:0/1114977930 >> [v2:172.21.15.12:6800/3809515815,v1:172.21.15.12:6801/3809515815] conn(0x7fe25c039150 0x7fe25c03b610 unknown :-1 s=NONE pgs=0 cs=0 l=1 rev1=0 crypto rx=0 tx=0 comp rx=0 tx=0).connect
