2024-05-12T17:57:13.012+0000 7f0711bd2700 1 -- 172.21.15.19:0/1302606046 >> [v2:172.21.15.19:3300/0,v1:172.21.15.19:6789/0] conn(0x7f070c106f10 msgr2=0x7f070c109300 secure :-1 s=STATE_CONNECTION_ESTABLISHED l=1).mark_down
2024-05-12T17:57:13.889 INFO:teuthology.orchestra.run.smithi019.stdout:/usr/bin/ceph: stderr
2024-05-12T17:57:13.012+0000 7f0711bd2700 1 --2- 172.21.15.19:0/1302606046 >> [v2:172.21.15.19:3300/0,v1:172.21.15.19:6789/0] conn(0x7f070c106f10 0x7f070c109300 secure :-1 s=READY pgs=86 cs=0 l=1 rev1=1 crypto rx=0x7f06fc0098a0 tx=0x7f06fc009bb0 comp rx=0 tx=0).stop
2024-05-12T17:57:13.889 INFO:teuthology.orchestra.run.smithi019.stdout:/usr/bin/ceph: stderr
2024-05-12T17:57:13.012+0000 7f0711bd2700 1 -- 172.21.15.19:0/1302606046 shutdown_connections
2024-05-12T17:57:13.889 INFO:teuthology.orchestra.run.smithi019.stdout:/usr/bin/ceph: stderr
2024-05-12T17:57:13.012+0000 7f0711bd2700 1 --2- 172.21.15.19:0/1302606046 >> [v2:172.21.15.19:3300/0,v1:172.21.15.19:6789/0] conn(0x7f070c106f10 0x7f070c109300 unknown :-1 s=CLOSED pgs=86 cs=0 l=1 rev1=1 crypto rx=0 tx=0 comp rx=0 tx=0).stop
2024-05-12T17:57:13.890 INFO:teuthology.orchestra.run.smithi019.stdout:/usr/bin/ceph: stderr
2024-05-12T17:57:13.012+0000 7f0711bd2700 1 -- 172.21.15.19:0/1302606046 >> 172.21.15.19:0/1302606046 conn(0x7f070c100960 msgr2=0x7f070c102d80 unknown :-1 s=STATE_NONE l=0).mark_down
2024-05-12T17:57:13.890 INFO:teuthology.orchestra.run.smithi019.stdout:/usr/bin/ceph: stderr
2024-05-12T17:57:13.012+0000 7f0711bd2700 1 -- 172.21.15.19:0/1302606046 shutdown_connections
2024-05-12T17:57:13.890 INFO:teuthology.orchestra.run.smithi019.stdout:/usr/bin/ceph: stderr
2024-05-12T17:57:13.012+0000 7f0711bd2700 1 -- 172.21.15.19:0/1302606046 wait complete.
2024-05-12T17:57:13.890 INFO:teuthology.orchestra.run.smithi019.stdout:/usr/bin/ceph: stderr
2024-05-12T17:57:13.012+0000 7f0711bd2700 1 Processor -- start
2024-05-12T17:57:13.891 INFO:teuthology.orchestra.run.smithi019.stdout:/usr/bin/ceph: stderr
2024-05-12T17:57:13.012+0000 7f0711bd2700 1 -- start start
2024-05-12T17:57:13.891 INFO:teuthology.orchestra.run.smithi019.stdout:/usr/bin/ceph: stderr
2024-05-12T17:57:13.013+0000 7f0711bd2700 1 --2- >> [v2:172.21.15.19:3300/0,v1:172.21.15.19:6789/0] conn(0x7f070c106f10 0x7f070c106740 unknown :-1 s=NONE pgs=0 cs=0 l=1 rev1=0 crypto rx=0 tx=0 comp rx=0 tx=0).connect
2024-05-12T17:57:13.891 INFO:teuthology.orchestra.run.smithi019.stdout:/usr/bin/ceph: stderr
2024-05-12T17:57:13.013+0000 7f0711bd2700 1 -- --> [v2:172.21.15.19:3300/0,v1:172.21.15.19:6789/0] -- mon_getmap magic: 0 v1 -- 0x7f070c106c80 con 0x7f070c106f10
2024-05-12T17:57:13.891 INFO:teuthology.orchestra.run.smithi019.stdout:/usr/bin/ceph: stderr
2024-05-12T17:57:13.013+0000 7f070b7fe700 1 --2- >> [v2:172.21.15.19:3300/0,v1:172.21.15.19:6789/0] conn(0x7f070c106f10 0x7f070c106740 unknown :-1 s=BANNER_CONNECTING pgs=0 cs=0 l=1 rev1=0 crypto rx=0 tx=0 comp rx=0 tx=0)._handle_peer_banner_payload supported=3 required=0
2024-05-12T17:57:13.891 INFO:teuthology.orchestra.run.smithi019.stdout:/usr/bin/ceph: stderr
2024-05-12T17:57:13.013+0000 7f070b7fe700 1 --2- >> [v2:172.21.15.19:3300/0,v1:172.21.15.19:6789/0] conn(0x7f070c106f10 0x7f070c106740 unknown :-1 s=HELLO_CONNECTING pgs=0 cs=0 l=1 rev1=1 crypto rx=0 tx=0 comp rx=0 tx=0).handle_hello peer v2:172.21.15.19:3300/0 says I am v2:172.21.15.19:40088/0 (socket says 172.21.15.19:40088)
2024-05-12T17:57:13.891 INFO:teuthology.orchestra.run.smithi019.stdout:/usr/bin/ceph: stderr
2024-05-12T17:57:13.013+0000 7f070b7fe700 1 -- 172.21.15.19:0/1079225992 learned_addr learned my addr 172.21.15.19:0/1079225992 (peer_addr_for_me v2:172.21.15.19:0/0)
2024-05-12T17:57:13.892 INFO:teuthology.orchestra.run.smithi019.stdout:/usr/bin/ceph: stderr
2024-05-12T17:57:13.013+0000 7f070b7fe700 1 -- 172.21.15.19:0/1079225992 --> [v2:172.21.15.19:3300/0,v1:172.21.15.19:6789/0] -- mon_subscribe({config=0+,monmap=0+}) v3 -- 0x7f06fc009550 con 0x7f070c106f10
2024-05-12T17:57:13.892 INFO:teuthology.orchestra.run.smithi019.stdout:/usr/bin/ceph: stderr
2024-05-12T17:57:13.013+0000 7f070b7fe700 1 --2- 172.21.15.19:0/1079225992 >> [v2:172.21.15.19:3300/0,v1:172.21.15.19:6789/0] conn(0x7f070c106f10 0x7f070c106740 secure :-1 s=READY pgs=87 cs=0 l=1 rev1=1 crypto rx=0x7f06fc0119f0 tx=0x7f06fc011ad0 comp rx=0 tx=0).ready entity=mon.0 client_cookie=0 server_cookie=0 in_seq=0 out_seq=0
2024-05-12T17:57:13.892 INFO:teuthology.orchestra.run.smithi019.stdout:/usr/bin/ceph: stderr
2024-05-12T17:57:13.013+0000 7f07097fa700 1 -- 172.21.15.19:0/1079225992 <== mon.0 v2:172.21.15.19:3300/0 1 ==== mon_map magic: 0 v1 ==== 229+0+0 (secure 0 0 0) 0x7f06fc003b90 con 0x7f070c106f10
2024-05-12T17:57:13.892 INFO:teuthology.orchestra.run.smithi019.stdout:/usr/bin/ceph: stderr
2024-05-12T17:57:13.013+0000 7f07097fa700 1 -- 172.21.15.19:0/1079225992 <== mon.0 v2:172.21.15.19:3300/0 2 ==== config(26 keys) v1 ==== 1074+0+0 (secure 0 0 0) 0x7f06fc0248e0 con 0x7f070c106f10
2024-05-12T17:57:13.892 INFO:teuthology.orchestra.run.smithi019.stdout:/usr/bin/ceph: stderr
2024-05-12T17:57:13.013+0000 7f0711bd2700 1 -- 172.21.15.19:0/1079225992 --> [v2:172.21.15.19:3300/0,v1:172.21.15.19:6789/0] -- mon_subscribe({mgrmap=0+}) v3 -- 0x7f070c104ec0 con 0x7f070c106f10
2024-05-12T17:57:13.893 INFO:teuthology.orchestra.run.smithi019.stdout:/usr/bin/ceph: stderr
2024-05-12T17:57:13.013+0000 7f07097fa700 1 -- 172.21.15.19:0/1079225992 <== mon.0 v2:172.21.15.19:3300/0 3 ==== mon_map magic: 0 v1 ==== 229+0+0 (secure 0 0 0) 0x7f06fc01a810 con 0x7f070c106f10
2024-05-12T17:57:13.893 INFO:teuthology.orchestra.run.smithi019.stdout:/usr/bin/ceph: stderr
2024-05-12T17:57:13.013+0000 7f0711bd2700 1 -- 172.21.15.19:0/1079225992 --> [v2:172.21.15.19:3300/0,v1:172.21.15.19:6789/0] -- mon_subscribe({osdmap=0}) v3 -- 0x7f070c105360 con 0x7f070c106f10
2024-05-12T17:57:13.893 INFO:teuthology.orchestra.run.smithi019.stdout:/usr/bin/ceph: stderr
2024-05-12T17:57:13.014+0000 7f07097fa700 1 -- 172.21.15.19:0/1079225992 <== mon.0 v2:172.21.15.19:3300/0 4 ==== mgrmap(e 13) v1 ==== 45612+0+0 (secure 0 0 0) 0x7f06fc01aad0 con 0x7f070c106f10
2024-05-12T17:57:13.893 INFO:teuthology.orchestra.run.smithi019.stdout:/usr/bin/ceph: stderr
2024-05-12T17:57:13.015+0000 7f0711bd2700 1 -- 172.21.15.19:0/1079225992 --> [v2:172.21.15.19:3300/0,v1:172.21.15.19:6789/0] -- mon_command({"prefix": "get_command_descriptions"} v 0) v1 -- 0x7f070c10a570 con 0x7f070c106f10
2024-05-12T17:57:13.893 INFO:teuthology.orchestra.run.smithi019.stdout:/usr/bin/ceph: stderr
2024-05-12T17:57:13.015+0000 7f07097fa700 1 --2- 172.21.15.19:0/1079225992 >> [v2:172.21.15.19:6800/94822892,v1:172.21.15.19:6801/94822892] conn(0x7f06f8038810 0x7f06f803acd0 unknown :-1 s=NONE pgs=0 cs=0 l=1 rev1=0 crypto rx=0 tx=0 comp rx=0 tx=0).connect
2024-05-12T17:57:13.893 INFO:teuthology.orchestra.run.smithi019.stdout:/usr/bin/ceph: stderr
2024-05-12T17:57:13.015+0000 7f07097fa700 1 -- 172.21.15.19:0/1079225992 <== mon.0 v2:172.21.15.19:3300/0 5 ==== osd_map(3..3 src has 1..3) v4 ==== 1155+0+0 (secure 0 0 0) 0x7f06fc04cb50 con 0x7f070c106f10
2024-05-12T17:57:13.894 INFO:teuthology.orchestra.run.smithi019.stdout:/usr/bin/ceph: stderr
2024-05-12T17:57:13.015+0000 7f0702ffd700 1 --2- 172.21.15.19:0/1079225992 >> [v2:172.21.15.19:6800/94822892,v1:172.21.15.19:6801/94822892] conn(0x7f06f8038810 0x7f06f803acd0 unknown :-1 s=BANNER_CONNECTING pgs=0 cs=0 l=1 rev1=0 crypto rx=0 tx=0 comp rx=0 tx=0)._handle_peer_banner_payload supported=3 required=0
2024-05-12T17:57:13.894 INFO:teuthology.orchestra.run.smithi019.stdout:/usr/bin/ceph: stderr
2024-05-12T17:57:13.015+0000 7f0702ffd700 1 --2- 172.21.15.19:0/1079225992 >> [v2:172.21.15.19:6800/94822892,v1:172.21.15.19:6801/94822892] conn(0x7f06f8038810 0x7f06f803acd0 secure :-1 s=READY pgs=10 cs=0 l=1 rev1=1 crypto rx=0x7f06f4006fd0 tx=0x7f06f4006e40 comp rx=0 tx=0).ready entity=mgr.14162 client_cookie=0 server_cookie=0 in_seq=0 out_seq=0
2024-05-12T17:57:13.894 INFO:teuthology.orchestra.run.smithi019.stdout:/usr/bin/ceph: stderr
2024-05-12T17:57:13.020+0000 7f07097fa700 1 -- 172.21.15.19:0/1079225992 <== mon.0 v2:172.21.15.19:3300/0 6 ==== mon_command_ack([{"prefix": "get_command_descriptions"}]=0 v0) v1 ==== 72+0+183622 (secure 0 0 0) 0x7f06fc0233a0 con 0x7f070c106f10
2024-05-12T17:57:13.894 INFO:teuthology.orchestra.run.smithi019.stdout:/usr/bin/ceph: stderr
2024-05-12T17:57:13.223+0000 7f0711bd2700 1 -- 172.21.15.19:0/1079225992 --> [v2:172.21.15.19:3300/0,v1:172.21.15.19:6789/0] -- mon_command([{prefix=config set, name=osd_memory_target_autotune}] v 0) v1 -- 0x7f070c105850 con 0x7f070c106f10
2024-05-12T17:57:13.894 INFO:teuthology.orchestra.run.smithi019.stdout:/usr/bin/ceph: stderr
2024-05-12T17:57:13.223+0000 7f07097fa700 1 -- 172.21.15.19:0/1079225992 <== mon.0 v2:172.21.15.19:3300/0 7 ==== mon_command_ack([{prefix=config set, name=osd_memory_target_autotune}]=0 v8)=0 v8) v1 ==== 127+0+0 (secure 0 0 0) 0x7f06fc018b00 con 0x7f070c106f10
2024-05-12T17:57:13.894 INFO:teuthology.orchestra.run.smithi019.stdout:/usr/bin/ceph: stderr
2024-05-12T17:57:13.225+0000 7f0711bd2700 1 -- 172.21.15.19:0/1079225992 >> [v2:172.21.15.19:6800/94822892,v1:172.21.15.19:6801/94822892] conn(0x7f06f8038810 msgr2=0x7f06f803acd0 secure :-1 s=STATE_CONNECTION_ESTABLISHED l=1).mark_down
2024-05-12T17:57:13.894 INFO:teuthology.orchestra.run.smithi019.stdout:/usr/bin/ceph: stderr
2024-05-12T17:57:13.225+0000 7f0711bd2700 1 --2- 172.21.15.19:0/1079225992 >> [v2:172.21.15.19:6800/94822892,v1:172.21.15.19:6801/94822892] conn(0x7f06f8038810 0x7f06f803acd0 secure :-1 s=READY pgs=10 cs=0 l=1 rev1=1 crypto rx=0x7f06f4006fd0 tx=0x7f06f4006e40 comp rx=0 tx=0).stop
2024-05-12T17:57:13.894 INFO:teuthology.orchestra.run.smithi019.stdout:/usr/bin/ceph: stderr
2024-05-12T17:57:13.225+0000 7f0711bd2700 1 -- 172.21.15.19:0/1079225992 >> [v2:172.21.15.19:3300/0,v1:172.21.15.19:6789/0] conn(0x7f070c106f10 msgr2=0x7f070c106740 secure :-1 s=STATE_CONNECTION_ESTABLISHED l=1).mark_down
2024-05-12T17:57:13.895 INFO:teuthology.orchestra.run.smithi019.stdout:/usr/bin/ceph: stderr
2024-05-12T17:57:13.225+0000 7f0711bd2700 1 --2- 172.21.15.19:0/1079225992 >> [v2:172.21.15.19:3300/0,v1:172.21.15.19:6789/0] conn(0x7f070c106f10 0x7f070c106740 secure :-1 s=READY pgs=87 cs=0 l=1 rev1=1 crypto rx=0x7f06fc0119f0 tx=0x7f06fc011ad0 comp rx=0 tx=0).stop
2024-05-12T17:57:13.895 INFO:teuthology.orchestra.run.smithi019.stdout:/usr/bin/ceph: stderr
2024-05-12T17:57:13.225+0000 7f0711bd2700 1 -- 172.21.15.19:0/1079225992 shutdown_connections
2024-05-12T17:57:13.895 INFO:teuthology.orchestra.run.smithi019.stdout:/usr/bin/ceph: stderr
2024-05-12T17:57:13.225+0000 7f0711bd2700 1 --2- 172.21.15.19:0/1079225992 >> [v2:172.21.15.19:6800/94822892,v1:172.21.15.19:6801/94822892] conn(0x7f06f8038810 0x7f06f803acd0 unknown :-1 s=CLOSED pgs=10 cs=0 l=1 rev1=1 crypto rx=0 tx=0 comp rx=0 tx=0).stop
2024-05-12T17:57:13.895 INFO:teuthology.orchestra.run.smithi019.stdout:/usr/bin/ceph: stderr
2024-05-12T17:57:13.225+0000 7f0711bd2700 1 --2- 172.21.15.19:0/1079225992 >> [v2:172.21.15.19:3300/0,v1:172.21.15.19:6789/0] conn(0x7f070c106f10 0x7f070c106740 unknown :-1 s=CLOSED pgs=87 cs=0 l=1 rev1=1 crypto rx=0 tx=0 comp rx=0 tx=0).stop
2024-05-12T17:57:13.895 INFO:teuthology.orchestra.run.smithi019.stdout:/usr/bin/ceph: stderr
2024-05-12T17:57:13.225+0000 7f0711bd2700 1 -- 172.21.15.19:0/1079225992 >> 172.21.15.19:0/1079225992 conn(0x7f070c100960 msgr2=0x7f070c101510 unknown :-1 s=STATE_NONE l=0).mark_down
2024-05-12T17:57:13.895 INFO:teuthology.orchestra.run.smithi019.stdout:/usr/bin/ceph: stderr
2024-05-12T17:57:13.225+0000 7f0711bd2700 1 -- 172.21.15.19:0/1079225992 shutdown_connections
2024-05-12T17:57:13.895 INFO:teuthology.orchestra.run.smithi019.stdout:/usr/bin/ceph: stderr
2024-05-12T17:57:13.225+0000 7f0711bd2700 1 -- 172.21.15.19:0/1079225992 wait complete.
2024-05-12T17:57:15.296 INFO:teuthology.orchestra.run.smithi019.stdout:/usr/bin/ceph: stderr
2024-05-12T17:57:14.378+0000 7f04215b8700 1 Processor -- start
2024-05-12T17:57:15.296 INFO:teuthology.orchestra.run.smithi019.stdout:/usr/bin/ceph: stderr
2024-05-12T17:57:14.378+0000 7f04215b8700 1 -- start start
2024-05-12T17:57:15.296 INFO:teuthology.orchestra.run.smithi019.stdout:/usr/bin/ceph: stderr
2024-05-12T17:57:14.378+0000 7f04215b8700 1 --2- >> [v2:172.21.15.19:3300/0,v1:172.21.15.19:6789/0] conn(0x7f041c1064c0 0x7f041c1068e0 unknown :-1 s=NONE pgs=0 cs=0 l=0 rev1=0 crypto rx=0 tx=0 comp rx=0 tx=0).connect
2024-05-12T17:57:15.296 INFO:teuthology.orchestra.run.smithi019.stdout:/usr/bin/ceph: stderr
2024-05-12T17:57:14.378+0000 7f04215b8700 1 -- --> [v2:172.21.15.19:3300/0,v1:172.21.15.19:6789/0] -- mon_getmap magic: 0 v1 -- 0x7f041c106eb0 con 0x7f041c1064c0
2024-05-12T17:57:15.296 INFO:teuthology.orchestra.run.smithi019.stdout:/usr/bin/ceph: stderr
2024-05-12T17:57:14.378+0000 7f041affd700 1 --2- >> [v2:172.21.15.19:3300/0,v1:172.21.15.19:6789/0] conn(0x7f041c1064c0 0x7f041c1068e0 unknown :-1 s=BANNER_CONNECTING pgs=0 cs=0 l=0 rev1=0 crypto rx=0 tx=0 comp rx=0 tx=0)._handle_peer_banner_payload supported=3 required=0
2024-05-12T17:57:15.296 INFO:teuthology.orchestra.run.smithi019.stdout:/usr/bin/ceph: stderr
2024-05-12T17:57:14.378+0000 7f041affd700 1 --2- >> [v2:172.21.15.19:3300/0,v1:172.21.15.19:6789/0] conn(0x7f041c1064c0 0x7f041c1068e0 unknown :-1 s=HELLO_CONNECTING pgs=0 cs=0 l=0 rev1=1 crypto rx=0 tx=0 comp rx=0 tx=0).handle_hello peer v2:172.21.15.19:3300/0 says I am v2:172.21.15.19:40094/0 (socket says 172.21.15.19:40094)
2024-05-12T17:57:15.296 INFO:teuthology.orchestra.run.smithi019.stdout:/usr/bin/ceph: stderr
2024-05-12T17:57:14.378+0000 7f041affd700 1 -- 172.21.15.19:0/1528498056 learned_addr learned my addr 172.21.15.19:0/1528498056 (peer_addr_for_me v2:172.21.15.19:0/0)
2024-05-12T17:57:15.296 INFO:teuthology.orchestra.run.smithi019.stdout:/usr/bin/ceph: stderr
2024-05-12T17:57:14.378+0000 7f041affd700 1 -- 172.21.15.19:0/1528498056 --> [v2:172.21.15.19:3300/0,v1:172.21.15.19:6789/0] -- mon_subscribe({config=0+,monmap=0+}) v3 -- 0x7f041c107620 con 0x7f041c1064c0
2024-05-12T17:57:15.296 INFO:teuthology.orchestra.run.smithi019.stdout:/usr/bin/ceph: stderr
2024-05-12T17:57:14.379+0000 7f041affd700 1 --2- 172.21.15.19:0/1528498056 >> [v2:172.21.15.19:3300/0,v1:172.21.15.19:6789/0] conn(0x7f041c1064c0 0x7f041c1068e0 secure :-1 s=READY pgs=88 cs=0 l=1 rev1=1 crypto rx=0x7f040c0098a0 tx=0x7f040c009bb0 comp rx=0 tx=0).ready entity=mon.0 client_cookie=baafebce7c87a1e0 server_cookie=0 in_seq=0 out_seq=0
2024-05-12T17:57:15.296 INFO:teuthology.orchestra.run.smithi019.stdout:/usr/bin/ceph: stderr
2024-05-12T17:57:14.379+0000 7f0419ffb700 1 -- 172.21.15.19:0/1528498056 <== mon.0 v2:172.21.15.19:3300/0 1 ==== mon_map magic: 0 v1 ==== 229+0+0 (secure 0 0 0) 0x7f040c004180 con 0x7f041c1064c0
2024-05-12T17:57:15.297 INFO:teuthology.orchestra.run.smithi019.stdout:/usr/bin/ceph: stderr
2024-05-12T17:57:14.379+0000 7f0419ffb700 1 -- 172.21.15.19:0/1528498056 <== mon.0 v2:172.21.15.19:3300/0 2 ==== config(26 keys) v1 ==== 1074+0+0 (secure 0 0 0) 0x7f040c0042e0 con 0x7f041c1064c0
2024-05-12T17:57:15.297 INFO:teuthology.orchestra.run.smithi019.stdout:/usr/bin/ceph: stderr
2024-05-12T17:57:14.379+0000 7f0419ffb700 1 -- 172.21.15.19:0/1528498056 <== mon.0 v2:172.21.15.19:3300/0 3 ==== mon_map magic: 0 v1 ==== 229+0+0 (secure 0 0 0) 0x7f040c011a40 con 0x7f041c1064c0
2024-05-12T17:57:15.297 INFO:teuthology.orchestra.run.smithi019.stdout:/usr/bin/ceph: stderr
2024-05-12T17:57:14.379+0000 7f04215b8700 1 -- 172.21.15.19:0/1528498056 >> [v2:172.21.15.19:3300/0,v1:172.21.15.19:6789/0] conn(0x7f041c1064c0 msgr2=0x7f041c1068e0 secure :-1 s=STATE_CONNECTION_ESTABLISHED l=1).mark_down
2024-05-12T17:57:15.297 INFO:teuthology.orchestra.run.smithi019.stdout:/usr/bin/ceph: stderr
2024-05-12T17:57:14.379+0000 7f04215b8700 1 --2- 172.21.15.19:0/1528498056 >> [v2:172.21.15.19:3300/0,v1:172.21.15.19:6789/0] conn(0x7f041c1064c0 0x7f041c1068e0 secure :-1 s=READY pgs=88 cs=0 l=1 rev1=1 crypto rx=0x7f040c0098a0 tx=0x7f040c009bb0 comp rx=0 tx=0).stop
2024-05-12T17:57:15.297 INFO:teuthology.orchestra.run.smithi019.stdout:/usr/bin/ceph: stderr
2024-05-12T17:57:14.379+0000 7f04215b8700 1 -- 172.21.15.19:0/1528498056 shutdown_connections
2024-05-12T17:57:15.297 INFO:teuthology.orchestra.run.smithi019.stdout:/usr/bin/ceph: stderr
2024-05-12T17:57:14.379+0000 7f04215b8700 1 --2- 172.21.15.19:0/1528498056 >> [v2:172.21.15.19:3300/0,v1:172.21.15.19:6789/0] conn(0x7f041c1064c0 0x7f041c1068e0 unknown :-1 s=CLOSED pgs=88 cs=0 l=1 rev1=1 crypto rx=0 tx=0 comp rx=0 tx=0).stop
2024-05-12T17:57:15.297 INFO:teuthology.orchestra.run.smithi019.stdout:/usr/bin/ceph: stderr
2024-05-12T17:57:14.379+0000 7f04215b8700 1 -- 172.21.15.19:0/1528498056 >> 172.21.15.19:0/1528498056 conn(0x7f041c101b00 msgr2=0x7f041c103f20 unknown :-1 s=STATE_NONE l=0).mark_down
2024-05-12T17:57:15.297 INFO:teuthology.orchestra.run.smithi019.stdout:/usr/bin/ceph: stderr
2024-05-12T17:57:14.379+0000 7f04215b8700 1 -- 172.21.15.19:0/1528498056 shutdown_connections
2024-05-12T17:57:15.297 INFO:teuthology.orchestra.run.smithi019.stdout:/usr/bin/ceph: stderr
2024-05-12T17:57:14.379+0000 7f04215b8700 1 -- 172.21.15.19:0/1528498056 wait complete.
2024-05-12T17:57:15.297 INFO:teuthology.orchestra.run.smithi019.stdout:/usr/bin/ceph: stderr
2024-05-12T17:57:14.380+0000 7f04215b8700 1 Processor -- start
2024-05-12T17:57:15.297 INFO:teuthology.orchestra.run.smithi019.stdout:/usr/bin/ceph: stderr
2024-05-12T17:57:14.380+0000 7f04215b8700 1 -- start start
2024-05-12T17:57:15.297 INFO:teuthology.orchestra.run.smithi019.stdout:/usr/bin/ceph: stderr
2024-05-12T17:57:14.380+0000 7f04215b8700 1 --2- >> [v2:172.21.15.19:3300/0,v1:172.21.15.19:6789/0] conn(0x7f041c1064c0 0x7f041c19a130 unknown :-1 s=NONE pgs=0 cs=0 l=1 rev1=0 crypto rx=0 tx=0 comp rx=0 tx=0).connect
2024-05-12T17:57:15.297 INFO:teuthology.orchestra.run.smithi019.stdout:/usr/bin/ceph: stderr
2024-05-12T17:57:14.380+0000 7f04215b8700 1 -- --> [v2:172.21.15.19:3300/0,v1:172.21.15.19:6789/0] -- mon_getmap magic: 0 v1 -- 0x7f041c19a670 con 0x7f041c1064c0
2024-05-12T17:57:15.297 INFO:teuthology.orchestra.run.smithi019.stdout:/usr/bin/ceph: stderr
2024-05-12T17:57:14.380+0000 7f041affd700 1 --2- >> [v2:172.21.15.19:3300/0,v1:172.21.15.19:6789/0] conn(0x7f041c1064c0 0x7f041c19a130 unknown :-1 s=BANNER_CONNECTING pgs=0 cs=0 l=1 rev1=0 crypto rx=0 tx=0 comp rx=0 tx=0)._handle_peer_banner_payload supported=3 required=0
2024-05-12T17:57:15.298 INFO:teuthology.orchestra.run.smithi019.stdout:/usr/bin/ceph: stderr
2024-05-12T17:57:14.381+0000 7f041affd700 1 --2- >> [v2:172.21.15.19:3300/0,v1:172.21.15.19:6789/0] conn(0x7f041c1064c0 0x7f041c19a130 unknown :-1 s=HELLO_CONNECTING pgs=0 cs=0 l=1 rev1=1 crypto rx=0 tx=0 comp rx=0 tx=0).handle_hello peer v2:172.21.15.19:3300/0 says I am v2:172.21.15.19:40108/0 (socket says 172.21.15.19:40108)
2024-05-12T17:57:15.298 INFO:teuthology.orchestra.run.smithi019.stdout:/usr/bin/ceph: stderr
2024-05-12T17:57:14.381+0000 7f041affd700 1 -- 172.21.15.19:0/1169798788 learned_addr learned my addr 172.21.15.19:0/1169798788 (peer_addr_for_me v2:172.21.15.19:0/0)
2024-05-12T17:57:15.298 INFO:teuthology.orchestra.run.smithi019.stdout:/usr/bin/ceph: stderr
2024-05-12T17:57:14.381+0000 7f041affd700 1 -- 172.21.15.19:0/1169798788 --> [v2:172.21.15.19:3300/0,v1:172.21.15.19:6789/0] -- mon_subscribe({config=0+,monmap=0+}) v3 -- 0x7f040c009550 con 0x7f041c1064c0
2024-05-12T17:57:15.298 INFO:teuthology.orchestra.run.smithi019.stdout:/usr/bin/ceph: stderr
2024-05-12T17:57:14.381+0000 7f041affd700 1 --2- 172.21.15.19:0/1169798788 >> [v2:172.21.15.19:3300/0,v1:172.21.15.19:6789/0] conn(0x7f041c1064c0 0x7f041c19a130 secure :-1 s=READY pgs=89 cs=0 l=1 rev1=1 crypto rx=0x7f040c006af0 tx=0x7f040c011b10 comp rx=0 tx=0).ready entity=mon.0 client_cookie=0 server_cookie=0 in_seq=0 out_seq=0
2024-05-12T17:57:15.298 INFO:teuthology.orchestra.run.smithi019.stdout:/usr/bin/ceph: stderr
2024-05-12T17:57:14.381+0000 7f0403fff700 1 -- 172.21.15.19:0/1169798788 <== mon.0 v2:172.21.15.19:3300/0 1 ==== mon_map magic: 0 v1 ==== 229+0+0 (secure 0 0 0) 0x7f040c003a80 con 0x7f041c1064c0
2024-05-12T17:57:15.298 INFO:teuthology.orchestra.run.smithi019.stdout:/usr/bin/ceph: stderr
2024-05-12T17:57:14.381+0000 7f0403fff700 1 -- 172.21.15.19:0/1169798788 <== mon.0 v2:172.21.15.19:3300/0 2 ==== config(26 keys) v1 ==== 1074+0+0 (secure 0 0 0) 0x7f040c003be0 con 0x7f041c1064c0
2024-05-12T17:57:15.298 INFO:teuthology.orchestra.run.smithi019.stdout:/usr/bin/ceph: stderr
2024-05-12T17:57:14.381+0000 7f0403fff700 1 -- 172.21.15.19:0/1169798788 <== mon.0 v2:172.21.15.19:3300/0 3 ==== mon_map magic: 0 v1 ==== 229+0+0 (secure 0 0 0) 0x7f040c0197f0 con 0x7f041c1064c0
2024-05-12T17:57:15.298 INFO:teuthology.orchestra.run.smithi019.stdout:/usr/bin/ceph: stderr
2024-05-12T17:57:14.381+0000 7f04215b8700 1 -- 172.21.15.19:0/1169798788 --> [v2:172.21.15.19:3300/0,v1:172.21.15.19:6789/0] -- mon_subscribe({mgrmap=0+}) v3 -- 0x7f041c19a870 con 0x7f041c1064c0
2024-05-12T17:57:15.298 INFO:teuthology.orchestra.run.smithi019.stdout:/usr/bin/ceph: stderr
2024-05-12T17:57:14.381+0000 7f04215b8700 1 -- 172.21.15.19:0/1169798788 --> [v2:172.21.15.19:3300/0,v1:172.21.15.19:6789/0] -- mon_subscribe({osdmap=0}) v3 -- 0x7f041c19ad10 con 0x7f041c1064c0
2024-05-12T17:57:15.298 INFO:teuthology.orchestra.run.smithi019.stdout:/usr/bin/ceph: stderr
2024-05-12T17:57:14.382+0000 7f0403fff700 1 -- 172.21.15.19:0/1169798788 <== mon.0 v2:172.21.15.19:3300/0 4 ==== mgrmap(e 13) v1 ==== 45612+0+0 (secure 0 0 0) 0x7f040c01a430 con 0x7f041c1064c0
2024-05-12T17:57:15.298 INFO:teuthology.orchestra.run.smithi019.stdout:/usr/bin/ceph: stderr
2024-05-12T17:57:14.382+0000 7f04215b8700 1 -- 172.21.15.19:0/1169798788 --> [v2:172.21.15.19:3300/0,v1:172.21.15.19:6789/0] -- mon_command({"prefix": "get_command_descriptions"} v 0) v1 -- 0x7f041c10a850 con 0x7f041c1064c0
2024-05-12T17:57:15.298 INFO:teuthology.orchestra.run.smithi019.stdout:/usr/bin/ceph: stderr
2024-05-12T17:57:14.382+0000 7f0403fff700 1 --2- 172.21.15.19:0/1169798788 >> [v2:172.21.15.19:6800/94822892,v1:172.21.15.19:6801/94822892] conn(0x7f0404038820 0x7f040403ace0 unknown :-1 s=NONE pgs=0 cs=0 l=1 rev1=0 crypto rx=0 tx=0 comp rx=0 tx=0).connect
2024-05-12T17:57:15.298 INFO:teuthology.orchestra.run.smithi019.stdout:/usr/bin/ceph: stderr
2024-05-12T17:57:14.382+0000 7f0403fff700 1 -- 172.21.15.19:0/1169798788 <== mon.0 v2:172.21.15.19:3300/0 5 ==== osd_map(3..3 src has 1..3) v4 ==== 1155+0+0 (secure 0 0 0) 0x7f040c04cc40 con 0x7f041c1064c0
2024-05-12T17:57:15.299 INFO:teuthology.orchestra.run.smithi019.stdout:/usr/bin/ceph: stderr
2024-05-12T17:57:14.382+0000 7f041a7fc700 1 --2- 172.21.15.19:0/1169798788 >> [v2:172.21.15.19:6800/94822892,v1:172.21.15.19:6801/94822892] conn(0x7f0404038820 0x7f040403ace0 unknown :-1 s=BANNER_CONNECTING pgs=0 cs=0 l=1 rev1=0 crypto rx=0 tx=0 comp rx=0 tx=0)._handle_peer_banner_payload supported=3 required=0
2024-05-12T17:57:15.299 INFO:teuthology.orchestra.run.smithi019.stdout:/usr/bin/ceph: stderr
2024-05-12T17:57:14.383+0000 7f041a7fc700 1 --2- 172.21.15.19:0/1169798788 >> [v2:172.21.15.19:6800/94822892,v1:172.21.15.19:6801/94822892] conn(0x7f0404038820 0x7f040403ace0 secure :-1 s=READY pgs=11 cs=0 l=1 rev1=1 crypto rx=0x7f0410006fd0 tx=0x7f0410006e40 comp rx=0 tx=0).ready entity=mgr.14162 client_cookie=0 server_cookie=0 in_seq=0 out_seq=0
2024-05-12T17:57:15.299 INFO:teuthology.orchestra.run.smithi019.stdout:/usr/bin/ceph: stderr
2024-05-12T17:57:14.387+0000 7f0403fff700 1 -- 172.21.15.19:0/1169798788 <== mon.0 v2:172.21.15.19:3300/0 6 ==== mon_command_ack([{"prefix": "get_command_descriptions"}]=0 v0) v1 ==== 72+0+183622 (secure 0 0 0) 0x7f040c018530 con 0x7f041c1064c0
2024-05-12T17:57:15.299 INFO:teuthology.orchestra.run.smithi019.stdout:/usr/bin/ceph: stderr
2024-05-12T17:57:14.704+0000 7f04215b8700 1 -- 172.21.15.19:0/1169798788 --> [v2:172.21.15.19:3300/0,v1:172.21.15.19:6789/0] -- mon_command([{prefix=config-key set, key=mgr/dashboard/cluster/status}] v 0) v1 -- 0x7f041c19d5a0 con 0x7f041c1064c0
2024-05-12T17:57:15.299 INFO:teuthology.orchestra.run.smithi019.stdout:/usr/bin/ceph: stderr
2024-05-12T17:57:14.706+0000 7f0403fff700 1 -- 172.21.15.19:0/1169798788 <== mon.0 v2:172.21.15.19:3300/0 7 ==== mon_command_ack([{prefix=config-key set, key=mgr/dashboard/cluster/status}]=0 set mgr/dashboard/cluster/status v34)=0 set mgr/dashboard/cluster/status v34) v1 ==== 153+0+0 (secure 0 0 0) 0x7f040c018350 con 0x7f041c1064c0
2024-05-12T17:57:15.299 INFO:teuthology.orchestra.run.smithi019.stdout:/usr/bin/ceph: stderr
2024-05-12T17:57:14.708+0000 7f04215b8700 1 -- 172.21.15.19:0/1169798788 >> [v2:172.21.15.19:6800/94822892,v1:172.21.15.19:6801/94822892] conn(0x7f0404038820 msgr2=0x7f040403ace0 secure :-1 s=STATE_CONNECTION_ESTABLISHED l=1).mark_down
2024-05-12T17:57:15.299 INFO:teuthology.orchestra.run.smithi019.stdout:/usr/bin/ceph: stderr
2024-05-12T17:57:14.708+0000 7f04215b8700 1 --2- 172.21.15.19:0/1169798788 >> [v2:172.21.15.19:6800/94822892,v1:172.21.15.19:6801/94822892] conn(0x7f0404038820 0x7f040403ace0 secure :-1 s=READY pgs=11 cs=0 l=1 rev1=1 crypto rx=0x7f0410006fd0 tx=0x7f0410006e40 comp rx=0 tx=0).stop
2024-05-12T17:57:15.299 INFO:teuthology.orchestra.run.smithi019.stdout:/usr/bin/ceph: stderr
2024-05-12T17:57:14.708+0000 7f04215b8700 1 -- 172.21.15.19:0/1169798788 >> [v2:172.21.15.19:3300/0,v1:172.21.15.19:6789/0] conn(0x7f041c1064c0 msgr2=0x7f041c19a130 secure :-1 s=STATE_CONNECTION_ESTABLISHED l=1).mark_down
2024-05-12T17:57:15.299 INFO:teuthology.orchestra.run.smithi019.stdout:/usr/bin/ceph: stderr
2024-05-12T17:57:14.708+0000 7f04215b8700 1 --2- 172.21.15.19:0/1169798788 >> [v2:172.21.15.19:3300/0,v1:172.21.15.19:6789/0] conn(0x7f041c1064c0 0x7f041c19a130 secure :-1 s=READY pgs=89 cs=0 l=1 rev1=1 crypto rx=0x7f040c006af0 tx=0x7f040c011b10 comp rx=0 tx=0).stop
2024-05-12T17:57:15.299 INFO:teuthology.orchestra.run.smithi019.stdout:/usr/bin/ceph: stderr
2024-05-12T17:57:14.708+0000 7f04215b8700 1 -- 172.21.15.19:0/1169798788 shutdown_connections
2024-05-12T17:57:15.299 INFO:teuthology.orchestra.run.smithi019.stdout:/usr/bin/ceph: stderr
2024-05-12T17:57:14.708+0000 7f04215b8700 1 --2- 172.21.15.19:0/1169798788 >> [v2:172.21.15.19:6800/94822892,v1:172.21.15.19:6801/94822892] conn(0x7f0404038820 0x7f040403ace0 unknown :-1 s=CLOSED pgs=11 cs=0 l=1 rev1=1 crypto rx=0 tx=0 comp rx=0 tx=0).stop
2024-05-12T17:57:15.299 INFO:teuthology.orchestra.run.smithi019.stdout:/usr/bin/ceph: stderr
2024-05-12T17:57:14.708+0000 7f04215b8700 1 --2- 172.21.15.19:0/1169798788 >> [v2:172.21.15.19:3300/0,v1:172.21.15.19:6789/0] conn(0x7f041c1064c0 0x7f041c19a130 unknown :-1 s=CLOSED pgs=89 cs=0 l=1 rev1=1 crypto rx=0 tx=0 comp rx=0 tx=0).stop
2024-05-12T17:57:15.299 INFO:teuthology.orchestra.run.smithi019.stdout:/usr/bin/ceph: stderr
2024-05-12T17:57:14.708+0000 7f04215b8700 1 -- 172.21.15.19:0/1169798788 >> 172.21.15.19:0/1169798788 conn(0x7f041c101b00 msgr2=0x7f041c102640 unknown :-1 s=STATE_NONE l=0).mark_down
2024-05-12T17:57:15.300 INFO:teuthology.orchestra.run.smithi019.stdout:/usr/bin/ceph: stderr
2024-05-12T17:57:14.708+0000 7f04215b8700 1 -- 172.21.15.19:0/1169798788 shutdown_connections
2024-05-12T17:57:15.300 INFO:teuthology.orchestra.run.smithi019.stdout:/usr/bin/ceph: stderr
2024-05-12T17:57:14.708+0000 7f04215b8700 1 -- 172.21.15.19:0/1169798788 wait complete.
2024-05-12T17:57:15.300 INFO:teuthology.orchestra.run.smithi019.stdout:/usr/bin/ceph: stderr set mgr/dashboard/cluster/status
2024-05-12T17:57:15.300 INFO:teuthology.orchestra.run.smithi019.stdout:You can access the Ceph CLI as following in case of multi-cluster or non-default config:
2024-05-12T17:57:15.300 INFO:teuthology.orchestra.run.smithi019.stdout:
2024-05-12T17:57:15.300 INFO:teuthology.orchestra.run.smithi019.stdout: sudo /home/ubuntu/cephtest/cephadm shell --fsid c5dd2db4-1088-11ef-bc98-c7b262605968 -c /etc/ceph/ceph.conf -k /etc/ceph/ceph.client.admin.keyring
2024-05-12T17:57:15.300 INFO:teuthology.orchestra.run.smithi019.stdout:
2024-05-12T17:57:15.300 INFO:teuthology.orchestra.run.smithi019.stdout:Or, if you are only running a single cluster on this host:
2024-05-12T17:57:15.300 INFO:teuthology.orchestra.run.smithi019.stdout:
2024-05-12T17:57:15.300 INFO:teuthology.orchestra.run.smithi019.stdout: sudo /home/ubuntu/cephtest/cephadm shell
2024-05-12T17:57:15.300 INFO:teuthology.orchestra.run.smithi019.stdout:
2024-05-12T17:57:15.300 INFO:teuthology.orchestra.run.smithi019.stdout:Please consider enabling telemetry to help improve Ceph:
2024-05-12T17:57:15.300 INFO:teuthology.orchestra.run.smithi019.stdout:
2024-05-12T17:57:15.300 INFO:teuthology.orchestra.run.smithi019.stdout: ceph telemetry on
2024-05-12T17:57:15.301 INFO:teuthology.orchestra.run.smithi019.stdout:
2024-05-12T17:57:15.301 INFO:teuthology.orchestra.run.smithi019.stdout:For more information see:
2024-05-12T17:57:15.301 INFO:teuthology.orchestra.run.smithi019.stdout:
2024-05-12T17:57:15.301 INFO:teuthology.orchestra.run.smithi019.stdout: https://docs.ceph.com/en/latest/mgr/telemetry/
2024-05-12T17:57:15.301 INFO:teuthology.orchestra.run.smithi019.stdout:
2024-05-12T17:57:15.301 INFO:teuthology.orchestra.run.smithi019.stdout:Bootstrap complete.
2024-05-12T17:57:15.333 INFO:tasks.cephadm:Fetching config...
2024-05-12T17:57:15.333 DEBUG:teuthology.orchestra.run.smithi019:> set -ex
2024-05-12T17:57:15.333 DEBUG:teuthology.orchestra.run.smithi019:> dd if=/etc/ceph/ceph.conf of=/dev/stdout
2024-05-12T17:57:15.392 INFO:tasks.cephadm:Fetching client.admin keyring...
2024-05-12T17:57:15.392 DEBUG:teuthology.orchestra.run.smithi019:> set -ex
2024-05-12T17:57:15.392 DEBUG:teuthology.orchestra.run.smithi019:> dd if=/etc/ceph/ceph.client.admin.keyring of=/dev/stdout
2024-05-12T17:57:15.451 INFO:tasks.cephadm:Fetching mon keyring...
2024-05-12T17:57:15.451 DEBUG:teuthology.orchestra.run.smithi019:> set -ex
2024-05-12T17:57:15.451 DEBUG:teuthology.orchestra.run.smithi019:> sudo dd if=/var/lib/ceph/c5dd2db4-1088-11ef-bc98-c7b262605968/mon.smithi019/keyring of=/dev/stdout
2024-05-12T17:57:15.519 INFO:tasks.cephadm:Fetching pub ssh key...
2024-05-12T17:57:15.519 DEBUG:teuthology.orchestra.run.smithi019:> set -ex
2024-05-12T17:57:15.519 DEBUG:teuthology.orchestra.run.smithi019:> dd if=/home/ubuntu/cephtest/ceph.pub of=/dev/stdout
2024-05-12T17:57:15.578 INFO:tasks.cephadm:Installing pub ssh key for root users...
2024-05-12T17:57:15.579 DEBUG:teuthology.orchestra.run.smithi019:> sudo install -d -m 0700 /root/.ssh && echo 'ssh-rsa AAAAB3NzaC1yc2EAAAADAQABAAABgQCW9mEUTfSc384c/QnOVn7N+FVkFjdh8mnvXSlZ14JD1pKiipYV4xQKKNCurJZxZdCJrZIXGCNpHasDRkyiFZ9mLxOtCMreu4RwLNzKIs0Rrrb7N2nPKRMLkUlt7KJ1q2P7qZjOZ1tYt7uhY0yLPAcVwTABSVYYZ8FEhagBpor4qEwhmM4N+GtCMeOIzSzsY23L7blLv1+sE6sRN3hLA32NtUvuC4tWFbTxjfVy3QZLzpSdG8TBOuUfeg5LOT96aBO5xJmWqEReRCOYtKHU343pyjSBLpwy6KT8zfoYKdthzKMwCqbk464A5bognr8ZZGrjO1/ckhoOSQ1o4WP541qTIwMO9ynP07OR3euj5o0hFPxjVsOqsof75e1sVuhtVBSyh4R7feDf2IxYK1oAcgAPnCEIBNd05H2mqj8iaiX8sCA/EzjV8I7gtcbEep2L+8u7qn/7dAnlQOMI19TOVXZeVvX5M6bRp4+YH+6AuVfn0+SFsVNIgJE2MCtPFS9YFNc= ceph-c5dd2db4-1088-11ef-bc98-c7b262605968' | sudo tee -a /root/.ssh/authorized_keys && sudo chmod 0600 /root/.ssh/authorized_keys
2024-05-12T17:57:15.656 INFO:teuthology.orchestra.run.smithi019.stdout:ssh-rsa AAAAB3NzaC1yc2EAAAADAQABAAABgQCW9mEUTfSc384c/QnOVn7N+FVkFjdh8mnvXSlZ14JD1pKiipYV4xQKKNCurJZxZdCJrZIXGCNpHasDRkyiFZ9mLxOtCMreu4RwLNzKIs0Rrrb7N2nPKRMLkUlt7KJ1q2P7qZjOZ1tYt7uhY0yLPAcVwTABSVYYZ8FEhagBpor4qEwhmM4N+GtCMeOIzSzsY23L7blLv1+sE6sRN3hLA32NtUvuC4tWFbTxjfVy3QZLzpSdG8TBOuUfeg5LOT96aBO5xJmWqEReRCOYtKHU343pyjSBLpwy6KT8zfoYKdthzKMwCqbk464A5bognr8ZZGrjO1/ckhoOSQ1o4WP541qTIwMO9ynP07OR3euj5o0hFPxjVsOqsof75e1sVuhtVBSyh4R7feDf2IxYK1oAcgAPnCEIBNd05H2mqj8iaiX8sCA/EzjV8I7gtcbEep2L+8u7qn/7dAnlQOMI19TOVXZeVvX5M6bRp4+YH+6AuVfn0+SFsVNIgJE2MCtPFS9YFNc= ceph-c5dd2db4-1088-11ef-bc98-c7b262605968
2024-05-12T17:57:15.668 DEBUG:teuthology.orchestra.run.smithi188:> sudo install -d -m 0700 /root/.ssh && echo 'ssh-rsa AAAAB3NzaC1yc2EAAAADAQABAAABgQCW9mEUTfSc384c/QnOVn7N+FVkFjdh8mnvXSlZ14JD1pKiipYV4xQKKNCurJZxZdCJrZIXGCNpHasDRkyiFZ9mLxOtCMreu4RwLNzKIs0Rrrb7N2nPKRMLkUlt7KJ1q2P7qZjOZ1tYt7uhY0yLPAcVwTABSVYYZ8FEhagBpor4qEwhmM4N+GtCMeOIzSzsY23L7blLv1+sE6sRN3hLA32NtUvuC4tWFbTxjfVy3QZLzpSdG8TBOuUfeg5LOT96aBO5xJmWqEReRCOYtKHU343pyjSBLpwy6KT8zfoYKdthzKMwCqbk464A5bognr8ZZGrjO1/ckhoOSQ1o4WP541qTIwMO9ynP07OR3euj5o0hFPxjVsOqsof75e1sVuhtVBSyh4R7feDf2IxYK1oAcgAPnCEIBNd05H2mqj8iaiX8sCA/EzjV8I7gtcbEep2L+8u7qn/7dAnlQOMI19TOVXZeVvX5M6bRp4+YH+6AuVfn0+SFsVNIgJE2MCtPFS9YFNc= ceph-c5dd2db4-1088-11ef-bc98-c7b262605968' | sudo tee -a /root/.ssh/authorized_keys && sudo chmod 0600 /root/.ssh/authorized_keys
2024-05-12T17:57:15.712 INFO:teuthology.orchestra.run.smithi188.stdout:ssh-rsa AAAAB3NzaC1yc2EAAAADAQABAAABgQCW9mEUTfSc384c/QnOVn7N+FVkFjdh8mnvXSlZ14JD1pKiipYV4xQKKNCurJZxZdCJrZIXGCNpHasDRkyiFZ9mLxOtCMreu4RwLNzKIs0Rrrb7N2nPKRMLkUlt7KJ1q2P7qZjOZ1tYt7uhY0yLPAcVwTABSVYYZ8FEhagBpor4qEwhmM4N+GtCMeOIzSzsY23L7blLv1+sE6sRN3hLA32NtUvuC4tWFbTxjfVy3QZLzpSdG8TBOuUfeg5LOT96aBO5xJmWqEReRCOYtKHU343pyjSBLpwy6KT8zfoYKdthzKMwCqbk464A5bognr8ZZGrjO1/ckhoOSQ1o4WP541qTIwMO9ynP07OR3euj5o0hFPxjVsOqsof75e1sVuhtVBSyh4R7feDf2IxYK1oAcgAPnCEIBNd05H2mqj8iaiX8sCA/EzjV8I7gtcbEep2L+8u7qn/7dAnlQOMI19TOVXZeVvX5M6bRp4+YH+6AuVfn0+SFsVNIgJE2MCtPFS9YFNc= ceph-c5dd2db4-1088-11ef-bc98-c7b262605968
2024-05-12T17:57:15.724 DEBUG:teuthology.orchestra.run.smithi019:> sudo /home/ubuntu/cephtest/cephadm --image quay.ceph.io/ceph-ci/ceph:reef shell -c /etc/ceph/ceph.conf -k /etc/ceph/ceph.client.admin.keyring --fsid c5dd2db4-1088-11ef-bc98-c7b262605968 -- ceph config set mgr mgr/cephadm/allow_ptrace true
2024-05-12T17:57:15.961 INFO:journalctl@ceph.mon.smithi019.smithi019.stdout:May 12 17:57:15 smithi019 ceph-mon[39967]: from='client.? 172.21.15.19:0/1169798788' entity='client.admin'
2024-05-12T17:57:15.983 INFO:teuthology.orchestra.run.smithi019.stderr:Inferring config /var/lib/ceph/c5dd2db4-1088-11ef-bc98-c7b262605968/mon.smithi019/config
2024-05-12T17:57:18.959 INFO:teuthology.orchestra.run.smithi019.stderr:2024-05-12T17:57:18.958+0000 7f4590a43700 1 -- 172.21.15.19:0/1802387119 >> [v2:172.21.15.19:3300/0,v1:172.21.15.19:6789/0] conn(0x7f458c1013c0 msgr2=0x7f458c1037b0 secure :-1 s=STATE_CONNECTION_ESTABLISHED l=1).mark_down
2024-05-12T17:57:18.959 INFO:teuthology.orchestra.run.smithi019.stderr:2024-05-12T17:57:18.958+0000 7f4590a43700 1 --2- 172.21.15.19:0/1802387119 >> [v2:172.21.15.19:3300/0,v1:172.21.15.19:6789/0] conn(0x7f458c1013c0 0x7f458c1037b0 secure :-1 s=READY pgs=90 cs=0 l=1 rev1=1 crypto rx=0x7f457c009910 tx=0x7f457c009c20 comp rx=0 tx=0).stop
2024-05-12T17:57:18.959 INFO:teuthology.orchestra.run.smithi019.stderr:2024-05-12T17:57:18.959+0000 7f4590a43700 1 -- 172.21.15.19:0/1802387119 shutdown_connections
2024-05-12T17:57:18.959 INFO:teuthology.orchestra.run.smithi019.stderr:2024-05-12T17:57:18.959+0000 7f4590a43700 1 --2- 172.21.15.19:0/1802387119 >> [v2:172.21.15.19:3300/0,v1:172.21.15.19:6789/0] conn(0x7f458c1013c0 0x7f458c1037b0 unknown :-1 s=CLOSED pgs=90 cs=0 l=1 rev1=1 crypto rx=0 tx=0 comp rx=0 tx=0).stop
2024-05-12T17:57:18.960 INFO:teuthology.orchestra.run.smithi019.stderr:2024-05-12T17:57:18.959+0000 7f4590a43700 1 -- 172.21.15.19:0/1802387119 >> 172.21.15.19:0/1802387119 conn(0x7f458c0fadd0 msgr2=0x7f458c0fd210 unknown :-1 s=STATE_NONE l=0).mark_down
2024-05-12T17:57:18.960 INFO:teuthology.orchestra.run.smithi019.stderr:2024-05-12T17:57:18.959+0000 7f4590a43700 1 -- 172.21.15.19:0/1802387119 shutdown_connections
2024-05-12T17:57:18.960 INFO:teuthology.orchestra.run.smithi019.stderr:2024-05-12T17:57:18.959+0000 7f4590a43700 1 -- 172.21.15.19:0/1802387119 wait complete.
2024-05-12T17:57:18.961 INFO:teuthology.orchestra.run.smithi019.stderr:2024-05-12T17:57:18.960+0000 7f4590a43700 1 Processor -- start
2024-05-12T17:57:18.961 INFO:teuthology.orchestra.run.smithi019.stderr:2024-05-12T17:57:18.960+0000 7f4590a43700 1 -- start start
2024-05-12T17:57:18.961 INFO:teuthology.orchestra.run.smithi019.stderr:2024-05-12T17:57:18.960+0000 7f4590a43700 1 --2- >> [v2:172.21.15.19:3300/0,v1:172.21.15.19:6789/0] conn(0x7f458c1013c0 0x7f458c100bf0 unknown :-1 s=NONE pgs=0 cs=0 l=1 rev1=0 crypto rx=0 tx=0 comp rx=0 tx=0).connect
2024-05-12T17:57:18.961 INFO:teuthology.orchestra.run.smithi019.stderr:2024-05-12T17:57:18.960+0000 7f4590a43700 1 -- --> [v2:172.21.15.19:3300/0,v1:172.21.15.19:6789/0] -- mon_getmap magic: 0 v1 -- 0x7f458c101130 con 0x7f458c1013c0
2024-05-12T17:57:18.961 INFO:teuthology.orchestra.run.smithi019.stderr:2024-05-12T17:57:18.960+0000 7f458a59c700 1 --2- >> [v2:172.21.15.19:3300/0,v1:172.21.15.19:6789/0] conn(0x7f458c1013c0 0x7f458c100bf0 unknown :-1 s=BANNER_CONNECTING pgs=0 cs=0 l=1 rev1=0 crypto rx=0 tx=0 comp rx=0 tx=0)._handle_peer_banner_payload supported=3 required=0
2024-05-12T17:57:18.961 INFO:teuthology.orchestra.run.smithi019.stderr:2024-05-12T17:57:18.960+0000 7f458a59c700 1 --2- >> [v2:172.21.15.19:3300/0,v1:172.21.15.19:6789/0] conn(0x7f458c1013c0 0x7f458c100bf0 unknown :-1 s=HELLO_CONNECTING pgs=0 cs=0 l=1 rev1=1 crypto rx=0 tx=0 comp rx=0 tx=0).handle_hello peer v2:172.21.15.19:3300/0 says I am v2:172.21.15.19:40118/0 (socket says 172.21.15.19:40118)
2024-05-12T17:57:18.961 INFO:teuthology.orchestra.run.smithi019.stderr:2024-05-12T17:57:18.960+0000 7f458a59c700 1 -- 172.21.15.19:0/4196131568 learned_addr learned my addr 172.21.15.19:0/4196131568 (peer_addr_for_me v2:172.21.15.19:0/0)
2024-05-12T17:57:18.961 INFO:teuthology.orchestra.run.smithi019.stderr:2024-05-12T17:57:18.960+0000 7f458a59c700 1 -- 172.21.15.19:0/4196131568 --> [v2:172.21.15.19:3300/0,v1:172.21.15.19:6789/0] -- mon_subscribe({config=0+,monmap=0+}) v3 -- 0x7f457c0095f0 con 0x7f458c1013c0
2024-05-12T17:57:18.961 INFO:teuthology.orchestra.run.smithi019.stderr:2024-05-12T17:57:18.960+0000 7f458a59c700 1 --2- 172.21.15.19:0/4196131568 >> [v2:172.21.15.19:3300/0,v1:172.21.15.19:6789/0] conn(0x7f458c1013c0 0x7f458c100bf0 secure :-1 s=READY pgs=91 cs=0 l=1 rev1=1 crypto rx=0x7f457c005b40 tx=0x7f457c004f40 comp rx=0 tx=0).ready entity=mon.0 client_cookie=0 server_cookie=0 in_seq=0 out_seq=0
2024-05-12T17:57:18.962 INFO:teuthology.orchestra.run.smithi019.stderr:2024-05-12T17:57:18.961+0000 7f457b7fe700 1 -- 172.21.15.19:0/4196131568 <== mon.0 v2:172.21.15.19:3300/0 1 ==== mon_map magic: 0 v1 ==== 229+0+0 (secure 0 0 0) 0x7f457c01d070 con 0x7f458c1013c0
2024-05-12T17:57:18.962 INFO:teuthology.orchestra.run.smithi019.stderr:2024-05-12T17:57:18.961+0000 7f457b7fe700 1 -- 172.21.15.19:0/4196131568 <== mon.0 v2:172.21.15.19:3300/0 2 ==== config(26 keys) v1 ==== 1074+0+0 (secure 0 0 0) 0x7f457c005dc0 con 0x7f458c1013c0
2024-05-12T17:57:18.962 INFO:teuthology.orchestra.run.smithi019.stderr:2024-05-12T17:57:18.961+0000 7f4590a43700 1 -- 172.21.15.19:0/4196131568 --> [v2:172.21.15.19:3300/0,v1:172.21.15.19:6789/0] -- mon_subscribe({mgrmap=0+}) v3 -- 0x7f458c0ff370 con 0x7f458c1013c0
2024-05-12T17:57:18.962 INFO:teuthology.orchestra.run.smithi019.stderr:2024-05-12T17:57:18.961+0000 7f457b7fe700 1 -- 172.21.15.19:0/4196131568 <== mon.0 v2:172.21.15.19:3300/0 3 ==== mon_map magic: 0 v1 ==== 229+0+0 (secure 0 0 0) 0x7f457c022cf0 con 0x7f458c1013c0
2024-05-12T17:57:18.962 INFO:teuthology.orchestra.run.smithi019.stderr:2024-05-12T17:57:18.961+0000 7f4590a43700 1 -- 172.21.15.19:0/4196131568 --> [v2:172.21.15.19:3300/0,v1:172.21.15.19:6789/0] -- mon_subscribe({osdmap=0}) v3 -- 0x7f458c0ff810 con 0x7f458c1013c0
2024-05-12T17:57:18.963 INFO:teuthology.orchestra.run.smithi019.stderr:2024-05-12T17:57:18.961+0000 7f457b7fe700 1 -- 172.21.15.19:0/4196131568 <== mon.0 v2:172.21.15.19:3300/0 4 ==== mgrmap(e 13) v1 ==== 45612+0+0 (secure 0 0 0) 0x7f457c00f460 con 0x7f458c1013c0
2024-05-12T17:57:18.963 INFO:teuthology.orchestra.run.smithi019.stderr:2024-05-12T17:57:18.962+0000 7f457b7fe700 1 --2- 172.21.15.19:0/4196131568 >> [v2:172.21.15.19:6800/94822892,v1:172.21.15.19:6801/94822892] conn(0x7f45740387c0 0x7f457403ac80 unknown :-1 s=NONE pgs=0 cs=0 l=1 rev1=0 crypto rx=0 tx=0 comp rx=0 tx=0).connect
2024-05-12T17:57:18.963 INFO:teuthology.orchestra.run.smithi019.stderr:2024-05-12T17:57:18.962+0000 7f457b7fe700 1 -- 172.21.15.19:0/4196131568 <== mon.0 v2:172.21.15.19:3300/0 5 ==== osd_map(3..3 src has 1..3) v4 ==== 1155+0+0 (secure 0 0 0) 0x7f457c04c8c0 con 0x7f458c1013c0
2024-05-12T17:57:18.963 INFO:teuthology.orchestra.run.smithi019.stderr:2024-05-12T17:57:18.962+0000 7f4590a43700 1 -- 172.21.15.19:0/4196131568 --> [v2:172.21.15.19:3300/0,v1:172.21.15.19:6789/0] -- mon_command({"prefix": "get_command_descriptions"} v 0) v1 -- 0x7f458c106f50 con 0x7f458c1013c0
2024-05-12T17:57:18.963 INFO:teuthology.orchestra.run.smithi019.stderr:2024-05-12T17:57:18.962+0000 7f4589d9b700 1 --2- 172.21.15.19:0/4196131568 >> [v2:172.21.15.19:6800/94822892,v1:172.21.15.19:6801/94822892] conn(0x7f45740387c0 0x7f457403ac80 unknown :-1 s=BANNER_CONNECTING pgs=0 cs=0 l=1 rev1=0 crypto rx=0 tx=0 comp rx=0 tx=0)._handle_peer_banner_payload supported=3 required=0
2024-05-12T17:57:18.963 INFO:teuthology.orchestra.run.smithi019.stderr:2024-05-12T17:57:18.962+0000 7f4589d9b700 1 --2- 172.21.15.19:0/4196131568 >> [v2:172.21.15.19:6800/94822892,v1:172.21.15.19:6801/94822892] conn(0x7f45740387c0 0x7f457403ac80 secure :-1 s=READY pgs=12 cs=0 l=1 rev1=1 crypto rx=0x7f4580006fd0 tx=0x7f4580006e40 comp rx=0 tx=0).ready entity=mgr.14162 client_cookie=0 server_cookie=0 in_seq=0 out_seq=0
2024-05-12T17:57:18.967 INFO:teuthology.orchestra.run.smithi019.stderr:2024-05-12T17:57:18.967+0000 7f457b7fe700 1 -- 172.21.15.19:0/4196131568 <== mon.0 v2:172.21.15.19:3300/0 6 ==== mon_command_ack([{"prefix": "get_command_descriptions"}]=0 v0) v1 ==== 72+0+183622 (secure 0 0 0) 0x7f457c027020 con 0x7f458c1013c0
2024-05-12T17:57:19.184 INFO:teuthology.orchestra.run.smithi019.stderr:2024-05-12T17:57:19.184+0000 7f4590a43700 1 -- 172.21.15.19:0/4196131568 --> [v2:172.21.15.19:3300/0,v1:172.21.15.19:6789/0] -- mon_command([{prefix=config set, name=mgr/cephadm/allow_ptrace}] v 0) v1 -- 0x7f458c0625d0 con 0x7f458c1013c0
2024-05-12T17:57:19.188 INFO:teuthology.orchestra.run.smithi019.stderr:2024-05-12T17:57:19.188+0000 7f457b7fe700 1 -- 172.21.15.19:0/4196131568 <== mon.0 v2:172.21.15.19:3300/0 7 ==== mon_command_ack([{prefix=config set, name=mgr/cephadm/allow_ptrace}]=0 v9)=0 v9) v1 ==== 125+0+0 (secure 0 0 0) 0x7f457c017440 con 0x7f458c1013c0
2024-05-12T17:57:19.191 INFO:teuthology.orchestra.run.smithi019.stderr:2024-05-12T17:57:19.191+0000 7f4590a43700 1 -- 172.21.15.19:0/4196131568 >> [v2:172.21.15.19:6800/94822892,v1:172.21.15.19:6801/94822892] conn(0x7f45740387c0 msgr2=0x7f457403ac80 secure :-1 s=STATE_CONNECTION_ESTABLISHED l=1).mark_down
2024-05-12T17:57:19.191 INFO:teuthology.orchestra.run.smithi019.stderr:2024-05-12T17:57:19.191+0000 7f4590a43700 1 --2- 172.21.15.19:0/4196131568 >> [v2:172.21.15.19:6800/94822892,v1:172.21.15.19:6801/94822892] conn(0x7f45740387c0 0x7f457403ac80 secure :-1 s=READY pgs=12 cs=0 l=1 rev1=1 crypto rx=0x7f4580006fd0 tx=0x7f4580006e40 comp rx=0 tx=0).stop
2024-05-12T17:57:19.191 INFO:teuthology.orchestra.run.smithi019.stderr:2024-05-12T17:57:19.191+0000 7f4590a43700 1 -- 172.21.15.19:0/4196131568 >> [v2:172.21.15.19:3300/0,v1:172.21.15.19:6789/0] conn(0x7f458c1013c0 msgr2=0x7f458c100bf0 secure :-1 s=STATE_CONNECTION_ESTABLISHED l=1).mark_down
2024-05-12T17:57:19.191 INFO:teuthology.orchestra.run.smithi019.stderr:2024-05-12T17:57:19.191+0000 7f4590a43700 1 --2- 172.21.15.19:0/4196131568 >> [v2:172.21.15.19:3300/0,v1:172.21.15.19:6789/0] conn(0x7f458c1013c0 0x7f458c100bf0 secure :-1 s=READY pgs=91 cs=0 l=1 rev1=1 crypto rx=0x7f457c005b40 tx=0x7f457c004f40 comp rx=0 tx=0).stop
2024-05-12T17:57:19.191 INFO:teuthology.orchestra.run.smithi019.stderr:2024-05-12T17:57:19.191+0000 7f4590a43700 1 -- 172.21.15.19:0/4196131568 shutdown_connections
2024-05-12T17:57:19.191 INFO:teuthology.orchestra.run.smithi019.stderr:2024-05-12T17:57:19.191+0000 7f4590a43700 1 --2- 172.21.15.19:0/4196131568 >> [v2:172.21.15.19:6800/94822892,v1:172.21.15.19:6801/94822892] conn(0x7f45740387c0 0x7f457403ac80 unknown :-1 s=CLOSED pgs=12 cs=0 l=1 rev1=1 crypto rx=0 tx=0 comp rx=0 tx=0).stop
2024-05-12T17:57:19.192 INFO:teuthology.orchestra.run.smithi019.stderr:2024-05-12T17:57:19.191+0000 7f4590a43700 1 --2- 172.21.15.19:0/4196131568 >> [v2:172.21.15.19:3300/0,v1:172.21.15.19:6789/0] conn(0x7f458c1013c0 0x7f458c100bf0 unknown :-1 s=CLOSED pgs=91 cs=0 l=1 rev1=1 crypto rx=0 tx=0 comp rx=0 tx=0).stop
2024-05-12T17:57:19.192 INFO:teuthology.orchestra.run.smithi019.stderr:2024-05-12T17:57:19.191+0000 7f4590a43700 1 -- 172.21.15.19:0/4196131568 >> 172.21.15.19:0/4196131568 conn(0x7f458c0fadd0 msgr2=0x7f458c0fb980 unknown :-1 s=STATE_NONE l=0).mark_down
2024-05-12T17:57:19.192 INFO:teuthology.orchestra.run.smithi019.stderr:2024-05-12T17:57:19.191+0000 7f4590a43700 1 -- 172.21.15.19:0/4196131568 shutdown_connections
2024-05-12T17:57:19.192 INFO:teuthology.orchestra.run.smithi019.stderr:2024-05-12T17:57:19.191+0000 7f4590a43700 1 -- 172.21.15.19:0/4196131568 wait complete.
2024-05-12T17:57:20.437 INFO:journalctl@ceph.mon.smithi019.smithi019.stdout:May 12 17:57:20 smithi019 ceph-mon[39967]: from='client.? 172.21.15.19:0/4196131568' entity='client.admin'
2024-05-12T17:57:20.437 INFO:journalctl@ceph.mon.smithi019.smithi019.stdout:May 12 17:57:20 smithi019 ceph-mon[39967]: from='mgr.14162 172.21.15.19:0/1292725207' entity='mgr.smithi019.lkafks'
2024-05-12T17:57:20.437 INFO:journalctl@ceph.mon.smithi019.smithi019.stdout:May 12 17:57:20 smithi019 ceph-mon[39967]: from='mgr.14162 172.21.15.19:0/1292725207' entity='mgr.smithi019.lkafks'
2024-05-12T17:57:20.437 INFO:journalctl@ceph.mon.smithi019.smithi019.stdout:May 12 17:57:20 smithi019 ceph-mon[39967]: from='mgr.14162 172.21.15.19:0/1292725207' entity='mgr.smithi019.lkafks' cmd=[{"prefix": "config rm", "who": "osd/host:smithi019", "name": "osd_memory_target"}]: dispatch
2024-05-12T17:57:20.437 INFO:journalctl@ceph.mon.smithi019.smithi019.stdout:May 12 17:57:20 smithi019 ceph-mon[39967]: from='mgr.14162 172.21.15.19:0/1292725207' entity='mgr.smithi019.lkafks'
2024-05-12T17:57:20.438 INFO:journalctl@ceph.mon.smithi019.smithi019.stdout:May 12 17:57:20 smithi019 ceph-mon[39967]: from='mgr.14162 172.21.15.19:0/1292725207' entity='mgr.smithi019.lkafks' cmd=[{"prefix": "auth get-or-create", "entity": "client.ceph-exporter.smithi019", "caps": ["mon", "profile ceph-exporter", "mon", "allow r", "mgr", "allow r", "osd", "allow r"]}]: dispatch
2024-05-12T17:57:20.438 INFO:journalctl@ceph.mon.smithi019.smithi019.stdout:May 12 17:57:20 smithi019 ceph-mon[39967]: from='mgr.14162 172.21.15.19:0/1292725207' entity='mgr.smithi019.lkafks' cmd='[{"prefix": "auth get-or-create", "entity": "client.ceph-exporter.smithi019", "caps": ["mon", "profile ceph-exporter", "mon", "allow r", "mgr", "allow r", "osd", "allow r"]}]': finished
2024-05-12T17:57:20.438 INFO:journalctl@ceph.mon.smithi019.smithi019.stdout:May 12 17:57:20 smithi019 ceph-mon[39967]: from='mgr.14162 172.21.15.19:0/1292725207' entity='mgr.smithi019.lkafks' cmd=[{"prefix": "config generate-minimal-conf"}]: dispatch
2024-05-12T17:57:20.457 INFO:tasks.cephadm:Distributing conf and client.admin keyring to all hosts + 0755
2024-05-12T17:57:20.457 DEBUG:teuthology.orchestra.run.smithi019:> sudo /home/ubuntu/cephtest/cephadm --image quay.ceph.io/ceph-ci/ceph:reef shell -c /etc/ceph/ceph.conf -k /etc/ceph/ceph.client.admin.keyring --fsid c5dd2db4-1088-11ef-bc98-c7b262605968 -- ceph orch client-keyring set client.admin '*' --mode 0755
2024-05-12T17:57:21.334 INFO:teuthology.orchestra.run.smithi019.stderr:Inferring config /var/lib/ceph/c5dd2db4-1088-11ef-bc98-c7b262605968/mon.smithi019/config
2024-05-12T17:57:21.462 INFO:journalctl@ceph.mon.smithi019.smithi019.stdout:May 12 17:57:21 smithi019 ceph-mon[39967]: Deploying daemon ceph-exporter.smithi019 on smithi019
2024-05-12T17:57:23.431 INFO:teuthology.orchestra.run.smithi019.stderr:2024-05-12T17:57:23.429+0000 7ff6a9c07700 1 -- 172.21.15.19:0/622416152 >> [v2:172.21.15.19:3300/0,v1:172.21.15.19:6789/0] conn(0x7ff6a4107160 msgr2=0x7ff6a4107580 secure :-1 s=STATE_CONNECTION_ESTABLISHED l=1).mark_down
2024-05-12T17:57:23.431 INFO:teuthology.orchestra.run.smithi019.stderr:2024-05-12T17:57:23.429+0000 7ff6a9c07700 1 --2- 172.21.15.19:0/622416152 >> [v2:172.21.15.19:3300/0,v1:172.21.15.19:6789/0] conn(0x7ff6a4107160 0x7ff6a4107580 secure :-1 s=READY pgs=92 cs=0 l=1 rev1=1 crypto rx=0x7ff694009910 tx=0x7ff694009c20 comp rx=0 tx=0).stop
2024-05-12T17:57:23.431 INFO:teuthology.orchestra.run.smithi019.stderr:2024-05-12T17:57:23.429+0000 7ff6a9c07700 1 -- 172.21.15.19:0/622416152 shutdown_connections
2024-05-12T17:57:23.431 INFO:teuthology.orchestra.run.smithi019.stderr:2024-05-12T17:57:23.429+0000 7ff6a9c07700 1 --2- 172.21.15.19:0/622416152 >> [v2:172.21.15.19:3300/0,v1:172.21.15.19:6789/0] conn(0x7ff6a4107160 0x7ff6a4107580 unknown :-1 s=CLOSED pgs=92 cs=0 l=1 rev1=1 crypto rx=0 tx=0 comp rx=0 tx=0).stop
2024-05-12T17:57:23.431 INFO:teuthology.orchestra.run.smithi019.stderr:2024-05-12T17:57:23.429+0000 7ff6a9c07700 1 -- 172.21.15.19:0/622416152 >> 172.21.15.19:0/622416152 conn(0x7ff6a4076090 msgr2=0x7ff6a40784b0 unknown :-1 s=STATE_NONE l=0).mark_down
2024-05-12T17:57:23.431 INFO:teuthology.orchestra.run.smithi019.stderr:2024-05-12T17:57:23.429+0000 7ff6a9c07700 1 -- 172.21.15.19:0/622416152 shutdown_connections
2024-05-12T17:57:23.431 INFO:teuthology.orchestra.run.smithi019.stderr:2024-05-12T17:57:23.429+0000 7ff6a9c07700 1 -- 172.21.15.19:0/622416152 wait complete.
2024-05-12T17:57:23.431 INFO:teuthology.orchestra.run.smithi019.stderr:2024-05-12T17:57:23.429+0000 7ff6a9c07700 1 Processor -- start
2024-05-12T17:57:23.431 INFO:teuthology.orchestra.run.smithi019.stderr:2024-05-12T17:57:23.430+0000 7ff6a9c07700 1 -- start start
