2024-05-12T17:56:18.442 INFO:teuthology.orchestra.run.smithi019.stdout:/usr/bin/ceph: stderr
2024-05-12T17:56:17.614+0000 7fea73648700 1 --2- >> [v2:172.21.15.19:3300/0,v1:172.21.15.19:6789/0] conn(0x7fea6c105350 0x7fea6c197f70 unknown :-1 s=NONE pgs=0 cs=0 l=1 rev1=0 crypto rx=0 tx=0 comp rx=0 tx=0).connect
2024-05-12T17:56:18.442 INFO:teuthology.orchestra.run.smithi019.stdout:/usr/bin/ceph: stderr
2024-05-12T17:56:17.614+0000 7fea73648700 1 -- --> [v2:172.21.15.19:3300/0,v1:172.21.15.19:6789/0] -- mon_getmap magic: 0 v1 -- 0x7fea6c1984b0 con 0x7fea6c105350
2024-05-12T17:56:18.442 INFO:teuthology.orchestra.run.smithi019.stdout:/usr/bin/ceph: stderr
2024-05-12T17:56:17.614+0000 7fea713e4700 1 --2- >> [v2:172.21.15.19:3300/0,v1:172.21.15.19:6789/0] conn(0x7fea6c105350 0x7fea6c197f70 unknown :-1 s=BANNER_CONNECTING pgs=0 cs=0 l=1 rev1=0 crypto rx=0 tx=0 comp rx=0 tx=0)._handle_peer_banner_payload supported=3 required=0
2024-05-12T17:56:18.442 INFO:teuthology.orchestra.run.smithi019.stdout:/usr/bin/ceph: stderr
2024-05-12T17:56:17.614+0000 7fea713e4700 1 --2- >> [v2:172.21.15.19:3300/0,v1:172.21.15.19:6789/0] conn(0x7fea6c105350 0x7fea6c197f70 unknown :-1 s=HELLO_CONNECTING pgs=0 cs=0 l=1 rev1=1 crypto rx=0 tx=0 comp rx=0 tx=0).handle_hello peer v2:172.21.15.19:3300/0 says I am v2:172.21.15.19:43934/0 (socket says 172.21.15.19:43934)
2024-05-12T17:56:18.442 INFO:teuthology.orchestra.run.smithi019.stdout:/usr/bin/ceph: stderr
2024-05-12T17:56:17.614+0000 7fea713e4700 1 -- 172.21.15.19:0/3418098344 learned_addr learned my addr 172.21.15.19:0/3418098344 (peer_addr_for_me v2:172.21.15.19:0/0)
2024-05-12T17:56:18.442 INFO:teuthology.orchestra.run.smithi019.stdout:/usr/bin/ceph: stderr
2024-05-12T17:56:17.615+0000 7fea713e4700 1 -- 172.21.15.19:0/3418098344 --> [v2:172.21.15.19:3300/0,v1:172.21.15.19:6789/0] -- mon_subscribe({config=0+,monmap=0+}) v3 -- 0x7fea68009550 con 0x7fea6c105350
2024-05-12T17:56:18.442 INFO:teuthology.orchestra.run.smithi019.stdout:/usr/bin/ceph: stderr
2024-05-12T17:56:17.615+0000 7fea713e4700 1 --2- 172.21.15.19:0/3418098344 >> [v2:172.21.15.19:3300/0,v1:172.21.15.19:6789/0] conn(0x7fea6c105350 0x7fea6c197f70 secure :-1 s=READY pgs=17 cs=0 l=1 rev1=1 crypto rx=0x7fea68009130 tx=0x7fea68011a30 comp rx=0 tx=0).ready entity=mon.0 client_cookie=0 server_cookie=0 in_seq=0 out_seq=0
2024-05-12T17:56:18.442 INFO:teuthology.orchestra.run.smithi019.stdout:/usr/bin/ceph: stderr
2024-05-12T17:56:17.615+0000 7fea627fc700 1 -- 172.21.15.19:0/3418098344 <== mon.0 v2:172.21.15.19:3300/0 1 ==== mon_map magic: 0 v1 ==== 229+0+0 (secure 0 0 0) 0x7fea68003900 con 0x7fea6c105350
2024-05-12T17:56:18.442 INFO:teuthology.orchestra.run.smithi019.stdout:/usr/bin/ceph: stderr
2024-05-12T17:56:17.615+0000 7fea627fc700 1 -- 172.21.15.19:0/3418098344 <== mon.0 v2:172.21.15.19:3300/0 2 ==== config(26 keys) v1 ==== 1007+0+0 (secure 0 0 0) 0x7fea68003a60 con 0x7fea6c105350
2024-05-12T17:56:18.443 INFO:teuthology.orchestra.run.smithi019.stdout:/usr/bin/ceph: stderr
2024-05-12T17:56:17.615+0000 7fea73648700 1 -- 172.21.15.19:0/3418098344 --> [v2:172.21.15.19:3300/0,v1:172.21.15.19:6789/0] -- mon_subscribe({mgrmap=0+}) v3 -- 0x7fea6c1073d0 con 0x7fea6c105350
2024-05-12T17:56:18.443 INFO:teuthology.orchestra.run.smithi019.stdout:/usr/bin/ceph: stderr
2024-05-12T17:56:17.615+0000 7fea627fc700 1 -- 172.21.15.19:0/3418098344 <== mon.0 v2:172.21.15.19:3300/0 3 ==== mon_map magic: 0 v1 ==== 229+0+0 (secure 0 0 0) 0x7fea680246e0 con 0x7fea6c105350
2024-05-12T17:56:18.443 INFO:teuthology.orchestra.run.smithi019.stdout:/usr/bin/ceph: stderr
2024-05-12T17:56:17.615+0000 7fea73648700 1 -- 172.21.15.19:0/3418098344 --> [v2:172.21.15.19:3300/0,v1:172.21.15.19:6789/0] -- mon_subscribe({osdmap=0}) v3 -- 0x7fea6c1989c0 con 0x7fea6c105350
2024-05-12T17:56:18.443 INFO:teuthology.orchestra.run.smithi019.stdout:/usr/bin/ceph: stderr
2024-05-12T17:56:17.616+0000 7fea627fc700 1 -- 172.21.15.19:0/3418098344 <== mon.0 v2:172.21.15.19:3300/0 4 ==== mgrmap(e 4) v1 ==== 45545+0+0 (secure 0 0 0) 0x7fea6802d3f0 con 0x7fea6c105350
2024-05-12T17:56:18.443 INFO:teuthology.orchestra.run.smithi019.stdout:/usr/bin/ceph: stderr
2024-05-12T17:56:17.616+0000 7fea627fc700 1 --2- 172.21.15.19:0/3418098344 >> [v2:172.21.15.19:6800/23735377,v1:172.21.15.19:6801/23735377] conn(0x7fea5803caf0 0x7fea5803efb0 unknown :-1 s=NONE pgs=0 cs=0 l=1 rev1=0 crypto rx=0 tx=0 comp rx=0 tx=0).connect
2024-05-12T17:56:18.443 INFO:teuthology.orchestra.run.smithi019.stdout:/usr/bin/ceph: stderr
2024-05-12T17:56:17.616+0000 7fea73648700 1 -- 172.21.15.19:0/3418098344 --> [v2:172.21.15.19:3300/0,v1:172.21.15.19:6789/0] -- mon_command({"prefix": "get_command_descriptions"} v 0) v1 -- 0x7fea6c198c00 con 0x7fea6c105350
2024-05-12T17:56:18.443 INFO:teuthology.orchestra.run.smithi019.stdout:/usr/bin/ceph: stderr
2024-05-12T17:56:17.616+0000 7fea627fc700 1 -- 172.21.15.19:0/3418098344 <== mon.0 v2:172.21.15.19:3300/0 5 ==== osd_map(1..1 src has 1..1) v4 ==== 725+0+0 (secure 0 0 0) 0x7fea6804c6a0 con 0x7fea6c105350
2024-05-12T17:56:18.443 INFO:teuthology.orchestra.run.smithi019.stdout:/usr/bin/ceph: stderr
2024-05-12T17:56:17.616+0000 7fea70be3700 1 --2- 172.21.15.19:0/3418098344 >> [v2:172.21.15.19:6800/23735377,v1:172.21.15.19:6801/23735377] conn(0x7fea5803caf0 0x7fea5803efb0 unknown :-1 s=BANNER_CONNECTING pgs=0 cs=0 l=1 rev1=0 crypto rx=0 tx=0 comp rx=0 tx=0)._handle_peer_banner_payload supported=3 required=0
2024-05-12T17:56:18.443 INFO:teuthology.orchestra.run.smithi019.stdout:/usr/bin/ceph: stderr
2024-05-12T17:56:17.617+0000 7fea70be3700 1 --2- 172.21.15.19:0/3418098344 >> [v2:172.21.15.19:6800/23735377,v1:172.21.15.19:6801/23735377] conn(0x7fea5803caf0 0x7fea5803efb0 secure :-1 s=READY pgs=6 cs=0 l=1 rev1=1 crypto rx=0x7fea5c006fd0 tx=0x7fea5c006e40 comp rx=0 tx=0).ready entity=mgr.14100 client_cookie=0 server_cookie=0 in_seq=0 out_seq=0
2024-05-12T17:56:18.443 INFO:teuthology.orchestra.run.smithi019.stdout:/usr/bin/ceph: stderr
2024-05-12T17:56:17.622+0000 7fea627fc700 1 -- 172.21.15.19:0/3418098344 <== mon.0 v2:172.21.15.19:3300/0 6 ==== mon_command_ack([{"prefix": "get_command_descriptions"}]=0 v0) v1 ==== 72+0+183622 (secure 0 0 0) 0x7fea68010970 con 0x7fea6c105350
2024-05-12T17:56:18.443 INFO:teuthology.orchestra.run.smithi019.stdout:/usr/bin/ceph: stderr
2024-05-12T17:56:17.906+0000 7fea73648700 1 -- 172.21.15.19:0/3418098344 --> [v2:172.21.15.19:3300/0,v1:172.21.15.19:6789/0] -- mon_command({"prefix": "status", "format": "json-pretty"} v 0) v1 -- 0x7fea6c0625d0 con 0x7fea6c105350
2024-05-12T17:56:18.443 INFO:teuthology.orchestra.run.smithi019.stdout:/usr/bin/ceph: stderr
2024-05-12T17:56:17.906+0000 7fea627fc700 1 -- 172.21.15.19:0/3418098344 <== mon.0 v2:172.21.15.19:3300/0 7 ==== mon_command_ack([{"prefix": "status", "format": "json-pretty"}]=0 v0) v1 ==== 79+0+1246 (secure 0 0 0) 0x7fea6803bb00 con 0x7fea6c105350
2024-05-12T17:56:18.443 INFO:teuthology.orchestra.run.smithi019.stdout:/usr/bin/ceph: stderr
2024-05-12T17:56:17.908+0000 7fea73648700 1 -- 172.21.15.19:0/3418098344 >> [v2:172.21.15.19:6800/23735377,v1:172.21.15.19:6801/23735377] conn(0x7fea5803caf0 msgr2=0x7fea5803efb0 secure :-1 s=STATE_CONNECTION_ESTABLISHED l=1).mark_down
2024-05-12T17:56:18.443 INFO:teuthology.orchestra.run.smithi019.stdout:/usr/bin/ceph: stderr
2024-05-12T17:56:17.908+0000 7fea73648700 1 --2- 172.21.15.19:0/3418098344 >> [v2:172.21.15.19:6800/23735377,v1:172.21.15.19:6801/23735377] conn(0x7fea5803caf0 0x7fea5803efb0 secure :-1 s=READY pgs=6 cs=0 l=1 rev1=1 crypto rx=0x7fea5c006fd0 tx=0x7fea5c006e40 comp rx=0 tx=0).stop
2024-05-12T17:56:18.444 INFO:teuthology.orchestra.run.smithi019.stdout:/usr/bin/ceph: stderr
2024-05-12T17:56:17.908+0000 7fea73648700 1 -- 172.21.15.19:0/3418098344 >> [v2:172.21.15.19:3300/0,v1:172.21.15.19:6789/0] conn(0x7fea6c105350 msgr2=0x7fea6c197f70 secure :-1 s=STATE_CONNECTION_ESTABLISHED l=1).mark_down
2024-05-12T17:56:18.444 INFO:teuthology.orchestra.run.smithi019.stdout:/usr/bin/ceph: stderr
2024-05-12T17:56:17.908+0000 7fea73648700 1 --2- 172.21.15.19:0/3418098344 >> [v2:172.21.15.19:3300/0,v1:172.21.15.19:6789/0] conn(0x7fea6c105350 0x7fea6c197f70 secure :-1 s=READY pgs=17 cs=0 l=1 rev1=1 crypto rx=0x7fea68009130 tx=0x7fea68011a30 comp rx=0 tx=0).stop
2024-05-12T17:56:18.444 INFO:teuthology.orchestra.run.smithi019.stdout:/usr/bin/ceph: stderr
2024-05-12T17:56:17.908+0000 7fea73648700 1 -- 172.21.15.19:0/3418098344 shutdown_connections
2024-05-12T17:56:18.444 INFO:teuthology.orchestra.run.smithi019.stdout:/usr/bin/ceph: stderr
2024-05-12T17:56:17.908+0000 7fea73648700 1 --2- 172.21.15.19:0/3418098344 >> [v2:172.21.15.19:6800/23735377,v1:172.21.15.19:6801/23735377] conn(0x7fea5803caf0 0x7fea5803efb0 unknown :-1 s=CLOSED pgs=6 cs=0 l=1 rev1=1 crypto rx=0 tx=0 comp rx=0 tx=0).stop
2024-05-12T17:56:18.444 INFO:teuthology.orchestra.run.smithi019.stdout:/usr/bin/ceph: stderr
2024-05-12T17:56:17.908+0000 7fea73648700 1 --2- 172.21.15.19:0/3418098344 >> [v2:172.21.15.19:3300/0,v1:172.21.15.19:6789/0] conn(0x7fea6c105350 0x7fea6c197f70 unknown :-1 s=CLOSED pgs=17 cs=0 l=1 rev1=1 crypto rx=0 tx=0 comp rx=0 tx=0).stop
2024-05-12T17:56:18.444 INFO:teuthology.orchestra.run.smithi019.stdout:/usr/bin/ceph: stderr
2024-05-12T17:56:17.908+0000 7fea73648700 1 -- 172.21.15.19:0/3418098344 >> 172.21.15.19:0/3418098344 conn(0x7fea6c1008f0 msgr2=0x7fea6c18e770 unknown :-1 s=STATE_NONE l=0).mark_down
2024-05-12T17:56:18.444 INFO:teuthology.orchestra.run.smithi019.stdout:/usr/bin/ceph: stderr
2024-05-12T17:56:17.909+0000 7fea73648700 1 -- 172.21.15.19:0/3418098344 shutdown_connections
2024-05-12T17:56:18.444 INFO:teuthology.orchestra.run.smithi019.stdout:/usr/bin/ceph: stderr
2024-05-12T17:56:17.909+0000 7fea73648700 1 -- 172.21.15.19:0/3418098344 wait complete.
2024-05-12T17:56:18.444 INFO:teuthology.orchestra.run.smithi019.stdout:mgr is available
2024-05-12T17:56:19.595 INFO:journalctl@ceph.mon.smithi019.smithi019.stdout:May 12 17:56:19 smithi019 ceph-mon[39967]: from='client.? 172.21.15.19:0/1088660505' entity='client.admin' cmd=[{"prefix": "config assimilate-conf"}]: dispatch
2024-05-12T17:56:19.821 INFO:teuthology.orchestra.run.smithi019.stdout:/usr/bin/ceph: stdout
2024-05-12T17:56:19.821 INFO:teuthology.orchestra.run.smithi019.stdout:/usr/bin/ceph: stdout [global]
2024-05-12T17:56:19.821 INFO:teuthology.orchestra.run.smithi019.stdout:/usr/bin/ceph: stdout fsid = c5dd2db4-1088-11ef-bc98-c7b262605968
2024-05-12T17:56:19.821 INFO:teuthology.orchestra.run.smithi019.stdout:/usr/bin/ceph: stdout mon_osd_allow_pg_remap = true
2024-05-12T17:56:19.821 INFO:teuthology.orchestra.run.smithi019.stdout:/usr/bin/ceph: stdout mon_osd_allow_primary_affinity = true
2024-05-12T17:56:19.821 INFO:teuthology.orchestra.run.smithi019.stdout:/usr/bin/ceph: stdout mon_warn_on_no_sortbitwise = false
2024-05-12T17:56:19.821 INFO:teuthology.orchestra.run.smithi019.stdout:/usr/bin/ceph: stdout osd_crush_chooseleaf_type = 0
2024-05-12T17:56:19.821 INFO:teuthology.orchestra.run.smithi019.stdout:/usr/bin/ceph: stdout
2024-05-12T17:56:19.822 INFO:teuthology.orchestra.run.smithi019.stdout:/usr/bin/ceph: stdout [mgr]
2024-05-12T17:56:19.822 INFO:teuthology.orchestra.run.smithi019.stdout:/usr/bin/ceph: stdout mgr/telemetry/nag = false
2024-05-12T17:56:19.822 INFO:teuthology.orchestra.run.smithi019.stdout:/usr/bin/ceph: stdout
2024-05-12T17:56:19.822 INFO:teuthology.orchestra.run.smithi019.stdout:/usr/bin/ceph: stdout [osd]
2024-05-12T17:56:19.822 INFO:teuthology.orchestra.run.smithi019.stdout:/usr/bin/ceph: stdout mon_osd_backfillfull_ratio = 0.85
2024-05-12T17:56:19.822 INFO:teuthology.orchestra.run.smithi019.stdout:/usr/bin/ceph: stdout mon_osd_full_ratio = 0.9
2024-05-12T17:56:19.822 INFO:teuthology.orchestra.run.smithi019.stdout:/usr/bin/ceph: stdout mon_osd_nearfull_ratio = 0.8
2024-05-12T17:56:19.822 INFO:teuthology.orchestra.run.smithi019.stdout:/usr/bin/ceph: stdout osd_map_max_advance = 10
2024-05-12T17:56:19.822 INFO:teuthology.orchestra.run.smithi019.stdout:/usr/bin/ceph: stdout osd_sloppy_crc = true
2024-05-12T17:56:19.822 INFO:teuthology.orchestra.run.smithi019.stdout:/usr/bin/ceph: stderr
2024-05-12T17:56:19.005+0000 7fbe3dda5700 1 Processor -- start
2024-05-12T17:56:19.822 INFO:teuthology.orchestra.run.smithi019.stdout:/usr/bin/ceph: stderr
2024-05-12T17:56:19.005+0000 7fbe3dda5700 1 -- start start
2024-05-12T17:56:19.822 INFO:teuthology.orchestra.run.smithi019.stdout:/usr/bin/ceph: stderr
2024-05-12T17:56:19.005+0000 7fbe3dda5700 1 --2- >> [v2:172.21.15.19:3300/0,v1:172.21.15.19:6789/0] conn(0x7fbe38106f00 0x7fbe381092f0 unknown :-1 s=NONE pgs=0 cs=0 l=0 rev1=0 crypto rx=0 tx=0 comp rx=0 tx=0).connect
2024-05-12T17:56:19.822 INFO:teuthology.orchestra.run.smithi019.stdout:/usr/bin/ceph: stderr
2024-05-12T17:56:19.005+0000 7fbe3dda5700 1 -- --> [v2:172.21.15.19:3300/0,v1:172.21.15.19:6789/0] -- mon_getmap magic: 0 v1 -- 0x7fbe38074600 con 0x7fbe38106f00
2024-05-12T17:56:19.822 INFO:teuthology.orchestra.run.smithi019.stdout:/usr/bin/ceph: stderr
2024-05-12T17:56:19.005+0000 7fbe377fe700 1 --2- >> [v2:172.21.15.19:3300/0,v1:172.21.15.19:6789/0] conn(0x7fbe38106f00 0x7fbe381092f0 unknown :-1 s=BANNER_CONNECTING pgs=0 cs=0 l=0 rev1=0 crypto rx=0 tx=0 comp rx=0 tx=0)._handle_peer_banner_payload supported=3 required=0
2024-05-12T17:56:19.823 INFO:teuthology.orchestra.run.smithi019.stdout:/usr/bin/ceph: stderr
2024-05-12T17:56:19.005+0000 7fbe377fe700 1 --2- >> [v2:172.21.15.19:3300/0,v1:172.21.15.19:6789/0] conn(0x7fbe38106f00 0x7fbe381092f0 unknown :-1 s=HELLO_CONNECTING pgs=0 cs=0 l=0 rev1=1 crypto rx=0 tx=0 comp rx=0 tx=0).handle_hello peer v2:172.21.15.19:3300/0 says I am v2:172.21.15.19:43938/0 (socket says 172.21.15.19:43938)
2024-05-12T17:56:19.823 INFO:teuthology.orchestra.run.smithi019.stdout:/usr/bin/ceph: stderr
2024-05-12T17:56:19.005+0000 7fbe377fe700 1 -- 172.21.15.19:0/341160618 learned_addr learned my addr 172.21.15.19:0/341160618 (peer_addr_for_me v2:172.21.15.19:0/0)
2024-05-12T17:56:19.823 INFO:teuthology.orchestra.run.smithi019.stdout:/usr/bin/ceph: stderr
2024-05-12T17:56:19.006+0000 7fbe377fe700 1 -- 172.21.15.19:0/341160618 --> [v2:172.21.15.19:3300/0,v1:172.21.15.19:6789/0] -- mon_subscribe({config=0+,monmap=0+}) v3 -- 0x7fbe38109830 con 0x7fbe38106f00
2024-05-12T17:56:19.823 INFO:teuthology.orchestra.run.smithi019.stdout:/usr/bin/ceph: stderr
2024-05-12T17:56:19.006+0000 7fbe377fe700 1 --2- 172.21.15.19:0/341160618 >> [v2:172.21.15.19:3300/0,v1:172.21.15.19:6789/0] conn(0x7fbe38106f00 0x7fbe381092f0 secure :-1 s=READY pgs=18 cs=0 l=1 rev1=1 crypto rx=0x7fbe200098a0 tx=0x7fbe20009bb0 comp rx=0 tx=0).ready entity=mon.0 client_cookie=84a2494562698ef server_cookie=0 in_seq=0 out_seq=0
2024-05-12T17:56:19.823 INFO:teuthology.orchestra.run.smithi019.stdout:/usr/bin/ceph: stderr
2024-05-12T17:56:19.006+0000 7fbe367fc700 1 -- 172.21.15.19:0/341160618 <== mon.0 v2:172.21.15.19:3300/0 1 ==== mon_map magic: 0 v1 ==== 229+0+0 (secure 0 0 0) 0x7fbe20004180 con 0x7fbe38106f00
2024-05-12T17:56:19.823 INFO:teuthology.orchestra.run.smithi019.stdout:/usr/bin/ceph: stderr
2024-05-12T17:56:19.006+0000 7fbe367fc700 1 -- 172.21.15.19:0/341160618 <== mon.0 v2:172.21.15.19:3300/0 2 ==== config(26 keys) v1 ==== 1007+0+0 (secure 0 0 0) 0x7fbe200042e0 con 0x7fbe38106f00
2024-05-12T17:56:19.823 INFO:teuthology.orchestra.run.smithi019.stdout:/usr/bin/ceph: stderr
2024-05-12T17:56:19.006+0000 7fbe367fc700 1 -- 172.21.15.19:0/341160618 <== mon.0 v2:172.21.15.19:3300/0 3 ==== mon_map magic: 0 v1 ==== 229+0+0 (secure 0 0 0) 0x7fbe200119d0 con 0x7fbe38106f00
2024-05-12T17:56:19.823 INFO:teuthology.orchestra.run.smithi019.stdout:/usr/bin/ceph: stderr
2024-05-12T17:56:19.006+0000 7fbe3dda5700 1 -- 172.21.15.19:0/341160618 >> [v2:172.21.15.19:3300/0,v1:172.21.15.19:6789/0] conn(0x7fbe38106f00 msgr2=0x7fbe381092f0 secure :-1 s=STATE_CONNECTION_ESTABLISHED l=1).mark_down
2024-05-12T17:56:19.823 INFO:teuthology.orchestra.run.smithi019.stdout:/usr/bin/ceph: stderr
2024-05-12T17:56:19.006+0000 7fbe3dda5700 1 --2- 172.21.15.19:0/341160618 >> [v2:172.21.15.19:3300/0,v1:172.21.15.19:6789/0] conn(0x7fbe38106f00 0x7fbe381092f0 secure :-1 s=READY pgs=18 cs=0 l=1 rev1=1 crypto rx=0x7fbe200098a0 tx=0x7fbe20009bb0 comp rx=0 tx=0).stop
2024-05-12T17:56:19.823 INFO:teuthology.orchestra.run.smithi019.stdout:/usr/bin/ceph: stderr
2024-05-12T17:56:19.006+0000 7fbe3dda5700 1 -- 172.21.15.19:0/341160618 shutdown_connections
2024-05-12T17:56:19.823 INFO:teuthology.orchestra.run.smithi019.stdout:/usr/bin/ceph: stderr
2024-05-12T17:56:19.006+0000 7fbe3dda5700 1 --2- 172.21.15.19:0/341160618 >> [v2:172.21.15.19:3300/0,v1:172.21.15.19:6789/0] conn(0x7fbe38106f00 0x7fbe381092f0 unknown :-1 s=CLOSED pgs=18 cs=0 l=1 rev1=1 crypto rx=0 tx=0 comp rx=0 tx=0).stop
2024-05-12T17:56:19.823 INFO:teuthology.orchestra.run.smithi019.stdout:/usr/bin/ceph: stderr
2024-05-12T17:56:19.006+0000 7fbe3dda5700 1 -- 172.21.15.19:0/341160618 >> 172.21.15.19:0/341160618 conn(0x7fbe38100950 msgr2=0x7fbe38102d70 unknown :-1 s=STATE_NONE l=0).mark_down
2024-05-12T17:56:19.823 INFO:teuthology.orchestra.run.smithi019.stdout:/usr/bin/ceph: stderr
2024-05-12T17:56:19.007+0000 7fbe3dda5700 1 -- 172.21.15.19:0/341160618 shutdown_connections
2024-05-12T17:56:19.824 INFO:teuthology.orchestra.run.smithi019.stdout:/usr/bin/ceph: stderr
2024-05-12T17:56:19.007+0000 7fbe3dda5700 1 -- 172.21.15.19:0/341160618 wait complete.
2024-05-12T17:56:19.824 INFO:teuthology.orchestra.run.smithi019.stdout:/usr/bin/ceph: stderr
2024-05-12T17:56:19.007+0000 7fbe3dda5700 1 Processor -- start
2024-05-12T17:56:19.824 INFO:teuthology.orchestra.run.smithi019.stdout:/usr/bin/ceph: stderr
2024-05-12T17:56:19.007+0000 7fbe3dda5700 1 -- start start
2024-05-12T17:56:19.824 INFO:teuthology.orchestra.run.smithi019.stdout:/usr/bin/ceph: stderr
2024-05-12T17:56:19.007+0000 7fbe3dda5700 1 --2- >> [v2:172.21.15.19:3300/0,v1:172.21.15.19:6789/0] conn(0x7fbe38106f00 0x7fbe3819c350 unknown :-1 s=NONE pgs=0 cs=0 l=1 rev1=0 crypto rx=0 tx=0 comp rx=0 tx=0).connect
2024-05-12T17:56:19.824 INFO:teuthology.orchestra.run.smithi019.stdout:/usr/bin/ceph: stderr
2024-05-12T17:56:19.008+0000 7fbe3dda5700 1 -- --> [v2:172.21.15.19:3300/0,v1:172.21.15.19:6789/0] -- mon_getmap magic: 0 v1 -- 0x7fbe3819c890 con 0x7fbe38106f00
2024-05-12T17:56:19.824 INFO:teuthology.orchestra.run.smithi019.stdout:/usr/bin/ceph: stderr
2024-05-12T17:56:19.008+0000 7fbe377fe700 1 --2- >> [v2:172.21.15.19:3300/0,v1:172.21.15.19:6789/0] conn(0x7fbe38106f00 0x7fbe3819c350 unknown :-1 s=BANNER_CONNECTING pgs=0 cs=0 l=1 rev1=0 crypto rx=0 tx=0 comp rx=0 tx=0)._handle_peer_banner_payload supported=3 required=0
2024-05-12T17:56:19.824 INFO:teuthology.orchestra.run.smithi019.stdout:/usr/bin/ceph: stderr
2024-05-12T17:56:19.008+0000 7fbe377fe700 1 --2- >> [v2:172.21.15.19:3300/0,v1:172.21.15.19:6789/0] conn(0x7fbe38106f00 0x7fbe3819c350 unknown :-1 s=HELLO_CONNECTING pgs=0 cs=0 l=1 rev1=1 crypto rx=0 tx=0 comp rx=0 tx=0).handle_hello peer v2:172.21.15.19:3300/0 says I am v2:172.21.15.19:43940/0 (socket says 172.21.15.19:43940)
2024-05-12T17:56:19.824 INFO:teuthology.orchestra.run.smithi019.stdout:/usr/bin/ceph: stderr
2024-05-12T17:56:19.008+0000 7fbe377fe700 1 -- 172.21.15.19:0/1088660505 learned_addr learned my addr 172.21.15.19:0/1088660505 (peer_addr_for_me v2:172.21.15.19:0/0)
2024-05-12T17:56:19.824 INFO:teuthology.orchestra.run.smithi019.stdout:/usr/bin/ceph: stderr
2024-05-12T17:56:19.008+0000 7fbe377fe700 1 -- 172.21.15.19:0/1088660505 --> [v2:172.21.15.19:3300/0,v1:172.21.15.19:6789/0] -- mon_subscribe({config=0+,monmap=0+}) v3 -- 0x7fbe20009550 con 0x7fbe38106f00
2024-05-12T17:56:19.824 INFO:teuthology.orchestra.run.smithi019.stdout:/usr/bin/ceph: stderr
2024-05-12T17:56:19.008+0000 7fbe377fe700 1 --2- 172.21.15.19:0/1088660505 >> [v2:172.21.15.19:3300/0,v1:172.21.15.19:6789/0] conn(0x7fbe38106f00 0x7fbe3819c350 secure :-1 s=READY pgs=19 cs=0 l=1 rev1=1 crypto rx=0x7fbe20009130 tx=0x7fbe20011a30 comp rx=0 tx=0).ready entity=mon.0 client_cookie=0 server_cookie=0 in_seq=0 out_seq=0
2024-05-12T17:56:19.824 INFO:teuthology.orchestra.run.smithi019.stdout:/usr/bin/ceph: stderr
2024-05-12T17:56:19.008+0000 7fbe34ff9700 1 -- 172.21.15.19:0/1088660505 <== mon.0 v2:172.21.15.19:3300/0 1 ==== mon_map magic: 0 v1 ==== 229+0+0 (secure 0 0 0) 0x7fbe20003900 con 0x7fbe38106f00
2024-05-12T17:56:19.824 INFO:teuthology.orchestra.run.smithi019.stdout:/usr/bin/ceph: stderr
2024-05-12T17:56:19.008+0000 7fbe3dda5700 1 -- 172.21.15.19:0/1088660505 --> [v2:172.21.15.19:3300/0,v1:172.21.15.19:6789/0] -- mon_subscribe({mgrmap=0+}) v3 -- 0x7fbe3819ca90 con 0x7fbe38106f00
2024-05-12T17:56:19.824 INFO:teuthology.orchestra.run.smithi019.stdout:/usr/bin/ceph: stderr
2024-05-12T17:56:19.008+0000 7fbe34ff9700 1 -- 172.21.15.19:0/1088660505 <== mon.0 v2:172.21.15.19:3300/0 2 ==== config(26 keys) v1 ==== 1007+0+0 (secure 0 0 0) 0x7fbe20003a60 con 0x7fbe38106f00
2024-05-12T17:56:19.824 INFO:teuthology.orchestra.run.smithi019.stdout:/usr/bin/ceph: stderr
2024-05-12T17:56:19.008+0000 7fbe34ff9700 1 -- 172.21.15.19:0/1088660505 <== mon.0 v2:172.21.15.19:3300/0 3 ==== mon_map magic: 0 v1 ==== 229+0+0 (secure 0 0 0) 0x7fbe200246e0 con 0x7fbe38106f00
2024-05-12T17:56:19.824 INFO:teuthology.orchestra.run.smithi019.stdout:/usr/bin/ceph: stderr
2024-05-12T17:56:19.008+0000 7fbe3dda5700 1 -- 172.21.15.19:0/1088660505 --> [v2:172.21.15.19:3300/0,v1:172.21.15.19:6789/0] -- mon_subscribe({osdmap=0}) v3 -- 0x7fbe3819cf30 con 0x7fbe38106f00
2024-05-12T17:56:19.825 INFO:teuthology.orchestra.run.smithi019.stdout:/usr/bin/ceph: stderr
2024-05-12T17:56:19.009+0000 7fbe34ff9700 1 -- 172.21.15.19:0/1088660505 <== mon.0 v2:172.21.15.19:3300/0 4 ==== mgrmap(e 4) v1 ==== 45545+0+0 (secure 0 0 0) 0x7fbe2001a430 con 0x7fbe38106f00
2024-05-12T17:56:19.825 INFO:teuthology.orchestra.run.smithi019.stdout:/usr/bin/ceph: stderr
2024-05-12T17:56:19.009+0000 7fbe34ff9700 1 --2- 172.21.15.19:0/1088660505 >> [v2:172.21.15.19:6800/23735377,v1:172.21.15.19:6801/23735377] conn(0x7fbe240386d0 0x7fbe2403ab90 unknown :-1 s=NONE pgs=0 cs=0 l=1 rev1=0 crypto rx=0 tx=0 comp rx=0 tx=0).connect
2024-05-12T17:56:19.825 INFO:teuthology.orchestra.run.smithi019.stdout:/usr/bin/ceph: stderr
2024-05-12T17:56:19.009+0000 7fbe3dda5700 1 -- 172.21.15.19:0/1088660505 --> [v2:172.21.15.19:3300/0,v1:172.21.15.19:6789/0] -- mon_command({"prefix": "get_command_descriptions"} v 0) v1 -- 0x7fbe3810a520 con 0x7fbe38106f00
2024-05-12T17:56:19.825 INFO:teuthology.orchestra.run.smithi019.stdout:/usr/bin/ceph: stderr
2024-05-12T17:56:19.009+0000 7fbe34ff9700 1 -- 172.21.15.19:0/1088660505 <== mon.0 v2:172.21.15.19:3300/0 5 ==== osd_map(1..1 src has 1..1) v4 ==== 725+0+0 (secure 0 0 0) 0x7fbe2004c520 con 0x7fbe38106f00
2024-05-12T17:56:19.825 INFO:teuthology.orchestra.run.smithi019.stdout:/usr/bin/ceph: stderr
2024-05-12T17:56:19.010+0000 7fbe36ffd700 1 --2- 172.21.15.19:0/1088660505 >> [v2:172.21.15.19:6800/23735377,v1:172.21.15.19:6801/23735377] conn(0x7fbe240386d0 0x7fbe2403ab90 unknown :-1 s=BANNER_CONNECTING pgs=0 cs=0 l=1 rev1=0 crypto rx=0 tx=0 comp rx=0 tx=0)._handle_peer_banner_payload supported=3 required=0
2024-05-12T17:56:19.825 INFO:teuthology.orchestra.run.smithi019.stdout:/usr/bin/ceph: stderr
2024-05-12T17:56:19.010+0000 7fbe36ffd700 1 --2- 172.21.15.19:0/1088660505 >> [v2:172.21.15.19:6800/23735377,v1:172.21.15.19:6801/23735377] conn(0x7fbe240386d0 0x7fbe2403ab90 secure :-1 s=READY pgs=7 cs=0 l=1 rev1=1 crypto rx=0x7fbe28006fd0 tx=0x7fbe28006e40 comp rx=0 tx=0).ready entity=mgr.14100 client_cookie=0 server_cookie=0 in_seq=0 out_seq=0
2024-05-12T17:56:19.825 INFO:teuthology.orchestra.run.smithi019.stdout:/usr/bin/ceph: stderr
2024-05-12T17:56:19.014+0000 7fbe34ff9700 1 -- 172.21.15.19:0/1088660505 <== mon.0 v2:172.21.15.19:3300/0 6 ==== mon_command_ack([{"prefix": "get_command_descriptions"}]=0 v0) v1 ==== 72+0+183622 (secure 0 0 0) 0x7fbe2001a6e0 con 0x7fbe38106f00
2024-05-12T17:56:19.825 INFO:teuthology.orchestra.run.smithi019.stdout:/usr/bin/ceph: stderr
2024-05-12T17:56:19.215+0000 7fbe3dda5700 1 -- 172.21.15.19:0/1088660505 --> [v2:172.21.15.19:3300/0,v1:172.21.15.19:6789/0] -- mon_command({"prefix": "config assimilate-conf"} v 0) v1 -- 0x7fbe3810a790 con 0x7fbe38106f00
2024-05-12T17:56:19.825 INFO:teuthology.orchestra.run.smithi019.stdout:/usr/bin/ceph: stderr
2024-05-12T17:56:19.216+0000 7fbe34ff9700 1 -- 172.21.15.19:0/1088660505 <== mon.0 v2:172.21.15.19:3300/0 7 ==== mon_command_ack([{"prefix": "config assimilate-conf"}]=0 v3) v1 ==== 70+0+373 (secure 0 0 0) 0x7fbe20018b40 con 0x7fbe38106f00
2024-05-12T17:56:19.825 INFO:teuthology.orchestra.run.smithi019.stdout:/usr/bin/ceph: stderr
2024-05-12T17:56:19.218+0000 7fbe3dda5700 1 -- 172.21.15.19:0/1088660505 >> [v2:172.21.15.19:6800/23735377,v1:172.21.15.19:6801/23735377] conn(0x7fbe240386d0 msgr2=0x7fbe2403ab90 secure :-1 s=STATE_CONNECTION_ESTABLISHED l=1).mark_down
2024-05-12T17:56:19.825 INFO:teuthology.orchestra.run.smithi019.stdout:/usr/bin/ceph: stderr
2024-05-12T17:56:19.218+0000 7fbe3dda5700 1 --2- 172.21.15.19:0/1088660505 >> [v2:172.21.15.19:6800/23735377,v1:172.21.15.19:6801/23735377] conn(0x7fbe240386d0 0x7fbe2403ab90 secure :-1 s=READY pgs=7 cs=0 l=1 rev1=1 crypto rx=0x7fbe28006fd0 tx=0x7fbe28006e40 comp rx=0 tx=0).stop
2024-05-12T17:56:19.825 INFO:teuthology.orchestra.run.smithi019.stdout:/usr/bin/ceph: stderr
2024-05-12T17:56:19.218+0000 7fbe3dda5700 1 -- 172.21.15.19:0/1088660505 >> [v2:172.21.15.19:3300/0,v1:172.21.15.19:6789/0] conn(0x7fbe38106f00 msgr2=0x7fbe3819c350 secure :-1 s=STATE_CONNECTION_ESTABLISHED l=1).mark_down
2024-05-12T17:56:19.825 INFO:teuthology.orchestra.run.smithi019.stdout:/usr/bin/ceph: stderr
2024-05-12T17:56:19.218+0000 7fbe3dda5700 1 --2- 172.21.15.19:0/1088660505 >> [v2:172.21.15.19:3300/0,v1:172.21.15.19:6789/0] conn(0x7fbe38106f00 0x7fbe3819c350 secure :-1 s=READY pgs=19 cs=0 l=1 rev1=1 crypto rx=0x7fbe20009130 tx=0x7fbe20011a30 comp rx=0 tx=0).stop
2024-05-12T17:56:19.825 INFO:teuthology.orchestra.run.smithi019.stdout:/usr/bin/ceph: stderr
2024-05-12T17:56:19.218+0000 7fbe3dda5700 1 -- 172.21.15.19:0/1088660505 shutdown_connections
2024-05-12T17:56:19.826 INFO:teuthology.orchestra.run.smithi019.stdout:/usr/bin/ceph: stderr
2024-05-12T17:56:19.218+0000 7fbe3dda5700 1 --2- 172.21.15.19:0/1088660505 >> [v2:172.21.15.19:6800/23735377,v1:172.21.15.19:6801/23735377] conn(0x7fbe240386d0 0x7fbe2403ab90 unknown :-1 s=CLOSED pgs=7 cs=0 l=1 rev1=1 crypto rx=0 tx=0 comp rx=0 tx=0).stop
2024-05-12T17:56:19.826 INFO:teuthology.orchestra.run.smithi019.stdout:/usr/bin/ceph: stderr
2024-05-12T17:56:19.218+0000 7fbe3dda5700 1 --2- 172.21.15.19:0/1088660505 >> [v2:172.21.15.19:3300/0,v1:172.21.15.19:6789/0] conn(0x7fbe38106f00 0x7fbe3819c350 unknown :-1 s=CLOSED pgs=19 cs=0 l=1 rev1=1 crypto rx=0 tx=0 comp rx=0 tx=0).stop
2024-05-12T17:56:19.826 INFO:teuthology.orchestra.run.smithi019.stdout:/usr/bin/ceph: stderr
2024-05-12T17:56:19.218+0000 7fbe3dda5700 1 -- 172.21.15.19:0/1088660505 >> 172.21.15.19:0/1088660505 conn(0x7fbe38100950 msgr2=0x7fbe38101400 unknown :-1 s=STATE_NONE l=0).mark_down
2024-05-12T17:56:19.826 INFO:teuthology.orchestra.run.smithi019.stdout:/usr/bin/ceph: stderr
2024-05-12T17:56:19.218+0000 7fbe3dda5700 1 -- 172.21.15.19:0/1088660505 shutdown_connections
2024-05-12T17:56:19.826 INFO:teuthology.orchestra.run.smithi019.stdout:/usr/bin/ceph: stderr
2024-05-12T17:56:19.218+0000 7fbe3dda5700 1 -- 172.21.15.19:0/1088660505 wait complete.
2024-05-12T17:56:19.826 INFO:teuthology.orchestra.run.smithi019.stdout:Enabling cephadm module...
2024-05-12T17:56:21.072 INFO:journalctl@ceph.mon.smithi019.smithi019.stdout:May 12 17:56:20 smithi019 ceph-mon[39967]: from='client.? 172.21.15.19:0/896927259' entity='client.admin' cmd=[{"prefix": "mgr module enable", "module": "cephadm"}]: dispatch
2024-05-12T17:56:21.502 INFO:teuthology.orchestra.run.smithi019.stdout:/usr/bin/ceph: stderr
2024-05-12T17:56:20.392+0000 7fbe7b041700 1 Processor -- start
2024-05-12T17:56:21.502 INFO:teuthology.orchestra.run.smithi019.stdout:/usr/bin/ceph: stderr
2024-05-12T17:56:20.392+0000 7fbe7b041700 1 -- start start
2024-05-12T17:56:21.502 INFO:teuthology.orchestra.run.smithi019.stdout:/usr/bin/ceph: stderr
2024-05-12T17:56:20.392+0000 7fbe7b041700 1 --2- >> [v2:172.21.15.19:3300/0,v1:172.21.15.19:6789/0] conn(0x7fbe74106f10 0x7fbe74109300 unknown :-1 s=NONE pgs=0 cs=0 l=0 rev1=0 crypto rx=0 tx=0 comp rx=0 tx=0).connect
2024-05-12T17:56:21.502 INFO:teuthology.orchestra.run.smithi019.stdout:/usr/bin/ceph: stderr
2024-05-12T17:56:20.392+0000 7fbe7b041700 1 -- --> [v2:172.21.15.19:3300/0,v1:172.21.15.19:6789/0] -- mon_getmap magic: 0 v1 -- 0x7fbe74074600 con 0x7fbe74106f10
2024-05-12T17:56:21.502 INFO:teuthology.orchestra.run.smithi019.stdout:/usr/bin/ceph: stderr
2024-05-12T17:56:20.392+0000 7fbe78ddd700 1 --2- >> [v2:172.21.15.19:3300/0,v1:172.21.15.19:6789/0] conn(0x7fbe74106f10 0x7fbe74109300 unknown :-1 s=BANNER_CONNECTING pgs=0 cs=0 l=0 rev1=0 crypto rx=0 tx=0 comp rx=0 tx=0)._handle_peer_banner_payload supported=3 required=0
2024-05-12T17:56:21.502 INFO:teuthology.orchestra.run.smithi019.stdout:/usr/bin/ceph: stderr
2024-05-12T17:56:20.392+0000 7fbe78ddd700 1 --2- >> [v2:172.21.15.19:3300/0,v1:172.21.15.19:6789/0] conn(0x7fbe74106f10 0x7fbe74109300 unknown :-1 s=HELLO_CONNECTING pgs=0 cs=0 l=0 rev1=1 crypto rx=0 tx=0 comp rx=0 tx=0).handle_hello peer v2:172.21.15.19:3300/0 says I am v2:172.21.15.19:60044/0 (socket says 172.21.15.19:60044)
2024-05-12T17:56:21.502 INFO:teuthology.orchestra.run.smithi019.stdout:/usr/bin/ceph: stderr
2024-05-12T17:56:20.392+0000 7fbe78ddd700 1 -- 172.21.15.19:0/231425354 learned_addr learned my addr 172.21.15.19:0/231425354 (peer_addr_for_me v2:172.21.15.19:0/0)
2024-05-12T17:56:21.503 INFO:teuthology.orchestra.run.smithi019.stdout:/usr/bin/ceph: stderr
2024-05-12T17:56:20.392+0000 7fbe78ddd700 1 -- 172.21.15.19:0/231425354 --> [v2:172.21.15.19:3300/0,v1:172.21.15.19:6789/0] -- mon_subscribe({config=0+,monmap=0+}) v3 -- 0x7fbe74109840 con 0x7fbe74106f10
2024-05-12T17:56:21.503 INFO:teuthology.orchestra.run.smithi019.stdout:/usr/bin/ceph: stderr
2024-05-12T17:56:20.392+0000 7fbe78ddd700 1 --2- 172.21.15.19:0/231425354 >> [v2:172.21.15.19:3300/0,v1:172.21.15.19:6789/0] conn(0x7fbe74106f10 0x7fbe74109300 secure :-1 s=READY pgs=20 cs=0 l=1 rev1=1 crypto rx=0x7fbe680098a0 tx=0x7fbe68009bb0 comp rx=0 tx=0).ready entity=mon.0 client_cookie=ea532a734ac6e0bc server_cookie=0 in_seq=0 out_seq=0
2024-05-12T17:56:21.503 INFO:teuthology.orchestra.run.smithi019.stdout:/usr/bin/ceph: stderr
2024-05-12T17:56:20.393+0000 7fbe737fe700 1 -- 172.21.15.19:0/231425354 <== mon.0 v2:172.21.15.19:3300/0 1 ==== mon_map magic: 0 v1 ==== 229+0+0 (secure 0 0 0) 0x7fbe68004180 con 0x7fbe74106f10
2024-05-12T17:56:21.503 INFO:teuthology.orchestra.run.smithi019.stdout:/usr/bin/ceph: stderr
2024-05-12T17:56:20.393+0000 7fbe737fe700 1 -- 172.21.15.19:0/231425354 <== mon.0 v2:172.21.15.19:3300/0 2 ==== config(26 keys) v1 ==== 1007+0+0 (secure 0 0 0) 0x7fbe680042e0 con 0x7fbe74106f10
2024-05-12T17:56:21.503 INFO:teuthology.orchestra.run.smithi019.stdout:/usr/bin/ceph: stderr
2024-05-12T17:56:20.393+0000 7fbe737fe700 1 -- 172.21.15.19:0/231425354 <== mon.0 v2:172.21.15.19:3300/0 3 ==== mon_map magic: 0 v1 ==== 229+0+0 (secure 0 0 0) 0x7fbe680119d0 con 0x7fbe74106f10
2024-05-12T17:56:21.503 INFO:teuthology.orchestra.run.smithi019.stdout:/usr/bin/ceph: stderr
2024-05-12T17:56:20.393+0000 7fbe7b041700 1 -- 172.21.15.19:0/231425354 >> [v2:172.21.15.19:3300/0,v1:172.21.15.19:6789/0] conn(0x7fbe74106f10 msgr2=0x7fbe74109300 secure :-1 s=STATE_CONNECTION_ESTABLISHED l=1).mark_down
2024-05-12T17:56:21.503 INFO:teuthology.orchestra.run.smithi019.stdout:/usr/bin/ceph: stderr
2024-05-12T17:56:20.393+0000 7fbe7b041700 1 --2- 172.21.15.19:0/231425354 >> [v2:172.21.15.19:3300/0,v1:172.21.15.19:6789/0] conn(0x7fbe74106f10 0x7fbe74109300 secure :-1 s=READY pgs=20 cs=0 l=1 rev1=1 crypto rx=0x7fbe680098a0 tx=0x7fbe68009bb0 comp rx=0 tx=0).stop
2024-05-12T17:56:21.503 INFO:teuthology.orchestra.run.smithi019.stdout:/usr/bin/ceph: stderr
2024-05-12T17:56:20.393+0000 7fbe7b041700 1 -- 172.21.15.19:0/231425354 shutdown_connections
2024-05-12T17:56:21.503 INFO:teuthology.orchestra.run.smithi019.stdout:/usr/bin/ceph: stderr
2024-05-12T17:56:20.393+0000 7fbe7b041700 1 --2- 172.21.15.19:0/231425354 >> [v2:172.21.15.19:3300/0,v1:172.21.15.19:6789/0] conn(0x7fbe74106f10 0x7fbe74109300 unknown :-1 s=CLOSED pgs=20 cs=0 l=1 rev1=1 crypto rx=0 tx=0 comp rx=0 tx=0).stop
2024-05-12T17:56:21.503 INFO:teuthology.orchestra.run.smithi019.stdout:/usr/bin/ceph: stderr
2024-05-12T17:56:20.393+0000 7fbe7b041700 1 -- 172.21.15.19:0/231425354 >> 172.21.15.19:0/231425354 conn(0x7fbe74100960 msgr2=0x7fbe74102d80 unknown :-1 s=STATE_NONE l=0).mark_down
2024-05-12T17:56:21.503 INFO:teuthology.orchestra.run.smithi019.stdout:/usr/bin/ceph: stderr
2024-05-12T17:56:20.393+0000 7fbe7b041700 1 -- 172.21.15.19:0/231425354 shutdown_connections
2024-05-12T17:56:21.503 INFO:teuthology.orchestra.run.smithi019.stdout:/usr/bin/ceph: stderr
2024-05-12T17:56:20.393+0000 7fbe7b041700 1 -- 172.21.15.19:0/231425354 wait complete.
2024-05-12T17:56:21.503 INFO:teuthology.orchestra.run.smithi019.stdout:/usr/bin/ceph: stderr
2024-05-12T17:56:20.394+0000 7fbe7b041700 1 Processor -- start
2024-05-12T17:56:21.503 INFO:teuthology.orchestra.run.smithi019.stdout:/usr/bin/ceph: stderr
2024-05-12T17:56:20.394+0000 7fbe7b041700 1 -- start start
2024-05-12T17:56:21.504 INFO:teuthology.orchestra.run.smithi019.stdout:/usr/bin/ceph: stderr
2024-05-12T17:56:20.394+0000 7fbe7b041700 1 --2- >> [v2:172.21.15.19:3300/0,v1:172.21.15.19:6789/0] conn(0x7fbe74106f10 0x7fbe7419a110 unknown :-1 s=NONE pgs=0 cs=0 l=1 rev1=0 crypto rx=0 tx=0 comp rx=0 tx=0).connect
2024-05-12T17:56:21.504 INFO:teuthology.orchestra.run.smithi019.stdout:/usr/bin/ceph: stderr
2024-05-12T17:56:20.394+0000 7fbe7b041700 1 -- --> [v2:172.21.15.19:3300/0,v1:172.21.15.19:6789/0] -- mon_getmap magic: 0 v1 -- 0x7fbe7419a650 con 0x7fbe74106f10
2024-05-12T17:56:21.504 INFO:teuthology.orchestra.run.smithi019.stdout:/usr/bin/ceph: stderr
2024-05-12T17:56:20.394+0000 7fbe78ddd700 1 --2- >> [v2:172.21.15.19:3300/0,v1:172.21.15.19:6789/0] conn(0x7fbe74106f10 0x7fbe7419a110 unknown :-1 s=BANNER_CONNECTING pgs=0 cs=0 l=1 rev1=0 crypto rx=0 tx=0 comp rx=0 tx=0)._handle_peer_banner_payload supported=3 required=0
2024-05-12T17:56:21.504 INFO:teuthology.orchestra.run.smithi019.stdout:/usr/bin/ceph: stderr
2024-05-12T17:56:20.394+0000 7fbe78ddd700 1 --2- >> [v2:172.21.15.19:3300/0,v1:172.21.15.19:6789/0] conn(0x7fbe74106f10 0x7fbe7419a110 unknown :-1 s=HELLO_CONNECTING pgs=0 cs=0 l=1 rev1=1 crypto rx=0 tx=0 comp rx=0 tx=0).handle_hello peer v2:172.21.15.19:3300/0 says I am v2:172.21.15.19:60048/0 (socket says 172.21.15.19:60048)
2024-05-12T17:56:21.504 INFO:teuthology.orchestra.run.smithi019.stdout:/usr/bin/ceph: stderr
2024-05-12T17:56:20.394+0000 7fbe78ddd700 1 -- 172.21.15.19:0/896927259 learned_addr learned my addr 172.21.15.19:0/896927259 (peer_addr_for_me v2:172.21.15.19:0/0)
2024-05-12T17:56:21.504 INFO:teuthology.orchestra.run.smithi019.stdout:/usr/bin/ceph: stderr
2024-05-12T17:56:20.394+0000 7fbe78ddd700 1 -- 172.21.15.19:0/896927259 --> [v2:172.21.15.19:3300/0,v1:172.21.15.19:6789/0] -- mon_subscribe({config=0+,monmap=0+}) v3 -- 0x7fbe68009550 con 0x7fbe74106f10
2024-05-12T17:56:21.504 INFO:teuthology.orchestra.run.smithi019.stdout:/usr/bin/ceph: stderr
2024-05-12T17:56:20.394+0000 7fbe78ddd700 1 --2- 172.21.15.19:0/896927259 >> [v2:172.21.15.19:3300/0,v1:172.21.15.19:6789/0] conn(0x7fbe74106f10 0x7fbe7419a110 secure :-1 s=READY pgs=21 cs=0 l=1 rev1=1 crypto rx=0x7fbe68009130 tx=0x7fbe68011a30 comp rx=0 tx=0).ready entity=mon.0 client_cookie=0 server_cookie=0 in_seq=0 out_seq=0
2024-05-12T17:56:21.504 INFO:teuthology.orchestra.run.smithi019.stdout:/usr/bin/ceph: stderr
2024-05-12T17:56:20.395+0000 7fbe71ffb700 1 -- 172.21.15.19:0/896927259 <== mon.0 v2:172.21.15.19:3300/0 1 ==== mon_map magic: 0 v1 ==== 229+0+0 (secure 0 0 0) 0x7fbe68003a00 con 0x7fbe74106f10
2024-05-12T17:56:21.504 INFO:teuthology.orchestra.run.smithi019.stdout:/usr/bin/ceph: stderr
2024-05-12T17:56:20.395+0000 7fbe71ffb700 1 -- 172.21.15.19:0/896927259 <== mon.0 v2:172.21.15.19:3300/0 2 ==== config(26 keys) v1 ==== 1007+0+0 (secure 0 0 0) 0x7fbe6801a880 con 0x7fbe74106f10
2024-05-12T17:56:21.504 INFO:teuthology.orchestra.run.smithi019.stdout:/usr/bin/ceph: stderr
2024-05-12T17:56:20.395+0000 7fbe7b041700 1 -- 172.21.15.19:0/896927259 --> [v2:172.21.15.19:3300/0,v1:172.21.15.19:6789/0] -- mon_subscribe({mgrmap=0+}) v3 -- 0x7fbe7419a850 con 0x7fbe74106f10
2024-05-12T17:56:21.504 INFO:teuthology.orchestra.run.smithi019.stdout:/usr/bin/ceph: stderr
2024-05-12T17:56:20.395+0000 7fbe71ffb700 1 -- 172.21.15.19:0/896927259 <== mon.0 v2:172.21.15.19:3300/0 3 ==== mon_map magic: 0 v1 ==== 229+0+0 (secure 0 0 0) 0x7fbe680197b0 con 0x7fbe74106f10
2024-05-12T17:56:21.504 INFO:teuthology.orchestra.run.smithi019.stdout:/usr/bin/ceph: stderr
2024-05-12T17:56:20.395+0000 7fbe7b041700 1 -- 172.21.15.19:0/896927259 --> [v2:172.21.15.19:3300/0,v1:172.21.15.19:6789/0] -- mon_subscribe({osdmap=0}) v3 -- 0x7fbe7419acf0 con 0x7fbe74106f10
2024-05-12T17:56:21.505 INFO:teuthology.orchestra.run.smithi019.stdout:/usr/bin/ceph: stderr
2024-05-12T17:56:20.396+0000 7fbe71ffb700 1 -- 172.21.15.19:0/896927259 <== mon.0 v2:172.21.15.19:3300/0 4 ==== mgrmap(e 4) v1 ==== 45545+0+0 (secure 0 0 0) 0x7fbe68019a70 con 0x7fbe74106f10
2024-05-12T17:56:21.505 INFO:teuthology.orchestra.run.smithi019.stdout:/usr/bin/ceph: stderr
2024-05-12T17:56:20.396+0000 7fbe7b041700 1 -- 172.21.15.19:0/896927259 --> [v2:172.21.15.19:3300/0,v1:172.21.15.19:6789/0] -- mon_command({"prefix": "get_command_descriptions"} v 0) v1 -- 0x7fbe7410a530 con 0x7fbe74106f10
2024-05-12T17:56:21.505 INFO:teuthology.orchestra.run.smithi019.stdout:/usr/bin/ceph: stderr
2024-05-12T17:56:20.396+0000 7fbe71ffb700 1 --2- 172.21.15.19:0/896927259 >> [v2:172.21.15.19:6800/23735377,v1:172.21.15.19:6801/23735377] conn(0x7fbe64038680 0x7fbe6403ab40 unknown :-1 s=NONE pgs=0 cs=0 l=1 rev1=0 crypto rx=0 tx=0 comp rx=0 tx=0).connect
2024-05-12T17:56:21.505 INFO:teuthology.orchestra.run.smithi019.stdout:/usr/bin/ceph: stderr
2024-05-12T17:56:20.396+0000 7fbe71ffb700 1 -- 172.21.15.19:0/896927259 <== mon.0 v2:172.21.15.19:3300/0 5 ==== osd_map(1..1 src has 1..1) v4 ==== 725+0+0 (secure 0 0 0) 0x7fbe6804cc80 con 0x7fbe74106f10
2024-05-12T17:56:21.505 INFO:teuthology.orchestra.run.smithi019.stdout:/usr/bin/ceph: stderr
2024-05-12T17:56:20.396+0000 7fbe73fff700 1 --2- 172.21.15.19:0/896927259 >> [v2:172.21.15.19:6800/23735377,v1:172.21.15.19:6801/23735377] conn(0x7fbe64038680 0x7fbe6403ab40 unknown :-1 s=BANNER_CONNECTING pgs=0 cs=0 l=1 rev1=0 crypto rx=0 tx=0 comp rx=0 tx=0)._handle_peer_banner_payload supported=3 required=0
2024-05-12T17:56:21.505 INFO:teuthology.orchestra.run.smithi019.stdout:/usr/bin/ceph: stderr
2024-05-12T17:56:20.396+0000 7fbe73fff700 1 --2- 172.21.15.19:0/896927259 >> [v2:172.21.15.19:6800/23735377,v1:172.21.15.19:6801/23735377] conn(0x7fbe64038680 0x7fbe6403ab40 secure :-1 s=READY pgs=8 cs=0 l=1 rev1=1 crypto rx=0x7fbe60006fd0 tx=0x7fbe60006e40 comp rx=0 tx=0).ready entity=mgr.14100 client_cookie=0 server_cookie=0 in_seq=0 out_seq=0
2024-05-12T17:56:21.505 INFO:teuthology.orchestra.run.smithi019.stdout:/usr/bin/ceph: stderr
2024-05-12T17:56:20.401+0000 7fbe71ffb700 1 -- 172.21.15.19:0/896927259 <== mon.0 v2:172.21.15.19:3300/0 6 ==== mon_command_ack([{"prefix": "get_command_descriptions"}]=0 v0) v1 ==== 72+0+183622 (secure 0 0 0) 0x7fbe68019d20 con 0x7fbe74106f10
2024-05-12T17:56:21.505 INFO:teuthology.orchestra.run.smithi019.stdout:/usr/bin/ceph: stderr
2024-05-12T17:56:20.660+0000 7fbe7b041700 1 -- 172.21.15.19:0/896927259 --> [v2:172.21.15.19:3300/0,v1:172.21.15.19:6789/0] -- mon_command({"prefix": "mgr module enable", "module": "cephadm"} v 0) v1 -- 0x7fbe7410a770 con 0x7fbe74106f10
2024-05-12T17:56:21.505 INFO:teuthology.orchestra.run.smithi019.stdout:/usr/bin/ceph: stderr
2024-05-12T17:56:20.713+0000 7fbe71ffb700 1 -- 172.21.15.19:0/896927259 <== mon.0 v2:172.21.15.19:3300/0 7 ==== mgrmap(e 5) v1 ==== 45556+0+0 (secure 0 0 0) 0x7fbe6802dce0 con 0x7fbe74106f10
2024-05-12T17:56:21.505 INFO:teuthology.orchestra.run.smithi019.stdout:/usr/bin/ceph: stderr
2024-05-12T17:56:20.715+0000 7fbe71ffb700 1 -- 172.21.15.19:0/896927259 <== mon.0 v2:172.21.15.19:3300/0 8 ==== mon_command_ack([{"prefix": "mgr module enable", "module": "cephadm"}]=0 v5) v1 ==== 86+0+0 (secure 0 0 0) 0x7fbe6801a9f0 con 0x7fbe74106f10
2024-05-12T17:56:21.505 INFO:teuthology.orchestra.run.smithi019.stdout:/usr/bin/ceph: stderr
2024-05-12T17:56:20.717+0000 7fbe7b041700 1 -- 172.21.15.19:0/896927259 >> [v2:172.21.15.19:6800/23735377,v1:172.21.15.19:6801/23735377] conn(0x7fbe64038680 msgr2=0x7fbe6403ab40 secure :-1 s=STATE_CONNECTION_ESTABLISHED l=1).mark_down
2024-05-12T17:56:21.505 INFO:teuthology.orchestra.run.smithi019.stdout:/usr/bin/ceph: stderr
2024-05-12T17:56:20.717+0000 7fbe7b041700 1 --2- 172.21.15.19:0/896927259 >> [v2:172.21.15.19:6800/23735377,v1:172.21.15.19:6801/23735377] conn(0x7fbe64038680 0x7fbe6403ab40 secure :-1 s=READY pgs=8 cs=0 l=1 rev1=1 crypto rx=0x7fbe60006fd0 tx=0x7fbe60006e40 comp rx=0 tx=0).stop
2024-05-12T17:56:21.505 INFO:teuthology.orchestra.run.smithi019.stdout:/usr/bin/ceph: stderr
2024-05-12T17:56:20.717+0000 7fbe7b041700 1 -- 172.21.15.19:0/896927259 >> [v2:172.21.15.19:3300/0,v1:172.21.15.19:6789/0] conn(0x7fbe74106f10 msgr2=0x7fbe7419a110 secure :-1 s=STATE_CONNECTION_ESTABLISHED l=1).mark_down
2024-05-12T17:56:21.506 INFO:teuthology.orchestra.run.smithi019.stdout:/usr/bin/ceph: stderr
2024-05-12T17:56:20.717+0000 7fbe7b041700 1 --2- 172.21.15.19:0/896927259 >> [v2:172.21.15.19:3300/0,v1:172.21.15.19:6789/0] conn(0x7fbe74106f10 0x7fbe7419a110 secure :-1 s=READY pgs=21 cs=0 l=1 rev1=1 crypto rx=0x7fbe68009130 tx=0x7fbe68011a30 comp rx=0 tx=0).stop
2024-05-12T17:56:21.506 INFO:teuthology.orchestra.run.smithi019.stdout:/usr/bin/ceph: stderr
2024-05-12T17:56:20.717+0000 7fbe7b041700 1 -- 172.21.15.19:0/896927259 shutdown_connections
2024-05-12T17:56:21.506 INFO:teuthology.orchestra.run.smithi019.stdout:/usr/bin/ceph: stderr
2024-05-12T17:56:20.717+0000 7fbe7b041700 1 --2- 172.21.15.19:0/896927259 >> [v2:172.21.15.19:6800/23735377,v1:172.21.15.19:6801/23735377] conn(0x7fbe64038680 0x7fbe6403ab40 unknown :-1 s=CLOSED pgs=8 cs=0 l=1 rev1=1 crypto rx=0 tx=0 comp rx=0 tx=0).stop
2024-05-12T17:56:21.506 INFO:teuthology.orchestra.run.smithi019.stdout:/usr/bin/ceph: stderr
2024-05-12T17:56:20.717+0000 7fbe7b041700 1 --2- 172.21.15.19:0/896927259 >> [v2:172.21.15.19:3300/0,v1:172.21.15.19:6789/0] conn(0x7fbe74106f10 0x7fbe7419a110 unknown :-1 s=CLOSED pgs=21 cs=0 l=1 rev1=1 crypto rx=0 tx=0 comp rx=0 tx=0).stop
2024-05-12T17:56:21.506 INFO:teuthology.orchestra.run.smithi019.stdout:/usr/bin/ceph: stderr
2024-05-12T17:56:20.717+0000 7fbe7b041700 1 -- 172.21.15.19:0/896927259 >> 172.21.15.19:0/896927259 conn(0x7fbe74100960 msgr2=0x7fbe74101510 unknown :-1 s=STATE_NONE l=0).mark_down
2024-05-12T17:56:21.506 INFO:teuthology.orchestra.run.smithi019.stdout:/usr/bin/ceph: stderr
2024-05-12T17:56:20.717+0000 7fbe7b041700 1 -- 172.21.15.19:0/896927259 shutdown_connections
2024-05-12T17:56:21.506 INFO:teuthology.orchestra.run.smithi019.stdout:/usr/bin/ceph: stderr
2024-05-12T17:56:20.717+0000 7fbe7b041700 1 -- 172.21.15.19:0/896927259 wait complete.
2024-05-12T17:56:22.202 INFO:journalctl@ceph.mon.smithi019.smithi019.stdout:May 12 17:56:21 smithi019 ceph-mon[39967]: from='client.? 172.21.15.19:0/896927259' entity='client.admin' cmd='[{"prefix": "mgr module enable", "module": "cephadm"}]': finished
2024-05-12T17:56:22.202 INFO:journalctl@ceph.mon.smithi019.smithi019.stdout:May 12 17:56:21 smithi019 ceph-mon[39967]: mgrmap e5: smithi019.lkafks(active, since 9s)
2024-05-12T17:56:22.962 INFO:journalctl@ceph.mon.smithi019.smithi019.stdout:May 12 17:56:22 smithi019 ceph-mon[39967]: from='client.? 172.21.15.19:0/2365914640' entity='client.admin' cmd=[{"prefix": "mgr stat"}]: dispatch
2024-05-12T17:56:22.985 INFO:teuthology.orchestra.run.smithi019.stdout:/usr/bin/ceph: stdout {
2024-05-12T17:56:22.985 INFO:teuthology.orchestra.run.smithi019.stdout:/usr/bin/ceph: stdout "epoch": 5,
2024-05-12T17:56:22.985 INFO:teuthology.orchestra.run.smithi019.stdout:/usr/bin/ceph: stdout "available": true,
2024-05-12T17:56:22.985 INFO:teuthology.orchestra.run.smithi019.stdout:/usr/bin/ceph: stdout "active_name": "smithi019.lkafks",
2024-05-12T17:56:22.985 INFO:teuthology.orchestra.run.smithi019.stdout:/usr/bin/ceph: stdout "num_standby": 0
2024-05-12T17:56:22.985 INFO:teuthology.orchestra.run.smithi019.stdout:/usr/bin/ceph: stdout }
2024-05-12T17:56:22.985 INFO:teuthology.orchestra.run.smithi019.stdout:/usr/bin/ceph: stderr
2024-05-12T17:56:22.026+0000 7f2a83ce0700 1 Processor -- start
2024-05-12T17:56:22.985 INFO:teuthology.orchestra.run.smithi019.stdout:/usr/bin/ceph: stderr
2024-05-12T17:56:22.027+0000 7f2a83ce0700 1 -- start start
2024-05-12T17:56:22.985 INFO:teuthology.orchestra.run.smithi019.stdout:/usr/bin/ceph: stderr
2024-05-12T17:56:22.027+0000 7f2a83ce0700 1 --2- >> [v2:172.21.15.19:3300/0,v1:172.21.15.19:6789/0] conn(0x7f2a7c106ec0 0x7f2a7c1092b0 unknown :-1 s=NONE pgs=0 cs=0 l=0 rev1=0 crypto rx=0 tx=0 comp rx=0 tx=0).connect
2024-05-12T17:56:22.985 INFO:teuthology.orchestra.run.smithi019.stdout:/usr/bin/ceph: stderr
2024-05-12T17:56:22.027+0000 7f2a83ce0700 1 -- --> [v2:172.21.15.19:3300/0,v1:172.21.15.19:6789/0] -- mon_getmap magic: 0 v1 -- 0x7f2a7c074640 con 0x7f2a7c106ec0
2024-05-12T17:56:22.986 INFO:teuthology.orchestra.run.smithi019.stdout:/usr/bin/ceph: stderr
2024-05-12T17:56:22.027+0000 7f2a81a7c700 1 --2- >> [v2:172.21.15.19:3300/0,v1:172.21.15.19:6789/0] conn(0x7f2a7c106ec0 0x7f2a7c1092b0 unknown :-1 s=BANNER_CONNECTING pgs=0 cs=0 l=0 rev1=0 crypto rx=0 tx=0 comp rx=0 tx=0)._handle_peer_banner_payload supported=3 required=0
2024-05-12T17:56:22.986 INFO:teuthology.orchestra.run.smithi019.stdout:/usr/bin/ceph: stderr
2024-05-12T17:56:22.027+0000 7f2a81a7c700 1 --2- >> [v2:172.21.15.19:3300/0,v1:172.21.15.19:6789/0] conn(0x7f2a7c106ec0 0x7f2a7c1092b0 unknown :-1 s=HELLO_CONNECTING pgs=0 cs=0 l=0 rev1=1 crypto rx=0 tx=0 comp rx=0 tx=0).handle_hello peer v2:172.21.15.19:3300/0 says I am v2:172.21.15.19:60068/0 (socket says 172.21.15.19:60068)
2024-05-12T17:56:22.986 INFO:teuthology.orchestra.run.smithi019.stdout:/usr/bin/ceph: stderr
2024-05-12T17:56:22.027+0000 7f2a81a7c700 1 -- 172.21.15.19:0/2464567813 learned_addr learned my addr 172.21.15.19:0/2464567813 (peer_addr_for_me v2:172.21.15.19:0/0)
2024-05-12T17:56:22.986 INFO:teuthology.orchestra.run.smithi019.stdout:/usr/bin/ceph: stderr
2024-05-12T17:56:22.027+0000 7f2a81a7c700 1 -- 172.21.15.19:0/2464567813 --> [v2:172.21.15.19:3300/0,v1:172.21.15.19:6789/0] -- mon_subscribe({config=0+,monmap=0+}) v3 -- 0x7f2a7c1097f0 con 0x7f2a7c106ec0
2024-05-12T17:56:22.986 INFO:teuthology.orchestra.run.smithi019.stdout:/usr/bin/ceph: stderr
2024-05-12T17:56:22.027+0000 7f2a81a7c700 1 --2- 172.21.15.19:0/2464567813 >> [v2:172.21.15.19:3300/0,v1:172.21.15.19:6789/0] conn(0x7f2a7c106ec0 0x7f2a7c1092b0 secure :-1 s=READY pgs=24 cs=0 l=1 rev1=1 crypto rx=0x7f2a780098a0 tx=0x7f2a78009bb0 comp rx=0 tx=0).ready entity=mon.0 client_cookie=ef57be2915afba7e server_cookie=0 in_seq=0 out_seq=0
2024-05-12T17:56:22.986 INFO:teuthology.orchestra.run.smithi019.stdout:/usr/bin/ceph: stderr
2024-05-12T17:56:22.027+0000 7f2a80a7a700 1 -- 172.21.15.19:0/2464567813 <== mon.0 v2:172.21.15.19:3300/0 1 ==== mon_map magic: 0 v1 ==== 229+0+0 (secure 0 0 0) 0x7f2a78004180 con 0x7f2a7c106ec0
2024-05-12T17:56:22.986 INFO:teuthology.orchestra.run.smithi019.stdout:/usr/bin/ceph: stderr
2024-05-12T17:56:22.027+0000 7f2a80a7a700 1 -- 172.21.15.19:0/2464567813 <== mon.0 v2:172.21.15.19:3300/0 2 ==== config(26 keys) v1 ==== 1007+0+0 (secure 0 0 0) 0x7f2a780042e0 con 0x7f2a7c106ec0
2024-05-12T17:56:22.986 INFO:teuthology.orchestra.run.smithi019.stdout:/usr/bin/ceph: stderr
2024-05-12T17:56:22.027+0000 7f2a80a7a700 1 -- 172.21.15.19:0/2464567813 <== mon.0 v2:172.21.15.19:3300/0 3 ==== mon_map magic: 0 v1 ==== 229+0+0 (secure 0 0 0) 0x7f2a780119d0 con 0x7f2a7c106ec0
2024-05-12T17:56:22.986 INFO:teuthology.orchestra.run.smithi019.stdout:/usr/bin/ceph: stderr
2024-05-12T17:56:22.028+0000 7f2a83ce0700 1 -- 172.21.15.19:0/2464567813 >> [v2:172.21.15.19:3300/0,v1:172.21.15.19:6789/0] conn(0x7f2a7c106ec0 msgr2=0x7f2a7c1092b0 secure :-1 s=STATE_CONNECTION_ESTABLISHED l=1).mark_down
2024-05-12T17:56:22.986 INFO:teuthology.orchestra.run.smithi019.stdout:/usr/bin/ceph: stderr
2024-05-12T17:56:22.028+0000 7f2a83ce0700 1 --2- 172.21.15.19:0/2464567813 >> [v2:172.21.15.19:3300/0,v1:172.21.15.19:6789/0] conn(0x7f2a7c106ec0 0x7f2a7c1092b0 secure :-1 s=READY pgs=24 cs=0 l=1 rev1=1 crypto rx=0x7f2a780098a0 tx=0x7f2a78009bb0 comp rx=0 tx=0).stop
2024-05-12T17:56:22.986 INFO:teuthology.orchestra.run.smithi019.stdout:/usr/bin/ceph: stderr
2024-05-12T17:56:22.028+0000 7f2a83ce0700 1 -- 172.21.15.19:0/2464567813 shutdown_connections
2024-05-12T17:56:22.986 INFO:teuthology.orchestra.run.smithi019.stdout:/usr/bin/ceph: stderr
2024-05-12T17:56:22.028+0000 7f2a83ce0700 1 --2- 172.21.15.19:0/2464567813 >> [v2:172.21.15.19:3300/0,v1:172.21.15.19:6789/0] conn(0x7f2a7c106ec0 0x7f2a7c1092b0 unknown :-1 s=CLOSED pgs=24 cs=0 l=1 rev1=1 crypto rx=0 tx=0 comp rx=0 tx=0).stop
2024-05-12T17:56:22.986 INFO:teuthology.orchestra.run.smithi019.stdout:/usr/bin/ceph: stderr
2024-05-12T17:56:22.028+0000 7f2a83ce0700 1 -- 172.21.15.19:0/2464567813 >> 172.21.15.19:0/2464567813 conn(0x7f2a7c100950 msgr2=0x7f2a7c102d70 unknown :-1 s=STATE_NONE l=0).mark_down
2024-05-12T17:56:22.987 INFO:teuthology.orchestra.run.smithi019.stdout:/usr/bin/ceph: stderr
2024-05-12T17:56:22.028+0000 7f2a83ce0700 1 -- 172.21.15.19:0/2464567813 shutdown_connections
