2024-05-12T21:46:23.920+0000 7f39637fe700 1 -- 172.21.15.40:0/1132974543 <== mon.0 v2:172.21.15.40:3300/0 2 ==== config(27 keys) v1 ==== 1109+0+0 (secure 0 0 0) 0x7f395800be90 con 0x7f3964101d20
2024-05-12T21:46:24.806 INFO:teuthology.orchestra.run.smithi040.stdout:/usr/bin/ceph: stderr
2024-05-12T21:46:23.920+0000 7f39637fe700 1 -- 172.21.15.40:0/1132974543 <== mon.0 v2:172.21.15.40:3300/0 3 ==== mon_map magic: 0 v1 ==== 229+0+0 (secure 0 0 0) 0x7f39580103c0 con 0x7f3964101d20
2024-05-12T21:46:24.806 INFO:teuthology.orchestra.run.smithi040.stdout:/usr/bin/ceph: stderr
2024-05-12T21:46:23.921+0000 7f396add3700 1 -- 172.21.15.40:0/1132974543 >> [v2:172.21.15.40:3300/0,v1:172.21.15.40:6789/0] conn(0x7f3964101d20 msgr2=0x7f3964102130 secure :-1 s=STATE_CONNECTION_ESTABLISHED l=1).mark_down
2024-05-12T21:46:24.806 INFO:teuthology.orchestra.run.smithi040.stdout:/usr/bin/ceph: stderr
2024-05-12T21:46:23.921+0000 7f396add3700 1 --2- 172.21.15.40:0/1132974543 >> [v2:172.21.15.40:3300/0,v1:172.21.15.40:6789/0] conn(0x7f3964101d20 0x7f3964102130 secure :-1 s=READY pgs=69 cs=0 l=1 rev1=1 crypto rx=0x7f39580098e0 tx=0x7f3958009250 comp rx=0 tx=0).stop
2024-05-12T21:46:24.806 INFO:teuthology.orchestra.run.smithi040.stdout:/usr/bin/ceph: stderr
2024-05-12T21:46:23.921+0000 7f396add3700 1 -- 172.21.15.40:0/1132974543 shutdown_connections
2024-05-12T21:46:24.806 INFO:teuthology.orchestra.run.smithi040.stdout:/usr/bin/ceph: stderr
2024-05-12T21:46:23.921+0000 7f396add3700 1 --2- 172.21.15.40:0/1132974543 >> [v2:172.21.15.40:3300/0,v1:172.21.15.40:6789/0] conn(0x7f3964101d20 0x7f3964102130 unknown :-1 s=CLOSED pgs=69 cs=0 l=1 rev1=1 crypto rx=0 tx=0 comp rx=0 tx=0).stop
2024-05-12T21:46:24.806 INFO:teuthology.orchestra.run.smithi040.stdout:/usr/bin/ceph: stderr
2024-05-12T21:46:23.921+0000 7f396add3700 1 -- 172.21.15.40:0/1132974543 >> 172.21.15.40:0/1132974543 conn(0x7f39640fc6b0 msgr2=0x7f39640feac0 unknown :-1 s=STATE_NONE l=0).mark_down
2024-05-12T21:46:24.806 INFO:teuthology.orchestra.run.smithi040.stdout:/usr/bin/ceph: stderr
2024-05-12T21:46:23.921+0000 7f396add3700 1 -- 172.21.15.40:0/1132974543 shutdown_connections
2024-05-12T21:46:24.806 INFO:teuthology.orchestra.run.smithi040.stdout:/usr/bin/ceph: stderr
2024-05-12T21:46:23.921+0000 7f396add3700 1 -- 172.21.15.40:0/1132974543 wait complete.
2024-05-12T21:46:24.806 INFO:teuthology.orchestra.run.smithi040.stdout:/usr/bin/ceph: stderr
2024-05-12T21:46:23.921+0000 7f396add3700 1 Processor -- start
2024-05-12T21:46:24.807 INFO:teuthology.orchestra.run.smithi040.stdout:/usr/bin/ceph: stderr
2024-05-12T21:46:23.922+0000 7f396add3700 1 -- start start
2024-05-12T21:46:24.807 INFO:teuthology.orchestra.run.smithi040.stdout:/usr/bin/ceph: stderr
2024-05-12T21:46:23.922+0000 7f396add3700 1 --2- >> [v2:172.21.15.40:3300/0,v1:172.21.15.40:6789/0] conn(0x7f3964101d20 0x7f3964101520 unknown :-1 s=NONE pgs=0 cs=0 l=1 rev1=0 crypto rx=0 tx=0 comp rx=0 tx=0).connect
2024-05-12T21:46:24.807 INFO:teuthology.orchestra.run.smithi040.stdout:/usr/bin/ceph: stderr
2024-05-12T21:46:23.922+0000 7f396add3700 1 -- --> [v2:172.21.15.40:3300/0,v1:172.21.15.40:6789/0] -- mon_getmap magic: 0 v1 -- 0x7f39641120f0 con 0x7f3964101d20
2024-05-12T21:46:24.807 INFO:teuthology.orchestra.run.smithi040.stdout:/usr/bin/ceph: stderr
2024-05-12T21:46:23.922+0000 7f3968b6f700 1 --2- >> [v2:172.21.15.40:3300/0,v1:172.21.15.40:6789/0] conn(0x7f3964101d20 0x7f3964101520 unknown :-1 s=BANNER_CONNECTING pgs=0 cs=0 l=1 rev1=0 crypto rx=0 tx=0 comp rx=0 tx=0)._handle_peer_banner_payload supported=3 required=0
2024-05-12T21:46:24.807 INFO:teuthology.orchestra.run.smithi040.stdout:/usr/bin/ceph: stderr
2024-05-12T21:46:23.922+0000 7f3968b6f700 1 --2- >> [v2:172.21.15.40:3300/0,v1:172.21.15.40:6789/0] conn(0x7f3964101d20 0x7f3964101520 unknown :-1 s=HELLO_CONNECTING pgs=0 cs=0 l=1 rev1=1 crypto rx=0 tx=0 comp rx=0 tx=0).handle_hello peer v2:172.21.15.40:3300/0 says I am v2:172.21.15.40:54310/0 (socket says 172.21.15.40:54310)
2024-05-12T21:46:24.807 INFO:teuthology.orchestra.run.smithi040.stdout:/usr/bin/ceph: stderr
2024-05-12T21:46:23.922+0000 7f3968b6f700 1 -- 172.21.15.40:0/1721933208 learned_addr learned my addr 172.21.15.40:0/1721933208 (peer_addr_for_me v2:172.21.15.40:0/0)
2024-05-12T21:46:24.807 INFO:teuthology.orchestra.run.smithi040.stdout:/usr/bin/ceph: stderr
2024-05-12T21:46:23.922+0000 7f3968b6f700 1 -- 172.21.15.40:0/1721933208 --> [v2:172.21.15.40:3300/0,v1:172.21.15.40:6789/0] -- mon_subscribe({config=0+,monmap=0+}) v3 -- 0x7f39580094f0 con 0x7f3964101d20
2024-05-12T21:46:24.807 INFO:teuthology.orchestra.run.smithi040.stdout:/usr/bin/ceph: stderr
2024-05-12T21:46:23.922+0000 7f3968b6f700 1 --2- 172.21.15.40:0/1721933208 >> [v2:172.21.15.40:3300/0,v1:172.21.15.40:6789/0] conn(0x7f3964101d20 0x7f3964101520 secure :-1 s=READY pgs=70 cs=0 l=1 rev1=1 crypto rx=0x7f39580090b0 tx=0x7f3958009250 comp rx=0 tx=0).ready entity=mon.0 client_cookie=0 server_cookie=0 in_seq=0 out_seq=0
2024-05-12T21:46:24.807 INFO:teuthology.orchestra.run.smithi040.stdout:/usr/bin/ceph: stderr
2024-05-12T21:46:23.923+0000 7f39617fa700 1 -- 172.21.15.40:0/1721933208 <== mon.0 v2:172.21.15.40:3300/0 1 ==== mon_map magic: 0 v1 ==== 229+0+0 (secure 0 0 0) 0x7f3958010840 con 0x7f3964101d20
2024-05-12T21:46:24.807 INFO:teuthology.orchestra.run.smithi040.stdout:/usr/bin/ceph: stderr
2024-05-12T21:46:23.923+0000 7f39617fa700 1 -- 172.21.15.40:0/1721933208 <== mon.0 v2:172.21.15.40:3300/0 2 ==== config(27 keys) v1 ==== 1109+0+0 (secure 0 0 0) 0x7f3958010e70 con 0x7f3964101d20
2024-05-12T21:46:24.807 INFO:teuthology.orchestra.run.smithi040.stdout:/usr/bin/ceph: stderr
2024-05-12T21:46:23.923+0000 7f396add3700 1 -- 172.21.15.40:0/1721933208 --> [v2:172.21.15.40:3300/0,v1:172.21.15.40:6789/0] -- mon_subscribe({mgrmap=0+}) v3 -- 0x7f3964116700 con 0x7f3964101d20
2024-05-12T21:46:24.807 INFO:teuthology.orchestra.run.smithi040.stdout:/usr/bin/ceph: stderr
2024-05-12T21:46:23.923+0000 7f396add3700 1 -- 172.21.15.40:0/1721933208 --> [v2:172.21.15.40:3300/0,v1:172.21.15.40:6789/0] -- mon_subscribe({osdmap=0}) v3 -- 0x7f3964116ad0 con 0x7f3964101d20
2024-05-12T21:46:24.807 INFO:teuthology.orchestra.run.smithi040.stdout:/usr/bin/ceph: stderr
2024-05-12T21:46:23.923+0000 7f39617fa700 1 -- 172.21.15.40:0/1721933208 <== mon.0 v2:172.21.15.40:3300/0 3 ==== mon_map magic: 0 v1 ==== 229+0+0 (secure 0 0 0) 0x7f3958024e40 con 0x7f3964101d20
2024-05-12T21:46:24.807 INFO:teuthology.orchestra.run.smithi040.stdout:/usr/bin/ceph: stderr
2024-05-12T21:46:23.924+0000 7f39617fa700 1 -- 172.21.15.40:0/1721933208 <== mon.0 v2:172.21.15.40:3300/0 4 ==== mgrmap(e 9) v1 ==== 43389+0+0 (secure 0 0 0) 0x7f395801a520 con 0x7f3964101d20
2024-05-12T21:46:24.808 INFO:teuthology.orchestra.run.smithi040.stdout:/usr/bin/ceph: stderr
2024-05-12T21:46:23.924+0000 7f396add3700 1 -- 172.21.15.40:0/1721933208 --> [v2:172.21.15.40:3300/0,v1:172.21.15.40:6789/0] -- mon_command({"prefix": "get_command_descriptions"} v 0) v1 -- 0x7f396404bed0 con 0x7f3964101d20
2024-05-12T21:46:24.808 INFO:teuthology.orchestra.run.smithi040.stdout:/usr/bin/ceph: stderr
2024-05-12T21:46:23.924+0000 7f39617fa700 1 --2- 172.21.15.40:0/1721933208 >> [v2:172.21.15.40:6800/4106931486,v1:172.21.15.40:6801/4106931486] conn(0x7f39540368a0 0x7f3954038d50 unknown :-1 s=NONE pgs=0 cs=0 l=1 rev1=0 crypto rx=0 tx=0 comp rx=0 tx=0).connect
2024-05-12T21:46:24.808 INFO:teuthology.orchestra.run.smithi040.stdout:/usr/bin/ceph: stderr
2024-05-12T21:46:23.924+0000 7f39617fa700 1 -- 172.21.15.40:0/1721933208 <== mon.0 v2:172.21.15.40:3300/0 5 ==== osd_map(2..2 src has 1..2) v4 ==== 936+0+0 (secure 0 0 0) 0x7f395804a820 con 0x7f3964101d20
2024-05-12T21:46:24.808 INFO:teuthology.orchestra.run.smithi040.stdout:/usr/bin/ceph: stderr
2024-05-12T21:46:23.924+0000 7f3963fff700 1 -- 172.21.15.40:0/1721933208 >> [v2:172.21.15.40:6800/4106931486,v1:172.21.15.40:6801/4106931486] conn(0x7f39540368a0 msgr2=0x7f3954038d50 unknown :-1 s=STATE_CONNECTING_RE l=1).process reconnect failed to v2:172.21.15.40:6800/4106931486
2024-05-12T21:46:24.808 INFO:teuthology.orchestra.run.smithi040.stdout:/usr/bin/ceph: stderr
2024-05-12T21:46:23.924+0000 7f3963fff700 1 --2- 172.21.15.40:0/1721933208 >> [v2:172.21.15.40:6800/4106931486,v1:172.21.15.40:6801/4106931486] conn(0x7f39540368a0 0x7f3954038d50 unknown :-1 s=START_CONNECT pgs=0 cs=0 l=1 rev1=0 crypto rx=0 tx=0 comp rx=0 tx=0)._fault waiting 0.200000
2024-05-12T21:46:24.808 INFO:teuthology.orchestra.run.smithi040.stdout:/usr/bin/ceph: stderr
2024-05-12T21:46:23.929+0000 7f39617fa700 1 -- 172.21.15.40:0/1721933208 <== mon.0 v2:172.21.15.40:3300/0 6 ==== mon_command_ack([{"prefix": "get_command_descriptions"}]=0 v0) v1 ==== 72+0+176702 (secure 0 0 0) 0x7f3958018940 con 0x7f3964101d20
2024-05-12T21:46:24.808 INFO:teuthology.orchestra.run.smithi040.stdout:/usr/bin/ceph: stderr
2024-05-12T21:46:24.125+0000 7f3963fff700 1 -- 172.21.15.40:0/1721933208 >> [v2:172.21.15.40:6800/4106931486,v1:172.21.15.40:6801/4106931486] conn(0x7f39540368a0 msgr2=0x7f3954038d50 unknown :-1 s=STATE_CONNECTING_RE l=1).process reconnect failed to v2:172.21.15.40:6800/4106931486
2024-05-12T21:46:24.808 INFO:teuthology.orchestra.run.smithi040.stdout:/usr/bin/ceph: stderr
2024-05-12T21:46:24.125+0000 7f3963fff700 1 --2- 172.21.15.40:0/1721933208 >> [v2:172.21.15.40:6800/4106931486,v1:172.21.15.40:6801/4106931486] conn(0x7f39540368a0 0x7f3954038d50 unknown :-1 s=START_CONNECT pgs=0 cs=0 l=1 rev1=0 crypto rx=0 tx=0 comp rx=0 tx=0)._fault waiting 0.400000
2024-05-12T21:46:24.809 INFO:teuthology.orchestra.run.smithi040.stdout:/usr/bin/ceph: stderr
2024-05-12T21:46:24.227+0000 7f396add3700 1 -- 172.21.15.40:0/1721933208 --> [v2:172.21.15.40:3300/0,v1:172.21.15.40:6789/0] -- mon_command({"prefix": "mgr stat"} v 0) v1 -- 0x7f3964117010 con 0x7f3964101d20
2024-05-12T21:46:24.809 INFO:teuthology.orchestra.run.smithi040.stdout:/usr/bin/ceph: stderr
2024-05-12T21:46:24.227+0000 7f39617fa700 1 -- 172.21.15.40:0/1721933208 <== mon.0 v2:172.21.15.40:3300/0 7 ==== mon_command_ack([{"prefix": "mgr stat"}]=0 v9) v1 ==== 56+0+103 (secure 0 0 0) 0x7f395802d3a0 con 0x7f3964101d20
2024-05-12T21:46:24.809 INFO:teuthology.orchestra.run.smithi040.stdout:/usr/bin/ceph: stderr
2024-05-12T21:46:24.230+0000 7f396add3700 1 -- 172.21.15.40:0/1721933208 >> [v2:172.21.15.40:6800/4106931486,v1:172.21.15.40:6801/4106931486] conn(0x7f39540368a0 msgr2=0x7f3954038d50 unknown :-1 s=STATE_CONNECTING l=1).mark_down
2024-05-12T21:46:24.809 INFO:teuthology.orchestra.run.smithi040.stdout:/usr/bin/ceph: stderr
2024-05-12T21:46:24.230+0000 7f396add3700 1 --2- 172.21.15.40:0/1721933208 >> [v2:172.21.15.40:6800/4106931486,v1:172.21.15.40:6801/4106931486] conn(0x7f39540368a0 0x7f3954038d50 unknown :-1 s=START_CONNECT pgs=0 cs=0 l=1 rev1=0 crypto rx=0 tx=0 comp rx=0 tx=0).stop
2024-05-12T21:46:24.809 INFO:teuthology.orchestra.run.smithi040.stdout:/usr/bin/ceph: stderr
2024-05-12T21:46:24.230+0000 7f396add3700 1 -- 172.21.15.40:0/1721933208 >> [v2:172.21.15.40:3300/0,v1:172.21.15.40:6789/0] conn(0x7f3964101d20 msgr2=0x7f3964101520 secure :-1 s=STATE_CONNECTION_ESTABLISHED l=1).mark_down
2024-05-12T21:46:24.809 INFO:teuthology.orchestra.run.smithi040.stdout:/usr/bin/ceph: stderr
2024-05-12T21:46:24.230+0000 7f396add3700 1 --2- 172.21.15.40:0/1721933208 >> [v2:172.21.15.40:3300/0,v1:172.21.15.40:6789/0] conn(0x7f3964101d20 0x7f3964101520 secure :-1 s=READY pgs=70 cs=0 l=1 rev1=1 crypto rx=0x7f39580090b0 tx=0x7f3958009250 comp rx=0 tx=0).stop
2024-05-12T21:46:24.809 INFO:teuthology.orchestra.run.smithi040.stdout:/usr/bin/ceph: stderr
2024-05-12T21:46:24.230+0000 7f396add3700 1 -- 172.21.15.40:0/1721933208 shutdown_connections
2024-05-12T21:46:24.809 INFO:teuthology.orchestra.run.smithi040.stdout:/usr/bin/ceph: stderr
2024-05-12T21:46:24.230+0000 7f396add3700 1 --2- 172.21.15.40:0/1721933208 >> [v2:172.21.15.40:6800/4106931486,v1:172.21.15.40:6801/4106931486] conn(0x7f39540368a0 0x7f3954038d50 unknown :-1 s=CLOSED pgs=0 cs=0 l=1 rev1=0 crypto rx=0 tx=0 comp rx=0 tx=0).stop
2024-05-12T21:46:24.809 INFO:teuthology.orchestra.run.smithi040.stdout:/usr/bin/ceph: stderr
2024-05-12T21:46:24.230+0000 7f396add3700 1 --2- 172.21.15.40:0/1721933208 >> [v2:172.21.15.40:3300/0,v1:172.21.15.40:6789/0] conn(0x7f3964101d20 0x7f3964101520 unknown :-1 s=CLOSED pgs=70 cs=0 l=1 rev1=1 crypto rx=0 tx=0 comp rx=0 tx=0).stop
2024-05-12T21:46:24.809 INFO:teuthology.orchestra.run.smithi040.stdout:/usr/bin/ceph: stderr
2024-05-12T21:46:24.230+0000 7f396add3700 1 -- 172.21.15.40:0/1721933208 >> 172.21.15.40:0/1721933208 conn(0x7f39640fc6b0 msgr2=0x7f39640fd140 unknown :-1 s=STATE_NONE l=0).mark_down
2024-05-12T21:46:24.809 INFO:teuthology.orchestra.run.smithi040.stdout:/usr/bin/ceph: stderr
2024-05-12T21:46:24.230+0000 7f396add3700 1 -- 172.21.15.40:0/1721933208 shutdown_connections
2024-05-12T21:46:24.809 INFO:teuthology.orchestra.run.smithi040.stdout:/usr/bin/ceph: stderr
2024-05-12T21:46:24.230+0000 7f396add3700 1 -- 172.21.15.40:0/1721933208 wait complete.
2024-05-12T21:46:24.809 INFO:teuthology.orchestra.run.smithi040.stdout:Waiting for the mgr to restart...
2024-05-12T21:46:24.809 INFO:teuthology.orchestra.run.smithi040.stdout:Waiting for mgr epoch 9...
2024-05-12T21:46:25.172 INFO:journalctl@ceph.mon.smithi040.smithi040.stdout:May 12 21:46:24 smithi040 ceph-mon[26963]: from='client.? 172.21.15.40:0/1721933208' entity='client.admin' cmd=[{"prefix": "mgr stat"}]: dispatch
2024-05-12T21:46:30.212 INFO:journalctl@ceph.mon.smithi040.smithi040.stdout:May 12 21:46:29 smithi040 ceph-mon[26963]: Active manager daemon smithi040.jtjqaw restarted
2024-05-12T21:46:30.212 INFO:journalctl@ceph.mon.smithi040.smithi040.stdout:May 12 21:46:29 smithi040 ceph-mon[26963]: Activating manager daemon smithi040.jtjqaw
2024-05-12T21:46:30.212 INFO:journalctl@ceph.mon.smithi040.smithi040.stdout:May 12 21:46:29 smithi040 ceph-mon[26963]: osdmap e3: 0 total, 0 up, 0 in
2024-05-12T21:46:30.212 INFO:journalctl@ceph.mon.smithi040.smithi040.stdout:May 12 21:46:29 smithi040 ceph-mon[26963]: mgrmap e10: smithi040.jtjqaw(active, starting, since 0.0032935s)
2024-05-12T21:46:30.212 INFO:journalctl@ceph.mon.smithi040.smithi040.stdout:May 12 21:46:29 smithi040 ceph-mon[26963]: from='mgr.14162 172.21.15.40:0/1331225982' entity='mgr.smithi040.jtjqaw' cmd=[{"prefix": "mon metadata", "id": "smithi040"}]: dispatch
2024-05-12T21:46:30.212 INFO:journalctl@ceph.mon.smithi040.smithi040.stdout:May 12 21:46:29 smithi040 ceph-mon[26963]: from='mgr.14162 172.21.15.40:0/1331225982' entity='mgr.smithi040.jtjqaw' cmd=[{"prefix": "mgr metadata", "who": "smithi040.jtjqaw", "id": "smithi040.jtjqaw"}]: dispatch
2024-05-12T21:46:30.212 INFO:journalctl@ceph.mon.smithi040.smithi040.stdout:May 12 21:46:29 smithi040 ceph-mon[26963]: from='mgr.14162 172.21.15.40:0/1331225982' entity='mgr.smithi040.jtjqaw' cmd=[{"prefix": "mds metadata"}]: dispatch
2024-05-12T21:46:30.212 INFO:journalctl@ceph.mon.smithi040.smithi040.stdout:May 12 21:46:29 smithi040 ceph-mon[26963]: from='mgr.14162 172.21.15.40:0/1331225982' entity='mgr.smithi040.jtjqaw' cmd=[{"prefix": "osd metadata"}]: dispatch
2024-05-12T21:46:30.212 INFO:journalctl@ceph.mon.smithi040.smithi040.stdout:May 12 21:46:29 smithi040 ceph-mon[26963]: from='mgr.14162 172.21.15.40:0/1331225982' entity='mgr.smithi040.jtjqaw' cmd=[{"prefix": "mon metadata"}]: dispatch
2024-05-12T21:46:30.212 INFO:journalctl@ceph.mon.smithi040.smithi040.stdout:May 12 21:46:29 smithi040 ceph-mon[26963]: Manager daemon smithi040.jtjqaw is now available
2024-05-12T21:46:30.213 INFO:journalctl@ceph.mon.smithi040.smithi040.stdout:May 12 21:46:29 smithi040 ceph-mon[26963]: from='mgr.14162 172.21.15.40:0/1331225982' entity='mgr.smithi040.jtjqaw' cmd=[{"prefix": "config dump", "format": "json"}]: dispatch
2024-05-12T21:46:30.213 INFO:journalctl@ceph.mon.smithi040.smithi040.stdout:May 12 21:46:29 smithi040 ceph-mon[26963]: from='mgr.14162 172.21.15.40:0/1331225982' entity='mgr.smithi040.jtjqaw' cmd=[{"prefix": "config dump", "format": "json"}]: dispatch
2024-05-12T21:46:30.213 INFO:journalctl@ceph.mon.smithi040.smithi040.stdout:May 12 21:46:29 smithi040 ceph-mon[26963]: from='mgr.14162 172.21.15.40:0/1331225982' entity='mgr.smithi040.jtjqaw' cmd=[{"prefix":"config rm","who":"mgr","name":"mgr/rbd_support/smithi040.jtjqaw/mirror_snapshot_schedule"}]: dispatch
2024-05-12T21:46:30.213 INFO:journalctl@ceph.mon.smithi040.smithi040.stdout:May 12 21:46:29 smithi040 ceph-mon[26963]: from='mgr.14162 172.21.15.40:0/1331225982' entity='mgr.smithi040.jtjqaw' cmd=[{"prefix":"config rm","who":"mgr","name":"mgr/rbd_support/smithi040.jtjqaw/trash_purge_schedule"}]: dispatch
2024-05-12T21:46:31.383 INFO:teuthology.orchestra.run.smithi040.stdout:/usr/bin/ceph: stdout {
2024-05-12T21:46:31.383 INFO:teuthology.orchestra.run.smithi040.stdout:/usr/bin/ceph: stdout "mgrmap_epoch": 11,
2024-05-12T21:46:31.383 INFO:teuthology.orchestra.run.smithi040.stdout:/usr/bin/ceph: stdout "initialized": true
2024-05-12T21:46:31.383 INFO:teuthology.orchestra.run.smithi040.stdout:/usr/bin/ceph: stdout }
2024-05-12T21:46:31.383 INFO:teuthology.orchestra.run.smithi040.stdout:/usr/bin/ceph: stderr
2024-05-12T21:46:25.209+0000 7f08909ab700 1 Processor -- start
2024-05-12T21:46:31.383 INFO:teuthology.orchestra.run.smithi040.stdout:/usr/bin/ceph: stderr
2024-05-12T21:46:25.209+0000 7f08909ab700 1 -- start start
2024-05-12T21:46:31.383 INFO:teuthology.orchestra.run.smithi040.stdout:/usr/bin/ceph: stderr
2024-05-12T21:46:25.209+0000 7f08909ab700 1 --2- >> [v2:172.21.15.40:3300/0,v1:172.21.15.40:6789/0] conn(0x7f088c078c80 0x7f088c077230 unknown :-1 s=NONE pgs=0 cs=0 l=0 rev1=0 crypto rx=0 tx=0 comp rx=0 tx=0).connect
2024-05-12T21:46:31.383 INFO:teuthology.orchestra.run.smithi040.stdout:/usr/bin/ceph: stderr
2024-05-12T21:46:25.209+0000 7f08909ab700 1 -- --> [v2:172.21.15.40:3300/0,v1:172.21.15.40:6789/0] -- mon_getmap magic: 0 v1 -- 0x7f088c079090 con 0x7f088c078c80
2024-05-12T21:46:31.384 INFO:teuthology.orchestra.run.smithi040.stdout:/usr/bin/ceph: stderr
2024-05-12T21:46:25.210+0000 7f088a59c700 1 --2- >> [v2:172.21.15.40:3300/0,v1:172.21.15.40:6789/0] conn(0x7f088c078c80 0x7f088c077230 unknown :-1 s=BANNER_CONNECTING pgs=0 cs=0 l=0 rev1=0 crypto rx=0 tx=0 comp rx=0 tx=0)._handle_peer_banner_payload supported=3 required=0
2024-05-12T21:46:31.384 INFO:teuthology.orchestra.run.smithi040.stdout:/usr/bin/ceph: stderr
2024-05-12T21:46:25.210+0000 7f088a59c700 1 --2- >> [v2:172.21.15.40:3300/0,v1:172.21.15.40:6789/0] conn(0x7f088c078c80 0x7f088c077230 unknown :-1 s=HELLO_CONNECTING pgs=0 cs=0 l=0 rev1=1 crypto rx=0 tx=0 comp rx=0 tx=0).handle_hello peer v2:172.21.15.40:3300/0 says I am v2:172.21.15.40:52130/0 (socket says 172.21.15.40:52130)
2024-05-12T21:46:31.384 INFO:teuthology.orchestra.run.smithi040.stdout:/usr/bin/ceph: stderr
2024-05-12T21:46:25.210+0000 7f088a59c700 1 -- 172.21.15.40:0/3419491606 learned_addr learned my addr 172.21.15.40:0/3419491606 (peer_addr_for_me v2:172.21.15.40:0/0)
2024-05-12T21:46:31.384 INFO:teuthology.orchestra.run.smithi040.stdout:/usr/bin/ceph: stderr
2024-05-12T21:46:25.210+0000 7f088a59c700 1 -- 172.21.15.40:0/3419491606 --> [v2:172.21.15.40:3300/0,v1:172.21.15.40:6789/0] -- mon_subscribe({config=0+,monmap=0+}) v3 -- 0x7f088c077770 con 0x7f088c078c80
2024-05-12T21:46:31.384 INFO:teuthology.orchestra.run.smithi040.stdout:/usr/bin/ceph: stderr
2024-05-12T21:46:25.210+0000 7f088a59c700 1 --2- 172.21.15.40:0/3419491606 >> [v2:172.21.15.40:3300/0,v1:172.21.15.40:6789/0] conn(0x7f088c078c80 0x7f088c077230 secure :-1 s=READY pgs=71 cs=0 l=1 rev1=1 crypto rx=0x7f087c0098e0 tx=0x7f087c009250 comp rx=0 tx=0).ready entity=mon.0 client_cookie=2b80b6227068fd65 server_cookie=0 in_seq=0 out_seq=0
2024-05-12T21:46:31.384 INFO:teuthology.orchestra.run.smithi040.stdout:/usr/bin/ceph: stderr
2024-05-12T21:46:25.210+0000 7f088959a700 1 -- 172.21.15.40:0/3419491606 <== mon.0 v2:172.21.15.40:3300/0 1 ==== mon_map magic: 0 v1 ==== 229+0+0 (secure 0 0 0) 0x7f087c00b860 con 0x7f088c078c80
2024-05-12T21:46:31.384 INFO:teuthology.orchestra.run.smithi040.stdout:/usr/bin/ceph: stderr
2024-05-12T21:46:25.210+0000 7f088959a700 1 -- 172.21.15.40:0/3419491606 <== mon.0 v2:172.21.15.40:3300/0 2 ==== config(27 keys) v1 ==== 1109+0+0 (secure 0 0 0) 0x7f087c00be90 con 0x7f088c078c80
2024-05-12T21:46:31.384 INFO:teuthology.orchestra.run.smithi040.stdout:/usr/bin/ceph: stderr
2024-05-12T21:46:25.210+0000 7f088959a700 1 -- 172.21.15.40:0/3419491606 <== mon.0 v2:172.21.15.40:3300/0 3 ==== mon_map magic: 0 v1 ==== 229+0+0 (secure 0 0 0) 0x7f087c0103c0 con 0x7f088c078c80
2024-05-12T21:46:31.384 INFO:teuthology.orchestra.run.smithi040.stdout:/usr/bin/ceph: stderr
2024-05-12T21:46:25.211+0000 7f08909ab700 1 -- 172.21.15.40:0/3419491606 >> [v2:172.21.15.40:3300/0,v1:172.21.15.40:6789/0] conn(0x7f088c078c80 msgr2=0x7f088c077230 secure :-1 s=STATE_CONNECTION_ESTABLISHED l=1).mark_down
2024-05-12T21:46:31.384 INFO:teuthology.orchestra.run.smithi040.stdout:/usr/bin/ceph: stderr
2024-05-12T21:46:25.211+0000 7f08909ab700 1 --2- 172.21.15.40:0/3419491606 >> [v2:172.21.15.40:3300/0,v1:172.21.15.40:6789/0] conn(0x7f088c078c80 0x7f088c077230 secure :-1 s=READY pgs=71 cs=0 l=1 rev1=1 crypto rx=0x7f087c0098e0 tx=0x7f087c009250 comp rx=0 tx=0).stop
2024-05-12T21:46:31.384 INFO:teuthology.orchestra.run.smithi040.stdout:/usr/bin/ceph: stderr
2024-05-12T21:46:25.211+0000 7f08909ab700 1 -- 172.21.15.40:0/3419491606 shutdown_connections
2024-05-12T21:46:31.384 INFO:teuthology.orchestra.run.smithi040.stdout:/usr/bin/ceph: stderr
2024-05-12T21:46:25.211+0000 7f08909ab700 1 --2- 172.21.15.40:0/3419491606 >> [v2:172.21.15.40:3300/0,v1:172.21.15.40:6789/0] conn(0x7f088c078c80 0x7f088c077230 unknown :-1 s=CLOSED pgs=71 cs=0 l=1 rev1=1 crypto rx=0 tx=0 comp rx=0 tx=0).stop
2024-05-12T21:46:31.384 INFO:teuthology.orchestra.run.smithi040.stdout:/usr/bin/ceph: stderr
2024-05-12T21:46:25.211+0000 7f08909ab700 1 -- 172.21.15.40:0/3419491606 >> 172.21.15.40:0/3419491606 conn(0x7f088c0fe070 msgr2=0x7f088c100480 unknown :-1 s=STATE_NONE l=0).mark_down
2024-05-12T21:46:31.385 INFO:teuthology.orchestra.run.smithi040.stdout:/usr/bin/ceph: stderr
2024-05-12T21:46:25.211+0000 7f08909ab700 1 -- 172.21.15.40:0/3419491606 shutdown_connections
2024-05-12T21:46:31.385 INFO:teuthology.orchestra.run.smithi040.stdout:/usr/bin/ceph: stderr
2024-05-12T21:46:25.211+0000 7f08909ab700 1 -- 172.21.15.40:0/3419491606 wait complete.
2024-05-12T21:46:31.385 INFO:teuthology.orchestra.run.smithi040.stdout:/usr/bin/ceph: stderr
2024-05-12T21:46:25.212+0000 7f08909ab700 1 Processor -- start
2024-05-12T21:46:31.385 INFO:teuthology.orchestra.run.smithi040.stdout:/usr/bin/ceph: stderr
2024-05-12T21:46:25.212+0000 7f08909ab700 1 -- start start
2024-05-12T21:46:31.385 INFO:teuthology.orchestra.run.smithi040.stdout:/usr/bin/ceph: stderr
2024-05-12T21:46:25.212+0000 7f08909ab700 1 --2- >> [v2:172.21.15.40:3300/0,v1:172.21.15.40:6789/0] conn(0x7f088c078c80 0x7f088c113820 unknown :-1 s=NONE pgs=0 cs=0 l=1 rev1=0 crypto rx=0 tx=0 comp rx=0 tx=0).connect
2024-05-12T21:46:31.385 INFO:teuthology.orchestra.run.smithi040.stdout:/usr/bin/ceph: stderr
2024-05-12T21:46:25.212+0000 7f08909ab700 1 -- --> [v2:172.21.15.40:3300/0,v1:172.21.15.40:6789/0] -- mon_getmap magic: 0 v1 -- 0x7f088c113d60 con 0x7f088c078c80
2024-05-12T21:46:31.385 INFO:teuthology.orchestra.run.smithi040.stdout:/usr/bin/ceph: stderr
2024-05-12T21:46:25.212+0000 7f088a59c700 1 --2- >> [v2:172.21.15.40:3300/0,v1:172.21.15.40:6789/0] conn(0x7f088c078c80 0x7f088c113820 unknown :-1 s=BANNER_CONNECTING pgs=0 cs=0 l=1 rev1=0 crypto rx=0 tx=0 comp rx=0 tx=0)._handle_peer_banner_payload supported=3 required=0
2024-05-12T21:46:31.385 INFO:teuthology.orchestra.run.smithi040.stdout:/usr/bin/ceph: stderr
2024-05-12T21:46:25.212+0000 7f088a59c700 1 --2- >> [v2:172.21.15.40:3300/0,v1:172.21.15.40:6789/0] conn(0x7f088c078c80 0x7f088c113820 unknown :-1 s=HELLO_CONNECTING pgs=0 cs=0 l=1 rev1=1 crypto rx=0 tx=0 comp rx=0 tx=0).handle_hello peer v2:172.21.15.40:3300/0 says I am v2:172.21.15.40:52132/0 (socket says 172.21.15.40:52132)
2024-05-12T21:46:31.385 INFO:teuthology.orchestra.run.smithi040.stdout:/usr/bin/ceph: stderr
2024-05-12T21:46:25.212+0000 7f088a59c700 1 -- 172.21.15.40:0/919178092 learned_addr learned my addr 172.21.15.40:0/919178092 (peer_addr_for_me v2:172.21.15.40:0/0)
2024-05-12T21:46:31.385 INFO:teuthology.orchestra.run.smithi040.stdout:/usr/bin/ceph: stderr
2024-05-12T21:46:25.212+0000 7f088a59c700 1 -- 172.21.15.40:0/919178092 --> [v2:172.21.15.40:3300/0,v1:172.21.15.40:6789/0] -- mon_subscribe({config=0+,monmap=0+}) v3 -- 0x7f087c0094f0 con 0x7f088c078c80
2024-05-12T21:46:31.385 INFO:teuthology.orchestra.run.smithi040.stdout:/usr/bin/ceph: stderr
2024-05-12T21:46:25.212+0000 7f088a59c700 1 --2- 172.21.15.40:0/919178092 >> [v2:172.21.15.40:3300/0,v1:172.21.15.40:6789/0] conn(0x7f088c078c80 0x7f088c113820 secure :-1 s=READY pgs=72 cs=0 l=1 rev1=1 crypto rx=0x7f087c006d40 tx=0x7f087c009250 comp rx=0 tx=0).ready entity=mon.0 client_cookie=0 server_cookie=0 in_seq=0 out_seq=0
2024-05-12T21:46:31.385 INFO:teuthology.orchestra.run.smithi040.stdout:/usr/bin/ceph: stderr
2024-05-12T21:46:25.213+0000 7f087affd700 1 -- 172.21.15.40:0/919178092 <== mon.0 v2:172.21.15.40:3300/0 1 ==== mon_map magic: 0 v1 ==== 229+0+0 (secure 0 0 0) 0x7f087c010840 con 0x7f088c078c80
2024-05-12T21:46:31.386 INFO:teuthology.orchestra.run.smithi040.stdout:/usr/bin/ceph: stderr
2024-05-12T21:46:25.213+0000 7f087affd700 1 -- 172.21.15.40:0/919178092 <== mon.0 v2:172.21.15.40:3300/0 2 ==== config(27 keys) v1 ==== 1109+0+0 (secure 0 0 0) 0x7f087c010e70 con 0x7f088c078c80
2024-05-12T21:46:31.386 INFO:teuthology.orchestra.run.smithi040.stdout:/usr/bin/ceph: stderr
2024-05-12T21:46:25.213+0000 7f087affd700 1 -- 172.21.15.40:0/919178092 <== mon.0 v2:172.21.15.40:3300/0 3 ==== mon_map magic: 0 v1 ==== 229+0+0 (secure 0 0 0) 0x7f087c024ea0 con 0x7f088c078c80
2024-05-12T21:46:31.386 INFO:teuthology.orchestra.run.smithi040.stdout:/usr/bin/ceph: stderr
2024-05-12T21:46:25.213+0000 7f08909ab700 1 -- 172.21.15.40:0/919178092 --> [v2:172.21.15.40:3300/0,v1:172.21.15.40:6789/0] -- mon_subscribe({mgrmap=0+}) v3 -- 0x7f088c113f60 con 0x7f088c078c80
2024-05-12T21:46:31.386 INFO:teuthology.orchestra.run.smithi040.stdout:/usr/bin/ceph: stderr
2024-05-12T21:46:25.213+0000 7f08909ab700 1 -- 172.21.15.40:0/919178092 --> [v2:172.21.15.40:3300/0,v1:172.21.15.40:6789/0] -- mon_subscribe({osdmap=0}) v3 -- 0x7f088c114ad0 con 0x7f088c078c80
2024-05-12T21:46:31.386 INFO:teuthology.orchestra.run.smithi040.stdout:/usr/bin/ceph: stderr
2024-05-12T21:46:25.214+0000 7f087affd700 1 -- 172.21.15.40:0/919178092 <== mon.0 v2:172.21.15.40:3300/0 4 ==== mgrmap(e 9) v1 ==== 43389+0+0 (secure 0 0 0) 0x7f087c024780 con 0x7f088c078c80
2024-05-12T21:46:31.386 INFO:teuthology.orchestra.run.smithi040.stdout:/usr/bin/ceph: stderr
2024-05-12T21:46:25.214+0000 7f087affd700 1 --2- 172.21.15.40:0/919178092 >> [v2:172.21.15.40:6800/4106931486,v1:172.21.15.40:6801/4106931486] conn(0x7f0874036850 0x7f0874038d00 unknown :-1 s=NONE pgs=0 cs=0 l=1 rev1=0 crypto rx=0 tx=0 comp rx=0 tx=0).connect
2024-05-12T21:46:31.386 INFO:teuthology.orchestra.run.smithi040.stdout:/usr/bin/ceph: stderr
2024-05-12T21:46:25.214+0000 7f087affd700 1 -- 172.21.15.40:0/919178092 --> [v2:172.21.15.40:6800/4106931486,v1:172.21.15.40:6801/4106931486] -- command(tid 0: {"prefix": "get_command_descriptions"}) v1 -- 0x7f0874039410 con 0x7f0874036850
2024-05-12T21:46:31.386 INFO:teuthology.orchestra.run.smithi040.stdout:/usr/bin/ceph: stderr
2024-05-12T21:46:25.214+0000 7f087affd700 1 -- 172.21.15.40:0/919178092 <== mon.0 v2:172.21.15.40:3300/0 5 ==== osd_map(2..2 src has 1..2) v4 ==== 936+0+0 (secure 0 0 0) 0x7f087c04a730 con 0x7f088c078c80
2024-05-12T21:46:31.386 INFO:teuthology.orchestra.run.smithi040.stdout:/usr/bin/ceph: stderr
2024-05-12T21:46:25.214+0000 7f0889d9b700 1 -- 172.21.15.40:0/919178092 >> [v2:172.21.15.40:6800/4106931486,v1:172.21.15.40:6801/4106931486] conn(0x7f0874036850 msgr2=0x7f0874038d00 unknown :-1 s=STATE_CONNECTING_RE l=1).process reconnect failed to v2:172.21.15.40:6800/4106931486
2024-05-12T21:46:31.386 INFO:teuthology.orchestra.run.smithi040.stdout:/usr/bin/ceph: stderr
2024-05-12T21:46:25.214+0000 7f0889d9b700 1 --2- 172.21.15.40:0/919178092 >> [v2:172.21.15.40:6800/4106931486,v1:172.21.15.40:6801/4106931486] conn(0x7f0874036850 0x7f0874038d00 unknown :-1 s=START_CONNECT pgs=0 cs=0 l=1 rev1=0 crypto rx=0 tx=0 comp rx=0 tx=0)._fault waiting 0.200000
2024-05-12T21:46:31.386 INFO:teuthology.orchestra.run.smithi040.stdout:/usr/bin/ceph: stderr
2024-05-12T21:46:25.415+0000 7f0889d9b700 1 -- 172.21.15.40:0/919178092 >> [v2:172.21.15.40:6800/4106931486,v1:172.21.15.40:6801/4106931486] conn(0x7f0874036850 msgr2=0x7f0874038d00 unknown :-1 s=STATE_CONNECTING_RE l=1).process reconnect failed to v2:172.21.15.40:6800/4106931486
2024-05-12T21:46:31.386 INFO:teuthology.orchestra.run.smithi040.stdout:/usr/bin/ceph: stderr
2024-05-12T21:46:25.415+0000 7f0889d9b700 1 --2- 172.21.15.40:0/919178092 >> [v2:172.21.15.40:6800/4106931486,v1:172.21.15.40:6801/4106931486] conn(0x7f0874036850 0x7f0874038d00 unknown :-1 s=START_CONNECT pgs=0 cs=0 l=1 rev1=0 crypto rx=0 tx=0 comp rx=0 tx=0)._fault waiting 0.400000
2024-05-12T21:46:31.386 INFO:teuthology.orchestra.run.smithi040.stdout:/usr/bin/ceph: stderr
2024-05-12T21:46:25.816+0000 7f0889d9b700 1 -- 172.21.15.40:0/919178092 >> [v2:172.21.15.40:6800/4106931486,v1:172.21.15.40:6801/4106931486] conn(0x7f0874036850 msgr2=0x7f0874038d00 unknown :-1 s=STATE_CONNECTING_RE l=1).process reconnect failed to v2:172.21.15.40:6800/4106931486
2024-05-12T21:46:31.387 INFO:teuthology.orchestra.run.smithi040.stdout:/usr/bin/ceph: stderr
2024-05-12T21:46:25.816+0000 7f0889d9b700 1 --2- 172.21.15.40:0/919178092 >> [v2:172.21.15.40:6800/4106931486,v1:172.21.15.40:6801/4106931486] conn(0x7f0874036850 0x7f0874038d00 unknown :-1 s=START_CONNECT pgs=0 cs=0 l=1 rev1=0 crypto rx=0 tx=0 comp rx=0 tx=0)._fault waiting 0.800000
2024-05-12T21:46:31.387 INFO:teuthology.orchestra.run.smithi040.stdout:/usr/bin/ceph: stderr
2024-05-12T21:46:26.617+0000 7f0889d9b700 1 -- 172.21.15.40:0/919178092 >> [v2:172.21.15.40:6800/4106931486,v1:172.21.15.40:6801/4106931486] conn(0x7f0874036850 msgr2=0x7f0874038d00 unknown :-1 s=STATE_CONNECTING_RE l=1).process reconnect failed to v2:172.21.15.40:6800/4106931486
2024-05-12T21:46:31.387 INFO:teuthology.orchestra.run.smithi040.stdout:/usr/bin/ceph: stderr
2024-05-12T21:46:26.617+0000 7f0889d9b700 1 --2- 172.21.15.40:0/919178092 >> [v2:172.21.15.40:6800/4106931486,v1:172.21.15.40:6801/4106931486] conn(0x7f0874036850 0x7f0874038d00 unknown :-1 s=START_CONNECT pgs=0 cs=0 l=1 rev1=0 crypto rx=0 tx=0 comp rx=0 tx=0)._fault waiting 1.600000
2024-05-12T21:46:31.387 INFO:teuthology.orchestra.run.smithi040.stdout:/usr/bin/ceph: stderr
2024-05-12T21:46:28.218+0000 7f0889d9b700 1 -- 172.21.15.40:0/919178092 >> [v2:172.21.15.40:6800/4106931486,v1:172.21.15.40:6801/4106931486] conn(0x7f0874036850 msgr2=0x7f0874038d00 unknown :-1 s=STATE_CONNECTING_RE l=1).process reconnect failed to v2:172.21.15.40:6800/4106931486
2024-05-12T21:46:31.387 INFO:teuthology.orchestra.run.smithi040.stdout:/usr/bin/ceph: stderr
2024-05-12T21:46:28.218+0000 7f0889d9b700 1 --2- 172.21.15.40:0/919178092 >> [v2:172.21.15.40:6800/4106931486,v1:172.21.15.40:6801/4106931486] conn(0x7f0874036850 0x7f0874038d00 unknown :-1 s=START_CONNECT pgs=0 cs=0 l=1 rev1=0 crypto rx=0 tx=0 comp rx=0 tx=0)._fault waiting 3.200000
2024-05-12T21:46:31.387 INFO:teuthology.orchestra.run.smithi040.stdout:/usr/bin/ceph: stderr
2024-05-12T21:46:29.691+0000 7f087affd700 1 -- 172.21.15.40:0/919178092 <== mon.0 v2:172.21.15.40:3300/0 6 ==== mgrmap(e 10) v1 ==== 43156+0+0 (secure 0 0 0) 0x7f087c024430 con 0x7f088c078c80
2024-05-12T21:46:31.387 INFO:teuthology.orchestra.run.smithi040.stdout:/usr/bin/ceph: stderr
2024-05-12T21:46:29.691+0000 7f087affd700 1 -- 172.21.15.40:0/919178092 >> [v2:172.21.15.40:6800/4106931486,v1:172.21.15.40:6801/4106931486] conn(0x7f0874036850 msgr2=0x7f0874038d00 unknown :-1 s=STATE_CONNECTING l=1).mark_down
2024-05-12T21:46:31.387 INFO:teuthology.orchestra.run.smithi040.stdout:/usr/bin/ceph: stderr
2024-05-12T21:46:29.691+0000 7f087affd700 1 --2- 172.21.15.40:0/919178092 >> [v2:172.21.15.40:6800/4106931486,v1:172.21.15.40:6801/4106931486] conn(0x7f0874036850 0x7f0874038d00 unknown :-1 s=START_CONNECT pgs=0 cs=0 l=1 rev1=0 crypto rx=0 tx=0 comp rx=0 tx=0).stop
2024-05-12T21:46:31.387 INFO:teuthology.orchestra.run.smithi040.stdout:/usr/bin/ceph: stderr
2024-05-12T21:46:30.693+0000 7f087affd700 1 -- 172.21.15.40:0/919178092 <== mon.0 v2:172.21.15.40:3300/0 7 ==== mgrmap(e 11) v1 ==== 43283+0+0 (secure 0 0 0) 0x7f087c0109a0 con 0x7f088c078c80
2024-05-12T21:46:31.387 INFO:teuthology.orchestra.run.smithi040.stdout:/usr/bin/ceph: stderr
2024-05-12T21:46:30.693+0000 7f087affd700 1 --2- 172.21.15.40:0/919178092 >> [v2:172.21.15.40:6800/1418131652,v1:172.21.15.40:6801/1418131652] conn(0x7f087403a090 0x7f087403c470 unknown :-1 s=NONE pgs=0 cs=0 l=1 rev1=0 crypto rx=0 tx=0 comp rx=0 tx=0).connect
2024-05-12T21:46:31.387 INFO:teuthology.orchestra.run.smithi040.stdout:/usr/bin/ceph: stderr
2024-05-12T21:46:30.693+0000 7f087affd700 1 -- 172.21.15.40:0/919178092 --> [v2:172.21.15.40:6800/1418131652,v1:172.21.15.40:6801/1418131652] -- command(tid 0: {"prefix": "get_command_descriptions"}) v1 -- 0x7f0874039410 con 0x7f087403a090
2024-05-12T21:46:31.387 INFO:teuthology.orchestra.run.smithi040.stdout:/usr/bin/ceph: stderr
2024-05-12T21:46:30.694+0000 7f0889d9b700 1 --2- 172.21.15.40:0/919178092 >> [v2:172.21.15.40:6800/1418131652,v1:172.21.15.40:6801/1418131652] conn(0x7f087403a090 0x7f087403c470 unknown :-1 s=BANNER_CONNECTING pgs=0 cs=0 l=1 rev1=0 crypto rx=0 tx=0 comp rx=0 tx=0)._handle_peer_banner_payload supported=3 required=0
2024-05-12T21:46:31.387 INFO:teuthology.orchestra.run.smithi040.stdout:/usr/bin/ceph: stderr
2024-05-12T21:46:30.695+0000 7f0889d9b700 1 --2- 172.21.15.40:0/919178092 >> [v2:172.21.15.40:6800/1418131652,v1:172.21.15.40:6801/1418131652] conn(0x7f087403a090 0x7f087403c470 secure :-1 s=READY pgs=2 cs=0 l=1 rev1=1 crypto rx=0x7f08800039d0 tx=0x7f08800092f0 comp rx=0 tx=0).ready entity=mgr.14162 client_cookie=0 server_cookie=0 in_seq=0 out_seq=0
2024-05-12T21:46:31.387 INFO:teuthology.orchestra.run.smithi040.stdout:/usr/bin/ceph: stderr
2024-05-12T21:46:30.695+0000 7f087affd700 1 -- 172.21.15.40:0/919178092 <== mgr.14162 v2:172.21.15.40:6800/1418131652 1 ==== command_reply(tid 0: 0 ) v1 ==== 8+0+6549 (secure 0 0 0) 0x7f0874039410 con 0x7f087403a090
2024-05-12T21:46:31.388 INFO:teuthology.orchestra.run.smithi040.stdout:/usr/bin/ceph: stderr
2024-05-12T21:46:30.701+0000 7f08909ab700 1 -- 172.21.15.40:0/919178092 --> [v2:172.21.15.40:6800/1418131652,v1:172.21.15.40:6801/1418131652] -- command(tid 1: {"prefix": "mgr_status"}) v1 -- 0x7f088c1143f0 con 0x7f087403a090
2024-05-12T21:46:31.388 INFO:teuthology.orchestra.run.smithi040.stdout:/usr/bin/ceph: stderr
2024-05-12T21:46:30.702+0000 7f087affd700 1 -- 172.21.15.40:0/919178092 <== mgr.14162 v2:172.21.15.40:6800/1418131652 2 ==== command_reply(tid 1: 0 ) v1 ==== 8+0+52 (secure 0 0 0) 0x7f088c1143f0 con 0x7f087403a090
2024-05-12T21:46:31.388 INFO:teuthology.orchestra.run.smithi040.stdout:/usr/bin/ceph: stderr
2024-05-12T21:46:30.702+0000 7f08909ab700 1 -- 172.21.15.40:0/919178092 >> [v2:172.21.15.40:6800/1418131652,v1:172.21.15.40:6801/1418131652] conn(0x7f087403a090 msgr2=0x7f087403c470 secure :-1 s=STATE_CONNECTION_ESTABLISHED l=1).mark_down
2024-05-12T21:46:31.388 INFO:teuthology.orchestra.run.smithi040.stdout:/usr/bin/ceph: stderr
2024-05-12T21:46:30.702+0000 7f08909ab700 1 --2- 172.21.15.40:0/919178092 >> [v2:172.21.15.40:6800/1418131652,v1:172.21.15.40:6801/1418131652] conn(0x7f087403a090 0x7f087403c470 secure :-1 s=READY pgs=2 cs=0 l=1 rev1=1 crypto rx=0x7f08800039d0 tx=0x7f08800092f0 comp rx=0 tx=0).stop
2024-05-12T21:46:31.388 INFO:teuthology.orchestra.run.smithi040.stdout:/usr/bin/ceph: stderr
2024-05-12T21:46:30.702+0000 7f08909ab700 1 -- 172.21.15.40:0/919178092 >> [v2:172.21.15.40:3300/0,v1:172.21.15.40:6789/0] conn(0x7f088c078c80 msgr2=0x7f088c113820 secure :-1 s=STATE_CONNECTION_ESTABLISHED l=1).mark_down
2024-05-12T21:46:31.388 INFO:teuthology.orchestra.run.smithi040.stdout:/usr/bin/ceph: stderr
2024-05-12T21:46:30.702+0000 7f08909ab700 1 --2- 172.21.15.40:0/919178092 >> [v2:172.21.15.40:3300/0,v1:172.21.15.40:6789/0] conn(0x7f088c078c80 0x7f088c113820 secure :-1 s=READY pgs=72 cs=0 l=1 rev1=1 crypto rx=0x7f087c006d40 tx=0x7f087c009250 comp rx=0 tx=0).stop
2024-05-12T21:46:31.388 INFO:teuthology.orchestra.run.smithi040.stdout:/usr/bin/ceph: stderr
2024-05-12T21:46:30.702+0000 7f08909ab700 1 -- 172.21.15.40:0/919178092 shutdown_connections
2024-05-12T21:46:31.388 INFO:teuthology.orchestra.run.smithi040.stdout:/usr/bin/ceph: stderr
2024-05-12T21:46:30.702+0000 7f08909ab700 1 --2- 172.21.15.40:0/919178092 >> [v2:172.21.15.40:6800/1418131652,v1:172.21.15.40:6801/1418131652] conn(0x7f087403a090 0x7f087403c470 unknown :-1 s=CLOSED pgs=2 cs=0 l=1 rev1=1 crypto rx=0 tx=0 comp rx=0 tx=0).stop
2024-05-12T21:46:31.388 INFO:teuthology.orchestra.run.smithi040.stdout:/usr/bin/ceph: stderr
2024-05-12T21:46:30.702+0000 7f08909ab700 1 --2- 172.21.15.40:0/919178092 >> [v2:172.21.15.40:3300/0,v1:172.21.15.40:6789/0] conn(0x7f088c078c80 0x7f088c113820 unknown :-1 s=CLOSED pgs=72 cs=0 l=1 rev1=1 crypto rx=0 tx=0 comp rx=0 tx=0).stop
2024-05-12T21:46:31.388 INFO:teuthology.orchestra.run.smithi040.stdout:/usr/bin/ceph: stderr
2024-05-12T21:46:30.702+0000 7f08909ab700 1 --2- 172.21.15.40:0/919178092 >> [v2:172.21.15.40:6800/4106931486,v1:172.21.15.40:6801/4106931486] conn(0x7f0874036850 0x7f0874038d00 unknown :-1 s=CLOSED pgs=0 cs=0 l=1 rev1=0 crypto rx=0 tx=0 comp rx=0 tx=0).stop
2024-05-12T21:46:31.388 INFO:teuthology.orchestra.run.smithi040.stdout:/usr/bin/ceph: stderr
2024-05-12T21:46:30.702+0000 7f08909ab700 1 -- 172.21.15.40:0/919178092 >> 172.21.15.40:0/919178092 conn(0x7f088c0fe070 msgr2=0x7f088c0febc0 unknown :-1 s=STATE_NONE l=0).mark_down
2024-05-12T21:46:31.388 INFO:teuthology.orchestra.run.smithi040.stdout:/usr/bin/ceph: stderr
2024-05-12T21:46:30.702+0000 7f08909ab700 1 -- 172.21.15.40:0/919178092 shutdown_connections
2024-05-12T21:46:31.388 INFO:teuthology.orchestra.run.smithi040.stdout:/usr/bin/ceph: stderr
2024-05-12T21:46:30.702+0000 7f08909ab700 1 -- 172.21.15.40:0/919178092 wait complete.
2024-05-12T21:46:31.388 INFO:teuthology.orchestra.run.smithi040.stdout:mgr epoch 9 is available
2024-05-12T21:46:31.389 INFO:teuthology.orchestra.run.smithi040.stdout:Generating a dashboard self-signed certificate...
2024-05-12T21:46:31.461 INFO:journalctl@ceph.mon.smithi040.smithi040.stdout:May 12 21:46:31 smithi040 ceph-mon[26963]: [12/May/2024:21:46:30] ENGINE Bus STARTING
2024-05-12T21:46:31.462 INFO:journalctl@ceph.mon.smithi040.smithi040.stdout:May 12 21:46:31 smithi040 ceph-mon[26963]: [12/May/2024:21:46:30] ENGINE Serving on https://172.21.15.40:7150
2024-05-12T21:46:31.462 INFO:journalctl@ceph.mon.smithi040.smithi040.stdout:May 12 21:46:31 smithi040 ceph-mon[26963]: [12/May/2024:21:46:30] ENGINE Bus STARTED
2024-05-12T21:46:31.462 INFO:journalctl@ceph.mon.smithi040.smithi040.stdout:May 12 21:46:31 smithi040 ceph-mon[26963]: from='mgr.14162 172.21.15.40:0/1331225982' entity='mgr.smithi040.jtjqaw'
2024-05-12T21:46:31.462 INFO:journalctl@ceph.mon.smithi040.smithi040.stdout:May 12 21:46:31 smithi040 ceph-mon[26963]: from='client.14166 -' entity='client.admin' cmd=[{"prefix": "get_command_descriptions"}]: dispatch
2024-05-12T21:46:31.462 INFO:journalctl@ceph.mon.smithi040.smithi040.stdout:May 12 21:46:31 smithi040 ceph-mon[26963]: mgrmap e11: smithi040.jtjqaw(active, since 1.0062s)
2024-05-12T21:46:31.462 INFO:journalctl@ceph.mon.smithi040.smithi040.stdout:May 12 21:46:31 smithi040 ceph-mon[26963]: from='client.14166 -' entity='client.admin' cmd=[{"prefix": "mgr_status"}]: dispatch
2024-05-12T21:46:32.604 INFO:teuthology.orchestra.run.smithi040.stdout:/usr/bin/ceph: stdout Self-signed certificate created
2024-05-12T21:46:32.604 INFO:teuthology.orchestra.run.smithi040.stdout:/usr/bin/ceph: stderr
2024-05-12T21:46:31.792+0000 7ff4dfc97700 1 Processor -- start
2024-05-12T21:46:32.604 INFO:teuthology.orchestra.run.smithi040.stdout:/usr/bin/ceph: stderr
2024-05-12T21:46:31.792+0000 7ff4dfc97700 1 -- start start
2024-05-12T21:46:32.604 INFO:teuthology.orchestra.run.smithi040.stdout:/usr/bin/ceph: stderr
2024-05-12T21:46:31.792+0000 7ff4dfc97700 1 --2- >> [v2:172.21.15.40:3300/0,v1:172.21.15.40:6789/0] conn(0x7ff4d8076c50 0x7ff4d8105400 unknown :-1 s=NONE pgs=0 cs=0 l=0 rev1=0 crypto rx=0 tx=0 comp rx=0 tx=0).connect
2024-05-12T21:46:32.604 INFO:teuthology.orchestra.run.smithi040.stdout:/usr/bin/ceph: stderr
2024-05-12T21:46:31.792+0000 7ff4dfc97700 1 -- --> [v2:172.21.15.40:3300/0,v1:172.21.15.40:6789/0] -- mon_getmap magic: 0 v1 -- 0x7ff4d8105940 con 0x7ff4d8076c50
2024-05-12T21:46:32.604 INFO:teuthology.orchestra.run.smithi040.stdout:/usr/bin/ceph: stderr
2024-05-12T21:46:31.793+0000 7ff4dda33700 1 --2- >> [v2:172.21.15.40:3300/0,v1:172.21.15.40:6789/0] conn(0x7ff4d8076c50 0x7ff4d8105400 unknown :-1 s=BANNER_CONNECTING pgs=0 cs=0 l=0 rev1=0 crypto rx=0 tx=0 comp rx=0 tx=0)._handle_peer_banner_payload supported=3 required=0
2024-05-12T21:46:32.604 INFO:teuthology.orchestra.run.smithi040.stdout:/usr/bin/ceph: stderr
2024-05-12T21:46:31.793+0000 7ff4dda33700 1 --2- >> [v2:172.21.15.40:3300/0,v1:172.21.15.40:6789/0] conn(0x7ff4d8076c50 0x7ff4d8105400 unknown :-1 s=HELLO_CONNECTING pgs=0 cs=0 l=0 rev1=1 crypto rx=0 tx=0 comp rx=0 tx=0).handle_hello peer v2:172.21.15.40:3300/0 says I am v2:172.21.15.40:52204/0 (socket says 172.21.15.40:52204)
2024-05-12T21:46:32.604 INFO:teuthology.orchestra.run.smithi040.stdout:/usr/bin/ceph: stderr
2024-05-12T21:46:31.793+0000 7ff4dda33700 1 -- 172.21.15.40:0/1478245313 learned_addr learned my addr 172.21.15.40:0/1478245313 (peer_addr_for_me v2:172.21.15.40:0/0)
2024-05-12T21:46:32.605 INFO:teuthology.orchestra.run.smithi040.stdout:/usr/bin/ceph: stderr
2024-05-12T21:46:31.793+0000 7ff4dda33700 1 -- 172.21.15.40:0/1478245313 --> [v2:172.21.15.40:3300/0,v1:172.21.15.40:6789/0] -- mon_subscribe({config=0+,monmap=0+}) v3 -- 0x7ff4d8105a80 con 0x7ff4d8076c50
2024-05-12T21:46:32.605 INFO:teuthology.orchestra.run.smithi040.stdout:/usr/bin/ceph: stderr
2024-05-12T21:46:31.793+0000 7ff4dda33700 1 --2- 172.21.15.40:0/1478245313 >> [v2:172.21.15.40:3300/0,v1:172.21.15.40:6789/0] conn(0x7ff4d8076c50 0x7ff4d8105400 secure :-1 s=READY pgs=80 cs=0 l=1 rev1=1 crypto rx=0x7ff4cc0098e0 tx=0x7ff4cc009250 comp rx=0 tx=0).ready entity=mon.0 client_cookie=a3bb456028a6f02 server_cookie=0 in_seq=0 out_seq=0
2024-05-12T21:46:32.605 INFO:teuthology.orchestra.run.smithi040.stdout:/usr/bin/ceph: stderr
2024-05-12T21:46:31.793+0000 7ff4dca31700 1 -- 172.21.15.40:0/1478245313 <== mon.0 v2:172.21.15.40:3300/0 1 ==== mon_map magic: 0 v1 ==== 229+0+0 (secure 0 0 0) 0x7ff4cc00b860 con 0x7ff4d8076c50
2024-05-12T21:46:32.605 INFO:teuthology.orchestra.run.smithi040.stdout:/usr/bin/ceph: stderr
2024-05-12T21:46:31.793+0000 7ff4dca31700 1 -- 172.21.15.40:0/1478245313 <== mon.0 v2:172.21.15.40:3300/0 2 ==== config(27 keys) v1 ==== 1109+0+0 (secure 0 0 0) 0x7ff4cc00be90 con 0x7ff4d8076c50
2024-05-12T21:46:32.605 INFO:teuthology.orchestra.run.smithi040.stdout:/usr/bin/ceph: stderr
2024-05-12T21:46:31.793+0000 7ff4dca31700 1 -- 172.21.15.40:0/1478245313 <== mon.0 v2:172.21.15.40:3300/0 3 ==== mon_map magic: 0 v1 ==== 229+0+0 (secure 0 0 0) 0x7ff4cc0103c0 con 0x7ff4d8076c50
2024-05-12T21:46:32.605 INFO:teuthology.orchestra.run.smithi040.stdout:/usr/bin/ceph: stderr
2024-05-12T21:46:31.794+0000 7ff4dfc97700 1 -- 172.21.15.40:0/1478245313 >> [v2:172.21.15.40:3300/0,v1:172.21.15.40:6789/0] conn(0x7ff4d8076c50 msgr2=0x7ff4d8105400 secure :-1 s=STATE_CONNECTION_ESTABLISHED l=1).mark_down
2024-05-12T21:46:32.605 INFO:teuthology.orchestra.run.smithi040.stdout:/usr/bin/ceph: stderr
2024-05-12T21:46:31.794+0000 7ff4dfc97700 1 --2- 172.21.15.40:0/1478245313 >> [v2:172.21.15.40:3300/0,v1:172.21.15.40:6789/0] conn(0x7ff4d8076c50 0x7ff4d8105400 secure :-1 s=READY pgs=80 cs=0 l=1 rev1=1 crypto rx=0x7ff4cc0098e0 tx=0x7ff4cc009250 comp rx=0 tx=0).stop
2024-05-12T21:46:32.605 INFO:teuthology.orchestra.run.smithi040.stdout:/usr/bin/ceph: stderr
2024-05-12T21:46:31.794+0000 7ff4dfc97700 1 -- 172.21.15.40:0/1478245313 shutdown_connections
2024-05-12T21:46:32.605 INFO:teuthology.orchestra.run.smithi040.stdout:/usr/bin/ceph: stderr
2024-05-12T21:46:31.794+0000 7ff4dfc97700 1 --2- 172.21.15.40:0/1478245313 >> [v2:172.21.15.40:3300/0,v1:172.21.15.40:6789/0] conn(0x7ff4d8076c50 0x7ff4d8105400 unknown :-1 s=CLOSED pgs=80 cs=0 l=1 rev1=1 crypto rx=0 tx=0 comp rx=0 tx=0).stop
2024-05-12T21:46:32.605 INFO:teuthology.orchestra.run.smithi040.stdout:/usr/bin/ceph: stderr
2024-05-12T21:46:31.794+0000 7ff4dfc97700 1 -- 172.21.15.40:0/1478245313 >> 172.21.15.40:0/1478245313 conn(0x7ff4d80fcef0 msgr2=0x7ff4d80ff300 unknown :-1 s=STATE_NONE l=0).mark_down
2024-05-12T21:46:32.605 INFO:teuthology.orchestra.run.smithi040.stdout:/usr/bin/ceph: stderr
2024-05-12T21:46:31.794+0000 7ff4dfc97700 1 -- 172.21.15.40:0/1478245313 shutdown_connections
2024-05-12T21:46:32.605 INFO:teuthology.orchestra.run.smithi040.stdout:/usr/bin/ceph: stderr
2024-05-12T21:46:31.794+0000 7ff4dfc97700 1 -- 172.21.15.40:0/1478245313 wait complete.
2024-05-12T21:46:32.605 INFO:teuthology.orchestra.run.smithi040.stdout:/usr/bin/ceph: stderr
2024-05-12T21:46:31.795+0000 7ff4dfc97700 1 Processor -- start
2024-05-12T21:46:32.605 INFO:teuthology.orchestra.run.smithi040.stdout:/usr/bin/ceph: stderr
2024-05-12T21:46:31.795+0000 7ff4dfc97700 1 -- start start
2024-05-12T21:46:32.606 INFO:teuthology.orchestra.run.smithi040.stdout:/usr/bin/ceph: stderr
2024-05-12T21:46:31.795+0000 7ff4dfc97700 1 --2- >> [v2:172.21.15.40:3300/0,v1:172.21.15.40:6789/0] conn(0x7ff4d8076c50 0x7ff4d8111620 unknown :-1 s=NONE pgs=0 cs=0 l=1 rev1=0 crypto rx=0 tx=0 comp rx=0 tx=0).connect
2024-05-12T21:46:32.606 INFO:teuthology.orchestra.run.smithi040.stdout:/usr/bin/ceph: stderr
2024-05-12T21:46:31.795+0000 7ff4dfc97700 1 -- --> [v2:172.21.15.40:3300/0,v1:172.21.15.40:6789/0] -- mon_getmap magic: 0 v1 -- 0x7ff4d8111b60 con 0x7ff4d8076c50
2024-05-12T21:46:32.606 INFO:teuthology.orchestra.run.smithi040.stdout:/usr/bin/ceph: stderr
2024-05-12T21:46:31.795+0000 7ff4dda33700 1 --2- >> [v2:172.21.15.40:3300/0,v1:172.21.15.40:6789/0] conn(0x7ff4d8076c50 0x7ff4d8111620 unknown :-1 s=BANNER_CONNECTING pgs=0 cs=0 l=1 rev1=0 crypto rx=0 tx=0 comp rx=0 tx=0)._handle_peer_banner_payload supported=3 required=0
2024-05-12T21:46:32.606 INFO:teuthology.orchestra.run.smithi040.stdout:/usr/bin/ceph: stderr
2024-05-12T21:46:31.795+0000 7ff4dda33700 1 --2- >> [v2:172.21.15.40:3300/0,v1:172.21.15.40:6789/0] conn(0x7ff4d8076c50 0x7ff4d8111620 unknown :-1 s=HELLO_CONNECTING pgs=0 cs=0 l=1 rev1=1 crypto rx=0 tx=0 comp rx=0 tx=0).handle_hello peer v2:172.21.15.40:3300/0 says I am v2:172.21.15.40:52210/0 (socket says 172.21.15.40:52210)
2024-05-12T21:46:32.606 INFO:teuthology.orchestra.run.smithi040.stdout:/usr/bin/ceph: stderr
2024-05-12T21:46:31.795+0000 7ff4dda33700 1 -- 172.21.15.40:0/3128045128 learned_addr learned my addr 172.21.15.40:0/3128045128 (peer_addr_for_me v2:172.21.15.40:0/0)
2024-05-12T21:46:32.606 INFO:teuthology.orchestra.run.smithi040.stdout:/usr/bin/ceph: stderr
2024-05-12T21:46:31.795+0000 7ff4dda33700 1 -- 172.21.15.40:0/3128045128 --> [v2:172.21.15.40:3300/0,v1:172.21.15.40:6789/0] -- mon_subscribe({config=0+,monmap=0+}) v3 -- 0x7ff4cc0094f0 con 0x7ff4d8076c50
2024-05-12T21:46:32.606 INFO:teuthology.orchestra.run.smithi040.stdout:/usr/bin/ceph: stderr
2024-05-12T21:46:31.796+0000 7ff4dda33700 1 --2- 172.21.15.40:0/3128045128 >> [v2:172.21.15.40:3300/0,v1:172.21.15.40:6789/0] conn(0x7ff4d8076c50 0x7ff4d8111620 secure :-1 s=READY pgs=81 cs=0 l=1 rev1=1 crypto rx=0x7ff4cc006d40 tx=0x7ff4cc009250 comp rx=0 tx=0).ready entity=mon.0 client_cookie=0 server_cookie=0 in_seq=0 out_seq=0
2024-05-12T21:46:32.606 INFO:teuthology.orchestra.run.smithi040.stdout:/usr/bin/ceph: stderr
2024-05-12T21:46:31.796+0000 7ff4ca7fc700 1 -- 172.21.15.40:0/3128045128 <== mon.0 v2:172.21.15.40:3300/0 1 ==== mon_map magic: 0 v1 ==== 229+0+0 (secure 0 0 0) 0x7ff4cc010840 con 0x7ff4d8076c50
2024-05-12T21:46:32.607 INFO:teuthology.orchestra.run.smithi040.stdout:/usr/bin/ceph: stderr
2024-05-12T21:46:31.796+0000 7ff4dfc97700 1 -- 172.21.15.40:0/3128045128 --> [v2:172.21.15.40:3300/0,v1:172.21.15.40:6789/0] -- mon_subscribe({mgrmap=0+}) v3 -- 0x7ff4d8111d60 con 0x7ff4d8076c50
2024-05-12T21:46:32.607 INFO:teuthology.orchestra.run.smithi040.stdout:/usr/bin/ceph: stderr
2024-05-12T21:46:31.796+0000 7ff4ca7fc700 1 -- 172.21.15.40:0/3128045128 <== mon.0 v2:172.21.15.40:3300/0 2 ==== config(27 keys) v1 ==== 1109+0+0 (secure 0 0 0) 0x7ff4cc010e70 con 0x7ff4d8076c50
2024-05-12T21:46:32.607 INFO:teuthology.orchestra.run.smithi040.stdout:/usr/bin/ceph: stderr
2024-05-12T21:46:31.796+0000 7ff4ca7fc700 1 -- 172.21.15.40:0/3128045128 <== mon.0 v2:172.21.15.40:3300/0 3 ==== mon_map magic: 0 v1 ==== 229+0+0 (secure 0 0 0) 0x7ff4cc024ea0 con 0x7ff4d8076c50
2024-05-12T21:46:32.608 INFO:teuthology.orchestra.run.smithi040.stdout:/usr/bin/ceph: stderr
2024-05-12T21:46:31.796+0000 7ff4dfc97700 1 -- 172.21.15.40:0/3128045128 --> [v2:172.21.15.40:3300/0,v1:172.21.15.40:6789/0] -- mon_subscribe({osdmap=0}) v3 -- 0x7ff4d81128d0 con 0x7ff4d8076c50
2024-05-12T21:46:32.608 INFO:teuthology.orchestra.run.smithi040.stdout:/usr/bin/ceph: stderr
2024-05-12T21:46:31.797+0000 7ff4ca7fc700 1 -- 172.21.15.40:0/3128045128 <== mon.0 v2:172.21.15.40:3300/0 4 ==== mgrmap(e 11) v1 ==== 43283+0+0 (secure 0 0 0) 0x7ff4cc01a4c0 con 0x7ff4d8076c50
2024-05-12T21:46:32.608 INFO:teuthology.orchestra.run.smithi040.stdout:/usr/bin/ceph: stderr
