2024-05-12T21:58:34.391 INFO:teuthology.orchestra.run.smithi028.stdout:/usr/bin/ceph: stderr
2024-05-12T21:58:33.109+0000 7fe7fbe00700 1 -- 172.21.15.28:0/3984091639 shutdown_connections
2024-05-12T21:58:34.391 INFO:teuthology.orchestra.run.smithi028.stdout:/usr/bin/ceph: stderr
2024-05-12T21:58:33.109+0000 7fe7fbe00700 1 --2- 172.21.15.28:0/3984091639 >> [v2:172.21.15.28:3300/0,v1:172.21.15.28:6789/0] conn(0x7fe7f41089c0 0x7fe7f410adb0 unknown :-1 s=CLOSED pgs=53 cs=0 l=1 rev1=1 crypto rx=0 tx=0 comp rx=0 tx=0).stop
2024-05-12T21:58:34.392 INFO:teuthology.orchestra.run.smithi028.stdout:/usr/bin/ceph: stderr
2024-05-12T21:58:33.109+0000 7fe7fbe00700 1 -- 172.21.15.28:0/3984091639 >> 172.21.15.28:0/3984091639 conn(0x7fe7f4102410 msgr2=0x7fe7f4104830 unknown :-1 s=STATE_NONE l=0).mark_down
2024-05-12T21:58:34.392 INFO:teuthology.orchestra.run.smithi028.stdout:/usr/bin/ceph: stderr
2024-05-12T21:58:33.109+0000 7fe7fbe00700 1 -- 172.21.15.28:0/3984091639 shutdown_connections
2024-05-12T21:58:34.392 INFO:teuthology.orchestra.run.smithi028.stdout:/usr/bin/ceph: stderr
2024-05-12T21:58:33.109+0000 7fe7fbe00700 1 -- 172.21.15.28:0/3984091639 wait complete.
2024-05-12T21:58:34.392 INFO:teuthology.orchestra.run.smithi028.stdout:/usr/bin/ceph: stderr
2024-05-12T21:58:33.110+0000 7fe7fbe00700 1 Processor -- start
2024-05-12T21:58:34.392 INFO:teuthology.orchestra.run.smithi028.stdout:/usr/bin/ceph: stderr
2024-05-12T21:58:33.110+0000 7fe7fbe00700 1 -- start start
2024-05-12T21:58:34.392 INFO:teuthology.orchestra.run.smithi028.stdout:/usr/bin/ceph: stderr
2024-05-12T21:58:33.111+0000 7fe7fbe00700 1 --2- >> [v2:172.21.15.28:3300/0,v1:172.21.15.28:6789/0] conn(0x7fe7f41089c0 0x7fe7f4108240 unknown :-1 s=NONE pgs=0 cs=0 l=1 rev1=0 crypto rx=0 tx=0 comp rx=0 tx=0).connect
2024-05-12T21:58:34.392 INFO:teuthology.orchestra.run.smithi028.stdout:/usr/bin/ceph: stderr
2024-05-12T21:58:33.111+0000 7fe7fbe00700 1 -- --> [v2:172.21.15.28:3300/0,v1:172.21.15.28:6789/0] -- mon_getmap magic: 0 -- 0x7fe7f410c360 con 0x7fe7f41089c0
2024-05-12T21:58:34.392 INFO:teuthology.orchestra.run.smithi028.stdout:/usr/bin/ceph: stderr
2024-05-12T21:58:33.111+0000 7fe7f9400700 1 --2- >> [v2:172.21.15.28:3300/0,v1:172.21.15.28:6789/0] conn(0x7fe7f41089c0 0x7fe7f4108240 unknown :-1 s=BANNER_CONNECTING pgs=0 cs=0 l=1 rev1=0 crypto rx=0 tx=0 comp rx=0 tx=0)._handle_peer_banner_payload supported=3 required=0
2024-05-12T21:58:34.392 INFO:teuthology.orchestra.run.smithi028.stdout:/usr/bin/ceph: stderr
2024-05-12T21:58:33.111+0000 7fe7f9400700 1 --2- >> [v2:172.21.15.28:3300/0,v1:172.21.15.28:6789/0] conn(0x7fe7f41089c0 0x7fe7f4108240 unknown :-1 s=HELLO_CONNECTING pgs=0 cs=0 l=1 rev1=1 crypto rx=0 tx=0 comp rx=0 tx=0).handle_hello peer v2:172.21.15.28:3300/0 says I am v2:172.21.15.28:40804/0 (socket says 172.21.15.28:40804)
2024-05-12T21:58:34.392 INFO:teuthology.orchestra.run.smithi028.stdout:/usr/bin/ceph: stderr
2024-05-12T21:58:33.111+0000 7fe7f9400700 1 -- 172.21.15.28:0/2640276319 learned_addr learned my addr 172.21.15.28:0/2640276319 (peer_addr_for_me v2:172.21.15.28:0/0)
2024-05-12T21:58:34.393 INFO:teuthology.orchestra.run.smithi028.stdout:/usr/bin/ceph: stderr
2024-05-12T21:58:33.112+0000 7fe7f9400700 1 -- 172.21.15.28:0/2640276319 --> [v2:172.21.15.28:3300/0,v1:172.21.15.28:6789/0] -- mon_subscribe({config=0+,monmap=0+}) -- 0x7fe7f4108780 con 0x7fe7f41089c0
2024-05-12T21:58:34.393 INFO:teuthology.orchestra.run.smithi028.stdout:/usr/bin/ceph: stderr
2024-05-12T21:58:33.112+0000 7fe7f9400700 1 --2- 172.21.15.28:0/2640276319 >> [v2:172.21.15.28:3300/0,v1:172.21.15.28:6789/0] conn(0x7fe7f41089c0 0x7fe7f4108240 secure :-1 s=READY pgs=54 cs=0 l=1 rev1=1 crypto rx=0x7fe7e8009fd0 tx=0x7fe7e8003d00 comp rx=0 tx=0).ready entity=mon.0 client_cookie=0 server_cookie=0 in_seq=0 out_seq=0
2024-05-12T21:58:34.393 INFO:teuthology.orchestra.run.smithi028.stdout:/usr/bin/ceph: stderr
2024-05-12T21:58:33.112+0000 7fe7f2000700 1 -- 172.21.15.28:0/2640276319 <== mon.0 v2:172.21.15.28:3300/0 1 ==== mon_map magic: 0 ==== 205+0+0 (secure 0 0 0) 0x7fe7e8020020 con 0x7fe7f41089c0
2024-05-12T21:58:34.393 INFO:teuthology.orchestra.run.smithi028.stdout:/usr/bin/ceph: stderr
2024-05-12T21:58:33.112+0000 7fe7f2000700 1 -- 172.21.15.28:0/2640276319 <== mon.0 v2:172.21.15.28:3300/0 2 ==== config(27 keys) ==== 1140+0+0 (secure 0 0 0) 0x7fe7e800bba0 con 0x7fe7f41089c0
2024-05-12T21:58:34.393 INFO:teuthology.orchestra.run.smithi028.stdout:/usr/bin/ceph: stderr
2024-05-12T21:58:33.112+0000 7fe7f2000700 1 -- 172.21.15.28:0/2640276319 <== mon.0 v2:172.21.15.28:3300/0 3 ==== mon_map magic: 0 ==== 205+0+0 (secure 0 0 0) 0x7fe7e8017040 con 0x7fe7f41089c0
2024-05-12T21:58:34.393 INFO:teuthology.orchestra.run.smithi028.stdout:/usr/bin/ceph: stderr
2024-05-12T21:58:33.112+0000 7fe7fbe00700 1 -- 172.21.15.28:0/2640276319 --> [v2:172.21.15.28:3300/0,v1:172.21.15.28:6789/0] -- mon_subscribe({mgrmap=0+}) -- 0x7fe7f4106970 con 0x7fe7f41089c0
2024-05-12T21:58:34.393 INFO:teuthology.orchestra.run.smithi028.stdout:/usr/bin/ceph: stderr
2024-05-12T21:58:33.112+0000 7fe7fbe00700 1 -- 172.21.15.28:0/2640276319 --> [v2:172.21.15.28:3300/0,v1:172.21.15.28:6789/0] -- mon_subscribe({osdmap=0}) -- 0x7fe7f4106eb0 con 0x7fe7f41089c0
2024-05-12T21:58:34.393 INFO:teuthology.orchestra.run.smithi028.stdout:/usr/bin/ceph: stderr
2024-05-12T21:58:33.114+0000 7fe7fbe00700 1 -- 172.21.15.28:0/2640276319 --> [v2:172.21.15.28:3300/0,v1:172.21.15.28:6789/0] -- mon_command({"prefix": "get_command_descriptions"} v 0) -- 0x7fe7f4063980 con 0x7fe7f41089c0
2024-05-12T21:58:34.393 INFO:teuthology.orchestra.run.smithi028.stdout:/usr/bin/ceph: stderr
2024-05-12T21:58:33.114+0000 7fe7f2000700 1 -- 172.21.15.28:0/2640276319 <== mon.0 v2:172.21.15.28:3300/0 4 ==== mgrmap(e 8) ==== 46287+0+0 (secure 0 0 0) 0x7fe7e8023020 con 0x7fe7f41089c0
2024-05-12T21:58:34.393 INFO:teuthology.orchestra.run.smithi028.stdout:/usr/bin/ceph: stderr
2024-05-12T21:58:33.114+0000 7fe7f2000700 1 --2- 172.21.15.28:0/2640276319 >> [v2:172.21.15.28:6800/3760499540,v1:172.21.15.28:6801/3760499540] conn(0x7fe7dc0390a0 0x7fe7dc03b560 unknown :-1 s=NONE pgs=0 cs=0 l=1 rev1=0 crypto rx=0 tx=0 comp rx=0 tx=0).connect
2024-05-12T21:58:34.393 INFO:teuthology.orchestra.run.smithi028.stdout:/usr/bin/ceph: stderr
2024-05-12T21:58:33.114+0000 7fe7f2000700 1 -- 172.21.15.28:0/2640276319 <== mon.0 v2:172.21.15.28:3300/0 5 ==== osd_map(2..2 src has 1..2) ==== 940+0+0 (secure 0 0 0) 0x7fe7e800f050 con 0x7fe7f41089c0
2024-05-12T21:58:34.393 INFO:teuthology.orchestra.run.smithi028.stdout:/usr/bin/ceph: stderr
2024-05-12T21:58:33.115+0000 7fe7f8a00700 1 --2- 172.21.15.28:0/2640276319 >> [v2:172.21.15.28:6800/3760499540,v1:172.21.15.28:6801/3760499540] conn(0x7fe7dc0390a0 0x7fe7dc03b560 unknown :-1 s=BANNER_CONNECTING pgs=0 cs=0 l=1 rev1=0 crypto rx=0 tx=0 comp rx=0 tx=0)._handle_peer_banner_payload supported=3 required=0
2024-05-12T21:58:34.394 INFO:teuthology.orchestra.run.smithi028.stdout:/usr/bin/ceph: stderr
2024-05-12T21:58:33.115+0000 7fe7f8a00700 1 --2- 172.21.15.28:0/2640276319 >> [v2:172.21.15.28:6800/3760499540,v1:172.21.15.28:6801/3760499540] conn(0x7fe7dc0390a0 0x7fe7dc03b560 secure :-1 s=READY pgs=15 cs=0 l=1 rev1=1 crypto rx=0x7fe7e0006fd0 tx=0x7fe7e0006e40 comp rx=0 tx=0).ready entity=mgr.14120 client_cookie=0 server_cookie=0 in_seq=0 out_seq=0
2024-05-12T21:58:34.394 INFO:teuthology.orchestra.run.smithi028.stdout:/usr/bin/ceph: stderr
2024-05-12T21:58:33.120+0000 7fe7f2000700 1 -- 172.21.15.28:0/2640276319 <== mon.0 v2:172.21.15.28:3300/0 6 ==== mon_command_ack([{"prefix": "get_command_descriptions"}]=0 v0) ==== 72+0+186418 (secure 0 0 0) 0x7fe7e802a020 con 0x7fe7f41089c0
2024-05-12T21:58:34.394 INFO:teuthology.orchestra.run.smithi028.stdout:/usr/bin/ceph: stderr
2024-05-12T21:58:33.350+0000 7fe7fbe00700 1 -- 172.21.15.28:0/2640276319 --> [v2:172.21.15.28:3300/0,v1:172.21.15.28:6789/0] -- mon_command([{prefix=config set, name=mgr/dashboard/ssl_server_port}] v 0) -- 0x7fe7f41071f0 con 0x7fe7f41089c0
2024-05-12T21:58:34.394 INFO:teuthology.orchestra.run.smithi028.stdout:/usr/bin/ceph: stderr
2024-05-12T21:58:33.354+0000 7fe7f2000700 1 -- 172.21.15.28:0/2640276319 <== mon.0 v2:172.21.15.28:3300/0 7 ==== mon_command_ack([{prefix=config set, name=mgr/dashboard/ssl_server_port}]=0 v8)=0 v8) ==== 130+0+0 (secure 0 0 0) 0x7fe7f41071f0 con 0x7fe7f41089c0
2024-05-12T21:58:34.394 INFO:teuthology.orchestra.run.smithi028.stdout:/usr/bin/ceph: stderr
2024-05-12T21:58:33.357+0000 7fe7fbe00700 1 -- 172.21.15.28:0/2640276319 >> [v2:172.21.15.28:6800/3760499540,v1:172.21.15.28:6801/3760499540] conn(0x7fe7dc0390a0 msgr2=0x7fe7dc03b560 secure :-1 s=STATE_CONNECTION_ESTABLISHED l=1).mark_down
2024-05-12T21:58:34.394 INFO:teuthology.orchestra.run.smithi028.stdout:/usr/bin/ceph: stderr
2024-05-12T21:58:33.357+0000 7fe7fbe00700 1 --2- 172.21.15.28:0/2640276319 >> [v2:172.21.15.28:6800/3760499540,v1:172.21.15.28:6801/3760499540] conn(0x7fe7dc0390a0 0x7fe7dc03b560 secure :-1 s=READY pgs=15 cs=0 l=1 rev1=1 crypto rx=0x7fe7e0006fd0 tx=0x7fe7e0006e40 comp rx=0 tx=0).stop
2024-05-12T21:58:34.394 INFO:teuthology.orchestra.run.smithi028.stdout:/usr/bin/ceph: stderr
2024-05-12T21:58:33.357+0000 7fe7fbe00700 1 -- 172.21.15.28:0/2640276319 >> [v2:172.21.15.28:3300/0,v1:172.21.15.28:6789/0] conn(0x7fe7f41089c0 msgr2=0x7fe7f4108240 secure :-1 s=STATE_CONNECTION_ESTABLISHED l=1).mark_down
2024-05-12T21:58:34.394 INFO:teuthology.orchestra.run.smithi028.stdout:/usr/bin/ceph: stderr
2024-05-12T21:58:33.357+0000 7fe7fbe00700 1 --2- 172.21.15.28:0/2640276319 >> [v2:172.21.15.28:3300/0,v1:172.21.15.28:6789/0] conn(0x7fe7f41089c0 0x7fe7f4108240 secure :-1 s=READY pgs=54 cs=0 l=1 rev1=1 crypto rx=0x7fe7e8009fd0 tx=0x7fe7e8003d00 comp rx=0 tx=0).stop
2024-05-12T21:58:34.394 INFO:teuthology.orchestra.run.smithi028.stdout:/usr/bin/ceph: stderr
2024-05-12T21:58:33.358+0000 7fe7fbe00700 1 -- 172.21.15.28:0/2640276319 shutdown_connections
2024-05-12T21:58:34.394 INFO:teuthology.orchestra.run.smithi028.stdout:/usr/bin/ceph: stderr
2024-05-12T21:58:33.358+0000 7fe7fbe00700 1 --2- 172.21.15.28:0/2640276319 >> [v2:172.21.15.28:6800/3760499540,v1:172.21.15.28:6801/3760499540] conn(0x7fe7dc0390a0 0x7fe7dc03b560 unknown :-1 s=CLOSED pgs=15 cs=0 l=1 rev1=1 crypto rx=0 tx=0 comp rx=0 tx=0).stop
2024-05-12T21:58:34.395 INFO:teuthology.orchestra.run.smithi028.stdout:/usr/bin/ceph: stderr
2024-05-12T21:58:33.358+0000 7fe7fbe00700 1 --2- 172.21.15.28:0/2640276319 >> [v2:172.21.15.28:3300/0,v1:172.21.15.28:6789/0] conn(0x7fe7f41089c0 0x7fe7f4108240 unknown :-1 s=CLOSED pgs=54 cs=0 l=1 rev1=1 crypto rx=0 tx=0 comp rx=0 tx=0).stop
2024-05-12T21:58:34.395 INFO:teuthology.orchestra.run.smithi028.stdout:/usr/bin/ceph: stderr
2024-05-12T21:58:33.358+0000 7fe7fbe00700 1 -- 172.21.15.28:0/2640276319 >> 172.21.15.28:0/2640276319 conn(0x7fe7f4102410 msgr2=0x7fe7f4102f00 unknown :-1 s=STATE_NONE l=0).mark_down
2024-05-12T21:58:34.395 INFO:teuthology.orchestra.run.smithi028.stdout:/usr/bin/ceph: stderr
2024-05-12T21:58:33.358+0000 7fe7fbe00700 1 -- 172.21.15.28:0/2640276319 shutdown_connections
2024-05-12T21:58:34.395 INFO:teuthology.orchestra.run.smithi028.stdout:/usr/bin/ceph: stderr
2024-05-12T21:58:33.358+0000 7fe7fbe00700 1 -- 172.21.15.28:0/2640276319 wait complete.
2024-05-12T21:58:34.395 INFO:teuthology.orchestra.run.smithi028.stdout:Enabling the dashboard module...
2024-05-12T21:58:35.534 INFO:journalctl@ceph.mon.a.smithi028.stdout:May 12 21:58:35 smithi028 ceph-mon[29847]: from='mgr.14120 172.21.15.28:0/1562014889' entity='mgr.x'
2024-05-12T21:58:36.535 INFO:journalctl@ceph.mon.a.smithi028.stdout:May 12 21:58:36 smithi028 ceph-mon[29847]: pgmap v5: 0 pgs: ; 0 B data, 0 B used, 0 B / 0 B avail
2024-05-12T21:58:36.535 INFO:journalctl@ceph.mon.a.smithi028.stdout:May 12 21:58:36 smithi028 ceph-mon[29847]: from='client.? 172.21.15.28:0/1436827742' entity='client.admin' cmd=[{"prefix": "mgr module enable", "module": "dashboard"}]: dispatch
2024-05-12T21:58:36.535 INFO:journalctl@ceph.mgr.x.smithi028.stdout:May 12 21:58:36 smithi028 ceph-6b92e7b4-10aa-11ef-bc98-c7b262605968-mgr-x[30078]: ignoring --setuser ceph since I am not root
2024-05-12T21:58:36.535 INFO:journalctl@ceph.mgr.x.smithi028.stdout:May 12 21:58:36 smithi028 ceph-6b92e7b4-10aa-11ef-bc98-c7b262605968-mgr-x[30078]: ignoring --setgroup ceph since I am not root
2024-05-12T21:58:36.811 INFO:journalctl@ceph.mgr.x.smithi028.stdout:May 12 21:58:36 smithi028 ceph-6b92e7b4-10aa-11ef-bc98-c7b262605968-mgr-x[30078]:
2024-05-12T21:58:36.550+0000 7f6304123200 -1 mgr[py] Module balancer has missing NOTIFY_TYPES member
2024-05-12T21:58:36.811 INFO:journalctl@ceph.mgr.x.smithi028.stdout:May 12 21:58:36 smithi028 ceph-6b92e7b4-10aa-11ef-bc98-c7b262605968-mgr-x[30078]:
2024-05-12T21:58:36.810+0000 7f6304123200 -1 mgr[py] Module orchestrator has missing NOTIFY_TYPES member
2024-05-12T21:58:37.067 INFO:journalctl@ceph.mgr.x.smithi028.stdout:May 12 21:58:36 smithi028 ceph-6b92e7b4-10aa-11ef-bc98-c7b262605968-mgr-x[30078]:
2024-05-12T21:58:36.952+0000 7f6304123200 -1 mgr[py] Module snap_schedule has missing NOTIFY_TYPES member
2024-05-12T21:58:37.083 INFO:teuthology.orchestra.run.smithi028.stdout:/usr/bin/ceph: stderr
2024-05-12T21:58:34.981+0000 7f11d8c00700 1 Processor -- start
2024-05-12T21:58:37.083 INFO:teuthology.orchestra.run.smithi028.stdout:/usr/bin/ceph: stderr
2024-05-12T21:58:34.982+0000 7f11d8c00700 1 -- start start
2024-05-12T21:58:37.083 INFO:teuthology.orchestra.run.smithi028.stdout:/usr/bin/ceph: stderr
2024-05-12T21:58:34.982+0000 7f11d8c00700 1 --2- >> [v2:172.21.15.28:3300/0,v1:172.21.15.28:6789/0] conn(0x7f11d407cce0 0x7f11d407b140 unknown :-1 s=NONE pgs=0 cs=0 l=0 rev1=0 crypto rx=0 tx=0 comp rx=0 tx=0).connect
2024-05-12T21:58:37.083 INFO:teuthology.orchestra.run.smithi028.stdout:/usr/bin/ceph: stderr
2024-05-12T21:58:34.982+0000 7f11d8c00700 1 -- --> [v2:172.21.15.28:3300/0,v1:172.21.15.28:6789/0] -- mon_getmap magic: 0 -- 0x7f11d407b710 con 0x7f11d407cce0
2024-05-12T21:58:37.083 INFO:teuthology.orchestra.run.smithi028.stdout:/usr/bin/ceph: stderr
2024-05-12T21:58:34.983+0000 7f11d1e00700 1 --2- >> [v2:172.21.15.28:3300/0,v1:172.21.15.28:6789/0] conn(0x7f11d407cce0 0x7f11d407b140 unknown :-1 s=BANNER_CONNECTING pgs=0 cs=0 l=0 rev1=0 crypto rx=0 tx=0 comp rx=0 tx=0)._handle_peer_banner_payload supported=3 required=0
2024-05-12T21:58:37.083 INFO:teuthology.orchestra.run.smithi028.stdout:/usr/bin/ceph: stderr
2024-05-12T21:58:34.983+0000 7f11d1e00700 1 --2- >> [v2:172.21.15.28:3300/0,v1:172.21.15.28:6789/0] conn(0x7f11d407cce0 0x7f11d407b140 unknown :-1 s=HELLO_CONNECTING pgs=0 cs=0 l=0 rev1=1 crypto rx=0 tx=0 comp rx=0 tx=0).handle_hello peer v2:172.21.15.28:3300/0 says I am v2:172.21.15.28:40820/0 (socket says 172.21.15.28:40820)
2024-05-12T21:58:37.084 INFO:teuthology.orchestra.run.smithi028.stdout:/usr/bin/ceph: stderr
2024-05-12T21:58:34.983+0000 7f11d1e00700 1 -- 172.21.15.28:0/3178987277 learned_addr learned my addr 172.21.15.28:0/3178987277 (peer_addr_for_me v2:172.21.15.28:0/0)
2024-05-12T21:58:37.084 INFO:teuthology.orchestra.run.smithi028.stdout:/usr/bin/ceph: stderr
2024-05-12T21:58:34.983+0000 7f11d1e00700 1 -- 172.21.15.28:0/3178987277 --> [v2:172.21.15.28:3300/0,v1:172.21.15.28:6789/0] -- mon_subscribe({config=0+,monmap=0+}) -- 0x7f11d407b890 con 0x7f11d407cce0
2024-05-12T21:58:37.084 INFO:teuthology.orchestra.run.smithi028.stdout:/usr/bin/ceph: stderr
2024-05-12T21:58:34.983+0000 7f11d1e00700 1 --2- 172.21.15.28:0/3178987277 >> [v2:172.21.15.28:3300/0,v1:172.21.15.28:6789/0] conn(0x7f11d407cce0 0x7f11d407b140 secure :-1 s=READY pgs=55 cs=0 l=1 rev1=1 crypto rx=0x7f11c40098a0 tx=0x7f11c4009bb0 comp rx=0 tx=0).ready entity=mon.0 client_cookie=5c38b3142c08a69f server_cookie=0 in_seq=0 out_seq=0
2024-05-12T21:58:37.084 INFO:teuthology.orchestra.run.smithi028.stdout:/usr/bin/ceph: stderr
2024-05-12T21:58:34.984+0000 7f11d0a00700 1 -- 172.21.15.28:0/3178987277 <== mon.0 v2:172.21.15.28:3300/0 1 ==== mon_map magic: 0 ==== 205+0+0 (secure 0 0 0) 0x7f11c4004160 con 0x7f11d407cce0
2024-05-12T21:58:37.084 INFO:teuthology.orchestra.run.smithi028.stdout:/usr/bin/ceph: stderr
2024-05-12T21:58:34.984+0000 7f11d0a00700 1 -- 172.21.15.28:0/3178987277 <== mon.0 v2:172.21.15.28:3300/0 2 ==== config(27 keys) ==== 1140+0+0 (secure 0 0 0) 0x7f11c4004300 con 0x7f11d407cce0
2024-05-12T21:58:37.084 INFO:teuthology.orchestra.run.smithi028.stdout:/usr/bin/ceph: stderr
2024-05-12T21:58:34.984+0000 7f11d0a00700 1 -- 172.21.15.28:0/3178987277 <== mon.0 v2:172.21.15.28:3300/0 3 ==== mon_map magic: 0 ==== 205+0+0 (secure 0 0 0) 0x7f11c4011b20 con 0x7f11d407cce0
2024-05-12T21:58:37.084 INFO:teuthology.orchestra.run.smithi028.stdout:/usr/bin/ceph: stderr
2024-05-12T21:58:34.984+0000 7f11d8c00700 1 -- 172.21.15.28:0/3178987277 >> [v2:172.21.15.28:3300/0,v1:172.21.15.28:6789/0] conn(0x7f11d407cce0 msgr2=0x7f11d407b140 secure :-1 s=STATE_CONNECTION_ESTABLISHED l=1).mark_down
2024-05-12T21:58:37.088 INFO:teuthology.orchestra.run.smithi028.stdout:/usr/bin/ceph: stderr
2024-05-12T21:58:34.984+0000 7f11d8c00700 1 --2- 172.21.15.28:0/3178987277 >> [v2:172.21.15.28:3300/0,v1:172.21.15.28:6789/0] conn(0x7f11d407cce0 0x7f11d407b140 secure :-1 s=READY pgs=55 cs=0 l=1 rev1=1 crypto rx=0x7f11c40098a0 tx=0x7f11c4009bb0 comp rx=0 tx=0).stop
2024-05-12T21:58:37.088 INFO:teuthology.orchestra.run.smithi028.stdout:/usr/bin/ceph: stderr
2024-05-12T21:58:34.985+0000 7f11d8c00700 1 -- 172.21.15.28:0/3178987277 shutdown_connections
2024-05-12T21:58:37.088 INFO:teuthology.orchestra.run.smithi028.stdout:/usr/bin/ceph: stderr
2024-05-12T21:58:34.985+0000 7f11d8c00700 1 --2- 172.21.15.28:0/3178987277 >> [v2:172.21.15.28:3300/0,v1:172.21.15.28:6789/0] conn(0x7f11d407cce0 0x7f11d407b140 unknown :-1 s=CLOSED pgs=55 cs=0 l=1 rev1=1 crypto rx=0 tx=0 comp rx=0 tx=0).stop
2024-05-12T21:58:37.088 INFO:teuthology.orchestra.run.smithi028.stdout:/usr/bin/ceph: stderr
2024-05-12T21:58:34.985+0000 7f11d8c00700 1 -- 172.21.15.28:0/3178987277 >> 172.21.15.28:0/3178987277 conn(0x7f11d4103530 msgr2=0x7f11d4105950 unknown :-1 s=STATE_NONE l=0).mark_down
2024-05-12T21:58:37.088 INFO:teuthology.orchestra.run.smithi028.stdout:/usr/bin/ceph: stderr
2024-05-12T21:58:34.985+0000 7f11d8c00700 1 -- 172.21.15.28:0/3178987277 shutdown_connections
2024-05-12T21:58:37.088 INFO:teuthology.orchestra.run.smithi028.stdout:/usr/bin/ceph: stderr
2024-05-12T21:58:34.985+0000 7f11d8c00700 1 -- 172.21.15.28:0/3178987277 wait complete.
2024-05-12T21:58:37.089 INFO:teuthology.orchestra.run.smithi028.stdout:/usr/bin/ceph: stderr
2024-05-12T21:58:34.986+0000 7f11d8c00700 1 Processor -- start
2024-05-12T21:58:37.089 INFO:teuthology.orchestra.run.smithi028.stdout:/usr/bin/ceph: stderr
2024-05-12T21:58:34.986+0000 7f11d8c00700 1 -- start start
2024-05-12T21:58:37.089 INFO:teuthology.orchestra.run.smithi028.stdout:/usr/bin/ceph: stderr
2024-05-12T21:58:34.987+0000 7f11d8c00700 1 --2- >> [v2:172.21.15.28:3300/0,v1:172.21.15.28:6789/0] conn(0x7f11d407cce0 0x7f11d419e140 unknown :-1 s=NONE pgs=0 cs=0 l=1 rev1=0 crypto rx=0 tx=0 comp rx=0 tx=0).connect
2024-05-12T21:58:37.089 INFO:teuthology.orchestra.run.smithi028.stdout:/usr/bin/ceph: stderr
2024-05-12T21:58:34.987+0000 7f11d8c00700 1 -- --> [v2:172.21.15.28:3300/0,v1:172.21.15.28:6789/0] -- mon_getmap magic: 0 -- 0x7f11d410e5b0 con 0x7f11d407cce0
2024-05-12T21:58:37.089 INFO:teuthology.orchestra.run.smithi028.stdout:/usr/bin/ceph: stderr
2024-05-12T21:58:34.987+0000 7f11d1e00700 1 --2- >> [v2:172.21.15.28:3300/0,v1:172.21.15.28:6789/0] conn(0x7f11d407cce0 0x7f11d419e140 unknown :-1 s=BANNER_CONNECTING pgs=0 cs=0 l=1 rev1=0 crypto rx=0 tx=0 comp rx=0 tx=0)._handle_peer_banner_payload supported=3 required=0
2024-05-12T21:58:37.089 INFO:teuthology.orchestra.run.smithi028.stdout:/usr/bin/ceph: stderr
2024-05-12T21:58:34.987+0000 7f11d1e00700 1 --2- >> [v2:172.21.15.28:3300/0,v1:172.21.15.28:6789/0] conn(0x7f11d407cce0 0x7f11d419e140 unknown :-1 s=HELLO_CONNECTING pgs=0 cs=0 l=1 rev1=1 crypto rx=0 tx=0 comp rx=0 tx=0).handle_hello peer v2:172.21.15.28:3300/0 says I am v2:172.21.15.28:40826/0 (socket says 172.21.15.28:40826)
2024-05-12T21:58:37.089 INFO:teuthology.orchestra.run.smithi028.stdout:/usr/bin/ceph: stderr
2024-05-12T21:58:34.987+0000 7f11d1e00700 1 -- 172.21.15.28:0/1436827742 learned_addr learned my addr 172.21.15.28:0/1436827742 (peer_addr_for_me v2:172.21.15.28:0/0)
2024-05-12T21:58:37.089 INFO:teuthology.orchestra.run.smithi028.stdout:/usr/bin/ceph: stderr
2024-05-12T21:58:34.987+0000 7f11d1e00700 1 -- 172.21.15.28:0/1436827742 --> [v2:172.21.15.28:3300/0,v1:172.21.15.28:6789/0] -- mon_subscribe({config=0+,monmap=0+}) -- 0x7f11d419e680 con 0x7f11d407cce0
2024-05-12T21:58:37.089 INFO:teuthology.orchestra.run.smithi028.stdout:/usr/bin/ceph: stderr
2024-05-12T21:58:34.988+0000 7f11d1e00700 1 --2- 172.21.15.28:0/1436827742 >> [v2:172.21.15.28:3300/0,v1:172.21.15.28:6789/0] conn(0x7f11d407cce0 0x7f11d419e140 secure :-1 s=READY pgs=56 cs=0 l=1 rev1=1 crypto rx=0x7f11c4011b60 tx=0x7f11c4011c40 comp rx=0 tx=0).ready entity=mon.0 client_cookie=0 server_cookie=0 in_seq=0 out_seq=0
2024-05-12T21:58:37.089 INFO:teuthology.orchestra.run.smithi028.stdout:/usr/bin/ceph: stderr
2024-05-12T21:58:34.990+0000 7f11caa00700 1 -- 172.21.15.28:0/1436827742 <== mon.0 v2:172.21.15.28:3300/0 1 ==== mon_map magic: 0 ==== 205+0+0 (secure 0 0 0) 0x7f11c4003b60 con 0x7f11d407cce0
2024-05-12T21:58:37.089 INFO:teuthology.orchestra.run.smithi028.stdout:/usr/bin/ceph: stderr
2024-05-12T21:58:34.990+0000 7f11caa00700 1 -- 172.21.15.28:0/1436827742 <== mon.0 v2:172.21.15.28:3300/0 2 ==== config(27 keys) ==== 1140+0+0 (secure 0 0 0) 0x7f11c401a910 con 0x7f11d407cce0
2024-05-12T21:58:37.089 INFO:teuthology.orchestra.run.smithi028.stdout:/usr/bin/ceph: stderr
2024-05-12T21:58:34.990+0000 7f11caa00700 1 -- 172.21.15.28:0/1436827742 <== mon.0 v2:172.21.15.28:3300/0 3 ==== mon_map magic: 0 ==== 205+0+0 (secure 0 0 0) 0x7f11c4024930 con 0x7f11d407cce0
2024-05-12T21:58:37.089 INFO:teuthology.orchestra.run.smithi028.stdout:/usr/bin/ceph: stderr
2024-05-12T21:58:34.991+0000 7f11d8c00700 1 -- 172.21.15.28:0/1436827742 --> [v2:172.21.15.28:3300/0,v1:172.21.15.28:6789/0] -- mon_subscribe({mgrmap=0+}) -- 0x7f11d419e910 con 0x7f11d407cce0
2024-05-12T21:58:37.089 INFO:teuthology.orchestra.run.smithi028.stdout:/usr/bin/ceph: stderr
2024-05-12T21:58:34.991+0000 7f11d8c00700 1 -- 172.21.15.28:0/1436827742 --> [v2:172.21.15.28:3300/0,v1:172.21.15.28:6789/0] -- mon_subscribe({osdmap=0}) -- 0x7f11d419ed70 con 0x7f11d407cce0
2024-05-12T21:58:37.089 INFO:teuthology.orchestra.run.smithi028.stdout:/usr/bin/ceph: stderr
2024-05-12T21:58:34.992+0000 7f11d8c00700 1 -- 172.21.15.28:0/1436827742 --> [v2:172.21.15.28:3300/0,v1:172.21.15.28:6789/0] -- mon_command({"prefix": "get_command_descriptions"} v 0) -- 0x7f11d4063980 con 0x7f11d407cce0
2024-05-12T21:58:37.090 INFO:teuthology.orchestra.run.smithi028.stdout:/usr/bin/ceph: stderr
2024-05-12T21:58:34.992+0000 7f11caa00700 1 -- 172.21.15.28:0/1436827742 <== mon.0 v2:172.21.15.28:3300/0 4 ==== mgrmap(e 8) ==== 46287+0+0 (secure 0 0 0) 0x7f11c4022020 con 0x7f11d407cce0
2024-05-12T21:58:37.090 INFO:teuthology.orchestra.run.smithi028.stdout:/usr/bin/ceph: stderr
2024-05-12T21:58:34.993+0000 7f11caa00700 1 --2- 172.21.15.28:0/1436827742 >> [v2:172.21.15.28:6800/3760499540,v1:172.21.15.28:6801/3760499540] conn(0x7f11b80390a0 0x7f11b803b560 unknown :-1 s=NONE pgs=0 cs=0 l=1 rev1=0 crypto rx=0 tx=0 comp rx=0 tx=0).connect
2024-05-12T21:58:37.090 INFO:teuthology.orchestra.run.smithi028.stdout:/usr/bin/ceph: stderr
2024-05-12T21:58:34.993+0000 7f11caa00700 1 -- 172.21.15.28:0/1436827742 <== mon.0 v2:172.21.15.28:3300/0 5 ==== osd_map(2..2 src has 1..2) ==== 940+0+0 (secure 0 0 0) 0x7f11c404d510 con 0x7f11d407cce0
2024-05-12T21:58:37.090 INFO:teuthology.orchestra.run.smithi028.stdout:/usr/bin/ceph: stderr
2024-05-12T21:58:34.993+0000 7f11d1400700 1 --2- 172.21.15.28:0/1436827742 >> [v2:172.21.15.28:6800/3760499540,v1:172.21.15.28:6801/3760499540] conn(0x7f11b80390a0 0x7f11b803b560 unknown :-1 s=BANNER_CONNECTING pgs=0 cs=0 l=1 rev1=0 crypto rx=0 tx=0 comp rx=0 tx=0)._handle_peer_banner_payload supported=3 required=0
2024-05-12T21:58:37.090 INFO:teuthology.orchestra.run.smithi028.stdout:/usr/bin/ceph: stderr
2024-05-12T21:58:34.994+0000 7f11d1400700 1 --2- 172.21.15.28:0/1436827742 >> [v2:172.21.15.28:6800/3760499540,v1:172.21.15.28:6801/3760499540] conn(0x7f11b80390a0 0x7f11b803b560 secure :-1 s=READY pgs=16 cs=0 l=1 rev1=1 crypto rx=0x7f11c0006fd0 tx=0x7f11c0006e40 comp rx=0 tx=0).ready entity=mgr.14120 client_cookie=0 server_cookie=0 in_seq=0 out_seq=0
2024-05-12T21:58:37.090 INFO:teuthology.orchestra.run.smithi028.stdout:/usr/bin/ceph: stderr
2024-05-12T21:58:34.999+0000 7f11caa00700 1 -- 172.21.15.28:0/1436827742 <== mon.0 v2:172.21.15.28:3300/0 6 ==== mon_command_ack([{"prefix": "get_command_descriptions"}]=0 v0) ==== 72+0+186418 (secure 0 0 0) 0x7f11c4029060 con 0x7f11d407cce0
2024-05-12T21:58:37.090 INFO:teuthology.orchestra.run.smithi028.stdout:/usr/bin/ceph: stderr
2024-05-12T21:58:35.290+0000 7f11d8c00700 1 -- 172.21.15.28:0/1436827742 --> [v2:172.21.15.28:3300/0,v1:172.21.15.28:6789/0] -- mon_command({"prefix": "mgr module enable", "module": "dashboard"} v 0) -- 0x7f11d41a1740 con 0x7f11d407cce0
2024-05-12T21:58:37.090 INFO:teuthology.orchestra.run.smithi028.stdout:/usr/bin/ceph: stderr
2024-05-12T21:58:36.224+0000 7f11caa00700 1 -- 172.21.15.28:0/1436827742 <== mon.0 v2:172.21.15.28:3300/0 7 ==== mon_command_ack([{"prefix": "mgr module enable", "module": "dashboard"}]=0 v9) ==== 88+0+0 (secure 0 0 0) 0x7f11c400b3e0 con 0x7f11d407cce0
2024-05-12T21:58:37.090 INFO:teuthology.orchestra.run.smithi028.stdout:/usr/bin/ceph: stderr
2024-05-12T21:58:36.227+0000 7f11caa00700 1 -- 172.21.15.28:0/1436827742 <== mon.0 v2:172.21.15.28:3300/0 8 ==== mgrmap(e 9) ==== 46300+0+0 (secure 0 0 0) 0x7f11c4024ad0 con 0x7f11d407cce0
2024-05-12T21:58:37.090 INFO:teuthology.orchestra.run.smithi028.stdout:/usr/bin/ceph: stderr
2024-05-12T21:58:36.228+0000 7f11d8c00700 1 -- 172.21.15.28:0/1436827742 >> [v2:172.21.15.28:6800/3760499540,v1:172.21.15.28:6801/3760499540] conn(0x7f11b80390a0 msgr2=0x7f11b803b560 secure :-1 s=STATE_CONNECTION_ESTABLISHED l=1).mark_down
2024-05-12T21:58:37.090 INFO:teuthology.orchestra.run.smithi028.stdout:/usr/bin/ceph: stderr
2024-05-12T21:58:36.228+0000 7f11d8c00700 1 --2- 172.21.15.28:0/1436827742 >> [v2:172.21.15.28:6800/3760499540,v1:172.21.15.28:6801/3760499540] conn(0x7f11b80390a0 0x7f11b803b560 secure :-1 s=READY pgs=16 cs=0 l=1 rev1=1 crypto rx=0x7f11c0006fd0 tx=0x7f11c0006e40 comp rx=0 tx=0).stop
2024-05-12T21:58:37.090 INFO:teuthology.orchestra.run.smithi028.stdout:/usr/bin/ceph: stderr
2024-05-12T21:58:36.228+0000 7f11d8c00700 1 -- 172.21.15.28:0/1436827742 >> [v2:172.21.15.28:3300/0,v1:172.21.15.28:6789/0] conn(0x7f11d407cce0 msgr2=0x7f11d419e140 secure :-1 s=STATE_CONNECTION_ESTABLISHED l=1).mark_down
2024-05-12T21:58:37.091 INFO:teuthology.orchestra.run.smithi028.stdout:/usr/bin/ceph: stderr
2024-05-12T21:58:36.228+0000 7f11d8c00700 1 --2- 172.21.15.28:0/1436827742 >> [v2:172.21.15.28:3300/0,v1:172.21.15.28:6789/0] conn(0x7f11d407cce0 0x7f11d419e140 secure :-1 s=READY pgs=56 cs=0 l=1 rev1=1 crypto rx=0x7f11c4011b60 tx=0x7f11c4011c40 comp rx=0 tx=0).stop
2024-05-12T21:58:37.091 INFO:teuthology.orchestra.run.smithi028.stdout:/usr/bin/ceph: stderr
2024-05-12T21:58:36.229+0000 7f11d8c00700 1 -- 172.21.15.28:0/1436827742 shutdown_connections
2024-05-12T21:58:37.091 INFO:teuthology.orchestra.run.smithi028.stdout:/usr/bin/ceph: stderr
2024-05-12T21:58:36.229+0000 7f11d8c00700 1 --2- 172.21.15.28:0/1436827742 >> [v2:172.21.15.28:6800/3760499540,v1:172.21.15.28:6801/3760499540] conn(0x7f11b80390a0 0x7f11b803b560 unknown :-1 s=CLOSED pgs=16 cs=0 l=1 rev1=1 crypto rx=0 tx=0 comp rx=0 tx=0).stop
2024-05-12T21:58:37.091 INFO:teuthology.orchestra.run.smithi028.stdout:/usr/bin/ceph: stderr
2024-05-12T21:58:36.229+0000 7f11d8c00700 1 --2- 172.21.15.28:0/1436827742 >> [v2:172.21.15.28:3300/0,v1:172.21.15.28:6789/0] conn(0x7f11d407cce0 0x7f11d419e140 unknown :-1 s=CLOSED pgs=56 cs=0 l=1 rev1=1 crypto rx=0 tx=0 comp rx=0 tx=0).stop
2024-05-12T21:58:37.091 INFO:teuthology.orchestra.run.smithi028.stdout:/usr/bin/ceph: stderr
2024-05-12T21:58:36.229+0000 7f11d8c00700 1 -- 172.21.15.28:0/1436827742 >> 172.21.15.28:0/1436827742 conn(0x7f11d4103530 msgr2=0x7f11d41040c0 unknown :-1 s=STATE_NONE l=0).mark_down
2024-05-12T21:58:37.091 INFO:teuthology.orchestra.run.smithi028.stdout:/usr/bin/ceph: stderr
2024-05-12T21:58:36.229+0000 7f11d8c00700 1 -- 172.21.15.28:0/1436827742 shutdown_connections
2024-05-12T21:58:37.091 INFO:teuthology.orchestra.run.smithi028.stdout:/usr/bin/ceph: stderr
2024-05-12T21:58:36.229+0000 7f11d8c00700 1 -- 172.21.15.28:0/1436827742 wait complete.
2024-05-12T21:58:37.375 INFO:journalctl@ceph.mon.a.smithi028.stdout:May 12 21:58:37 smithi028 ceph-mon[29847]: from='client.? 172.21.15.28:0/1436827742' entity='client.admin' cmd='[{"prefix": "mgr module enable", "module": "dashboard"}]': finished
2024-05-12T21:58:37.375 INFO:journalctl@ceph.mon.a.smithi028.stdout:May 12 21:58:37 smithi028 ceph-mon[29847]: mgrmap e9: x(active, since 25s)
2024-05-12T21:58:37.675 INFO:journalctl@ceph.mgr.x.smithi028.stdout:May 12 21:58:37 smithi028 ceph-6b92e7b4-10aa-11ef-bc98-c7b262605968-mgr-x[30078]:
2024-05-12T21:58:37.400+0000 7f6304123200 -1 mgr[py] Module progress has missing NOTIFY_TYPES member
2024-05-12T21:58:37.676 INFO:journalctl@ceph.mgr.x.smithi028.stdout:May 12 21:58:37 smithi028 ceph-6b92e7b4-10aa-11ef-bc98-c7b262605968-mgr-x[30078]:
2024-05-12T21:58:37.526+0000 7f6304123200 -1 mgr[py] Module influx has missing NOTIFY_TYPES member
2024-05-12T21:58:38.534 INFO:journalctl@ceph.mon.a.smithi028.stdout:May 12 21:58:38 smithi028 ceph-mon[29847]: from='client.? 172.21.15.28:0/91271404' entity='client.admin' cmd=[{"prefix": "mgr stat"}]: dispatch
2024-05-12T21:58:38.696 INFO:teuthology.orchestra.run.smithi028.stdout:/usr/bin/ceph: stdout {
2024-05-12T21:58:38.696 INFO:teuthology.orchestra.run.smithi028.stdout:/usr/bin/ceph: stdout "epoch": 9,
2024-05-12T21:58:38.697 INFO:teuthology.orchestra.run.smithi028.stdout:/usr/bin/ceph: stdout "available": true,
2024-05-12T21:58:38.697 INFO:teuthology.orchestra.run.smithi028.stdout:/usr/bin/ceph: stdout "active_name": "x",
2024-05-12T21:58:38.697 INFO:teuthology.orchestra.run.smithi028.stdout:/usr/bin/ceph: stdout "num_standby": 0
2024-05-12T21:58:38.697 INFO:teuthology.orchestra.run.smithi028.stdout:/usr/bin/ceph: stdout }
2024-05-12T21:58:38.697 INFO:teuthology.orchestra.run.smithi028.stdout:/usr/bin/ceph: stderr
2024-05-12T21:58:37.673+0000 7fa90fe00700 1 Processor -- start
2024-05-12T21:58:38.697 INFO:teuthology.orchestra.run.smithi028.stdout:/usr/bin/ceph: stderr
2024-05-12T21:58:37.674+0000 7fa90fe00700 1 -- start start
2024-05-12T21:58:38.697 INFO:teuthology.orchestra.run.smithi028.stdout:/usr/bin/ceph: stderr
2024-05-12T21:58:37.674+0000 7fa90fe00700 1 --2- >> [v2:172.21.15.28:3300/0,v1:172.21.15.28:6789/0] conn(0x7fa908107f70 0x7fa908108390 unknown :-1 s=NONE pgs=0 cs=0 l=0 rev1=0 crypto rx=0 tx=0 comp rx=0 tx=0).connect
2024-05-12T21:58:38.697 INFO:teuthology.orchestra.run.smithi028.stdout:/usr/bin/ceph: stderr
2024-05-12T21:58:37.674+0000 7fa90fe00700 1 -- --> [v2:172.21.15.28:3300/0,v1:172.21.15.28:6789/0] -- mon_getmap magic: 0 -- 0x7fa908108960 con 0x7fa908107f70
2024-05-12T21:58:38.697 INFO:teuthology.orchestra.run.smithi028.stdout:/usr/bin/ceph: stderr
2024-05-12T21:58:37.675+0000 7fa90d400700 1 --2- >> [v2:172.21.15.28:3300/0,v1:172.21.15.28:6789/0] conn(0x7fa908107f70 0x7fa908108390 unknown :-1 s=BANNER_CONNECTING pgs=0 cs=0 l=0 rev1=0 crypto rx=0 tx=0 comp rx=0 tx=0)._handle_peer_banner_payload supported=3 required=0
2024-05-12T21:58:38.697 INFO:teuthology.orchestra.run.smithi028.stdout:/usr/bin/ceph: stderr
2024-05-12T21:58:37.675+0000 7fa90d400700 1 --2- >> [v2:172.21.15.28:3300/0,v1:172.21.15.28:6789/0] conn(0x7fa908107f70 0x7fa908108390 unknown :-1 s=HELLO_CONNECTING pgs=0 cs=0 l=0 rev1=1 crypto rx=0 tx=0 comp rx=0 tx=0).handle_hello peer v2:172.21.15.28:3300/0 says I am v2:172.21.15.28:45546/0 (socket says 172.21.15.28:45546)
2024-05-12T21:58:38.697 INFO:teuthology.orchestra.run.smithi028.stdout:/usr/bin/ceph: stderr
2024-05-12T21:58:37.675+0000 7fa90d400700 1 -- 172.21.15.28:0/294896248 learned_addr learned my addr 172.21.15.28:0/294896248 (peer_addr_for_me v2:172.21.15.28:0/0)
2024-05-12T21:58:38.697 INFO:teuthology.orchestra.run.smithi028.stdout:/usr/bin/ceph: stderr
2024-05-12T21:58:37.675+0000 7fa90d400700 1 -- 172.21.15.28:0/294896248 --> [v2:172.21.15.28:3300/0,v1:172.21.15.28:6789/0] -- mon_subscribe({config=0+,monmap=0+}) -- 0x7fa908109170 con 0x7fa908107f70
2024-05-12T21:58:38.697 INFO:teuthology.orchestra.run.smithi028.stdout:/usr/bin/ceph: stderr
2024-05-12T21:58:37.676+0000 7fa90d400700 1 --2- 172.21.15.28:0/294896248 >> [v2:172.21.15.28:3300/0,v1:172.21.15.28:6789/0] conn(0x7fa908107f70 0x7fa908108390 secure :-1 s=READY pgs=59 cs=0 l=1 rev1=1 crypto rx=0x7fa8fc0098a0 tx=0x7fa8fc009bb0 comp rx=0 tx=0).ready entity=mon.0 client_cookie=894432e513c43d8a server_cookie=0 in_seq=0 out_seq=0
2024-05-12T21:58:38.697 INFO:teuthology.orchestra.run.smithi028.stdout:/usr/bin/ceph: stderr
2024-05-12T21:58:37.676+0000 7fa907e00700 1 -- 172.21.15.28:0/294896248 <== mon.0 v2:172.21.15.28:3300/0 1 ==== mon_map magic: 0 ==== 205+0+0 (secure 0 0 0) 0x7fa8fc004160 con 0x7fa908107f70
2024-05-12T21:58:38.698 INFO:teuthology.orchestra.run.smithi028.stdout:/usr/bin/ceph: stderr
2024-05-12T21:58:37.676+0000 7fa907e00700 1 -- 172.21.15.28:0/294896248 <== mon.0 v2:172.21.15.28:3300/0 2 ==== config(27 keys) ==== 1140+0+0 (secure 0 0 0) 0x7fa8fc004300 con 0x7fa908107f70
2024-05-12T21:58:38.698 INFO:teuthology.orchestra.run.smithi028.stdout:/usr/bin/ceph: stderr
2024-05-12T21:58:37.676+0000 7fa907e00700 1 -- 172.21.15.28:0/294896248 <== mon.0 v2:172.21.15.28:3300/0 3 ==== mon_map magic: 0 ==== 205+0+0 (secure 0 0 0) 0x7fa8fc011b20 con 0x7fa908107f70
2024-05-12T21:58:38.698 INFO:teuthology.orchestra.run.smithi028.stdout:/usr/bin/ceph: stderr
2024-05-12T21:58:37.677+0000 7fa90fe00700 1 -- 172.21.15.28:0/294896248 >> [v2:172.21.15.28:3300/0,v1:172.21.15.28:6789/0] conn(0x7fa908107f70 msgr2=0x7fa908108390 secure :-1 s=STATE_CONNECTION_ESTABLISHED l=1).mark_down
2024-05-12T21:58:38.698 INFO:teuthology.orchestra.run.smithi028.stdout:/usr/bin/ceph: stderr
2024-05-12T21:58:37.677+0000 7fa90fe00700 1 --2- 172.21.15.28:0/294896248 >> [v2:172.21.15.28:3300/0,v1:172.21.15.28:6789/0] conn(0x7fa908107f70 0x7fa908108390 secure :-1 s=READY pgs=59 cs=0 l=1 rev1=1 crypto rx=0x7fa8fc0098a0 tx=0x7fa8fc009bb0 comp rx=0 tx=0).stop
2024-05-12T21:58:38.698 INFO:teuthology.orchestra.run.smithi028.stdout:/usr/bin/ceph: stderr
2024-05-12T21:58:37.677+0000 7fa90fe00700 1 -- 172.21.15.28:0/294896248 shutdown_connections
2024-05-12T21:58:38.698 INFO:teuthology.orchestra.run.smithi028.stdout:/usr/bin/ceph: stderr
2024-05-12T21:58:37.677+0000 7fa90fe00700 1 --2- 172.21.15.28:0/294896248 >> [v2:172.21.15.28:3300/0,v1:172.21.15.28:6789/0] conn(0x7fa908107f70 0x7fa908108390 unknown :-1 s=CLOSED pgs=59 cs=0 l=1 rev1=1 crypto rx=0 tx=0 comp rx=0 tx=0).stop
2024-05-12T21:58:38.698 INFO:teuthology.orchestra.run.smithi028.stdout:/usr/bin/ceph: stderr
2024-05-12T21:58:37.677+0000 7fa90fe00700 1 -- 172.21.15.28:0/294896248 >> 172.21.15.28:0/294896248 conn(0x7fa908103530 msgr2=0x7fa908105950 unknown :-1 s=STATE_NONE l=0).mark_down
2024-05-12T21:58:38.698 INFO:teuthology.orchestra.run.smithi028.stdout:/usr/bin/ceph: stderr
2024-05-12T21:58:37.677+0000 7fa90fe00700 1 -- 172.21.15.28:0/294896248 shutdown_connections
2024-05-12T21:58:38.698 INFO:teuthology.orchestra.run.smithi028.stdout:/usr/bin/ceph: stderr
2024-05-12T21:58:37.677+0000 7fa90fe00700 1 -- 172.21.15.28:0/294896248 wait complete.
2024-05-12T21:58:38.698 INFO:teuthology.orchestra.run.smithi028.stdout:/usr/bin/ceph: stderr
2024-05-12T21:58:37.678+0000 7fa90fe00700 1 Processor -- start
2024-05-12T21:58:38.698 INFO:teuthology.orchestra.run.smithi028.stdout:/usr/bin/ceph: stderr
2024-05-12T21:58:37.678+0000 7fa90fe00700 1 -- start start
2024-05-12T21:58:38.698 INFO:teuthology.orchestra.run.smithi028.stdout:/usr/bin/ceph: stderr
2024-05-12T21:58:37.679+0000 7fa90fe00700 1 --2- >> [v2:172.21.15.28:3300/0,v1:172.21.15.28:6789/0] conn(0x7fa908107f70 0x7fa90819e160 unknown :-1 s=NONE pgs=0 cs=0 l=1 rev1=0 crypto rx=0 tx=0 comp rx=0 tx=0).connect
2024-05-12T21:58:38.698 INFO:teuthology.orchestra.run.smithi028.stdout:/usr/bin/ceph: stderr
2024-05-12T21:58:37.679+0000 7fa90fe00700 1 -- --> [v2:172.21.15.28:3300/0,v1:172.21.15.28:6789/0] -- mon_getmap magic: 0 -- 0x7fa90810c520 con 0x7fa908107f70
2024-05-12T21:58:38.698 INFO:teuthology.orchestra.run.smithi028.stdout:/usr/bin/ceph: stderr
2024-05-12T21:58:37.679+0000 7fa90d400700 1 --2- >> [v2:172.21.15.28:3300/0,v1:172.21.15.28:6789/0] conn(0x7fa908107f70 0x7fa90819e160 unknown :-1 s=BANNER_CONNECTING pgs=0 cs=0 l=1 rev1=0 crypto rx=0 tx=0 comp rx=0 tx=0)._handle_peer_banner_payload supported=3 required=0
2024-05-12T21:58:38.699 INFO:teuthology.orchestra.run.smithi028.stdout:/usr/bin/ceph: stderr
2024-05-12T21:58:37.679+0000 7fa90d400700 1 --2- >> [v2:172.21.15.28:3300/0,v1:172.21.15.28:6789/0] conn(0x7fa908107f70 0x7fa90819e160 unknown :-1 s=HELLO_CONNECTING pgs=0 cs=0 l=1 rev1=1 crypto rx=0 tx=0 comp rx=0 tx=0).handle_hello peer v2:172.21.15.28:3300/0 says I am v2:172.21.15.28:45548/0 (socket says 172.21.15.28:45548)
2024-05-12T21:58:38.699 INFO:teuthology.orchestra.run.smithi028.stdout:/usr/bin/ceph: stderr
2024-05-12T21:58:37.679+0000 7fa90d400700 1 -- 172.21.15.28:0/91271404 learned_addr learned my addr 172.21.15.28:0/91271404 (peer_addr_for_me v2:172.21.15.28:0/0)
2024-05-12T21:58:38.699 INFO:teuthology.orchestra.run.smithi028.stdout:/usr/bin/ceph: stderr
2024-05-12T21:58:37.679+0000 7fa90d400700 1 -- 172.21.15.28:0/91271404 --> [v2:172.21.15.28:3300/0,v1:172.21.15.28:6789/0] -- mon_subscribe({config=0+,monmap=0+}) -- 0x7fa90819e6a0 con 0x7fa908107f70
2024-05-12T21:58:38.699 INFO:teuthology.orchestra.run.smithi028.stdout:/usr/bin/ceph: stderr
2024-05-12T21:58:37.679+0000 7fa90d400700 1 --2- 172.21.15.28:0/91271404 >> [v2:172.21.15.28:3300/0,v1:172.21.15.28:6789/0] conn(0x7fa908107f70 0x7fa90819e160 secure :-1 s=READY pgs=60 cs=0 l=1 rev1=1 crypto rx=0x7fa8fc000c00 tx=0x7fa8fc011c10 comp rx=0 tx=0).ready entity=mon.0 client_cookie=0 server_cookie=0 in_seq=0 out_seq=0
2024-05-12T21:58:38.699 INFO:teuthology.orchestra.run.smithi028.stdout:/usr/bin/ceph: stderr
2024-05-12T21:58:37.680+0000 7fa906000700 1 -- 172.21.15.28:0/91271404 <== mon.0 v2:172.21.15.28:3300/0 1 ==== mon_map magic: 0 ==== 205+0+0 (secure 0 0 0) 0x7fa8fc003b60 con 0x7fa908107f70
2024-05-12T21:58:38.699 INFO:teuthology.orchestra.run.smithi028.stdout:/usr/bin/ceph: stderr
2024-05-12T21:58:37.680+0000 7fa906000700 1 -- 172.21.15.28:0/91271404 <== mon.0 v2:172.21.15.28:3300/0 2 ==== config(27 keys) ==== 1140+0+0 (secure 0 0 0) 0x7fa8fc01a910 con 0x7fa908107f70
2024-05-12T21:58:38.699 INFO:teuthology.orchestra.run.smithi028.stdout:/usr/bin/ceph: stderr
2024-05-12T21:58:37.680+0000 7fa906000700 1 -- 172.21.15.28:0/91271404 <== mon.0 v2:172.21.15.28:3300/0 3 ==== mon_map magic: 0 ==== 205+0+0 (secure 0 0 0) 0x7fa8fc024930 con 0x7fa908107f70
2024-05-12T21:58:38.699 INFO:teuthology.orchestra.run.smithi028.stdout:/usr/bin/ceph: stderr
2024-05-12T21:58:37.680+0000 7fa90fe00700 1 -- 172.21.15.28:0/91271404 --> [v2:172.21.15.28:3300/0,v1:172.21.15.28:6789/0] -- mon_subscribe({mgrmap=0+}) -- 0x7fa90819e930 con 0x7fa908107f70
2024-05-12T21:58:38.699 INFO:teuthology.orchestra.run.smithi028.stdout:/usr/bin/ceph: stderr
2024-05-12T21:58:37.680+0000 7fa90fe00700 1 -- 172.21.15.28:0/91271404 --> [v2:172.21.15.28:3300/0,v1:172.21.15.28:6789/0] -- mon_subscribe({osdmap=0}) -- 0x7fa90819ed90 con 0x7fa908107f70
2024-05-12T21:58:38.699 INFO:teuthology.orchestra.run.smithi028.stdout:/usr/bin/ceph: stderr
2024-05-12T21:58:37.681+0000 7fa90fe00700 1 -- 172.21.15.28:0/91271404 --> [v2:172.21.15.28:3300/0,v1:172.21.15.28:6789/0] -- mon_command({"prefix": "get_command_descriptions"} v 0) -- 0x7fa908063980 con 0x7fa908107f70
2024-05-12T21:58:38.699 INFO:teuthology.orchestra.run.smithi028.stdout:/usr/bin/ceph: stderr
2024-05-12T21:58:37.681+0000 7fa906000700 1 -- 172.21.15.28:0/91271404 <== mon.0 v2:172.21.15.28:3300/0 4 ==== mgrmap(e 9) ==== 46300+0+0 (secure 0 0 0) 0x7fa8fc022020 con 0x7fa908107f70
2024-05-12T21:58:38.699 INFO:teuthology.orchestra.run.smithi028.stdout:/usr/bin/ceph: stderr
2024-05-12T21:58:37.682+0000 7fa906000700 1 --2- 172.21.15.28:0/91271404 >> [v2:172.21.15.28:6800/3760499540,v1:172.21.15.28:6801/3760499540] conn(0x7fa8f0039100 0x7fa8f003b5c0 unknown :-1 s=NONE pgs=0 cs=0 l=1 rev1=0 crypto rx=0 tx=0 comp rx=0 tx=0).connect
2024-05-12T21:58:38.699 INFO:teuthology.orchestra.run.smithi028.stdout:/usr/bin/ceph: stderr
2024-05-12T21:58:37.682+0000 7fa906000700 1 -- 172.21.15.28:0/91271404 <== mon.0 v2:172.21.15.28:3300/0 5 ==== osd_map(2..2 src has 1..2) ==== 940+0+0 (secure 0 0 0) 0x7fa8fc04d1b0 con 0x7fa908107f70
2024-05-12T21:58:38.699 INFO:teuthology.orchestra.run.smithi028.stdout:/usr/bin/ceph: stderr
2024-05-12T21:58:37.682+0000 7fa90ca00700 1 -- 172.21.15.28:0/91271404 >> [v2:172.21.15.28:6800/3760499540,v1:172.21.15.28:6801/3760499540] conn(0x7fa8f0039100 msgr2=0x7fa8f003b5c0 unknown :-1 s=STATE_CONNECTING_RE l=1).process reconnect failed to v2:172.21.15.28:6800/3760499540
2024-05-12T21:58:38.700 INFO:teuthology.orchestra.run.smithi028.stdout:/usr/bin/ceph: stderr
2024-05-12T21:58:37.682+0000 7fa90ca00700 1 --2- 172.21.15.28:0/91271404 >> [v2:172.21.15.28:6800/3760499540,v1:172.21.15.28:6801/3760499540] conn(0x7fa8f0039100 0x7fa8f003b5c0 unknown :-1 s=START_CONNECT pgs=0 cs=0 l=1 rev1=0 crypto rx=0 tx=0 comp rx=0 tx=0)._fault waiting 0.200000
2024-05-12T21:58:38.700 INFO:teuthology.orchestra.run.smithi028.stdout:/usr/bin/ceph: stderr
2024-05-12T21:58:37.688+0000 7fa906000700 1 -- 172.21.15.28:0/91271404 <== mon.0 v2:172.21.15.28:3300/0 6 ==== mon_command_ack([{"prefix": "get_command_descriptions"}]=0 v0) ==== 72+0+186418 (secure 0 0 0) 0x7fa8fc02ddb0 con 0x7fa908107f70
2024-05-12T21:58:38.700 INFO:teuthology.orchestra.run.smithi028.stdout:/usr/bin/ceph: stderr
2024-05-12T21:58:37.883+0000 7fa90ca00700 1 -- 172.21.15.28:0/91271404 >> [v2:172.21.15.28:6800/3760499540,v1:172.21.15.28:6801/3760499540] conn(0x7fa8f0039100 msgr2=0x7fa8f003b5c0 unknown :-1 s=STATE_CONNECTING_RE l=1).process reconnect failed to v2:172.21.15.28:6800/3760499540
2024-05-12T21:58:38.700 INFO:teuthology.orchestra.run.smithi028.stdout:/usr/bin/ceph: stderr
2024-05-12T21:58:37.883+0000 7fa90ca00700 1 --2- 172.21.15.28:0/91271404 >> [v2:172.21.15.28:6800/3760499540,v1:172.21.15.28:6801/3760499540] conn(0x7fa8f0039100 0x7fa8f003b5c0 unknown :-1 s=START_CONNECT pgs=0 cs=0 l=1 rev1=0 crypto rx=0 tx=0 comp rx=0 tx=0)._fault waiting 0.400000
2024-05-12T21:58:38.700 INFO:teuthology.orchestra.run.smithi028.stdout:/usr/bin/ceph: stderr
2024-05-12T21:58:37.973+0000 7fa90fe00700 1 -- 172.21.15.28:0/91271404 --> [v2:172.21.15.28:3300/0,v1:172.21.15.28:6789/0] -- mon_command({"prefix": "mgr stat"} v 0) -- 0x7fa9081a1800 con 0x7fa908107f70
2024-05-12T21:58:38.700 INFO:teuthology.orchestra.run.smithi028.stdout:/usr/bin/ceph: stderr
2024-05-12T21:58:37.974+0000 7fa906000700 1 -- 172.21.15.28:0/91271404 <== mon.0 v2:172.21.15.28:3300/0 7 ==== mon_command_ack([{"prefix": "mgr stat"}]=0 v9) ==== 56+0+88 (secure 0 0 0) 0x7fa8fc00b3e0 con 0x7fa908107f70
2024-05-12T21:58:38.700 INFO:teuthology.orchestra.run.smithi028.stdout:/usr/bin/ceph: stderr
2024-05-12T21:58:37.977+0000 7fa90fe00700 1 -- 172.21.15.28:0/91271404 >> [v2:172.21.15.28:6800/3760499540,v1:172.21.15.28:6801/3760499540] conn(0x7fa8f0039100 msgr2=0x7fa8f003b5c0 unknown :-1 s=STATE_CONNECTING l=1).mark_down
2024-05-12T21:58:38.700 INFO:teuthology.orchestra.run.smithi028.stdout:/usr/bin/ceph: stderr
2024-05-12T21:58:37.977+0000 7fa90fe00700 1 --2- 172.21.15.28:0/91271404 >> [v2:172.21.15.28:6800/3760499540,v1:172.21.15.28:6801/3760499540] conn(0x7fa8f0039100 0x7fa8f003b5c0 unknown :-1 s=START_CONNECT pgs=0 cs=0 l=1 rev1=0 crypto rx=0 tx=0 comp rx=0 tx=0).stop
2024-05-12T21:58:38.700 INFO:teuthology.orchestra.run.smithi028.stdout:/usr/bin/ceph: stderr
2024-05-12T21:58:37.978+0000 7fa90fe00700 1 -- 172.21.15.28:0/91271404 >> [v2:172.21.15.28:3300/0,v1:172.21.15.28:6789/0] conn(0x7fa908107f70 msgr2=0x7fa90819e160 secure :-1 s=STATE_CONNECTION_ESTABLISHED l=1).mark_down
2024-05-12T21:58:38.700 INFO:teuthology.orchestra.run.smithi028.stdout:/usr/bin/ceph: stderr
2024-05-12T21:58:37.978+0000 7fa90fe00700 1 --2- 172.21.15.28:0/91271404 >> [v2:172.21.15.28:3300/0,v1:172.21.15.28:6789/0] conn(0x7fa908107f70 0x7fa90819e160 secure :-1 s=READY pgs=60 cs=0 l=1 rev1=1 crypto rx=0x7fa8fc000c00 tx=0x7fa8fc011c10 comp rx=0 tx=0).stop
2024-05-12T21:58:38.700 INFO:teuthology.orchestra.run.smithi028.stdout:/usr/bin/ceph: stderr
2024-05-12T21:58:37.978+0000 7fa90fe00700 1 -- 172.21.15.28:0/91271404 shutdown_connections
2024-05-12T21:58:38.700 INFO:teuthology.orchestra.run.smithi028.stdout:/usr/bin/ceph: stderr
2024-05-12T21:58:37.978+0000 7fa90fe00700 1 --2- 172.21.15.28:0/91271404 >> [v2:172.21.15.28:6800/3760499540,v1:172.21.15.28:6801/3760499540] conn(0x7fa8f0039100 0x7fa8f003b5c0 unknown :-1 s=CLOSED pgs=0 cs=0 l=1 rev1=0 crypto rx=0 tx=0 comp rx=0 tx=0).stop
2024-05-12T21:58:38.700 INFO:teuthology.orchestra.run.smithi028.stdout:/usr/bin/ceph: stderr
2024-05-12T21:58:37.978+0000 7fa90fe00700 1 --2- 172.21.15.28:0/91271404 >> [v2:172.21.15.28:3300/0,v1:172.21.15.28:6789/0] conn(0x7fa908107f70 0x7fa90819e160 unknown :-1 s=CLOSED pgs=60 cs=0 l=1 rev1=1 crypto rx=0 tx=0 comp rx=0 tx=0).stop
2024-05-12T21:58:38.700 INFO:teuthology.orchestra.run.smithi028.stdout:/usr/bin/ceph: stderr
2024-05-12T21:58:37.978+0000 7fa90fe00700 1 -- 172.21.15.28:0/91271404 >> 172.21.15.28:0/91271404 conn(0x7fa908103530 msgr2=0x7fa9081040e0 unknown :-1 s=STATE_NONE l=0).mark_down
2024-05-12T21:58:38.701 INFO:teuthology.orchestra.run.smithi028.stdout:/usr/bin/ceph: stderr
2024-05-12T21:58:37.978+0000 7fa90fe00700 1 -- 172.21.15.28:0/91271404 shutdown_connections
2024-05-12T21:58:38.701 INFO:teuthology.orchestra.run.smithi028.stdout:/usr/bin/ceph: stderr
2024-05-12T21:58:37.978+0000 7fa90fe00700 1 -- 172.21.15.28:0/91271404 wait complete.
2024-05-12T21:58:38.701 INFO:teuthology.orchestra.run.smithi028.stdout:Waiting for the mgr to restart...
2024-05-12T21:58:38.701 INFO:teuthology.orchestra.run.smithi028.stdout:Waiting for mgr epoch 9...
2024-05-12T21:58:39.242 INFO:journalctl@ceph.mgr.x.smithi028.stdout:May 12 21:58:39 smithi028 ceph-6b92e7b4-10aa-11ef-bc98-c7b262605968-mgr-x[30078]:
2024-05-12T21:58:39.160+0000 7f6304123200 -1 mgr[py] Module telegraf has missing NOTIFY_TYPES member
2024-05-12T21:58:39.501 INFO:journalctl@ceph.mgr.x.smithi028.stdout:May 12 21:58:39 smithi028 ceph-6b92e7b4-10aa-11ef-bc98-c7b262605968-mgr-x[30078]:
2024-05-12T21:58:39.397+0000 7f6304123200 -1 mgr[py] Module osd_support has missing NOTIFY_TYPES member
2024-05-12T21:58:39.785 INFO:journalctl@ceph.mgr.x.smithi028.stdout:May 12 21:58:39 smithi028 ceph-6b92e7b4-10aa-11ef-bc98-c7b262605968-mgr-x[30078]:
2024-05-12T21:58:39.618+0000 7f6304123200 -1 mgr[py] Module iostat has missing NOTIFY_TYPES member
2024-05-12T21:58:40.285 INFO:journalctl@ceph.mgr.x.smithi028.stdout:May 12 21:58:40 smithi028 ceph-6b92e7b4-10aa-11ef-bc98-c7b262605968-mgr-x[30078]:
2024-05-12T21:58:40.013+0000 7f6304123200 -1 mgr[py] Module alerts has missing NOTIFY_TYPES member
2024-05-12T21:58:40.285 INFO:journalctl@ceph.mgr.x.smithi028.stdout:May 12 21:58:40 smithi028 ceph-6b92e7b4-10aa-11ef-bc98-c7b262605968-mgr-x[30078]:
2024-05-12T21:58:40.140+0000 7f6304123200 -1 mgr[py] Module selftest has missing NOTIFY_TYPES member
2024-05-12T21:58:40.661 INFO:journalctl@ceph.mgr.x.smithi028.stdout:May 12 21:58:40 smithi028 ceph-6b92e7b4-10aa-11ef-bc98-c7b262605968-mgr-x[30078]:
2024-05-12T21:58:40.399+0000 7f6304123200 -1 mgr[py] Module pg_autoscaler has missing NOTIFY_TYPES member
2024-05-12T21:58:40.662 INFO:journalctl@ceph.mgr.x.smithi028.stdout:May 12 21:58:40 smithi028 ceph-6b92e7b4-10aa-11ef-bc98-c7b262605968-mgr-x[30078]:
2024-05-12T21:58:40.661+0000 7f6304123200 -1 mgr[py] Module test_orchestrator has missing NOTIFY_TYPES member
2024-05-12T21:58:41.785 INFO:journalctl@ceph.mgr.x.smithi028.stdout:May 12 21:58:41 smithi028 ceph-6b92e7b4-10aa-11ef-bc98-c7b262605968-mgr-x[30078]:
2024-05-12T21:58:41.482+0000 7f6304123200 -1 mgr[py] Module rook has missing NOTIFY_TYPES member
2024-05-12T21:58:42.305 INFO:journalctl@ceph.mgr.x.smithi028.stdout:May 12 21:58:42 smithi028 ceph-6b92e7b4-10aa-11ef-bc98-c7b262605968-mgr-x[30078]:
2024-05-12T21:58:42.053+0000 7f6304123200 -1 mgr[py] Module volumes has missing NOTIFY_TYPES member
2024-05-12T21:58:42.306 INFO:journalctl@ceph.mgr.x.smithi028.stdout:May 12 21:58:42 smithi028 ceph-6b92e7b4-10aa-11ef-bc98-c7b262605968-mgr-x[30078]:
2024-05-12T21:58:42.186+0000 7f6304123200 -1 mgr[py] Module crash has missing NOTIFY_TYPES member
2024-05-12T21:58:42.785 INFO:journalctl@ceph.mgr.x.smithi028.stdout:May 12 21:58:42 smithi028 ceph-6b92e7b4-10aa-11ef-bc98-c7b262605968-mgr-x[30078]:
2024-05-12T21:58:42.461+0000 7f6304123200 -1 mgr[py] Module rgw has missing NOTIFY_TYPES member
2024-05-12T21:58:43.535 INFO:journalctl@ceph.mgr.x.smithi028.stdout:May 12 21:58:43 smithi028 ceph-6b92e7b4-10aa-11ef-bc98-c7b262605968-mgr-x[30078]:
2024-05-12T21:58:43.131+0000 7f6304123200 -1 mgr[py] Module prometheus has missing NOTIFY_TYPES member
2024-05-12T21:58:43.535 INFO:journalctl@ceph.mgr.x.smithi028.stdout:May 12 21:58:43 smithi028 ceph-6b92e7b4-10aa-11ef-bc98-c7b262605968-mgr-x[30078]:
2024-05-12T21:58:43.259+0000 7f6304123200 -1 mgr[py] Module devicehealth has missing NOTIFY_TYPES member
