2024-05-12T21:58:27.449+0000 7fbaba000700 1 -- 172.21.15.28:0/1855844989 <== mon.0 v2:172.21.15.28:3300/0 2 ==== config(27 keys) ==== 1109+0+0 (secure 0 0 0) 0x7fbaac00b8c0 con 0x7fbabc10a010
2024-05-12T21:58:28.470 INFO:teuthology.orchestra.run.smithi028.stdout:/usr/bin/ceph: stderr
2024-05-12T21:58:27.449+0000 7fbaba000700 1 -- 172.21.15.28:0/1855844989 <== mon.0 v2:172.21.15.28:3300/0 3 ==== mon_map magic: 0 ==== 205+0+0 (secure 0 0 0) 0x7fbaac0045c0 con 0x7fbabc10a010
2024-05-12T21:58:28.470 INFO:teuthology.orchestra.run.smithi028.stdout:/usr/bin/ceph: stderr
2024-05-12T21:58:27.450+0000 7fbabbe00700 1 -- 172.21.15.28:0/1855844989 >> [v2:172.21.15.28:3300/0,v1:172.21.15.28:6789/0] conn(0x7fbabc10a010 msgr2=0x7fbabc10a430 secure :-1 s=STATE_CONNECTION_ESTABLISHED l=1).mark_down
2024-05-12T21:58:28.470 INFO:teuthology.orchestra.run.smithi028.stdout:/usr/bin/ceph: stderr
2024-05-12T21:58:27.450+0000 7fbabbe00700 1 --2- 172.21.15.28:0/1855844989 >> [v2:172.21.15.28:3300/0,v1:172.21.15.28:6789/0] conn(0x7fbabc10a010 0x7fbabc10a430 secure :-1 s=READY pgs=47 cs=0 l=1 rev1=1 crypto rx=0x7fbaac009e80 tx=0x7fbaac00b330 comp rx=0 tx=0).stop
2024-05-12T21:58:28.470 INFO:teuthology.orchestra.run.smithi028.stdout:/usr/bin/ceph: stderr
2024-05-12T21:58:27.450+0000 7fbabbe00700 1 -- 172.21.15.28:0/1855844989 shutdown_connections
2024-05-12T21:58:28.470 INFO:teuthology.orchestra.run.smithi028.stdout:/usr/bin/ceph: stderr
2024-05-12T21:58:27.450+0000 7fbabbe00700 1 --2- 172.21.15.28:0/1855844989 >> [v2:172.21.15.28:3300/0,v1:172.21.15.28:6789/0] conn(0x7fbabc10a010 0x7fbabc10a430 unknown :-1 s=CLOSED pgs=47 cs=0 l=1 rev1=1 crypto rx=0 tx=0 comp rx=0 tx=0).stop
2024-05-12T21:58:28.470 INFO:teuthology.orchestra.run.smithi028.stdout:/usr/bin/ceph: stderr
2024-05-12T21:58:27.450+0000 7fbabbe00700 1 -- 172.21.15.28:0/1855844989 >> 172.21.15.28:0/1855844989 conn(0x7fbabc07d3d0 msgr2=0x7fbabc07d800 unknown :-1 s=STATE_NONE l=0).mark_down
2024-05-12T21:58:28.470 INFO:teuthology.orchestra.run.smithi028.stdout:/usr/bin/ceph: stderr
2024-05-12T21:58:27.450+0000 7fbabbe00700 1 -- 172.21.15.28:0/1855844989 shutdown_connections
2024-05-12T21:58:28.470 INFO:teuthology.orchestra.run.smithi028.stdout:/usr/bin/ceph: stderr
2024-05-12T21:58:27.450+0000 7fbabbe00700 1 -- 172.21.15.28:0/1855844989 wait complete.
2024-05-12T21:58:28.470 INFO:teuthology.orchestra.run.smithi028.stdout:/usr/bin/ceph: stderr
2024-05-12T21:58:27.451+0000 7fbabbe00700 1 Processor -- start
2024-05-12T21:58:28.474 INFO:teuthology.orchestra.run.smithi028.stdout:/usr/bin/ceph: stderr
2024-05-12T21:58:27.451+0000 7fbabbe00700 1 -- start start
2024-05-12T21:58:28.474 INFO:teuthology.orchestra.run.smithi028.stdout:/usr/bin/ceph: stderr
2024-05-12T21:58:27.452+0000 7fbabbe00700 1 --2- >> [v2:172.21.15.28:3300/0,v1:172.21.15.28:6789/0] conn(0x7fbabc10a010 0x7fbabc19dfe0 unknown :-1 s=NONE pgs=0 cs=0 l=1 rev1=0 crypto rx=0 tx=0 comp rx=0 tx=0).connect
2024-05-12T21:58:28.474 INFO:teuthology.orchestra.run.smithi028.stdout:/usr/bin/ceph: stderr
2024-05-12T21:58:27.452+0000 7fbabbe00700 1 -- --> [v2:172.21.15.28:3300/0,v1:172.21.15.28:6789/0] -- mon_getmap magic: 0 -- 0x7fbabc10e570 con 0x7fbabc10a010
2024-05-12T21:58:28.474 INFO:teuthology.orchestra.run.smithi028.stdout:/usr/bin/ceph: stderr
2024-05-12T21:58:27.452+0000 7fbabaa00700 1 --2- >> [v2:172.21.15.28:3300/0,v1:172.21.15.28:6789/0] conn(0x7fbabc10a010 0x7fbabc19dfe0 unknown :-1 s=BANNER_CONNECTING pgs=0 cs=0 l=1 rev1=0 crypto rx=0 tx=0 comp rx=0 tx=0)._handle_peer_banner_payload supported=3 required=0
2024-05-12T21:58:28.474 INFO:teuthology.orchestra.run.smithi028.stdout:/usr/bin/ceph: stderr
2024-05-12T21:58:27.452+0000 7fbabaa00700 1 --2- >> [v2:172.21.15.28:3300/0,v1:172.21.15.28:6789/0] conn(0x7fbabc10a010 0x7fbabc19dfe0 unknown :-1 s=HELLO_CONNECTING pgs=0 cs=0 l=1 rev1=1 crypto rx=0 tx=0 comp rx=0 tx=0).handle_hello peer v2:172.21.15.28:3300/0 says I am v2:172.21.15.28:40780/0 (socket says 172.21.15.28:40780)
2024-05-12T21:58:28.474 INFO:teuthology.orchestra.run.smithi028.stdout:/usr/bin/ceph: stderr
2024-05-12T21:58:27.452+0000 7fbabaa00700 1 -- 172.21.15.28:0/2746434857 learned_addr learned my addr 172.21.15.28:0/2746434857 (peer_addr_for_me v2:172.21.15.28:0/0)
2024-05-12T21:58:28.474 INFO:teuthology.orchestra.run.smithi028.stdout:/usr/bin/ceph: stderr
2024-05-12T21:58:27.452+0000 7fbabaa00700 1 -- 172.21.15.28:0/2746434857 --> [v2:172.21.15.28:3300/0,v1:172.21.15.28:6789/0] -- mon_subscribe({config=0+,monmap=0+}) -- 0x7fbabc19e520 con 0x7fbabc10a010
2024-05-12T21:58:28.474 INFO:teuthology.orchestra.run.smithi028.stdout:/usr/bin/ceph: stderr
2024-05-12T21:58:27.453+0000 7fbabaa00700 1 --2- 172.21.15.28:0/2746434857 >> [v2:172.21.15.28:3300/0,v1:172.21.15.28:6789/0] conn(0x7fbabc10a010 0x7fbabc19dfe0 secure :-1 s=READY pgs=48 cs=0 l=1 rev1=1 crypto rx=0x7fbaac004210 tx=0x7fbaac00bd50 comp rx=0 tx=0).ready entity=mon.0 client_cookie=0 server_cookie=0 in_seq=0 out_seq=0
2024-05-12T21:58:28.474 INFO:teuthology.orchestra.run.smithi028.stdout:/usr/bin/ceph: stderr
2024-05-12T21:58:27.453+0000 7fbab3e00700 1 -- 172.21.15.28:0/2746434857 <== mon.0 v2:172.21.15.28:3300/0 1 ==== mon_map magic: 0 ==== 205+0+0 (secure 0 0 0) 0x7fbaac020020 con 0x7fbabc10a010
2024-05-12T21:58:28.474 INFO:teuthology.orchestra.run.smithi028.stdout:/usr/bin/ceph: stderr
2024-05-12T21:58:27.453+0000 7fbab3e00700 1 -- 172.21.15.28:0/2746434857 <== mon.0 v2:172.21.15.28:3300/0 2 ==== config(27 keys) ==== 1109+0+0 (secure 0 0 0) 0x7fbaac003b50 con 0x7fbabc10a010
2024-05-12T21:58:28.475 INFO:teuthology.orchestra.run.smithi028.stdout:/usr/bin/ceph: stderr
2024-05-12T21:58:27.453+0000 7fbabbe00700 1 -- 172.21.15.28:0/2746434857 --> [v2:172.21.15.28:3300/0,v1:172.21.15.28:6789/0] -- mon_subscribe({mgrmap=0+}) -- 0x7fbabc19e7b0 con 0x7fbabc10a010
2024-05-12T21:58:28.475 INFO:teuthology.orchestra.run.smithi028.stdout:/usr/bin/ceph: stderr
2024-05-12T21:58:27.453+0000 7fbab3e00700 1 -- 172.21.15.28:0/2746434857 <== mon.0 v2:172.21.15.28:3300/0 3 ==== mon_map magic: 0 ==== 205+0+0 (secure 0 0 0) 0x7fbaac017040 con 0x7fbabc10a010
2024-05-12T21:58:28.475 INFO:teuthology.orchestra.run.smithi028.stdout:/usr/bin/ceph: stderr
2024-05-12T21:58:27.453+0000 7fbabbe00700 1 -- 172.21.15.28:0/2746434857 --> [v2:172.21.15.28:3300/0,v1:172.21.15.28:6789/0] -- mon_subscribe({osdmap=0}) -- 0x7fbabc1a14a0 con 0x7fbabc10a010
2024-05-12T21:58:28.475 INFO:teuthology.orchestra.run.smithi028.stdout:/usr/bin/ceph: stderr
2024-05-12T21:58:27.454+0000 7fbab3e00700 1 -- 172.21.15.28:0/2746434857 <== mon.0 v2:172.21.15.28:3300/0 4 ==== mgrmap(e 8) ==== 46287+0+0 (secure 0 0 0) 0x7fbaac023020 con 0x7fbabc10a010
2024-05-12T21:58:28.475 INFO:teuthology.orchestra.run.smithi028.stdout:/usr/bin/ceph: stderr
2024-05-12T21:58:27.454+0000 7fbabbe00700 1 -- 172.21.15.28:0/2746434857 --> [v2:172.21.15.28:3300/0,v1:172.21.15.28:6789/0] -- mon_command({"prefix": "get_command_descriptions"} v 0) -- 0x7fbabc0694a0 con 0x7fbabc10a010
2024-05-12T21:58:28.475 INFO:teuthology.orchestra.run.smithi028.stdout:/usr/bin/ceph: stderr
2024-05-12T21:58:27.455+0000 7fbab3e00700 1 --2- 172.21.15.28:0/2746434857 >> [v2:172.21.15.28:6800/3760499540,v1:172.21.15.28:6801/3760499540] conn(0x7fbaa00390a0 0x7fbaa003b560 unknown :-1 s=NONE pgs=0 cs=0 l=1 rev1=0 crypto rx=0 tx=0 comp rx=0 tx=0).connect
2024-05-12T21:58:28.475 INFO:teuthology.orchestra.run.smithi028.stdout:/usr/bin/ceph: stderr
2024-05-12T21:58:27.455+0000 7fbab3e00700 1 -- 172.21.15.28:0/2746434857 <== mon.0 v2:172.21.15.28:3300/0 5 ==== osd_map(2..2 src has 1..2) ==== 940+0+0 (secure 0 0 0) 0x7fbaac00f050 con 0x7fbabc10a010
2024-05-12T21:58:28.475 INFO:teuthology.orchestra.run.smithi028.stdout:/usr/bin/ceph: stderr
2024-05-12T21:58:27.455+0000 7fbab2000700 1 --2- 172.21.15.28:0/2746434857 >> [v2:172.21.15.28:6800/3760499540,v1:172.21.15.28:6801/3760499540] conn(0x7fbaa00390a0 0x7fbaa003b560 unknown :-1 s=BANNER_CONNECTING pgs=0 cs=0 l=1 rev1=0 crypto rx=0 tx=0 comp rx=0 tx=0)._handle_peer_banner_payload supported=3 required=0
2024-05-12T21:58:28.475 INFO:teuthology.orchestra.run.smithi028.stdout:/usr/bin/ceph: stderr
2024-05-12T21:58:27.456+0000 7fbab2000700 1 --2- 172.21.15.28:0/2746434857 >> [v2:172.21.15.28:6800/3760499540,v1:172.21.15.28:6801/3760499540] conn(0x7fbaa00390a0 0x7fbaa003b560 secure :-1 s=READY pgs=12 cs=0 l=1 rev1=1 crypto rx=0x7fbaa4006fd0 tx=0x7fbaa4006e40 comp rx=0 tx=0).ready entity=mgr.14120 client_cookie=0 server_cookie=0 in_seq=0 out_seq=0
2024-05-12T21:58:28.475 INFO:teuthology.orchestra.run.smithi028.stdout:/usr/bin/ceph: stderr
2024-05-12T21:58:27.460+0000 7fbab3e00700 1 -- 172.21.15.28:0/2746434857 <== mon.0 v2:172.21.15.28:3300/0 6 ==== mon_command_ack([{"prefix": "get_command_descriptions"}]=0 v0) ==== 72+0+186418 (secure 0 0 0) 0x7fbaac02a020 con 0x7fbabc10a010
2024-05-12T21:58:28.475 INFO:teuthology.orchestra.run.smithi028.stdout:/usr/bin/ceph: stderr
2024-05-12T21:58:27.711+0000 7fbabbe00700 1 -- 172.21.15.28:0/2746434857 --> [v2:172.21.15.28:6800/3760499540,v1:172.21.15.28:6801/3760499540] -- mgr_command(tid 0: {"prefix": "orch apply", "service_type": "mon", "unmanaged": true, "target": ["mon-mgr", ""]}) -- 0x7fbabc107bb0 con 0x7fbaa00390a0
2024-05-12T21:58:28.475 INFO:teuthology.orchestra.run.smithi028.stdout:/usr/bin/ceph: stderr
2024-05-12T21:58:27.717+0000 7fbab3e00700 1 -- 172.21.15.28:0/2746434857 <== mgr.14120 v2:172.21.15.28:6800/3760499540 1 ==== mgr_command_reply(tid 0: 0 ) ==== 8+0+24 (secure 0 0 0) 0x7fbabc107bb0 con 0x7fbaa00390a0
2024-05-12T21:58:28.475 INFO:teuthology.orchestra.run.smithi028.stdout:/usr/bin/ceph: stderr
2024-05-12T21:58:27.720+0000 7fbabbe00700 1 -- 172.21.15.28:0/2746434857 >> [v2:172.21.15.28:6800/3760499540,v1:172.21.15.28:6801/3760499540] conn(0x7fbaa00390a0 msgr2=0x7fbaa003b560 secure :-1 s=STATE_CONNECTION_ESTABLISHED l=1).mark_down
2024-05-12T21:58:28.475 INFO:teuthology.orchestra.run.smithi028.stdout:/usr/bin/ceph: stderr
2024-05-12T21:58:27.720+0000 7fbabbe00700 1 --2- 172.21.15.28:0/2746434857 >> [v2:172.21.15.28:6800/3760499540,v1:172.21.15.28:6801/3760499540] conn(0x7fbaa00390a0 0x7fbaa003b560 secure :-1 s=READY pgs=12 cs=0 l=1 rev1=1 crypto rx=0x7fbaa4006fd0 tx=0x7fbaa4006e40 comp rx=0 tx=0).stop
2024-05-12T21:58:28.475 INFO:teuthology.orchestra.run.smithi028.stdout:/usr/bin/ceph: stderr
2024-05-12T21:58:27.720+0000 7fbabbe00700 1 -- 172.21.15.28:0/2746434857 >> [v2:172.21.15.28:3300/0,v1:172.21.15.28:6789/0] conn(0x7fbabc10a010 msgr2=0x7fbabc19dfe0 secure :-1 s=STATE_CONNECTION_ESTABLISHED l=1).mark_down
2024-05-12T21:58:28.476 INFO:teuthology.orchestra.run.smithi028.stdout:/usr/bin/ceph: stderr
2024-05-12T21:58:27.720+0000 7fbabbe00700 1 --2- 172.21.15.28:0/2746434857 >> [v2:172.21.15.28:3300/0,v1:172.21.15.28:6789/0] conn(0x7fbabc10a010 0x7fbabc19dfe0 secure :-1 s=READY pgs=48 cs=0 l=1 rev1=1 crypto rx=0x7fbaac004210 tx=0x7fbaac00bd50 comp rx=0 tx=0).stop
2024-05-12T21:58:28.476 INFO:teuthology.orchestra.run.smithi028.stdout:/usr/bin/ceph: stderr
2024-05-12T21:58:27.720+0000 7fbabbe00700 1 -- 172.21.15.28:0/2746434857 shutdown_connections
2024-05-12T21:58:28.476 INFO:teuthology.orchestra.run.smithi028.stdout:/usr/bin/ceph: stderr
2024-05-12T21:58:27.720+0000 7fbabbe00700 1 --2- 172.21.15.28:0/2746434857 >> [v2:172.21.15.28:6800/3760499540,v1:172.21.15.28:6801/3760499540] conn(0x7fbaa00390a0 0x7fbaa003b560 unknown :-1 s=CLOSED pgs=12 cs=0 l=1 rev1=1 crypto rx=0 tx=0 comp rx=0 tx=0).stop
2024-05-12T21:58:28.476 INFO:teuthology.orchestra.run.smithi028.stdout:/usr/bin/ceph: stderr
2024-05-12T21:58:27.720+0000 7fbabbe00700 1 --2- 172.21.15.28:0/2746434857 >> [v2:172.21.15.28:3300/0,v1:172.21.15.28:6789/0] conn(0x7fbabc10a010 0x7fbabc19dfe0 unknown :-1 s=CLOSED pgs=48 cs=0 l=1 rev1=1 crypto rx=0 tx=0 comp rx=0 tx=0).stop
2024-05-12T21:58:28.476 INFO:teuthology.orchestra.run.smithi028.stdout:/usr/bin/ceph: stderr
2024-05-12T21:58:27.720+0000 7fbabbe00700 1 -- 172.21.15.28:0/2746434857 >> 172.21.15.28:0/2746434857 conn(0x7fbabc07d3d0 msgr2=0x7fbabc1074a0 unknown :-1 s=STATE_NONE l=0).mark_down
2024-05-12T21:58:28.476 INFO:teuthology.orchestra.run.smithi028.stdout:/usr/bin/ceph: stderr
2024-05-12T21:58:27.720+0000 7fbabbe00700 1 -- 172.21.15.28:0/2746434857 shutdown_connections
2024-05-12T21:58:28.476 INFO:teuthology.orchestra.run.smithi028.stdout:/usr/bin/ceph: stderr
2024-05-12T21:58:27.720+0000 7fbabbe00700 1 -- 172.21.15.28:0/2746434857 wait complete.
2024-05-12T21:58:28.476 INFO:teuthology.orchestra.run.smithi028.stdout:Deploying unmanaged mgr service...
2024-05-12T21:58:28.975 INFO:journalctl@ceph.mon.a.smithi028.stdout:May 12 21:58:28 smithi028 ceph-mon[29847]: from='client.14142 -' entity='client.admin' cmd=[{"prefix": "orch apply", "service_type": "mon", "unmanaged": true, "target": ["mon-mgr", ""]}]: dispatch
2024-05-12T21:58:28.975 INFO:journalctl@ceph.mon.a.smithi028.stdout:May 12 21:58:28 smithi028 ceph-mon[29847]: Saving service mon spec with placement count:5
2024-05-12T21:58:28.975 INFO:journalctl@ceph.mon.a.smithi028.stdout:May 12 21:58:28 smithi028 ceph-mon[29847]: from='mgr.14120 172.21.15.28:0/1562014889' entity='mgr.x'
2024-05-12T21:58:30.970 INFO:journalctl@ceph.mon.a.smithi028.stdout:May 12 21:58:30 smithi028 ceph-mon[29847]: from='client.14144 -' entity='client.admin' cmd=[{"prefix": "orch apply", "service_type": "mgr", "unmanaged": true, "target": ["mon-mgr", ""]}]: dispatch
2024-05-12T21:58:30.970 INFO:journalctl@ceph.mon.a.smithi028.stdout:May 12 21:58:30 smithi028 ceph-mon[29847]: Saving service mgr spec with placement count:2
2024-05-12T21:58:30.971 INFO:journalctl@ceph.mon.a.smithi028.stdout:May 12 21:58:30 smithi028 ceph-mon[29847]: from='mgr.14120 172.21.15.28:0/1562014889' entity='mgr.x'
2024-05-12T21:58:30.971 INFO:journalctl@ceph.mon.a.smithi028.stdout:May 12 21:58:30 smithi028 ceph-mon[29847]: from='mgr.14120 172.21.15.28:0/1562014889' entity='mgr.x'
2024-05-12T21:58:30.988 INFO:teuthology.orchestra.run.smithi028.stdout:/usr/bin/ceph: stdout Scheduled mgr update...
2024-05-12T21:58:30.989 INFO:teuthology.orchestra.run.smithi028.stdout:/usr/bin/ceph: stderr
2024-05-12T21:58:29.441+0000 7f1c20a00700 1 Processor -- start
2024-05-12T21:58:30.989 INFO:teuthology.orchestra.run.smithi028.stdout:/usr/bin/ceph: stderr
2024-05-12T21:58:29.442+0000 7f1c20a00700 1 -- start start
2024-05-12T21:58:30.989 INFO:teuthology.orchestra.run.smithi028.stdout:/usr/bin/ceph: stderr
2024-05-12T21:58:29.442+0000 7f1c20a00700 1 --2- >> [v2:172.21.15.28:3300/0,v1:172.21.15.28:6789/0] conn(0x7f1c1c10ee30 0x7f1c1c111220 unknown :-1 s=NONE pgs=0 cs=0 l=0 rev1=0 crypto rx=0 tx=0 comp rx=0 tx=0).connect
2024-05-12T21:58:30.989 INFO:teuthology.orchestra.run.smithi028.stdout:/usr/bin/ceph: stderr
2024-05-12T21:58:29.442+0000 7f1c20a00700 1 -- --> [v2:172.21.15.28:3300/0,v1:172.21.15.28:6789/0] -- mon_getmap magic: 0 -- 0x7f1c1c111760 con 0x7f1c1c10ee30
2024-05-12T21:58:30.989 INFO:teuthology.orchestra.run.smithi028.stdout:/usr/bin/ceph: stderr
2024-05-12T21:58:29.443+0000 7f1c19e00700 1 --2- >> [v2:172.21.15.28:3300/0,v1:172.21.15.28:6789/0] conn(0x7f1c1c10ee30 0x7f1c1c111220 unknown :-1 s=BANNER_CONNECTING pgs=0 cs=0 l=0 rev1=0 crypto rx=0 tx=0 comp rx=0 tx=0)._handle_peer_banner_payload supported=3 required=0
2024-05-12T21:58:30.989 INFO:teuthology.orchestra.run.smithi028.stdout:/usr/bin/ceph: stderr
2024-05-12T21:58:29.443+0000 7f1c19e00700 1 --2- >> [v2:172.21.15.28:3300/0,v1:172.21.15.28:6789/0] conn(0x7f1c1c10ee30 0x7f1c1c111220 unknown :-1 s=HELLO_CONNECTING pgs=0 cs=0 l=0 rev1=1 crypto rx=0 tx=0 comp rx=0 tx=0).handle_hello peer v2:172.21.15.28:3300/0 says I am v2:172.21.15.28:40782/0 (socket says 172.21.15.28:40782)
2024-05-12T21:58:30.989 INFO:teuthology.orchestra.run.smithi028.stdout:/usr/bin/ceph: stderr
2024-05-12T21:58:29.443+0000 7f1c19e00700 1 -- 172.21.15.28:0/2324153223 learned_addr learned my addr 172.21.15.28:0/2324153223 (peer_addr_for_me v2:172.21.15.28:0/0)
2024-05-12T21:58:30.989 INFO:teuthology.orchestra.run.smithi028.stdout:/usr/bin/ceph: stderr
2024-05-12T21:58:29.443+0000 7f1c19e00700 1 -- 172.21.15.28:0/2324153223 --> [v2:172.21.15.28:3300/0,v1:172.21.15.28:6789/0] -- mon_subscribe({config=0+,monmap=0+}) -- 0x7f1c1c1118e0 con 0x7f1c1c10ee30
2024-05-12T21:58:30.989 INFO:teuthology.orchestra.run.smithi028.stdout:/usr/bin/ceph: stderr
2024-05-12T21:58:29.443+0000 7f1c19e00700 1 --2- 172.21.15.28:0/2324153223 >> [v2:172.21.15.28:3300/0,v1:172.21.15.28:6789/0] conn(0x7f1c1c10ee30 0x7f1c1c111220 secure :-1 s=READY pgs=49 cs=0 l=1 rev1=1 crypto rx=0x7f1c0c0098a0 tx=0x7f1c0c009bb0 comp rx=0 tx=0).ready entity=mon.0 client_cookie=95c045f72d644532 server_cookie=0 in_seq=0 out_seq=0
2024-05-12T21:58:30.989 INFO:teuthology.orchestra.run.smithi028.stdout:/usr/bin/ceph: stderr
2024-05-12T21:58:29.444+0000 7f1c18a00700 1 -- 172.21.15.28:0/2324153223 <== mon.0 v2:172.21.15.28:3300/0 1 ==== mon_map magic: 0 ==== 205+0+0 (secure 0 0 0) 0x7f1c0c004160 con 0x7f1c1c10ee30
2024-05-12T21:58:30.990 INFO:teuthology.orchestra.run.smithi028.stdout:/usr/bin/ceph: stderr
2024-05-12T21:58:29.444+0000 7f1c18a00700 1 -- 172.21.15.28:0/2324153223 <== mon.0 v2:172.21.15.28:3300/0 2 ==== config(27 keys) ==== 1109+0+0 (secure 0 0 0) 0x7f1c0c004300 con 0x7f1c1c10ee30
2024-05-12T21:58:30.990 INFO:teuthology.orchestra.run.smithi028.stdout:/usr/bin/ceph: stderr
2024-05-12T21:58:29.444+0000 7f1c18a00700 1 -- 172.21.15.28:0/2324153223 <== mon.0 v2:172.21.15.28:3300/0 3 ==== mon_map magic: 0 ==== 205+0+0 (secure 0 0 0) 0x7f1c0c011b50 con 0x7f1c1c10ee30
2024-05-12T21:58:30.990 INFO:teuthology.orchestra.run.smithi028.stdout:/usr/bin/ceph: stderr
2024-05-12T21:58:29.444+0000 7f1c20a00700 1 -- 172.21.15.28:0/2324153223 >> [v2:172.21.15.28:3300/0,v1:172.21.15.28:6789/0] conn(0x7f1c1c10ee30 msgr2=0x7f1c1c111220 secure :-1 s=STATE_CONNECTION_ESTABLISHED l=1).mark_down
2024-05-12T21:58:30.990 INFO:teuthology.orchestra.run.smithi028.stdout:/usr/bin/ceph: stderr
2024-05-12T21:58:29.444+0000 7f1c20a00700 1 --2- 172.21.15.28:0/2324153223 >> [v2:172.21.15.28:3300/0,v1:172.21.15.28:6789/0] conn(0x7f1c1c10ee30 0x7f1c1c111220 secure :-1 s=READY pgs=49 cs=0 l=1 rev1=1 crypto rx=0x7f1c0c0098a0 tx=0x7f1c0c009bb0 comp rx=0 tx=0).stop
2024-05-12T21:58:30.990 INFO:teuthology.orchestra.run.smithi028.stdout:/usr/bin/ceph: stderr
2024-05-12T21:58:29.444+0000 7f1c20a00700 1 -- 172.21.15.28:0/2324153223 shutdown_connections
2024-05-12T21:58:30.990 INFO:teuthology.orchestra.run.smithi028.stdout:/usr/bin/ceph: stderr
2024-05-12T21:58:29.444+0000 7f1c20a00700 1 --2- 172.21.15.28:0/2324153223 >> [v2:172.21.15.28:3300/0,v1:172.21.15.28:6789/0] conn(0x7f1c1c10ee30 0x7f1c1c111220 unknown :-1 s=CLOSED pgs=49 cs=0 l=1 rev1=1 crypto rx=0 tx=0 comp rx=0 tx=0).stop
2024-05-12T21:58:30.990 INFO:teuthology.orchestra.run.smithi028.stdout:/usr/bin/ceph: stderr
2024-05-12T21:58:29.444+0000 7f1c20a00700 1 -- 172.21.15.28:0/2324153223 >> 172.21.15.28:0/2324153223 conn(0x7f1c1c07d6a0 msgr2=0x7f1c1c07fac0 unknown :-1 s=STATE_NONE l=0).mark_down
2024-05-12T21:58:30.990 INFO:teuthology.orchestra.run.smithi028.stdout:/usr/bin/ceph: stderr
2024-05-12T21:58:29.445+0000 7f1c20a00700 1 -- 172.21.15.28:0/2324153223 shutdown_connections
2024-05-12T21:58:30.990 INFO:teuthology.orchestra.run.smithi028.stdout:/usr/bin/ceph: stderr
2024-05-12T21:58:29.445+0000 7f1c20a00700 1 -- 172.21.15.28:0/2324153223 wait complete.
2024-05-12T21:58:30.990 INFO:teuthology.orchestra.run.smithi028.stdout:/usr/bin/ceph: stderr
2024-05-12T21:58:29.446+0000 7f1c20a00700 1 Processor -- start
2024-05-12T21:58:30.990 INFO:teuthology.orchestra.run.smithi028.stdout:/usr/bin/ceph: stderr
2024-05-12T21:58:29.446+0000 7f1c20a00700 1 -- start start
2024-05-12T21:58:30.990 INFO:teuthology.orchestra.run.smithi028.stdout:/usr/bin/ceph: stderr
2024-05-12T21:58:29.446+0000 7f1c20a00700 1 --2- >> [v2:172.21.15.28:3300/0,v1:172.21.15.28:6789/0] conn(0x7f1c1c10ee30 0x7f1c1c1a2530 unknown :-1 s=NONE pgs=0 cs=0 l=1 rev1=0 crypto rx=0 tx=0 comp rx=0 tx=0).connect
2024-05-12T21:58:30.990 INFO:teuthology.orchestra.run.smithi028.stdout:/usr/bin/ceph: stderr
2024-05-12T21:58:29.446+0000 7f1c20a00700 1 -- --> [v2:172.21.15.28:3300/0,v1:172.21.15.28:6789/0] -- mon_getmap magic: 0 -- 0x7f1c1c112960 con 0x7f1c1c10ee30
2024-05-12T21:58:30.991 INFO:teuthology.orchestra.run.smithi028.stdout:/usr/bin/ceph: stderr
2024-05-12T21:58:29.447+0000 7f1c19e00700 1 --2- >> [v2:172.21.15.28:3300/0,v1:172.21.15.28:6789/0] conn(0x7f1c1c10ee30 0x7f1c1c1a2530 unknown :-1 s=BANNER_CONNECTING pgs=0 cs=0 l=1 rev1=0 crypto rx=0 tx=0 comp rx=0 tx=0)._handle_peer_banner_payload supported=3 required=0
2024-05-12T21:58:30.991 INFO:teuthology.orchestra.run.smithi028.stdout:/usr/bin/ceph: stderr
2024-05-12T21:58:29.447+0000 7f1c19e00700 1 --2- >> [v2:172.21.15.28:3300/0,v1:172.21.15.28:6789/0] conn(0x7f1c1c10ee30 0x7f1c1c1a2530 unknown :-1 s=HELLO_CONNECTING pgs=0 cs=0 l=1 rev1=1 crypto rx=0 tx=0 comp rx=0 tx=0).handle_hello peer v2:172.21.15.28:3300/0 says I am v2:172.21.15.28:40790/0 (socket says 172.21.15.28:40790)
2024-05-12T21:58:30.991 INFO:teuthology.orchestra.run.smithi028.stdout:/usr/bin/ceph: stderr
2024-05-12T21:58:29.447+0000 7f1c19e00700 1 -- 172.21.15.28:0/3449508692 learned_addr learned my addr 172.21.15.28:0/3449508692 (peer_addr_for_me v2:172.21.15.28:0/0)
2024-05-12T21:58:30.991 INFO:teuthology.orchestra.run.smithi028.stdout:/usr/bin/ceph: stderr
2024-05-12T21:58:29.447+0000 7f1c19e00700 1 -- 172.21.15.28:0/3449508692 --> [v2:172.21.15.28:3300/0,v1:172.21.15.28:6789/0] -- mon_subscribe({config=0+,monmap=0+}) -- 0x7f1c1c1a2a70 con 0x7f1c1c10ee30
2024-05-12T21:58:30.991 INFO:teuthology.orchestra.run.smithi028.stdout:/usr/bin/ceph: stderr
2024-05-12T21:58:29.447+0000 7f1c19e00700 1 --2- 172.21.15.28:0/3449508692 >> [v2:172.21.15.28:3300/0,v1:172.21.15.28:6789/0] conn(0x7f1c1c10ee30 0x7f1c1c1a2530 secure :-1 s=READY pgs=50 cs=0 l=1 rev1=1 crypto rx=0x7f1c0c011b60 tx=0x7f1c0c011c40 comp rx=0 tx=0).ready entity=mon.0 client_cookie=0 server_cookie=0 in_seq=0 out_seq=0
2024-05-12T21:58:30.991 INFO:teuthology.orchestra.run.smithi028.stdout:/usr/bin/ceph: stderr
2024-05-12T21:58:29.448+0000 7f1c12a00700 1 -- 172.21.15.28:0/3449508692 <== mon.0 v2:172.21.15.28:3300/0 1 ==== mon_map magic: 0 ==== 205+0+0 (secure 0 0 0) 0x7f1c0c003970 con 0x7f1c1c10ee30
2024-05-12T21:58:30.991 INFO:teuthology.orchestra.run.smithi028.stdout:/usr/bin/ceph: stderr
2024-05-12T21:58:29.448+0000 7f1c12a00700 1 -- 172.21.15.28:0/3449508692 <== mon.0 v2:172.21.15.28:3300/0 2 ==== config(27 keys) ==== 1109+0+0 (secure 0 0 0) 0x7f1c0c003b10 con 0x7f1c1c10ee30
2024-05-12T21:58:30.991 INFO:teuthology.orchestra.run.smithi028.stdout:/usr/bin/ceph: stderr
2024-05-12T21:58:29.448+0000 7f1c12a00700 1 -- 172.21.15.28:0/3449508692 <== mon.0 v2:172.21.15.28:3300/0 3 ==== mon_map magic: 0 ==== 205+0+0 (secure 0 0 0) 0x7f1c0c024610 con 0x7f1c1c10ee30
2024-05-12T21:58:30.991 INFO:teuthology.orchestra.run.smithi028.stdout:/usr/bin/ceph: stderr
2024-05-12T21:58:29.448+0000 7f1c20a00700 1 -- 172.21.15.28:0/3449508692 --> [v2:172.21.15.28:3300/0,v1:172.21.15.28:6789/0] -- mon_subscribe({mgrmap=0+}) -- 0x7f1c1c1a2d00 con 0x7f1c1c10ee30
2024-05-12T21:58:30.991 INFO:teuthology.orchestra.run.smithi028.stdout:/usr/bin/ceph: stderr
2024-05-12T21:58:29.448+0000 7f1c20a00700 1 -- 172.21.15.28:0/3449508692 --> [v2:172.21.15.28:3300/0,v1:172.21.15.28:6789/0] -- mon_subscribe({osdmap=0}) -- 0x7f1c1c1a59f0 con 0x7f1c1c10ee30
2024-05-12T21:58:30.991 INFO:teuthology.orchestra.run.smithi028.stdout:/usr/bin/ceph: stderr
2024-05-12T21:58:29.449+0000 7f1c12a00700 1 -- 172.21.15.28:0/3449508692 <== mon.0 v2:172.21.15.28:3300/0 4 ==== mgrmap(e 8) ==== 46287+0+0 (secure 0 0 0) 0x7f1c0c01a9f0 con 0x7f1c1c10ee30
2024-05-12T21:58:30.991 INFO:teuthology.orchestra.run.smithi028.stdout:/usr/bin/ceph: stderr
2024-05-12T21:58:29.449+0000 7f1c20a00700 1 -- 172.21.15.28:0/3449508692 --> [v2:172.21.15.28:3300/0,v1:172.21.15.28:6789/0] -- mon_command({"prefix": "get_command_descriptions"} v 0) -- 0x7f1c1c063980 con 0x7f1c1c10ee30
2024-05-12T21:58:30.992 INFO:teuthology.orchestra.run.smithi028.stdout:/usr/bin/ceph: stderr
2024-05-12T21:58:29.449+0000 7f1c12a00700 1 --2- 172.21.15.28:0/3449508692 >> [v2:172.21.15.28:6800/3760499540,v1:172.21.15.28:6801/3760499540] conn(0x7f1c000390a0 0x7f1c0003b560 unknown :-1 s=NONE pgs=0 cs=0 l=1 rev1=0 crypto rx=0 tx=0 comp rx=0 tx=0).connect
2024-05-12T21:58:30.992 INFO:teuthology.orchestra.run.smithi028.stdout:/usr/bin/ceph: stderr
2024-05-12T21:58:29.450+0000 7f1c12a00700 1 -- 172.21.15.28:0/3449508692 <== mon.0 v2:172.21.15.28:3300/0 5 ==== osd_map(2..2 src has 1..2) ==== 940+0+0 (secure 0 0 0) 0x7f1c0c011e00 con 0x7f1c1c10ee30
2024-05-12T21:58:30.992 INFO:teuthology.orchestra.run.smithi028.stdout:/usr/bin/ceph: stderr
2024-05-12T21:58:29.450+0000 7f1c19400700 1 --2- 172.21.15.28:0/3449508692 >> [v2:172.21.15.28:6800/3760499540,v1:172.21.15.28:6801/3760499540] conn(0x7f1c000390a0 0x7f1c0003b560 unknown :-1 s=BANNER_CONNECTING pgs=0 cs=0 l=1 rev1=0 crypto rx=0 tx=0 comp rx=0 tx=0)._handle_peer_banner_payload supported=3 required=0
2024-05-12T21:58:30.992 INFO:teuthology.orchestra.run.smithi028.stdout:/usr/bin/ceph: stderr
2024-05-12T21:58:29.450+0000 7f1c19400700 1 --2- 172.21.15.28:0/3449508692 >> [v2:172.21.15.28:6800/3760499540,v1:172.21.15.28:6801/3760499540] conn(0x7f1c000390a0 0x7f1c0003b560 secure :-1 s=READY pgs=13 cs=0 l=1 rev1=1 crypto rx=0x7f1c08006fd0 tx=0x7f1c08006e40 comp rx=0 tx=0).ready entity=mgr.14120 client_cookie=0 server_cookie=0 in_seq=0 out_seq=0
2024-05-12T21:58:30.992 INFO:teuthology.orchestra.run.smithi028.stdout:/usr/bin/ceph: stderr
2024-05-12T21:58:29.455+0000 7f1c12a00700 1 -- 172.21.15.28:0/3449508692 <== mon.0 v2:172.21.15.28:3300/0 6 ==== mon_command_ack([{"prefix": "get_command_descriptions"}]=0 v0) ==== 72+0+186418 (secure 0 0 0) 0x7f1c0c016260 con 0x7f1c1c10ee30
2024-05-12T21:58:30.992 INFO:teuthology.orchestra.run.smithi028.stdout:/usr/bin/ceph: stderr
2024-05-12T21:58:29.700+0000 7f1c20a00700 1 -- 172.21.15.28:0/3449508692 --> [v2:172.21.15.28:6800/3760499540,v1:172.21.15.28:6801/3760499540] -- mgr_command(tid 0: {"prefix": "orch apply", "service_type": "mgr", "unmanaged": true, "target": ["mon-mgr", ""]}) -- 0x7f1c1c07f9c0 con 0x7f1c000390a0
2024-05-12T21:58:30.992 INFO:teuthology.orchestra.run.smithi028.stdout:/usr/bin/ceph: stderr
2024-05-12T21:58:29.708+0000 7f1c12a00700 1 -- 172.21.15.28:0/3449508692 <== mgr.14120 v2:172.21.15.28:6800/3760499540 1 ==== mgr_command_reply(tid 0: 0 ) ==== 8+0+24 (secure 0 0 0) 0x7f1c1c07f9c0 con 0x7f1c000390a0
2024-05-12T21:58:30.992 INFO:teuthology.orchestra.run.smithi028.stdout:/usr/bin/ceph: stderr
2024-05-12T21:58:29.711+0000 7f1c20a00700 1 -- 172.21.15.28:0/3449508692 >> [v2:172.21.15.28:6800/3760499540,v1:172.21.15.28:6801/3760499540] conn(0x7f1c000390a0 msgr2=0x7f1c0003b560 secure :-1 s=STATE_CONNECTION_ESTABLISHED l=1).mark_down
2024-05-12T21:58:30.992 INFO:teuthology.orchestra.run.smithi028.stdout:/usr/bin/ceph: stderr
2024-05-12T21:58:29.711+0000 7f1c20a00700 1 --2- 172.21.15.28:0/3449508692 >> [v2:172.21.15.28:6800/3760499540,v1:172.21.15.28:6801/3760499540] conn(0x7f1c000390a0 0x7f1c0003b560 secure :-1 s=READY pgs=13 cs=0 l=1 rev1=1 crypto rx=0x7f1c08006fd0 tx=0x7f1c08006e40 comp rx=0 tx=0).stop
2024-05-12T21:58:30.992 INFO:teuthology.orchestra.run.smithi028.stdout:/usr/bin/ceph: stderr
2024-05-12T21:58:29.711+0000 7f1c20a00700 1 -- 172.21.15.28:0/3449508692 >> [v2:172.21.15.28:3300/0,v1:172.21.15.28:6789/0] conn(0x7f1c1c10ee30 msgr2=0x7f1c1c1a2530 secure :-1 s=STATE_CONNECTION_ESTABLISHED l=1).mark_down
2024-05-12T21:58:30.992 INFO:teuthology.orchestra.run.smithi028.stdout:/usr/bin/ceph: stderr
2024-05-12T21:58:29.711+0000 7f1c20a00700 1 --2- 172.21.15.28:0/3449508692 >> [v2:172.21.15.28:3300/0,v1:172.21.15.28:6789/0] conn(0x7f1c1c10ee30 0x7f1c1c1a2530 secure :-1 s=READY pgs=50 cs=0 l=1 rev1=1 crypto rx=0x7f1c0c011b60 tx=0x7f1c0c011c40 comp rx=0 tx=0).stop
2024-05-12T21:58:30.992 INFO:teuthology.orchestra.run.smithi028.stdout:/usr/bin/ceph: stderr
2024-05-12T21:58:29.711+0000 7f1c20a00700 1 -- 172.21.15.28:0/3449508692 shutdown_connections
2024-05-12T21:58:30.992 INFO:teuthology.orchestra.run.smithi028.stdout:/usr/bin/ceph: stderr
2024-05-12T21:58:29.711+0000 7f1c20a00700 1 --2- 172.21.15.28:0/3449508692 >> [v2:172.21.15.28:6800/3760499540,v1:172.21.15.28:6801/3760499540] conn(0x7f1c000390a0 0x7f1c0003b560 unknown :-1 s=CLOSED pgs=13 cs=0 l=1 rev1=1 crypto rx=0 tx=0 comp rx=0 tx=0).stop
2024-05-12T21:58:30.992 INFO:teuthology.orchestra.run.smithi028.stdout:/usr/bin/ceph: stderr
2024-05-12T21:58:29.711+0000 7f1c20a00700 1 --2- 172.21.15.28:0/3449508692 >> [v2:172.21.15.28:3300/0,v1:172.21.15.28:6789/0] conn(0x7f1c1c10ee30 0x7f1c1c1a2530 unknown :-1 s=CLOSED pgs=50 cs=0 l=1 rev1=1 crypto rx=0 tx=0 comp rx=0 tx=0).stop
2024-05-12T21:58:30.993 INFO:teuthology.orchestra.run.smithi028.stdout:/usr/bin/ceph: stderr
2024-05-12T21:58:29.711+0000 7f1c20a00700 1 -- 172.21.15.28:0/3449508692 >> 172.21.15.28:0/3449508692 conn(0x7f1c1c07d6a0 msgr2=0x7f1c1c07f2b0 unknown :-1 s=STATE_NONE l=0).mark_down
2024-05-12T21:58:30.993 INFO:teuthology.orchestra.run.smithi028.stdout:/usr/bin/ceph: stderr
2024-05-12T21:58:29.711+0000 7f1c20a00700 1 -- 172.21.15.28:0/3449508692 shutdown_connections
2024-05-12T21:58:30.993 INFO:teuthology.orchestra.run.smithi028.stdout:/usr/bin/ceph: stderr
2024-05-12T21:58:29.711+0000 7f1c20a00700 1 -- 172.21.15.28:0/3449508692 wait complete.
2024-05-12T21:58:31.799 INFO:journalctl@ceph.mon.a.smithi028.stdout:May 12 21:58:31 smithi028 ceph-mon[29847]: pgmap v3: 0 pgs: ; 0 B data, 0 B used, 0 B / 0 B avail
2024-05-12T21:58:31.799 INFO:journalctl@ceph.mon.a.smithi028.stdout:May 12 21:58:31 smithi028 ceph-mon[29847]: from='mgr.14120 172.21.15.28:0/1562014889' entity='mgr.x'
2024-05-12T21:58:32.412 INFO:teuthology.orchestra.run.smithi028.stdout:/usr/bin/ceph: stderr
2024-05-12T21:58:31.546+0000 7f15b7200700 1 Processor -- start
2024-05-12T21:58:32.412 INFO:teuthology.orchestra.run.smithi028.stdout:/usr/bin/ceph: stderr
2024-05-12T21:58:31.546+0000 7f15b7200700 1 -- start start
2024-05-12T21:58:32.412 INFO:teuthology.orchestra.run.smithi028.stdout:/usr/bin/ceph: stderr
2024-05-12T21:58:31.546+0000 7f15b7200700 1 --2- >> [v2:172.21.15.28:3300/0,v1:172.21.15.28:6789/0] conn(0x7f15b0108a20 0x7f15b010ae10 unknown :-1 s=NONE pgs=0 cs=0 l=0 rev1=0 crypto rx=0 tx=0 comp rx=0 tx=0).connect
2024-05-12T21:58:32.413 INFO:teuthology.orchestra.run.smithi028.stdout:/usr/bin/ceph: stderr
2024-05-12T21:58:31.546+0000 7f15b7200700 1 -- --> [v2:172.21.15.28:3300/0,v1:172.21.15.28:6789/0] -- mon_getmap magic: 0 -- 0x7f15b00635e0 con 0x7f15b0108a20
2024-05-12T21:58:32.413 INFO:teuthology.orchestra.run.smithi028.stdout:/usr/bin/ceph: stderr
2024-05-12T21:58:31.547+0000 7f15afe00700 1 --2- >> [v2:172.21.15.28:3300/0,v1:172.21.15.28:6789/0] conn(0x7f15b0108a20 0x7f15b010ae10 unknown :-1 s=BANNER_CONNECTING pgs=0 cs=0 l=0 rev1=0 crypto rx=0 tx=0 comp rx=0 tx=0)._handle_peer_banner_payload supported=3 required=0
2024-05-12T21:58:32.413 INFO:teuthology.orchestra.run.smithi028.stdout:/usr/bin/ceph: stderr
2024-05-12T21:58:31.547+0000 7f15afe00700 1 --2- >> [v2:172.21.15.28:3300/0,v1:172.21.15.28:6789/0] conn(0x7f15b0108a20 0x7f15b010ae10 unknown :-1 s=HELLO_CONNECTING pgs=0 cs=0 l=0 rev1=1 crypto rx=0 tx=0 comp rx=0 tx=0).handle_hello peer v2:172.21.15.28:3300/0 says I am v2:172.21.15.28:40796/0 (socket says 172.21.15.28:40796)
2024-05-12T21:58:32.413 INFO:teuthology.orchestra.run.smithi028.stdout:/usr/bin/ceph: stderr
2024-05-12T21:58:31.547+0000 7f15afe00700 1 -- 172.21.15.28:0/1960034213 learned_addr learned my addr 172.21.15.28:0/1960034213 (peer_addr_for_me v2:172.21.15.28:0/0)
2024-05-12T21:58:32.414 INFO:teuthology.orchestra.run.smithi028.stdout:/usr/bin/ceph: stderr
2024-05-12T21:58:31.547+0000 7f15afe00700 1 -- 172.21.15.28:0/1960034213 --> [v2:172.21.15.28:3300/0,v1:172.21.15.28:6789/0] -- mon_subscribe({config=0+,monmap=0+}) -- 0x7f15b010b350 con 0x7f15b0108a20
2024-05-12T21:58:32.414 INFO:teuthology.orchestra.run.smithi028.stdout:/usr/bin/ceph: stderr
2024-05-12T21:58:31.548+0000 7f15afe00700 1 --2- 172.21.15.28:0/1960034213 >> [v2:172.21.15.28:3300/0,v1:172.21.15.28:6789/0] conn(0x7f15b0108a20 0x7f15b010ae10 secure :-1 s=READY pgs=51 cs=0 l=1 rev1=1 crypto rx=0x7f15a00098a0 tx=0x7f15a0009bb0 comp rx=0 tx=0).ready entity=mon.0 client_cookie=f93f8b8310c62eab server_cookie=0 in_seq=0 out_seq=0
2024-05-12T21:58:32.415 INFO:teuthology.orchestra.run.smithi028.stdout:/usr/bin/ceph: stderr
2024-05-12T21:58:31.548+0000 7f15af400700 1 -- 172.21.15.28:0/1960034213 <== mon.0 v2:172.21.15.28:3300/0 1 ==== mon_map magic: 0 ==== 205+0+0 (secure 0 0 0) 0x7f15a0004160 con 0x7f15b0108a20
2024-05-12T21:58:32.415 INFO:teuthology.orchestra.run.smithi028.stdout:/usr/bin/ceph: stderr
2024-05-12T21:58:31.548+0000 7f15af400700 1 -- 172.21.15.28:0/1960034213 <== mon.0 v2:172.21.15.28:3300/0 2 ==== config(27 keys) ==== 1140+0+0 (secure 0 0 0) 0x7f15a0004300 con 0x7f15b0108a20
2024-05-12T21:58:32.415 INFO:teuthology.orchestra.run.smithi028.stdout:/usr/bin/ceph: stderr
2024-05-12T21:58:31.548+0000 7f15af400700 1 -- 172.21.15.28:0/1960034213 <== mon.0 v2:172.21.15.28:3300/0 3 ==== mon_map magic: 0 ==== 205+0+0 (secure 0 0 0) 0x7f15a0011b20 con 0x7f15b0108a20
2024-05-12T21:58:32.415 INFO:teuthology.orchestra.run.smithi028.stdout:/usr/bin/ceph: stderr
2024-05-12T21:58:31.549+0000 7f15b7200700 1 -- 172.21.15.28:0/1960034213 >> [v2:172.21.15.28:3300/0,v1:172.21.15.28:6789/0] conn(0x7f15b0108a20 msgr2=0x7f15b010ae10 secure :-1 s=STATE_CONNECTION_ESTABLISHED l=1).mark_down
2024-05-12T21:58:32.415 INFO:teuthology.orchestra.run.smithi028.stdout:/usr/bin/ceph: stderr
2024-05-12T21:58:31.549+0000 7f15b7200700 1 --2- 172.21.15.28:0/1960034213 >> [v2:172.21.15.28:3300/0,v1:172.21.15.28:6789/0] conn(0x7f15b0108a20 0x7f15b010ae10 secure :-1 s=READY pgs=51 cs=0 l=1 rev1=1 crypto rx=0x7f15a00098a0 tx=0x7f15a0009bb0 comp rx=0 tx=0).stop
2024-05-12T21:58:32.416 INFO:teuthology.orchestra.run.smithi028.stdout:/usr/bin/ceph: stderr
2024-05-12T21:58:31.549+0000 7f15b7200700 1 -- 172.21.15.28:0/1960034213 shutdown_connections
2024-05-12T21:58:32.416 INFO:teuthology.orchestra.run.smithi028.stdout:/usr/bin/ceph: stderr
2024-05-12T21:58:31.549+0000 7f15b7200700 1 --2- 172.21.15.28:0/1960034213 >> [v2:172.21.15.28:3300/0,v1:172.21.15.28:6789/0] conn(0x7f15b0108a20 0x7f15b010ae10 unknown :-1 s=CLOSED pgs=51 cs=0 l=1 rev1=1 crypto rx=0 tx=0 comp rx=0 tx=0).stop
2024-05-12T21:58:32.417 INFO:teuthology.orchestra.run.smithi028.stdout:/usr/bin/ceph: stderr
2024-05-12T21:58:31.549+0000 7f15b7200700 1 -- 172.21.15.28:0/1960034213 >> 172.21.15.28:0/1960034213 conn(0x7f15b0102410 msgr2=0x7f15b0104830 unknown :-1 s=STATE_NONE l=0).mark_down
2024-05-12T21:58:32.417 INFO:teuthology.orchestra.run.smithi028.stdout:/usr/bin/ceph: stderr
2024-05-12T21:58:31.549+0000 7f15b7200700 1 -- 172.21.15.28:0/1960034213 shutdown_connections
2024-05-12T21:58:32.417 INFO:teuthology.orchestra.run.smithi028.stdout:/usr/bin/ceph: stderr
2024-05-12T21:58:31.549+0000 7f15b7200700 1 -- 172.21.15.28:0/1960034213 wait complete.
2024-05-12T21:58:32.417 INFO:teuthology.orchestra.run.smithi028.stdout:/usr/bin/ceph: stderr
2024-05-12T21:58:31.550+0000 7f15b7200700 1 Processor -- start
2024-05-12T21:58:32.417 INFO:teuthology.orchestra.run.smithi028.stdout:/usr/bin/ceph: stderr
2024-05-12T21:58:31.550+0000 7f15b7200700 1 -- start start
2024-05-12T21:58:32.417 INFO:teuthology.orchestra.run.smithi028.stdout:/usr/bin/ceph: stderr
2024-05-12T21:58:31.551+0000 7f15b7200700 1 --2- >> [v2:172.21.15.28:3300/0,v1:172.21.15.28:6789/0] conn(0x7f15b0108a20 0x7f15b019e060 unknown :-1 s=NONE pgs=0 cs=0 l=1 rev1=0 crypto rx=0 tx=0 comp rx=0 tx=0).connect
2024-05-12T21:58:32.418 INFO:teuthology.orchestra.run.smithi028.stdout:/usr/bin/ceph: stderr
2024-05-12T21:58:31.551+0000 7f15b7200700 1 -- --> [v2:172.21.15.28:3300/0,v1:172.21.15.28:6789/0] -- mon_getmap magic: 0 -- 0x7f15b010c360 con 0x7f15b0108a20
2024-05-12T21:58:32.418 INFO:teuthology.orchestra.run.smithi028.stdout:/usr/bin/ceph: stderr
2024-05-12T21:58:31.551+0000 7f15afe00700 1 --2- >> [v2:172.21.15.28:3300/0,v1:172.21.15.28:6789/0] conn(0x7f15b0108a20 0x7f15b019e060 unknown :-1 s=BANNER_CONNECTING pgs=0 cs=0 l=1 rev1=0 crypto rx=0 tx=0 comp rx=0 tx=0)._handle_peer_banner_payload supported=3 required=0
2024-05-12T21:58:32.418 INFO:teuthology.orchestra.run.smithi028.stdout:/usr/bin/ceph: stderr
2024-05-12T21:58:31.551+0000 7f15afe00700 1 --2- >> [v2:172.21.15.28:3300/0,v1:172.21.15.28:6789/0] conn(0x7f15b0108a20 0x7f15b019e060 unknown :-1 s=HELLO_CONNECTING pgs=0 cs=0 l=1 rev1=1 crypto rx=0 tx=0 comp rx=0 tx=0).handle_hello peer v2:172.21.15.28:3300/0 says I am v2:172.21.15.28:40798/0 (socket says 172.21.15.28:40798)
2024-05-12T21:58:32.418 INFO:teuthology.orchestra.run.smithi028.stdout:/usr/bin/ceph: stderr
2024-05-12T21:58:31.551+0000 7f15afe00700 1 -- 172.21.15.28:0/3159163545 learned_addr learned my addr 172.21.15.28:0/3159163545 (peer_addr_for_me v2:172.21.15.28:0/0)
2024-05-12T21:58:32.418 INFO:teuthology.orchestra.run.smithi028.stdout:/usr/bin/ceph: stderr
2024-05-12T21:58:31.551+0000 7f15afe00700 1 -- 172.21.15.28:0/3159163545 --> [v2:172.21.15.28:3300/0,v1:172.21.15.28:6789/0] -- mon_subscribe({config=0+,monmap=0+}) -- 0x7f15b019e5a0 con 0x7f15b0108a20
2024-05-12T21:58:32.420 INFO:teuthology.orchestra.run.smithi028.stdout:/usr/bin/ceph: stderr
2024-05-12T21:58:31.552+0000 7f15afe00700 1 --2- 172.21.15.28:0/3159163545 >> [v2:172.21.15.28:3300/0,v1:172.21.15.28:6789/0] conn(0x7f15b0108a20 0x7f15b019e060 secure :-1 s=READY pgs=52 cs=0 l=1 rev1=1 crypto rx=0x7f15a00117e0 tx=0x7f15a0011ba0 comp rx=0 tx=0).ready entity=mon.0 client_cookie=0 server_cookie=0 in_seq=0 out_seq=0
2024-05-12T21:58:32.420 INFO:teuthology.orchestra.run.smithi028.stdout:/usr/bin/ceph: stderr
2024-05-12T21:58:31.552+0000 7f15ad600700 1 -- 172.21.15.28:0/3159163545 <== mon.0 v2:172.21.15.28:3300/0 1 ==== mon_map magic: 0 ==== 205+0+0 (secure 0 0 0) 0x7f15a0003ba0 con 0x7f15b0108a20
2024-05-12T21:58:32.420 INFO:teuthology.orchestra.run.smithi028.stdout:/usr/bin/ceph: stderr
2024-05-12T21:58:31.552+0000 7f15ad600700 1 -- 172.21.15.28:0/3159163545 <== mon.0 v2:172.21.15.28:3300/0 2 ==== config(27 keys) ==== 1140+0+0 (secure 0 0 0) 0x7f15a001a910 con 0x7f15b0108a20
2024-05-12T21:58:32.420 INFO:teuthology.orchestra.run.smithi028.stdout:/usr/bin/ceph: stderr
2024-05-12T21:58:31.552+0000 7f15ad600700 1 -- 172.21.15.28:0/3159163545 <== mon.0 v2:172.21.15.28:3300/0 3 ==== mon_map magic: 0 ==== 205+0+0 (secure 0 0 0) 0x7f15a00248f0 con 0x7f15b0108a20
2024-05-12T21:58:32.420 INFO:teuthology.orchestra.run.smithi028.stdout:/usr/bin/ceph: stderr
2024-05-12T21:58:31.552+0000 7f15b7200700 1 -- 172.21.15.28:0/3159163545 --> [v2:172.21.15.28:3300/0,v1:172.21.15.28:6789/0] -- mon_subscribe({mgrmap=0+}) -- 0x7f15b019e830 con 0x7f15b0108a20
2024-05-12T21:58:32.420 INFO:teuthology.orchestra.run.smithi028.stdout:/usr/bin/ceph: stderr
2024-05-12T21:58:31.552+0000 7f15b7200700 1 -- 172.21.15.28:0/3159163545 --> [v2:172.21.15.28:3300/0,v1:172.21.15.28:6789/0] -- mon_subscribe({osdmap=0}) -- 0x7f15b019ec90 con 0x7f15b0108a20
2024-05-12T21:58:32.420 INFO:teuthology.orchestra.run.smithi028.stdout:/usr/bin/ceph: stderr
2024-05-12T21:58:31.553+0000 7f15ad600700 1 -- 172.21.15.28:0/3159163545 <== mon.0 v2:172.21.15.28:3300/0 4 ==== mgrmap(e 8) ==== 46287+0+0 (secure 0 0 0) 0x7f15a0022020 con 0x7f15b0108a20
2024-05-12T21:58:32.420 INFO:teuthology.orchestra.run.smithi028.stdout:/usr/bin/ceph: stderr
2024-05-12T21:58:31.553+0000 7f15b7200700 1 -- 172.21.15.28:0/3159163545 --> [v2:172.21.15.28:3300/0,v1:172.21.15.28:6789/0] -- mon_command({"prefix": "get_command_descriptions"} v 0) -- 0x7f15b0063980 con 0x7f15b0108a20
2024-05-12T21:58:32.420 INFO:teuthology.orchestra.run.smithi028.stdout:/usr/bin/ceph: stderr
2024-05-12T21:58:31.554+0000 7f15ad600700 1 --2- 172.21.15.28:0/3159163545 >> [v2:172.21.15.28:6800/3760499540,v1:172.21.15.28:6801/3760499540] conn(0x7f15940390a0 0x7f159403b560 unknown :-1 s=NONE pgs=0 cs=0 l=1 rev1=0 crypto rx=0 tx=0 comp rx=0 tx=0).connect
2024-05-12T21:58:32.420 INFO:teuthology.orchestra.run.smithi028.stdout:/usr/bin/ceph: stderr
2024-05-12T21:58:31.554+0000 7f15ad600700 1 -- 172.21.15.28:0/3159163545 <== mon.0 v2:172.21.15.28:3300/0 5 ==== osd_map(2..2 src has 1..2) ==== 940+0+0 (secure 0 0 0) 0x7f15a004d540 con 0x7f15b0108a20
2024-05-12T21:58:32.420 INFO:teuthology.orchestra.run.smithi028.stdout:/usr/bin/ceph: stderr
2024-05-12T21:58:31.554+0000 7f15a7400700 1 --2- 172.21.15.28:0/3159163545 >> [v2:172.21.15.28:6800/3760499540,v1:172.21.15.28:6801/3760499540] conn(0x7f15940390a0 0x7f159403b560 unknown :-1 s=BANNER_CONNECTING pgs=0 cs=0 l=1 rev1=0 crypto rx=0 tx=0 comp rx=0 tx=0)._handle_peer_banner_payload supported=3 required=0
2024-05-12T21:58:32.420 INFO:teuthology.orchestra.run.smithi028.stdout:/usr/bin/ceph: stderr
2024-05-12T21:58:31.555+0000 7f15a7400700 1 --2- 172.21.15.28:0/3159163545 >> [v2:172.21.15.28:6800/3760499540,v1:172.21.15.28:6801/3760499540] conn(0x7f15940390a0 0x7f159403b560 secure :-1 s=READY pgs=14 cs=0 l=1 rev1=1 crypto rx=0x7f1598006fd0 tx=0x7f1598006e40 comp rx=0 tx=0).ready entity=mgr.14120 client_cookie=0 server_cookie=0 in_seq=0 out_seq=0
2024-05-12T21:58:32.420 INFO:teuthology.orchestra.run.smithi028.stdout:/usr/bin/ceph: stderr
2024-05-12T21:58:31.559+0000 7f15ad600700 1 -- 172.21.15.28:0/3159163545 <== mon.0 v2:172.21.15.28:3300/0 6 ==== mon_command_ack([{"prefix": "get_command_descriptions"}]=0 v0) ==== 72+0+186418 (secure 0 0 0) 0x7f15a001ab70 con 0x7f15b0108a20
2024-05-12T21:58:32.420 INFO:teuthology.orchestra.run.smithi028.stdout:/usr/bin/ceph: stderr
2024-05-12T21:58:31.791+0000 7f15b7200700 1 -- 172.21.15.28:0/3159163545 --> [v2:172.21.15.28:3300/0,v1:172.21.15.28:6789/0] -- mon_command([{prefix=config set, name=mgr/cephadm/container_init}] v 0) -- 0x7f15b01a15e0 con 0x7f15b0108a20
2024-05-12T21:58:32.421 INFO:teuthology.orchestra.run.smithi028.stdout:/usr/bin/ceph: stderr
2024-05-12T21:58:31.795+0000 7f15ad600700 1 -- 172.21.15.28:0/3159163545 <== mon.0 v2:172.21.15.28:3300/0 7 ==== mon_command_ack([{prefix=config set, name=mgr/cephadm/container_init}]=0 v7)=0 v7) ==== 142+0+0 (secure 0 0 0) 0x7f15a00212c0 con 0x7f15b0108a20
2024-05-12T21:58:32.422 INFO:teuthology.orchestra.run.smithi028.stdout:/usr/bin/ceph: stderr
2024-05-12T21:58:31.798+0000 7f15b7200700 1 -- 172.21.15.28:0/3159163545 >> [v2:172.21.15.28:6800/3760499540,v1:172.21.15.28:6801/3760499540] conn(0x7f15940390a0 msgr2=0x7f159403b560 secure :-1 s=STATE_CONNECTION_ESTABLISHED l=1).mark_down
2024-05-12T21:58:32.422 INFO:teuthology.orchestra.run.smithi028.stdout:/usr/bin/ceph: stderr
2024-05-12T21:58:31.798+0000 7f15b7200700 1 --2- 172.21.15.28:0/3159163545 >> [v2:172.21.15.28:6800/3760499540,v1:172.21.15.28:6801/3760499540] conn(0x7f15940390a0 0x7f159403b560 secure :-1 s=READY pgs=14 cs=0 l=1 rev1=1 crypto rx=0x7f1598006fd0 tx=0x7f1598006e40 comp rx=0 tx=0).stop
2024-05-12T21:58:32.422 INFO:teuthology.orchestra.run.smithi028.stdout:/usr/bin/ceph: stderr
2024-05-12T21:58:31.798+0000 7f15b7200700 1 -- 172.21.15.28:0/3159163545 >> [v2:172.21.15.28:3300/0,v1:172.21.15.28:6789/0] conn(0x7f15b0108a20 msgr2=0x7f15b019e060 secure :-1 s=STATE_CONNECTION_ESTABLISHED l=1).mark_down
2024-05-12T21:58:32.422 INFO:teuthology.orchestra.run.smithi028.stdout:/usr/bin/ceph: stderr
2024-05-12T21:58:31.798+0000 7f15b7200700 1 --2- 172.21.15.28:0/3159163545 >> [v2:172.21.15.28:3300/0,v1:172.21.15.28:6789/0] conn(0x7f15b0108a20 0x7f15b019e060 secure :-1 s=READY pgs=52 cs=0 l=1 rev1=1 crypto rx=0x7f15a00117e0 tx=0x7f15a0011ba0 comp rx=0 tx=0).stop
2024-05-12T21:58:32.422 INFO:teuthology.orchestra.run.smithi028.stdout:/usr/bin/ceph: stderr
2024-05-12T21:58:31.798+0000 7f15b7200700 1 -- 172.21.15.28:0/3159163545 shutdown_connections
2024-05-12T21:58:32.422 INFO:teuthology.orchestra.run.smithi028.stdout:/usr/bin/ceph: stderr
2024-05-12T21:58:31.798+0000 7f15b7200700 1 --2- 172.21.15.28:0/3159163545 >> [v2:172.21.15.28:6800/3760499540,v1:172.21.15.28:6801/3760499540] conn(0x7f15940390a0 0x7f159403b560 unknown :-1 s=CLOSED pgs=14 cs=0 l=1 rev1=1 crypto rx=0 tx=0 comp rx=0 tx=0).stop
2024-05-12T21:58:32.422 INFO:teuthology.orchestra.run.smithi028.stdout:/usr/bin/ceph: stderr
2024-05-12T21:58:31.798+0000 7f15b7200700 1 --2- 172.21.15.28:0/3159163545 >> [v2:172.21.15.28:3300/0,v1:172.21.15.28:6789/0] conn(0x7f15b0108a20 0x7f15b019e060 unknown :-1 s=CLOSED pgs=52 cs=0 l=1 rev1=1 crypto rx=0 tx=0 comp rx=0 tx=0).stop
2024-05-12T21:58:32.422 INFO:teuthology.orchestra.run.smithi028.stdout:/usr/bin/ceph: stderr
2024-05-12T21:58:31.799+0000 7f15b7200700 1 -- 172.21.15.28:0/3159163545 >> 172.21.15.28:0/3159163545 conn(0x7f15b0102410 msgr2=0x7f15b0102e90 unknown :-1 s=STATE_NONE l=0).mark_down
2024-05-12T21:58:32.422 INFO:teuthology.orchestra.run.smithi028.stdout:/usr/bin/ceph: stderr
2024-05-12T21:58:31.799+0000 7f15b7200700 1 -- 172.21.15.28:0/3159163545 shutdown_connections
2024-05-12T21:58:32.423 INFO:teuthology.orchestra.run.smithi028.stdout:/usr/bin/ceph: stderr
2024-05-12T21:58:31.799+0000 7f15b7200700 1 -- 172.21.15.28:0/3159163545 wait complete.
2024-05-12T21:58:32.939 INFO:journalctl@ceph.mon.a.smithi028.stdout:May 12 21:58:32 smithi028 ceph-mon[29847]: from='client.? 172.21.15.28:0/3159163545' entity='client.admin'
2024-05-12T21:58:34.035 INFO:journalctl@ceph.mon.a.smithi028.stdout:May 12 21:58:33 smithi028 ceph-mon[29847]: pgmap v4: 0 pgs: ; 0 B data, 0 B used, 0 B / 0 B avail
2024-05-12T21:58:34.035 INFO:journalctl@ceph.mon.a.smithi028.stdout:May 12 21:58:33 smithi028 ceph-mon[29847]: from='client.? 172.21.15.28:0/2640276319' entity='client.admin'
2024-05-12T21:58:34.390 INFO:teuthology.orchestra.run.smithi028.stdout:/usr/bin/ceph: stderr
2024-05-12T21:58:33.106+0000 7fe7fbe00700 1 Processor -- start
2024-05-12T21:58:34.390 INFO:teuthology.orchestra.run.smithi028.stdout:/usr/bin/ceph: stderr
2024-05-12T21:58:33.106+0000 7fe7fbe00700 1 -- start start
2024-05-12T21:58:34.390 INFO:teuthology.orchestra.run.smithi028.stdout:/usr/bin/ceph: stderr
2024-05-12T21:58:33.106+0000 7fe7fbe00700 1 --2- >> [v2:172.21.15.28:3300/0,v1:172.21.15.28:6789/0] conn(0x7fe7f41089c0 0x7fe7f410adb0 unknown :-1 s=NONE pgs=0 cs=0 l=0 rev1=0 crypto rx=0 tx=0 comp rx=0 tx=0).connect
2024-05-12T21:58:34.390 INFO:teuthology.orchestra.run.smithi028.stdout:/usr/bin/ceph: stderr
2024-05-12T21:58:33.106+0000 7fe7fbe00700 1 -- --> [v2:172.21.15.28:3300/0,v1:172.21.15.28:6789/0] -- mon_getmap magic: 0 -- 0x7fe7f4063640 con 0x7fe7f41089c0
2024-05-12T21:58:34.390 INFO:teuthology.orchestra.run.smithi028.stdout:/usr/bin/ceph: stderr
2024-05-12T21:58:33.107+0000 7fe7f9400700 1 --2- >> [v2:172.21.15.28:3300/0,v1:172.21.15.28:6789/0] conn(0x7fe7f41089c0 0x7fe7f410adb0 unknown :-1 s=BANNER_CONNECTING pgs=0 cs=0 l=0 rev1=0 crypto rx=0 tx=0 comp rx=0 tx=0)._handle_peer_banner_payload supported=3 required=0
2024-05-12T21:58:34.390 INFO:teuthology.orchestra.run.smithi028.stdout:/usr/bin/ceph: stderr
2024-05-12T21:58:33.107+0000 7fe7f9400700 1 --2- >> [v2:172.21.15.28:3300/0,v1:172.21.15.28:6789/0] conn(0x7fe7f41089c0 0x7fe7f410adb0 unknown :-1 s=HELLO_CONNECTING pgs=0 cs=0 l=0 rev1=1 crypto rx=0 tx=0 comp rx=0 tx=0).handle_hello peer v2:172.21.15.28:3300/0 says I am v2:172.21.15.28:40802/0 (socket says 172.21.15.28:40802)
2024-05-12T21:58:34.390 INFO:teuthology.orchestra.run.smithi028.stdout:/usr/bin/ceph: stderr
2024-05-12T21:58:33.107+0000 7fe7f9400700 1 -- 172.21.15.28:0/3984091639 learned_addr learned my addr 172.21.15.28:0/3984091639 (peer_addr_for_me v2:172.21.15.28:0/0)
2024-05-12T21:58:34.391 INFO:teuthology.orchestra.run.smithi028.stdout:/usr/bin/ceph: stderr
2024-05-12T21:58:33.107+0000 7fe7f9400700 1 -- 172.21.15.28:0/3984091639 --> [v2:172.21.15.28:3300/0,v1:172.21.15.28:6789/0] -- mon_subscribe({config=0+,monmap=0+}) -- 0x7fe7f410b2f0 con 0x7fe7f41089c0
2024-05-12T21:58:34.391 INFO:teuthology.orchestra.run.smithi028.stdout:/usr/bin/ceph: stderr
2024-05-12T21:58:33.108+0000 7fe7f9400700 1 --2- 172.21.15.28:0/3984091639 >> [v2:172.21.15.28:3300/0,v1:172.21.15.28:6789/0] conn(0x7fe7f41089c0 0x7fe7f410adb0 secure :-1 s=READY pgs=53 cs=0 l=1 rev1=1 crypto rx=0x7fe7e8009e80 tx=0x7fe7e800b330 comp rx=0 tx=0).ready entity=mon.0 client_cookie=cb39162974db0571 server_cookie=0 in_seq=0 out_seq=0
2024-05-12T21:58:34.391 INFO:teuthology.orchestra.run.smithi028.stdout:/usr/bin/ceph: stderr
2024-05-12T21:58:33.108+0000 7fe7f3e00700 1 -- 172.21.15.28:0/3984091639 <== mon.0 v2:172.21.15.28:3300/0 1 ==== mon_map magic: 0 ==== 205+0+0 (secure 0 0 0) 0x7fe7e8017070 con 0x7fe7f41089c0
2024-05-12T21:58:34.391 INFO:teuthology.orchestra.run.smithi028.stdout:/usr/bin/ceph: stderr
2024-05-12T21:58:33.108+0000 7fe7f3e00700 1 -- 172.21.15.28:0/3984091639 <== mon.0 v2:172.21.15.28:3300/0 2 ==== config(27 keys) ==== 1140+0+0 (secure 0 0 0) 0x7fe7e800b8c0 con 0x7fe7f41089c0
2024-05-12T21:58:34.391 INFO:teuthology.orchestra.run.smithi028.stdout:/usr/bin/ceph: stderr
2024-05-12T21:58:33.108+0000 7fe7f3e00700 1 -- 172.21.15.28:0/3984091639 <== mon.0 v2:172.21.15.28:3300/0 3 ==== mon_map magic: 0 ==== 205+0+0 (secure 0 0 0) 0x7fe7e80045c0 con 0x7fe7f41089c0
2024-05-12T21:58:34.391 INFO:teuthology.orchestra.run.smithi028.stdout:/usr/bin/ceph: stderr
2024-05-12T21:58:33.109+0000 7fe7fbe00700 1 -- 172.21.15.28:0/3984091639 >> [v2:172.21.15.28:3300/0,v1:172.21.15.28:6789/0] conn(0x7fe7f41089c0 msgr2=0x7fe7f410adb0 secure :-1 s=STATE_CONNECTION_ESTABLISHED l=1).mark_down
2024-05-12T21:58:34.391 INFO:teuthology.orchestra.run.smithi028.stdout:/usr/bin/ceph: stderr
2024-05-12T21:58:33.109+0000 7fe7fbe00700 1 --2- 172.21.15.28:0/3984091639 >> [v2:172.21.15.28:3300/0,v1:172.21.15.28:6789/0] conn(0x7fe7f41089c0 0x7fe7f410adb0 secure :-1 s=READY pgs=53 cs=0 l=1 rev1=1 crypto rx=0x7fe7e8009e80 tx=0x7fe7e800b330 comp rx=0 tx=0).stop
