2024-05-12T21:58:51.113 INFO:teuthology.orchestra.run.smithi028.stdout:/usr/bin/ceph: stderr
2024-05-12T21:58:49.819+0000 7f35b7e00700 1 -- 172.21.15.28:0/1845463093 >> 172.21.15.28:0/1845463093 conn(0x7f35b8102280 msgr2=0x7f35b81046c0 unknown :-1 s=STATE_NONE l=0).mark_down
2024-05-12T21:58:51.113 INFO:teuthology.orchestra.run.smithi028.stdout:/usr/bin/ceph: stderr
2024-05-12T21:58:49.819+0000 7f35b7e00700 1 -- 172.21.15.28:0/1845463093 shutdown_connections
2024-05-12T21:58:51.113 INFO:teuthology.orchestra.run.smithi028.stdout:/usr/bin/ceph: stderr
2024-05-12T21:58:49.820+0000 7f35b7e00700 1 -- 172.21.15.28:0/1845463093 wait complete.
2024-05-12T21:58:51.113 INFO:teuthology.orchestra.run.smithi028.stdout:/usr/bin/ceph: stderr
2024-05-12T21:58:49.821+0000 7f35b7e00700 1 Processor -- start
2024-05-12T21:58:51.113 INFO:teuthology.orchestra.run.smithi028.stdout:/usr/bin/ceph: stderr
2024-05-12T21:58:49.821+0000 7f35b7e00700 1 -- start start
2024-05-12T21:58:51.113 INFO:teuthology.orchestra.run.smithi028.stdout:/usr/bin/ceph: stderr
2024-05-12T21:58:49.822+0000 7f35b7e00700 1 --2- >> [v2:172.21.15.28:3300/0,v1:172.21.15.28:6789/0] conn(0x7f35b8108850 0x7f35b81080d0 unknown :-1 s=NONE pgs=0 cs=0 l=1 rev1=0 crypto rx=0 tx=0 comp rx=0 tx=0).connect
2024-05-12T21:58:51.113 INFO:teuthology.orchestra.run.smithi028.stdout:/usr/bin/ceph: stderr
2024-05-12T21:58:49.822+0000 7f35b7e00700 1 -- --> [v2:172.21.15.28:3300/0,v1:172.21.15.28:6789/0] -- mon_getmap magic: 0 -- 0x7f35b810c1f0 con 0x7f35b8108850
2024-05-12T21:58:51.113 INFO:teuthology.orchestra.run.smithi028.stdout:/usr/bin/ceph: stderr
2024-05-12T21:58:49.822+0000 7f35b6a00700 1 --2- >> [v2:172.21.15.28:3300/0,v1:172.21.15.28:6789/0] conn(0x7f35b8108850 0x7f35b81080d0 unknown :-1 s=BANNER_CONNECTING pgs=0 cs=0 l=1 rev1=0 crypto rx=0 tx=0 comp rx=0 tx=0)._handle_peer_banner_payload supported=3 required=0
2024-05-12T21:58:51.113 INFO:teuthology.orchestra.run.smithi028.stdout:/usr/bin/ceph: stderr
2024-05-12T21:58:49.822+0000 7f35b6a00700 1 --2- >> [v2:172.21.15.28:3300/0,v1:172.21.15.28:6789/0] conn(0x7f35b8108850 0x7f35b81080d0 unknown :-1 s=HELLO_CONNECTING pgs=0 cs=0 l=1 rev1=1 crypto rx=0 tx=0 comp rx=0 tx=0).handle_hello peer v2:172.21.15.28:3300/0 says I am v2:172.21.15.28:57152/0 (socket says 172.21.15.28:57152)
2024-05-12T21:58:51.114 INFO:teuthology.orchestra.run.smithi028.stdout:/usr/bin/ceph: stderr
2024-05-12T21:58:49.822+0000 7f35b6a00700 1 -- 172.21.15.28:0/740851383 learned_addr learned my addr 172.21.15.28:0/740851383 (peer_addr_for_me v2:172.21.15.28:0/0)
2024-05-12T21:58:51.114 INFO:teuthology.orchestra.run.smithi028.stdout:/usr/bin/ceph: stderr
2024-05-12T21:58:49.822+0000 7f35b6a00700 1 -- 172.21.15.28:0/740851383 --> [v2:172.21.15.28:3300/0,v1:172.21.15.28:6789/0] -- mon_subscribe({config=0+,monmap=0+}) -- 0x7f35b8108610 con 0x7f35b8108850
2024-05-12T21:58:51.114 INFO:teuthology.orchestra.run.smithi028.stdout:/usr/bin/ceph: stderr
2024-05-12T21:58:49.823+0000 7f35b6a00700 1 --2- 172.21.15.28:0/740851383 >> [v2:172.21.15.28:3300/0,v1:172.21.15.28:6789/0] conn(0x7f35b8108850 0x7f35b81080d0 secure :-1 s=READY pgs=73 cs=0 l=1 rev1=1 crypto rx=0x7f35a80117e0 tx=0x7f35a8011c10 comp rx=0 tx=0).ready entity=mon.0 client_cookie=0 server_cookie=0 in_seq=0 out_seq=0
2024-05-12T21:58:51.114 INFO:teuthology.orchestra.run.smithi028.stdout:/usr/bin/ceph: stderr
2024-05-12T21:58:49.823+0000 7f35af400700 1 -- 172.21.15.28:0/740851383 <== mon.0 v2:172.21.15.28:3300/0 1 ==== mon_map magic: 0 ==== 205+0+0 (secure 0 0 0) 0x7f35a8003bf0 con 0x7f35b8108850
2024-05-12T21:58:51.114 INFO:teuthology.orchestra.run.smithi028.stdout:/usr/bin/ceph: stderr
2024-05-12T21:58:49.823+0000 7f35af400700 1 -- 172.21.15.28:0/740851383 <== mon.0 v2:172.21.15.28:3300/0 2 ==== config(27 keys) ==== 1140+0+0 (secure 0 0 0) 0x7f35a801a910 con 0x7f35b8108850
2024-05-12T21:58:51.114 INFO:teuthology.orchestra.run.smithi028.stdout:/usr/bin/ceph: stderr
2024-05-12T21:58:49.823+0000 7f35af400700 1 -- 172.21.15.28:0/740851383 <== mon.0 v2:172.21.15.28:3300/0 3 ==== mon_map magic: 0 ==== 205+0+0 (secure 0 0 0) 0x7f35a8024970 con 0x7f35b8108850
2024-05-12T21:58:51.114 INFO:teuthology.orchestra.run.smithi028.stdout:/usr/bin/ceph: stderr
2024-05-12T21:58:49.823+0000 7f35b7e00700 1 -- 172.21.15.28:0/740851383 --> [v2:172.21.15.28:3300/0,v1:172.21.15.28:6789/0] -- mon_subscribe({mgrmap=0+}) -- 0x7f35b8106800 con 0x7f35b8108850
2024-05-12T21:58:51.114 INFO:teuthology.orchestra.run.smithi028.stdout:/usr/bin/ceph: stderr
2024-05-12T21:58:49.823+0000 7f35b7e00700 1 -- 172.21.15.28:0/740851383 --> [v2:172.21.15.28:3300/0,v1:172.21.15.28:6789/0] -- mon_subscribe({osdmap=0}) -- 0x7f35b8106cc0 con 0x7f35b8108850
2024-05-12T21:58:51.114 INFO:teuthology.orchestra.run.smithi028.stdout:/usr/bin/ceph: stderr
2024-05-12T21:58:49.824+0000 7f35af400700 1 -- 172.21.15.28:0/740851383 <== mon.0 v2:172.21.15.28:3300/0 4 ==== mgrmap(e 12) ==== 46300+0+0 (secure 0 0 0) 0x7f35a8022020 con 0x7f35b8108850
2024-05-12T21:58:51.114 INFO:teuthology.orchestra.run.smithi028.stdout:/usr/bin/ceph: stderr
2024-05-12T21:58:49.825+0000 7f35af400700 1 --2- 172.21.15.28:0/740851383 >> [v2:172.21.15.28:6800/3123328651,v1:172.21.15.28:6801/3123328651] conn(0x7f359c039050 0x7f359c03b510 unknown :-1 s=NONE pgs=0 cs=0 l=1 rev1=0 crypto rx=0 tx=0 comp rx=0 tx=0).connect
2024-05-12T21:58:51.114 INFO:teuthology.orchestra.run.smithi028.stdout:/usr/bin/ceph: stderr
2024-05-12T21:58:49.825+0000 7f35af400700 1 -- 172.21.15.28:0/740851383 <== mon.0 v2:172.21.15.28:3300/0 5 ==== osd_map(3..3 src has 1..3) ==== 1155+0+0 (secure 0 0 0) 0x7f35a804d580 con 0x7f35b8108850
2024-05-12T21:58:51.114 INFO:teuthology.orchestra.run.smithi028.stdout:/usr/bin/ceph: stderr
2024-05-12T21:58:49.825+0000 7f35b6000700 1 --2- 172.21.15.28:0/740851383 >> [v2:172.21.15.28:6800/3123328651,v1:172.21.15.28:6801/3123328651] conn(0x7f359c039050 0x7f359c03b510 unknown :-1 s=BANNER_CONNECTING pgs=0 cs=0 l=1 rev1=0 crypto rx=0 tx=0 comp rx=0 tx=0)._handle_peer_banner_payload supported=3 required=0
2024-05-12T21:58:51.114 INFO:teuthology.orchestra.run.smithi028.stdout:/usr/bin/ceph: stderr
2024-05-12T21:58:49.825+0000 7f35b7e00700 1 -- 172.21.15.28:0/740851383 --> [v2:172.21.15.28:3300/0,v1:172.21.15.28:6789/0] -- mon_command({"prefix": "get_command_descriptions"} v 0) -- 0x7f35b80694a0 con 0x7f35b8108850
2024-05-12T21:58:51.115 INFO:teuthology.orchestra.run.smithi028.stdout:/usr/bin/ceph: stderr
2024-05-12T21:58:49.826+0000 7f35b6000700 1 --2- 172.21.15.28:0/740851383 >> [v2:172.21.15.28:6800/3123328651,v1:172.21.15.28:6801/3123328651] conn(0x7f359c039050 0x7f359c03b510 secure :-1 s=READY pgs=8 cs=0 l=1 rev1=1 crypto rx=0x7f35a4006fd0 tx=0x7f35a4006e40 comp rx=0 tx=0).ready entity=mgr.14152 client_cookie=0 server_cookie=0 in_seq=0 out_seq=0
2024-05-12T21:58:51.115 INFO:teuthology.orchestra.run.smithi028.stdout:/usr/bin/ceph: stderr
2024-05-12T21:58:49.831+0000 7f35af400700 1 -- 172.21.15.28:0/740851383 <== mon.0 v2:172.21.15.28:3300/0 6 ==== mon_command_ack([{"prefix": "get_command_descriptions"}]=0 v0) ==== 72+0+186418 (secure 0 0 0) 0x7f35a8011e20 con 0x7f35b8108850
2024-05-12T21:58:51.115 INFO:teuthology.orchestra.run.smithi028.stdout:/usr/bin/ceph: stderr
2024-05-12T21:58:50.091+0000 7f35b7e00700 1 -- 172.21.15.28:0/740851383 --> [v2:172.21.15.28:6800/3123328651,v1:172.21.15.28:6801/3123328651] -- mgr_command(tid 0: {"prefix": "dashboard ac-user-create", "username": "admin", "rolename": "administrator", "force_password": true, "pwd_update_required": true, "target": ["mon-mgr", ""]}) -- 0x7f35b8107340 con 0x7f359c039050
2024-05-12T21:58:51.115 INFO:teuthology.orchestra.run.smithi028.stdout:/usr/bin/ceph: stderr
2024-05-12T21:58:50.360+0000 7f35af400700 1 -- 172.21.15.28:0/740851383 <== mgr.14152 v2:172.21.15.28:6800/3123328651 1 ==== mgr_command_reply(tid 0: 0 ) ==== 8+0+252 (secure 0 0 0) 0x7f35b8107340 con 0x7f359c039050
2024-05-12T21:58:51.115 INFO:teuthology.orchestra.run.smithi028.stdout:/usr/bin/ceph: stderr
2024-05-12T21:58:50.363+0000 7f35b7e00700 1 -- 172.21.15.28:0/740851383 >> [v2:172.21.15.28:6800/3123328651,v1:172.21.15.28:6801/3123328651] conn(0x7f359c039050 msgr2=0x7f359c03b510 secure :-1 s=STATE_CONNECTION_ESTABLISHED l=1).mark_down
2024-05-12T21:58:51.115 INFO:teuthology.orchestra.run.smithi028.stdout:/usr/bin/ceph: stderr
2024-05-12T21:58:50.363+0000 7f35b7e00700 1 --2- 172.21.15.28:0/740851383 >> [v2:172.21.15.28:6800/3123328651,v1:172.21.15.28:6801/3123328651] conn(0x7f359c039050 0x7f359c03b510 secure :-1 s=READY pgs=8 cs=0 l=1 rev1=1 crypto rx=0x7f35a4006fd0 tx=0x7f35a4006e40 comp rx=0 tx=0).stop
2024-05-12T21:58:51.115 INFO:teuthology.orchestra.run.smithi028.stdout:/usr/bin/ceph: stderr
2024-05-12T21:58:50.363+0000 7f35b7e00700 1 -- 172.21.15.28:0/740851383 >> [v2:172.21.15.28:3300/0,v1:172.21.15.28:6789/0] conn(0x7f35b8108850 msgr2=0x7f35b81080d0 secure :-1 s=STATE_CONNECTION_ESTABLISHED l=1).mark_down
2024-05-12T21:58:51.115 INFO:teuthology.orchestra.run.smithi028.stdout:/usr/bin/ceph: stderr
2024-05-12T21:58:50.363+0000 7f35b7e00700 1 --2- 172.21.15.28:0/740851383 >> [v2:172.21.15.28:3300/0,v1:172.21.15.28:6789/0] conn(0x7f35b8108850 0x7f35b81080d0 secure :-1 s=READY pgs=73 cs=0 l=1 rev1=1 crypto rx=0x7f35a80117e0 tx=0x7f35a8011c10 comp rx=0 tx=0).stop
2024-05-12T21:58:51.115 INFO:teuthology.orchestra.run.smithi028.stdout:/usr/bin/ceph: stderr
2024-05-12T21:58:50.363+0000 7f35b7e00700 1 -- 172.21.15.28:0/740851383 shutdown_connections
2024-05-12T21:58:51.115 INFO:teuthology.orchestra.run.smithi028.stdout:/usr/bin/ceph: stderr
2024-05-12T21:58:50.363+0000 7f35b7e00700 1 --2- 172.21.15.28:0/740851383 >> [v2:172.21.15.28:6800/3123328651,v1:172.21.15.28:6801/3123328651] conn(0x7f359c039050 0x7f359c03b510 unknown :-1 s=CLOSED pgs=8 cs=0 l=1 rev1=1 crypto rx=0 tx=0 comp rx=0 tx=0).stop
2024-05-12T21:58:51.115 INFO:teuthology.orchestra.run.smithi028.stdout:/usr/bin/ceph: stderr
2024-05-12T21:58:50.363+0000 7f35b7e00700 1 --2- 172.21.15.28:0/740851383 >> [v2:172.21.15.28:3300/0,v1:172.21.15.28:6789/0] conn(0x7f35b8108850 0x7f35b81080d0 unknown :-1 s=CLOSED pgs=73 cs=0 l=1 rev1=1 crypto rx=0 tx=0 comp rx=0 tx=0).stop
2024-05-12T21:58:51.115 INFO:teuthology.orchestra.run.smithi028.stdout:/usr/bin/ceph: stderr
2024-05-12T21:58:50.363+0000 7f35b7e00700 1 -- 172.21.15.28:0/740851383 >> 172.21.15.28:0/740851383 conn(0x7f35b8102280 msgr2=0x7f35b8102de0 unknown :-1 s=STATE_NONE l=0).mark_down
2024-05-12T21:58:51.115 INFO:teuthology.orchestra.run.smithi028.stdout:/usr/bin/ceph: stderr
2024-05-12T21:58:50.364+0000 7f35b7e00700 1 -- 172.21.15.28:0/740851383 shutdown_connections
2024-05-12T21:58:51.115 INFO:teuthology.orchestra.run.smithi028.stdout:/usr/bin/ceph: stderr
2024-05-12T21:58:50.364+0000 7f35b7e00700 1 -- 172.21.15.28:0/740851383 wait complete.
2024-05-12T21:58:51.116 INFO:teuthology.orchestra.run.smithi028.stdout:Fetching dashboard port number...
2024-05-12T21:58:51.639 INFO:journalctl@ceph.mon.a.smithi028.stdout:May 12 21:58:51 smithi028 ceph-mon[29847]: from='client.14166 -' entity='client.admin' cmd=[{"prefix": "dashboard ac-user-create", "username": "admin", "rolename": "administrator", "force_password": true, "pwd_update_required": true, "target": ["mon-mgr", ""]}]: dispatch
2024-05-12T21:58:51.639 INFO:journalctl@ceph.mon.a.smithi028.stdout:May 12 21:58:51 smithi028 ceph-mon[29847]: from='mgr.14152 172.21.15.28:0/1948263547' entity='mgr.x'
2024-05-12T21:58:51.639 INFO:journalctl@ceph.mon.a.smithi028.stdout:May 12 21:58:51 smithi028 ceph-mon[29847]: from='mgr.14152 172.21.15.28:0/1948263547' entity='mgr.x'
2024-05-12T21:58:52.668 INFO:journalctl@ceph.mon.a.smithi028.stdout:May 12 21:58:52 smithi028 ceph-mon[29847]: from='client.? 172.21.15.28:0/124854366' entity='client.admin' cmd=[{"prefix": "config get", "who": "mgr", "key": "mgr/dashboard/ssl_server_port"}]: dispatch
2024-05-12T21:58:52.678 INFO:teuthology.orchestra.run.smithi028.stdout:/usr/bin/ceph: stdout 8443
2024-05-12T21:58:52.679 INFO:teuthology.orchestra.run.smithi028.stdout:/usr/bin/ceph: stderr
2024-05-12T21:58:51.712+0000 7f31e2600700 1 Processor -- start
2024-05-12T21:58:52.679 INFO:teuthology.orchestra.run.smithi028.stdout:/usr/bin/ceph: stderr
2024-05-12T21:58:51.712+0000 7f31e2600700 1 -- start start
2024-05-12T21:58:52.679 INFO:teuthology.orchestra.run.smithi028.stdout:/usr/bin/ceph: stderr
2024-05-12T21:58:51.713+0000 7f31e2600700 1 --2- >> [v2:172.21.15.28:3300/0,v1:172.21.15.28:6789/0] conn(0x7f31dc108a00 0x7f31dc10adf0 unknown :-1 s=NONE pgs=0 cs=0 l=0 rev1=0 crypto rx=0 tx=0 comp rx=0 tx=0).connect
2024-05-12T21:58:52.680 INFO:teuthology.orchestra.run.smithi028.stdout:/usr/bin/ceph: stderr
2024-05-12T21:58:51.713+0000 7f31e2600700 1 -- --> [v2:172.21.15.28:3300/0,v1:172.21.15.28:6789/0] -- mon_getmap magic: 0 -- 0x7f31dc07be40 con 0x7f31dc108a00
2024-05-12T21:58:52.680 INFO:teuthology.orchestra.run.smithi028.stdout:/usr/bin/ceph: stderr
2024-05-12T21:58:51.713+0000 7f31db400700 1 --2- >> [v2:172.21.15.28:3300/0,v1:172.21.15.28:6789/0] conn(0x7f31dc108a00 0x7f31dc10adf0 unknown :-1 s=BANNER_CONNECTING pgs=0 cs=0 l=0 rev1=0 crypto rx=0 tx=0 comp rx=0 tx=0)._handle_peer_banner_payload supported=3 required=0
2024-05-12T21:58:52.680 INFO:teuthology.orchestra.run.smithi028.stdout:/usr/bin/ceph: stderr
2024-05-12T21:58:51.713+0000 7f31db400700 1 --2- >> [v2:172.21.15.28:3300/0,v1:172.21.15.28:6789/0] conn(0x7f31dc108a00 0x7f31dc10adf0 unknown :-1 s=HELLO_CONNECTING pgs=0 cs=0 l=0 rev1=1 crypto rx=0 tx=0 comp rx=0 tx=0).handle_hello peer v2:172.21.15.28:3300/0 says I am v2:172.21.15.28:57164/0 (socket says 172.21.15.28:57164)
2024-05-12T21:58:52.680 INFO:teuthology.orchestra.run.smithi028.stdout:/usr/bin/ceph: stderr
2024-05-12T21:58:51.713+0000 7f31db400700 1 -- 172.21.15.28:0/1456030105 learned_addr learned my addr 172.21.15.28:0/1456030105 (peer_addr_for_me v2:172.21.15.28:0/0)
2024-05-12T21:58:52.681 INFO:teuthology.orchestra.run.smithi028.stdout:/usr/bin/ceph: stderr
2024-05-12T21:58:51.714+0000 7f31db400700 1 -- 172.21.15.28:0/1456030105 --> [v2:172.21.15.28:3300/0,v1:172.21.15.28:6789/0] -- mon_subscribe({config=0+,monmap=0+}) -- 0x7f31dc10b330 con 0x7f31dc108a00
2024-05-12T21:58:52.681 INFO:teuthology.orchestra.run.smithi028.stdout:/usr/bin/ceph: stderr
2024-05-12T21:58:51.714+0000 7f31db400700 1 --2- 172.21.15.28:0/1456030105 >> [v2:172.21.15.28:3300/0,v1:172.21.15.28:6789/0] conn(0x7f31dc108a00 0x7f31dc10adf0 secure :-1 s=READY pgs=74 cs=0 l=1 rev1=1 crypto rx=0x7f31cc009e80 tx=0x7f31cc00b330 comp rx=0 tx=0).ready entity=mon.0 client_cookie=f3b2b8fee657c2d2 server_cookie=0 in_seq=0 out_seq=0
2024-05-12T21:58:52.681 INFO:teuthology.orchestra.run.smithi028.stdout:/usr/bin/ceph: stderr
2024-05-12T21:58:51.714+0000 7f31da000700 1 -- 172.21.15.28:0/1456030105 <== mon.0 v2:172.21.15.28:3300/0 1 ==== mon_map magic: 0 ==== 205+0+0 (secure 0 0 0) 0x7f31cc017070 con 0x7f31dc108a00
2024-05-12T21:58:52.681 INFO:teuthology.orchestra.run.smithi028.stdout:/usr/bin/ceph: stderr
2024-05-12T21:58:51.714+0000 7f31da000700 1 -- 172.21.15.28:0/1456030105 <== mon.0 v2:172.21.15.28:3300/0 2 ==== config(27 keys) ==== 1140+0+0 (secure 0 0 0) 0x7f31cc00b8c0 con 0x7f31dc108a00
2024-05-12T21:58:52.682 INFO:teuthology.orchestra.run.smithi028.stdout:/usr/bin/ceph: stderr
2024-05-12T21:58:51.714+0000 7f31da000700 1 -- 172.21.15.28:0/1456030105 <== mon.0 v2:172.21.15.28:3300/0 3 ==== mon_map magic: 0 ==== 205+0+0 (secure 0 0 0) 0x7f31cc0045c0 con 0x7f31dc108a00
2024-05-12T21:58:52.682 INFO:teuthology.orchestra.run.smithi028.stdout:/usr/bin/ceph: stderr
2024-05-12T21:58:51.715+0000 7f31e2600700 1 -- 172.21.15.28:0/1456030105 >> [v2:172.21.15.28:3300/0,v1:172.21.15.28:6789/0] conn(0x7f31dc108a00 msgr2=0x7f31dc10adf0 secure :-1 s=STATE_CONNECTION_ESTABLISHED l=1).mark_down
2024-05-12T21:58:52.682 INFO:teuthology.orchestra.run.smithi028.stdout:/usr/bin/ceph: stderr
2024-05-12T21:58:51.715+0000 7f31e2600700 1 --2- 172.21.15.28:0/1456030105 >> [v2:172.21.15.28:3300/0,v1:172.21.15.28:6789/0] conn(0x7f31dc108a00 0x7f31dc10adf0 secure :-1 s=READY pgs=74 cs=0 l=1 rev1=1 crypto rx=0x7f31cc009e80 tx=0x7f31cc00b330 comp rx=0 tx=0).stop
2024-05-12T21:58:52.682 INFO:teuthology.orchestra.run.smithi028.stdout:/usr/bin/ceph: stderr
2024-05-12T21:58:51.716+0000 7f31e2600700 1 -- 172.21.15.28:0/1456030105 shutdown_connections
2024-05-12T21:58:52.683 INFO:teuthology.orchestra.run.smithi028.stdout:/usr/bin/ceph: stderr
2024-05-12T21:58:51.716+0000 7f31e2600700 1 --2- 172.21.15.28:0/1456030105 >> [v2:172.21.15.28:3300/0,v1:172.21.15.28:6789/0] conn(0x7f31dc108a00 0x7f31dc10adf0 unknown :-1 s=CLOSED pgs=74 cs=0 l=1 rev1=1 crypto rx=0 tx=0 comp rx=0 tx=0).stop
2024-05-12T21:58:52.683 INFO:teuthology.orchestra.run.smithi028.stdout:/usr/bin/ceph: stderr
2024-05-12T21:58:51.716+0000 7f31e2600700 1 -- 172.21.15.28:0/1456030105 >> 172.21.15.28:0/1456030105 conn(0x7f31dc102450 msgr2=0x7f31dc104870 unknown :-1 s=STATE_NONE l=0).mark_down
2024-05-12T21:58:52.683 INFO:teuthology.orchestra.run.smithi028.stdout:/usr/bin/ceph: stderr
2024-05-12T21:58:51.716+0000 7f31e2600700 1 -- 172.21.15.28:0/1456030105 shutdown_connections
2024-05-12T21:58:52.683 INFO:teuthology.orchestra.run.smithi028.stdout:/usr/bin/ceph: stderr
2024-05-12T21:58:51.716+0000 7f31e2600700 1 -- 172.21.15.28:0/1456030105 wait complete.
2024-05-12T21:58:52.683 INFO:teuthology.orchestra.run.smithi028.stdout:/usr/bin/ceph: stderr
2024-05-12T21:58:51.717+0000 7f31e2600700 1 Processor -- start
2024-05-12T21:58:52.683 INFO:teuthology.orchestra.run.smithi028.stdout:/usr/bin/ceph: stderr
2024-05-12T21:58:51.718+0000 7f31e2600700 1 -- start start
2024-05-12T21:58:52.684 INFO:teuthology.orchestra.run.smithi028.stdout:/usr/bin/ceph: stderr
2024-05-12T21:58:51.718+0000 7f31e2600700 1 --2- >> [v2:172.21.15.28:3300/0,v1:172.21.15.28:6789/0] conn(0x7f31dc108a00 0x7f31dc19e180 unknown :-1 s=NONE pgs=0 cs=0 l=1 rev1=0 crypto rx=0 tx=0 comp rx=0 tx=0).connect
2024-05-12T21:58:52.684 INFO:teuthology.orchestra.run.smithi028.stdout:/usr/bin/ceph: stderr
2024-05-12T21:58:51.718+0000 7f31e2600700 1 -- --> [v2:172.21.15.28:3300/0,v1:172.21.15.28:6789/0] -- mon_getmap magic: 0 -- 0x7f31dc10c3a0 con 0x7f31dc108a00
2024-05-12T21:58:52.684 INFO:teuthology.orchestra.run.smithi028.stdout:/usr/bin/ceph: stderr
2024-05-12T21:58:51.718+0000 7f31db400700 1 --2- >> [v2:172.21.15.28:3300/0,v1:172.21.15.28:6789/0] conn(0x7f31dc108a00 0x7f31dc19e180 unknown :-1 s=BANNER_CONNECTING pgs=0 cs=0 l=1 rev1=0 crypto rx=0 tx=0 comp rx=0 tx=0)._handle_peer_banner_payload supported=3 required=0
2024-05-12T21:58:52.685 INFO:teuthology.orchestra.run.smithi028.stdout:/usr/bin/ceph: stderr
2024-05-12T21:58:51.718+0000 7f31db400700 1 --2- >> [v2:172.21.15.28:3300/0,v1:172.21.15.28:6789/0] conn(0x7f31dc108a00 0x7f31dc19e180 unknown :-1 s=HELLO_CONNECTING pgs=0 cs=0 l=1 rev1=1 crypto rx=0 tx=0 comp rx=0 tx=0).handle_hello peer v2:172.21.15.28:3300/0 says I am v2:172.21.15.28:57176/0 (socket says 172.21.15.28:57176)
2024-05-12T21:58:52.685 INFO:teuthology.orchestra.run.smithi028.stdout:/usr/bin/ceph: stderr
2024-05-12T21:58:51.718+0000 7f31db400700 1 -- 172.21.15.28:0/124854366 learned_addr learned my addr 172.21.15.28:0/124854366 (peer_addr_for_me v2:172.21.15.28:0/0)
2024-05-12T21:58:52.685 INFO:teuthology.orchestra.run.smithi028.stdout:/usr/bin/ceph: stderr
2024-05-12T21:58:51.719+0000 7f31db400700 1 -- 172.21.15.28:0/124854366 --> [v2:172.21.15.28:3300/0,v1:172.21.15.28:6789/0] -- mon_subscribe({config=0+,monmap=0+}) -- 0x7f31dc19e6c0 con 0x7f31dc108a00
2024-05-12T21:58:52.686 INFO:teuthology.orchestra.run.smithi028.stdout:/usr/bin/ceph: stderr
2024-05-12T21:58:51.719+0000 7f31db400700 1 --2- 172.21.15.28:0/124854366 >> [v2:172.21.15.28:3300/0,v1:172.21.15.28:6789/0] conn(0x7f31dc108a00 0x7f31dc19e180 secure :-1 s=READY pgs=75 cs=0 l=1 rev1=1 crypto rx=0x7f31cc004350 tx=0x7f31cc00bd50 comp rx=0 tx=0).ready entity=mon.0 client_cookie=0 server_cookie=0 in_seq=0 out_seq=0
2024-05-12T21:58:52.686 INFO:teuthology.orchestra.run.smithi028.stdout:/usr/bin/ceph: stderr
2024-05-12T21:58:51.719+0000 7f31d3e00700 1 -- 172.21.15.28:0/124854366 <== mon.0 v2:172.21.15.28:3300/0 1 ==== mon_map magic: 0 ==== 205+0+0 (secure 0 0 0) 0x7f31cc020020 con 0x7f31dc108a00
2024-05-12T21:58:52.686 INFO:teuthology.orchestra.run.smithi028.stdout:/usr/bin/ceph: stderr
2024-05-12T21:58:51.719+0000 7f31d3e00700 1 -- 172.21.15.28:0/124854366 <== mon.0 v2:172.21.15.28:3300/0 2 ==== config(27 keys) ==== 1140+0+0 (secure 0 0 0) 0x7f31cc003d90 con 0x7f31dc108a00
2024-05-12T21:58:52.686 INFO:teuthology.orchestra.run.smithi028.stdout:/usr/bin/ceph: stderr
2024-05-12T21:58:51.719+0000 7f31d3e00700 1 -- 172.21.15.28:0/124854366 <== mon.0 v2:172.21.15.28:3300/0 3 ==== mon_map magic: 0 ==== 205+0+0 (secure 0 0 0) 0x7f31cc017040 con 0x7f31dc108a00
2024-05-12T21:58:52.686 INFO:teuthology.orchestra.run.smithi028.stdout:/usr/bin/ceph: stderr
2024-05-12T21:58:51.719+0000 7f31e2600700 1 -- 172.21.15.28:0/124854366 --> [v2:172.21.15.28:3300/0,v1:172.21.15.28:6789/0] -- mon_subscribe({mgrmap=0+}) -- 0x7f31dc19e950 con 0x7f31dc108a00
2024-05-12T21:58:52.687 INFO:teuthology.orchestra.run.smithi028.stdout:/usr/bin/ceph: stderr
2024-05-12T21:58:51.720+0000 7f31e2600700 1 -- 172.21.15.28:0/124854366 --> [v2:172.21.15.28:3300/0,v1:172.21.15.28:6789/0] -- mon_subscribe({osdmap=0}) -- 0x7f31dc1a1640 con 0x7f31dc108a00
2024-05-12T21:58:52.687 INFO:teuthology.orchestra.run.smithi028.stdout:/usr/bin/ceph: stderr
2024-05-12T21:58:51.721+0000 7f31d3e00700 1 -- 172.21.15.28:0/124854366 <== mon.0 v2:172.21.15.28:3300/0 4 ==== mgrmap(e 12) ==== 46300+0+0 (secure 0 0 0) 0x7f31cc023020 con 0x7f31dc108a00
2024-05-12T21:58:52.687 INFO:teuthology.orchestra.run.smithi028.stdout:/usr/bin/ceph: stderr
2024-05-12T21:58:51.721+0000 7f31e2600700 1 -- 172.21.15.28:0/124854366 --> [v2:172.21.15.28:3300/0,v1:172.21.15.28:6789/0] -- mon_command({"prefix": "get_command_descriptions"} v 0) -- 0x7f31dc063980 con 0x7f31dc108a00
2024-05-12T21:58:52.687 INFO:teuthology.orchestra.run.smithi028.stdout:/usr/bin/ceph: stderr
2024-05-12T21:58:51.721+0000 7f31d3e00700 1 --2- 172.21.15.28:0/124854366 >> [v2:172.21.15.28:6800/3123328651,v1:172.21.15.28:6801/3123328651] conn(0x7f31c00390b0 0x7f31c003b570 unknown :-1 s=NONE pgs=0 cs=0 l=1 rev1=0 crypto rx=0 tx=0 comp rx=0 tx=0).connect
2024-05-12T21:58:52.687 INFO:teuthology.orchestra.run.smithi028.stdout:/usr/bin/ceph: stderr
2024-05-12T21:58:51.721+0000 7f31d3e00700 1 -- 172.21.15.28:0/124854366 <== mon.0 v2:172.21.15.28:3300/0 5 ==== osd_map(3..3 src has 1..3) ==== 1155+0+0 (secure 0 0 0) 0x7f31cc00f050 con 0x7f31dc108a00
2024-05-12T21:58:52.688 INFO:teuthology.orchestra.run.smithi028.stdout:/usr/bin/ceph: stderr
2024-05-12T21:58:51.722+0000 7f31daa00700 1 --2- 172.21.15.28:0/124854366 >> [v2:172.21.15.28:6800/3123328651,v1:172.21.15.28:6801/3123328651] conn(0x7f31c00390b0 0x7f31c003b570 unknown :-1 s=BANNER_CONNECTING pgs=0 cs=0 l=1 rev1=0 crypto rx=0 tx=0 comp rx=0 tx=0)._handle_peer_banner_payload supported=3 required=0
2024-05-12T21:58:52.689 INFO:teuthology.orchestra.run.smithi028.stdout:/usr/bin/ceph: stderr
2024-05-12T21:58:51.722+0000 7f31daa00700 1 --2- 172.21.15.28:0/124854366 >> [v2:172.21.15.28:6800/3123328651,v1:172.21.15.28:6801/3123328651] conn(0x7f31c00390b0 0x7f31c003b570 secure :-1 s=READY pgs=9 cs=0 l=1 rev1=1 crypto rx=0x7f31c8006fd0 tx=0x7f31c8006e40 comp rx=0 tx=0).ready entity=mgr.14152 client_cookie=0 server_cookie=0 in_seq=0 out_seq=0
2024-05-12T21:58:52.690 INFO:teuthology.orchestra.run.smithi028.stdout:/usr/bin/ceph: stderr
2024-05-12T21:58:51.732+0000 7f31d3e00700 1 -- 172.21.15.28:0/124854366 <== mon.0 v2:172.21.15.28:3300/0 6 ==== mon_command_ack([{"prefix": "get_command_descriptions"}]=0 v0) ==== 72+0+186418 (secure 0 0 0) 0x7f31cc02a020 con 0x7f31dc108a00
2024-05-12T21:58:52.690 INFO:teuthology.orchestra.run.smithi028.stdout:/usr/bin/ceph: stderr
2024-05-12T21:58:51.974+0000 7f31e2600700 1 -- 172.21.15.28:0/124854366 --> [v2:172.21.15.28:3300/0,v1:172.21.15.28:6789/0] -- mon_command({"prefix": "config get", "who": "mgr", "key": "mgr/dashboard/ssl_server_port"} v 0) -- 0x7f31dc1a1c10 con 0x7f31dc108a00
2024-05-12T21:58:52.690 INFO:teuthology.orchestra.run.smithi028.stdout:/usr/bin/ceph: stderr
2024-05-12T21:58:51.974+0000 7f31d3e00700 1 -- 172.21.15.28:0/124854366 <== mon.0 v2:172.21.15.28:3300/0 7 ==== mon_command_ack([{"prefix": "config get", "who": "mgr", "key": "mgr/dashboard/ssl_server_port"}]=0 v8) ==== 112+0+5 (secure 0 0 0) 0x7f31cc0124e0 con 0x7f31dc108a00
2024-05-12T21:58:52.690 INFO:teuthology.orchestra.run.smithi028.stdout:/usr/bin/ceph: stderr
2024-05-12T21:58:51.978+0000 7f31e2600700 1 -- 172.21.15.28:0/124854366 >> [v2:172.21.15.28:6800/3123328651,v1:172.21.15.28:6801/3123328651] conn(0x7f31c00390b0 msgr2=0x7f31c003b570 secure :-1 s=STATE_CONNECTION_ESTABLISHED l=1).mark_down
2024-05-12T21:58:52.690 INFO:teuthology.orchestra.run.smithi028.stdout:/usr/bin/ceph: stderr
2024-05-12T21:58:51.978+0000 7f31e2600700 1 --2- 172.21.15.28:0/124854366 >> [v2:172.21.15.28:6800/3123328651,v1:172.21.15.28:6801/3123328651] conn(0x7f31c00390b0 0x7f31c003b570 secure :-1 s=READY pgs=9 cs=0 l=1 rev1=1 crypto rx=0x7f31c8006fd0 tx=0x7f31c8006e40 comp rx=0 tx=0).stop
2024-05-12T21:58:52.690 INFO:teuthology.orchestra.run.smithi028.stdout:/usr/bin/ceph: stderr
2024-05-12T21:58:51.978+0000 7f31e2600700 1 -- 172.21.15.28:0/124854366 >> [v2:172.21.15.28:3300/0,v1:172.21.15.28:6789/0] conn(0x7f31dc108a00 msgr2=0x7f31dc19e180 secure :-1 s=STATE_CONNECTION_ESTABLISHED l=1).mark_down
2024-05-12T21:58:52.690 INFO:teuthology.orchestra.run.smithi028.stdout:/usr/bin/ceph: stderr
2024-05-12T21:58:51.978+0000 7f31e2600700 1 --2- 172.21.15.28:0/124854366 >> [v2:172.21.15.28:3300/0,v1:172.21.15.28:6789/0] conn(0x7f31dc108a00 0x7f31dc19e180 secure :-1 s=READY pgs=75 cs=0 l=1 rev1=1 crypto rx=0x7f31cc004350 tx=0x7f31cc00bd50 comp rx=0 tx=0).stop
2024-05-12T21:58:52.690 INFO:teuthology.orchestra.run.smithi028.stdout:/usr/bin/ceph: stderr
2024-05-12T21:58:51.978+0000 7f31e2600700 1 -- 172.21.15.28:0/124854366 shutdown_connections
2024-05-12T21:58:52.690 INFO:teuthology.orchestra.run.smithi028.stdout:/usr/bin/ceph: stderr
2024-05-12T21:58:51.978+0000 7f31e2600700 1 --2- 172.21.15.28:0/124854366 >> [v2:172.21.15.28:6800/3123328651,v1:172.21.15.28:6801/3123328651] conn(0x7f31c00390b0 0x7f31c003b570 unknown :-1 s=CLOSED pgs=9 cs=0 l=1 rev1=1 crypto rx=0 tx=0 comp rx=0 tx=0).stop
2024-05-12T21:58:52.690 INFO:teuthology.orchestra.run.smithi028.stdout:/usr/bin/ceph: stderr
2024-05-12T21:58:51.978+0000 7f31e2600700 1 --2- 172.21.15.28:0/124854366 >> [v2:172.21.15.28:3300/0,v1:172.21.15.28:6789/0] conn(0x7f31dc108a00 0x7f31dc19e180 unknown :-1 s=CLOSED pgs=75 cs=0 l=1 rev1=1 crypto rx=0 tx=0 comp rx=0 tx=0).stop
2024-05-12T21:58:52.690 INFO:teuthology.orchestra.run.smithi028.stdout:/usr/bin/ceph: stderr
2024-05-12T21:58:51.978+0000 7f31e2600700 1 -- 172.21.15.28:0/124854366 >> 172.21.15.28:0/124854366 conn(0x7f31dc102450 msgr2=0x7f31dc102f50 unknown :-1 s=STATE_NONE l=0).mark_down
2024-05-12T21:58:52.690 INFO:teuthology.orchestra.run.smithi028.stdout:/usr/bin/ceph: stderr
2024-05-12T21:58:51.979+0000 7f31e2600700 1 -- 172.21.15.28:0/124854366 shutdown_connections
2024-05-12T21:58:52.690 INFO:teuthology.orchestra.run.smithi028.stdout:/usr/bin/ceph: stderr
2024-05-12T21:58:51.979+0000 7f31e2600700 1 -- 172.21.15.28:0/124854366 wait complete.
2024-05-12T21:58:52.720 INFO:teuthology.orchestra.run.smithi028.stdout:Non-zero exit code 1 from systemctl is-enabled firewalld.service
2024-05-12T21:58:52.721 INFO:teuthology.orchestra.run.smithi028.stdout:systemctl: stdout disabled
2024-05-12T21:58:52.740 INFO:teuthology.orchestra.run.smithi028.stdout:Non-zero exit code 3 from systemctl is-active firewalld.service
2024-05-12T21:58:52.741 INFO:teuthology.orchestra.run.smithi028.stdout:systemctl: stdout inactive
2024-05-12T21:58:52.741 INFO:teuthology.orchestra.run.smithi028.stdout:firewalld.service is not enabled
2024-05-12T21:58:52.741 INFO:teuthology.orchestra.run.smithi028.stdout:Not possible to open ports <[8443]>. firewalld.service is not available
2024-05-12T21:58:52.743 INFO:teuthology.orchestra.run.smithi028.stdout:Ceph Dashboard is now available at:
2024-05-12T21:58:52.743 INFO:teuthology.orchestra.run.smithi028.stdout:
2024-05-12T21:58:52.743 INFO:teuthology.orchestra.run.smithi028.stdout: URL: https://smithi028.front.sepia.ceph.com:8443/
2024-05-12T21:58:52.744 INFO:teuthology.orchestra.run.smithi028.stdout: User: admin
2024-05-12T21:58:52.744 INFO:teuthology.orchestra.run.smithi028.stdout: Password: 14qtdtkia7
2024-05-12T21:58:52.744 INFO:teuthology.orchestra.run.smithi028.stdout:
2024-05-12T21:58:52.744 INFO:teuthology.orchestra.run.smithi028.stdout:Saving cluster configuration to /var/lib/ceph/6b92e7b4-10aa-11ef-bc98-c7b262605968/config directory
2024-05-12T21:58:52.745 INFO:teuthology.orchestra.run.smithi028.stdout:Enabling autotune for osd_memory_target
2024-05-12T21:58:53.535 INFO:journalctl@ceph.mon.a.smithi028.stdout:May 12 21:58:53 smithi028 ceph-mon[29847]: mgrmap e13: x(active, since 6s)
2024-05-12T21:58:54.936 INFO:teuthology.orchestra.run.smithi028.stdout:/usr/bin/ceph: stderr
2024-05-12T21:58:53.914+0000 7f964b200700 1 Processor -- start
2024-05-12T21:58:54.937 INFO:teuthology.orchestra.run.smithi028.stdout:/usr/bin/ceph: stderr
2024-05-12T21:58:53.914+0000 7f964b200700 1 -- start start
2024-05-12T21:58:54.937 INFO:teuthology.orchestra.run.smithi028.stdout:/usr/bin/ceph: stderr
2024-05-12T21:58:53.914+0000 7f964b200700 1 --2- >> [v2:172.21.15.28:3300/0,v1:172.21.15.28:6789/0] conn(0x7f964407de10 0x7f964407c270 unknown :-1 s=NONE pgs=0 cs=0 l=0 rev1=0 crypto rx=0 tx=0 comp rx=0 tx=0).connect
2024-05-12T21:58:54.937 INFO:teuthology.orchestra.run.smithi028.stdout:/usr/bin/ceph: stderr
2024-05-12T21:58:53.915+0000 7f964b200700 1 -- --> [v2:172.21.15.28:3300/0,v1:172.21.15.28:6789/0] -- mon_getmap magic: 0 -- 0x7f964407c840 con 0x7f964407de10
2024-05-12T21:58:54.937 INFO:teuthology.orchestra.run.smithi028.stdout:/usr/bin/ceph: stderr
2024-05-12T21:58:53.915+0000 7f9649e00700 1 --2- >> [v2:172.21.15.28:3300/0,v1:172.21.15.28:6789/0] conn(0x7f964407de10 0x7f964407c270 unknown :-1 s=BANNER_CONNECTING pgs=0 cs=0 l=0 rev1=0 crypto rx=0 tx=0 comp rx=0 tx=0)._handle_peer_banner_payload supported=3 required=0
2024-05-12T21:58:54.937 INFO:teuthology.orchestra.run.smithi028.stdout:/usr/bin/ceph: stderr
2024-05-12T21:58:53.915+0000 7f9649e00700 1 --2- >> [v2:172.21.15.28:3300/0,v1:172.21.15.28:6789/0] conn(0x7f964407de10 0x7f964407c270 unknown :-1 s=HELLO_CONNECTING pgs=0 cs=0 l=0 rev1=1 crypto rx=0 tx=0 comp rx=0 tx=0).handle_hello peer v2:172.21.15.28:3300/0 says I am v2:172.21.15.28:57184/0 (socket says 172.21.15.28:57184)
2024-05-12T21:58:54.937 INFO:teuthology.orchestra.run.smithi028.stdout:/usr/bin/ceph: stderr
2024-05-12T21:58:53.915+0000 7f9649e00700 1 -- 172.21.15.28:0/481136670 learned_addr learned my addr 172.21.15.28:0/481136670 (peer_addr_for_me v2:172.21.15.28:0/0)
2024-05-12T21:58:54.937 INFO:teuthology.orchestra.run.smithi028.stdout:/usr/bin/ceph: stderr
2024-05-12T21:58:53.916+0000 7f9649e00700 1 -- 172.21.15.28:0/481136670 --> [v2:172.21.15.28:3300/0,v1:172.21.15.28:6789/0] -- mon_subscribe({config=0+,monmap=0+}) -- 0x7f964407c9c0 con 0x7f964407de10
2024-05-12T21:58:54.937 INFO:teuthology.orchestra.run.smithi028.stdout:/usr/bin/ceph: stderr
2024-05-12T21:58:53.916+0000 7f9649e00700 1 --2- 172.21.15.28:0/481136670 >> [v2:172.21.15.28:3300/0,v1:172.21.15.28:6789/0] conn(0x7f964407de10 0x7f964407c270 secure :-1 s=READY pgs=76 cs=0 l=1 rev1=1 crypto rx=0x7f96380098a0 tx=0x7f9638009bb0 comp rx=0 tx=0).ready entity=mon.0 client_cookie=93a89a73f5c86489 server_cookie=0 in_seq=0 out_seq=0
2024-05-12T21:58:54.937 INFO:teuthology.orchestra.run.smithi028.stdout:/usr/bin/ceph: stderr
2024-05-12T21:58:53.916+0000 7f9648a00700 1 -- 172.21.15.28:0/481136670 <== mon.0 v2:172.21.15.28:3300/0 1 ==== mon_map magic: 0 ==== 205+0+0 (secure 0 0 0) 0x7f9638004160 con 0x7f964407de10
2024-05-12T21:58:54.937 INFO:teuthology.orchestra.run.smithi028.stdout:/usr/bin/ceph: stderr
2024-05-12T21:58:53.916+0000 7f9648a00700 1 -- 172.21.15.28:0/481136670 <== mon.0 v2:172.21.15.28:3300/0 2 ==== config(27 keys) ==== 1140+0+0 (secure 0 0 0) 0x7f9638004300 con 0x7f964407de10
2024-05-12T21:58:54.937 INFO:teuthology.orchestra.run.smithi028.stdout:/usr/bin/ceph: stderr
2024-05-12T21:58:53.916+0000 7f9648a00700 1 -- 172.21.15.28:0/481136670 <== mon.0 v2:172.21.15.28:3300/0 3 ==== mon_map magic: 0 ==== 205+0+0 (secure 0 0 0) 0x7f9638011b20 con 0x7f964407de10
2024-05-12T21:58:54.937 INFO:teuthology.orchestra.run.smithi028.stdout:/usr/bin/ceph: stderr
2024-05-12T21:58:53.917+0000 7f964b200700 1 -- 172.21.15.28:0/481136670 >> [v2:172.21.15.28:3300/0,v1:172.21.15.28:6789/0] conn(0x7f964407de10 msgr2=0x7f964407c270 secure :-1 s=STATE_CONNECTION_ESTABLISHED l=1).mark_down
2024-05-12T21:58:54.937 INFO:teuthology.orchestra.run.smithi028.stdout:/usr/bin/ceph: stderr
2024-05-12T21:58:53.917+0000 7f964b200700 1 --2- 172.21.15.28:0/481136670 >> [v2:172.21.15.28:3300/0,v1:172.21.15.28:6789/0] conn(0x7f964407de10 0x7f964407c270 secure :-1 s=READY pgs=76 cs=0 l=1 rev1=1 crypto rx=0x7f96380098a0 tx=0x7f9638009bb0 comp rx=0 tx=0).stop
2024-05-12T21:58:54.938 INFO:teuthology.orchestra.run.smithi028.stdout:/usr/bin/ceph: stderr
2024-05-12T21:58:53.917+0000 7f964b200700 1 -- 172.21.15.28:0/481136670 shutdown_connections
2024-05-12T21:58:54.938 INFO:teuthology.orchestra.run.smithi028.stdout:/usr/bin/ceph: stderr
2024-05-12T21:58:53.917+0000 7f964b200700 1 --2- 172.21.15.28:0/481136670 >> [v2:172.21.15.28:3300/0,v1:172.21.15.28:6789/0] conn(0x7f964407de10 0x7f964407c270 unknown :-1 s=CLOSED pgs=76 cs=0 l=1 rev1=1 crypto rx=0 tx=0 comp rx=0 tx=0).stop
2024-05-12T21:58:54.942 INFO:teuthology.orchestra.run.smithi028.stdout:/usr/bin/ceph: stderr
2024-05-12T21:58:53.917+0000 7f964b200700 1 -- 172.21.15.28:0/481136670 >> 172.21.15.28:0/481136670 conn(0x7f9644103400 msgr2=0x7f9644105840 unknown :-1 s=STATE_NONE l=0).mark_down
2024-05-12T21:58:54.942 INFO:teuthology.orchestra.run.smithi028.stdout:/usr/bin/ceph: stderr
2024-05-12T21:58:53.917+0000 7f964b200700 1 -- 172.21.15.28:0/481136670 shutdown_connections
2024-05-12T21:58:54.942 INFO:teuthology.orchestra.run.smithi028.stdout:/usr/bin/ceph: stderr
2024-05-12T21:58:53.917+0000 7f964b200700 1 -- 172.21.15.28:0/481136670 wait complete.
2024-05-12T21:58:54.942 INFO:teuthology.orchestra.run.smithi028.stdout:/usr/bin/ceph: stderr
2024-05-12T21:58:53.918+0000 7f964b200700 1 Processor -- start
2024-05-12T21:58:54.942 INFO:teuthology.orchestra.run.smithi028.stdout:/usr/bin/ceph: stderr
2024-05-12T21:58:53.919+0000 7f964b200700 1 -- start start
2024-05-12T21:58:54.942 INFO:teuthology.orchestra.run.smithi028.stdout:/usr/bin/ceph: stderr
2024-05-12T21:58:53.919+0000 7f964b200700 1 --2- >> [v2:172.21.15.28:3300/0,v1:172.21.15.28:6789/0] conn(0x7f964407de10 0x7f964419df80 unknown :-1 s=NONE pgs=0 cs=0 l=1 rev1=0 crypto rx=0 tx=0 comp rx=0 tx=0).connect
2024-05-12T21:58:54.942 INFO:teuthology.orchestra.run.smithi028.stdout:/usr/bin/ceph: stderr
2024-05-12T21:58:53.919+0000 7f964b200700 1 -- --> [v2:172.21.15.28:3300/0,v1:172.21.15.28:6789/0] -- mon_getmap magic: 0 -- 0x7f964410e4e0 con 0x7f964407de10
2024-05-12T21:58:54.942 INFO:teuthology.orchestra.run.smithi028.stdout:/usr/bin/ceph: stderr
2024-05-12T21:58:53.919+0000 7f9649e00700 1 --2- >> [v2:172.21.15.28:3300/0,v1:172.21.15.28:6789/0] conn(0x7f964407de10 0x7f964419df80 unknown :-1 s=BANNER_CONNECTING pgs=0 cs=0 l=1 rev1=0 crypto rx=0 tx=0 comp rx=0 tx=0)._handle_peer_banner_payload supported=3 required=0
2024-05-12T21:58:54.942 INFO:teuthology.orchestra.run.smithi028.stdout:/usr/bin/ceph: stderr
2024-05-12T21:58:53.919+0000 7f9649e00700 1 --2- >> [v2:172.21.15.28:3300/0,v1:172.21.15.28:6789/0] conn(0x7f964407de10 0x7f964419df80 unknown :-1 s=HELLO_CONNECTING pgs=0 cs=0 l=1 rev1=1 crypto rx=0 tx=0 comp rx=0 tx=0).handle_hello peer v2:172.21.15.28:3300/0 says I am v2:172.21.15.28:57188/0 (socket says 172.21.15.28:57188)
2024-05-12T21:58:54.942 INFO:teuthology.orchestra.run.smithi028.stdout:/usr/bin/ceph: stderr
2024-05-12T21:58:53.919+0000 7f9649e00700 1 -- 172.21.15.28:0/2145641442 learned_addr learned my addr 172.21.15.28:0/2145641442 (peer_addr_for_me v2:172.21.15.28:0/0)
2024-05-12T21:58:54.943 INFO:teuthology.orchestra.run.smithi028.stdout:/usr/bin/ceph: stderr
2024-05-12T21:58:53.920+0000 7f9649e00700 1 -- 172.21.15.28:0/2145641442 --> [v2:172.21.15.28:3300/0,v1:172.21.15.28:6789/0] -- mon_subscribe({config=0+,monmap=0+}) -- 0x7f964419e4c0 con 0x7f964407de10
2024-05-12T21:58:54.943 INFO:teuthology.orchestra.run.smithi028.stdout:/usr/bin/ceph: stderr
2024-05-12T21:58:53.920+0000 7f9649e00700 1 --2- 172.21.15.28:0/2145641442 >> [v2:172.21.15.28:3300/0,v1:172.21.15.28:6789/0] conn(0x7f964407de10 0x7f964419df80 secure :-1 s=READY pgs=77 cs=0 l=1 rev1=1 crypto rx=0x7f9638011b60 tx=0x7f9638011c40 comp rx=0 tx=0).ready entity=mon.0 client_cookie=0 server_cookie=0 in_seq=0 out_seq=0
2024-05-12T21:58:54.943 INFO:teuthology.orchestra.run.smithi028.stdout:/usr/bin/ceph: stderr
2024-05-12T21:58:53.920+0000 7f963ea00700 1 -- 172.21.15.28:0/2145641442 <== mon.0 v2:172.21.15.28:3300/0 1 ==== mon_map magic: 0 ==== 205+0+0 (secure 0 0 0) 0x7f9638003b60 con 0x7f964407de10
2024-05-12T21:58:54.943 INFO:teuthology.orchestra.run.smithi028.stdout:/usr/bin/ceph: stderr
2024-05-12T21:58:53.920+0000 7f963ea00700 1 -- 172.21.15.28:0/2145641442 <== mon.0 v2:172.21.15.28:3300/0 2 ==== config(27 keys) ==== 1140+0+0 (secure 0 0 0) 0x7f963801a910 con 0x7f964407de10
2024-05-12T21:58:54.943 INFO:teuthology.orchestra.run.smithi028.stdout:/usr/bin/ceph: stderr
2024-05-12T21:58:53.920+0000 7f963ea00700 1 -- 172.21.15.28:0/2145641442 <== mon.0 v2:172.21.15.28:3300/0 3 ==== mon_map magic: 0 ==== 205+0+0 (secure 0 0 0) 0x7f9638024930 con 0x7f964407de10
2024-05-12T21:58:54.943 INFO:teuthology.orchestra.run.smithi028.stdout:/usr/bin/ceph: stderr
2024-05-12T21:58:53.920+0000 7f964b200700 1 -- 172.21.15.28:0/2145641442 --> [v2:172.21.15.28:3300/0,v1:172.21.15.28:6789/0] -- mon_subscribe({mgrmap=0+}) -- 0x7f964419e750 con 0x7f964407de10
2024-05-12T21:58:54.943 INFO:teuthology.orchestra.run.smithi028.stdout:/usr/bin/ceph: stderr
2024-05-12T21:58:53.921+0000 7f964b200700 1 -- 172.21.15.28:0/2145641442 --> [v2:172.21.15.28:3300/0,v1:172.21.15.28:6789/0] -- mon_subscribe({osdmap=0}) -- 0x7f964419ebb0 con 0x7f964407de10
2024-05-12T21:58:54.943 INFO:teuthology.orchestra.run.smithi028.stdout:/usr/bin/ceph: stderr
2024-05-12T21:58:53.922+0000 7f964b200700 1 -- 172.21.15.28:0/2145641442 --> [v2:172.21.15.28:3300/0,v1:172.21.15.28:6789/0] -- mon_command({"prefix": "get_command_descriptions"} v 0) -- 0x7f96440694a0 con 0x7f964407de10
2024-05-12T21:58:54.943 INFO:teuthology.orchestra.run.smithi028.stdout:/usr/bin/ceph: stderr
2024-05-12T21:58:53.922+0000 7f963ea00700 1 -- 172.21.15.28:0/2145641442 <== mon.0 v2:172.21.15.28:3300/0 4 ==== mgrmap(e 13) ==== 46343+0+0 (secure 0 0 0) 0x7f9638022020 con 0x7f964407de10
2024-05-12T21:58:54.943 INFO:teuthology.orchestra.run.smithi028.stdout:/usr/bin/ceph: stderr
2024-05-12T21:58:53.922+0000 7f963ea00700 1 --2- 172.21.15.28:0/2145641442 >> [v2:172.21.15.28:6800/3123328651,v1:172.21.15.28:6801/3123328651] conn(0x7f962c0391a0 0x7f962c03b660 unknown :-1 s=NONE pgs=0 cs=0 l=1 rev1=0 crypto rx=0 tx=0 comp rx=0 tx=0).connect
2024-05-12T21:58:54.943 INFO:teuthology.orchestra.run.smithi028.stdout:/usr/bin/ceph: stderr
2024-05-12T21:58:53.922+0000 7f963ea00700 1 -- 172.21.15.28:0/2145641442 <== mon.0 v2:172.21.15.28:3300/0 5 ==== osd_map(3..3 src has 1..3) ==== 1155+0+0 (secure 0 0 0) 0x7f963804d500 con 0x7f964407de10
2024-05-12T21:58:54.943 INFO:teuthology.orchestra.run.smithi028.stdout:/usr/bin/ceph: stderr
2024-05-12T21:58:53.923+0000 7f9649400700 1 --2- 172.21.15.28:0/2145641442 >> [v2:172.21.15.28:6800/3123328651,v1:172.21.15.28:6801/3123328651] conn(0x7f962c0391a0 0x7f962c03b660 unknown :-1 s=BANNER_CONNECTING pgs=0 cs=0 l=1 rev1=0 crypto rx=0 tx=0 comp rx=0 tx=0)._handle_peer_banner_payload supported=3 required=0
2024-05-12T21:58:54.943 INFO:teuthology.orchestra.run.smithi028.stdout:/usr/bin/ceph: stderr
2024-05-12T21:58:53.923+0000 7f9649400700 1 --2- 172.21.15.28:0/2145641442 >> [v2:172.21.15.28:6800/3123328651,v1:172.21.15.28:6801/3123328651] conn(0x7f962c0391a0 0x7f962c03b660 secure :-1 s=READY pgs=10 cs=0 l=1 rev1=1 crypto rx=0x7f9634006fd0 tx=0x7f9634006e40 comp rx=0 tx=0).ready entity=mgr.14152 client_cookie=0 server_cookie=0 in_seq=0 out_seq=0
2024-05-12T21:58:54.943 INFO:teuthology.orchestra.run.smithi028.stdout:/usr/bin/ceph: stderr
2024-05-12T21:58:53.928+0000 7f963ea00700 1 -- 172.21.15.28:0/2145641442 <== mon.0 v2:172.21.15.28:3300/0 6 ==== mon_command_ack([{"prefix": "get_command_descriptions"}]=0 v0) ==== 72+0+186418 (secure 0 0 0) 0x7f963800b3e0 con 0x7f964407de10
2024-05-12T21:58:54.943 INFO:teuthology.orchestra.run.smithi028.stdout:/usr/bin/ceph: stderr
2024-05-12T21:58:54.157+0000 7f964b200700 1 -- 172.21.15.28:0/2145641442 --> [v2:172.21.15.28:3300/0,v1:172.21.15.28:6789/0] -- mon_command([{prefix=config set, name=osd_memory_target_autotune}] v 0) -- 0x7f96441a1640 con 0x7f964407de10
2024-05-12T21:58:54.944 INFO:teuthology.orchestra.run.smithi028.stdout:/usr/bin/ceph: stderr
2024-05-12T21:58:54.158+0000 7f963ea00700 1 -- 172.21.15.28:0/2145641442 <== mon.0 v2:172.21.15.28:3300/0 7 ==== mon_command_ack([{prefix=config set, name=osd_memory_target_autotune}]=0 v8)=0 v8) ==== 127+0+0 (secure 0 0 0) 0x7f963802dde0 con 0x7f964407de10
2024-05-12T21:58:54.944 INFO:teuthology.orchestra.run.smithi028.stdout:/usr/bin/ceph: stderr
2024-05-12T21:58:54.160+0000 7f964b200700 1 -- 172.21.15.28:0/2145641442 >> [v2:172.21.15.28:6800/3123328651,v1:172.21.15.28:6801/3123328651] conn(0x7f962c0391a0 msgr2=0x7f962c03b660 secure :-1 s=STATE_CONNECTION_ESTABLISHED l=1).mark_down
2024-05-12T21:58:54.944 INFO:teuthology.orchestra.run.smithi028.stdout:/usr/bin/ceph: stderr
2024-05-12T21:58:54.160+0000 7f964b200700 1 --2- 172.21.15.28:0/2145641442 >> [v2:172.21.15.28:6800/3123328651,v1:172.21.15.28:6801/3123328651] conn(0x7f962c0391a0 0x7f962c03b660 secure :-1 s=READY pgs=10 cs=0 l=1 rev1=1 crypto rx=0x7f9634006fd0 tx=0x7f9634006e40 comp rx=0 tx=0).stop
2024-05-12T21:58:54.944 INFO:teuthology.orchestra.run.smithi028.stdout:/usr/bin/ceph: stderr
2024-05-12T21:58:54.160+0000 7f964b200700 1 -- 172.21.15.28:0/2145641442 >> [v2:172.21.15.28:3300/0,v1:172.21.15.28:6789/0] conn(0x7f964407de10 msgr2=0x7f964419df80 secure :-1 s=STATE_CONNECTION_ESTABLISHED l=1).mark_down
2024-05-12T21:58:54.944 INFO:teuthology.orchestra.run.smithi028.stdout:/usr/bin/ceph: stderr
2024-05-12T21:58:54.160+0000 7f964b200700 1 --2- 172.21.15.28:0/2145641442 >> [v2:172.21.15.28:3300/0,v1:172.21.15.28:6789/0] conn(0x7f964407de10 0x7f964419df80 secure :-1 s=READY pgs=77 cs=0 l=1 rev1=1 crypto rx=0x7f9638011b60 tx=0x7f9638011c40 comp rx=0 tx=0).stop
2024-05-12T21:58:54.944 INFO:teuthology.orchestra.run.smithi028.stdout:/usr/bin/ceph: stderr
2024-05-12T21:58:54.160+0000 7f964b200700 1 -- 172.21.15.28:0/2145641442 shutdown_connections
2024-05-12T21:58:54.944 INFO:teuthology.orchestra.run.smithi028.stdout:/usr/bin/ceph: stderr
2024-05-12T21:58:54.160+0000 7f964b200700 1 --2- 172.21.15.28:0/2145641442 >> [v2:172.21.15.28:6800/3123328651,v1:172.21.15.28:6801/3123328651] conn(0x7f962c0391a0 0x7f962c03b660 unknown :-1 s=CLOSED pgs=10 cs=0 l=1 rev1=1 crypto rx=0 tx=0 comp rx=0 tx=0).stop
2024-05-12T21:58:54.945 INFO:teuthology.orchestra.run.smithi028.stdout:/usr/bin/ceph: stderr
2024-05-12T21:58:54.160+0000 7f964b200700 1 --2- 172.21.15.28:0/2145641442 >> [v2:172.21.15.28:3300/0,v1:172.21.15.28:6789/0] conn(0x7f964407de10 0x7f964419df80 unknown :-1 s=CLOSED pgs=77 cs=0 l=1 rev1=1 crypto rx=0 tx=0 comp rx=0 tx=0).stop
2024-05-12T21:58:54.945 INFO:teuthology.orchestra.run.smithi028.stdout:/usr/bin/ceph: stderr
2024-05-12T21:58:54.160+0000 7f964b200700 1 -- 172.21.15.28:0/2145641442 >> 172.21.15.28:0/2145641442 conn(0x7f9644103400 msgr2=0x7f9644103f80 unknown :-1 s=STATE_NONE l=0).mark_down
2024-05-12T21:58:54.945 INFO:teuthology.orchestra.run.smithi028.stdout:/usr/bin/ceph: stderr
2024-05-12T21:58:54.161+0000 7f964b200700 1 -- 172.21.15.28:0/2145641442 shutdown_connections
2024-05-12T21:58:54.945 INFO:teuthology.orchestra.run.smithi028.stdout:/usr/bin/ceph: stderr
2024-05-12T21:58:54.161+0000 7f964b200700 1 -- 172.21.15.28:0/2145641442 wait complete.
2024-05-12T21:58:56.625 INFO:teuthology.orchestra.run.smithi028.stdout:/usr/bin/ceph: stderr
2024-05-12T21:58:55.615+0000 7f4c59600700 1 Processor -- start
2024-05-12T21:58:56.625 INFO:teuthology.orchestra.run.smithi028.stdout:/usr/bin/ceph: stderr
2024-05-12T21:58:55.615+0000 7f4c59600700 1 -- start start
2024-05-12T21:58:56.625 INFO:teuthology.orchestra.run.smithi028.stdout:/usr/bin/ceph: stderr
2024-05-12T21:58:55.616+0000 7f4c59600700 1 --2- >> [v2:172.21.15.28:3300/0,v1:172.21.15.28:6789/0] conn(0x7f4c54106ce0 0x7f4c54107100 unknown :-1 s=NONE pgs=0 cs=0 l=0 rev1=0 crypto rx=0 tx=0 comp rx=0 tx=0).connect
2024-05-12T21:58:56.627 INFO:teuthology.orchestra.run.smithi028.stdout:/usr/bin/ceph: stderr
2024-05-12T21:58:55.616+0000 7f4c59600700 1 -- --> [v2:172.21.15.28:3300/0,v1:172.21.15.28:6789/0] -- mon_getmap magic: 0 -- 0x7f4c541076d0 con 0x7f4c54106ce0
2024-05-12T21:58:56.627 INFO:teuthology.orchestra.run.smithi028.stdout:/usr/bin/ceph: stderr
2024-05-12T21:58:55.616+0000 7f4c53e00700 1 --2- >> [v2:172.21.15.28:3300/0,v1:172.21.15.28:6789/0] conn(0x7f4c54106ce0 0x7f4c54107100 unknown :-1 s=BANNER_CONNECTING pgs=0 cs=0 l=0 rev1=0 crypto rx=0 tx=0 comp rx=0 tx=0)._handle_peer_banner_payload supported=3 required=0
2024-05-12T21:58:56.627 INFO:teuthology.orchestra.run.smithi028.stdout:/usr/bin/ceph: stderr
2024-05-12T21:58:55.616+0000 7f4c53e00700 1 --2- >> [v2:172.21.15.28:3300/0,v1:172.21.15.28:6789/0] conn(0x7f4c54106ce0 0x7f4c54107100 unknown :-1 s=HELLO_CONNECTING pgs=0 cs=0 l=0 rev1=1 crypto rx=0 tx=0 comp rx=0 tx=0).handle_hello peer v2:172.21.15.28:3300/0 says I am v2:172.21.15.28:57196/0 (socket says 172.21.15.28:57196)
2024-05-12T21:58:56.627 INFO:teuthology.orchestra.run.smithi028.stdout:/usr/bin/ceph: stderr
2024-05-12T21:58:55.616+0000 7f4c53e00700 1 -- 172.21.15.28:0/1343482030 learned_addr learned my addr 172.21.15.28:0/1343482030 (peer_addr_for_me v2:172.21.15.28:0/0)
2024-05-12T21:58:56.627 INFO:teuthology.orchestra.run.smithi028.stdout:/usr/bin/ceph: stderr
2024-05-12T21:58:55.617+0000 7f4c53e00700 1 -- 172.21.15.28:0/1343482030 --> [v2:172.21.15.28:3300/0,v1:172.21.15.28:6789/0] -- mon_subscribe({config=0+,monmap=0+}) -- 0x7f4c54107ee0 con 0x7f4c54106ce0
2024-05-12T21:58:56.627 INFO:teuthology.orchestra.run.smithi028.stdout:/usr/bin/ceph: stderr
2024-05-12T21:58:55.617+0000 7f4c53e00700 1 --2- 172.21.15.28:0/1343482030 >> [v2:172.21.15.28:3300/0,v1:172.21.15.28:6789/0] conn(0x7f4c54106ce0 0x7f4c54107100 secure :-1 s=READY pgs=78 cs=0 l=1 rev1=1 crypto rx=0x7f4c440098a0 tx=0x7f4c44009bb0 comp rx=0 tx=0).ready entity=mon.0 client_cookie=a61906bc51b0dde8 server_cookie=0 in_seq=0 out_seq=0
2024-05-12T21:58:56.627 INFO:teuthology.orchestra.run.smithi028.stdout:/usr/bin/ceph: stderr
2024-05-12T21:58:55.618+0000 7f4c52a00700 1 -- 172.21.15.28:0/1343482030 <== mon.0 v2:172.21.15.28:3300/0 1 ==== mon_map magic: 0 ==== 205+0+0 (secure 0 0 0) 0x7f4c44004160 con 0x7f4c54106ce0
2024-05-12T21:58:56.628 INFO:teuthology.orchestra.run.smithi028.stdout:/usr/bin/ceph: stderr
2024-05-12T21:58:55.618+0000 7f4c52a00700 1 -- 172.21.15.28:0/1343482030 <== mon.0 v2:172.21.15.28:3300/0 2 ==== config(27 keys) ==== 1140+0+0 (secure 0 0 0) 0x7f4c44004300 con 0x7f4c54106ce0
2024-05-12T21:58:56.629 INFO:teuthology.orchestra.run.smithi028.stdout:/usr/bin/ceph: stderr
2024-05-12T21:58:55.618+0000 7f4c52a00700 1 -- 172.21.15.28:0/1343482030 <== mon.0 v2:172.21.15.28:3300/0 3 ==== mon_map magic: 0 ==== 205+0+0 (secure 0 0 0) 0x7f4c44011b20 con 0x7f4c54106ce0
2024-05-12T21:58:56.629 INFO:teuthology.orchestra.run.smithi028.stdout:/usr/bin/ceph: stderr
2024-05-12T21:58:55.618+0000 7f4c59600700 1 -- 172.21.15.28:0/1343482030 >> [v2:172.21.15.28:3300/0,v1:172.21.15.28:6789/0] conn(0x7f4c54106ce0 msgr2=0x7f4c54107100 secure :-1 s=STATE_CONNECTION_ESTABLISHED l=1).mark_down
2024-05-12T21:58:56.629 INFO:teuthology.orchestra.run.smithi028.stdout:/usr/bin/ceph: stderr
2024-05-12T21:58:55.618+0000 7f4c59600700 1 --2- 172.21.15.28:0/1343482030 >> [v2:172.21.15.28:3300/0,v1:172.21.15.28:6789/0] conn(0x7f4c54106ce0 0x7f4c54107100 secure :-1 s=READY pgs=78 cs=0 l=1 rev1=1 crypto rx=0x7f4c440098a0 tx=0x7f4c44009bb0 comp rx=0 tx=0).stop
2024-05-12T21:58:56.629 INFO:teuthology.orchestra.run.smithi028.stdout:/usr/bin/ceph: stderr
2024-05-12T21:58:55.618+0000 7f4c59600700 1 -- 172.21.15.28:0/1343482030 shutdown_connections
2024-05-12T21:58:56.629 INFO:teuthology.orchestra.run.smithi028.stdout:/usr/bin/ceph: stderr
2024-05-12T21:58:55.618+0000 7f4c59600700 1 --2- 172.21.15.28:0/1343482030 >> [v2:172.21.15.28:3300/0,v1:172.21.15.28:6789/0] conn(0x7f4c54106ce0 0x7f4c54107100 unknown :-1 s=CLOSED pgs=78 cs=0 l=1 rev1=1 crypto rx=0 tx=0 comp rx=0 tx=0).stop
2024-05-12T21:58:56.629 INFO:teuthology.orchestra.run.smithi028.stdout:/usr/bin/ceph: stderr
2024-05-12T21:58:55.618+0000 7f4c59600700 1 -- 172.21.15.28:0/1343482030 >> 172.21.15.28:0/1343482030 conn(0x7f4c54102280 msgr2=0x7f4c541046c0 unknown :-1 s=STATE_NONE l=0).mark_down
2024-05-12T21:58:56.629 INFO:teuthology.orchestra.run.smithi028.stdout:/usr/bin/ceph: stderr
2024-05-12T21:58:55.619+0000 7f4c59600700 1 -- 172.21.15.28:0/1343482030 shutdown_connections
2024-05-12T21:58:56.629 INFO:teuthology.orchestra.run.smithi028.stdout:/usr/bin/ceph: stderr
2024-05-12T21:58:55.619+0000 7f4c59600700 1 -- 172.21.15.28:0/1343482030 wait complete.
2024-05-12T21:58:56.629 INFO:teuthology.orchestra.run.smithi028.stdout:/usr/bin/ceph: stderr
