2024-05-12T22:04:15.118+0000 7f947b7fe700 1 --2- >> [v2:172.21.15.33:3300/0,v1:172.21.15.33:6789/0] conn(0x7f947c106b20 0x7f947c106f40 unknown :-1 s=BANNER_CONNECTING pgs=0 cs=0 l=0 rev1=0 crypto rx=0 tx=0 comp rx=0 tx=0)._handle_peer_banner_payload supported=3 required=0
2024-05-12T22:04:15.848 INFO:teuthology.orchestra.run.smithi033.stdout:/usr/bin/ceph: stderr
2024-05-12T22:04:15.118+0000 7f947b7fe700 1 --2- >> [v2:172.21.15.33:3300/0,v1:172.21.15.33:6789/0] conn(0x7f947c106b20 0x7f947c106f40 unknown :-1 s=HELLO_CONNECTING pgs=0 cs=0 l=0 rev1=1 crypto rx=0 tx=0 comp rx=0 tx=0).handle_hello peer v2:172.21.15.33:3300/0 says I am v2:172.21.15.33:33872/0 (socket says 172.21.15.33:33872)
2024-05-12T22:04:15.848 INFO:teuthology.orchestra.run.smithi033.stdout:/usr/bin/ceph: stderr
2024-05-12T22:04:15.118+0000 7f947b7fe700 1 -- 172.21.15.33:0/4033278617 learned_addr learned my addr 172.21.15.33:0/4033278617 (peer_addr_for_me v2:172.21.15.33:0/0)
2024-05-12T22:04:15.848 INFO:teuthology.orchestra.run.smithi033.stdout:/usr/bin/ceph: stderr
2024-05-12T22:04:15.118+0000 7f947b7fe700 1 -- 172.21.15.33:0/4033278617 --> [v2:172.21.15.33:3300/0,v1:172.21.15.33:6789/0] -- mon_subscribe({config=0+,monmap=0+}) -- 0x7f947c107d20 con 0x7f947c106b20
2024-05-12T22:04:15.848 INFO:teuthology.orchestra.run.smithi033.stdout:/usr/bin/ceph: stderr
2024-05-12T22:04:15.119+0000 7f947b7fe700 1 --2- 172.21.15.33:0/4033278617 >> [v2:172.21.15.33:3300/0,v1:172.21.15.33:6789/0] conn(0x7f947c106b20 0x7f947c106f40 secure :-1 s=READY pgs=39 cs=0 l=1 rev1=1 crypto rx=0x7f946c0098a0 tx=0x7f946c009bb0 comp rx=0 tx=0).ready entity=mon.0 client_cookie=befcfd002a9b34be server_cookie=0 in_seq=0 out_seq=0
2024-05-12T22:04:15.848 INFO:teuthology.orchestra.run.smithi033.stdout:/usr/bin/ceph: stderr
2024-05-12T22:04:15.119+0000 7f947a7fc700 1 -- 172.21.15.33:0/4033278617 <== mon.0 v2:172.21.15.33:3300/0 1 ==== mon_map magic: 0 ==== 205+0+0 (secure 0 0 0) 0x7f946c004160 con 0x7f947c106b20
2024-05-12T22:04:15.848 INFO:teuthology.orchestra.run.smithi033.stdout:/usr/bin/ceph: stderr
2024-05-12T22:04:15.119+0000 7f947a7fc700 1 -- 172.21.15.33:0/4033278617 <== mon.0 v2:172.21.15.33:3300/0 2 ==== config(27 keys) ==== 1109+0+0 (secure 0 0 0) 0x7f946c004300 con 0x7f947c106b20
2024-05-12T22:04:15.849 INFO:teuthology.orchestra.run.smithi033.stdout:/usr/bin/ceph: stderr
2024-05-12T22:04:15.119+0000 7f947a7fc700 1 -- 172.21.15.33:0/4033278617 <== mon.0 v2:172.21.15.33:3300/0 3 ==== mon_map magic: 0 ==== 205+0+0 (secure 0 0 0) 0x7f946c011b50 con 0x7f947c106b20
2024-05-12T22:04:15.849 INFO:teuthology.orchestra.run.smithi033.stdout:/usr/bin/ceph: stderr
2024-05-12T22:04:15.119+0000 7f9481a85700 1 -- 172.21.15.33:0/4033278617 >> [v2:172.21.15.33:3300/0,v1:172.21.15.33:6789/0] conn(0x7f947c106b20 msgr2=0x7f947c106f40 secure :-1 s=STATE_CONNECTION_ESTABLISHED l=1).mark_down
2024-05-12T22:04:15.849 INFO:teuthology.orchestra.run.smithi033.stdout:/usr/bin/ceph: stderr
2024-05-12T22:04:15.119+0000 7f9481a85700 1 --2- 172.21.15.33:0/4033278617 >> [v2:172.21.15.33:3300/0,v1:172.21.15.33:6789/0] conn(0x7f947c106b20 0x7f947c106f40 secure :-1 s=READY pgs=39 cs=0 l=1 rev1=1 crypto rx=0x7f946c0098a0 tx=0x7f946c009bb0 comp rx=0 tx=0).stop
2024-05-12T22:04:15.849 INFO:teuthology.orchestra.run.smithi033.stdout:/usr/bin/ceph: stderr
2024-05-12T22:04:15.119+0000 7f9481a85700 1 -- 172.21.15.33:0/4033278617 shutdown_connections
2024-05-12T22:04:15.849 INFO:teuthology.orchestra.run.smithi033.stdout:/usr/bin/ceph: stderr
2024-05-12T22:04:15.120+0000 7f9481a85700 1 --2- 172.21.15.33:0/4033278617 >> [v2:172.21.15.33:3300/0,v1:172.21.15.33:6789/0] conn(0x7f947c106b20 0x7f947c106f40 unknown :-1 s=CLOSED pgs=39 cs=0 l=1 rev1=1 crypto rx=0 tx=0 comp rx=0 tx=0).stop
2024-05-12T22:04:15.849 INFO:teuthology.orchestra.run.smithi033.stdout:/usr/bin/ceph: stderr
2024-05-12T22:04:15.120+0000 7f9481a85700 1 -- 172.21.15.33:0/4033278617 >> 172.21.15.33:0/4033278617 conn(0x7f947c1020c0 msgr2=0x7f947c104500 unknown :-1 s=STATE_NONE l=0).mark_down
2024-05-12T22:04:15.849 INFO:teuthology.orchestra.run.smithi033.stdout:/usr/bin/ceph: stderr
2024-05-12T22:04:15.120+0000 7f9481a85700 1 -- 172.21.15.33:0/4033278617 shutdown_connections
2024-05-12T22:04:15.849 INFO:teuthology.orchestra.run.smithi033.stdout:/usr/bin/ceph: stderr
2024-05-12T22:04:15.120+0000 7f9481a85700 1 -- 172.21.15.33:0/4033278617 wait complete.
2024-05-12T22:04:15.849 INFO:teuthology.orchestra.run.smithi033.stdout:/usr/bin/ceph: stderr
2024-05-12T22:04:15.120+0000 7f9481a85700 1 Processor -- start
2024-05-12T22:04:15.849 INFO:teuthology.orchestra.run.smithi033.stdout:/usr/bin/ceph: stderr
2024-05-12T22:04:15.121+0000 7f9481a85700 1 -- start start
2024-05-12T22:04:15.849 INFO:teuthology.orchestra.run.smithi033.stdout:/usr/bin/ceph: stderr
2024-05-12T22:04:15.121+0000 7f9481a85700 1 --2- >> [v2:172.21.15.33:3300/0,v1:172.21.15.33:6789/0] conn(0x7f947c106b20 0x7f947c199a80 unknown :-1 s=NONE pgs=0 cs=0 l=1 rev1=0 crypto rx=0 tx=0 comp rx=0 tx=0).connect
2024-05-12T22:04:15.849 INFO:teuthology.orchestra.run.smithi033.stdout:/usr/bin/ceph: stderr
2024-05-12T22:04:15.121+0000 7f9481a85700 1 -- --> [v2:172.21.15.33:3300/0,v1:172.21.15.33:6789/0] -- mon_getmap magic: 0 -- 0x7f947c07afa0 con 0x7f947c106b20
2024-05-12T22:04:15.849 INFO:teuthology.orchestra.run.smithi033.stdout:/usr/bin/ceph: stderr
2024-05-12T22:04:15.121+0000 7f947b7fe700 1 --2- >> [v2:172.21.15.33:3300/0,v1:172.21.15.33:6789/0] conn(0x7f947c106b20 0x7f947c199a80 unknown :-1 s=BANNER_CONNECTING pgs=0 cs=0 l=1 rev1=0 crypto rx=0 tx=0 comp rx=0 tx=0)._handle_peer_banner_payload supported=3 required=0
2024-05-12T22:04:15.849 INFO:teuthology.orchestra.run.smithi033.stdout:/usr/bin/ceph: stderr
2024-05-12T22:04:15.121+0000 7f947b7fe700 1 --2- >> [v2:172.21.15.33:3300/0,v1:172.21.15.33:6789/0] conn(0x7f947c106b20 0x7f947c199a80 unknown :-1 s=HELLO_CONNECTING pgs=0 cs=0 l=1 rev1=1 crypto rx=0 tx=0 comp rx=0 tx=0).handle_hello peer v2:172.21.15.33:3300/0 says I am v2:172.21.15.33:33882/0 (socket says 172.21.15.33:33882)
2024-05-12T22:04:15.850 INFO:teuthology.orchestra.run.smithi033.stdout:/usr/bin/ceph: stderr
2024-05-12T22:04:15.121+0000 7f947b7fe700 1 -- 172.21.15.33:0/1312940936 learned_addr learned my addr 172.21.15.33:0/1312940936 (peer_addr_for_me v2:172.21.15.33:0/0)
2024-05-12T22:04:15.850 INFO:teuthology.orchestra.run.smithi033.stdout:/usr/bin/ceph: stderr
2024-05-12T22:04:15.121+0000 7f947b7fe700 1 -- 172.21.15.33:0/1312940936 --> [v2:172.21.15.33:3300/0,v1:172.21.15.33:6789/0] -- mon_subscribe({config=0+,monmap=0+}) -- 0x7f947c199fc0 con 0x7f947c106b20
2024-05-12T22:04:15.850 INFO:teuthology.orchestra.run.smithi033.stdout:/usr/bin/ceph: stderr
2024-05-12T22:04:15.121+0000 7f947b7fe700 1 --2- 172.21.15.33:0/1312940936 >> [v2:172.21.15.33:3300/0,v1:172.21.15.33:6789/0] conn(0x7f947c106b20 0x7f947c199a80 secure :-1 s=READY pgs=40 cs=0 l=1 rev1=1 crypto rx=0x7f946c009fb0 tx=0x7f946c011bf0 comp rx=0 tx=0).ready entity=mon.0 client_cookie=0 server_cookie=0 in_seq=0 out_seq=0
2024-05-12T22:04:15.850 INFO:teuthology.orchestra.run.smithi033.stdout:/usr/bin/ceph: stderr
2024-05-12T22:04:15.122+0000 7f9478ff9700 1 -- 172.21.15.33:0/1312940936 <== mon.0 v2:172.21.15.33:3300/0 1 ==== mon_map magic: 0 ==== 205+0+0 (secure 0 0 0) 0x7f946c0038b0 con 0x7f947c106b20
2024-05-12T22:04:15.850 INFO:teuthology.orchestra.run.smithi033.stdout:/usr/bin/ceph: stderr
2024-05-12T22:04:15.122+0000 7f9481a85700 1 -- 172.21.15.33:0/1312940936 --> [v2:172.21.15.33:3300/0,v1:172.21.15.33:6789/0] -- mon_subscribe({mgrmap=0+}) -- 0x7f947c19a250 con 0x7f947c106b20
2024-05-12T22:04:15.850 INFO:teuthology.orchestra.run.smithi033.stdout:/usr/bin/ceph: stderr
2024-05-12T22:04:15.122+0000 7f9478ff9700 1 -- 172.21.15.33:0/1312940936 <== mon.0 v2:172.21.15.33:3300/0 2 ==== config(27 keys) ==== 1109+0+0 (secure 0 0 0) 0x7f946c011e50 con 0x7f947c106b20
2024-05-12T22:04:15.850 INFO:teuthology.orchestra.run.smithi033.stdout:/usr/bin/ceph: stderr
2024-05-12T22:04:15.122+0000 7f9478ff9700 1 -- 172.21.15.33:0/1312940936 <== mon.0 v2:172.21.15.33:3300/0 3 ==== mon_map magic: 0 ==== 205+0+0 (secure 0 0 0) 0x7f946c019550 con 0x7f947c106b20
2024-05-12T22:04:15.850 INFO:teuthology.orchestra.run.smithi033.stdout:/usr/bin/ceph: stderr
2024-05-12T22:04:15.122+0000 7f9481a85700 1 -- 172.21.15.33:0/1312940936 --> [v2:172.21.15.33:3300/0,v1:172.21.15.33:6789/0] -- mon_subscribe({osdmap=0}) -- 0x7f947c19cf40 con 0x7f947c106b20
2024-05-12T22:04:15.850 INFO:teuthology.orchestra.run.smithi033.stdout:/usr/bin/ceph: stderr
2024-05-12T22:04:15.123+0000 7f9478ff9700 1 -- 172.21.15.33:0/1312940936 <== mon.0 v2:172.21.15.33:3300/0 4 ==== mgrmap(e 8) ==== 46287+0+0 (secure 0 0 0) 0x7f946c01a430 con 0x7f947c106b20
2024-05-12T22:04:15.850 INFO:teuthology.orchestra.run.smithi033.stdout:/usr/bin/ceph: stderr
2024-05-12T22:04:15.123+0000 7f9481a85700 1 -- 172.21.15.33:0/1312940936 --> [v2:172.21.15.33:3300/0,v1:172.21.15.33:6789/0] -- mon_command({"prefix": "get_command_descriptions"} v 0) -- 0x7f947c063980 con 0x7f947c106b20
2024-05-12T22:04:15.850 INFO:teuthology.orchestra.run.smithi033.stdout:/usr/bin/ceph: stderr
2024-05-12T22:04:15.123+0000 7f9478ff9700 1 --2- 172.21.15.33:0/1312940936 >> [v2:172.21.15.33:6800/1733259984,v1:172.21.15.33:6801/1733259984] conn(0x7f946403b210 0x7f946403d6d0 unknown :-1 s=NONE pgs=0 cs=0 l=1 rev1=0 crypto rx=0 tx=0 comp rx=0 tx=0).connect
2024-05-12T22:04:15.850 INFO:teuthology.orchestra.run.smithi033.stdout:/usr/bin/ceph: stderr
2024-05-12T22:04:15.123+0000 7f9478ff9700 1 -- 172.21.15.33:0/1312940936 <== mon.0 v2:172.21.15.33:3300/0 5 ==== osd_map(2..2 src has 1..2) ==== 940+0+0 (secure 0 0 0) 0x7f946c04d2b0 con 0x7f947c106b20
2024-05-12T22:04:15.850 INFO:teuthology.orchestra.run.smithi033.stdout:/usr/bin/ceph: stderr
2024-05-12T22:04:15.123+0000 7f947affd700 1 --2- 172.21.15.33:0/1312940936 >> [v2:172.21.15.33:6800/1733259984,v1:172.21.15.33:6801/1733259984] conn(0x7f946403b210 0x7f946403d6d0 unknown :-1 s=BANNER_CONNECTING pgs=0 cs=0 l=1 rev1=0 crypto rx=0 tx=0 comp rx=0 tx=0)._handle_peer_banner_payload supported=3 required=0
2024-05-12T22:04:15.851 INFO:teuthology.orchestra.run.smithi033.stdout:/usr/bin/ceph: stderr
2024-05-12T22:04:15.123+0000 7f947affd700 1 --2- 172.21.15.33:0/1312940936 >> [v2:172.21.15.33:6800/1733259984,v1:172.21.15.33:6801/1733259984] conn(0x7f946403b210 0x7f946403d6d0 secure :-1 s=READY pgs=8 cs=0 l=1 rev1=1 crypto rx=0x7f9470006fd0 tx=0x7f9470006e40 comp rx=0 tx=0).ready entity=mgr.14120 client_cookie=0 server_cookie=0 in_seq=0 out_seq=0
2024-05-12T22:04:15.851 INFO:teuthology.orchestra.run.smithi033.stdout:/usr/bin/ceph: stderr
2024-05-12T22:04:15.128+0000 7f9478ff9700 1 -- 172.21.15.33:0/1312940936 <== mon.0 v2:172.21.15.33:3300/0 6 ==== mon_command_ack([{"prefix": "get_command_descriptions"}]=0 v0) ==== 72+0+186418 (secure 0 0 0) 0x7f946c020240 con 0x7f947c106b20
2024-05-12T22:04:15.851 INFO:teuthology.orchestra.run.smithi033.stdout:/usr/bin/ceph: stderr
2024-05-12T22:04:15.338+0000 7f9481a85700 1 -- 172.21.15.33:0/1312940936 --> [v2:172.21.15.33:6800/1733259984,v1:172.21.15.33:6801/1733259984] -- mgr_command(tid 0: {"prefix": "cephadm set-user", "user": "root", "target": ["mon-mgr", ""]}) -- 0x7f947c0008d0 con 0x7f946403b210
2024-05-12T22:04:15.851 INFO:teuthology.orchestra.run.smithi033.stdout:/usr/bin/ceph: stderr
2024-05-12T22:04:15.339+0000 7f9478ff9700 1 -- 172.21.15.33:0/1312940936 <== mgr.14120 v2:172.21.15.33:6800/1733259984 1 ==== mgr_command_reply(tid 0: 0 ) ==== 8+0+16 (secure 0 0 0) 0x7f947c0008d0 con 0x7f946403b210
2024-05-12T22:04:15.851 INFO:teuthology.orchestra.run.smithi033.stdout:/usr/bin/ceph: stderr
2024-05-12T22:04:15.341+0000 7f9481a85700 1 -- 172.21.15.33:0/1312940936 >> [v2:172.21.15.33:6800/1733259984,v1:172.21.15.33:6801/1733259984] conn(0x7f946403b210 msgr2=0x7f946403d6d0 secure :-1 s=STATE_CONNECTION_ESTABLISHED l=1).mark_down
2024-05-12T22:04:15.851 INFO:teuthology.orchestra.run.smithi033.stdout:/usr/bin/ceph: stderr
2024-05-12T22:04:15.341+0000 7f9481a85700 1 --2- 172.21.15.33:0/1312940936 >> [v2:172.21.15.33:6800/1733259984,v1:172.21.15.33:6801/1733259984] conn(0x7f946403b210 0x7f946403d6d0 secure :-1 s=READY pgs=8 cs=0 l=1 rev1=1 crypto rx=0x7f9470006fd0 tx=0x7f9470006e40 comp rx=0 tx=0).stop
2024-05-12T22:04:15.851 INFO:teuthology.orchestra.run.smithi033.stdout:/usr/bin/ceph: stderr
2024-05-12T22:04:15.341+0000 7f9481a85700 1 -- 172.21.15.33:0/1312940936 >> [v2:172.21.15.33:3300/0,v1:172.21.15.33:6789/0] conn(0x7f947c106b20 msgr2=0x7f947c199a80 secure :-1 s=STATE_CONNECTION_ESTABLISHED l=1).mark_down
2024-05-12T22:04:15.851 INFO:teuthology.orchestra.run.smithi033.stdout:/usr/bin/ceph: stderr
2024-05-12T22:04:15.341+0000 7f9481a85700 1 --2- 172.21.15.33:0/1312940936 >> [v2:172.21.15.33:3300/0,v1:172.21.15.33:6789/0] conn(0x7f947c106b20 0x7f947c199a80 secure :-1 s=READY pgs=40 cs=0 l=1 rev1=1 crypto rx=0x7f946c009fb0 tx=0x7f946c011bf0 comp rx=0 tx=0).stop
2024-05-12T22:04:15.851 INFO:teuthology.orchestra.run.smithi033.stdout:/usr/bin/ceph: stderr
2024-05-12T22:04:15.341+0000 7f9481a85700 1 -- 172.21.15.33:0/1312940936 shutdown_connections
2024-05-12T22:04:15.851 INFO:teuthology.orchestra.run.smithi033.stdout:/usr/bin/ceph: stderr
2024-05-12T22:04:15.341+0000 7f9481a85700 1 --2- 172.21.15.33:0/1312940936 >> [v2:172.21.15.33:6800/1733259984,v1:172.21.15.33:6801/1733259984] conn(0x7f946403b210 0x7f946403d6d0 unknown :-1 s=CLOSED pgs=8 cs=0 l=1 rev1=1 crypto rx=0 tx=0 comp rx=0 tx=0).stop
2024-05-12T22:04:15.851 INFO:teuthology.orchestra.run.smithi033.stdout:/usr/bin/ceph: stderr
2024-05-12T22:04:15.341+0000 7f9481a85700 1 --2- 172.21.15.33:0/1312940936 >> [v2:172.21.15.33:3300/0,v1:172.21.15.33:6789/0] conn(0x7f947c106b20 0x7f947c199a80 unknown :-1 s=CLOSED pgs=40 cs=0 l=1 rev1=1 crypto rx=0 tx=0 comp rx=0 tx=0).stop
2024-05-12T22:04:15.851 INFO:teuthology.orchestra.run.smithi033.stdout:/usr/bin/ceph: stderr
2024-05-12T22:04:15.341+0000 7f9481a85700 1 -- 172.21.15.33:0/1312940936 >> 172.21.15.33:0/1312940936 conn(0x7f947c1020c0 msgr2=0x7f947c1904f0 unknown :-1 s=STATE_NONE l=0).mark_down
2024-05-12T22:04:15.851 INFO:teuthology.orchestra.run.smithi033.stdout:/usr/bin/ceph: stderr
2024-05-12T22:04:15.341+0000 7f9481a85700 1 -- 172.21.15.33:0/1312940936 shutdown_connections
2024-05-12T22:04:15.851 INFO:teuthology.orchestra.run.smithi033.stdout:/usr/bin/ceph: stderr
2024-05-12T22:04:15.341+0000 7f9481a85700 1 -- 172.21.15.33:0/1312940936 wait complete.
2024-05-12T22:04:15.852 INFO:teuthology.orchestra.run.smithi033.stdout:Generating ssh key...
2024-05-12T22:04:16.150 INFO:journalctl@ceph.mon.a.smithi033.stdout:May 12 22:04:15 smithi033 ceph-mon[30174]: from='client.14134 -' entity='client.admin' cmd=[{"prefix": "cephadm set-user", "user": "root", "target": ["mon-mgr", ""]}]: dispatch
2024-05-12T22:04:17.144 INFO:journalctl@ceph.mon.a.smithi033.stdout:May 12 22:04:16 smithi033 ceph-mon[30174]: from='client.14136 -' entity='client.admin' cmd=[{"prefix": "cephadm generate-key", "target": ["mon-mgr", ""]}]: dispatch
2024-05-12T22:04:17.144 INFO:journalctl@ceph.mon.a.smithi033.stdout:May 12 22:04:16 smithi033 ceph-mon[30174]: Generating ssh key...
2024-05-12T22:04:17.145 INFO:journalctl@ceph.mon.a.smithi033.stdout:May 12 22:04:16 smithi033 ceph-mon[30174]: from='mgr.14120 172.21.15.33:0/2008752423' entity='mgr.x'
2024-05-12T22:04:17.145 INFO:journalctl@ceph.mon.a.smithi033.stdout:May 12 22:04:16 smithi033 ceph-mon[30174]: from='mgr.14120 172.21.15.33:0/2008752423' entity='mgr.x'
2024-05-12T22:04:17.145 INFO:journalctl@ceph.mgr.x.smithi033.stdout:May 12 22:04:16 smithi033 ceph-53158498-10ab-11ef-bc98-c7b262605968-mgr-x[30404]: Generating public/private rsa key pair.
2024-05-12T22:04:17.145 INFO:journalctl@ceph.mgr.x.smithi033.stdout:May 12 22:04:16 smithi033 ceph-53158498-10ab-11ef-bc98-c7b262605968-mgr-x[30404]: Your identification has been saved in /tmp/tmp84jxotxo/key.
2024-05-12T22:04:17.145 INFO:journalctl@ceph.mgr.x.smithi033.stdout:May 12 22:04:16 smithi033 ceph-53158498-10ab-11ef-bc98-c7b262605968-mgr-x[30404]: Your public key has been saved in /tmp/tmp84jxotxo/key.pub.
2024-05-12T22:04:17.145 INFO:journalctl@ceph.mgr.x.smithi033.stdout:May 12 22:04:16 smithi033 ceph-53158498-10ab-11ef-bc98-c7b262605968-mgr-x[30404]: The key fingerprint is:
2024-05-12T22:04:17.145 INFO:journalctl@ceph.mgr.x.smithi033.stdout:May 12 22:04:16 smithi033 ceph-53158498-10ab-11ef-bc98-c7b262605968-mgr-x[30404]: SHA256:5pseImcRZ218VHAVf7qpjzx2NHFH8D++1CBs/qYHUKA ceph-53158498-10ab-11ef-bc98-c7b262605968
2024-05-12T22:04:17.145 INFO:journalctl@ceph.mgr.x.smithi033.stdout:May 12 22:04:16 smithi033 ceph-53158498-10ab-11ef-bc98-c7b262605968-mgr-x[30404]: The key's randomart image is:
2024-05-12T22:04:17.145 INFO:journalctl@ceph.mgr.x.smithi033.stdout:May 12 22:04:16 smithi033 ceph-53158498-10ab-11ef-bc98-c7b262605968-mgr-x[30404]: +---[RSA 3072]----+
2024-05-12T22:04:17.145 INFO:journalctl@ceph.mgr.x.smithi033.stdout:May 12 22:04:16 smithi033 ceph-53158498-10ab-11ef-bc98-c7b262605968-mgr-x[30404]: | ..oo++o|
2024-05-12T22:04:17.145 INFO:journalctl@ceph.mgr.x.smithi033.stdout:May 12 22:04:16 smithi033 ceph-53158498-10ab-11ef-bc98-c7b262605968-mgr-x[30404]: | + ... .o|
2024-05-12T22:04:17.146 INFO:journalctl@ceph.mgr.x.smithi033.stdout:May 12 22:04:16 smithi033 ceph-53158498-10ab-11ef-bc98-c7b262605968-mgr-x[30404]: | . E +.. .+|
2024-05-12T22:04:17.146 INFO:journalctl@ceph.mgr.x.smithi033.stdout:May 12 22:04:16 smithi033 ceph-53158498-10ab-11ef-bc98-c7b262605968-mgr-x[30404]: | + ..o ..=|
2024-05-12T22:04:17.146 INFO:journalctl@ceph.mgr.x.smithi033.stdout:May 12 22:04:16 smithi033 ceph-53158498-10ab-11ef-bc98-c7b262605968-mgr-x[30404]: | . S .+ o+o|
2024-05-12T22:04:17.146 INFO:journalctl@ceph.mgr.x.smithi033.stdout:May 12 22:04:16 smithi033 ceph-53158498-10ab-11ef-bc98-c7b262605968-mgr-x[30404]: | + o..++o|
2024-05-12T22:04:17.146 INFO:journalctl@ceph.mgr.x.smithi033.stdout:May 12 22:04:16 smithi033 ceph-53158498-10ab-11ef-bc98-c7b262605968-mgr-x[30404]: | . + o .oo+.|
2024-05-12T22:04:17.146 INFO:journalctl@ceph.mgr.x.smithi033.stdout:May 12 22:04:16 smithi033 ceph-53158498-10ab-11ef-bc98-c7b262605968-mgr-x[30404]: | + . + .o+= .|
2024-05-12T22:04:17.146 INFO:journalctl@ceph.mgr.x.smithi033.stdout:May 12 22:04:16 smithi033 ceph-53158498-10ab-11ef-bc98-c7b262605968-mgr-x[30404]: | .+ .=Bo. |
2024-05-12T22:04:17.146 INFO:journalctl@ceph.mgr.x.smithi033.stdout:May 12 22:04:16 smithi033 ceph-53158498-10ab-11ef-bc98-c7b262605968-mgr-x[30404]: +----[SHA256]-----+
2024-05-12T22:04:17.369 INFO:teuthology.orchestra.run.smithi033.stdout:/usr/bin/ceph: stderr
2024-05-12T22:04:16.259+0000 7fbc76c7b700 1 Processor -- start
2024-05-12T22:04:17.370 INFO:teuthology.orchestra.run.smithi033.stdout:/usr/bin/ceph: stderr
2024-05-12T22:04:16.259+0000 7fbc76c7b700 1 -- start start
2024-05-12T22:04:17.370 INFO:teuthology.orchestra.run.smithi033.stdout:/usr/bin/ceph: stderr
2024-05-12T22:04:16.260+0000 7fbc76c7b700 1 --2- >> [v2:172.21.15.33:3300/0,v1:172.21.15.33:6789/0] conn(0x7fbc70107c00 0x7fbc70108020 unknown :-1 s=NONE pgs=0 cs=0 l=0 rev1=0 crypto rx=0 tx=0 comp rx=0 tx=0).connect
2024-05-12T22:04:17.370 INFO:teuthology.orchestra.run.smithi033.stdout:/usr/bin/ceph: stderr
2024-05-12T22:04:16.260+0000 7fbc76c7b700 1 -- --> [v2:172.21.15.33:3300/0,v1:172.21.15.33:6789/0] -- mon_getmap magic: 0 -- 0x7fbc701085f0 con 0x7fbc70107c00
2024-05-12T22:04:17.370 INFO:teuthology.orchestra.run.smithi033.stdout:/usr/bin/ceph: stderr
2024-05-12T22:04:16.260+0000 7fbc74a17700 1 --2- >> [v2:172.21.15.33:3300/0,v1:172.21.15.33:6789/0] conn(0x7fbc70107c00 0x7fbc70108020 unknown :-1 s=BANNER_CONNECTING pgs=0 cs=0 l=0 rev1=0 crypto rx=0 tx=0 comp rx=0 tx=0)._handle_peer_banner_payload supported=3 required=0
2024-05-12T22:04:17.370 INFO:teuthology.orchestra.run.smithi033.stdout:/usr/bin/ceph: stderr
2024-05-12T22:04:16.260+0000 7fbc74a17700 1 --2- >> [v2:172.21.15.33:3300/0,v1:172.21.15.33:6789/0] conn(0x7fbc70107c00 0x7fbc70108020 unknown :-1 s=HELLO_CONNECTING pgs=0 cs=0 l=0 rev1=1 crypto rx=0 tx=0 comp rx=0 tx=0).handle_hello peer v2:172.21.15.33:3300/0 says I am v2:172.21.15.33:33886/0 (socket says 172.21.15.33:33886)
2024-05-12T22:04:17.370 INFO:teuthology.orchestra.run.smithi033.stdout:/usr/bin/ceph: stderr
2024-05-12T22:04:16.260+0000 7fbc74a17700 1 -- 172.21.15.33:0/532702916 learned_addr learned my addr 172.21.15.33:0/532702916 (peer_addr_for_me v2:172.21.15.33:0/0)
2024-05-12T22:04:17.370 INFO:teuthology.orchestra.run.smithi033.stdout:/usr/bin/ceph: stderr
2024-05-12T22:04:16.260+0000 7fbc74a17700 1 -- 172.21.15.33:0/532702916 --> [v2:172.21.15.33:3300/0,v1:172.21.15.33:6789/0] -- mon_subscribe({config=0+,monmap=0+}) -- 0x7fbc70108e00 con 0x7fbc70107c00
2024-05-12T22:04:17.370 INFO:teuthology.orchestra.run.smithi033.stdout:/usr/bin/ceph: stderr
2024-05-12T22:04:16.260+0000 7fbc74a17700 1 --2- 172.21.15.33:0/532702916 >> [v2:172.21.15.33:3300/0,v1:172.21.15.33:6789/0] conn(0x7fbc70107c00 0x7fbc70108020 secure :-1 s=READY pgs=41 cs=0 l=1 rev1=1 crypto rx=0x7fbc640098a0 tx=0x7fbc64009bb0 comp rx=0 tx=0).ready entity=mon.0 client_cookie=c5aba294f7d29952 server_cookie=0 in_seq=0 out_seq=0
2024-05-12T22:04:17.370 INFO:teuthology.orchestra.run.smithi033.stdout:/usr/bin/ceph: stderr
2024-05-12T22:04:16.260+0000 7fbc6f7fe700 1 -- 172.21.15.33:0/532702916 <== mon.0 v2:172.21.15.33:3300/0 1 ==== mon_map magic: 0 ==== 205+0+0 (secure 0 0 0) 0x7fbc64004160 con 0x7fbc70107c00
2024-05-12T22:04:17.370 INFO:teuthology.orchestra.run.smithi033.stdout:/usr/bin/ceph: stderr
2024-05-12T22:04:16.261+0000 7fbc6f7fe700 1 -- 172.21.15.33:0/532702916 <== mon.0 v2:172.21.15.33:3300/0 2 ==== config(27 keys) ==== 1109+0+0 (secure 0 0 0) 0x7fbc64004300 con 0x7fbc70107c00
2024-05-12T22:04:17.370 INFO:teuthology.orchestra.run.smithi033.stdout:/usr/bin/ceph: stderr
2024-05-12T22:04:16.261+0000 7fbc6f7fe700 1 -- 172.21.15.33:0/532702916 <== mon.0 v2:172.21.15.33:3300/0 3 ==== mon_map magic: 0 ==== 205+0+0 (secure 0 0 0) 0x7fbc64011b50 con 0x7fbc70107c00
2024-05-12T22:04:17.370 INFO:teuthology.orchestra.run.smithi033.stdout:/usr/bin/ceph: stderr
2024-05-12T22:04:16.261+0000 7fbc76c7b700 1 -- 172.21.15.33:0/532702916 >> [v2:172.21.15.33:3300/0,v1:172.21.15.33:6789/0] conn(0x7fbc70107c00 msgr2=0x7fbc70108020 secure :-1 s=STATE_CONNECTION_ESTABLISHED l=1).mark_down
2024-05-12T22:04:17.371 INFO:teuthology.orchestra.run.smithi033.stdout:/usr/bin/ceph: stderr
2024-05-12T22:04:16.261+0000 7fbc76c7b700 1 --2- 172.21.15.33:0/532702916 >> [v2:172.21.15.33:3300/0,v1:172.21.15.33:6789/0] conn(0x7fbc70107c00 0x7fbc70108020 secure :-1 s=READY pgs=41 cs=0 l=1 rev1=1 crypto rx=0x7fbc640098a0 tx=0x7fbc64009bb0 comp rx=0 tx=0).stop
2024-05-12T22:04:17.371 INFO:teuthology.orchestra.run.smithi033.stdout:/usr/bin/ceph: stderr
2024-05-12T22:04:16.261+0000 7fbc76c7b700 1 -- 172.21.15.33:0/532702916 shutdown_connections
2024-05-12T22:04:17.371 INFO:teuthology.orchestra.run.smithi033.stdout:/usr/bin/ceph: stderr
2024-05-12T22:04:16.261+0000 7fbc76c7b700 1 --2- 172.21.15.33:0/532702916 >> [v2:172.21.15.33:3300/0,v1:172.21.15.33:6789/0] conn(0x7fbc70107c00 0x7fbc70108020 unknown :-1 s=CLOSED pgs=41 cs=0 l=1 rev1=1 crypto rx=0 tx=0 comp rx=0 tx=0).stop
2024-05-12T22:04:17.371 INFO:teuthology.orchestra.run.smithi033.stdout:/usr/bin/ceph: stderr
2024-05-12T22:04:16.261+0000 7fbc76c7b700 1 -- 172.21.15.33:0/532702916 >> 172.21.15.33:0/532702916 conn(0x7fbc701031e0 msgr2=0x7fbc70105600 unknown :-1 s=STATE_NONE l=0).mark_down
2024-05-12T22:04:17.371 INFO:teuthology.orchestra.run.smithi033.stdout:/usr/bin/ceph: stderr
2024-05-12T22:04:16.261+0000 7fbc76c7b700 1 -- 172.21.15.33:0/532702916 shutdown_connections
2024-05-12T22:04:17.371 INFO:teuthology.orchestra.run.smithi033.stdout:/usr/bin/ceph: stderr
2024-05-12T22:04:16.261+0000 7fbc76c7b700 1 -- 172.21.15.33:0/532702916 wait complete.
2024-05-12T22:04:17.371 INFO:teuthology.orchestra.run.smithi033.stdout:/usr/bin/ceph: stderr
2024-05-12T22:04:16.262+0000 7fbc76c7b700 1 Processor -- start
2024-05-12T22:04:17.371 INFO:teuthology.orchestra.run.smithi033.stdout:/usr/bin/ceph: stderr
2024-05-12T22:04:16.262+0000 7fbc76c7b700 1 -- start start
2024-05-12T22:04:17.371 INFO:teuthology.orchestra.run.smithi033.stdout:/usr/bin/ceph: stderr
2024-05-12T22:04:16.262+0000 7fbc76c7b700 1 --2- >> [v2:172.21.15.33:3300/0,v1:172.21.15.33:6789/0] conn(0x7fbc70107c00 0x7fbc7019bc20 unknown :-1 s=NONE pgs=0 cs=0 l=1 rev1=0 crypto rx=0 tx=0 comp rx=0 tx=0).connect
2024-05-12T22:04:17.371 INFO:teuthology.orchestra.run.smithi033.stdout:/usr/bin/ceph: stderr
2024-05-12T22:04:16.262+0000 7fbc76c7b700 1 -- --> [v2:172.21.15.33:3300/0,v1:172.21.15.33:6789/0] -- mon_getmap magic: 0 -- 0x7fbc7010c1b0 con 0x7fbc70107c00
2024-05-12T22:04:17.371 INFO:teuthology.orchestra.run.smithi033.stdout:/usr/bin/ceph: stderr
2024-05-12T22:04:16.262+0000 7fbc74a17700 1 --2- >> [v2:172.21.15.33:3300/0,v1:172.21.15.33:6789/0] conn(0x7fbc70107c00 0x7fbc7019bc20 unknown :-1 s=BANNER_CONNECTING pgs=0 cs=0 l=1 rev1=0 crypto rx=0 tx=0 comp rx=0 tx=0)._handle_peer_banner_payload supported=3 required=0
2024-05-12T22:04:17.371 INFO:teuthology.orchestra.run.smithi033.stdout:/usr/bin/ceph: stderr
2024-05-12T22:04:16.262+0000 7fbc74a17700 1 --2- >> [v2:172.21.15.33:3300/0,v1:172.21.15.33:6789/0] conn(0x7fbc70107c00 0x7fbc7019bc20 unknown :-1 s=HELLO_CONNECTING pgs=0 cs=0 l=1 rev1=1 crypto rx=0 tx=0 comp rx=0 tx=0).handle_hello peer v2:172.21.15.33:3300/0 says I am v2:172.21.15.33:33902/0 (socket says 172.21.15.33:33902)
2024-05-12T22:04:17.371 INFO:teuthology.orchestra.run.smithi033.stdout:/usr/bin/ceph: stderr
2024-05-12T22:04:16.262+0000 7fbc74a17700 1 -- 172.21.15.33:0/3979700310 learned_addr learned my addr 172.21.15.33:0/3979700310 (peer_addr_for_me v2:172.21.15.33:0/0)
2024-05-12T22:04:17.372 INFO:teuthology.orchestra.run.smithi033.stdout:/usr/bin/ceph: stderr
2024-05-12T22:04:16.262+0000 7fbc74a17700 1 -- 172.21.15.33:0/3979700310 --> [v2:172.21.15.33:3300/0,v1:172.21.15.33:6789/0] -- mon_subscribe({config=0+,monmap=0+}) -- 0x7fbc7019c160 con 0x7fbc70107c00
2024-05-12T22:04:17.372 INFO:teuthology.orchestra.run.smithi033.stdout:/usr/bin/ceph: stderr
2024-05-12T22:04:16.263+0000 7fbc74a17700 1 --2- 172.21.15.33:0/3979700310 >> [v2:172.21.15.33:3300/0,v1:172.21.15.33:6789/0] conn(0x7fbc70107c00 0x7fbc7019bc20 secure :-1 s=READY pgs=42 cs=0 l=1 rev1=1 crypto rx=0x7fbc64009fb0 tx=0x7fbc64011bf0 comp rx=0 tx=0).ready entity=mon.0 client_cookie=0 server_cookie=0 in_seq=0 out_seq=0
2024-05-12T22:04:17.372 INFO:teuthology.orchestra.run.smithi033.stdout:/usr/bin/ceph: stderr
2024-05-12T22:04:16.263+0000 7fbc6dffb700 1 -- 172.21.15.33:0/3979700310 <== mon.0 v2:172.21.15.33:3300/0 1 ==== mon_map magic: 0 ==== 205+0+0 (secure 0 0 0) 0x7fbc640038b0 con 0x7fbc70107c00
2024-05-12T22:04:17.372 INFO:teuthology.orchestra.run.smithi033.stdout:/usr/bin/ceph: stderr
2024-05-12T22:04:16.263+0000 7fbc76c7b700 1 -- 172.21.15.33:0/3979700310 --> [v2:172.21.15.33:3300/0,v1:172.21.15.33:6789/0] -- mon_subscribe({mgrmap=0+}) -- 0x7fbc7019c3f0 con 0x7fbc70107c00
2024-05-12T22:04:17.372 INFO:teuthology.orchestra.run.smithi033.stdout:/usr/bin/ceph: stderr
2024-05-12T22:04:16.263+0000 7fbc6dffb700 1 -- 172.21.15.33:0/3979700310 <== mon.0 v2:172.21.15.33:3300/0 2 ==== config(27 keys) ==== 1109+0+0 (secure 0 0 0) 0x7fbc64011e50 con 0x7fbc70107c00
2024-05-12T22:04:17.372 INFO:teuthology.orchestra.run.smithi033.stdout:/usr/bin/ceph: stderr
2024-05-12T22:04:16.263+0000 7fbc6dffb700 1 -- 172.21.15.33:0/3979700310 <== mon.0 v2:172.21.15.33:3300/0 3 ==== mon_map magic: 0 ==== 205+0+0 (secure 0 0 0) 0x7fbc64019550 con 0x7fbc70107c00
2024-05-12T22:04:17.372 INFO:teuthology.orchestra.run.smithi033.stdout:/usr/bin/ceph: stderr
2024-05-12T22:04:16.263+0000 7fbc76c7b700 1 -- 172.21.15.33:0/3979700310 --> [v2:172.21.15.33:3300/0,v1:172.21.15.33:6789/0] -- mon_subscribe({osdmap=0}) -- 0x7fbc7019f0e0 con 0x7fbc70107c00
2024-05-12T22:04:17.372 INFO:teuthology.orchestra.run.smithi033.stdout:/usr/bin/ceph: stderr
2024-05-12T22:04:16.264+0000 7fbc6dffb700 1 -- 172.21.15.33:0/3979700310 <== mon.0 v2:172.21.15.33:3300/0 4 ==== mgrmap(e 8) ==== 46287+0+0 (secure 0 0 0) 0x7fbc64019850 con 0x7fbc70107c00
2024-05-12T22:04:17.372 INFO:teuthology.orchestra.run.smithi033.stdout:/usr/bin/ceph: stderr
2024-05-12T22:04:16.264+0000 7fbc76c7b700 1 -- 172.21.15.33:0/3979700310 --> [v2:172.21.15.33:3300/0,v1:172.21.15.33:6789/0] -- mon_command({"prefix": "get_command_descriptions"} v 0) -- 0x7fbc70063980 con 0x7fbc70107c00
2024-05-12T22:04:17.372 INFO:teuthology.orchestra.run.smithi033.stdout:/usr/bin/ceph: stderr
2024-05-12T22:04:16.264+0000 7fbc6dffb700 1 --2- 172.21.15.33:0/3979700310 >> [v2:172.21.15.33:6800/1733259984,v1:172.21.15.33:6801/1733259984] conn(0x7fbc60039000 0x7fbc6003b4c0 unknown :-1 s=NONE pgs=0 cs=0 l=1 rev1=0 crypto rx=0 tx=0 comp rx=0 tx=0).connect
2024-05-12T22:04:17.372 INFO:teuthology.orchestra.run.smithi033.stdout:/usr/bin/ceph: stderr
2024-05-12T22:04:16.264+0000 7fbc6dffb700 1 -- 172.21.15.33:0/3979700310 <== mon.0 v2:172.21.15.33:3300/0 5 ==== osd_map(2..2 src has 1..2) ==== 940+0+0 (secure 0 0 0) 0x7fbc6404d420 con 0x7fbc70107c00
2024-05-12T22:04:17.372 INFO:teuthology.orchestra.run.smithi033.stdout:/usr/bin/ceph: stderr
2024-05-12T22:04:16.264+0000 7fbc6ffff700 1 --2- 172.21.15.33:0/3979700310 >> [v2:172.21.15.33:6800/1733259984,v1:172.21.15.33:6801/1733259984] conn(0x7fbc60039000 0x7fbc6003b4c0 unknown :-1 s=BANNER_CONNECTING pgs=0 cs=0 l=1 rev1=0 crypto rx=0 tx=0 comp rx=0 tx=0)._handle_peer_banner_payload supported=3 required=0
2024-05-12T22:04:17.372 INFO:teuthology.orchestra.run.smithi033.stdout:/usr/bin/ceph: stderr
2024-05-12T22:04:16.265+0000 7fbc6ffff700 1 --2- 172.21.15.33:0/3979700310 >> [v2:172.21.15.33:6800/1733259984,v1:172.21.15.33:6801/1733259984] conn(0x7fbc60039000 0x7fbc6003b4c0 secure :-1 s=READY pgs=9 cs=0 l=1 rev1=1 crypto rx=0x7fbc5c006fd0 tx=0x7fbc5c006e40 comp rx=0 tx=0).ready entity=mgr.14120 client_cookie=0 server_cookie=0 in_seq=0 out_seq=0
2024-05-12T22:04:17.372 INFO:teuthology.orchestra.run.smithi033.stdout:/usr/bin/ceph: stderr
2024-05-12T22:04:16.269+0000 7fbc6dffb700 1 -- 172.21.15.33:0/3979700310 <== mon.0 v2:172.21.15.33:3300/0 6 ==== mon_command_ack([{"prefix": "get_command_descriptions"}]=0 v0) ==== 72+0+186418 (secure 0 0 0) 0x7fbc6401a8f0 con 0x7fbc70107c00
2024-05-12T22:04:17.373 INFO:teuthology.orchestra.run.smithi033.stdout:/usr/bin/ceph: stderr
2024-05-12T22:04:16.477+0000 7fbc76c7b700 1 -- 172.21.15.33:0/3979700310 --> [v2:172.21.15.33:6800/1733259984,v1:172.21.15.33:6801/1733259984] -- mgr_command(tid 0: {"prefix": "cephadm generate-key", "target": ["mon-mgr", ""]}) -- 0x7fbc70104450 con 0x7fbc60039000
2024-05-12T22:04:17.373 INFO:teuthology.orchestra.run.smithi033.stdout:/usr/bin/ceph: stderr
2024-05-12T22:04:16.853+0000 7fbc6dffb700 1 -- 172.21.15.33:0/3979700310 <== mgr.14120 v2:172.21.15.33:6800/1733259984 1 ==== mgr_command_reply(tid 0: 0 ) ==== 8+0+0 (secure 0 0 0) 0x7fbc70104450 con 0x7fbc60039000
2024-05-12T22:04:17.373 INFO:teuthology.orchestra.run.smithi033.stdout:/usr/bin/ceph: stderr
2024-05-12T22:04:16.855+0000 7fbc76c7b700 1 -- 172.21.15.33:0/3979700310 >> [v2:172.21.15.33:6800/1733259984,v1:172.21.15.33:6801/1733259984] conn(0x7fbc60039000 msgr2=0x7fbc6003b4c0 secure :-1 s=STATE_CONNECTION_ESTABLISHED l=1).mark_down
2024-05-12T22:04:17.373 INFO:teuthology.orchestra.run.smithi033.stdout:/usr/bin/ceph: stderr
2024-05-12T22:04:16.855+0000 7fbc76c7b700 1 --2- 172.21.15.33:0/3979700310 >> [v2:172.21.15.33:6800/1733259984,v1:172.21.15.33:6801/1733259984] conn(0x7fbc60039000 0x7fbc6003b4c0 secure :-1 s=READY pgs=9 cs=0 l=1 rev1=1 crypto rx=0x7fbc5c006fd0 tx=0x7fbc5c006e40 comp rx=0 tx=0).stop
2024-05-12T22:04:17.373 INFO:teuthology.orchestra.run.smithi033.stdout:/usr/bin/ceph: stderr
2024-05-12T22:04:16.855+0000 7fbc76c7b700 1 -- 172.21.15.33:0/3979700310 >> [v2:172.21.15.33:3300/0,v1:172.21.15.33:6789/0] conn(0x7fbc70107c00 msgr2=0x7fbc7019bc20 secure :-1 s=STATE_CONNECTION_ESTABLISHED l=1).mark_down
2024-05-12T22:04:17.373 INFO:teuthology.orchestra.run.smithi033.stdout:/usr/bin/ceph: stderr
2024-05-12T22:04:16.855+0000 7fbc76c7b700 1 --2- 172.21.15.33:0/3979700310 >> [v2:172.21.15.33:3300/0,v1:172.21.15.33:6789/0] conn(0x7fbc70107c00 0x7fbc7019bc20 secure :-1 s=READY pgs=42 cs=0 l=1 rev1=1 crypto rx=0x7fbc64009fb0 tx=0x7fbc64011bf0 comp rx=0 tx=0).stop
2024-05-12T22:04:17.373 INFO:teuthology.orchestra.run.smithi033.stdout:/usr/bin/ceph: stderr
2024-05-12T22:04:16.855+0000 7fbc76c7b700 1 -- 172.21.15.33:0/3979700310 shutdown_connections
2024-05-12T22:04:17.373 INFO:teuthology.orchestra.run.smithi033.stdout:/usr/bin/ceph: stderr
2024-05-12T22:04:16.855+0000 7fbc76c7b700 1 --2- 172.21.15.33:0/3979700310 >> [v2:172.21.15.33:6800/1733259984,v1:172.21.15.33:6801/1733259984] conn(0x7fbc60039000 0x7fbc6003b4c0 unknown :-1 s=CLOSED pgs=9 cs=0 l=1 rev1=1 crypto rx=0 tx=0 comp rx=0 tx=0).stop
2024-05-12T22:04:17.373 INFO:teuthology.orchestra.run.smithi033.stdout:/usr/bin/ceph: stderr
2024-05-12T22:04:16.855+0000 7fbc76c7b700 1 --2- 172.21.15.33:0/3979700310 >> [v2:172.21.15.33:3300/0,v1:172.21.15.33:6789/0] conn(0x7fbc70107c00 0x7fbc7019bc20 unknown :-1 s=CLOSED pgs=42 cs=0 l=1 rev1=1 crypto rx=0 tx=0 comp rx=0 tx=0).stop
2024-05-12T22:04:17.373 INFO:teuthology.orchestra.run.smithi033.stdout:/usr/bin/ceph: stderr
2024-05-12T22:04:16.855+0000 7fbc76c7b700 1 -- 172.21.15.33:0/3979700310 >> 172.21.15.33:0/3979700310 conn(0x7fbc701031e0 msgr2=0x7fbc70103d40 unknown :-1 s=STATE_NONE l=0).mark_down
2024-05-12T22:04:17.373 INFO:teuthology.orchestra.run.smithi033.stdout:/usr/bin/ceph: stderr
2024-05-12T22:04:16.855+0000 7fbc76c7b700 1 -- 172.21.15.33:0/3979700310 shutdown_connections
2024-05-12T22:04:17.373 INFO:teuthology.orchestra.run.smithi033.stdout:/usr/bin/ceph: stderr
2024-05-12T22:04:16.855+0000 7fbc76c7b700 1 -- 172.21.15.33:0/3979700310 wait complete.
2024-05-12T22:04:18.601 INFO:teuthology.orchestra.run.smithi033.stdout:/usr/bin/ceph: stdout ssh-rsa AAAAB3NzaC1yc2EAAAADAQABAAABgQC5abSuv/EFQc2Z5FHVqY7lIHAuLuTpM+oqYIpgMh47452QNSBnlr6AkLiT3kC3nLln3ny8FYDrI0N53at+GGYVRuKMg6wj7mWUDIHtW3uRlnNMfESY5kncD9LIEW9XcHnPzjiu7fAW68D3N+n+FTJwzz+u+xZ5ZNsz36BgfCBuPd1g2z8eY6LQc5Lj25qGrhWm0XelQh/6ZF/xwft9yOiFgzQLJ+5yNMy0ZxCTGAIYbWaNm9iG352LdrPVvvLD06NbgLxuYNBuAnFsQVJy/6vuIEzm+iAYzaNjzUi5os4RDz5Nk+uoS/Eq3R5u84C6xNU3pXjBTvQXPfNmRzE+JYvuPBme1KKBrr/uQyEvc08zx0Xj+l5RP/hobGnOXCC2reaIdlulorqdr2OEm/Wob6ljC+f+nog8GYh9epAvmXewc6SRuHAFJ425dCjlr5S7DvfGAMEEtFfrqZP7KZsK3Jfo1HPby0tGCsyzqXq5gS4iMyCtpDgws8jkJgwgh4iKTJE= ceph-53158498-10ab-11ef-bc98-c7b262605968
2024-05-12T22:04:18.601 INFO:teuthology.orchestra.run.smithi033.stdout:/usr/bin/ceph: stderr
2024-05-12T22:04:17.808+0000 7f8eb5997700 1 Processor -- start
2024-05-12T22:04:18.602 INFO:teuthology.orchestra.run.smithi033.stdout:/usr/bin/ceph: stderr
2024-05-12T22:04:17.808+0000 7f8eb5997700 1 -- start start
2024-05-12T22:04:18.602 INFO:teuthology.orchestra.run.smithi033.stdout:/usr/bin/ceph: stderr
2024-05-12T22:04:17.808+0000 7f8eb5997700 1 --2- >> [v2:172.21.15.33:3300/0,v1:172.21.15.33:6789/0] conn(0x7f8eb007ddd0 0x7f8eb007c2d0 unknown :-1 s=NONE pgs=0 cs=0 l=0 rev1=0 crypto rx=0 tx=0 comp rx=0 tx=0).connect
2024-05-12T22:04:18.602 INFO:teuthology.orchestra.run.smithi033.stdout:/usr/bin/ceph: stderr
2024-05-12T22:04:17.808+0000 7f8eb5997700 1 -- --> [v2:172.21.15.33:3300/0,v1:172.21.15.33:6789/0] -- mon_getmap magic: 0 -- 0x7f8eb007c810 con 0x7f8eb007ddd0
2024-05-12T22:04:18.602 INFO:teuthology.orchestra.run.smithi033.stdout:/usr/bin/ceph: stderr
2024-05-12T22:04:17.808+0000 7f8eaeffd700 1 --2- >> [v2:172.21.15.33:3300/0,v1:172.21.15.33:6789/0] conn(0x7f8eb007ddd0 0x7f8eb007c2d0 unknown :-1 s=BANNER_CONNECTING pgs=0 cs=0 l=0 rev1=0 crypto rx=0 tx=0 comp rx=0 tx=0)._handle_peer_banner_payload supported=3 required=0
2024-05-12T22:04:18.602 INFO:teuthology.orchestra.run.smithi033.stdout:/usr/bin/ceph: stderr
2024-05-12T22:04:17.809+0000 7f8eaeffd700 1 --2- >> [v2:172.21.15.33:3300/0,v1:172.21.15.33:6789/0] conn(0x7f8eb007ddd0 0x7f8eb007c2d0 unknown :-1 s=HELLO_CONNECTING pgs=0 cs=0 l=0 rev1=1 crypto rx=0 tx=0 comp rx=0 tx=0).handle_hello peer v2:172.21.15.33:3300/0 says I am v2:172.21.15.33:47416/0 (socket says 172.21.15.33:47416)
2024-05-12T22:04:18.602 INFO:teuthology.orchestra.run.smithi033.stdout:/usr/bin/ceph: stderr
2024-05-12T22:04:17.809+0000 7f8eaeffd700 1 -- 172.21.15.33:0/3707261393 learned_addr learned my addr 172.21.15.33:0/3707261393 (peer_addr_for_me v2:172.21.15.33:0/0)
2024-05-12T22:04:18.602 INFO:teuthology.orchestra.run.smithi033.stdout:/usr/bin/ceph: stderr
2024-05-12T22:04:17.809+0000 7f8eaeffd700 1 -- 172.21.15.33:0/3707261393 --> [v2:172.21.15.33:3300/0,v1:172.21.15.33:6789/0] -- mon_subscribe({config=0+,monmap=0+}) -- 0x7f8eb007c990 con 0x7f8eb007ddd0
2024-05-12T22:04:18.602 INFO:teuthology.orchestra.run.smithi033.stdout:/usr/bin/ceph: stderr
2024-05-12T22:04:17.809+0000 7f8eaeffd700 1 --2- 172.21.15.33:0/3707261393 >> [v2:172.21.15.33:3300/0,v1:172.21.15.33:6789/0] conn(0x7f8eb007ddd0 0x7f8eb007c2d0 secure :-1 s=READY pgs=43 cs=0 l=1 rev1=1 crypto rx=0x7f8ea00098a0 tx=0x7f8ea0009bb0 comp rx=0 tx=0).ready entity=mon.0 client_cookie=3cdc8a4e728729a server_cookie=0 in_seq=0 out_seq=0
2024-05-12T22:04:18.602 INFO:teuthology.orchestra.run.smithi033.stdout:/usr/bin/ceph: stderr
2024-05-12T22:04:17.809+0000 7f8eae7fc700 1 -- 172.21.15.33:0/3707261393 <== mon.0 v2:172.21.15.33:3300/0 1 ==== mon_map magic: 0 ==== 205+0+0 (secure 0 0 0) 0x7f8ea0004160 con 0x7f8eb007ddd0
2024-05-12T22:04:18.602 INFO:teuthology.orchestra.run.smithi033.stdout:/usr/bin/ceph: stderr
2024-05-12T22:04:17.809+0000 7f8eae7fc700 1 -- 172.21.15.33:0/3707261393 <== mon.0 v2:172.21.15.33:3300/0 2 ==== config(27 keys) ==== 1109+0+0 (secure 0 0 0) 0x7f8ea0004300 con 0x7f8eb007ddd0
2024-05-12T22:04:18.602 INFO:teuthology.orchestra.run.smithi033.stdout:/usr/bin/ceph: stderr
2024-05-12T22:04:17.809+0000 7f8eae7fc700 1 -- 172.21.15.33:0/3707261393 <== mon.0 v2:172.21.15.33:3300/0 3 ==== mon_map magic: 0 ==== 205+0+0 (secure 0 0 0) 0x7f8ea0011b50 con 0x7f8eb007ddd0
2024-05-12T22:04:18.602 INFO:teuthology.orchestra.run.smithi033.stdout:/usr/bin/ceph: stderr
2024-05-12T22:04:17.810+0000 7f8eb5997700 1 -- 172.21.15.33:0/3707261393 >> [v2:172.21.15.33:3300/0,v1:172.21.15.33:6789/0] conn(0x7f8eb007ddd0 msgr2=0x7f8eb007c2d0 secure :-1 s=STATE_CONNECTION_ESTABLISHED l=1).mark_down
2024-05-12T22:04:18.602 INFO:teuthology.orchestra.run.smithi033.stdout:/usr/bin/ceph: stderr
2024-05-12T22:04:17.810+0000 7f8eb5997700 1 --2- 172.21.15.33:0/3707261393 >> [v2:172.21.15.33:3300/0,v1:172.21.15.33:6789/0] conn(0x7f8eb007ddd0 0x7f8eb007c2d0 secure :-1 s=READY pgs=43 cs=0 l=1 rev1=1 crypto rx=0x7f8ea00098a0 tx=0x7f8ea0009bb0 comp rx=0 tx=0).stop
2024-05-12T22:04:18.603 INFO:teuthology.orchestra.run.smithi033.stdout:/usr/bin/ceph: stderr
2024-05-12T22:04:17.810+0000 7f8eb5997700 1 -- 172.21.15.33:0/3707261393 shutdown_connections
2024-05-12T22:04:18.603 INFO:teuthology.orchestra.run.smithi033.stdout:/usr/bin/ceph: stderr
2024-05-12T22:04:17.810+0000 7f8eb5997700 1 --2- 172.21.15.33:0/3707261393 >> [v2:172.21.15.33:3300/0,v1:172.21.15.33:6789/0] conn(0x7f8eb007ddd0 0x7f8eb007c2d0 unknown :-1 s=CLOSED pgs=43 cs=0 l=1 rev1=1 crypto rx=0 tx=0 comp rx=0 tx=0).stop
2024-05-12T22:04:18.603 INFO:teuthology.orchestra.run.smithi033.stdout:/usr/bin/ceph: stderr
2024-05-12T22:04:17.810+0000 7f8eb5997700 1 -- 172.21.15.33:0/3707261393 >> 172.21.15.33:0/3707261393 conn(0x7f8eb0103250 msgr2=0x7f8eb0105670 unknown :-1 s=STATE_NONE l=0).mark_down
2024-05-12T22:04:18.603 INFO:teuthology.orchestra.run.smithi033.stdout:/usr/bin/ceph: stderr
2024-05-12T22:04:17.810+0000 7f8eb5997700 1 -- 172.21.15.33:0/3707261393 shutdown_connections
2024-05-12T22:04:18.603 INFO:teuthology.orchestra.run.smithi033.stdout:/usr/bin/ceph: stderr
2024-05-12T22:04:17.810+0000 7f8eb5997700 1 -- 172.21.15.33:0/3707261393 wait complete.
2024-05-12T22:04:18.603 INFO:teuthology.orchestra.run.smithi033.stdout:/usr/bin/ceph: stderr
2024-05-12T22:04:17.811+0000 7f8eb5997700 1 Processor -- start
2024-05-12T22:04:18.603 INFO:teuthology.orchestra.run.smithi033.stdout:/usr/bin/ceph: stderr
2024-05-12T22:04:17.811+0000 7f8eb5997700 1 -- start start
2024-05-12T22:04:18.603 INFO:teuthology.orchestra.run.smithi033.stdout:/usr/bin/ceph: stderr
2024-05-12T22:04:17.811+0000 7f8eb5997700 1 --2- >> [v2:172.21.15.33:3300/0,v1:172.21.15.33:6789/0] conn(0x7f8eb007ddd0 0x7f8eb019dde0 unknown :-1 s=NONE pgs=0 cs=0 l=1 rev1=0 crypto rx=0 tx=0 comp rx=0 tx=0).connect
2024-05-12T22:04:18.603 INFO:teuthology.orchestra.run.smithi033.stdout:/usr/bin/ceph: stderr
2024-05-12T22:04:17.811+0000 7f8eb5997700 1 -- --> [v2:172.21.15.33:3300/0,v1:172.21.15.33:6789/0] -- mon_getmap magic: 0 -- 0x7f8eb010e240 con 0x7f8eb007ddd0
2024-05-12T22:04:18.603 INFO:teuthology.orchestra.run.smithi033.stdout:/usr/bin/ceph: stderr
2024-05-12T22:04:17.811+0000 7f8eaeffd700 1 --2- >> [v2:172.21.15.33:3300/0,v1:172.21.15.33:6789/0] conn(0x7f8eb007ddd0 0x7f8eb019dde0 unknown :-1 s=BANNER_CONNECTING pgs=0 cs=0 l=1 rev1=0 crypto rx=0 tx=0 comp rx=0 tx=0)._handle_peer_banner_payload supported=3 required=0
2024-05-12T22:04:18.603 INFO:teuthology.orchestra.run.smithi033.stdout:/usr/bin/ceph: stderr
2024-05-12T22:04:17.811+0000 7f8eaeffd700 1 --2- >> [v2:172.21.15.33:3300/0,v1:172.21.15.33:6789/0] conn(0x7f8eb007ddd0 0x7f8eb019dde0 unknown :-1 s=HELLO_CONNECTING pgs=0 cs=0 l=1 rev1=1 crypto rx=0 tx=0 comp rx=0 tx=0).handle_hello peer v2:172.21.15.33:3300/0 says I am v2:172.21.15.33:47428/0 (socket says 172.21.15.33:47428)
2024-05-12T22:04:18.603 INFO:teuthology.orchestra.run.smithi033.stdout:/usr/bin/ceph: stderr
2024-05-12T22:04:17.811+0000 7f8eaeffd700 1 -- 172.21.15.33:0/2639874910 learned_addr learned my addr 172.21.15.33:0/2639874910 (peer_addr_for_me v2:172.21.15.33:0/0)
2024-05-12T22:04:18.603 INFO:teuthology.orchestra.run.smithi033.stdout:/usr/bin/ceph: stderr
2024-05-12T22:04:17.811+0000 7f8eaeffd700 1 -- 172.21.15.33:0/2639874910 --> [v2:172.21.15.33:3300/0,v1:172.21.15.33:6789/0] -- mon_subscribe({config=0+,monmap=0+}) -- 0x7f8eb019e320 con 0x7f8eb007ddd0
2024-05-12T22:04:18.603 INFO:teuthology.orchestra.run.smithi033.stdout:/usr/bin/ceph: stderr
2024-05-12T22:04:17.811+0000 7f8eaeffd700 1 --2- 172.21.15.33:0/2639874910 >> [v2:172.21.15.33:3300/0,v1:172.21.15.33:6789/0] conn(0x7f8eb007ddd0 0x7f8eb019dde0 secure :-1 s=READY pgs=44 cs=0 l=1 rev1=1 crypto rx=0x7f8ea0011b60 tx=0x7f8ea0011c40 comp rx=0 tx=0).ready entity=mon.0 client_cookie=0 server_cookie=0 in_seq=0 out_seq=0
2024-05-12T22:04:18.604 INFO:teuthology.orchestra.run.smithi033.stdout:/usr/bin/ceph: stderr
2024-05-12T22:04:17.812+0000 7f8eb4995700 1 -- 172.21.15.33:0/2639874910 <== mon.0 v2:172.21.15.33:3300/0 1 ==== mon_map magic: 0 ==== 205+0+0 (secure 0 0 0) 0x7f8ea0003970 con 0x7f8eb007ddd0
2024-05-12T22:04:18.604 INFO:teuthology.orchestra.run.smithi033.stdout:/usr/bin/ceph: stderr
2024-05-12T22:04:17.812+0000 7f8eb4995700 1 -- 172.21.15.33:0/2639874910 <== mon.0 v2:172.21.15.33:3300/0 2 ==== config(27 keys) ==== 1109+0+0 (secure 0 0 0) 0x7f8ea0003b10 con 0x7f8eb007ddd0
2024-05-12T22:04:18.604 INFO:teuthology.orchestra.run.smithi033.stdout:/usr/bin/ceph: stderr
2024-05-12T22:04:17.812+0000 7f8eb4995700 1 -- 172.21.15.33:0/2639874910 <== mon.0 v2:172.21.15.33:3300/0 3 ==== mon_map magic: 0 ==== 205+0+0 (secure 0 0 0) 0x7f8ea0024610 con 0x7f8eb007ddd0
2024-05-12T22:04:18.604 INFO:teuthology.orchestra.run.smithi033.stdout:/usr/bin/ceph: stderr
2024-05-12T22:04:17.812+0000 7f8eb5997700 1 -- 172.21.15.33:0/2639874910 --> [v2:172.21.15.33:3300/0,v1:172.21.15.33:6789/0] -- mon_subscribe({mgrmap=0+}) -- 0x7f8eb019e5b0 con 0x7f8eb007ddd0
2024-05-12T22:04:18.604 INFO:teuthology.orchestra.run.smithi033.stdout:/usr/bin/ceph: stderr
2024-05-12T22:04:17.812+0000 7f8eb5997700 1 -- 172.21.15.33:0/2639874910 --> [v2:172.21.15.33:3300/0,v1:172.21.15.33:6789/0] -- mon_subscribe({osdmap=0}) -- 0x7f8eb01a12a0 con 0x7f8eb007ddd0
2024-05-12T22:04:18.604 INFO:teuthology.orchestra.run.smithi033.stdout:/usr/bin/ceph: stderr
2024-05-12T22:04:17.813+0000 7f8eb4995700 1 -- 172.21.15.33:0/2639874910 <== mon.0 v2:172.21.15.33:3300/0 4 ==== mgrmap(e 8) ==== 46287+0+0 (secure 0 0 0) 0x7f8ea00248c0 con 0x7f8eb007ddd0
2024-05-12T22:04:18.604 INFO:teuthology.orchestra.run.smithi033.stdout:/usr/bin/ceph: stderr
2024-05-12T22:04:17.813+0000 7f8eb4995700 1 --2- 172.21.15.33:0/2639874910 >> [v2:172.21.15.33:6800/1733259984,v1:172.21.15.33:6801/1733259984] conn(0x7f8e9c0390a0 0x7f8e9c03b560 unknown :-1 s=NONE pgs=0 cs=0 l=1 rev1=0 crypto rx=0 tx=0 comp rx=0 tx=0).connect
2024-05-12T22:04:18.604 INFO:teuthology.orchestra.run.smithi033.stdout:/usr/bin/ceph: stderr
2024-05-12T22:04:17.813+0000 7f8eb5997700 1 -- 172.21.15.33:0/2639874910 --> [v2:172.21.15.33:3300/0,v1:172.21.15.33:6789/0] -- mon_command({"prefix": "get_command_descriptions"} v 0) -- 0x7f8eb0063980 con 0x7f8eb007ddd0
2024-05-12T22:04:18.604 INFO:teuthology.orchestra.run.smithi033.stdout:/usr/bin/ceph: stderr
2024-05-12T22:04:17.813+0000 7f8eb4995700 1 -- 172.21.15.33:0/2639874910 <== mon.0 v2:172.21.15.33:3300/0 5 ==== osd_map(2..2 src has 1..2) ==== 940+0+0 (secure 0 0 0) 0x7f8ea0011e00 con 0x7f8eb007ddd0
2024-05-12T22:04:18.604 INFO:teuthology.orchestra.run.smithi033.stdout:/usr/bin/ceph: stderr
2024-05-12T22:04:17.813+0000 7f8ea7fff700 1 --2- 172.21.15.33:0/2639874910 >> [v2:172.21.15.33:6800/1733259984,v1:172.21.15.33:6801/1733259984] conn(0x7f8e9c0390a0 0x7f8e9c03b560 unknown :-1 s=BANNER_CONNECTING pgs=0 cs=0 l=1 rev1=0 crypto rx=0 tx=0 comp rx=0 tx=0)._handle_peer_banner_payload supported=3 required=0
2024-05-12T22:04:18.604 INFO:teuthology.orchestra.run.smithi033.stdout:/usr/bin/ceph: stderr
2024-05-12T22:04:17.813+0000 7f8ea7fff700 1 --2- 172.21.15.33:0/2639874910 >> [v2:172.21.15.33:6800/1733259984,v1:172.21.15.33:6801/1733259984] conn(0x7f8e9c0390a0 0x7f8e9c03b560 secure :-1 s=READY pgs=10 cs=0 l=1 rev1=1 crypto rx=0x7f8e98006fd0 tx=0x7f8e98006e40 comp rx=0 tx=0).ready entity=mgr.14120 client_cookie=0 server_cookie=0 in_seq=0 out_seq=0
2024-05-12T22:04:18.604 INFO:teuthology.orchestra.run.smithi033.stdout:/usr/bin/ceph: stderr
2024-05-12T22:04:17.818+0000 7f8eb4995700 1 -- 172.21.15.33:0/2639874910 <== mon.0 v2:172.21.15.33:3300/0 6 ==== mon_command_ack([{"prefix": "get_command_descriptions"}]=0 v0) ==== 72+0+186418 (secure 0 0 0) 0x7f8ea00172b0 con 0x7f8eb007ddd0
2024-05-12T22:04:18.604 INFO:teuthology.orchestra.run.smithi033.stdout:/usr/bin/ceph: stderr
2024-05-12T22:04:18.026+0000 7f8eb5997700 1 -- 172.21.15.33:0/2639874910 --> [v2:172.21.15.33:6800/1733259984,v1:172.21.15.33:6801/1733259984] -- mgr_command(tid 0: {"prefix": "cephadm get-pub-key", "target": ["mon-mgr", ""]}) -- 0x7f8eb01044c0 con 0x7f8e9c0390a0
2024-05-12T22:04:18.604 INFO:teuthology.orchestra.run.smithi033.stdout:/usr/bin/ceph: stderr
2024-05-12T22:04:18.026+0000 7f8eb4995700 1 -- 172.21.15.33:0/2639874910 <== mgr.14120 v2:172.21.15.33:6800/1733259984 1 ==== mgr_command_reply(tid 0: 0 ) ==== 8+0+595 (secure 0 0 0) 0x7f8eb01044c0 con 0x7f8e9c0390a0
2024-05-12T22:04:18.605 INFO:teuthology.orchestra.run.smithi033.stdout:/usr/bin/ceph: stderr
2024-05-12T22:04:18.028+0000 7f8eb5997700 1 -- 172.21.15.33:0/2639874910 >> [v2:172.21.15.33:6800/1733259984,v1:172.21.15.33:6801/1733259984] conn(0x7f8e9c0390a0 msgr2=0x7f8e9c03b560 secure :-1 s=STATE_CONNECTION_ESTABLISHED l=1).mark_down
2024-05-12T22:04:18.605 INFO:teuthology.orchestra.run.smithi033.stdout:/usr/bin/ceph: stderr
2024-05-12T22:04:18.028+0000 7f8eb5997700 1 --2- 172.21.15.33:0/2639874910 >> [v2:172.21.15.33:6800/1733259984,v1:172.21.15.33:6801/1733259984] conn(0x7f8e9c0390a0 0x7f8e9c03b560 secure :-1 s=READY pgs=10 cs=0 l=1 rev1=1 crypto rx=0x7f8e98006fd0 tx=0x7f8e98006e40 comp rx=0 tx=0).stop
2024-05-12T22:04:18.605 INFO:teuthology.orchestra.run.smithi033.stdout:/usr/bin/ceph: stderr
2024-05-12T22:04:18.028+0000 7f8eb5997700 1 -- 172.21.15.33:0/2639874910 >> [v2:172.21.15.33:3300/0,v1:172.21.15.33:6789/0] conn(0x7f8eb007ddd0 msgr2=0x7f8eb019dde0 secure :-1 s=STATE_CONNECTION_ESTABLISHED l=1).mark_down
2024-05-12T22:04:18.605 INFO:teuthology.orchestra.run.smithi033.stdout:/usr/bin/ceph: stderr
2024-05-12T22:04:18.028+0000 7f8eb5997700 1 --2- 172.21.15.33:0/2639874910 >> [v2:172.21.15.33:3300/0,v1:172.21.15.33:6789/0] conn(0x7f8eb007ddd0 0x7f8eb019dde0 secure :-1 s=READY pgs=44 cs=0 l=1 rev1=1 crypto rx=0x7f8ea0011b60 tx=0x7f8ea0011c40 comp rx=0 tx=0).stop
2024-05-12T22:04:18.605 INFO:teuthology.orchestra.run.smithi033.stdout:/usr/bin/ceph: stderr
2024-05-12T22:04:18.028+0000 7f8eb5997700 1 -- 172.21.15.33:0/2639874910 shutdown_connections
2024-05-12T22:04:18.605 INFO:teuthology.orchestra.run.smithi033.stdout:/usr/bin/ceph: stderr
2024-05-12T22:04:18.028+0000 7f8eb5997700 1 --2- 172.21.15.33:0/2639874910 >> [v2:172.21.15.33:6800/1733259984,v1:172.21.15.33:6801/1733259984] conn(0x7f8e9c0390a0 0x7f8e9c03b560 unknown :-1 s=CLOSED pgs=10 cs=0 l=1 rev1=1 crypto rx=0 tx=0 comp rx=0 tx=0).stop
2024-05-12T22:04:18.605 INFO:teuthology.orchestra.run.smithi033.stdout:/usr/bin/ceph: stderr
2024-05-12T22:04:18.028+0000 7f8eb5997700 1 --2- 172.21.15.33:0/2639874910 >> [v2:172.21.15.33:3300/0,v1:172.21.15.33:6789/0] conn(0x7f8eb007ddd0 0x7f8eb019dde0 unknown :-1 s=CLOSED pgs=44 cs=0 l=1 rev1=1 crypto rx=0 tx=0 comp rx=0 tx=0).stop
2024-05-12T22:04:18.605 INFO:teuthology.orchestra.run.smithi033.stdout:/usr/bin/ceph: stderr
2024-05-12T22:04:18.028+0000 7f8eb5997700 1 -- 172.21.15.33:0/2639874910 >> 172.21.15.33:0/2639874910 conn(0x7f8eb0103250 msgr2=0x7f8eb0103db0 unknown :-1 s=STATE_NONE l=0).mark_down
2024-05-12T22:04:18.605 INFO:teuthology.orchestra.run.smithi033.stdout:/usr/bin/ceph: stderr
2024-05-12T22:04:18.028+0000 7f8eb5997700 1 -- 172.21.15.33:0/2639874910 shutdown_connections
2024-05-12T22:04:18.605 INFO:teuthology.orchestra.run.smithi033.stdout:/usr/bin/ceph: stderr
