2024-05-12T22:50:16.950+0000 7f8c8eccf700 1 -- --> [v2:172.21.15.50:3300/0,v1:172.21.15.50:6789/0] -- mon_getmap magic: 0 -- 0x7f8c8807af90 con 0x7f8c88106c90
2024-05-12T22:50:18.229 INFO:teuthology.orchestra.run.smithi050.stdout:/usr/bin/ceph: stderr
2024-05-12T22:50:16.950+0000 7f8c8ca6b700 1 --2- >> [v2:172.21.15.50:3300/0,v1:172.21.15.50:6789/0] conn(0x7f8c88106c90 0x7f8c88199bf0 unknown :-1 s=BANNER_CONNECTING pgs=0 cs=0 l=1 rev1=0 crypto rx=0 tx=0 comp rx=0 tx=0)._handle_peer_banner_payload supported=3 required=0
2024-05-12T22:50:18.229 INFO:teuthology.orchestra.run.smithi050.stdout:/usr/bin/ceph: stderr
2024-05-12T22:50:16.950+0000 7f8c8ca6b700 1 --2- >> [v2:172.21.15.50:3300/0,v1:172.21.15.50:6789/0] conn(0x7f8c88106c90 0x7f8c88199bf0 unknown :-1 s=HELLO_CONNECTING pgs=0 cs=0 l=1 rev1=1 crypto rx=0 tx=0 comp rx=0 tx=0).handle_hello peer v2:172.21.15.50:3300/0 says I am v2:172.21.15.50:60358/0 (socket says 172.21.15.50:60358)
2024-05-12T22:50:18.229 INFO:teuthology.orchestra.run.smithi050.stdout:/usr/bin/ceph: stderr
2024-05-12T22:50:16.950+0000 7f8c8ca6b700 1 -- 172.21.15.50:0/3354249420 learned_addr learned my addr 172.21.15.50:0/3354249420 (peer_addr_for_me v2:172.21.15.50:0/0)
2024-05-12T22:50:18.229 INFO:teuthology.orchestra.run.smithi050.stdout:/usr/bin/ceph: stderr
2024-05-12T22:50:16.950+0000 7f8c8ca6b700 1 -- 172.21.15.50:0/3354249420 --> [v2:172.21.15.50:3300/0,v1:172.21.15.50:6789/0] -- mon_subscribe({config=0+,monmap=0+}) -- 0x7f8c8819a130 con 0x7f8c88106c90
2024-05-12T22:50:18.229 INFO:teuthology.orchestra.run.smithi050.stdout:/usr/bin/ceph: stderr
2024-05-12T22:50:16.950+0000 7f8c8ca6b700 1 --2- 172.21.15.50:0/3354249420 >> [v2:172.21.15.50:3300/0,v1:172.21.15.50:6789/0] conn(0x7f8c88106c90 0x7f8c88199bf0 secure :-1 s=READY pgs=52 cs=0 l=1 rev1=1 crypto rx=0x7f8c84003bb0 tx=0x7f8c840040b0 comp rx=0 tx=0).ready entity=mon.0 client_cookie=0 server_cookie=0 in_seq=0 out_seq=0
2024-05-12T22:50:18.229 INFO:teuthology.orchestra.run.smithi050.stdout:/usr/bin/ceph: stderr
2024-05-12T22:50:16.951+0000 7f8c7dffb700 1 -- 172.21.15.50:0/3354249420 <== mon.0 v2:172.21.15.50:3300/0 1 ==== mon_map magic: 0 ==== 205+0+0 (secure 0 0 0) 0x7f8c84027070 con 0x7f8c88106c90
2024-05-12T22:50:18.230 INFO:teuthology.orchestra.run.smithi050.stdout:/usr/bin/ceph: stderr
2024-05-12T22:50:16.951+0000 7f8c7dffb700 1 -- 172.21.15.50:0/3354249420 <== mon.0 v2:172.21.15.50:3300/0 2 ==== config(27 keys) ==== 1140+0+0 (secure 0 0 0) 0x7f8c8400de20 con 0x7f8c88106c90
2024-05-12T22:50:18.230 INFO:teuthology.orchestra.run.smithi050.stdout:/usr/bin/ceph: stderr
2024-05-12T22:50:16.951+0000 7f8c8eccf700 1 -- 172.21.15.50:0/3354249420 --> [v2:172.21.15.50:3300/0,v1:172.21.15.50:6789/0] -- mon_subscribe({mgrmap=0+}) -- 0x7f8c8819a3c0 con 0x7f8c88106c90
2024-05-12T22:50:18.230 INFO:teuthology.orchestra.run.smithi050.stdout:/usr/bin/ceph: stderr
2024-05-12T22:50:16.951+0000 7f8c7dffb700 1 -- 172.21.15.50:0/3354249420 <== mon.0 v2:172.21.15.50:3300/0 3 ==== mon_map magic: 0 ==== 205+0+0 (secure 0 0 0) 0x7f8c84022ba0 con 0x7f8c88106c90
2024-05-12T22:50:18.230 INFO:teuthology.orchestra.run.smithi050.stdout:/usr/bin/ceph: stderr
2024-05-12T22:50:16.951+0000 7f8c8eccf700 1 -- 172.21.15.50:0/3354249420 --> [v2:172.21.15.50:3300/0,v1:172.21.15.50:6789/0] -- mon_subscribe({osdmap=0}) -- 0x7f8c8819d0b0 con 0x7f8c88106c90
2024-05-12T22:50:18.230 INFO:teuthology.orchestra.run.smithi050.stdout:/usr/bin/ceph: stderr
2024-05-12T22:50:16.952+0000 7f8c7dffb700 1 -- 172.21.15.50:0/3354249420 <== mon.0 v2:172.21.15.50:3300/0 4 ==== mgrmap(e 8) ==== 46287+0+0 (secure 0 0 0) 0x7f8c8402a070 con 0x7f8c88106c90
2024-05-12T22:50:18.230 INFO:teuthology.orchestra.run.smithi050.stdout:/usr/bin/ceph: stderr
2024-05-12T22:50:16.952+0000 7f8c8eccf700 1 -- 172.21.15.50:0/3354249420 --> [v2:172.21.15.50:3300/0,v1:172.21.15.50:6789/0] -- mon_command({"prefix": "get_command_descriptions"} v 0) -- 0x7f8c88063980 con 0x7f8c88106c90
2024-05-12T22:50:18.230 INFO:teuthology.orchestra.run.smithi050.stdout:/usr/bin/ceph: stderr
2024-05-12T22:50:16.952+0000 7f8c7dffb700 1 --2- 172.21.15.50:0/3354249420 >> [v2:172.21.15.50:6800/1723284998,v1:172.21.15.50:6801/1723284998] conn(0x7f8c70039050 0x7f8c7003b510 unknown :-1 s=NONE pgs=0 cs=0 l=1 rev1=0 crypto rx=0 tx=0 comp rx=0 tx=0).connect
2024-05-12T22:50:18.230 INFO:teuthology.orchestra.run.smithi050.stdout:/usr/bin/ceph: stderr
2024-05-12T22:50:16.952+0000 7f8c7dffb700 1 -- 172.21.15.50:0/3354249420 <== mon.0 v2:172.21.15.50:3300/0 5 ==== osd_map(2..2 src has 1..2) ==== 940+0+0 (secure 0 0 0) 0x7f8c8401f070 con 0x7f8c88106c90
2024-05-12T22:50:18.230 INFO:teuthology.orchestra.run.smithi050.stdout:/usr/bin/ceph: stderr
2024-05-12T22:50:16.952+0000 7f8c7ffff700 1 --2- 172.21.15.50:0/3354249420 >> [v2:172.21.15.50:6800/1723284998,v1:172.21.15.50:6801/1723284998] conn(0x7f8c70039050 0x7f8c7003b510 unknown :-1 s=BANNER_CONNECTING pgs=0 cs=0 l=1 rev1=0 crypto rx=0 tx=0 comp rx=0 tx=0)._handle_peer_banner_payload supported=3 required=0
2024-05-12T22:50:18.230 INFO:teuthology.orchestra.run.smithi050.stdout:/usr/bin/ceph: stderr
2024-05-12T22:50:16.953+0000 7f8c7ffff700 1 --2- 172.21.15.50:0/3354249420 >> [v2:172.21.15.50:6800/1723284998,v1:172.21.15.50:6801/1723284998] conn(0x7f8c70039050 0x7f8c7003b510 secure :-1 s=READY pgs=16 cs=0 l=1 rev1=1 crypto rx=0x7f8c78006fd0 tx=0x7f8c78006e40 comp rx=0 tx=0).ready entity=mgr.14116 client_cookie=0 server_cookie=0 in_seq=0 out_seq=0
2024-05-12T22:50:18.230 INFO:teuthology.orchestra.run.smithi050.stdout:/usr/bin/ceph: stderr
2024-05-12T22:50:16.957+0000 7f8c7dffb700 1 -- 172.21.15.50:0/3354249420 <== mon.0 v2:172.21.15.50:3300/0 6 ==== mon_command_ack([{"prefix": "get_command_descriptions"}]=0 v0) ==== 72+0+186418 (secure 0 0 0) 0x7f8c84015070 con 0x7f8c88106c90
2024-05-12T22:50:18.230 INFO:teuthology.orchestra.run.smithi050.stdout:/usr/bin/ceph: stderr
2024-05-12T22:50:17.239+0000 7f8c8eccf700 1 -- 172.21.15.50:0/3354249420 --> [v2:172.21.15.50:3300/0,v1:172.21.15.50:6789/0] -- mon_command({"prefix": "mgr module enable", "module": "dashboard"} v 0) -- 0x7f8c88193150 con 0x7f8c88106c90
2024-05-12T22:50:18.230 INFO:teuthology.orchestra.run.smithi050.stdout:/usr/bin/ceph: stderr
2024-05-12T22:50:17.573+0000 7f8c7dffb700 1 -- 172.21.15.50:0/3354249420 <== mon.0 v2:172.21.15.50:3300/0 7 ==== mon_command_ack([{"prefix": "mgr module enable", "module": "dashboard"}]=0 v9) ==== 88+0+0 (secure 0 0 0) 0x7f8c88193150 con 0x7f8c88106c90
2024-05-12T22:50:18.231 INFO:teuthology.orchestra.run.smithi050.stdout:/usr/bin/ceph: stderr
2024-05-12T22:50:17.575+0000 7f8c7dffb700 1 -- 172.21.15.50:0/3354249420 <== mon.0 v2:172.21.15.50:3300/0 8 ==== mgrmap(e 9) ==== 46300+0+0 (secure 0 0 0) 0x7f8c84022410 con 0x7f8c88106c90
2024-05-12T22:50:18.231 INFO:teuthology.orchestra.run.smithi050.stdout:/usr/bin/ceph: stderr
2024-05-12T22:50:17.577+0000 7f8c8eccf700 1 -- 172.21.15.50:0/3354249420 >> [v2:172.21.15.50:6800/1723284998,v1:172.21.15.50:6801/1723284998] conn(0x7f8c70039050 msgr2=0x7f8c7003b510 secure :-1 s=STATE_CONNECTION_ESTABLISHED l=1).mark_down
2024-05-12T22:50:18.231 INFO:teuthology.orchestra.run.smithi050.stdout:/usr/bin/ceph: stderr
2024-05-12T22:50:17.577+0000 7f8c8eccf700 1 --2- 172.21.15.50:0/3354249420 >> [v2:172.21.15.50:6800/1723284998,v1:172.21.15.50:6801/1723284998] conn(0x7f8c70039050 0x7f8c7003b510 secure :-1 s=READY pgs=16 cs=0 l=1 rev1=1 crypto rx=0x7f8c78006fd0 tx=0x7f8c78006e40 comp rx=0 tx=0).stop
2024-05-12T22:50:18.231 INFO:teuthology.orchestra.run.smithi050.stdout:/usr/bin/ceph: stderr
2024-05-12T22:50:17.577+0000 7f8c8eccf700 1 -- 172.21.15.50:0/3354249420 >> [v2:172.21.15.50:3300/0,v1:172.21.15.50:6789/0] conn(0x7f8c88106c90 msgr2=0x7f8c88199bf0 secure :-1 s=STATE_CONNECTION_ESTABLISHED l=1).mark_down
2024-05-12T22:50:18.231 INFO:teuthology.orchestra.run.smithi050.stdout:/usr/bin/ceph: stderr
2024-05-12T22:50:17.577+0000 7f8c8eccf700 1 --2- 172.21.15.50:0/3354249420 >> [v2:172.21.15.50:3300/0,v1:172.21.15.50:6789/0] conn(0x7f8c88106c90 0x7f8c88199bf0 secure :-1 s=READY pgs=52 cs=0 l=1 rev1=1 crypto rx=0x7f8c84003bb0 tx=0x7f8c840040b0 comp rx=0 tx=0).stop
2024-05-12T22:50:18.231 INFO:teuthology.orchestra.run.smithi050.stdout:/usr/bin/ceph: stderr
2024-05-12T22:50:17.577+0000 7f8c8eccf700 1 -- 172.21.15.50:0/3354249420 shutdown_connections
2024-05-12T22:50:18.231 INFO:teuthology.orchestra.run.smithi050.stdout:/usr/bin/ceph: stderr
2024-05-12T22:50:17.577+0000 7f8c8eccf700 1 --2- 172.21.15.50:0/3354249420 >> [v2:172.21.15.50:6800/1723284998,v1:172.21.15.50:6801/1723284998] conn(0x7f8c70039050 0x7f8c7003b510 unknown :-1 s=CLOSED pgs=16 cs=0 l=1 rev1=1 crypto rx=0 tx=0 comp rx=0 tx=0).stop
2024-05-12T22:50:18.231 INFO:teuthology.orchestra.run.smithi050.stdout:/usr/bin/ceph: stderr
2024-05-12T22:50:17.577+0000 7f8c8eccf700 1 --2- 172.21.15.50:0/3354249420 >> [v2:172.21.15.50:3300/0,v1:172.21.15.50:6789/0] conn(0x7f8c88106c90 0x7f8c88199bf0 unknown :-1 s=CLOSED pgs=52 cs=0 l=1 rev1=1 crypto rx=0 tx=0 comp rx=0 tx=0).stop
2024-05-12T22:50:18.231 INFO:teuthology.orchestra.run.smithi050.stdout:/usr/bin/ceph: stderr
2024-05-12T22:50:17.577+0000 7f8c8eccf700 1 -- 172.21.15.50:0/3354249420 >> 172.21.15.50:0/3354249420 conn(0x7f8c88102250 msgr2=0x7f8c88190210 unknown :-1 s=STATE_NONE l=0).mark_down
2024-05-12T22:50:18.231 INFO:teuthology.orchestra.run.smithi050.stdout:/usr/bin/ceph: stderr
2024-05-12T22:50:17.577+0000 7f8c8eccf700 1 -- 172.21.15.50:0/3354249420 shutdown_connections
2024-05-12T22:50:18.231 INFO:teuthology.orchestra.run.smithi050.stdout:/usr/bin/ceph: stderr
2024-05-12T22:50:17.577+0000 7f8c8eccf700 1 -- 172.21.15.50:0/3354249420 wait complete.
2024-05-12T22:50:18.524 INFO:journalctl@ceph.mgr.x.smithi050.stdout:May 12 22:50:18 smithi050 ceph-c2bedeb0-10b1-11ef-bc98-c7b262605968-mgr-x[30407]:
2024-05-12T22:50:18.439+0000 7fca86040200 -1 mgr[py] Module progress has missing NOTIFY_TYPES member
2024-05-12T22:50:18.859 INFO:journalctl@ceph.mon.a.smithi050.stdout:May 12 22:50:18 smithi050 ceph-mon[30173]: from='client.? 172.21.15.50:0/3354249420' entity='client.admin' cmd='[{"prefix": "mgr module enable", "module": "dashboard"}]': finished
2024-05-12T22:50:18.859 INFO:journalctl@ceph.mon.a.smithi050.stdout:May 12 22:50:18 smithi050 ceph-mon[30173]: mgrmap e9: x(active, since 20s)
2024-05-12T22:50:18.860 INFO:journalctl@ceph.mgr.x.smithi050.stdout:May 12 22:50:18 smithi050 ceph-c2bedeb0-10b1-11ef-bc98-c7b262605968-mgr-x[30407]:
2024-05-12T22:50:18.530+0000 7fca86040200 -1 mgr[py] Module influx has missing NOTIFY_TYPES member
2024-05-12T22:50:19.554 INFO:teuthology.orchestra.run.smithi050.stdout:/usr/bin/ceph: stdout {
2024-05-12T22:50:19.560 INFO:teuthology.orchestra.run.smithi050.stdout:/usr/bin/ceph: stdout "epoch": 9,
2024-05-12T22:50:19.560 INFO:teuthology.orchestra.run.smithi050.stdout:/usr/bin/ceph: stdout "available": true,
2024-05-12T22:50:19.560 INFO:teuthology.orchestra.run.smithi050.stdout:/usr/bin/ceph: stdout "active_name": "x",
2024-05-12T22:50:19.561 INFO:teuthology.orchestra.run.smithi050.stdout:/usr/bin/ceph: stdout "num_standby": 0
2024-05-12T22:50:19.561 INFO:teuthology.orchestra.run.smithi050.stdout:/usr/bin/ceph: stdout }
2024-05-12T22:50:19.561 INFO:teuthology.orchestra.run.smithi050.stdout:/usr/bin/ceph: stderr
2024-05-12T22:50:18.651+0000 7f9cd13a1700 1 Processor -- start
2024-05-12T22:50:19.561 INFO:teuthology.orchestra.run.smithi050.stdout:/usr/bin/ceph: stderr
2024-05-12T22:50:18.651+0000 7f9cd13a1700 1 -- start start
2024-05-12T22:50:19.561 INFO:teuthology.orchestra.run.smithi050.stdout:/usr/bin/ceph: stderr
2024-05-12T22:50:18.652+0000 7f9cd13a1700 1 --2- >> [v2:172.21.15.50:3300/0,v1:172.21.15.50:6789/0] conn(0x7f9ccc106a70 0x7f9ccc106e90 unknown :-1 s=NONE pgs=0 cs=0 l=0 rev1=0 crypto rx=0 tx=0 comp rx=0 tx=0).connect
2024-05-12T22:50:19.561 INFO:teuthology.orchestra.run.smithi050.stdout:/usr/bin/ceph: stderr
2024-05-12T22:50:18.652+0000 7f9cd13a1700 1 -- --> [v2:172.21.15.50:3300/0,v1:172.21.15.50:6789/0] -- mon_getmap magic: 0 -- 0x7f9ccc107460 con 0x7f9ccc106a70
2024-05-12T22:50:19.561 INFO:teuthology.orchestra.run.smithi050.stdout:/usr/bin/ceph: stderr
2024-05-12T22:50:18.652+0000 7f9ccbfff700 1 --2- >> [v2:172.21.15.50:3300/0,v1:172.21.15.50:6789/0] conn(0x7f9ccc106a70 0x7f9ccc106e90 unknown :-1 s=BANNER_CONNECTING pgs=0 cs=0 l=0 rev1=0 crypto rx=0 tx=0 comp rx=0 tx=0)._handle_peer_banner_payload supported=3 required=0
2024-05-12T22:50:19.561 INFO:teuthology.orchestra.run.smithi050.stdout:/usr/bin/ceph: stderr
2024-05-12T22:50:18.652+0000 7f9ccbfff700 1 --2- >> [v2:172.21.15.50:3300/0,v1:172.21.15.50:6789/0] conn(0x7f9ccc106a70 0x7f9ccc106e90 unknown :-1 s=HELLO_CONNECTING pgs=0 cs=0 l=0 rev1=1 crypto rx=0 tx=0 comp rx=0 tx=0).handle_hello peer v2:172.21.15.50:3300/0 says I am v2:172.21.15.50:60382/0 (socket says 172.21.15.50:60382)
2024-05-12T22:50:19.561 INFO:teuthology.orchestra.run.smithi050.stdout:/usr/bin/ceph: stderr
2024-05-12T22:50:18.652+0000 7f9ccbfff700 1 -- 172.21.15.50:0/971981399 learned_addr learned my addr 172.21.15.50:0/971981399 (peer_addr_for_me v2:172.21.15.50:0/0)
2024-05-12T22:50:19.561 INFO:teuthology.orchestra.run.smithi050.stdout:/usr/bin/ceph: stderr
2024-05-12T22:50:18.652+0000 7f9ccbfff700 1 -- 172.21.15.50:0/971981399 --> [v2:172.21.15.50:3300/0,v1:172.21.15.50:6789/0] -- mon_subscribe({config=0+,monmap=0+}) -- 0x7f9ccc107c70 con 0x7f9ccc106a70
2024-05-12T22:50:19.561 INFO:teuthology.orchestra.run.smithi050.stdout:/usr/bin/ceph: stderr
2024-05-12T22:50:18.652+0000 7f9ccbfff700 1 --2- 172.21.15.50:0/971981399 >> [v2:172.21.15.50:3300/0,v1:172.21.15.50:6789/0] conn(0x7f9ccc106a70 0x7f9ccc106e90 secure :-1 s=READY pgs=55 cs=0 l=1 rev1=1 crypto rx=0x7f9cbc00bb40 tx=0x7f9cbc00be50 comp rx=0 tx=0).ready entity=mon.0 client_cookie=71f1177dceb8018b server_cookie=0 in_seq=0 out_seq=0
2024-05-12T22:50:19.561 INFO:teuthology.orchestra.run.smithi050.stdout:/usr/bin/ceph: stderr
2024-05-12T22:50:18.653+0000 7f9ccaffd700 1 -- 172.21.15.50:0/971981399 <== mon.0 v2:172.21.15.50:3300/0 1 ==== mon_map magic: 0 ==== 205+0+0 (secure 0 0 0) 0x7f9cbc00dbe0 con 0x7f9ccc106a70
2024-05-12T22:50:19.561 INFO:teuthology.orchestra.run.smithi050.stdout:/usr/bin/ceph: stderr
2024-05-12T22:50:18.653+0000 7f9ccaffd700 1 -- 172.21.15.50:0/971981399 <== mon.0 v2:172.21.15.50:3300/0 2 ==== config(27 keys) ==== 1140+0+0 (secure 0 0 0) 0x7f9cbc004510 con 0x7f9ccc106a70
2024-05-12T22:50:19.561 INFO:teuthology.orchestra.run.smithi050.stdout:/usr/bin/ceph: stderr
2024-05-12T22:50:18.653+0000 7f9ccaffd700 1 -- 172.21.15.50:0/971981399 <== mon.0 v2:172.21.15.50:3300/0 3 ==== mon_map magic: 0 ==== 205+0+0 (secure 0 0 0) 0x7f9cbc010470 con 0x7f9ccc106a70
2024-05-12T22:50:19.562 INFO:teuthology.orchestra.run.smithi050.stdout:/usr/bin/ceph: stderr
2024-05-12T22:50:18.653+0000 7f9cd13a1700 1 -- 172.21.15.50:0/971981399 >> [v2:172.21.15.50:3300/0,v1:172.21.15.50:6789/0] conn(0x7f9ccc106a70 msgr2=0x7f9ccc106e90 secure :-1 s=STATE_CONNECTION_ESTABLISHED l=1).mark_down
2024-05-12T22:50:19.562 INFO:teuthology.orchestra.run.smithi050.stdout:/usr/bin/ceph: stderr
2024-05-12T22:50:18.653+0000 7f9cd13a1700 1 --2- 172.21.15.50:0/971981399 >> [v2:172.21.15.50:3300/0,v1:172.21.15.50:6789/0] conn(0x7f9ccc106a70 0x7f9ccc106e90 secure :-1 s=READY pgs=55 cs=0 l=1 rev1=1 crypto rx=0x7f9cbc00bb40 tx=0x7f9cbc00be50 comp rx=0 tx=0).stop
2024-05-12T22:50:19.562 INFO:teuthology.orchestra.run.smithi050.stdout:/usr/bin/ceph: stderr
2024-05-12T22:50:18.653+0000 7f9cd13a1700 1 -- 172.21.15.50:0/971981399 shutdown_connections
2024-05-12T22:50:19.562 INFO:teuthology.orchestra.run.smithi050.stdout:/usr/bin/ceph: stderr
2024-05-12T22:50:18.653+0000 7f9cd13a1700 1 --2- 172.21.15.50:0/971981399 >> [v2:172.21.15.50:3300/0,v1:172.21.15.50:6789/0] conn(0x7f9ccc106a70 0x7f9ccc106e90 unknown :-1 s=CLOSED pgs=55 cs=0 l=1 rev1=1 crypto rx=0 tx=0 comp rx=0 tx=0).stop
2024-05-12T22:50:19.562 INFO:teuthology.orchestra.run.smithi050.stdout:/usr/bin/ceph: stderr
2024-05-12T22:50:18.653+0000 7f9cd13a1700 1 -- 172.21.15.50:0/971981399 >> 172.21.15.50:0/971981399 conn(0x7f9ccc102030 msgr2=0x7f9ccc104450 unknown :-1 s=STATE_NONE l=0).mark_down
2024-05-12T22:50:19.562 INFO:teuthology.orchestra.run.smithi050.stdout:/usr/bin/ceph: stderr
2024-05-12T22:50:18.653+0000 7f9cd13a1700 1 -- 172.21.15.50:0/971981399 shutdown_connections
2024-05-12T22:50:19.562 INFO:teuthology.orchestra.run.smithi050.stdout:/usr/bin/ceph: stderr
2024-05-12T22:50:18.653+0000 7f9cd13a1700 1 -- 172.21.15.50:0/971981399 wait complete.
2024-05-12T22:50:19.562 INFO:teuthology.orchestra.run.smithi050.stdout:/usr/bin/ceph: stderr
2024-05-12T22:50:18.654+0000 7f9cd13a1700 1 Processor -- start
2024-05-12T22:50:19.562 INFO:teuthology.orchestra.run.smithi050.stdout:/usr/bin/ceph: stderr
2024-05-12T22:50:18.654+0000 7f9cd13a1700 1 -- start start
2024-05-12T22:50:19.562 INFO:teuthology.orchestra.run.smithi050.stdout:/usr/bin/ceph: stderr
2024-05-12T22:50:18.655+0000 7f9cd13a1700 1 --2- >> [v2:172.21.15.50:3300/0,v1:172.21.15.50:6789/0] conn(0x7f9ccc106a70 0x7f9ccc19dda0 unknown :-1 s=NONE pgs=0 cs=0 l=1 rev1=0 crypto rx=0 tx=0 comp rx=0 tx=0).connect
2024-05-12T22:50:19.562 INFO:teuthology.orchestra.run.smithi050.stdout:/usr/bin/ceph: stderr
2024-05-12T22:50:18.655+0000 7f9cd13a1700 1 -- --> [v2:172.21.15.50:3300/0,v1:172.21.15.50:6789/0] -- mon_getmap magic: 0 -- 0x7f9ccc07af90 con 0x7f9ccc106a70
2024-05-12T22:50:19.562 INFO:teuthology.orchestra.run.smithi050.stdout:/usr/bin/ceph: stderr
2024-05-12T22:50:18.655+0000 7f9ccbfff700 1 --2- >> [v2:172.21.15.50:3300/0,v1:172.21.15.50:6789/0] conn(0x7f9ccc106a70 0x7f9ccc19dda0 unknown :-1 s=BANNER_CONNECTING pgs=0 cs=0 l=1 rev1=0 crypto rx=0 tx=0 comp rx=0 tx=0)._handle_peer_banner_payload supported=3 required=0
2024-05-12T22:50:19.562 INFO:teuthology.orchestra.run.smithi050.stdout:/usr/bin/ceph: stderr
2024-05-12T22:50:18.655+0000 7f9ccbfff700 1 --2- >> [v2:172.21.15.50:3300/0,v1:172.21.15.50:6789/0] conn(0x7f9ccc106a70 0x7f9ccc19dda0 unknown :-1 s=HELLO_CONNECTING pgs=0 cs=0 l=1 rev1=1 crypto rx=0 tx=0 comp rx=0 tx=0).handle_hello peer v2:172.21.15.50:3300/0 says I am v2:172.21.15.50:60384/0 (socket says 172.21.15.50:60384)
2024-05-12T22:50:19.563 INFO:teuthology.orchestra.run.smithi050.stdout:/usr/bin/ceph: stderr
2024-05-12T22:50:18.655+0000 7f9ccbfff700 1 -- 172.21.15.50:0/2797106169 learned_addr learned my addr 172.21.15.50:0/2797106169 (peer_addr_for_me v2:172.21.15.50:0/0)
2024-05-12T22:50:19.563 INFO:teuthology.orchestra.run.smithi050.stdout:/usr/bin/ceph: stderr
2024-05-12T22:50:18.655+0000 7f9ccbfff700 1 -- 172.21.15.50:0/2797106169 --> [v2:172.21.15.50:3300/0,v1:172.21.15.50:6789/0] -- mon_subscribe({config=0+,monmap=0+}) -- 0x7f9ccc19e2e0 con 0x7f9ccc106a70
2024-05-12T22:50:19.563 INFO:teuthology.orchestra.run.smithi050.stdout:/usr/bin/ceph: stderr
2024-05-12T22:50:18.655+0000 7f9ccbfff700 1 --2- 172.21.15.50:0/2797106169 >> [v2:172.21.15.50:3300/0,v1:172.21.15.50:6789/0] conn(0x7f9ccc106a70 0x7f9ccc19dda0 secure :-1 s=READY pgs=56 cs=0 l=1 rev1=1 crypto rx=0x7f9cbc0046e0 tx=0x7f9cbc0040b0 comp rx=0 tx=0).ready entity=mon.0 client_cookie=0 server_cookie=0 in_seq=0 out_seq=0
2024-05-12T22:50:19.563 INFO:teuthology.orchestra.run.smithi050.stdout:/usr/bin/ceph: stderr
2024-05-12T22:50:18.655+0000 7f9cc97fa700 1 -- 172.21.15.50:0/2797106169 <== mon.0 v2:172.21.15.50:3300/0 1 ==== mon_map magic: 0 ==== 205+0+0 (secure 0 0 0) 0x7f9cbc010720 con 0x7f9ccc106a70
2024-05-12T22:50:19.563 INFO:teuthology.orchestra.run.smithi050.stdout:/usr/bin/ceph: stderr
2024-05-12T22:50:18.655+0000 7f9cc97fa700 1 -- 172.21.15.50:0/2797106169 <== mon.0 v2:172.21.15.50:3300/0 2 ==== config(27 keys) ==== 1140+0+0 (secure 0 0 0) 0x7f9cbc01d070 con 0x7f9ccc106a70
2024-05-12T22:50:19.563 INFO:teuthology.orchestra.run.smithi050.stdout:/usr/bin/ceph: stderr
2024-05-12T22:50:18.655+0000 7f9cc97fa700 1 -- 172.21.15.50:0/2797106169 <== mon.0 v2:172.21.15.50:3300/0 3 ==== mon_map magic: 0 ==== 205+0+0 (secure 0 0 0) 0x7f9cbc021b10 con 0x7f9ccc106a70
2024-05-12T22:50:19.563 INFO:teuthology.orchestra.run.smithi050.stdout:/usr/bin/ceph: stderr
2024-05-12T22:50:18.656+0000 7f9cd13a1700 1 -- 172.21.15.50:0/2797106169 --> [v2:172.21.15.50:3300/0,v1:172.21.15.50:6789/0] -- mon_subscribe({mgrmap=0+}) -- 0x7f9ccc19e570 con 0x7f9ccc106a70
2024-05-12T22:50:19.563 INFO:teuthology.orchestra.run.smithi050.stdout:/usr/bin/ceph: stderr
2024-05-12T22:50:18.656+0000 7f9cd13a1700 1 -- 172.21.15.50:0/2797106169 --> [v2:172.21.15.50:3300/0,v1:172.21.15.50:6789/0] -- mon_subscribe({osdmap=0}) -- 0x7f9ccc1a1220 con 0x7f9ccc106a70
2024-05-12T22:50:19.563 INFO:teuthology.orchestra.run.smithi050.stdout:/usr/bin/ceph: stderr
2024-05-12T22:50:18.657+0000 7f9cc97fa700 1 -- 172.21.15.50:0/2797106169 <== mon.0 v2:172.21.15.50:3300/0 4 ==== mgrmap(e 9) ==== 46300+0+0 (secure 0 0 0) 0x7f9cbc01f030 con 0x7f9ccc106a70
2024-05-12T22:50:19.563 INFO:teuthology.orchestra.run.smithi050.stdout:/usr/bin/ceph: stderr
2024-05-12T22:50:18.657+0000 7f9cd13a1700 1 -- 172.21.15.50:0/2797106169 --> [v2:172.21.15.50:3300/0,v1:172.21.15.50:6789/0] -- mon_command({"prefix": "get_command_descriptions"} v 0) -- 0x7f9ccc063980 con 0x7f9ccc106a70
2024-05-12T22:50:19.563 INFO:teuthology.orchestra.run.smithi050.stdout:/usr/bin/ceph: stderr
2024-05-12T22:50:18.657+0000 7f9cc97fa700 1 --2- 172.21.15.50:0/2797106169 >> [v2:172.21.15.50:6800/1723284998,v1:172.21.15.50:6801/1723284998] conn(0x7f9cb40390a0 0x7f9cb403b560 unknown :-1 s=NONE pgs=0 cs=0 l=1 rev1=0 crypto rx=0 tx=0 comp rx=0 tx=0).connect
2024-05-12T22:50:19.563 INFO:teuthology.orchestra.run.smithi050.stdout:/usr/bin/ceph: stderr
2024-05-12T22:50:18.657+0000 7f9cc97fa700 1 -- 172.21.15.50:0/2797106169 <== mon.0 v2:172.21.15.50:3300/0 5 ==== osd_map(2..2 src has 1..2) ==== 940+0+0 (secure 0 0 0) 0x7f9cbc04d460 con 0x7f9ccc106a70
2024-05-12T22:50:19.563 INFO:teuthology.orchestra.run.smithi050.stdout:/usr/bin/ceph: stderr
2024-05-12T22:50:18.657+0000 7f9ccb7fe700 1 -- 172.21.15.50:0/2797106169 >> [v2:172.21.15.50:6800/1723284998,v1:172.21.15.50:6801/1723284998] conn(0x7f9cb40390a0 msgr2=0x7f9cb403b560 unknown :-1 s=STATE_CONNECTING_RE l=1).process reconnect failed to v2:172.21.15.50:6800/1723284998
2024-05-12T22:50:19.563 INFO:teuthology.orchestra.run.smithi050.stdout:/usr/bin/ceph: stderr
2024-05-12T22:50:18.657+0000 7f9ccb7fe700 1 --2- 172.21.15.50:0/2797106169 >> [v2:172.21.15.50:6800/1723284998,v1:172.21.15.50:6801/1723284998] conn(0x7f9cb40390a0 0x7f9cb403b560 unknown :-1 s=START_CONNECT pgs=0 cs=0 l=1 rev1=0 crypto rx=0 tx=0 comp rx=0 tx=0)._fault waiting 0.200000
2024-05-12T22:50:19.563 INFO:teuthology.orchestra.run.smithi050.stdout:/usr/bin/ceph: stderr
2024-05-12T22:50:18.662+0000 7f9cc97fa700 1 -- 172.21.15.50:0/2797106169 <== mon.0 v2:172.21.15.50:3300/0 6 ==== mon_command_ack([{"prefix": "get_command_descriptions"}]=0 v0) ==== 72+0+186418 (secure 0 0 0) 0x7f9cbc015070 con 0x7f9ccc106a70
2024-05-12T22:50:19.564 INFO:teuthology.orchestra.run.smithi050.stdout:/usr/bin/ceph: stderr
2024-05-12T22:50:18.858+0000 7f9ccb7fe700 1 -- 172.21.15.50:0/2797106169 >> [v2:172.21.15.50:6800/1723284998,v1:172.21.15.50:6801/1723284998] conn(0x7f9cb40390a0 msgr2=0x7f9cb403b560 unknown :-1 s=STATE_CONNECTING_RE l=1).process reconnect failed to v2:172.21.15.50:6800/1723284998
2024-05-12T22:50:19.564 INFO:teuthology.orchestra.run.smithi050.stdout:/usr/bin/ceph: stderr
2024-05-12T22:50:18.858+0000 7f9ccb7fe700 1 --2- 172.21.15.50:0/2797106169 >> [v2:172.21.15.50:6800/1723284998,v1:172.21.15.50:6801/1723284998] conn(0x7f9cb40390a0 0x7f9cb403b560 unknown :-1 s=START_CONNECT pgs=0 cs=0 l=1 rev1=0 crypto rx=0 tx=0 comp rx=0 tx=0)._fault waiting 0.400000
2024-05-12T22:50:19.564 INFO:teuthology.orchestra.run.smithi050.stdout:/usr/bin/ceph: stderr
2024-05-12T22:50:18.939+0000 7f9cd13a1700 1 -- 172.21.15.50:0/2797106169 --> [v2:172.21.15.50:3300/0,v1:172.21.15.50:6789/0] -- mon_command({"prefix": "mgr stat"} v 0) -- 0x7f9ccc1a13f0 con 0x7f9ccc106a70
2024-05-12T22:50:19.564 INFO:teuthology.orchestra.run.smithi050.stdout:/usr/bin/ceph: stderr
2024-05-12T22:50:18.940+0000 7f9cc97fa700 1 -- 172.21.15.50:0/2797106169 <== mon.0 v2:172.21.15.50:3300/0 7 ==== mon_command_ack([{"prefix": "mgr stat"}]=0 v9) ==== 56+0+88 (secure 0 0 0) 0x7f9ccc1a13f0 con 0x7f9ccc106a70
2024-05-12T22:50:19.564 INFO:teuthology.orchestra.run.smithi050.stdout:/usr/bin/ceph: stderr
2024-05-12T22:50:18.943+0000 7f9cd13a1700 1 -- 172.21.15.50:0/2797106169 >> [v2:172.21.15.50:6800/1723284998,v1:172.21.15.50:6801/1723284998] conn(0x7f9cb40390a0 msgr2=0x7f9cb403b560 unknown :-1 s=STATE_CONNECTING l=1).mark_down
2024-05-12T22:50:19.564 INFO:teuthology.orchestra.run.smithi050.stdout:/usr/bin/ceph: stderr
2024-05-12T22:50:18.944+0000 7f9cd13a1700 1 --2- 172.21.15.50:0/2797106169 >> [v2:172.21.15.50:6800/1723284998,v1:172.21.15.50:6801/1723284998] conn(0x7f9cb40390a0 0x7f9cb403b560 unknown :-1 s=START_CONNECT pgs=0 cs=0 l=1 rev1=0 crypto rx=0 tx=0 comp rx=0 tx=0).stop
2024-05-12T22:50:19.564 INFO:teuthology.orchestra.run.smithi050.stdout:/usr/bin/ceph: stderr
2024-05-12T22:50:18.944+0000 7f9cd13a1700 1 -- 172.21.15.50:0/2797106169 >> [v2:172.21.15.50:3300/0,v1:172.21.15.50:6789/0] conn(0x7f9ccc106a70 msgr2=0x7f9ccc19dda0 secure :-1 s=STATE_CONNECTION_ESTABLISHED l=1).mark_down
2024-05-12T22:50:19.564 INFO:teuthology.orchestra.run.smithi050.stdout:/usr/bin/ceph: stderr
2024-05-12T22:50:18.944+0000 7f9cd13a1700 1 --2- 172.21.15.50:0/2797106169 >> [v2:172.21.15.50:3300/0,v1:172.21.15.50:6789/0] conn(0x7f9ccc106a70 0x7f9ccc19dda0 secure :-1 s=READY pgs=56 cs=0 l=1 rev1=1 crypto rx=0x7f9cbc0046e0 tx=0x7f9cbc0040b0 comp rx=0 tx=0).stop
2024-05-12T22:50:19.564 INFO:teuthology.orchestra.run.smithi050.stdout:/usr/bin/ceph: stderr
2024-05-12T22:50:18.945+0000 7f9cd13a1700 1 -- 172.21.15.50:0/2797106169 shutdown_connections
2024-05-12T22:50:19.564 INFO:teuthology.orchestra.run.smithi050.stdout:/usr/bin/ceph: stderr
2024-05-12T22:50:18.945+0000 7f9cd13a1700 1 --2- 172.21.15.50:0/2797106169 >> [v2:172.21.15.50:6800/1723284998,v1:172.21.15.50:6801/1723284998] conn(0x7f9cb40390a0 0x7f9cb403b560 unknown :-1 s=CLOSED pgs=0 cs=0 l=1 rev1=0 crypto rx=0 tx=0 comp rx=0 tx=0).stop
2024-05-12T22:50:19.564 INFO:teuthology.orchestra.run.smithi050.stdout:/usr/bin/ceph: stderr
2024-05-12T22:50:18.945+0000 7f9cd13a1700 1 --2- 172.21.15.50:0/2797106169 >> [v2:172.21.15.50:3300/0,v1:172.21.15.50:6789/0] conn(0x7f9ccc106a70 0x7f9ccc19dda0 unknown :-1 s=CLOSED pgs=56 cs=0 l=1 rev1=1 crypto rx=0 tx=0 comp rx=0 tx=0).stop
2024-05-12T22:50:19.564 INFO:teuthology.orchestra.run.smithi050.stdout:/usr/bin/ceph: stderr
2024-05-12T22:50:18.945+0000 7f9cd13a1700 1 -- 172.21.15.50:0/2797106169 >> 172.21.15.50:0/2797106169 conn(0x7f9ccc102030 msgr2=0x7f9ccc18ff90 unknown :-1 s=STATE_NONE l=0).mark_down
2024-05-12T22:50:19.564 INFO:teuthology.orchestra.run.smithi050.stdout:/usr/bin/ceph: stderr
2024-05-12T22:50:18.946+0000 7f9cd13a1700 1 -- 172.21.15.50:0/2797106169 shutdown_connections
2024-05-12T22:50:19.564 INFO:teuthology.orchestra.run.smithi050.stdout:/usr/bin/ceph: stderr
2024-05-12T22:50:18.946+0000 7f9cd13a1700 1 -- 172.21.15.50:0/2797106169 wait complete.
2024-05-12T22:50:19.564 INFO:teuthology.orchestra.run.smithi050.stdout:Waiting for the mgr to restart...
2024-05-12T22:50:19.565 INFO:teuthology.orchestra.run.smithi050.stdout:Waiting for mgr epoch 9...
2024-05-12T22:50:19.686 INFO:journalctl@ceph.mon.a.smithi050.stdout:May 12 22:50:19 smithi050 ceph-mon[30173]: from='client.? 172.21.15.50:0/2797106169' entity='client.admin' cmd=[{"prefix": "mgr stat"}]: dispatch
2024-05-12T22:50:19.946 INFO:journalctl@ceph.mgr.x.smithi050.stdout:May 12 22:50:19 smithi050 ceph-c2bedeb0-10b1-11ef-bc98-c7b262605968-mgr-x[30407]:
2024-05-12T22:50:19.825+0000 7fca86040200 -1 mgr[py] Module telegraf has missing NOTIFY_TYPES member
2024-05-12T22:50:20.274 INFO:journalctl@ceph.mgr.x.smithi050.stdout:May 12 22:50:20 smithi050 ceph-c2bedeb0-10b1-11ef-bc98-c7b262605968-mgr-x[30407]:
2024-05-12T22:50:20.008+0000 7fca86040200 -1 mgr[py] Module osd_support has missing NOTIFY_TYPES member
2024-05-12T22:50:20.274 INFO:journalctl@ceph.mgr.x.smithi050.stdout:May 12 22:50:20 smithi050 ceph-c2bedeb0-10b1-11ef-bc98-c7b262605968-mgr-x[30407]:
2024-05-12T22:50:20.188+0000 7fca86040200 -1 mgr[py] Module iostat has missing NOTIFY_TYPES member
2024-05-12T22:50:20.774 INFO:journalctl@ceph.mgr.x.smithi050.stdout:May 12 22:50:20 smithi050 ceph-c2bedeb0-10b1-11ef-bc98-c7b262605968-mgr-x[30407]:
2024-05-12T22:50:20.492+0000 7fca86040200 -1 mgr[py] Module alerts has missing NOTIFY_TYPES member
2024-05-12T22:50:20.774 INFO:journalctl@ceph.mgr.x.smithi050.stdout:May 12 22:50:20 smithi050 ceph-c2bedeb0-10b1-11ef-bc98-c7b262605968-mgr-x[30407]:
2024-05-12T22:50:20.590+0000 7fca86040200 -1 mgr[py] Module selftest has missing NOTIFY_TYPES member
2024-05-12T22:50:21.274 INFO:journalctl@ceph.mgr.x.smithi050.stdout:May 12 22:50:20 smithi050 ceph-c2bedeb0-10b1-11ef-bc98-c7b262605968-mgr-x[30407]:
2024-05-12T22:50:20.806+0000 7fca86040200 -1 mgr[py] Module pg_autoscaler has missing NOTIFY_TYPES member
2024-05-12T22:50:21.274 INFO:journalctl@ceph.mgr.x.smithi050.stdout:May 12 22:50:21 smithi050 ceph-c2bedeb0-10b1-11ef-bc98-c7b262605968-mgr-x[30407]:
2024-05-12T22:50:21.009+0000 7fca86040200 -1 mgr[py] Module test_orchestrator has missing NOTIFY_TYPES member
2024-05-12T22:50:22.024 INFO:journalctl@ceph.mgr.x.smithi050.stdout:May 12 22:50:21 smithi050 ceph-c2bedeb0-10b1-11ef-bc98-c7b262605968-mgr-x[30407]:
2024-05-12T22:50:21.646+0000 7fca86040200 -1 mgr[py] Module rook has missing NOTIFY_TYPES member
2024-05-12T22:50:22.409 INFO:journalctl@ceph.mgr.x.smithi050.stdout:May 12 22:50:22 smithi050 ceph-c2bedeb0-10b1-11ef-bc98-c7b262605968-mgr-x[30407]:
2024-05-12T22:50:22.093+0000 7fca86040200 -1 mgr[py] Module volumes has missing NOTIFY_TYPES member
2024-05-12T22:50:22.409 INFO:journalctl@ceph.mgr.x.smithi050.stdout:May 12 22:50:22 smithi050 ceph-c2bedeb0-10b1-11ef-bc98-c7b262605968-mgr-x[30407]:
2024-05-12T22:50:22.195+0000 7fca86040200 -1 mgr[py] Module crash has missing NOTIFY_TYPES member
2024-05-12T22:50:22.409 INFO:journalctl@ceph.mgr.x.smithi050.stdout:May 12 22:50:22 smithi050 ceph-c2bedeb0-10b1-11ef-bc98-c7b262605968-mgr-x[30407]:
2024-05-12T22:50:22.408+0000 7fca86040200 -1 mgr[py] Module rgw has missing NOTIFY_TYPES member
2024-05-12T22:50:23.274 INFO:journalctl@ceph.mgr.x.smithi050.stdout:May 12 22:50:22 smithi050 ceph-c2bedeb0-10b1-11ef-bc98-c7b262605968-mgr-x[30407]:
2024-05-12T22:50:22.957+0000 7fca86040200 -1 mgr[py] Module prometheus has missing NOTIFY_TYPES member
2024-05-12T22:50:23.274 INFO:journalctl@ceph.mgr.x.smithi050.stdout:May 12 22:50:23 smithi050 ceph-c2bedeb0-10b1-11ef-bc98-c7b262605968-mgr-x[30407]:
2024-05-12T22:50:23.055+0000 7fca86040200 -1 mgr[py] Module devicehealth has missing NOTIFY_TYPES member
2024-05-12T22:50:23.684 INFO:journalctl@ceph.mgr.x.smithi050.stdout:May 12 22:50:23 smithi050 ceph-c2bedeb0-10b1-11ef-bc98-c7b262605968-mgr-x[30407]:
2024-05-12T22:50:23.316+0000 7fca86040200 -1 mgr[py] Module telemetry has missing NOTIFY_TYPES member
2024-05-12T22:50:23.684 INFO:journalctl@ceph.mgr.x.smithi050.stdout:May 12 22:50:23 smithi050 ceph-c2bedeb0-10b1-11ef-bc98-c7b262605968-mgr-x[30407]:
2024-05-12T22:50:23.458+0000 7fca86040200 -1 mgr[py] Module diskprediction_local has missing NOTIFY_TYPES member
2024-05-12T22:50:23.684 INFO:journalctl@ceph.mgr.x.smithi050.stdout:May 12 22:50:23 smithi050 ceph-c2bedeb0-10b1-11ef-bc98-c7b262605968-mgr-x[30407]:
2024-05-12T22:50:23.560+0000 7fca86040200 -1 mgr[py] Module osd_perf_query has missing NOTIFY_TYPES member
2024-05-12T22:50:23.684 INFO:journalctl@ceph.mgr.x.smithi050.stdout:May 12 22:50:23 smithi050 ceph-c2bedeb0-10b1-11ef-bc98-c7b262605968-mgr-x[30407]:
2024-05-12T22:50:23.683+0000 7fca86040200 -1 mgr[py] Module rbd_support has missing NOTIFY_TYPES member
2024-05-12T22:50:24.274 INFO:journalctl@ceph.mgr.x.smithi050.stdout:May 12 22:50:23 smithi050 ceph-c2bedeb0-10b1-11ef-bc98-c7b262605968-mgr-x[30407]:
2024-05-12T22:50:23.996+0000 7fca86040200 -1 mgr[py] Module zabbix has missing NOTIFY_TYPES member
2024-05-12T22:50:24.923 INFO:journalctl@ceph.mgr.x.smithi050.stdout:May 12 22:50:24 smithi050 ceph-c2bedeb0-10b1-11ef-bc98-c7b262605968-mgr-x[30407]:
2024-05-12T22:50:24.636+0000 7fca86040200 -1 mgr[py] Module status has missing NOTIFY_TYPES member
2024-05-12T22:50:24.923 INFO:journalctl@ceph.mgr.x.smithi050.stdout:May 12 22:50:24 smithi050 ceph-c2bedeb0-10b1-11ef-bc98-c7b262605968-mgr-x[30407]:
2024-05-12T22:50:24.870+0000 7fca86040200 -1 mgr[py] Module nfs has missing NOTIFY_TYPES member
2024-05-12T22:50:25.274 INFO:journalctl@ceph.mon.a.smithi050.stdout:May 12 22:50:24 smithi050 ceph-mon[30173]: Active manager daemon x restarted
2024-05-12T22:50:25.274 INFO:journalctl@ceph.mon.a.smithi050.stdout:May 12 22:50:24 smithi050 ceph-mon[30173]: Activating manager daemon x
2024-05-12T22:50:25.274 INFO:journalctl@ceph.mon.a.smithi050.stdout:May 12 22:50:24 smithi050 ceph-mon[30173]: osdmap e3: 0 total, 0 up, 0 in
2024-05-12T22:50:25.274 INFO:journalctl@ceph.mon.a.smithi050.stdout:May 12 22:50:24 smithi050 ceph-mon[30173]: mgrmap e10: x(active, starting, since 0.00318761s)
2024-05-12T22:50:25.275 INFO:journalctl@ceph.mon.a.smithi050.stdout:May 12 22:50:24 smithi050 ceph-mon[30173]: from='mgr.14148 172.21.15.50:0/447788177' entity='mgr.x' cmd=[{"prefix": "mon metadata", "id": "a"}]: dispatch
2024-05-12T22:50:25.275 INFO:journalctl@ceph.mon.a.smithi050.stdout:May 12 22:50:24 smithi050 ceph-mon[30173]: from='mgr.14148 172.21.15.50:0/447788177' entity='mgr.x' cmd=[{"prefix": "mgr metadata", "who": "x", "id": "x"}]: dispatch
2024-05-12T22:50:25.275 INFO:journalctl@ceph.mon.a.smithi050.stdout:May 12 22:50:24 smithi050 ceph-mon[30173]: from='mgr.14148 172.21.15.50:0/447788177' entity='mgr.x' cmd=[{"prefix": "mds metadata"}]: dispatch
2024-05-12T22:50:25.275 INFO:journalctl@ceph.mon.a.smithi050.stdout:May 12 22:50:24 smithi050 ceph-mon[30173]: from='mgr.14148 172.21.15.50:0/447788177' entity='mgr.x' cmd=[{"prefix": "osd metadata"}]: dispatch
2024-05-12T22:50:25.275 INFO:journalctl@ceph.mon.a.smithi050.stdout:May 12 22:50:24 smithi050 ceph-mon[30173]: from='mgr.14148 172.21.15.50:0/447788177' entity='mgr.x' cmd=[{"prefix": "mon metadata"}]: dispatch
2024-05-12T22:50:25.275 INFO:journalctl@ceph.mon.a.smithi050.stdout:May 12 22:50:24 smithi050 ceph-mon[30173]: Manager daemon x is now available
2024-05-12T22:50:25.275 INFO:journalctl@ceph.mon.a.smithi050.stdout:May 12 22:50:24 smithi050 ceph-mon[30173]: from='mgr.14148 172.21.15.50:0/447788177' entity='mgr.x' cmd=[{"prefix": "config dump", "format": "json"}]: dispatch
2024-05-12T22:50:26.244 INFO:journalctl@ceph.mon.a.smithi050.stdout:May 12 22:50:25 smithi050 ceph-mon[30173]: from='mgr.14148 172.21.15.50:0/447788177' entity='mgr.x' cmd=[{"prefix":"config rm","who":"mgr","name":"mgr/rbd_support/x/mirror_snapshot_schedule"}]: dispatch
2024-05-12T22:50:26.244 INFO:journalctl@ceph.mon.a.smithi050.stdout:May 12 22:50:25 smithi050 ceph-mon[30173]: from='mgr.14148 172.21.15.50:0/447788177' entity='mgr.x' cmd=[{"prefix":"config rm","who":"mgr","name":"mgr/rbd_support/x/trash_purge_schedule"}]: dispatch
2024-05-12T22:50:26.244 INFO:journalctl@ceph.mon.a.smithi050.stdout:May 12 22:50:25 smithi050 ceph-mon[30173]: mgrmap e11: x(active, since 1.00615s)
2024-05-12T22:50:26.504 INFO:teuthology.orchestra.run.smithi050.stdout:/usr/bin/ceph: stdout {
2024-05-12T22:50:26.504 INFO:teuthology.orchestra.run.smithi050.stdout:/usr/bin/ceph: stdout "mgrmap_epoch": 11,
2024-05-12T22:50:26.504 INFO:teuthology.orchestra.run.smithi050.stdout:/usr/bin/ceph: stdout "initialized": true
2024-05-12T22:50:26.505 INFO:teuthology.orchestra.run.smithi050.stdout:/usr/bin/ceph: stdout }
2024-05-12T22:50:26.505 INFO:teuthology.orchestra.run.smithi050.stdout:/usr/bin/ceph: stderr
2024-05-12T22:50:19.974+0000 7f09147c6700 1 Processor -- start
2024-05-12T22:50:26.505 INFO:teuthology.orchestra.run.smithi050.stdout:/usr/bin/ceph: stderr
2024-05-12T22:50:19.974+0000 7f09147c6700 1 -- start start
2024-05-12T22:50:26.505 INFO:teuthology.orchestra.run.smithi050.stdout:/usr/bin/ceph: stderr
2024-05-12T22:50:19.974+0000 7f09147c6700 1 --2- >> [v2:172.21.15.50:3300/0,v1:172.21.15.50:6789/0] conn(0x7f090c1087c0 0x7f090c10abb0 unknown :-1 s=NONE pgs=0 cs=0 l=0 rev1=0 crypto rx=0 tx=0 comp rx=0 tx=0).connect
2024-05-12T22:50:26.505 INFO:teuthology.orchestra.run.smithi050.stdout:/usr/bin/ceph: stderr
2024-05-12T22:50:19.974+0000 7f09147c6700 1 -- --> [v2:172.21.15.50:3300/0,v1:172.21.15.50:6789/0] -- mon_getmap magic: 0 -- 0x7f090c07be70 con 0x7f090c1087c0
2024-05-12T22:50:26.505 INFO:teuthology.orchestra.run.smithi050.stdout:/usr/bin/ceph: stderr
2024-05-12T22:50:19.975+0000 7f0912562700 1 --2- >> [v2:172.21.15.50:3300/0,v1:172.21.15.50:6789/0] conn(0x7f090c1087c0 0x7f090c10abb0 unknown :-1 s=BANNER_CONNECTING pgs=0 cs=0 l=0 rev1=0 crypto rx=0 tx=0 comp rx=0 tx=0)._handle_peer_banner_payload supported=3 required=0
2024-05-12T22:50:26.505 INFO:teuthology.orchestra.run.smithi050.stdout:/usr/bin/ceph: stderr
2024-05-12T22:50:19.975+0000 7f0912562700 1 --2- >> [v2:172.21.15.50:3300/0,v1:172.21.15.50:6789/0] conn(0x7f090c1087c0 0x7f090c10abb0 unknown :-1 s=HELLO_CONNECTING pgs=0 cs=0 l=0 rev1=1 crypto rx=0 tx=0 comp rx=0 tx=0).handle_hello peer v2:172.21.15.50:3300/0 says I am v2:172.21.15.50:60386/0 (socket says 172.21.15.50:60386)
2024-05-12T22:50:26.505 INFO:teuthology.orchestra.run.smithi050.stdout:/usr/bin/ceph: stderr
2024-05-12T22:50:19.975+0000 7f0912562700 1 -- 172.21.15.50:0/1308555903 learned_addr learned my addr 172.21.15.50:0/1308555903 (peer_addr_for_me v2:172.21.15.50:0/0)
2024-05-12T22:50:26.505 INFO:teuthology.orchestra.run.smithi050.stdout:/usr/bin/ceph: stderr
2024-05-12T22:50:19.975+0000 7f0912562700 1 -- 172.21.15.50:0/1308555903 --> [v2:172.21.15.50:3300/0,v1:172.21.15.50:6789/0] -- mon_subscribe({config=0+,monmap=0+}) -- 0x7f090c10b0f0 con 0x7f090c1087c0
2024-05-12T22:50:26.505 INFO:teuthology.orchestra.run.smithi050.stdout:/usr/bin/ceph: stderr
2024-05-12T22:50:19.975+0000 7f0912562700 1 --2- 172.21.15.50:0/1308555903 >> [v2:172.21.15.50:3300/0,v1:172.21.15.50:6789/0] conn(0x7f090c1087c0 0x7f090c10abb0 secure :-1 s=READY pgs=57 cs=0 l=1 rev1=1 crypto rx=0x7f09080098a0 tx=0x7f0908009bb0 comp rx=0 tx=0).ready entity=mon.0 client_cookie=36a4c81b1e086427 server_cookie=0 in_seq=0 out_seq=0
2024-05-12T22:50:26.505 INFO:teuthology.orchestra.run.smithi050.stdout:/usr/bin/ceph: stderr
2024-05-12T22:50:19.975+0000 7f0911560700 1 -- 172.21.15.50:0/1308555903 <== mon.0 v2:172.21.15.50:3300/0 1 ==== mon_map magic: 0 ==== 205+0+0 (secure 0 0 0) 0x7f0908004160 con 0x7f090c1087c0
2024-05-12T22:50:26.505 INFO:teuthology.orchestra.run.smithi050.stdout:/usr/bin/ceph: stderr
2024-05-12T22:50:19.975+0000 7f0911560700 1 -- 172.21.15.50:0/1308555903 <== mon.0 v2:172.21.15.50:3300/0 2 ==== config(27 keys) ==== 1140+0+0 (secure 0 0 0) 0x7f0908004300 con 0x7f090c1087c0
2024-05-12T22:50:26.505 INFO:teuthology.orchestra.run.smithi050.stdout:/usr/bin/ceph: stderr
2024-05-12T22:50:19.975+0000 7f0911560700 1 -- 172.21.15.50:0/1308555903 <== mon.0 v2:172.21.15.50:3300/0 3 ==== mon_map magic: 0 ==== 205+0+0 (secure 0 0 0) 0x7f0908011b20 con 0x7f090c1087c0
2024-05-12T22:50:26.505 INFO:teuthology.orchestra.run.smithi050.stdout:/usr/bin/ceph: stderr
2024-05-12T22:50:19.976+0000 7f09147c6700 1 -- 172.21.15.50:0/1308555903 >> [v2:172.21.15.50:3300/0,v1:172.21.15.50:6789/0] conn(0x7f090c1087c0 msgr2=0x7f090c10abb0 secure :-1 s=STATE_CONNECTION_ESTABLISHED l=1).mark_down
2024-05-12T22:50:26.506 INFO:teuthology.orchestra.run.smithi050.stdout:/usr/bin/ceph: stderr
2024-05-12T22:50:19.976+0000 7f09147c6700 1 --2- 172.21.15.50:0/1308555903 >> [v2:172.21.15.50:3300/0,v1:172.21.15.50:6789/0] conn(0x7f090c1087c0 0x7f090c10abb0 secure :-1 s=READY pgs=57 cs=0 l=1 rev1=1 crypto rx=0x7f09080098a0 tx=0x7f0908009bb0 comp rx=0 tx=0).stop
2024-05-12T22:50:26.506 INFO:teuthology.orchestra.run.smithi050.stdout:/usr/bin/ceph: stderr
2024-05-12T22:50:19.976+0000 7f09147c6700 1 -- 172.21.15.50:0/1308555903 shutdown_connections
2024-05-12T22:50:26.506 INFO:teuthology.orchestra.run.smithi050.stdout:/usr/bin/ceph: stderr
2024-05-12T22:50:19.976+0000 7f09147c6700 1 --2- 172.21.15.50:0/1308555903 >> [v2:172.21.15.50:3300/0,v1:172.21.15.50:6789/0] conn(0x7f090c1087c0 0x7f090c10abb0 unknown :-1 s=CLOSED pgs=57 cs=0 l=1 rev1=1 crypto rx=0 tx=0 comp rx=0 tx=0).stop
2024-05-12T22:50:26.506 INFO:teuthology.orchestra.run.smithi050.stdout:/usr/bin/ceph: stderr
2024-05-12T22:50:19.976+0000 7f09147c6700 1 -- 172.21.15.50:0/1308555903 >> 172.21.15.50:0/1308555903 conn(0x7f090c102210 msgr2=0x7f090c104630 unknown :-1 s=STATE_NONE l=0).mark_down
2024-05-12T22:50:26.506 INFO:teuthology.orchestra.run.smithi050.stdout:/usr/bin/ceph: stderr
2024-05-12T22:50:19.976+0000 7f09147c6700 1 -- 172.21.15.50:0/1308555903 shutdown_connections
2024-05-12T22:50:26.506 INFO:teuthology.orchestra.run.smithi050.stdout:/usr/bin/ceph: stderr
2024-05-12T22:50:19.976+0000 7f09147c6700 1 -- 172.21.15.50:0/1308555903 wait complete.
2024-05-12T22:50:26.506 INFO:teuthology.orchestra.run.smithi050.stdout:/usr/bin/ceph: stderr
2024-05-12T22:50:19.977+0000 7f09147c6700 1 Processor -- start
2024-05-12T22:50:26.506 INFO:teuthology.orchestra.run.smithi050.stdout:/usr/bin/ceph: stderr
2024-05-12T22:50:19.977+0000 7f09147c6700 1 -- start start
2024-05-12T22:50:26.506 INFO:teuthology.orchestra.run.smithi050.stdout:/usr/bin/ceph: stderr
2024-05-12T22:50:19.977+0000 7f09147c6700 1 --2- >> [v2:172.21.15.50:3300/0,v1:172.21.15.50:6789/0] conn(0x7f090c1087c0 0x7f090c19bcc0 unknown :-1 s=NONE pgs=0 cs=0 l=1 rev1=0 crypto rx=0 tx=0 comp rx=0 tx=0).connect
2024-05-12T22:50:26.506 INFO:teuthology.orchestra.run.smithi050.stdout:/usr/bin/ceph: stderr
2024-05-12T22:50:19.977+0000 7f09147c6700 1 -- --> [v2:172.21.15.50:3300/0,v1:172.21.15.50:6789/0] -- mon_getmap magic: 0 -- 0x7f090c10c160 con 0x7f090c1087c0
2024-05-12T22:50:26.507 INFO:teuthology.orchestra.run.smithi050.stdout:/usr/bin/ceph: stderr
2024-05-12T22:50:19.977+0000 7f0912562700 1 --2- >> [v2:172.21.15.50:3300/0,v1:172.21.15.50:6789/0] conn(0x7f090c1087c0 0x7f090c19bcc0 unknown :-1 s=BANNER_CONNECTING pgs=0 cs=0 l=1 rev1=0 crypto rx=0 tx=0 comp rx=0 tx=0)._handle_peer_banner_payload supported=3 required=0
2024-05-12T22:50:26.507 INFO:teuthology.orchestra.run.smithi050.stdout:/usr/bin/ceph: stderr
2024-05-12T22:50:19.977+0000 7f0912562700 1 --2- >> [v2:172.21.15.50:3300/0,v1:172.21.15.50:6789/0] conn(0x7f090c1087c0 0x7f090c19bcc0 unknown :-1 s=HELLO_CONNECTING pgs=0 cs=0 l=1 rev1=1 crypto rx=0 tx=0 comp rx=0 tx=0).handle_hello peer v2:172.21.15.50:3300/0 says I am v2:172.21.15.50:60390/0 (socket says 172.21.15.50:60390)
2024-05-12T22:50:26.507 INFO:teuthology.orchestra.run.smithi050.stdout:/usr/bin/ceph: stderr
2024-05-12T22:50:19.977+0000 7f0912562700 1 -- 172.21.15.50:0/2497299531 learned_addr learned my addr 172.21.15.50:0/2497299531 (peer_addr_for_me v2:172.21.15.50:0/0)
2024-05-12T22:50:26.507 INFO:teuthology.orchestra.run.smithi050.stdout:/usr/bin/ceph: stderr
2024-05-12T22:50:19.978+0000 7f0912562700 1 -- 172.21.15.50:0/2497299531 --> [v2:172.21.15.50:3300/0,v1:172.21.15.50:6789/0] -- mon_subscribe({config=0+,monmap=0+}) -- 0x7f090c19c200 con 0x7f090c1087c0
2024-05-12T22:50:26.507 INFO:teuthology.orchestra.run.smithi050.stdout:/usr/bin/ceph: stderr
2024-05-12T22:50:19.978+0000 7f0912562700 1 --2- 172.21.15.50:0/2497299531 >> [v2:172.21.15.50:3300/0,v1:172.21.15.50:6789/0] conn(0x7f090c1087c0 0x7f090c19bcc0 secure :-1 s=READY pgs=58 cs=0 l=1 rev1=1 crypto rx=0x7f09080117e0 tx=0x7f0908011c10 comp rx=0 tx=0).ready entity=mon.0 client_cookie=0 server_cookie=0 in_seq=0 out_seq=0
2024-05-12T22:50:26.507 INFO:teuthology.orchestra.run.smithi050.stdout:/usr/bin/ceph: stderr
2024-05-12T22:50:19.978+0000 7f09037fe700 1 -- 172.21.15.50:0/2497299531 <== mon.0 v2:172.21.15.50:3300/0 1 ==== mon_map magic: 0 ==== 205+0+0 (secure 0 0 0) 0x7f0908003bf0 con 0x7f090c1087c0
2024-05-12T22:50:26.507 INFO:teuthology.orchestra.run.smithi050.stdout:/usr/bin/ceph: stderr
2024-05-12T22:50:19.978+0000 7f09147c6700 1 -- 172.21.15.50:0/2497299531 --> [v2:172.21.15.50:3300/0,v1:172.21.15.50:6789/0] -- mon_subscribe({mgrmap=0+}) -- 0x7f090c19c490 con 0x7f090c1087c0
2024-05-12T22:50:26.507 INFO:teuthology.orchestra.run.smithi050.stdout:/usr/bin/ceph: stderr
2024-05-12T22:50:19.978+0000 7f09037fe700 1 -- 172.21.15.50:0/2497299531 <== mon.0 v2:172.21.15.50:3300/0 2 ==== config(27 keys) ==== 1140+0+0 (secure 0 0 0) 0x7f090801a910 con 0x7f090c1087c0
2024-05-12T22:50:26.507 INFO:teuthology.orchestra.run.smithi050.stdout:/usr/bin/ceph: stderr
2024-05-12T22:50:19.978+0000 7f09037fe700 1 -- 172.21.15.50:0/2497299531 <== mon.0 v2:172.21.15.50:3300/0 3 ==== mon_map magic: 0 ==== 205+0+0 (secure 0 0 0) 0x7f0908024970 con 0x7f090c1087c0
2024-05-12T22:50:26.507 INFO:teuthology.orchestra.run.smithi050.stdout:/usr/bin/ceph: stderr
2024-05-12T22:50:19.978+0000 7f09147c6700 1 -- 172.21.15.50:0/2497299531 --> [v2:172.21.15.50:3300/0,v1:172.21.15.50:6789/0] -- mon_subscribe({osdmap=0}) -- 0x7f090c19c8f0 con 0x7f090c1087c0
2024-05-12T22:50:26.507 INFO:teuthology.orchestra.run.smithi050.stdout:/usr/bin/ceph: stderr
2024-05-12T22:50:19.979+0000 7f09037fe700 1 -- 172.21.15.50:0/2497299531 <== mon.0 v2:172.21.15.50:3300/0 4 ==== mgrmap(e 9) ==== 46300+0+0 (secure 0 0 0) 0x7f0908022020 con 0x7f090c1087c0
2024-05-12T22:50:26.507 INFO:teuthology.orchestra.run.smithi050.stdout:/usr/bin/ceph: stderr
2024-05-12T22:50:19.979+0000 7f09037fe700 1 --2- 172.21.15.50:0/2497299531 >> [v2:172.21.15.50:6800/1723284998,v1:172.21.15.50:6801/1723284998] conn(0x7f08f8039050 0x7f08f803b510 unknown :-1 s=NONE pgs=0 cs=0 l=1 rev1=0 crypto rx=0 tx=0 comp rx=0 tx=0).connect
2024-05-12T22:50:26.507 INFO:teuthology.orchestra.run.smithi050.stdout:/usr/bin/ceph: stderr
2024-05-12T22:50:19.979+0000 7f09037fe700 1 -- 172.21.15.50:0/2497299531 --> [v2:172.21.15.50:6800/1723284998,v1:172.21.15.50:6801/1723284998] -- command(tid 0: {"prefix": "get_command_descriptions"}) -- 0x7f08f803bc20 con 0x7f08f8039050
2024-05-12T22:50:26.508 INFO:teuthology.orchestra.run.smithi050.stdout:/usr/bin/ceph: stderr
2024-05-12T22:50:19.979+0000 7f09037fe700 1 -- 172.21.15.50:0/2497299531 <== mon.0 v2:172.21.15.50:3300/0 5 ==== osd_map(2..2 src has 1..2) ==== 940+0+0 (secure 0 0 0) 0x7f090804d410 con 0x7f090c1087c0
2024-05-12T22:50:26.508 INFO:teuthology.orchestra.run.smithi050.stdout:/usr/bin/ceph: stderr
2024-05-12T22:50:19.979+0000 7f0911d61700 1 -- 172.21.15.50:0/2497299531 >> [v2:172.21.15.50:6800/1723284998,v1:172.21.15.50:6801/1723284998] conn(0x7f08f8039050 msgr2=0x7f08f803b510 unknown :-1 s=STATE_CONNECTING_RE l=1).process reconnect failed to v2:172.21.15.50:6800/1723284998
2024-05-12T22:50:26.508 INFO:teuthology.orchestra.run.smithi050.stdout:/usr/bin/ceph: stderr
2024-05-12T22:50:19.979+0000 7f0911d61700 1 --2- 172.21.15.50:0/2497299531 >> [v2:172.21.15.50:6800/1723284998,v1:172.21.15.50:6801/1723284998] conn(0x7f08f8039050 0x7f08f803b510 unknown :-1 s=START_CONNECT pgs=0 cs=0 l=1 rev1=0 crypto rx=0 tx=0 comp rx=0 tx=0)._fault waiting 0.200000
2024-05-12T22:50:26.508 INFO:teuthology.orchestra.run.smithi050.stdout:/usr/bin/ceph: stderr
2024-05-12T22:50:20.180+0000 7f0911d61700 1 -- 172.21.15.50:0/2497299531 >> [v2:172.21.15.50:6800/1723284998,v1:172.21.15.50:6801/1723284998] conn(0x7f08f8039050 msgr2=0x7f08f803b510 unknown :-1 s=STATE_CONNECTING_RE l=1).process reconnect failed to v2:172.21.15.50:6800/1723284998
2024-05-12T22:50:26.508 INFO:teuthology.orchestra.run.smithi050.stdout:/usr/bin/ceph: stderr
2024-05-12T22:50:20.180+0000 7f0911d61700 1 --2- 172.21.15.50:0/2497299531 >> [v2:172.21.15.50:6800/1723284998,v1:172.21.15.50:6801/1723284998] conn(0x7f08f8039050 0x7f08f803b510 unknown :-1 s=START_CONNECT pgs=0 cs=0 l=1 rev1=0 crypto rx=0 tx=0 comp rx=0 tx=0)._fault waiting 0.400000
2024-05-12T22:50:26.508 INFO:teuthology.orchestra.run.smithi050.stdout:/usr/bin/ceph: stderr
2024-05-12T22:50:20.581+0000 7f0911d61700 1 -- 172.21.15.50:0/2497299531 >> [v2:172.21.15.50:6800/1723284998,v1:172.21.15.50:6801/1723284998] conn(0x7f08f8039050 msgr2=0x7f08f803b510 unknown :-1 s=STATE_CONNECTING_RE l=1).process reconnect failed to v2:172.21.15.50:6800/1723284998
2024-05-12T22:50:26.508 INFO:teuthology.orchestra.run.smithi050.stdout:/usr/bin/ceph: stderr
2024-05-12T22:50:20.581+0000 7f0911d61700 1 --2- 172.21.15.50:0/2497299531 >> [v2:172.21.15.50:6800/1723284998,v1:172.21.15.50:6801/1723284998] conn(0x7f08f8039050 0x7f08f803b510 unknown :-1 s=START_CONNECT pgs=0 cs=0 l=1 rev1=0 crypto rx=0 tx=0 comp rx=0 tx=0)._fault waiting 0.800000
2024-05-12T22:50:26.508 INFO:teuthology.orchestra.run.smithi050.stdout:/usr/bin/ceph: stderr
2024-05-12T22:50:21.383+0000 7f0911d61700 1 -- 172.21.15.50:0/2497299531 >> [v2:172.21.15.50:6800/1723284998,v1:172.21.15.50:6801/1723284998] conn(0x7f08f8039050 msgr2=0x7f08f803b510 unknown :-1 s=STATE_CONNECTING_RE l=1).process reconnect failed to v2:172.21.15.50:6800/1723284998
2024-05-12T22:50:26.508 INFO:teuthology.orchestra.run.smithi050.stdout:/usr/bin/ceph: stderr
2024-05-12T22:50:21.383+0000 7f0911d61700 1 --2- 172.21.15.50:0/2497299531 >> [v2:172.21.15.50:6800/1723284998,v1:172.21.15.50:6801/1723284998] conn(0x7f08f8039050 0x7f08f803b510 unknown :-1 s=START_CONNECT pgs=0 cs=0 l=1 rev1=0 crypto rx=0 tx=0 comp rx=0 tx=0)._fault waiting 1.600000
2024-05-12T22:50:26.508 INFO:teuthology.orchestra.run.smithi050.stdout:/usr/bin/ceph: stderr
2024-05-12T22:50:22.984+0000 7f0911d61700 1 -- 172.21.15.50:0/2497299531 >> [v2:172.21.15.50:6800/1723284998,v1:172.21.15.50:6801/1723284998] conn(0x7f08f8039050 msgr2=0x7f08f803b510 unknown :-1 s=STATE_CONNECTING_RE l=1).process reconnect failed to v2:172.21.15.50:6800/1723284998
2024-05-12T22:50:26.508 INFO:teuthology.orchestra.run.smithi050.stdout:/usr/bin/ceph: stderr
