2024-05-12T22:50:22.984+0000 7f0911d61700 1 --2- 172.21.15.50:0/2497299531 >> [v2:172.21.15.50:6800/1723284998,v1:172.21.15.50:6801/1723284998] conn(0x7f08f8039050 0x7f08f803b510 unknown :-1 s=START_CONNECT pgs=0 cs=0 l=1 rev1=0 crypto rx=0 tx=0 comp rx=0 tx=0)._fault waiting 3.200000
2024-05-12T22:50:26.508 INFO:teuthology.orchestra.run.smithi050.stdout:/usr/bin/ceph: stderr
2024-05-12T22:50:24.873+0000 7f09037fe700 1 -- 172.21.15.50:0/2497299531 <== mon.0 v2:172.21.15.50:3300/0 6 ==== mgrmap(e 10) ==== 46067+0+0 (secure 0 0 0) 0x7f0908024c20 con 0x7f090c1087c0
2024-05-12T22:50:26.508 INFO:teuthology.orchestra.run.smithi050.stdout:/usr/bin/ceph: stderr
2024-05-12T22:50:24.873+0000 7f09037fe700 1 -- 172.21.15.50:0/2497299531 >> [v2:172.21.15.50:6800/1723284998,v1:172.21.15.50:6801/1723284998] conn(0x7f08f8039050 msgr2=0x7f08f803b510 unknown :-1 s=STATE_CONNECTING l=1).mark_down
2024-05-12T22:50:26.508 INFO:teuthology.orchestra.run.smithi050.stdout:/usr/bin/ceph: stderr
2024-05-12T22:50:24.873+0000 7f09037fe700 1 --2- 172.21.15.50:0/2497299531 >> [v2:172.21.15.50:6800/1723284998,v1:172.21.15.50:6801/1723284998] conn(0x7f08f8039050 0x7f08f803b510 unknown :-1 s=START_CONNECT pgs=0 cs=0 l=1 rev1=0 crypto rx=0 tx=0 comp rx=0 tx=0).stop
2024-05-12T22:50:26.509 INFO:teuthology.orchestra.run.smithi050.stdout:/usr/bin/ceph: stderr
2024-05-12T22:50:25.875+0000 7f09037fe700 1 -- 172.21.15.50:0/2497299531 <== mon.0 v2:172.21.15.50:3300/0 7 ==== mgrmap(e 11) ==== 46194+0+0 (secure 0 0 0) 0x7f090804f0c0 con 0x7f090c1087c0
2024-05-12T22:50:26.509 INFO:teuthology.orchestra.run.smithi050.stdout:/usr/bin/ceph: stderr
2024-05-12T22:50:25.875+0000 7f09037fe700 1 --2- 172.21.15.50:0/2497299531 >> [v2:172.21.15.50:6800/1803133410,v1:172.21.15.50:6801/1803133410] conn(0x7f08f803cb10 0x7f08f803ef00 unknown :-1 s=NONE pgs=0 cs=0 l=1 rev1=0 crypto rx=0 tx=0 comp rx=0 tx=0).connect
2024-05-12T22:50:26.509 INFO:teuthology.orchestra.run.smithi050.stdout:/usr/bin/ceph: stderr
2024-05-12T22:50:25.875+0000 7f09037fe700 1 -- 172.21.15.50:0/2497299531 --> [v2:172.21.15.50:6800/1803133410,v1:172.21.15.50:6801/1803133410] -- command(tid 0: {"prefix": "get_command_descriptions"}) -- 0x7f0908019e50 con 0x7f08f803cb10
2024-05-12T22:50:26.509 INFO:teuthology.orchestra.run.smithi050.stdout:/usr/bin/ceph: stderr
2024-05-12T22:50:25.876+0000 7f0911d61700 1 --2- 172.21.15.50:0/2497299531 >> [v2:172.21.15.50:6800/1803133410,v1:172.21.15.50:6801/1803133410] conn(0x7f08f803cb10 0x7f08f803ef00 unknown :-1 s=BANNER_CONNECTING pgs=0 cs=0 l=1 rev1=0 crypto rx=0 tx=0 comp rx=0 tx=0)._handle_peer_banner_payload supported=3 required=0
2024-05-12T22:50:26.509 INFO:teuthology.orchestra.run.smithi050.stdout:/usr/bin/ceph: stderr
2024-05-12T22:50:25.877+0000 7f0911d61700 1 --2- 172.21.15.50:0/2497299531 >> [v2:172.21.15.50:6800/1803133410,v1:172.21.15.50:6801/1803133410] conn(0x7f08f803cb10 0x7f08f803ef00 secure :-1 s=READY pgs=3 cs=0 l=1 rev1=1 crypto rx=0x7f08fc003a10 tx=0x7f08fc0092b0 comp rx=0 tx=0).ready entity=mgr.14148 client_cookie=0 server_cookie=0 in_seq=0 out_seq=0
2024-05-12T22:50:26.509 INFO:teuthology.orchestra.run.smithi050.stdout:/usr/bin/ceph: stderr
2024-05-12T22:50:25.877+0000 7f09037fe700 1 -- 172.21.15.50:0/2497299531 <== mgr.14148 v2:172.21.15.50:6800/1803133410 1 ==== command_reply(tid 0: 0 ) ==== 8+0+7774 (secure 0 0 0) 0x7f0908019e50 con 0x7f08f803cb10
2024-05-12T22:50:26.509 INFO:teuthology.orchestra.run.smithi050.stdout:/usr/bin/ceph: stderr
2024-05-12T22:50:25.884+0000 7f09147c6700 1 -- 172.21.15.50:0/2497299531 --> [v2:172.21.15.50:6800/1803133410,v1:172.21.15.50:6801/1803133410] -- command(tid 1: {"prefix": "mgr_status"}) -- 0x7f090c063980 con 0x7f08f803cb10
2024-05-12T22:50:26.509 INFO:teuthology.orchestra.run.smithi050.stdout:/usr/bin/ceph: stderr
2024-05-12T22:50:25.884+0000 7f09037fe700 1 -- 172.21.15.50:0/2497299531 <== mgr.14148 v2:172.21.15.50:6800/1803133410 2 ==== command_reply(tid 1: 0 ) ==== 8+0+52 (secure 0 0 0) 0x7f090c063980 con 0x7f08f803cb10
2024-05-12T22:50:26.509 INFO:teuthology.orchestra.run.smithi050.stdout:/usr/bin/ceph: stderr
2024-05-12T22:50:25.885+0000 7f09147c6700 1 -- 172.21.15.50:0/2497299531 >> [v2:172.21.15.50:6800/1803133410,v1:172.21.15.50:6801/1803133410] conn(0x7f08f803cb10 msgr2=0x7f08f803ef00 secure :-1 s=STATE_CONNECTION_ESTABLISHED l=1).mark_down
2024-05-12T22:50:26.509 INFO:teuthology.orchestra.run.smithi050.stdout:/usr/bin/ceph: stderr
2024-05-12T22:50:25.885+0000 7f09147c6700 1 --2- 172.21.15.50:0/2497299531 >> [v2:172.21.15.50:6800/1803133410,v1:172.21.15.50:6801/1803133410] conn(0x7f08f803cb10 0x7f08f803ef00 secure :-1 s=READY pgs=3 cs=0 l=1 rev1=1 crypto rx=0x7f08fc003a10 tx=0x7f08fc0092b0 comp rx=0 tx=0).stop
2024-05-12T22:50:26.509 INFO:teuthology.orchestra.run.smithi050.stdout:/usr/bin/ceph: stderr
2024-05-12T22:50:25.885+0000 7f09147c6700 1 -- 172.21.15.50:0/2497299531 >> [v2:172.21.15.50:3300/0,v1:172.21.15.50:6789/0] conn(0x7f090c1087c0 msgr2=0x7f090c19bcc0 secure :-1 s=STATE_CONNECTION_ESTABLISHED l=1).mark_down
2024-05-12T22:50:26.509 INFO:teuthology.orchestra.run.smithi050.stdout:/usr/bin/ceph: stderr
2024-05-12T22:50:25.885+0000 7f09147c6700 1 --2- 172.21.15.50:0/2497299531 >> [v2:172.21.15.50:3300/0,v1:172.21.15.50:6789/0] conn(0x7f090c1087c0 0x7f090c19bcc0 secure :-1 s=READY pgs=58 cs=0 l=1 rev1=1 crypto rx=0x7f09080117e0 tx=0x7f0908011c10 comp rx=0 tx=0).stop
2024-05-12T22:50:26.509 INFO:teuthology.orchestra.run.smithi050.stdout:/usr/bin/ceph: stderr
2024-05-12T22:50:25.885+0000 7f09147c6700 1 -- 172.21.15.50:0/2497299531 shutdown_connections
2024-05-12T22:50:26.510 INFO:teuthology.orchestra.run.smithi050.stdout:/usr/bin/ceph: stderr
2024-05-12T22:50:25.885+0000 7f09147c6700 1 --2- 172.21.15.50:0/2497299531 >> [v2:172.21.15.50:3300/0,v1:172.21.15.50:6789/0] conn(0x7f090c1087c0 0x7f090c19bcc0 unknown :-1 s=CLOSED pgs=58 cs=0 l=1 rev1=1 crypto rx=0 tx=0 comp rx=0 tx=0).stop
2024-05-12T22:50:26.510 INFO:teuthology.orchestra.run.smithi050.stdout:/usr/bin/ceph: stderr
2024-05-12T22:50:25.885+0000 7f09147c6700 1 --2- 172.21.15.50:0/2497299531 >> [v2:172.21.15.50:6800/1803133410,v1:172.21.15.50:6801/1803133410] conn(0x7f08f803cb10 0x7f08f803ef00 unknown :-1 s=CLOSED pgs=3 cs=0 l=1 rev1=1 crypto rx=0 tx=0 comp rx=0 tx=0).stop
2024-05-12T22:50:26.510 INFO:teuthology.orchestra.run.smithi050.stdout:/usr/bin/ceph: stderr
2024-05-12T22:50:25.885+0000 7f09147c6700 1 --2- 172.21.15.50:0/2497299531 >> [v2:172.21.15.50:6800/1723284998,v1:172.21.15.50:6801/1723284998] conn(0x7f08f8039050 0x7f08f803b510 unknown :-1 s=CLOSED pgs=0 cs=0 l=1 rev1=0 crypto rx=0 tx=0 comp rx=0 tx=0).stop
2024-05-12T22:50:26.510 INFO:teuthology.orchestra.run.smithi050.stdout:/usr/bin/ceph: stderr
2024-05-12T22:50:25.885+0000 7f09147c6700 1 -- 172.21.15.50:0/2497299531 >> 172.21.15.50:0/2497299531 conn(0x7f090c102210 msgr2=0x7f090c102ce0 unknown :-1 s=STATE_NONE l=0).mark_down
2024-05-12T22:50:26.510 INFO:teuthology.orchestra.run.smithi050.stdout:/usr/bin/ceph: stderr
2024-05-12T22:50:25.885+0000 7f09147c6700 1 -- 172.21.15.50:0/2497299531 shutdown_connections
2024-05-12T22:50:26.510 INFO:teuthology.orchestra.run.smithi050.stdout:/usr/bin/ceph: stderr
2024-05-12T22:50:25.885+0000 7f09147c6700 1 -- 172.21.15.50:0/2497299531 wait complete.
2024-05-12T22:50:26.510 INFO:teuthology.orchestra.run.smithi050.stdout:mgr epoch 9 is available
2024-05-12T22:50:26.510 INFO:teuthology.orchestra.run.smithi050.stdout:Generating a dashboard self-signed certificate...
2024-05-12T22:50:27.024 INFO:journalctl@ceph.mon.a.smithi050.stdout:May 12 22:50:26 smithi050 ceph-mon[30173]: [12/May/2024:22:50:25] ENGINE Bus STARTING
2024-05-12T22:50:27.024 INFO:journalctl@ceph.mon.a.smithi050.stdout:May 12 22:50:26 smithi050 ceph-mon[30173]: [12/May/2024:22:50:26] ENGINE Serving on http://172.21.15.50:8765
2024-05-12T22:50:27.024 INFO:journalctl@ceph.mon.a.smithi050.stdout:May 12 22:50:26 smithi050 ceph-mon[30173]: [12/May/2024:22:50:26] ENGINE Serving on https://172.21.15.50:7150
2024-05-12T22:50:27.024 INFO:journalctl@ceph.mon.a.smithi050.stdout:May 12 22:50:26 smithi050 ceph-mon[30173]: [12/May/2024:22:50:26] ENGINE Bus STARTED
2024-05-12T22:50:27.778 INFO:teuthology.orchestra.run.smithi050.stdout:/usr/bin/ceph: stdout Self-signed certificate created
2024-05-12T22:50:27.778 INFO:teuthology.orchestra.run.smithi050.stdout:/usr/bin/ceph: stderr
2024-05-12T22:50:26.941+0000 7fe508caf700 1 Processor -- start
2024-05-12T22:50:27.779 INFO:teuthology.orchestra.run.smithi050.stdout:/usr/bin/ceph: stderr
2024-05-12T22:50:26.941+0000 7fe508caf700 1 -- start start
2024-05-12T22:50:27.779 INFO:teuthology.orchestra.run.smithi050.stdout:/usr/bin/ceph: stderr
2024-05-12T22:50:26.941+0000 7fe508caf700 1 --2- >> [v2:172.21.15.50:3300/0,v1:172.21.15.50:6789/0] conn(0x7fe50407ddc0 0x7fe50407c2c0 unknown :-1 s=NONE pgs=0 cs=0 l=0 rev1=0 crypto rx=0 tx=0 comp rx=0 tx=0).connect
2024-05-12T22:50:27.779 INFO:teuthology.orchestra.run.smithi050.stdout:/usr/bin/ceph: stderr
2024-05-12T22:50:26.941+0000 7fe508caf700 1 -- --> [v2:172.21.15.50:3300/0,v1:172.21.15.50:6789/0] -- mon_getmap magic: 0 -- 0x7fe50407c800 con 0x7fe50407ddc0
2024-05-12T22:50:27.779 INFO:teuthology.orchestra.run.smithi050.stdout:/usr/bin/ceph: stderr
2024-05-12T22:50:26.941+0000 7fe50259c700 1 --2- >> [v2:172.21.15.50:3300/0,v1:172.21.15.50:6789/0] conn(0x7fe50407ddc0 0x7fe50407c2c0 unknown :-1 s=BANNER_CONNECTING pgs=0 cs=0 l=0 rev1=0 crypto rx=0 tx=0 comp rx=0 tx=0)._handle_peer_banner_payload supported=3 required=0
2024-05-12T22:50:27.779 INFO:teuthology.orchestra.run.smithi050.stdout:/usr/bin/ceph: stderr
2024-05-12T22:50:26.941+0000 7fe50259c700 1 --2- >> [v2:172.21.15.50:3300/0,v1:172.21.15.50:6789/0] conn(0x7fe50407ddc0 0x7fe50407c2c0 unknown :-1 s=HELLO_CONNECTING pgs=0 cs=0 l=0 rev1=1 crypto rx=0 tx=0 comp rx=0 tx=0).handle_hello peer v2:172.21.15.50:3300/0 says I am v2:172.21.15.50:37328/0 (socket says 172.21.15.50:37328)
2024-05-12T22:50:27.779 INFO:teuthology.orchestra.run.smithi050.stdout:/usr/bin/ceph: stderr
2024-05-12T22:50:26.941+0000 7fe50259c700 1 -- 172.21.15.50:0/2250078996 learned_addr learned my addr 172.21.15.50:0/2250078996 (peer_addr_for_me v2:172.21.15.50:0/0)
2024-05-12T22:50:27.779 INFO:teuthology.orchestra.run.smithi050.stdout:/usr/bin/ceph: stderr
2024-05-12T22:50:26.942+0000 7fe50259c700 1 -- 172.21.15.50:0/2250078996 --> [v2:172.21.15.50:3300/0,v1:172.21.15.50:6789/0] -- mon_subscribe({config=0+,monmap=0+}) -- 0x7fe50407c980 con 0x7fe50407ddc0
2024-05-12T22:50:27.779 INFO:teuthology.orchestra.run.smithi050.stdout:/usr/bin/ceph: stderr
2024-05-12T22:50:26.942+0000 7fe50259c700 1 --2- 172.21.15.50:0/2250078996 >> [v2:172.21.15.50:3300/0,v1:172.21.15.50:6789/0] conn(0x7fe50407ddc0 0x7fe50407c2c0 secure :-1 s=READY pgs=66 cs=0 l=1 rev1=1 crypto rx=0x7fe4f40098a0 tx=0x7fe4f4009bb0 comp rx=0 tx=0).ready entity=mon.0 client_cookie=b6d42a06ead883c0 server_cookie=0 in_seq=0 out_seq=0
2024-05-12T22:50:27.779 INFO:teuthology.orchestra.run.smithi050.stdout:/usr/bin/ceph: stderr
2024-05-12T22:50:26.942+0000 7fe50159a700 1 -- 172.21.15.50:0/2250078996 <== mon.0 v2:172.21.15.50:3300/0 1 ==== mon_map magic: 0 ==== 205+0+0 (secure 0 0 0) 0x7fe4f4004160 con 0x7fe50407ddc0
2024-05-12T22:50:27.779 INFO:teuthology.orchestra.run.smithi050.stdout:/usr/bin/ceph: stderr
2024-05-12T22:50:26.942+0000 7fe50159a700 1 -- 172.21.15.50:0/2250078996 <== mon.0 v2:172.21.15.50:3300/0 2 ==== config(27 keys) ==== 1140+0+0 (secure 0 0 0) 0x7fe4f4004300 con 0x7fe50407ddc0
2024-05-12T22:50:27.779 INFO:teuthology.orchestra.run.smithi050.stdout:/usr/bin/ceph: stderr
2024-05-12T22:50:26.942+0000 7fe50159a700 1 -- 172.21.15.50:0/2250078996 <== mon.0 v2:172.21.15.50:3300/0 3 ==== mon_map magic: 0 ==== 205+0+0 (secure 0 0 0) 0x7fe4f4011b20 con 0x7fe50407ddc0
2024-05-12T22:50:27.779 INFO:teuthology.orchestra.run.smithi050.stdout:/usr/bin/ceph: stderr
2024-05-12T22:50:26.942+0000 7fe508caf700 1 -- 172.21.15.50:0/2250078996 >> [v2:172.21.15.50:3300/0,v1:172.21.15.50:6789/0] conn(0x7fe50407ddc0 msgr2=0x7fe50407c2c0 secure :-1 s=STATE_CONNECTION_ESTABLISHED l=1).mark_down
2024-05-12T22:50:27.779 INFO:teuthology.orchestra.run.smithi050.stdout:/usr/bin/ceph: stderr
2024-05-12T22:50:26.942+0000 7fe508caf700 1 --2- 172.21.15.50:0/2250078996 >> [v2:172.21.15.50:3300/0,v1:172.21.15.50:6789/0] conn(0x7fe50407ddc0 0x7fe50407c2c0 secure :-1 s=READY pgs=66 cs=0 l=1 rev1=1 crypto rx=0x7fe4f40098a0 tx=0x7fe4f4009bb0 comp rx=0 tx=0).stop
2024-05-12T22:50:27.780 INFO:teuthology.orchestra.run.smithi050.stdout:/usr/bin/ceph: stderr
2024-05-12T22:50:26.943+0000 7fe508caf700 1 -- 172.21.15.50:0/2250078996 shutdown_connections
2024-05-12T22:50:27.780 INFO:teuthology.orchestra.run.smithi050.stdout:/usr/bin/ceph: stderr
2024-05-12T22:50:26.943+0000 7fe508caf700 1 --2- 172.21.15.50:0/2250078996 >> [v2:172.21.15.50:3300/0,v1:172.21.15.50:6789/0] conn(0x7fe50407ddc0 0x7fe50407c2c0 unknown :-1 s=CLOSED pgs=66 cs=0 l=1 rev1=1 crypto rx=0 tx=0 comp rx=0 tx=0).stop
2024-05-12T22:50:27.780 INFO:teuthology.orchestra.run.smithi050.stdout:/usr/bin/ceph: stderr
2024-05-12T22:50:26.943+0000 7fe508caf700 1 -- 172.21.15.50:0/2250078996 >> 172.21.15.50:0/2250078996 conn(0x7fe504103420 msgr2=0x7fe504105840 unknown :-1 s=STATE_NONE l=0).mark_down
2024-05-12T22:50:27.780 INFO:teuthology.orchestra.run.smithi050.stdout:/usr/bin/ceph: stderr
2024-05-12T22:50:26.943+0000 7fe508caf700 1 -- 172.21.15.50:0/2250078996 shutdown_connections
2024-05-12T22:50:27.780 INFO:teuthology.orchestra.run.smithi050.stdout:/usr/bin/ceph: stderr
2024-05-12T22:50:26.943+0000 7fe508caf700 1 -- 172.21.15.50:0/2250078996 wait complete.
2024-05-12T22:50:27.780 INFO:teuthology.orchestra.run.smithi050.stdout:/usr/bin/ceph: stderr
2024-05-12T22:50:26.943+0000 7fe508caf700 1 Processor -- start
2024-05-12T22:50:27.780 INFO:teuthology.orchestra.run.smithi050.stdout:/usr/bin/ceph: stderr
2024-05-12T22:50:26.943+0000 7fe508caf700 1 -- start start
2024-05-12T22:50:27.780 INFO:teuthology.orchestra.run.smithi050.stdout:/usr/bin/ceph: stderr
2024-05-12T22:50:26.944+0000 7fe508caf700 1 --2- >> [v2:172.21.15.50:3300/0,v1:172.21.15.50:6789/0] conn(0x7fe50407ddc0 0x7fe50419dec0 unknown :-1 s=NONE pgs=0 cs=0 l=1 rev1=0 crypto rx=0 tx=0 comp rx=0 tx=0).connect
2024-05-12T22:50:27.780 INFO:teuthology.orchestra.run.smithi050.stdout:/usr/bin/ceph: stderr
2024-05-12T22:50:26.944+0000 7fe508caf700 1 -- --> [v2:172.21.15.50:3300/0,v1:172.21.15.50:6789/0] -- mon_getmap magic: 0 -- 0x7fe50410e3a0 con 0x7fe50407ddc0
2024-05-12T22:50:27.780 INFO:teuthology.orchestra.run.smithi050.stdout:/usr/bin/ceph: stderr
2024-05-12T22:50:26.944+0000 7fe50259c700 1 --2- >> [v2:172.21.15.50:3300/0,v1:172.21.15.50:6789/0] conn(0x7fe50407ddc0 0x7fe50419dec0 unknown :-1 s=BANNER_CONNECTING pgs=0 cs=0 l=1 rev1=0 crypto rx=0 tx=0 comp rx=0 tx=0)._handle_peer_banner_payload supported=3 required=0
2024-05-12T22:50:27.780 INFO:teuthology.orchestra.run.smithi050.stdout:/usr/bin/ceph: stderr
2024-05-12T22:50:26.944+0000 7fe50259c700 1 --2- >> [v2:172.21.15.50:3300/0,v1:172.21.15.50:6789/0] conn(0x7fe50407ddc0 0x7fe50419dec0 unknown :-1 s=HELLO_CONNECTING pgs=0 cs=0 l=1 rev1=1 crypto rx=0 tx=0 comp rx=0 tx=0).handle_hello peer v2:172.21.15.50:3300/0 says I am v2:172.21.15.50:37338/0 (socket says 172.21.15.50:37338)
2024-05-12T22:50:27.780 INFO:teuthology.orchestra.run.smithi050.stdout:/usr/bin/ceph: stderr
2024-05-12T22:50:26.944+0000 7fe50259c700 1 -- 172.21.15.50:0/3156888829 learned_addr learned my addr 172.21.15.50:0/3156888829 (peer_addr_for_me v2:172.21.15.50:0/0)
2024-05-12T22:50:27.780 INFO:teuthology.orchestra.run.smithi050.stdout:/usr/bin/ceph: stderr
2024-05-12T22:50:26.944+0000 7fe50259c700 1 -- 172.21.15.50:0/3156888829 --> [v2:172.21.15.50:3300/0,v1:172.21.15.50:6789/0] -- mon_subscribe({config=0+,monmap=0+}) -- 0x7fe50419e400 con 0x7fe50407ddc0
2024-05-12T22:50:27.780 INFO:teuthology.orchestra.run.smithi050.stdout:/usr/bin/ceph: stderr
2024-05-12T22:50:26.944+0000 7fe50259c700 1 --2- 172.21.15.50:0/3156888829 >> [v2:172.21.15.50:3300/0,v1:172.21.15.50:6789/0] conn(0x7fe50407ddc0 0x7fe50419dec0 secure :-1 s=READY pgs=67 cs=0 l=1 rev1=1 crypto rx=0x7fe4f40117e0 tx=0x7fe4f4011ba0 comp rx=0 tx=0).ready entity=mon.0 client_cookie=0 server_cookie=0 in_seq=0 out_seq=0
2024-05-12T22:50:27.780 INFO:teuthology.orchestra.run.smithi050.stdout:/usr/bin/ceph: stderr
2024-05-12T22:50:26.945+0000 7fe4f37fe700 1 -- 172.21.15.50:0/3156888829 <== mon.0 v2:172.21.15.50:3300/0 1 ==== mon_map magic: 0 ==== 205+0+0 (secure 0 0 0) 0x7fe4f4003ba0 con 0x7fe50407ddc0
2024-05-12T22:50:27.781 INFO:teuthology.orchestra.run.smithi050.stdout:/usr/bin/ceph: stderr
2024-05-12T22:50:26.945+0000 7fe4f37fe700 1 -- 172.21.15.50:0/3156888829 <== mon.0 v2:172.21.15.50:3300/0 2 ==== config(27 keys) ==== 1140+0+0 (secure 0 0 0) 0x7fe4f401a910 con 0x7fe50407ddc0
2024-05-12T22:50:27.781 INFO:teuthology.orchestra.run.smithi050.stdout:/usr/bin/ceph: stderr
2024-05-12T22:50:26.945+0000 7fe508caf700 1 -- 172.21.15.50:0/3156888829 --> [v2:172.21.15.50:3300/0,v1:172.21.15.50:6789/0] -- mon_subscribe({mgrmap=0+}) -- 0x7fe50419e690 con 0x7fe50407ddc0
2024-05-12T22:50:27.781 INFO:teuthology.orchestra.run.smithi050.stdout:/usr/bin/ceph: stderr
2024-05-12T22:50:26.945+0000 7fe4f37fe700 1 -- 172.21.15.50:0/3156888829 <== mon.0 v2:172.21.15.50:3300/0 3 ==== mon_map magic: 0 ==== 205+0+0 (secure 0 0 0) 0x7fe4f40248f0 con 0x7fe50407ddc0
2024-05-12T22:50:27.781 INFO:teuthology.orchestra.run.smithi050.stdout:/usr/bin/ceph: stderr
2024-05-12T22:50:26.945+0000 7fe508caf700 1 -- 172.21.15.50:0/3156888829 --> [v2:172.21.15.50:3300/0,v1:172.21.15.50:6789/0] -- mon_subscribe({osdmap=0}) -- 0x7fe50419eaf0 con 0x7fe50407ddc0
2024-05-12T22:50:27.781 INFO:teuthology.orchestra.run.smithi050.stdout:/usr/bin/ceph: stderr
2024-05-12T22:50:26.946+0000 7fe4f37fe700 1 -- 172.21.15.50:0/3156888829 <== mon.0 v2:172.21.15.50:3300/0 4 ==== mgrmap(e 12) ==== 46300+0+0 (secure 0 0 0) 0x7fe4f4022020 con 0x7fe50407ddc0
2024-05-12T22:50:27.781 INFO:teuthology.orchestra.run.smithi050.stdout:/usr/bin/ceph: stderr
2024-05-12T22:50:26.946+0000 7fe508caf700 1 -- 172.21.15.50:0/3156888829 --> [v2:172.21.15.50:3300/0,v1:172.21.15.50:6789/0] -- mon_command({"prefix": "get_command_descriptions"} v 0) -- 0x7fe504063980 con 0x7fe50407ddc0
2024-05-12T22:50:27.781 INFO:teuthology.orchestra.run.smithi050.stdout:/usr/bin/ceph: stderr
2024-05-12T22:50:26.946+0000 7fe4f37fe700 1 --2- 172.21.15.50:0/3156888829 >> [v2:172.21.15.50:6800/1803133410,v1:172.21.15.50:6801/1803133410] conn(0x7fe4ec039100 0x7fe4ec03b5c0 unknown :-1 s=NONE pgs=0 cs=0 l=1 rev1=0 crypto rx=0 tx=0 comp rx=0 tx=0).connect
2024-05-12T22:50:27.781 INFO:teuthology.orchestra.run.smithi050.stdout:/usr/bin/ceph: stderr
2024-05-12T22:50:26.946+0000 7fe4f37fe700 1 -- 172.21.15.50:0/3156888829 <== mon.0 v2:172.21.15.50:3300/0 5 ==== osd_map(3..3 src has 1..3) ==== 1155+0+0 (secure 0 0 0) 0x7fe4f404d5e0 con 0x7fe50407ddc0
2024-05-12T22:50:27.781 INFO:teuthology.orchestra.run.smithi050.stdout:/usr/bin/ceph: stderr
2024-05-12T22:50:26.946+0000 7fe501d9b700 1 --2- 172.21.15.50:0/3156888829 >> [v2:172.21.15.50:6800/1803133410,v1:172.21.15.50:6801/1803133410] conn(0x7fe4ec039100 0x7fe4ec03b5c0 unknown :-1 s=BANNER_CONNECTING pgs=0 cs=0 l=1 rev1=0 crypto rx=0 tx=0 comp rx=0 tx=0)._handle_peer_banner_payload supported=3 required=0
2024-05-12T22:50:27.781 INFO:teuthology.orchestra.run.smithi050.stdout:/usr/bin/ceph: stderr
2024-05-12T22:50:26.947+0000 7fe501d9b700 1 --2- 172.21.15.50:0/3156888829 >> [v2:172.21.15.50:6800/1803133410,v1:172.21.15.50:6801/1803133410] conn(0x7fe4ec039100 0x7fe4ec03b5c0 secure :-1 s=READY pgs=7 cs=0 l=1 rev1=1 crypto rx=0x7fe4f8006fd0 tx=0x7fe4f8006e40 comp rx=0 tx=0).ready entity=mgr.14148 client_cookie=0 server_cookie=0 in_seq=0 out_seq=0
2024-05-12T22:50:27.781 INFO:teuthology.orchestra.run.smithi050.stdout:/usr/bin/ceph: stderr
2024-05-12T22:50:26.951+0000 7fe4f37fe700 1 -- 172.21.15.50:0/3156888829 <== mon.0 v2:172.21.15.50:3300/0 6 ==== mon_command_ack([{"prefix": "get_command_descriptions"}]=0 v0) ==== 72+0+186418 (secure 0 0 0) 0x7fe4f400b3e0 con 0x7fe50407ddc0
2024-05-12T22:50:27.781 INFO:teuthology.orchestra.run.smithi050.stdout:/usr/bin/ceph: stderr
2024-05-12T22:50:27.167+0000 7fe508caf700 1 -- 172.21.15.50:0/3156888829 --> [v2:172.21.15.50:6800/1803133410,v1:172.21.15.50:6801/1803133410] -- mgr_command(tid 0: {"prefix": "dashboard create-self-signed-cert", "target": ["mon-mgr", ""]}) -- 0x7fe5041045d0 con 0x7fe4ec039100
2024-05-12T22:50:27.781 INFO:teuthology.orchestra.run.smithi050.stdout:/usr/bin/ceph: stderr
2024-05-12T22:50:27.231+0000 7fe4f37fe700 1 -- 172.21.15.50:0/3156888829 <== mgr.14148 v2:172.21.15.50:6800/1803133410 1 ==== mgr_command_reply(tid 0: 0 ) ==== 8+0+32 (secure 0 0 0) 0x7fe5041045d0 con 0x7fe4ec039100
2024-05-12T22:50:27.781 INFO:teuthology.orchestra.run.smithi050.stdout:/usr/bin/ceph: stderr
2024-05-12T22:50:27.233+0000 7fe508caf700 1 -- 172.21.15.50:0/3156888829 >> [v2:172.21.15.50:6800/1803133410,v1:172.21.15.50:6801/1803133410] conn(0x7fe4ec039100 msgr2=0x7fe4ec03b5c0 secure :-1 s=STATE_CONNECTION_ESTABLISHED l=1).mark_down
2024-05-12T22:50:27.782 INFO:teuthology.orchestra.run.smithi050.stdout:/usr/bin/ceph: stderr
2024-05-12T22:50:27.233+0000 7fe508caf700 1 --2- 172.21.15.50:0/3156888829 >> [v2:172.21.15.50:6800/1803133410,v1:172.21.15.50:6801/1803133410] conn(0x7fe4ec039100 0x7fe4ec03b5c0 secure :-1 s=READY pgs=7 cs=0 l=1 rev1=1 crypto rx=0x7fe4f8006fd0 tx=0x7fe4f8006e40 comp rx=0 tx=0).stop
2024-05-12T22:50:27.782 INFO:teuthology.orchestra.run.smithi050.stdout:/usr/bin/ceph: stderr
2024-05-12T22:50:27.233+0000 7fe508caf700 1 -- 172.21.15.50:0/3156888829 >> [v2:172.21.15.50:3300/0,v1:172.21.15.50:6789/0] conn(0x7fe50407ddc0 msgr2=0x7fe50419dec0 secure :-1 s=STATE_CONNECTION_ESTABLISHED l=1).mark_down
2024-05-12T22:50:27.782 INFO:teuthology.orchestra.run.smithi050.stdout:/usr/bin/ceph: stderr
2024-05-12T22:50:27.233+0000 7fe508caf700 1 --2- 172.21.15.50:0/3156888829 >> [v2:172.21.15.50:3300/0,v1:172.21.15.50:6789/0] conn(0x7fe50407ddc0 0x7fe50419dec0 secure :-1 s=READY pgs=67 cs=0 l=1 rev1=1 crypto rx=0x7fe4f40117e0 tx=0x7fe4f4011ba0 comp rx=0 tx=0).stop
2024-05-12T22:50:27.782 INFO:teuthology.orchestra.run.smithi050.stdout:/usr/bin/ceph: stderr
2024-05-12T22:50:27.234+0000 7fe508caf700 1 -- 172.21.15.50:0/3156888829 shutdown_connections
2024-05-12T22:50:27.782 INFO:teuthology.orchestra.run.smithi050.stdout:/usr/bin/ceph: stderr
2024-05-12T22:50:27.234+0000 7fe508caf700 1 --2- 172.21.15.50:0/3156888829 >> [v2:172.21.15.50:6800/1803133410,v1:172.21.15.50:6801/1803133410] conn(0x7fe4ec039100 0x7fe4ec03b5c0 unknown :-1 s=CLOSED pgs=7 cs=0 l=1 rev1=1 crypto rx=0 tx=0 comp rx=0 tx=0).stop
2024-05-12T22:50:27.782 INFO:teuthology.orchestra.run.smithi050.stdout:/usr/bin/ceph: stderr
2024-05-12T22:50:27.234+0000 7fe508caf700 1 --2- 172.21.15.50:0/3156888829 >> [v2:172.21.15.50:3300/0,v1:172.21.15.50:6789/0] conn(0x7fe50407ddc0 0x7fe50419dec0 unknown :-1 s=CLOSED pgs=67 cs=0 l=1 rev1=1 crypto rx=0 tx=0 comp rx=0 tx=0).stop
2024-05-12T22:50:27.782 INFO:teuthology.orchestra.run.smithi050.stdout:/usr/bin/ceph: stderr
2024-05-12T22:50:27.234+0000 7fe508caf700 1 -- 172.21.15.50:0/3156888829 >> 172.21.15.50:0/3156888829 conn(0x7fe504103420 msgr2=0x7fe504103ec0 unknown :-1 s=STATE_NONE l=0).mark_down
2024-05-12T22:50:27.782 INFO:teuthology.orchestra.run.smithi050.stdout:/usr/bin/ceph: stderr
2024-05-12T22:50:27.234+0000 7fe508caf700 1 -- 172.21.15.50:0/3156888829 shutdown_connections
2024-05-12T22:50:27.782 INFO:teuthology.orchestra.run.smithi050.stdout:/usr/bin/ceph: stderr
2024-05-12T22:50:27.234+0000 7fe508caf700 1 -- 172.21.15.50:0/3156888829 wait complete.
2024-05-12T22:50:27.782 INFO:teuthology.orchestra.run.smithi050.stdout:Creating initial admin user...
2024-05-12T22:50:28.164 INFO:journalctl@ceph.mon.a.smithi050.stdout:May 12 22:50:27 smithi050 ceph-mon[30173]: mgrmap e12: x(active, since 2s)
2024-05-12T22:50:28.164 INFO:journalctl@ceph.mon.a.smithi050.stdout:May 12 22:50:27 smithi050 ceph-mon[30173]: from='client.14160 -' entity='client.admin' cmd=[{"prefix": "dashboard create-self-signed-cert", "target": ["mon-mgr", ""]}]: dispatch
2024-05-12T22:50:28.164 INFO:journalctl@ceph.mon.a.smithi050.stdout:May 12 22:50:27 smithi050 ceph-mon[30173]: from='mgr.14148 172.21.15.50:0/447788177' entity='mgr.x'
2024-05-12T22:50:28.164 INFO:journalctl@ceph.mon.a.smithi050.stdout:May 12 22:50:27 smithi050 ceph-mon[30173]: from='mgr.14148 172.21.15.50:0/447788177' entity='mgr.x'
2024-05-12T22:50:28.164 INFO:journalctl@ceph.mon.a.smithi050.stdout:May 12 22:50:27 smithi050 ceph-mon[30173]: from='mgr.14148 172.21.15.50:0/447788177' entity='mgr.x'
2024-05-12T22:50:29.274 INFO:journalctl@ceph.mon.a.smithi050.stdout:May 12 22:50:28 smithi050 ceph-mon[30173]: from='client.14162 -' entity='client.admin' cmd=[{"prefix": "dashboard ac-user-create", "username": "admin", "rolename": "administrator", "force_password": true, "pwd_update_required": true, "target": ["mon-mgr", ""]}]: dispatch
2024-05-12T22:50:29.275 INFO:journalctl@ceph.mon.a.smithi050.stdout:May 12 22:50:28 smithi050 ceph-mon[30173]: from='mgr.14148 172.21.15.50:0/447788177' entity='mgr.x'
2024-05-12T22:50:29.275 INFO:journalctl@ceph.mon.a.smithi050.stdout:May 12 22:50:28 smithi050 ceph-mon[30173]: from='mgr.14148 172.21.15.50:0/447788177' entity='mgr.x'
2024-05-12T22:50:29.345 INFO:teuthology.orchestra.run.smithi050.stdout:/usr/bin/ceph: stdout {"username": "admin", "password": "$2b$12$c/DQWujydpAFAbZU9gWkX.DVuo355xkVbJYdJYC0pDXlbghIsBFCS", "roles": ["administrator"], "name": null, "email": null, "lastUpdate": 1715554228, "enabled": true, "pwdExpirationDate": null, "pwdUpdateRequired": true}
2024-05-12T22:50:29.345 INFO:teuthology.orchestra.run.smithi050.stdout:/usr/bin/ceph: stderr
2024-05-12T22:50:28.178+0000 7f68b8457700 1 Processor -- start
2024-05-12T22:50:29.345 INFO:teuthology.orchestra.run.smithi050.stdout:/usr/bin/ceph: stderr
2024-05-12T22:50:28.178+0000 7f68b8457700 1 -- start start
2024-05-12T22:50:29.345 INFO:teuthology.orchestra.run.smithi050.stdout:/usr/bin/ceph: stderr
2024-05-12T22:50:28.178+0000 7f68b8457700 1 --2- >> [v2:172.21.15.50:3300/0,v1:172.21.15.50:6789/0] conn(0x7f68b01087d0 0x7f68b010abc0 unknown :-1 s=NONE pgs=0 cs=0 l=0 rev1=0 crypto rx=0 tx=0 comp rx=0 tx=0).connect
2024-05-12T22:50:29.345 INFO:teuthology.orchestra.run.smithi050.stdout:/usr/bin/ceph: stderr
2024-05-12T22:50:28.178+0000 7f68b8457700 1 -- --> [v2:172.21.15.50:3300/0,v1:172.21.15.50:6789/0] -- mon_getmap magic: 0 -- 0x7f68b007be70 con 0x7f68b01087d0
2024-05-12T22:50:29.345 INFO:teuthology.orchestra.run.smithi050.stdout:/usr/bin/ceph: stderr
2024-05-12T22:50:28.178+0000 7f68b61f3700 1 --2- >> [v2:172.21.15.50:3300/0,v1:172.21.15.50:6789/0] conn(0x7f68b01087d0 0x7f68b010abc0 unknown :-1 s=BANNER_CONNECTING pgs=0 cs=0 l=0 rev1=0 crypto rx=0 tx=0 comp rx=0 tx=0)._handle_peer_banner_payload supported=3 required=0
2024-05-12T22:50:29.345 INFO:teuthology.orchestra.run.smithi050.stdout:/usr/bin/ceph: stderr
2024-05-12T22:50:28.178+0000 7f68b61f3700 1 --2- >> [v2:172.21.15.50:3300/0,v1:172.21.15.50:6789/0] conn(0x7f68b01087d0 0x7f68b010abc0 unknown :-1 s=HELLO_CONNECTING pgs=0 cs=0 l=0 rev1=1 crypto rx=0 tx=0 comp rx=0 tx=0).handle_hello peer v2:172.21.15.50:3300/0 says I am v2:172.21.15.50:37342/0 (socket says 172.21.15.50:37342)
2024-05-12T22:50:29.345 INFO:teuthology.orchestra.run.smithi050.stdout:/usr/bin/ceph: stderr
2024-05-12T22:50:28.178+0000 7f68b61f3700 1 -- 172.21.15.50:0/3906486805 learned_addr learned my addr 172.21.15.50:0/3906486805 (peer_addr_for_me v2:172.21.15.50:0/0)
2024-05-12T22:50:29.345 INFO:teuthology.orchestra.run.smithi050.stdout:/usr/bin/ceph: stderr
2024-05-12T22:50:28.179+0000 7f68b61f3700 1 -- 172.21.15.50:0/3906486805 --> [v2:172.21.15.50:3300/0,v1:172.21.15.50:6789/0] -- mon_subscribe({config=0+,monmap=0+}) -- 0x7f68b010b100 con 0x7f68b01087d0
2024-05-12T22:50:29.345 INFO:teuthology.orchestra.run.smithi050.stdout:/usr/bin/ceph: stderr
2024-05-12T22:50:28.179+0000 7f68b61f3700 1 --2- 172.21.15.50:0/3906486805 >> [v2:172.21.15.50:3300/0,v1:172.21.15.50:6789/0] conn(0x7f68b01087d0 0x7f68b010abc0 secure :-1 s=READY pgs=68 cs=0 l=1 rev1=1 crypto rx=0x7f68ac0098a0 tx=0x7f68ac009bb0 comp rx=0 tx=0).ready entity=mon.0 client_cookie=f9d80637c3a4469a server_cookie=0 in_seq=0 out_seq=0
2024-05-12T22:50:29.345 INFO:teuthology.orchestra.run.smithi050.stdout:/usr/bin/ceph: stderr
2024-05-12T22:50:28.179+0000 7f68b51f1700 1 -- 172.21.15.50:0/3906486805 <== mon.0 v2:172.21.15.50:3300/0 1 ==== mon_map magic: 0 ==== 205+0+0 (secure 0 0 0) 0x7f68ac004160 con 0x7f68b01087d0
2024-05-12T22:50:29.345 INFO:teuthology.orchestra.run.smithi050.stdout:/usr/bin/ceph: stderr
2024-05-12T22:50:28.179+0000 7f68b51f1700 1 -- 172.21.15.50:0/3906486805 <== mon.0 v2:172.21.15.50:3300/0 2 ==== config(27 keys) ==== 1140+0+0 (secure 0 0 0) 0x7f68ac004300 con 0x7f68b01087d0
2024-05-12T22:50:29.346 INFO:teuthology.orchestra.run.smithi050.stdout:/usr/bin/ceph: stderr
2024-05-12T22:50:28.179+0000 7f68b51f1700 1 -- 172.21.15.50:0/3906486805 <== mon.0 v2:172.21.15.50:3300/0 3 ==== mon_map magic: 0 ==== 205+0+0 (secure 0 0 0) 0x7f68ac011b20 con 0x7f68b01087d0
2024-05-12T22:50:29.346 INFO:teuthology.orchestra.run.smithi050.stdout:/usr/bin/ceph: stderr
2024-05-12T22:50:28.180+0000 7f68b8457700 1 -- 172.21.15.50:0/3906486805 >> [v2:172.21.15.50:3300/0,v1:172.21.15.50:6789/0] conn(0x7f68b01087d0 msgr2=0x7f68b010abc0 secure :-1 s=STATE_CONNECTION_ESTABLISHED l=1).mark_down
2024-05-12T22:50:29.346 INFO:teuthology.orchestra.run.smithi050.stdout:/usr/bin/ceph: stderr
2024-05-12T22:50:28.180+0000 7f68b8457700 1 --2- 172.21.15.50:0/3906486805 >> [v2:172.21.15.50:3300/0,v1:172.21.15.50:6789/0] conn(0x7f68b01087d0 0x7f68b010abc0 secure :-1 s=READY pgs=68 cs=0 l=1 rev1=1 crypto rx=0x7f68ac0098a0 tx=0x7f68ac009bb0 comp rx=0 tx=0).stop
2024-05-12T22:50:29.346 INFO:teuthology.orchestra.run.smithi050.stdout:/usr/bin/ceph: stderr
2024-05-12T22:50:28.180+0000 7f68b8457700 1 -- 172.21.15.50:0/3906486805 shutdown_connections
2024-05-12T22:50:29.346 INFO:teuthology.orchestra.run.smithi050.stdout:/usr/bin/ceph: stderr
2024-05-12T22:50:28.180+0000 7f68b8457700 1 --2- 172.21.15.50:0/3906486805 >> [v2:172.21.15.50:3300/0,v1:172.21.15.50:6789/0] conn(0x7f68b01087d0 0x7f68b010abc0 unknown :-1 s=CLOSED pgs=68 cs=0 l=1 rev1=1 crypto rx=0 tx=0 comp rx=0 tx=0).stop
2024-05-12T22:50:29.346 INFO:teuthology.orchestra.run.smithi050.stdout:/usr/bin/ceph: stderr
2024-05-12T22:50:28.180+0000 7f68b8457700 1 -- 172.21.15.50:0/3906486805 >> 172.21.15.50:0/3906486805 conn(0x7f68b01021e0 msgr2=0x7f68b0104640 unknown :-1 s=STATE_NONE l=0).mark_down
2024-05-12T22:50:29.346 INFO:teuthology.orchestra.run.smithi050.stdout:/usr/bin/ceph: stderr
2024-05-12T22:50:28.180+0000 7f68b8457700 1 -- 172.21.15.50:0/3906486805 shutdown_connections
2024-05-12T22:50:29.346 INFO:teuthology.orchestra.run.smithi050.stdout:/usr/bin/ceph: stderr
2024-05-12T22:50:28.180+0000 7f68b8457700 1 -- 172.21.15.50:0/3906486805 wait complete.
2024-05-12T22:50:29.346 INFO:teuthology.orchestra.run.smithi050.stdout:/usr/bin/ceph: stderr
2024-05-12T22:50:28.181+0000 7f68b8457700 1 Processor -- start
2024-05-12T22:50:29.346 INFO:teuthology.orchestra.run.smithi050.stdout:/usr/bin/ceph: stderr
2024-05-12T22:50:28.181+0000 7f68b8457700 1 -- start start
2024-05-12T22:50:29.346 INFO:teuthology.orchestra.run.smithi050.stdout:/usr/bin/ceph: stderr
2024-05-12T22:50:28.181+0000 7f68b8457700 1 --2- >> [v2:172.21.15.50:3300/0,v1:172.21.15.50:6789/0] conn(0x7f68b01087d0 0x7f68b0108050 unknown :-1 s=NONE pgs=0 cs=0 l=1 rev1=0 crypto rx=0 tx=0 comp rx=0 tx=0).connect
2024-05-12T22:50:29.347 INFO:teuthology.orchestra.run.smithi050.stdout:/usr/bin/ceph: stderr
2024-05-12T22:50:28.181+0000 7f68b8457700 1 -- --> [v2:172.21.15.50:3300/0,v1:172.21.15.50:6789/0] -- mon_getmap magic: 0 -- 0x7f68b010c170 con 0x7f68b01087d0
2024-05-12T22:50:29.347 INFO:teuthology.orchestra.run.smithi050.stdout:/usr/bin/ceph: stderr
2024-05-12T22:50:28.181+0000 7f68b61f3700 1 --2- >> [v2:172.21.15.50:3300/0,v1:172.21.15.50:6789/0] conn(0x7f68b01087d0 0x7f68b0108050 unknown :-1 s=BANNER_CONNECTING pgs=0 cs=0 l=1 rev1=0 crypto rx=0 tx=0 comp rx=0 tx=0)._handle_peer_banner_payload supported=3 required=0
2024-05-12T22:50:29.347 INFO:teuthology.orchestra.run.smithi050.stdout:/usr/bin/ceph: stderr
2024-05-12T22:50:28.181+0000 7f68b61f3700 1 --2- >> [v2:172.21.15.50:3300/0,v1:172.21.15.50:6789/0] conn(0x7f68b01087d0 0x7f68b0108050 unknown :-1 s=HELLO_CONNECTING pgs=0 cs=0 l=1 rev1=1 crypto rx=0 tx=0 comp rx=0 tx=0).handle_hello peer v2:172.21.15.50:3300/0 says I am v2:172.21.15.50:37354/0 (socket says 172.21.15.50:37354)
2024-05-12T22:50:29.347 INFO:teuthology.orchestra.run.smithi050.stdout:/usr/bin/ceph: stderr
2024-05-12T22:50:28.181+0000 7f68b61f3700 1 -- 172.21.15.50:0/4027406022 learned_addr learned my addr 172.21.15.50:0/4027406022 (peer_addr_for_me v2:172.21.15.50:0/0)
2024-05-12T22:50:29.347 INFO:teuthology.orchestra.run.smithi050.stdout:/usr/bin/ceph: stderr
2024-05-12T22:50:28.181+0000 7f68b61f3700 1 -- 172.21.15.50:0/4027406022 --> [v2:172.21.15.50:3300/0,v1:172.21.15.50:6789/0] -- mon_subscribe({config=0+,monmap=0+}) -- 0x7f68b0108590 con 0x7f68b01087d0
2024-05-12T22:50:29.347 INFO:teuthology.orchestra.run.smithi050.stdout:/usr/bin/ceph: stderr
2024-05-12T22:50:28.182+0000 7f68b61f3700 1 --2- 172.21.15.50:0/4027406022 >> [v2:172.21.15.50:3300/0,v1:172.21.15.50:6789/0] conn(0x7f68b01087d0 0x7f68b0108050 secure :-1 s=READY pgs=69 cs=0 l=1 rev1=1 crypto rx=0x7f68ac0117e0 tx=0x7f68ac011c10 comp rx=0 tx=0).ready entity=mon.0 client_cookie=0 server_cookie=0 in_seq=0 out_seq=0
2024-05-12T22:50:29.347 INFO:teuthology.orchestra.run.smithi050.stdout:/usr/bin/ceph: stderr
2024-05-12T22:50:28.182+0000 7f68a77fe700 1 -- 172.21.15.50:0/4027406022 <== mon.0 v2:172.21.15.50:3300/0 1 ==== mon_map magic: 0 ==== 205+0+0 (secure 0 0 0) 0x7f68ac003bf0 con 0x7f68b01087d0
2024-05-12T22:50:29.347 INFO:teuthology.orchestra.run.smithi050.stdout:/usr/bin/ceph: stderr
2024-05-12T22:50:28.182+0000 7f68a77fe700 1 -- 172.21.15.50:0/4027406022 <== mon.0 v2:172.21.15.50:3300/0 2 ==== config(27 keys) ==== 1140+0+0 (secure 0 0 0) 0x7f68ac01a910 con 0x7f68b01087d0
2024-05-12T22:50:29.347 INFO:teuthology.orchestra.run.smithi050.stdout:/usr/bin/ceph: stderr
2024-05-12T22:50:28.182+0000 7f68b8457700 1 -- 172.21.15.50:0/4027406022 --> [v2:172.21.15.50:3300/0,v1:172.21.15.50:6789/0] -- mon_subscribe({mgrmap=0+}) -- 0x7f68b0106780 con 0x7f68b01087d0
2024-05-12T22:50:29.347 INFO:teuthology.orchestra.run.smithi050.stdout:/usr/bin/ceph: stderr
2024-05-12T22:50:28.182+0000 7f68a77fe700 1 -- 172.21.15.50:0/4027406022 <== mon.0 v2:172.21.15.50:3300/0 3 ==== mon_map magic: 0 ==== 205+0+0 (secure 0 0 0) 0x7f68ac024970 con 0x7f68b01087d0
2024-05-12T22:50:29.347 INFO:teuthology.orchestra.run.smithi050.stdout:/usr/bin/ceph: stderr
2024-05-12T22:50:28.182+0000 7f68b8457700 1 -- 172.21.15.50:0/4027406022 --> [v2:172.21.15.50:3300/0,v1:172.21.15.50:6789/0] -- mon_subscribe({osdmap=0}) -- 0x7f68b0106c40 con 0x7f68b01087d0
2024-05-12T22:50:29.347 INFO:teuthology.orchestra.run.smithi050.stdout:/usr/bin/ceph: stderr
2024-05-12T22:50:28.183+0000 7f68a77fe700 1 -- 172.21.15.50:0/4027406022 <== mon.0 v2:172.21.15.50:3300/0 4 ==== mgrmap(e 12) ==== 46300+0+0 (secure 0 0 0) 0x7f68ac022020 con 0x7f68b01087d0
2024-05-12T22:50:29.347 INFO:teuthology.orchestra.run.smithi050.stdout:/usr/bin/ceph: stderr
2024-05-12T22:50:28.183+0000 7f68b8457700 1 -- 172.21.15.50:0/4027406022 --> [v2:172.21.15.50:3300/0,v1:172.21.15.50:6789/0] -- mon_command({"prefix": "get_command_descriptions"} v 0) -- 0x7f68b0063980 con 0x7f68b01087d0
2024-05-12T22:50:29.347 INFO:teuthology.orchestra.run.smithi050.stdout:/usr/bin/ceph: stderr
2024-05-12T22:50:28.183+0000 7f68a77fe700 1 --2- 172.21.15.50:0/4027406022 >> [v2:172.21.15.50:6800/1803133410,v1:172.21.15.50:6801/1803133410] conn(0x7f689c0390b0 0x7f689c03b570 unknown :-1 s=NONE pgs=0 cs=0 l=1 rev1=0 crypto rx=0 tx=0 comp rx=0 tx=0).connect
2024-05-12T22:50:29.347 INFO:teuthology.orchestra.run.smithi050.stdout:/usr/bin/ceph: stderr
2024-05-12T22:50:28.183+0000 7f68b59f2700 1 --2- 172.21.15.50:0/4027406022 >> [v2:172.21.15.50:6800/1803133410,v1:172.21.15.50:6801/1803133410] conn(0x7f689c0390b0 0x7f689c03b570 unknown :-1 s=BANNER_CONNECTING pgs=0 cs=0 l=1 rev1=0 crypto rx=0 tx=0 comp rx=0 tx=0)._handle_peer_banner_payload supported=3 required=0
2024-05-12T22:50:29.348 INFO:teuthology.orchestra.run.smithi050.stdout:/usr/bin/ceph: stderr
2024-05-12T22:50:28.183+0000 7f68a77fe700 1 -- 172.21.15.50:0/4027406022 <== mon.0 v2:172.21.15.50:3300/0 5 ==== osd_map(3..3 src has 1..3) ==== 1155+0+0 (secure 0 0 0) 0x7f68ac04d4a0 con 0x7f68b01087d0
2024-05-12T22:50:29.348 INFO:teuthology.orchestra.run.smithi050.stdout:/usr/bin/ceph: stderr
2024-05-12T22:50:28.184+0000 7f68b59f2700 1 --2- 172.21.15.50:0/4027406022 >> [v2:172.21.15.50:6800/1803133410,v1:172.21.15.50:6801/1803133410] conn(0x7f689c0390b0 0x7f689c03b570 secure :-1 s=READY pgs=8 cs=0 l=1 rev1=1 crypto rx=0x7f68a0006fd0 tx=0x7f68a0006e40 comp rx=0 tx=0).ready entity=mgr.14148 client_cookie=0 server_cookie=0 in_seq=0 out_seq=0
2024-05-12T22:50:29.348 INFO:teuthology.orchestra.run.smithi050.stdout:/usr/bin/ceph: stderr
2024-05-12T22:50:28.189+0000 7f68a77fe700 1 -- 172.21.15.50:0/4027406022 <== mon.0 v2:172.21.15.50:3300/0 6 ==== mon_command_ack([{"prefix": "get_command_descriptions"}]=0 v0) ==== 72+0+186418 (secure 0 0 0) 0x7f68ac011e20 con 0x7f68b01087d0
2024-05-12T22:50:29.348 INFO:teuthology.orchestra.run.smithi050.stdout:/usr/bin/ceph: stderr
2024-05-12T22:50:28.413+0000 7f68b8457700 1 -- 172.21.15.50:0/4027406022 --> [v2:172.21.15.50:6800/1803133410,v1:172.21.15.50:6801/1803133410] -- mgr_command(tid 0: {"prefix": "dashboard ac-user-create", "username": "admin", "rolename": "administrator", "force_password": true, "pwd_update_required": true, "target": ["mon-mgr", ""]}) -- 0x7f68b0106e10 con 0x7f689c0390b0
2024-05-12T22:50:29.348 INFO:teuthology.orchestra.run.smithi050.stdout:/usr/bin/ceph: stderr
2024-05-12T22:50:28.660+0000 7f68a77fe700 1 -- 172.21.15.50:0/4027406022 <== mgr.14148 v2:172.21.15.50:6800/1803133410 1 ==== mgr_command_reply(tid 0: 0 ) ==== 8+0+252 (secure 0 0 0) 0x7f68b0106e10 con 0x7f689c0390b0
2024-05-12T22:50:29.348 INFO:teuthology.orchestra.run.smithi050.stdout:/usr/bin/ceph: stderr
2024-05-12T22:50:28.662+0000 7f68b8457700 1 -- 172.21.15.50:0/4027406022 >> [v2:172.21.15.50:6800/1803133410,v1:172.21.15.50:6801/1803133410] conn(0x7f689c0390b0 msgr2=0x7f689c03b570 secure :-1 s=STATE_CONNECTION_ESTABLISHED l=1).mark_down
2024-05-12T22:50:29.348 INFO:teuthology.orchestra.run.smithi050.stdout:/usr/bin/ceph: stderr
2024-05-12T22:50:28.662+0000 7f68b8457700 1 --2- 172.21.15.50:0/4027406022 >> [v2:172.21.15.50:6800/1803133410,v1:172.21.15.50:6801/1803133410] conn(0x7f689c0390b0 0x7f689c03b570 secure :-1 s=READY pgs=8 cs=0 l=1 rev1=1 crypto rx=0x7f68a0006fd0 tx=0x7f68a0006e40 comp rx=0 tx=0).stop
2024-05-12T22:50:29.348 INFO:teuthology.orchestra.run.smithi050.stdout:/usr/bin/ceph: stderr
2024-05-12T22:50:28.662+0000 7f68b8457700 1 -- 172.21.15.50:0/4027406022 >> [v2:172.21.15.50:3300/0,v1:172.21.15.50:6789/0] conn(0x7f68b01087d0 msgr2=0x7f68b0108050 secure :-1 s=STATE_CONNECTION_ESTABLISHED l=1).mark_down
2024-05-12T22:50:29.348 INFO:teuthology.orchestra.run.smithi050.stdout:/usr/bin/ceph: stderr
2024-05-12T22:50:28.662+0000 7f68b8457700 1 --2- 172.21.15.50:0/4027406022 >> [v2:172.21.15.50:3300/0,v1:172.21.15.50:6789/0] conn(0x7f68b01087d0 0x7f68b0108050 secure :-1 s=READY pgs=69 cs=0 l=1 rev1=1 crypto rx=0x7f68ac0117e0 tx=0x7f68ac011c10 comp rx=0 tx=0).stop
2024-05-12T22:50:29.348 INFO:teuthology.orchestra.run.smithi050.stdout:/usr/bin/ceph: stderr
2024-05-12T22:50:28.662+0000 7f68b8457700 1 -- 172.21.15.50:0/4027406022 shutdown_connections
2024-05-12T22:50:29.348 INFO:teuthology.orchestra.run.smithi050.stdout:/usr/bin/ceph: stderr
2024-05-12T22:50:28.662+0000 7f68b8457700 1 --2- 172.21.15.50:0/4027406022 >> [v2:172.21.15.50:6800/1803133410,v1:172.21.15.50:6801/1803133410] conn(0x7f689c0390b0 0x7f689c03b570 unknown :-1 s=CLOSED pgs=8 cs=0 l=1 rev1=1 crypto rx=0 tx=0 comp rx=0 tx=0).stop
2024-05-12T22:50:29.348 INFO:teuthology.orchestra.run.smithi050.stdout:/usr/bin/ceph: stderr
2024-05-12T22:50:28.662+0000 7f68b8457700 1 --2- 172.21.15.50:0/4027406022 >> [v2:172.21.15.50:3300/0,v1:172.21.15.50:6789/0] conn(0x7f68b01087d0 0x7f68b0108050 unknown :-1 s=CLOSED pgs=69 cs=0 l=1 rev1=1 crypto rx=0 tx=0 comp rx=0 tx=0).stop
2024-05-12T22:50:29.348 INFO:teuthology.orchestra.run.smithi050.stdout:/usr/bin/ceph: stderr
2024-05-12T22:50:28.662+0000 7f68b8457700 1 -- 172.21.15.50:0/4027406022 >> 172.21.15.50:0/4027406022 conn(0x7f68b01021e0 msgr2=0x7f68b0102cf0 unknown :-1 s=STATE_NONE l=0).mark_down
2024-05-12T22:50:29.348 INFO:teuthology.orchestra.run.smithi050.stdout:/usr/bin/ceph: stderr
2024-05-12T22:50:28.662+0000 7f68b8457700 1 -- 172.21.15.50:0/4027406022 shutdown_connections
2024-05-12T22:50:29.348 INFO:teuthology.orchestra.run.smithi050.stdout:/usr/bin/ceph: stderr
2024-05-12T22:50:28.662+0000 7f68b8457700 1 -- 172.21.15.50:0/4027406022 wait complete.
2024-05-12T22:50:29.349 INFO:teuthology.orchestra.run.smithi050.stdout:Fetching dashboard port number...
2024-05-12T22:50:30.274 INFO:journalctl@ceph.mon.a.smithi050.stdout:May 12 22:50:30 smithi050 ceph-mon[30173]: from='client.? 172.21.15.50:0/1617491532' entity='client.admin' cmd=[{"prefix": "config get", "who": "mgr", "key": "mgr/dashboard/ssl_server_port"}]: dispatch
2024-05-12T22:50:31.312 INFO:teuthology.orchestra.run.smithi050.stdout:/usr/bin/ceph: stdout 8443
2024-05-12T22:50:31.312 INFO:teuthology.orchestra.run.smithi050.stdout:/usr/bin/ceph: stderr
2024-05-12T22:50:29.743+0000 7fdd64aac700 1 Processor -- start
2024-05-12T22:50:31.312 INFO:teuthology.orchestra.run.smithi050.stdout:/usr/bin/ceph: stderr
2024-05-12T22:50:29.743+0000 7fdd64aac700 1 -- start start
2024-05-12T22:50:31.312 INFO:teuthology.orchestra.run.smithi050.stdout:/usr/bin/ceph: stderr
2024-05-12T22:50:29.743+0000 7fdd64aac700 1 --2- >> [v2:172.21.15.50:3300/0,v1:172.21.15.50:6789/0] conn(0x7fdd60106ca0 0x7fdd601070c0 unknown :-1 s=NONE pgs=0 cs=0 l=0 rev1=0 crypto rx=0 tx=0 comp rx=0 tx=0).connect
2024-05-12T22:50:31.313 INFO:teuthology.orchestra.run.smithi050.stdout:/usr/bin/ceph: stderr
2024-05-12T22:50:29.743+0000 7fdd64aac700 1 -- --> [v2:172.21.15.50:3300/0,v1:172.21.15.50:6789/0] -- mon_getmap magic: 0 -- 0x7fdd60107690 con 0x7fdd60106ca0
2024-05-12T22:50:31.313 INFO:teuthology.orchestra.run.smithi050.stdout:/usr/bin/ceph: stderr
2024-05-12T22:50:29.744+0000 7fdd5e59c700 1 --2- >> [v2:172.21.15.50:3300/0,v1:172.21.15.50:6789/0] conn(0x7fdd60106ca0 0x7fdd601070c0 unknown :-1 s=BANNER_CONNECTING pgs=0 cs=0 l=0 rev1=0 crypto rx=0 tx=0 comp rx=0 tx=0)._handle_peer_banner_payload supported=3 required=0
2024-05-12T22:50:31.313 INFO:teuthology.orchestra.run.smithi050.stdout:/usr/bin/ceph: stderr
2024-05-12T22:50:29.744+0000 7fdd5e59c700 1 --2- >> [v2:172.21.15.50:3300/0,v1:172.21.15.50:6789/0] conn(0x7fdd60106ca0 0x7fdd601070c0 unknown :-1 s=HELLO_CONNECTING pgs=0 cs=0 l=0 rev1=1 crypto rx=0 tx=0 comp rx=0 tx=0).handle_hello peer v2:172.21.15.50:3300/0 says I am v2:172.21.15.50:37362/0 (socket says 172.21.15.50:37362)
2024-05-12T22:50:31.313 INFO:teuthology.orchestra.run.smithi050.stdout:/usr/bin/ceph: stderr
2024-05-12T22:50:29.744+0000 7fdd5e59c700 1 -- 172.21.15.50:0/434206488 learned_addr learned my addr 172.21.15.50:0/434206488 (peer_addr_for_me v2:172.21.15.50:0/0)
2024-05-12T22:50:31.313 INFO:teuthology.orchestra.run.smithi050.stdout:/usr/bin/ceph: stderr
2024-05-12T22:50:29.744+0000 7fdd5e59c700 1 -- 172.21.15.50:0/434206488 --> [v2:172.21.15.50:3300/0,v1:172.21.15.50:6789/0] -- mon_subscribe({config=0+,monmap=0+}) -- 0x7fdd60107ea0 con 0x7fdd60106ca0
2024-05-12T22:50:31.313 INFO:teuthology.orchestra.run.smithi050.stdout:/usr/bin/ceph: stderr
2024-05-12T22:50:29.744+0000 7fdd5e59c700 1 --2- 172.21.15.50:0/434206488 >> [v2:172.21.15.50:3300/0,v1:172.21.15.50:6789/0] conn(0x7fdd60106ca0 0x7fdd601070c0 secure :-1 s=READY pgs=70 cs=0 l=1 rev1=1 crypto rx=0x7fdd500098a0 tx=0x7fdd50009bb0 comp rx=0 tx=0).ready entity=mon.0 client_cookie=30fce7ba13afdf50 server_cookie=0 in_seq=0 out_seq=0
2024-05-12T22:50:31.313 INFO:teuthology.orchestra.run.smithi050.stdout:/usr/bin/ceph: stderr
2024-05-12T22:50:29.744+0000 7fdd5dd9b700 1 -- 172.21.15.50:0/434206488 <== mon.0 v2:172.21.15.50:3300/0 1 ==== mon_map magic: 0 ==== 205+0+0 (secure 0 0 0) 0x7fdd50004160 con 0x7fdd60106ca0
2024-05-12T22:50:31.313 INFO:teuthology.orchestra.run.smithi050.stdout:/usr/bin/ceph: stderr
2024-05-12T22:50:29.744+0000 7fdd5dd9b700 1 -- 172.21.15.50:0/434206488 <== mon.0 v2:172.21.15.50:3300/0 2 ==== config(27 keys) ==== 1140+0+0 (secure 0 0 0) 0x7fdd50004300 con 0x7fdd60106ca0
2024-05-12T22:50:31.313 INFO:teuthology.orchestra.run.smithi050.stdout:/usr/bin/ceph: stderr
2024-05-12T22:50:29.744+0000 7fdd5dd9b700 1 -- 172.21.15.50:0/434206488 <== mon.0 v2:172.21.15.50:3300/0 3 ==== mon_map magic: 0 ==== 205+0+0 (secure 0 0 0) 0x7fdd50011b20 con 0x7fdd60106ca0
2024-05-12T22:50:31.313 INFO:teuthology.orchestra.run.smithi050.stdout:/usr/bin/ceph: stderr
2024-05-12T22:50:29.745+0000 7fdd64aac700 1 -- 172.21.15.50:0/434206488 >> [v2:172.21.15.50:3300/0,v1:172.21.15.50:6789/0] conn(0x7fdd60106ca0 msgr2=0x7fdd601070c0 secure :-1 s=STATE_CONNECTION_ESTABLISHED l=1).mark_down
2024-05-12T22:50:31.313 INFO:teuthology.orchestra.run.smithi050.stdout:/usr/bin/ceph: stderr
2024-05-12T22:50:29.745+0000 7fdd64aac700 1 --2- 172.21.15.50:0/434206488 >> [v2:172.21.15.50:3300/0,v1:172.21.15.50:6789/0] conn(0x7fdd60106ca0 0x7fdd601070c0 secure :-1 s=READY pgs=70 cs=0 l=1 rev1=1 crypto rx=0x7fdd500098a0 tx=0x7fdd50009bb0 comp rx=0 tx=0).stop
2024-05-12T22:50:31.313 INFO:teuthology.orchestra.run.smithi050.stdout:/usr/bin/ceph: stderr
2024-05-12T22:50:29.745+0000 7fdd64aac700 1 -- 172.21.15.50:0/434206488 shutdown_connections
2024-05-12T22:50:31.314 INFO:teuthology.orchestra.run.smithi050.stdout:/usr/bin/ceph: stderr
2024-05-12T22:50:29.745+0000 7fdd64aac700 1 --2- 172.21.15.50:0/434206488 >> [v2:172.21.15.50:3300/0,v1:172.21.15.50:6789/0] conn(0x7fdd60106ca0 0x7fdd601070c0 unknown :-1 s=CLOSED pgs=70 cs=0 l=1 rev1=1 crypto rx=0 tx=0 comp rx=0 tx=0).stop
2024-05-12T22:50:31.314 INFO:teuthology.orchestra.run.smithi050.stdout:/usr/bin/ceph: stderr
2024-05-12T22:50:29.745+0000 7fdd64aac700 1 -- 172.21.15.50:0/434206488 >> 172.21.15.50:0/434206488 conn(0x7fdd60102280 msgr2=0x7fdd601046a0 unknown :-1 s=STATE_NONE l=0).mark_down
2024-05-12T22:50:31.314 INFO:teuthology.orchestra.run.smithi050.stdout:/usr/bin/ceph: stderr
2024-05-12T22:50:29.745+0000 7fdd64aac700 1 -- 172.21.15.50:0/434206488 shutdown_connections
2024-05-12T22:50:31.314 INFO:teuthology.orchestra.run.smithi050.stdout:/usr/bin/ceph: stderr
2024-05-12T22:50:29.745+0000 7fdd64aac700 1 -- 172.21.15.50:0/434206488 wait complete.
2024-05-12T22:50:31.314 INFO:teuthology.orchestra.run.smithi050.stdout:/usr/bin/ceph: stderr
2024-05-12T22:50:29.746+0000 7fdd64aac700 1 Processor -- start
2024-05-12T22:50:31.314 INFO:teuthology.orchestra.run.smithi050.stdout:/usr/bin/ceph: stderr
2024-05-12T22:50:29.746+0000 7fdd64aac700 1 -- start start
2024-05-12T22:50:31.314 INFO:teuthology.orchestra.run.smithi050.stdout:/usr/bin/ceph: stderr
2024-05-12T22:50:29.746+0000 7fdd64aac700 1 --2- >> [v2:172.21.15.50:3300/0,v1:172.21.15.50:6789/0] conn(0x7fdd60106ca0 0x7fdd60191e50 unknown :-1 s=NONE pgs=0 cs=0 l=1 rev1=0 crypto rx=0 tx=0 comp rx=0 tx=0).connect
2024-05-12T22:50:31.314 INFO:teuthology.orchestra.run.smithi050.stdout:/usr/bin/ceph: stderr
2024-05-12T22:50:29.746+0000 7fdd64aac700 1 -- --> [v2:172.21.15.50:3300/0,v1:172.21.15.50:6789/0] -- mon_getmap magic: 0 -- 0x7fdd6010b250 con 0x7fdd60106ca0
2024-05-12T22:50:31.314 INFO:teuthology.orchestra.run.smithi050.stdout:/usr/bin/ceph: stderr
2024-05-12T22:50:29.746+0000 7fdd5e59c700 1 --2- >> [v2:172.21.15.50:3300/0,v1:172.21.15.50:6789/0] conn(0x7fdd60106ca0 0x7fdd60191e50 unknown :-1 s=BANNER_CONNECTING pgs=0 cs=0 l=1 rev1=0 crypto rx=0 tx=0 comp rx=0 tx=0)._handle_peer_banner_payload supported=3 required=0
2024-05-12T22:50:31.314 INFO:teuthology.orchestra.run.smithi050.stdout:/usr/bin/ceph: stderr
2024-05-12T22:50:29.747+0000 7fdd5e59c700 1 --2- >> [v2:172.21.15.50:3300/0,v1:172.21.15.50:6789/0] conn(0x7fdd60106ca0 0x7fdd60191e50 unknown :-1 s=HELLO_CONNECTING pgs=0 cs=0 l=1 rev1=1 crypto rx=0 tx=0 comp rx=0 tx=0).handle_hello peer v2:172.21.15.50:3300/0 says I am v2:172.21.15.50:37374/0 (socket says 172.21.15.50:37374)
2024-05-12T22:50:31.314 INFO:teuthology.orchestra.run.smithi050.stdout:/usr/bin/ceph: stderr
2024-05-12T22:50:29.747+0000 7fdd5e59c700 1 -- 172.21.15.50:0/1617491532 learned_addr learned my addr 172.21.15.50:0/1617491532 (peer_addr_for_me v2:172.21.15.50:0/0)
2024-05-12T22:50:31.314 INFO:teuthology.orchestra.run.smithi050.stdout:/usr/bin/ceph: stderr
2024-05-12T22:50:29.747+0000 7fdd5e59c700 1 -- 172.21.15.50:0/1617491532 --> [v2:172.21.15.50:3300/0,v1:172.21.15.50:6789/0] -- mon_subscribe({config=0+,monmap=0+}) -- 0x7fdd60192390 con 0x7fdd60106ca0
2024-05-12T22:50:31.315 INFO:teuthology.orchestra.run.smithi050.stdout:/usr/bin/ceph: stderr
2024-05-12T22:50:29.747+0000 7fdd5e59c700 1 --2- 172.21.15.50:0/1617491532 >> [v2:172.21.15.50:3300/0,v1:172.21.15.50:6789/0] conn(0x7fdd60106ca0 0x7fdd60191e50 secure :-1 s=READY pgs=71 cs=0 l=1 rev1=1 crypto rx=0x7fdd500116a0 tx=0x7fdd50011ba0 comp rx=0 tx=0).ready entity=mon.0 client_cookie=0 server_cookie=0 in_seq=0 out_seq=0
2024-05-12T22:50:31.315 INFO:teuthology.orchestra.run.smithi050.stdout:/usr/bin/ceph: stderr
2024-05-12T22:50:29.747+0000 7fdd57fff700 1 -- 172.21.15.50:0/1617491532 <== mon.0 v2:172.21.15.50:3300/0 1 ==== mon_map magic: 0 ==== 205+0+0 (secure 0 0 0) 0x7fdd50003a40 con 0x7fdd60106ca0
