2024-06-04T04:46:05.693 INFO:teuthology.orchestra.run.smithi070.stdout:/usr/bin/ceph: stderr
2024-06-04T04:46:04.519+0000 7fe0a8621700 1 -- 172.21.15.70:0/4094422163 wait complete.
2024-06-04T04:46:06.359 INFO:journalctl@ceph.mon.a.smithi070.stdout:Jun 04 04:46:06 smithi070 ceph-mon[32631]: from='client.14144 -' entity='client.admin' cmd=[{"prefix": "orch apply", "service_type": "mgr", "unmanaged": true, "target": ["mon-mgr", ""]}]: dispatch
2024-06-04T04:46:06.359 INFO:journalctl@ceph.mon.a.smithi070.stdout:Jun 04 04:46:06 smithi070 ceph-mon[32631]: Saving service mgr spec with placement count:2
2024-06-04T04:46:06.359 INFO:journalctl@ceph.mon.a.smithi070.stdout:Jun 04 04:46:06 smithi070 ceph-mon[32631]: from='mgr.14120 172.21.15.70:0/3089107753' entity='mgr.x'
2024-06-04T04:46:06.961 INFO:teuthology.orchestra.run.smithi070.stdout:/usr/bin/ceph: stderr
2024-06-04T04:46:06.156+0000 7fa22589f700 1 Processor -- start
2024-06-04T04:46:06.962 INFO:teuthology.orchestra.run.smithi070.stdout:/usr/bin/ceph: stderr
2024-06-04T04:46:06.156+0000 7fa22589f700 1 -- start start
2024-06-04T04:46:06.962 INFO:teuthology.orchestra.run.smithi070.stdout:/usr/bin/ceph: stderr
2024-06-04T04:46:06.156+0000 7fa22589f700 1 --2- >> [v2:172.21.15.70:3300/0,v1:172.21.15.70:6789/0] conn(0x7fa220108ea0 0x7fa2201092c0 unknown :-1 s=NONE pgs=0 cs=0 l=0 rev1=0 crypto rx=0 tx=0 comp rx=0 tx=0).connect
2024-06-04T04:46:06.962 INFO:teuthology.orchestra.run.smithi070.stdout:/usr/bin/ceph: stderr
2024-06-04T04:46:06.156+0000 7fa22589f700 1 -- --> [v2:172.21.15.70:3300/0,v1:172.21.15.70:6789/0] -- mon_getmap magic: 0 -- 0x7fa220109800 con 0x7fa220108ea0
2024-06-04T04:46:06.962 INFO:teuthology.orchestra.run.smithi070.stdout:/usr/bin/ceph: stderr
2024-06-04T04:46:06.156+0000 7fa21effd700 1 --2- >> [v2:172.21.15.70:3300/0,v1:172.21.15.70:6789/0] conn(0x7fa220108ea0 0x7fa2201092c0 unknown :-1 s=BANNER_CONNECTING pgs=0 cs=0 l=0 rev1=0 crypto rx=0 tx=0 comp rx=0 tx=0)._handle_peer_banner_payload supported=3 required=0
2024-06-04T04:46:06.962 INFO:teuthology.orchestra.run.smithi070.stdout:/usr/bin/ceph: stderr
2024-06-04T04:46:06.157+0000 7fa21effd700 1 --2- >> [v2:172.21.15.70:3300/0,v1:172.21.15.70:6789/0] conn(0x7fa220108ea0 0x7fa2201092c0 unknown :-1 s=HELLO_CONNECTING pgs=0 cs=0 l=0 rev1=1 crypto rx=0 tx=0 comp rx=0 tx=0).handle_hello peer v2:172.21.15.70:3300/0 says I am v2:172.21.15.70:60934/0 (socket says 172.21.15.70:60934)
2024-06-04T04:46:06.962 INFO:teuthology.orchestra.run.smithi070.stdout:/usr/bin/ceph: stderr
2024-06-04T04:46:06.157+0000 7fa21effd700 1 -- 172.21.15.70:0/4294756035 learned_addr learned my addr 172.21.15.70:0/4294756035 (peer_addr_for_me v2:172.21.15.70:0/0)
2024-06-04T04:46:06.962 INFO:teuthology.orchestra.run.smithi070.stdout:/usr/bin/ceph: stderr
2024-06-04T04:46:06.157+0000 7fa21effd700 1 -- 172.21.15.70:0/4294756035 --> [v2:172.21.15.70:3300/0,v1:172.21.15.70:6789/0] -- mon_subscribe({config=0+,monmap=0+}) -- 0x7fa220109fb0 con 0x7fa220108ea0
2024-06-04T04:46:06.962 INFO:teuthology.orchestra.run.smithi070.stdout:/usr/bin/ceph: stderr
2024-06-04T04:46:06.157+0000 7fa21effd700 1 --2- 172.21.15.70:0/4294756035 >> [v2:172.21.15.70:3300/0,v1:172.21.15.70:6789/0] conn(0x7fa220108ea0 0x7fa2201092c0 secure :-1 s=READY pgs=51 cs=0 l=1 rev1=1 crypto rx=0x7fa2100098a0 tx=0x7fa210009bb0 comp rx=0 tx=0).ready entity=mon.0 client_cookie=f1df0ba40d7213a4 server_cookie=0 in_seq=0 out_seq=0
2024-06-04T04:46:06.962 INFO:teuthology.orchestra.run.smithi070.stdout:/usr/bin/ceph: stderr
2024-06-04T04:46:06.157+0000 7fa21dffb700 1 -- 172.21.15.70:0/4294756035 <== mon.0 v2:172.21.15.70:3300/0 1 ==== mon_map magic: 0 ==== 205+0+0 (secure 0 0 0) 0x7fa210004160 con 0x7fa220108ea0
2024-06-04T04:46:06.962 INFO:teuthology.orchestra.run.smithi070.stdout:/usr/bin/ceph: stderr
2024-06-04T04:46:06.157+0000 7fa21dffb700 1 -- 172.21.15.70:0/4294756035 <== mon.0 v2:172.21.15.70:3300/0 2 ==== config(25 keys) ==== 1063+0+0 (secure 0 0 0) 0x7fa210004300 con 0x7fa220108ea0
2024-06-04T04:46:06.963 INFO:teuthology.orchestra.run.smithi070.stdout:/usr/bin/ceph: stderr
2024-06-04T04:46:06.157+0000 7fa21dffb700 1 -- 172.21.15.70:0/4294756035 <== mon.0 v2:172.21.15.70:3300/0 3 ==== mon_map magic: 0 ==== 205+0+0 (secure 0 0 0) 0x7fa210011960 con 0x7fa220108ea0
2024-06-04T04:46:06.963 INFO:teuthology.orchestra.run.smithi070.stdout:/usr/bin/ceph: stderr
2024-06-04T04:46:06.158+0000 7fa22589f700 1 -- 172.21.15.70:0/4294756035 >> [v2:172.21.15.70:3300/0,v1:172.21.15.70:6789/0] conn(0x7fa220108ea0 msgr2=0x7fa2201092c0 secure :-1 s=STATE_CONNECTION_ESTABLISHED l=1).mark_down
2024-06-04T04:46:06.963 INFO:teuthology.orchestra.run.smithi070.stdout:/usr/bin/ceph: stderr
2024-06-04T04:46:06.158+0000 7fa22589f700 1 --2- 172.21.15.70:0/4294756035 >> [v2:172.21.15.70:3300/0,v1:172.21.15.70:6789/0] conn(0x7fa220108ea0 0x7fa2201092c0 secure :-1 s=READY pgs=51 cs=0 l=1 rev1=1 crypto rx=0x7fa2100098a0 tx=0x7fa210009bb0 comp rx=0 tx=0).stop
2024-06-04T04:46:06.963 INFO:teuthology.orchestra.run.smithi070.stdout:/usr/bin/ceph: stderr
2024-06-04T04:46:06.158+0000 7fa22589f700 1 -- 172.21.15.70:0/4294756035 shutdown_connections
2024-06-04T04:46:06.963 INFO:teuthology.orchestra.run.smithi070.stdout:/usr/bin/ceph: stderr
2024-06-04T04:46:06.158+0000 7fa22589f700 1 --2- 172.21.15.70:0/4294756035 >> [v2:172.21.15.70:3300/0,v1:172.21.15.70:6789/0] conn(0x7fa220108ea0 0x7fa2201092c0 unknown :-1 s=CLOSED pgs=51 cs=0 l=1 rev1=1 crypto rx=0 tx=0 comp rx=0 tx=0).stop
2024-06-04T04:46:06.963 INFO:teuthology.orchestra.run.smithi070.stdout:/usr/bin/ceph: stderr
2024-06-04T04:46:06.158+0000 7fa22589f700 1 -- 172.21.15.70:0/4294756035 >> 172.21.15.70:0/4294756035 conn(0x7fa220104460 msgr2=0x7fa220106880 unknown :-1 s=STATE_NONE l=0).mark_down
2024-06-04T04:46:06.963 INFO:teuthology.orchestra.run.smithi070.stdout:/usr/bin/ceph: stderr
2024-06-04T04:46:06.158+0000 7fa22589f700 1 -- 172.21.15.70:0/4294756035 shutdown_connections
2024-06-04T04:46:06.963 INFO:teuthology.orchestra.run.smithi070.stdout:/usr/bin/ceph: stderr
2024-06-04T04:46:06.158+0000 7fa22589f700 1 -- 172.21.15.70:0/4294756035 wait complete.
2024-06-04T04:46:06.963 INFO:teuthology.orchestra.run.smithi070.stdout:/usr/bin/ceph: stderr
2024-06-04T04:46:06.159+0000 7fa22589f700 1 Processor -- start
2024-06-04T04:46:06.963 INFO:teuthology.orchestra.run.smithi070.stdout:/usr/bin/ceph: stderr
2024-06-04T04:46:06.159+0000 7fa22589f700 1 -- start start
2024-06-04T04:46:06.963 INFO:teuthology.orchestra.run.smithi070.stdout:/usr/bin/ceph: stderr
2024-06-04T04:46:06.159+0000 7fa22589f700 1 --2- >> [v2:172.21.15.70:3300/0,v1:172.21.15.70:6789/0] conn(0x7fa220108ea0 0x7fa22007eb50 unknown :-1 s=NONE pgs=0 cs=0 l=1 rev1=0 crypto rx=0 tx=0 comp rx=0 tx=0).connect
2024-06-04T04:46:06.963 INFO:teuthology.orchestra.run.smithi070.stdout:/usr/bin/ceph: stderr
2024-06-04T04:46:06.159+0000 7fa22589f700 1 -- --> [v2:172.21.15.70:3300/0,v1:172.21.15.70:6789/0] -- mon_getmap magic: 0 -- 0x7fa22010d270 con 0x7fa220108ea0
2024-06-04T04:46:06.963 INFO:teuthology.orchestra.run.smithi070.stdout:/usr/bin/ceph: stderr
2024-06-04T04:46:06.159+0000 7fa21effd700 1 --2- >> [v2:172.21.15.70:3300/0,v1:172.21.15.70:6789/0] conn(0x7fa220108ea0 0x7fa22007eb50 unknown :-1 s=BANNER_CONNECTING pgs=0 cs=0 l=1 rev1=0 crypto rx=0 tx=0 comp rx=0 tx=0)._handle_peer_banner_payload supported=3 required=0
2024-06-04T04:46:06.964 INFO:teuthology.orchestra.run.smithi070.stdout:/usr/bin/ceph: stderr
2024-06-04T04:46:06.159+0000 7fa21effd700 1 --2- >> [v2:172.21.15.70:3300/0,v1:172.21.15.70:6789/0] conn(0x7fa220108ea0 0x7fa22007eb50 unknown :-1 s=HELLO_CONNECTING pgs=0 cs=0 l=1 rev1=1 crypto rx=0 tx=0 comp rx=0 tx=0).handle_hello peer v2:172.21.15.70:3300/0 says I am v2:172.21.15.70:60948/0 (socket says 172.21.15.70:60948)
2024-06-04T04:46:06.964 INFO:teuthology.orchestra.run.smithi070.stdout:/usr/bin/ceph: stderr
2024-06-04T04:46:06.159+0000 7fa21effd700 1 -- 172.21.15.70:0/3238350664 learned_addr learned my addr 172.21.15.70:0/3238350664 (peer_addr_for_me v2:172.21.15.70:0/0)
2024-06-04T04:46:06.964 INFO:teuthology.orchestra.run.smithi070.stdout:/usr/bin/ceph: stderr
2024-06-04T04:46:06.160+0000 7fa21effd700 1 -- 172.21.15.70:0/3238350664 --> [v2:172.21.15.70:3300/0,v1:172.21.15.70:6789/0] -- mon_subscribe({config=0+,monmap=0+}) -- 0x7fa22007f090 con 0x7fa220108ea0
2024-06-04T04:46:06.964 INFO:teuthology.orchestra.run.smithi070.stdout:/usr/bin/ceph: stderr
2024-06-04T04:46:06.160+0000 7fa21effd700 1 --2- 172.21.15.70:0/3238350664 >> [v2:172.21.15.70:3300/0,v1:172.21.15.70:6789/0] conn(0x7fa220108ea0 0x7fa22007eb50 secure :-1 s=READY pgs=52 cs=0 l=1 rev1=1 crypto rx=0x7fa210003e50 tx=0x7fa210011a30 comp rx=0 tx=0).ready entity=mon.0 client_cookie=0 server_cookie=0 in_seq=0 out_seq=0
2024-06-04T04:46:06.964 INFO:teuthology.orchestra.run.smithi070.stdout:/usr/bin/ceph: stderr
2024-06-04T04:46:06.160+0000 7fa22489d700 1 -- 172.21.15.70:0/3238350664 <== mon.0 v2:172.21.15.70:3300/0 1 ==== mon_map magic: 0 ==== 205+0+0 (secure 0 0 0) 0x7fa210003a60 con 0x7fa220108ea0
2024-06-04T04:46:06.964 INFO:teuthology.orchestra.run.smithi070.stdout:/usr/bin/ceph: stderr
2024-06-04T04:46:06.160+0000 7fa22489d700 1 -- 172.21.15.70:0/3238350664 <== mon.0 v2:172.21.15.70:3300/0 2 ==== config(25 keys) ==== 1063+0+0 (secure 0 0 0) 0x7fa21001b8d0 con 0x7fa220108ea0
2024-06-04T04:46:06.964 INFO:teuthology.orchestra.run.smithi070.stdout:/usr/bin/ceph: stderr
2024-06-04T04:46:06.160+0000 7fa22589f700 1 -- 172.21.15.70:0/3238350664 --> [v2:172.21.15.70:3300/0,v1:172.21.15.70:6789/0] -- mon_subscribe({mgrmap=0+}) -- 0x7fa22007d280 con 0x7fa220108ea0
2024-06-04T04:46:06.964 INFO:teuthology.orchestra.run.smithi070.stdout:/usr/bin/ceph: stderr
2024-06-04T04:46:06.160+0000 7fa22489d700 1 -- 172.21.15.70:0/3238350664 <== mon.0 v2:172.21.15.70:3300/0 3 ==== mon_map magic: 0 ==== 205+0+0 (secure 0 0 0) 0x7fa2100237d0 con 0x7fa220108ea0
2024-06-04T04:46:06.964 INFO:teuthology.orchestra.run.smithi070.stdout:/usr/bin/ceph: stderr
2024-06-04T04:46:06.160+0000 7fa22589f700 1 -- 172.21.15.70:0/3238350664 --> [v2:172.21.15.70:3300/0,v1:172.21.15.70:6789/0] -- mon_subscribe({osdmap=0}) -- 0x7fa22007d7c0 con 0x7fa220108ea0
2024-06-04T04:46:06.964 INFO:teuthology.orchestra.run.smithi070.stdout:/usr/bin/ceph: stderr
2024-06-04T04:46:06.161+0000 7fa22589f700 1 -- 172.21.15.70:0/3238350664 --> [v2:172.21.15.70:3300/0,v1:172.21.15.70:6789/0] -- mon_command({"prefix": "get_command_descriptions"} v 0) -- 0x7fa220064ba0 con 0x7fa220108ea0
2024-06-04T04:46:06.964 INFO:teuthology.orchestra.run.smithi070.stdout:/usr/bin/ceph: stderr
2024-06-04T04:46:06.161+0000 7fa22489d700 1 -- 172.21.15.70:0/3238350664 <== mon.0 v2:172.21.15.70:3300/0 4 ==== mgrmap(e 8) ==== 50222+0+0 (secure 0 0 0) 0x7fa21002c3f0 con 0x7fa220108ea0
2024-06-04T04:46:06.964 INFO:teuthology.orchestra.run.smithi070.stdout:/usr/bin/ceph: stderr
2024-06-04T04:46:06.161+0000 7fa22489d700 1 --2- 172.21.15.70:0/3238350664 >> [v2:172.21.15.70:6800/1353782413,v1:172.21.15.70:6801/1353782413] conn(0x7fa20803e470 0x7fa208040930 unknown :-1 s=NONE pgs=0 cs=0 l=1 rev1=0 crypto rx=0 tx=0 comp rx=0 tx=0).connect
2024-06-04T04:46:06.964 INFO:teuthology.orchestra.run.smithi070.stdout:/usr/bin/ceph: stderr
2024-06-04T04:46:06.162+0000 7fa22489d700 1 -- 172.21.15.70:0/3238350664 <== mon.0 v2:172.21.15.70:3300/0 5 ==== osd_map(2..2 src has 1..2) ==== 940+0+0 (secure 0 0 0) 0x7fa210054030 con 0x7fa220108ea0
2024-06-04T04:46:06.965 INFO:teuthology.orchestra.run.smithi070.stdout:/usr/bin/ceph: stderr
2024-06-04T04:46:06.162+0000 7fa21e7fc700 1 --2- 172.21.15.70:0/3238350664 >> [v2:172.21.15.70:6800/1353782413,v1:172.21.15.70:6801/1353782413] conn(0x7fa20803e470 0x7fa208040930 unknown :-1 s=BANNER_CONNECTING pgs=0 cs=0 l=1 rev1=0 crypto rx=0 tx=0 comp rx=0 tx=0)._handle_peer_banner_payload supported=3 required=0
2024-06-04T04:46:06.965 INFO:teuthology.orchestra.run.smithi070.stdout:/usr/bin/ceph: stderr
2024-06-04T04:46:06.162+0000 7fa21e7fc700 1 --2- 172.21.15.70:0/3238350664 >> [v2:172.21.15.70:6800/1353782413,v1:172.21.15.70:6801/1353782413] conn(0x7fa20803e470 0x7fa208040930 secure :-1 s=READY pgs=14 cs=0 l=1 rev1=1 crypto rx=0x7fa214006fd0 tx=0x7fa214006e40 comp rx=0 tx=0).ready entity=mgr.14120 client_cookie=0 server_cookie=0 in_seq=0 out_seq=0
2024-06-04T04:46:06.965 INFO:teuthology.orchestra.run.smithi070.stdout:/usr/bin/ceph: stderr
2024-06-04T04:46:06.166+0000 7fa22489d700 1 -- 172.21.15.70:0/3238350664 <== mon.0 v2:172.21.15.70:3300/0 6 ==== mon_command_ack([{"prefix": "get_command_descriptions"}]=0 v0) ==== 72+0+191963 (secure 0 0 0) 0x7fa21001f030 con 0x7fa220108ea0
2024-06-04T04:46:06.965 INFO:teuthology.orchestra.run.smithi070.stdout:/usr/bin/ceph: stderr
2024-06-04T04:46:06.384+0000 7fa22589f700 1 -- 172.21.15.70:0/3238350664 --> [v2:172.21.15.70:3300/0,v1:172.21.15.70:6789/0] -- mon_command([{prefix=config set, name=mgr/cephadm/container_init}] v 0) -- 0x7fa22007dc50 con 0x7fa220108ea0
2024-06-04T04:46:06.965 INFO:teuthology.orchestra.run.smithi070.stdout:/usr/bin/ceph: stderr
2024-06-04T04:46:06.386+0000 7fa22489d700 1 -- 172.21.15.70:0/3238350664 <== mon.0 v2:172.21.15.70:3300/0 7 ==== mon_command_ack([{prefix=config set, name=mgr/cephadm/container_init}]=0 v7)=0 v7) ==== 142+0+0 (secure 0 0 0) 0x7fa210017e90 con 0x7fa220108ea0
2024-06-04T04:46:06.965 INFO:teuthology.orchestra.run.smithi070.stdout:/usr/bin/ceph: stderr
2024-06-04T04:46:06.389+0000 7fa22589f700 1 -- 172.21.15.70:0/3238350664 >> [v2:172.21.15.70:6800/1353782413,v1:172.21.15.70:6801/1353782413] conn(0x7fa20803e470 msgr2=0x7fa208040930 secure :-1 s=STATE_CONNECTION_ESTABLISHED l=1).mark_down
2024-06-04T04:46:06.965 INFO:teuthology.orchestra.run.smithi070.stdout:/usr/bin/ceph: stderr
2024-06-04T04:46:06.389+0000 7fa22589f700 1 --2- 172.21.15.70:0/3238350664 >> [v2:172.21.15.70:6800/1353782413,v1:172.21.15.70:6801/1353782413] conn(0x7fa20803e470 0x7fa208040930 secure :-1 s=READY pgs=14 cs=0 l=1 rev1=1 crypto rx=0x7fa214006fd0 tx=0x7fa214006e40 comp rx=0 tx=0).stop
2024-06-04T04:46:06.965 INFO:teuthology.orchestra.run.smithi070.stdout:/usr/bin/ceph: stderr
2024-06-04T04:46:06.389+0000 7fa22589f700 1 -- 172.21.15.70:0/3238350664 >> [v2:172.21.15.70:3300/0,v1:172.21.15.70:6789/0] conn(0x7fa220108ea0 msgr2=0x7fa22007eb50 secure :-1 s=STATE_CONNECTION_ESTABLISHED l=1).mark_down
2024-06-04T04:46:06.965 INFO:teuthology.orchestra.run.smithi070.stdout:/usr/bin/ceph: stderr
2024-06-04T04:46:06.389+0000 7fa22589f700 1 --2- 172.21.15.70:0/3238350664 >> [v2:172.21.15.70:3300/0,v1:172.21.15.70:6789/0] conn(0x7fa220108ea0 0x7fa22007eb50 secure :-1 s=READY pgs=52 cs=0 l=1 rev1=1 crypto rx=0x7fa210003e50 tx=0x7fa210011a30 comp rx=0 tx=0).stop
2024-06-04T04:46:06.965 INFO:teuthology.orchestra.run.smithi070.stdout:/usr/bin/ceph: stderr
2024-06-04T04:46:06.389+0000 7fa22589f700 1 -- 172.21.15.70:0/3238350664 shutdown_connections
2024-06-04T04:46:06.965 INFO:teuthology.orchestra.run.smithi070.stdout:/usr/bin/ceph: stderr
2024-06-04T04:46:06.389+0000 7fa22589f700 1 --2- 172.21.15.70:0/3238350664 >> [v2:172.21.15.70:6800/1353782413,v1:172.21.15.70:6801/1353782413] conn(0x7fa20803e470 0x7fa208040930 unknown :-1 s=CLOSED pgs=14 cs=0 l=1 rev1=1 crypto rx=0 tx=0 comp rx=0 tx=0).stop
2024-06-04T04:46:06.965 INFO:teuthology.orchestra.run.smithi070.stdout:/usr/bin/ceph: stderr
2024-06-04T04:46:06.389+0000 7fa22589f700 1 --2- 172.21.15.70:0/3238350664 >> [v2:172.21.15.70:3300/0,v1:172.21.15.70:6789/0] conn(0x7fa220108ea0 0x7fa22007eb50 unknown :-1 s=CLOSED pgs=52 cs=0 l=1 rev1=1 crypto rx=0 tx=0 comp rx=0 tx=0).stop
2024-06-04T04:46:06.965 INFO:teuthology.orchestra.run.smithi070.stdout:/usr/bin/ceph: stderr
2024-06-04T04:46:06.389+0000 7fa22589f700 1 -- 172.21.15.70:0/3238350664 >> 172.21.15.70:0/3238350664 conn(0x7fa220104460 msgr2=0x7fa220104e90 unknown :-1 s=STATE_NONE l=0).mark_down
2024-06-04T04:46:06.966 INFO:teuthology.orchestra.run.smithi070.stdout:/usr/bin/ceph: stderr
2024-06-04T04:46:06.389+0000 7fa22589f700 1 -- 172.21.15.70:0/3238350664 shutdown_connections
2024-06-04T04:46:06.966 INFO:teuthology.orchestra.run.smithi070.stdout:/usr/bin/ceph: stderr
2024-06-04T04:46:06.389+0000 7fa22589f700 1 -- 172.21.15.70:0/3238350664 wait complete.
2024-06-04T04:46:07.594 INFO:journalctl@ceph.mon.a.smithi070.stdout:Jun 04 04:46:07 smithi070 ceph-mon[32631]: from='client.? 172.21.15.70:0/3238350664' entity='client.admin'
2024-06-04T04:46:07.594 INFO:journalctl@ceph.mon.a.smithi070.stdout:Jun 04 04:46:07 smithi070 ceph-mon[32631]: from='mgr.14120 172.21.15.70:0/3089107753' entity='mgr.x'
2024-06-04T04:46:08.859 INFO:journalctl@ceph.mon.a.smithi070.stdout:Jun 04 04:46:08 smithi070 ceph-mon[32631]: from='client.? 172.21.15.70:0/1049790520' entity='client.admin'
2024-06-04T04:46:08.916 INFO:teuthology.orchestra.run.smithi070.stdout:/usr/bin/ceph: stderr
2024-06-04T04:46:07.373+0000 7f133cb47700 1 Processor -- start
2024-06-04T04:46:08.916 INFO:teuthology.orchestra.run.smithi070.stdout:/usr/bin/ceph: stderr
2024-06-04T04:46:07.373+0000 7f133cb47700 1 -- start start
2024-06-04T04:46:08.916 INFO:teuthology.orchestra.run.smithi070.stdout:/usr/bin/ceph: stderr
2024-06-04T04:46:07.373+0000 7f133cb47700 1 --2- >> [v2:172.21.15.70:3300/0,v1:172.21.15.70:6789/0] conn(0x7f1338107150 0x7f1338107570 unknown :-1 s=NONE pgs=0 cs=0 l=0 rev1=0 crypto rx=0 tx=0 comp rx=0 tx=0).connect
2024-06-04T04:46:08.916 INFO:teuthology.orchestra.run.smithi070.stdout:/usr/bin/ceph: stderr
2024-06-04T04:46:07.373+0000 7f133cb47700 1 -- --> [v2:172.21.15.70:3300/0,v1:172.21.15.70:6789/0] -- mon_getmap magic: 0 -- 0x7f1338107b40 con 0x7f1338107150
2024-06-04T04:46:08.916 INFO:teuthology.orchestra.run.smithi070.stdout:/usr/bin/ceph: stderr
2024-06-04T04:46:07.374+0000 7f133659c700 1 --2- >> [v2:172.21.15.70:3300/0,v1:172.21.15.70:6789/0] conn(0x7f1338107150 0x7f1338107570 unknown :-1 s=BANNER_CONNECTING pgs=0 cs=0 l=0 rev1=0 crypto rx=0 tx=0 comp rx=0 tx=0)._handle_peer_banner_payload supported=3 required=0
2024-06-04T04:46:08.917 INFO:teuthology.orchestra.run.smithi070.stdout:/usr/bin/ceph: stderr
2024-06-04T04:46:07.374+0000 7f133659c700 1 --2- >> [v2:172.21.15.70:3300/0,v1:172.21.15.70:6789/0] conn(0x7f1338107150 0x7f1338107570 unknown :-1 s=HELLO_CONNECTING pgs=0 cs=0 l=0 rev1=1 crypto rx=0 tx=0 comp rx=0 tx=0).handle_hello peer v2:172.21.15.70:3300/0 says I am v2:172.21.15.70:60956/0 (socket says 172.21.15.70:60956)
2024-06-04T04:46:08.917 INFO:teuthology.orchestra.run.smithi070.stdout:/usr/bin/ceph: stderr
2024-06-04T04:46:07.374+0000 7f133659c700 1 -- 172.21.15.70:0/1840308227 learned_addr learned my addr 172.21.15.70:0/1840308227 (peer_addr_for_me v2:172.21.15.70:0/0)
2024-06-04T04:46:08.917 INFO:teuthology.orchestra.run.smithi070.stdout:/usr/bin/ceph: stderr
2024-06-04T04:46:07.374+0000 7f133659c700 1 -- 172.21.15.70:0/1840308227 --> [v2:172.21.15.70:3300/0,v1:172.21.15.70:6789/0] -- mon_subscribe({config=0+,monmap=0+}) -- 0x7f133810a0e0 con 0x7f1338107150
2024-06-04T04:46:08.917 INFO:teuthology.orchestra.run.smithi070.stdout:/usr/bin/ceph: stderr
2024-06-04T04:46:07.374+0000 7f133659c700 1 --2- 172.21.15.70:0/1840308227 >> [v2:172.21.15.70:3300/0,v1:172.21.15.70:6789/0] conn(0x7f1338107150 0x7f1338107570 secure :-1 s=READY pgs=53 cs=0 l=1 rev1=1 crypto rx=0x7f13200098a0 tx=0x7f1320009bb0 comp rx=0 tx=0).ready entity=mon.0 client_cookie=8c6414874b715f92 server_cookie=0 in_seq=0 out_seq=0
2024-06-04T04:46:08.917 INFO:teuthology.orchestra.run.smithi070.stdout:/usr/bin/ceph: stderr
2024-06-04T04:46:07.374+0000 7f133559a700 1 -- 172.21.15.70:0/1840308227 <== mon.0 v2:172.21.15.70:3300/0 1 ==== mon_map magic: 0 ==== 205+0+0 (secure 0 0 0) 0x7f1320004160 con 0x7f1338107150
2024-06-04T04:46:08.917 INFO:teuthology.orchestra.run.smithi070.stdout:/usr/bin/ceph: stderr
2024-06-04T04:46:07.374+0000 7f133559a700 1 -- 172.21.15.70:0/1840308227 <== mon.0 v2:172.21.15.70:3300/0 2 ==== config(25 keys) ==== 1063+0+0 (secure 0 0 0) 0x7f1320004300 con 0x7f1338107150
2024-06-04T04:46:08.917 INFO:teuthology.orchestra.run.smithi070.stdout:/usr/bin/ceph: stderr
2024-06-04T04:46:07.374+0000 7f133559a700 1 -- 172.21.15.70:0/1840308227 <== mon.0 v2:172.21.15.70:3300/0 3 ==== mon_map magic: 0 ==== 205+0+0 (secure 0 0 0) 0x7f1320011960 con 0x7f1338107150
2024-06-04T04:46:08.917 INFO:teuthology.orchestra.run.smithi070.stdout:/usr/bin/ceph: stderr
2024-06-04T04:46:07.375+0000 7f133cb47700 1 -- 172.21.15.70:0/1840308227 >> [v2:172.21.15.70:3300/0,v1:172.21.15.70:6789/0] conn(0x7f1338107150 msgr2=0x7f1338107570 secure :-1 s=STATE_CONNECTION_ESTABLISHED l=1).mark_down
2024-06-04T04:46:08.917 INFO:teuthology.orchestra.run.smithi070.stdout:/usr/bin/ceph: stderr
2024-06-04T04:46:07.375+0000 7f133cb47700 1 --2- 172.21.15.70:0/1840308227 >> [v2:172.21.15.70:3300/0,v1:172.21.15.70:6789/0] conn(0x7f1338107150 0x7f1338107570 secure :-1 s=READY pgs=53 cs=0 l=1 rev1=1 crypto rx=0x7f13200098a0 tx=0x7f1320009bb0 comp rx=0 tx=0).stop
2024-06-04T04:46:08.917 INFO:teuthology.orchestra.run.smithi070.stdout:/usr/bin/ceph: stderr
2024-06-04T04:46:07.375+0000 7f133cb47700 1 -- 172.21.15.70:0/1840308227 shutdown_connections
2024-06-04T04:46:08.917 INFO:teuthology.orchestra.run.smithi070.stdout:/usr/bin/ceph: stderr
2024-06-04T04:46:07.375+0000 7f133cb47700 1 --2- 172.21.15.70:0/1840308227 >> [v2:172.21.15.70:3300/0,v1:172.21.15.70:6789/0] conn(0x7f1338107150 0x7f1338107570 unknown :-1 s=CLOSED pgs=53 cs=0 l=1 rev1=1 crypto rx=0 tx=0 comp rx=0 tx=0).stop
2024-06-04T04:46:08.917 INFO:teuthology.orchestra.run.smithi070.stdout:/usr/bin/ceph: stderr
2024-06-04T04:46:07.375+0000 7f133cb47700 1 -- 172.21.15.70:0/1840308227 >> 172.21.15.70:0/1840308227 conn(0x7f1338102ae0 msgr2=0x7f1338104f00 unknown :-1 s=STATE_NONE l=0).mark_down
2024-06-04T04:46:08.917 INFO:teuthology.orchestra.run.smithi070.stdout:/usr/bin/ceph: stderr
2024-06-04T04:46:07.375+0000 7f133cb47700 1 -- 172.21.15.70:0/1840308227 shutdown_connections
2024-06-04T04:46:08.917 INFO:teuthology.orchestra.run.smithi070.stdout:/usr/bin/ceph: stderr
2024-06-04T04:46:07.375+0000 7f133cb47700 1 -- 172.21.15.70:0/1840308227 wait complete.
2024-06-04T04:46:08.918 INFO:teuthology.orchestra.run.smithi070.stdout:/usr/bin/ceph: stderr
2024-06-04T04:46:07.376+0000 7f133cb47700 1 Processor -- start
2024-06-04T04:46:08.918 INFO:teuthology.orchestra.run.smithi070.stdout:/usr/bin/ceph: stderr
2024-06-04T04:46:07.376+0000 7f133cb47700 1 -- start start
2024-06-04T04:46:08.918 INFO:teuthology.orchestra.run.smithi070.stdout:/usr/bin/ceph: stderr
2024-06-04T04:46:07.376+0000 7f133cb47700 1 --2- >> [v2:172.21.15.70:3300/0,v1:172.21.15.70:6789/0] conn(0x7f1338107150 0x7f1338109910 unknown :-1 s=NONE pgs=0 cs=0 l=1 rev1=0 crypto rx=0 tx=0 comp rx=0 tx=0).connect
2024-06-04T04:46:08.918 INFO:teuthology.orchestra.run.smithi070.stdout:/usr/bin/ceph: stderr
2024-06-04T04:46:07.376+0000 7f133cb47700 1 -- --> [v2:172.21.15.70:3300/0,v1:172.21.15.70:6789/0] -- mon_getmap magic: 0 -- 0x7f133810d310 con 0x7f1338107150
2024-06-04T04:46:08.918 INFO:teuthology.orchestra.run.smithi070.stdout:/usr/bin/ceph: stderr
2024-06-04T04:46:07.376+0000 7f133659c700 1 --2- >> [v2:172.21.15.70:3300/0,v1:172.21.15.70:6789/0] conn(0x7f1338107150 0x7f1338109910 unknown :-1 s=BANNER_CONNECTING pgs=0 cs=0 l=1 rev1=0 crypto rx=0 tx=0 comp rx=0 tx=0)._handle_peer_banner_payload supported=3 required=0
2024-06-04T04:46:08.918 INFO:teuthology.orchestra.run.smithi070.stdout:/usr/bin/ceph: stderr
2024-06-04T04:46:07.376+0000 7f133659c700 1 --2- >> [v2:172.21.15.70:3300/0,v1:172.21.15.70:6789/0] conn(0x7f1338107150 0x7f1338109910 unknown :-1 s=HELLO_CONNECTING pgs=0 cs=0 l=1 rev1=1 crypto rx=0 tx=0 comp rx=0 tx=0).handle_hello peer v2:172.21.15.70:3300/0 says I am v2:172.21.15.70:60968/0 (socket says 172.21.15.70:60968)
2024-06-04T04:46:08.918 INFO:teuthology.orchestra.run.smithi070.stdout:/usr/bin/ceph: stderr
2024-06-04T04:46:07.376+0000 7f133659c700 1 -- 172.21.15.70:0/1049790520 learned_addr learned my addr 172.21.15.70:0/1049790520 (peer_addr_for_me v2:172.21.15.70:0/0)
2024-06-04T04:46:08.918 INFO:teuthology.orchestra.run.smithi070.stdout:/usr/bin/ceph: stderr
2024-06-04T04:46:07.377+0000 7f133659c700 1 -- 172.21.15.70:0/1049790520 --> [v2:172.21.15.70:3300/0,v1:172.21.15.70:6789/0] -- mon_subscribe({config=0+,monmap=0+}) -- 0x7f1338109e50 con 0x7f1338107150
2024-06-04T04:46:08.918 INFO:teuthology.orchestra.run.smithi070.stdout:/usr/bin/ceph: stderr
2024-06-04T04:46:07.377+0000 7f133659c700 1 --2- 172.21.15.70:0/1049790520 >> [v2:172.21.15.70:3300/0,v1:172.21.15.70:6789/0] conn(0x7f1338107150 0x7f1338109910 secure :-1 s=READY pgs=54 cs=0 l=1 rev1=1 crypto rx=0x7f1320011670 tx=0x7f1320011a30 comp rx=0 tx=0).ready entity=mon.0 client_cookie=0 server_cookie=0 in_seq=0 out_seq=0
2024-06-04T04:46:08.918 INFO:teuthology.orchestra.run.smithi070.stdout:/usr/bin/ceph: stderr
2024-06-04T04:46:07.377+0000 7f132f7fe700 1 -- 172.21.15.70:0/1049790520 <== mon.0 v2:172.21.15.70:3300/0 1 ==== mon_map magic: 0 ==== 205+0+0 (secure 0 0 0) 0x7f1320003aa0 con 0x7f1338107150
2024-06-04T04:46:08.918 INFO:teuthology.orchestra.run.smithi070.stdout:/usr/bin/ceph: stderr
2024-06-04T04:46:07.377+0000 7f132f7fe700 1 -- 172.21.15.70:0/1049790520 <== mon.0 v2:172.21.15.70:3300/0 2 ==== config(25 keys) ==== 1063+0+0 (secure 0 0 0) 0x7f132001b8d0 con 0x7f1338107150
2024-06-04T04:46:08.918 INFO:teuthology.orchestra.run.smithi070.stdout:/usr/bin/ceph: stderr
2024-06-04T04:46:07.377+0000 7f132f7fe700 1 -- 172.21.15.70:0/1049790520 <== mon.0 v2:172.21.15.70:3300/0 3 ==== mon_map magic: 0 ==== 205+0+0 (secure 0 0 0) 0x7f13200197f0 con 0x7f1338107150
2024-06-04T04:46:08.919 INFO:teuthology.orchestra.run.smithi070.stdout:/usr/bin/ceph: stderr
2024-06-04T04:46:07.377+0000 7f133cb47700 1 -- 172.21.15.70:0/1049790520 --> [v2:172.21.15.70:3300/0,v1:172.21.15.70:6789/0] -- mon_subscribe({mgrmap=0+}) -- 0x7f1338108090 con 0x7f1338107150
2024-06-04T04:46:08.919 INFO:teuthology.orchestra.run.smithi070.stdout:/usr/bin/ceph: stderr
2024-06-04T04:46:07.377+0000 7f133cb47700 1 -- 172.21.15.70:0/1049790520 --> [v2:172.21.15.70:3300/0,v1:172.21.15.70:6789/0] -- mon_subscribe({osdmap=0}) -- 0x7f1338108570 con 0x7f1338107150
2024-06-04T04:46:08.919 INFO:teuthology.orchestra.run.smithi070.stdout:/usr/bin/ceph: stderr
2024-06-04T04:46:07.378+0000 7f132f7fe700 1 -- 172.21.15.70:0/1049790520 <== mon.0 v2:172.21.15.70:3300/0 4 ==== mgrmap(e 8) ==== 50222+0+0 (secure 0 0 0) 0x7f1320019990 con 0x7f1338107150
2024-06-04T04:46:08.919 INFO:teuthology.orchestra.run.smithi070.stdout:/usr/bin/ceph: stderr
2024-06-04T04:46:07.378+0000 7f132f7fe700 1 --2- 172.21.15.70:0/1049790520 >> [v2:172.21.15.70:6800/1353782413,v1:172.21.15.70:6801/1353782413] conn(0x7f132403e470 0x7f1324040930 unknown :-1 s=NONE pgs=0 cs=0 l=1 rev1=0 crypto rx=0 tx=0 comp rx=0 tx=0).connect
2024-06-04T04:46:08.919 INFO:teuthology.orchestra.run.smithi070.stdout:/usr/bin/ceph: stderr
2024-06-04T04:46:07.378+0000 7f133cb47700 1 -- 172.21.15.70:0/1049790520 --> [v2:172.21.15.70:3300/0,v1:172.21.15.70:6789/0] -- mon_command({"prefix": "get_command_descriptions"} v 0) -- 0x7f133810d490 con 0x7f1338107150
2024-06-04T04:46:08.919 INFO:teuthology.orchestra.run.smithi070.stdout:/usr/bin/ceph: stderr
2024-06-04T04:46:07.378+0000 7f132f7fe700 1 -- 172.21.15.70:0/1049790520 <== mon.0 v2:172.21.15.70:3300/0 5 ==== osd_map(2..2 src has 1..2) ==== 940+0+0 (secure 0 0 0) 0x7f132001bd80 con 0x7f1338107150
2024-06-04T04:46:08.919 INFO:teuthology.orchestra.run.smithi070.stdout:/usr/bin/ceph: stderr
2024-06-04T04:46:07.378+0000 7f1335d9b700 1 --2- 172.21.15.70:0/1049790520 >> [v2:172.21.15.70:6800/1353782413,v1:172.21.15.70:6801/1353782413] conn(0x7f132403e470 0x7f1324040930 unknown :-1 s=BANNER_CONNECTING pgs=0 cs=0 l=1 rev1=0 crypto rx=0 tx=0 comp rx=0 tx=0)._handle_peer_banner_payload supported=3 required=0
2024-06-04T04:46:08.919 INFO:teuthology.orchestra.run.smithi070.stdout:/usr/bin/ceph: stderr
2024-06-04T04:46:07.379+0000 7f1335d9b700 1 --2- 172.21.15.70:0/1049790520 >> [v2:172.21.15.70:6800/1353782413,v1:172.21.15.70:6801/1353782413] conn(0x7f132403e470 0x7f1324040930 secure :-1 s=READY pgs=15 cs=0 l=1 rev1=1 crypto rx=0x7f1328006fd0 tx=0x7f1328006e40 comp rx=0 tx=0).ready entity=mgr.14120 client_cookie=0 server_cookie=0 in_seq=0 out_seq=0
2024-06-04T04:46:08.919 INFO:teuthology.orchestra.run.smithi070.stdout:/usr/bin/ceph: stderr
2024-06-04T04:46:07.384+0000 7f132f7fe700 1 -- 172.21.15.70:0/1049790520 <== mon.0 v2:172.21.15.70:3300/0 6 ==== mon_command_ack([{"prefix": "get_command_descriptions"}]=0 v0) ==== 72+0+191963 (secure 0 0 0) 0x7f132001f030 con 0x7f1338107150
2024-06-04T04:46:08.919 INFO:teuthology.orchestra.run.smithi070.stdout:/usr/bin/ceph: stderr
2024-06-04T04:46:07.592+0000 7f133cb47700 1 -- 172.21.15.70:0/1049790520 --> [v2:172.21.15.70:3300/0,v1:172.21.15.70:6789/0] -- mon_command([{prefix=config set, name=mgr/dashboard/ssl_server_port}] v 0) -- 0x7f13381966a0 con 0x7f1338107150
2024-06-04T04:46:08.919 INFO:teuthology.orchestra.run.smithi070.stdout:/usr/bin/ceph: stderr
2024-06-04T04:46:07.594+0000 7f132f7fe700 1 -- 172.21.15.70:0/1049790520 <== mon.0 v2:172.21.15.70:3300/0 7 ==== mon_command_ack([{prefix=config set, name=mgr/dashboard/ssl_server_port}]=0 v8)=0 v8) ==== 130+0+0 (secure 0 0 0) 0x7f132000e260 con 0x7f1338107150
2024-06-04T04:46:08.919 INFO:teuthology.orchestra.run.smithi070.stdout:/usr/bin/ceph: stderr
2024-06-04T04:46:07.596+0000 7f133cb47700 1 -- 172.21.15.70:0/1049790520 >> [v2:172.21.15.70:6800/1353782413,v1:172.21.15.70:6801/1353782413] conn(0x7f132403e470 msgr2=0x7f1324040930 secure :-1 s=STATE_CONNECTION_ESTABLISHED l=1).mark_down
2024-06-04T04:46:08.919 INFO:teuthology.orchestra.run.smithi070.stdout:/usr/bin/ceph: stderr
2024-06-04T04:46:07.596+0000 7f133cb47700 1 --2- 172.21.15.70:0/1049790520 >> [v2:172.21.15.70:6800/1353782413,v1:172.21.15.70:6801/1353782413] conn(0x7f132403e470 0x7f1324040930 secure :-1 s=READY pgs=15 cs=0 l=1 rev1=1 crypto rx=0x7f1328006fd0 tx=0x7f1328006e40 comp rx=0 tx=0).stop
2024-06-04T04:46:08.919 INFO:teuthology.orchestra.run.smithi070.stdout:/usr/bin/ceph: stderr
2024-06-04T04:46:07.596+0000 7f133cb47700 1 -- 172.21.15.70:0/1049790520 >> [v2:172.21.15.70:3300/0,v1:172.21.15.70:6789/0] conn(0x7f1338107150 msgr2=0x7f1338109910 secure :-1 s=STATE_CONNECTION_ESTABLISHED l=1).mark_down
2024-06-04T04:46:08.920 INFO:teuthology.orchestra.run.smithi070.stdout:/usr/bin/ceph: stderr
2024-06-04T04:46:07.596+0000 7f133cb47700 1 --2- 172.21.15.70:0/1049790520 >> [v2:172.21.15.70:3300/0,v1:172.21.15.70:6789/0] conn(0x7f1338107150 0x7f1338109910 secure :-1 s=READY pgs=54 cs=0 l=1 rev1=1 crypto rx=0x7f1320011670 tx=0x7f1320011a30 comp rx=0 tx=0).stop
2024-06-04T04:46:08.920 INFO:teuthology.orchestra.run.smithi070.stdout:/usr/bin/ceph: stderr
2024-06-04T04:46:07.596+0000 7f133cb47700 1 -- 172.21.15.70:0/1049790520 shutdown_connections
2024-06-04T04:46:08.920 INFO:teuthology.orchestra.run.smithi070.stdout:/usr/bin/ceph: stderr
2024-06-04T04:46:07.596+0000 7f133cb47700 1 --2- 172.21.15.70:0/1049790520 >> [v2:172.21.15.70:6800/1353782413,v1:172.21.15.70:6801/1353782413] conn(0x7f132403e470 0x7f1324040930 unknown :-1 s=CLOSED pgs=15 cs=0 l=1 rev1=1 crypto rx=0 tx=0 comp rx=0 tx=0).stop
2024-06-04T04:46:08.920 INFO:teuthology.orchestra.run.smithi070.stdout:/usr/bin/ceph: stderr
2024-06-04T04:46:07.596+0000 7f133cb47700 1 --2- 172.21.15.70:0/1049790520 >> [v2:172.21.15.70:3300/0,v1:172.21.15.70:6789/0] conn(0x7f1338107150 0x7f1338109910 unknown :-1 s=CLOSED pgs=54 cs=0 l=1 rev1=1 crypto rx=0 tx=0 comp rx=0 tx=0).stop
2024-06-04T04:46:08.920 INFO:teuthology.orchestra.run.smithi070.stdout:/usr/bin/ceph: stderr
2024-06-04T04:46:07.596+0000 7f133cb47700 1 -- 172.21.15.70:0/1049790520 >> 172.21.15.70:0/1049790520 conn(0x7f1338102ae0 msgr2=0x7f1338103890 unknown :-1 s=STATE_NONE l=0).mark_down
2024-06-04T04:46:08.920 INFO:teuthology.orchestra.run.smithi070.stdout:/usr/bin/ceph: stderr
2024-06-04T04:46:07.597+0000 7f133cb47700 1 -- 172.21.15.70:0/1049790520 shutdown_connections
2024-06-04T04:46:08.920 INFO:teuthology.orchestra.run.smithi070.stdout:/usr/bin/ceph: stderr
2024-06-04T04:46:07.597+0000 7f133cb47700 1 -- 172.21.15.70:0/1049790520 wait complete.
2024-06-04T04:46:08.920 INFO:teuthology.orchestra.run.smithi070.stdout:Enabling the dashboard module...
2024-06-04T04:46:10.830 INFO:journalctl@ceph.mon.a.smithi070.stdout:Jun 04 04:46:10 smithi070 ceph-mon[32631]: pgmap v3: 0 pgs: ; 0 B data, 0 B used, 0 B / 0 B avail
2024-06-04T04:46:10.830 INFO:journalctl@ceph.mon.a.smithi070.stdout:Jun 04 04:46:10 smithi070 ceph-mon[32631]: from='client.? 172.21.15.70:0/2171655133' entity='client.admin' cmd=[{"prefix": "mgr module enable", "module": "dashboard"}]: dispatch
2024-06-04T04:46:10.831 INFO:journalctl@ceph.mgr.x.smithi070.stdout:Jun 04 04:46:10 smithi070 ceph-164dbaba-222d-11ef-bc9b-c7b262605968-mgr-x[32859]: ignoring --setuser ceph since I am not root
2024-06-04T04:46:10.831 INFO:journalctl@ceph.mgr.x.smithi070.stdout:Jun 04 04:46:10 smithi070 ceph-164dbaba-222d-11ef-bc9b-c7b262605968-mgr-x[32859]: ignoring --setgroup ceph since I am not root
2024-06-04T04:46:10.831 INFO:journalctl@ceph.mgr.x.smithi070.stdout:Jun 04 04:46:10 smithi070 ceph-164dbaba-222d-11ef-bc9b-c7b262605968-mgr-x[32859]:
2024-06-04T04:46:10.693+0000 7f7b0fe00200 -1 mgr[py] Module balancer has missing NOTIFY_TYPES member
2024-06-04T04:46:11.109 INFO:journalctl@ceph.mgr.x.smithi070.stdout:Jun 04 04:46:10 smithi070 ceph-164dbaba-222d-11ef-bc9b-c7b262605968-mgr-x[32859]:
2024-06-04T04:46:10.882+0000 7f7b0fe00200 -1 mgr[py] Module orchestrator has missing NOTIFY_TYPES member
2024-06-04T04:46:11.109 INFO:journalctl@ceph.mgr.x.smithi070.stdout:Jun 04 04:46:10 smithi070 ceph-164dbaba-222d-11ef-bc9b-c7b262605968-mgr-x[32859]:
2024-06-04T04:46:10.985+0000 7f7b0fe00200 -1 mgr[py] Module snap_schedule has missing NOTIFY_TYPES member
2024-06-04T04:46:11.122 INFO:teuthology.orchestra.run.smithi070.stdout:/usr/bin/ceph: stderr
2024-06-04T04:46:09.341+0000 7f4837f1d700 1 Processor -- start
2024-06-04T04:46:11.123 INFO:teuthology.orchestra.run.smithi070.stdout:/usr/bin/ceph: stderr
2024-06-04T04:46:09.341+0000 7f4837f1d700 1 -- start start
2024-06-04T04:46:11.123 INFO:teuthology.orchestra.run.smithi070.stdout:/usr/bin/ceph: stderr
2024-06-04T04:46:09.341+0000 7f4837f1d700 1 --2- >> [v2:172.21.15.70:3300/0,v1:172.21.15.70:6789/0] conn(0x7f4830109340 0x7f4830109760 unknown :-1 s=NONE pgs=0 cs=0 l=0 rev1=0 crypto rx=0 tx=0 comp rx=0 tx=0).connect
2024-06-04T04:46:11.123 INFO:teuthology.orchestra.run.smithi070.stdout:/usr/bin/ceph: stderr
2024-06-04T04:46:09.342+0000 7f4837f1d700 1 -- --> [v2:172.21.15.70:3300/0,v1:172.21.15.70:6789/0] -- mon_getmap magic: 0 -- 0x7f4830109d30 con 0x7f4830109340
2024-06-04T04:46:11.124 INFO:teuthology.orchestra.run.smithi070.stdout:/usr/bin/ceph: stderr
2024-06-04T04:46:09.342+0000 7f4835cb9700 1 --2- >> [v2:172.21.15.70:3300/0,v1:172.21.15.70:6789/0] conn(0x7f4830109340 0x7f4830109760 unknown :-1 s=BANNER_CONNECTING pgs=0 cs=0 l=0 rev1=0 crypto rx=0 tx=0 comp rx=0 tx=0)._handle_peer_banner_payload supported=3 required=0
2024-06-04T04:46:11.124 INFO:teuthology.orchestra.run.smithi070.stdout:/usr/bin/ceph: stderr
2024-06-04T04:46:09.342+0000 7f4835cb9700 1 --2- >> [v2:172.21.15.70:3300/0,v1:172.21.15.70:6789/0] conn(0x7f4830109340 0x7f4830109760 unknown :-1 s=HELLO_CONNECTING pgs=0 cs=0 l=0 rev1=1 crypto rx=0 tx=0 comp rx=0 tx=0).handle_hello peer v2:172.21.15.70:3300/0 says I am v2:172.21.15.70:60974/0 (socket says 172.21.15.70:60974)
2024-06-04T04:46:11.124 INFO:teuthology.orchestra.run.smithi070.stdout:/usr/bin/ceph: stderr
2024-06-04T04:46:09.342+0000 7f4835cb9700 1 -- 172.21.15.70:0/4200069933 learned_addr learned my addr 172.21.15.70:0/4200069933 (peer_addr_for_me v2:172.21.15.70:0/0)
2024-06-04T04:46:11.124 INFO:teuthology.orchestra.run.smithi070.stdout:/usr/bin/ceph: stderr
2024-06-04T04:46:09.342+0000 7f4835cb9700 1 -- 172.21.15.70:0/4200069933 --> [v2:172.21.15.70:3300/0,v1:172.21.15.70:6789/0] -- mon_subscribe({config=0+,monmap=0+}) -- 0x7f4830107f50 con 0x7f4830109340
2024-06-04T04:46:11.124 INFO:teuthology.orchestra.run.smithi070.stdout:/usr/bin/ceph: stderr
2024-06-04T04:46:09.342+0000 7f4835cb9700 1 --2- 172.21.15.70:0/4200069933 >> [v2:172.21.15.70:3300/0,v1:172.21.15.70:6789/0] conn(0x7f4830109340 0x7f4830109760 secure :-1 s=READY pgs=55 cs=0 l=1 rev1=1 crypto rx=0x7f482c0098a0 tx=0x7f482c009bb0 comp rx=0 tx=0).ready entity=mon.0 client_cookie=21df6fb020bdfeeb server_cookie=0 in_seq=0 out_seq=0
2024-06-04T04:46:11.124 INFO:teuthology.orchestra.run.smithi070.stdout:/usr/bin/ceph: stderr
2024-06-04T04:46:09.342+0000 7f4834cb7700 1 -- 172.21.15.70:0/4200069933 <== mon.0 v2:172.21.15.70:3300/0 1 ==== mon_map magic: 0 ==== 205+0+0 (secure 0 0 0) 0x7f482c004160 con 0x7f4830109340
2024-06-04T04:46:11.124 INFO:teuthology.orchestra.run.smithi070.stdout:/usr/bin/ceph: stderr
2024-06-04T04:46:09.342+0000 7f4834cb7700 1 -- 172.21.15.70:0/4200069933 <== mon.0 v2:172.21.15.70:3300/0 2 ==== config(25 keys) ==== 1063+0+0 (secure 0 0 0) 0x7f482c004300 con 0x7f4830109340
2024-06-04T04:46:11.124 INFO:teuthology.orchestra.run.smithi070.stdout:/usr/bin/ceph: stderr
2024-06-04T04:46:09.342+0000 7f4834cb7700 1 -- 172.21.15.70:0/4200069933 <== mon.0 v2:172.21.15.70:3300/0 3 ==== mon_map magic: 0 ==== 205+0+0 (secure 0 0 0) 0x7f482c011960 con 0x7f4830109340
2024-06-04T04:46:11.124 INFO:teuthology.orchestra.run.smithi070.stdout:/usr/bin/ceph: stderr
2024-06-04T04:46:09.343+0000 7f4837f1d700 1 -- 172.21.15.70:0/4200069933 >> [v2:172.21.15.70:3300/0,v1:172.21.15.70:6789/0] conn(0x7f4830109340 msgr2=0x7f4830109760 secure :-1 s=STATE_CONNECTION_ESTABLISHED l=1).mark_down
2024-06-04T04:46:11.124 INFO:teuthology.orchestra.run.smithi070.stdout:/usr/bin/ceph: stderr
2024-06-04T04:46:09.343+0000 7f4837f1d700 1 --2- 172.21.15.70:0/4200069933 >> [v2:172.21.15.70:3300/0,v1:172.21.15.70:6789/0] conn(0x7f4830109340 0x7f4830109760 secure :-1 s=READY pgs=55 cs=0 l=1 rev1=1 crypto rx=0x7f482c0098a0 tx=0x7f482c009bb0 comp rx=0 tx=0).stop
2024-06-04T04:46:11.124 INFO:teuthology.orchestra.run.smithi070.stdout:/usr/bin/ceph: stderr
2024-06-04T04:46:09.343+0000 7f4837f1d700 1 -- 172.21.15.70:0/4200069933 shutdown_connections
2024-06-04T04:46:11.124 INFO:teuthology.orchestra.run.smithi070.stdout:/usr/bin/ceph: stderr
2024-06-04T04:46:09.343+0000 7f4837f1d700 1 --2- 172.21.15.70:0/4200069933 >> [v2:172.21.15.70:3300/0,v1:172.21.15.70:6789/0] conn(0x7f4830109340 0x7f4830109760 unknown :-1 s=CLOSED pgs=55 cs=0 l=1 rev1=1 crypto rx=0 tx=0 comp rx=0 tx=0).stop
2024-06-04T04:46:11.125 INFO:teuthology.orchestra.run.smithi070.stdout:/usr/bin/ceph: stderr
2024-06-04T04:46:09.343+0000 7f4837f1d700 1 -- 172.21.15.70:0/4200069933 >> 172.21.15.70:0/4200069933 conn(0x7f4830102ae0 msgr2=0x7f4830104f00 unknown :-1 s=STATE_NONE l=0).mark_down
2024-06-04T04:46:11.125 INFO:teuthology.orchestra.run.smithi070.stdout:/usr/bin/ceph: stderr
2024-06-04T04:46:09.343+0000 7f4837f1d700 1 -- 172.21.15.70:0/4200069933 shutdown_connections
2024-06-04T04:46:11.125 INFO:teuthology.orchestra.run.smithi070.stdout:/usr/bin/ceph: stderr
2024-06-04T04:46:09.343+0000 7f4837f1d700 1 -- 172.21.15.70:0/4200069933 wait complete.
2024-06-04T04:46:11.125 INFO:teuthology.orchestra.run.smithi070.stdout:/usr/bin/ceph: stderr
2024-06-04T04:46:09.344+0000 7f4837f1d700 1 Processor -- start
2024-06-04T04:46:11.125 INFO:teuthology.orchestra.run.smithi070.stdout:/usr/bin/ceph: stderr
2024-06-04T04:46:09.344+0000 7f4837f1d700 1 -- start start
2024-06-04T04:46:11.125 INFO:teuthology.orchestra.run.smithi070.stdout:/usr/bin/ceph: stderr
2024-06-04T04:46:09.344+0000 7f4837f1d700 1 --2- >> [v2:172.21.15.70:3300/0,v1:172.21.15.70:6789/0] conn(0x7f4830109340 0x7f483019d1a0 unknown :-1 s=NONE pgs=0 cs=0 l=1 rev1=0 crypto rx=0 tx=0 comp rx=0 tx=0).connect
2024-06-04T04:46:11.125 INFO:teuthology.orchestra.run.smithi070.stdout:/usr/bin/ceph: stderr
2024-06-04T04:46:09.344+0000 7f4837f1d700 1 -- --> [v2:172.21.15.70:3300/0,v1:172.21.15.70:6789/0] -- mon_getmap magic: 0 -- 0x7f483010c190 con 0x7f4830109340
2024-06-04T04:46:11.125 INFO:teuthology.orchestra.run.smithi070.stdout:/usr/bin/ceph: stderr
2024-06-04T04:46:09.344+0000 7f4835cb9700 1 --2- >> [v2:172.21.15.70:3300/0,v1:172.21.15.70:6789/0] conn(0x7f4830109340 0x7f483019d1a0 unknown :-1 s=BANNER_CONNECTING pgs=0 cs=0 l=1 rev1=0 crypto rx=0 tx=0 comp rx=0 tx=0)._handle_peer_banner_payload supported=3 required=0
2024-06-04T04:46:11.125 INFO:teuthology.orchestra.run.smithi070.stdout:/usr/bin/ceph: stderr
2024-06-04T04:46:09.344+0000 7f4835cb9700 1 --2- >> [v2:172.21.15.70:3300/0,v1:172.21.15.70:6789/0] conn(0x7f4830109340 0x7f483019d1a0 unknown :-1 s=HELLO_CONNECTING pgs=0 cs=0 l=1 rev1=1 crypto rx=0 tx=0 comp rx=0 tx=0).handle_hello peer v2:172.21.15.70:3300/0 says I am v2:172.21.15.70:60978/0 (socket says 172.21.15.70:60978)
2024-06-04T04:46:11.125 INFO:teuthology.orchestra.run.smithi070.stdout:/usr/bin/ceph: stderr
2024-06-04T04:46:09.344+0000 7f4835cb9700 1 -- 172.21.15.70:0/2171655133 learned_addr learned my addr 172.21.15.70:0/2171655133 (peer_addr_for_me v2:172.21.15.70:0/0)
2024-06-04T04:46:11.125 INFO:teuthology.orchestra.run.smithi070.stdout:/usr/bin/ceph: stderr
2024-06-04T04:46:09.344+0000 7f4835cb9700 1 -- 172.21.15.70:0/2171655133 --> [v2:172.21.15.70:3300/0,v1:172.21.15.70:6789/0] -- mon_subscribe({config=0+,monmap=0+}) -- 0x7f483019d6e0 con 0x7f4830109340
2024-06-04T04:46:11.125 INFO:teuthology.orchestra.run.smithi070.stdout:/usr/bin/ceph: stderr
2024-06-04T04:46:09.344+0000 7f4835cb9700 1 --2- 172.21.15.70:0/2171655133 >> [v2:172.21.15.70:3300/0,v1:172.21.15.70:6789/0] conn(0x7f4830109340 0x7f483019d1a0 secure :-1 s=READY pgs=56 cs=0 l=1 rev1=1 crypto rx=0x7f482c011670 tx=0x7f482c011a30 comp rx=0 tx=0).ready entity=mon.0 client_cookie=0 server_cookie=0 in_seq=0 out_seq=0
2024-06-04T04:46:11.125 INFO:teuthology.orchestra.run.smithi070.stdout:/usr/bin/ceph: stderr
2024-06-04T04:46:09.344+0000 7f4826ffd700 1 -- 172.21.15.70:0/2171655133 <== mon.0 v2:172.21.15.70:3300/0 1 ==== mon_map magic: 0 ==== 205+0+0 (secure 0 0 0) 0x7f482c003aa0 con 0x7f4830109340
2024-06-04T04:46:11.125 INFO:teuthology.orchestra.run.smithi070.stdout:/usr/bin/ceph: stderr
2024-06-04T04:46:09.345+0000 7f4826ffd700 1 -- 172.21.15.70:0/2171655133 <== mon.0 v2:172.21.15.70:3300/0 2 ==== config(25 keys) ==== 1063+0+0 (secure 0 0 0) 0x7f482c01b8d0 con 0x7f4830109340
2024-06-04T04:46:11.126 INFO:teuthology.orchestra.run.smithi070.stdout:/usr/bin/ceph: stderr
2024-06-04T04:46:09.345+0000 7f4837f1d700 1 -- 172.21.15.70:0/2171655133 --> [v2:172.21.15.70:3300/0,v1:172.21.15.70:6789/0] -- mon_subscribe({mgrmap=0+}) -- 0x7f483019d970 con 0x7f4830109340
2024-06-04T04:46:11.126 INFO:teuthology.orchestra.run.smithi070.stdout:/usr/bin/ceph: stderr
2024-06-04T04:46:09.345+0000 7f4826ffd700 1 -- 172.21.15.70:0/2171655133 <== mon.0 v2:172.21.15.70:3300/0 3 ==== mon_map magic: 0 ==== 205+0+0 (secure 0 0 0) 0x7f482c0197f0 con 0x7f4830109340
2024-06-04T04:46:11.126 INFO:teuthology.orchestra.run.smithi070.stdout:/usr/bin/ceph: stderr
2024-06-04T04:46:09.345+0000 7f4837f1d700 1 -- 172.21.15.70:0/2171655133 --> [v2:172.21.15.70:3300/0,v1:172.21.15.70:6789/0] -- mon_subscribe({osdmap=0}) -- 0x7f48301a05c0 con 0x7f4830109340
2024-06-04T04:46:11.126 INFO:teuthology.orchestra.run.smithi070.stdout:/usr/bin/ceph: stderr
2024-06-04T04:46:09.345+0000 7f4826ffd700 1 -- 172.21.15.70:0/2171655133 <== mon.0 v2:172.21.15.70:3300/0 4 ==== mgrmap(e 8) ==== 50222+0+0 (secure 0 0 0) 0x7f482c01b440 con 0x7f4830109340
2024-06-04T04:46:11.126 INFO:teuthology.orchestra.run.smithi070.stdout:/usr/bin/ceph: stderr
2024-06-04T04:46:09.346+0000 7f4837f1d700 1 -- 172.21.15.70:0/2171655133 --> [v2:172.21.15.70:3300/0,v1:172.21.15.70:6789/0] -- mon_command({"prefix": "get_command_descriptions"} v 0) -- 0x7f483010c310 con 0x7f4830109340
2024-06-04T04:46:11.126 INFO:teuthology.orchestra.run.smithi070.stdout:/usr/bin/ceph: stderr
2024-06-04T04:46:09.346+0000 7f4826ffd700 1 --2- 172.21.15.70:0/2171655133 >> [v2:172.21.15.70:6800/1353782413,v1:172.21.15.70:6801/1353782413] conn(0x7f481c03e470 0x7f481c040930 unknown :-1 s=NONE pgs=0 cs=0 l=1 rev1=0 crypto rx=0 tx=0 comp rx=0 tx=0).connect
2024-06-04T04:46:11.126 INFO:teuthology.orchestra.run.smithi070.stdout:/usr/bin/ceph: stderr
2024-06-04T04:46:09.346+0000 7f4826ffd700 1 -- 172.21.15.70:0/2171655133 <== mon.0 v2:172.21.15.70:3300/0 5 ==== osd_map(2..2 src has 1..2) ==== 940+0+0 (secure 0 0 0) 0x7f482c053e50 con 0x7f4830109340
2024-06-04T04:46:11.126 INFO:teuthology.orchestra.run.smithi070.stdout:/usr/bin/ceph: stderr
2024-06-04T04:46:09.346+0000 7f48354b8700 1 --2- 172.21.15.70:0/2171655133 >> [v2:172.21.15.70:6800/1353782413,v1:172.21.15.70:6801/1353782413] conn(0x7f481c03e470 0x7f481c040930 unknown :-1 s=BANNER_CONNECTING pgs=0 cs=0 l=1 rev1=0 crypto rx=0 tx=0 comp rx=0 tx=0)._handle_peer_banner_payload supported=3 required=0
2024-06-04T04:46:11.126 INFO:teuthology.orchestra.run.smithi070.stdout:/usr/bin/ceph: stderr
2024-06-04T04:46:09.346+0000 7f48354b8700 1 --2- 172.21.15.70:0/2171655133 >> [v2:172.21.15.70:6800/1353782413,v1:172.21.15.70:6801/1353782413] conn(0x7f481c03e470 0x7f481c040930 secure :-1 s=READY pgs=16 cs=0 l=1 rev1=1 crypto rx=0x7f4820006fd0 tx=0x7f4820006e40 comp rx=0 tx=0).ready entity=mgr.14120 client_cookie=0 server_cookie=0 in_seq=0 out_seq=0
2024-06-04T04:46:11.126 INFO:teuthology.orchestra.run.smithi070.stdout:/usr/bin/ceph: stderr
2024-06-04T04:46:09.351+0000 7f4826ffd700 1 -- 172.21.15.70:0/2171655133 <== mon.0 v2:172.21.15.70:3300/0 6 ==== mon_command_ack([{"prefix": "get_command_descriptions"}]=0 v0) ==== 72+0+191963 (secure 0 0 0) 0x7f482c01f030 con 0x7f4830109340
2024-06-04T04:46:11.127 INFO:teuthology.orchestra.run.smithi070.stdout:/usr/bin/ceph: stderr
2024-06-04T04:46:09.616+0000 7f4837f1d700 1 -- 172.21.15.70:0/2171655133 --> [v2:172.21.15.70:3300/0,v1:172.21.15.70:6789/0] -- mon_command({"prefix": "mgr module enable", "module": "dashboard"} v 0) -- 0x7f483006c960 con 0x7f4830109340
2024-06-04T04:46:11.127 INFO:teuthology.orchestra.run.smithi070.stdout:/usr/bin/ceph: stderr
2024-06-04T04:46:10.513+0000 7f4826ffd700 1 -- 172.21.15.70:0/2171655133 <== mon.0 v2:172.21.15.70:3300/0 7 ==== mon_command_ack([{"prefix": "mgr module enable", "module": "dashboard"}]=0 v9) ==== 88+0+0 (secure 0 0 0) 0x7f482c055020 con 0x7f4830109340
2024-06-04T04:46:11.127 INFO:teuthology.orchestra.run.smithi070.stdout:/usr/bin/ceph: stderr
2024-06-04T04:46:10.515+0000 7f4826ffd700 1 -- 172.21.15.70:0/2171655133 <== mon.0 v2:172.21.15.70:3300/0 8 ==== mgrmap(e 9) ==== 50235+0+0 (secure 0 0 0) 0x7f482c01a3d0 con 0x7f4830109340
2024-06-04T04:46:11.127 INFO:teuthology.orchestra.run.smithi070.stdout:/usr/bin/ceph: stderr
2024-06-04T04:46:10.516+0000 7f4837f1d700 1 -- 172.21.15.70:0/2171655133 >> [v2:172.21.15.70:6800/1353782413,v1:172.21.15.70:6801/1353782413] conn(0x7f481c03e470 msgr2=0x7f481c040930 secure :-1 s=STATE_CONNECTION_ESTABLISHED l=1).mark_down
2024-06-04T04:46:11.127 INFO:teuthology.orchestra.run.smithi070.stdout:/usr/bin/ceph: stderr
2024-06-04T04:46:10.516+0000 7f4837f1d700 1 --2- 172.21.15.70:0/2171655133 >> [v2:172.21.15.70:6800/1353782413,v1:172.21.15.70:6801/1353782413] conn(0x7f481c03e470 0x7f481c040930 secure :-1 s=READY pgs=16 cs=0 l=1 rev1=1 crypto rx=0x7f4820006fd0 tx=0x7f4820006e40 comp rx=0 tx=0).stop
2024-06-04T04:46:11.127 INFO:teuthology.orchestra.run.smithi070.stdout:/usr/bin/ceph: stderr
2024-06-04T04:46:10.516+0000 7f4837f1d700 1 -- 172.21.15.70:0/2171655133 >> [v2:172.21.15.70:3300/0,v1:172.21.15.70:6789/0] conn(0x7f4830109340 msgr2=0x7f483019d1a0 secure :-1 s=STATE_CONNECTION_ESTABLISHED l=1).mark_down
2024-06-04T04:46:11.127 INFO:teuthology.orchestra.run.smithi070.stdout:/usr/bin/ceph: stderr
2024-06-04T04:46:10.516+0000 7f4837f1d700 1 --2- 172.21.15.70:0/2171655133 >> [v2:172.21.15.70:3300/0,v1:172.21.15.70:6789/0] conn(0x7f4830109340 0x7f483019d1a0 secure :-1 s=READY pgs=56 cs=0 l=1 rev1=1 crypto rx=0x7f482c011670 tx=0x7f482c011a30 comp rx=0 tx=0).stop
2024-06-04T04:46:11.127 INFO:teuthology.orchestra.run.smithi070.stdout:/usr/bin/ceph: stderr
2024-06-04T04:46:10.516+0000 7f4837f1d700 1 -- 172.21.15.70:0/2171655133 shutdown_connections
2024-06-04T04:46:11.127 INFO:teuthology.orchestra.run.smithi070.stdout:/usr/bin/ceph: stderr
2024-06-04T04:46:10.516+0000 7f4837f1d700 1 --2- 172.21.15.70:0/2171655133 >> [v2:172.21.15.70:6800/1353782413,v1:172.21.15.70:6801/1353782413] conn(0x7f481c03e470 0x7f481c040930 unknown :-1 s=CLOSED pgs=16 cs=0 l=1 rev1=1 crypto rx=0 tx=0 comp rx=0 tx=0).stop
2024-06-04T04:46:11.127 INFO:teuthology.orchestra.run.smithi070.stdout:/usr/bin/ceph: stderr
2024-06-04T04:46:10.517+0000 7f4837f1d700 1 --2- 172.21.15.70:0/2171655133 >> [v2:172.21.15.70:3300/0,v1:172.21.15.70:6789/0] conn(0x7f4830109340 0x7f483019d1a0 unknown :-1 s=CLOSED pgs=56 cs=0 l=1 rev1=1 crypto rx=0 tx=0 comp rx=0 tx=0).stop
2024-06-04T04:46:11.127 INFO:teuthology.orchestra.run.smithi070.stdout:/usr/bin/ceph: stderr
2024-06-04T04:46:10.517+0000 7f4837f1d700 1 -- 172.21.15.70:0/2171655133 >> 172.21.15.70:0/2171655133 conn(0x7f4830102ae0 msgr2=0x7f48301039c0 unknown :-1 s=STATE_NONE l=0).mark_down
2024-06-04T04:46:11.127 INFO:teuthology.orchestra.run.smithi070.stdout:/usr/bin/ceph: stderr
2024-06-04T04:46:10.517+0000 7f4837f1d700 1 -- 172.21.15.70:0/2171655133 shutdown_connections
2024-06-04T04:46:11.127 INFO:teuthology.orchestra.run.smithi070.stdout:/usr/bin/ceph: stderr
2024-06-04T04:46:10.517+0000 7f4837f1d700 1 -- 172.21.15.70:0/2171655133 wait complete.
2024-06-04T04:46:11.394 INFO:journalctl@ceph.mgr.x.smithi070.stdout:Jun 04 04:46:11 smithi070 ceph-164dbaba-222d-11ef-bc9b-c7b262605968-mgr-x[32859]:
2024-06-04T04:46:11.303+0000 7f7b0fe00200 -1 mgr[py] Module progress has missing NOTIFY_TYPES member
2024-06-04T04:46:11.395 INFO:journalctl@ceph.mgr.x.smithi070.stdout:Jun 04 04:46:11 smithi070 ceph-164dbaba-222d-11ef-bc9b-c7b262605968-mgr-x[32859]:
