2024-06-04T04:46:25.207 INFO:teuthology.orchestra.run.smithi070.stdout:/usr/bin/ceph: stderr
2024-06-04T04:46:24.431+0000 7fa967fff700 1 --2- >> [v2:172.21.15.70:3300/0,v1:172.21.15.70:6789/0] conn(0x7fa968108ea0 0x7fa9681092c0 unknown :-1 s=BANNER_CONNECTING pgs=0 cs=0 l=0 rev1=0 crypto rx=0 tx=0 comp rx=0 tx=0)._handle_peer_banner_payload supported=3 required=0
2024-06-04T04:46:25.207 INFO:teuthology.orchestra.run.smithi070.stdout:/usr/bin/ceph: stderr
2024-06-04T04:46:24.431+0000 7fa967fff700 1 --2- >> [v2:172.21.15.70:3300/0,v1:172.21.15.70:6789/0] conn(0x7fa968108ea0 0x7fa9681092c0 unknown :-1 s=HELLO_CONNECTING pgs=0 cs=0 l=0 rev1=1 crypto rx=0 tx=0 comp rx=0 tx=0).handle_hello peer v2:172.21.15.70:3300/0 says I am v2:172.21.15.70:52872/0 (socket says 172.21.15.70:52872)
2024-06-04T04:46:25.208 INFO:teuthology.orchestra.run.smithi070.stdout:/usr/bin/ceph: stderr
2024-06-04T04:46:24.431+0000 7fa967fff700 1 -- 172.21.15.70:0/509341296 learned_addr learned my addr 172.21.15.70:0/509341296 (peer_addr_for_me v2:172.21.15.70:0/0)
2024-06-04T04:46:25.208 INFO:teuthology.orchestra.run.smithi070.stdout:/usr/bin/ceph: stderr
2024-06-04T04:46:24.432+0000 7fa967fff700 1 -- 172.21.15.70:0/509341296 --> [v2:172.21.15.70:3300/0,v1:172.21.15.70:6789/0] -- mon_subscribe({config=0+,monmap=0+}) -- 0x7fa968109980 con 0x7fa968108ea0
2024-06-04T04:46:25.208 INFO:teuthology.orchestra.run.smithi070.stdout:/usr/bin/ceph: stderr
2024-06-04T04:46:24.432+0000 7fa967fff700 1 --2- 172.21.15.70:0/509341296 >> [v2:172.21.15.70:3300/0,v1:172.21.15.70:6789/0] conn(0x7fa968108ea0 0x7fa9681092c0 secure :-1 s=READY pgs=76 cs=0 l=1 rev1=1 crypto rx=0x7fa9580098a0 tx=0x7fa958009bb0 comp rx=0 tx=0).ready entity=mon.0 client_cookie=b1709b1a69ee285c server_cookie=0 in_seq=0 out_seq=0
2024-06-04T04:46:25.208 INFO:teuthology.orchestra.run.smithi070.stdout:/usr/bin/ceph: stderr
2024-06-04T04:46:24.432+0000 7fa966ffd700 1 -- 172.21.15.70:0/509341296 <== mon.0 v2:172.21.15.70:3300/0 1 ==== mon_map magic: 0 ==== 205+0+0 (secure 0 0 0) 0x7fa958004160 con 0x7fa968108ea0
2024-06-04T04:46:25.208 INFO:teuthology.orchestra.run.smithi070.stdout:/usr/bin/ceph: stderr
2024-06-04T04:46:24.432+0000 7fa966ffd700 1 -- 172.21.15.70:0/509341296 <== mon.0 v2:172.21.15.70:3300/0 2 ==== config(25 keys) ==== 1063+0+0 (secure 0 0 0) 0x7fa958004300 con 0x7fa968108ea0
2024-06-04T04:46:25.208 INFO:teuthology.orchestra.run.smithi070.stdout:/usr/bin/ceph: stderr
2024-06-04T04:46:24.432+0000 7fa966ffd700 1 -- 172.21.15.70:0/509341296 <== mon.0 v2:172.21.15.70:3300/0 3 ==== mon_map magic: 0 ==== 205+0+0 (secure 0 0 0) 0x7fa958011960 con 0x7fa968108ea0
2024-06-04T04:46:25.208 INFO:teuthology.orchestra.run.smithi070.stdout:/usr/bin/ceph: stderr
2024-06-04T04:46:24.432+0000 7fa96e839700 1 -- 172.21.15.70:0/509341296 >> [v2:172.21.15.70:3300/0,v1:172.21.15.70:6789/0] conn(0x7fa968108ea0 msgr2=0x7fa9681092c0 secure :-1 s=STATE_CONNECTION_ESTABLISHED l=1).mark_down
2024-06-04T04:46:25.208 INFO:teuthology.orchestra.run.smithi070.stdout:/usr/bin/ceph: stderr
2024-06-04T04:46:24.432+0000 7fa96e839700 1 --2- 172.21.15.70:0/509341296 >> [v2:172.21.15.70:3300/0,v1:172.21.15.70:6789/0] conn(0x7fa968108ea0 0x7fa9681092c0 secure :-1 s=READY pgs=76 cs=0 l=1 rev1=1 crypto rx=0x7fa9580098a0 tx=0x7fa958009bb0 comp rx=0 tx=0).stop
2024-06-04T04:46:25.208 INFO:teuthology.orchestra.run.smithi070.stdout:/usr/bin/ceph: stderr
2024-06-04T04:46:24.433+0000 7fa96e839700 1 -- 172.21.15.70:0/509341296 shutdown_connections
2024-06-04T04:46:25.208 INFO:teuthology.orchestra.run.smithi070.stdout:/usr/bin/ceph: stderr
2024-06-04T04:46:24.433+0000 7fa96e839700 1 --2- 172.21.15.70:0/509341296 >> [v2:172.21.15.70:3300/0,v1:172.21.15.70:6789/0] conn(0x7fa968108ea0 0x7fa9681092c0 unknown :-1 s=CLOSED pgs=76 cs=0 l=1 rev1=1 crypto rx=0 tx=0 comp rx=0 tx=0).stop
2024-06-04T04:46:25.208 INFO:teuthology.orchestra.run.smithi070.stdout:/usr/bin/ceph: stderr
2024-06-04T04:46:24.433+0000 7fa96e839700 1 -- 172.21.15.70:0/509341296 >> 172.21.15.70:0/509341296 conn(0x7fa9681044e0 msgr2=0x7fa968106920 unknown :-1 s=STATE_NONE l=0).mark_down
2024-06-04T04:46:25.208 INFO:teuthology.orchestra.run.smithi070.stdout:/usr/bin/ceph: stderr
2024-06-04T04:46:24.433+0000 7fa96e839700 1 -- 172.21.15.70:0/509341296 shutdown_connections
2024-06-04T04:46:25.208 INFO:teuthology.orchestra.run.smithi070.stdout:/usr/bin/ceph: stderr
2024-06-04T04:46:24.433+0000 7fa96e839700 1 -- 172.21.15.70:0/509341296 wait complete.
2024-06-04T04:46:25.209 INFO:teuthology.orchestra.run.smithi070.stdout:/usr/bin/ceph: stderr
2024-06-04T04:46:24.433+0000 7fa96e839700 1 Processor -- start
2024-06-04T04:46:25.209 INFO:teuthology.orchestra.run.smithi070.stdout:/usr/bin/ceph: stderr
2024-06-04T04:46:24.433+0000 7fa96e839700 1 -- start start
2024-06-04T04:46:25.209 INFO:teuthology.orchestra.run.smithi070.stdout:/usr/bin/ceph: stderr
2024-06-04T04:46:24.434+0000 7fa96e839700 1 --2- >> [v2:172.21.15.70:3300/0,v1:172.21.15.70:6789/0] conn(0x7fa968108ea0 0x7fa96819cc70 unknown :-1 s=NONE pgs=0 cs=0 l=1 rev1=0 crypto rx=0 tx=0 comp rx=0 tx=0).connect
2024-06-04T04:46:25.209 INFO:teuthology.orchestra.run.smithi070.stdout:/usr/bin/ceph: stderr
2024-06-04T04:46:24.434+0000 7fa96e839700 1 -- --> [v2:172.21.15.70:3300/0,v1:172.21.15.70:6789/0] -- mon_getmap magic: 0 -- 0x7fa96810ae80 con 0x7fa968108ea0
2024-06-04T04:46:25.209 INFO:teuthology.orchestra.run.smithi070.stdout:/usr/bin/ceph: stderr
2024-06-04T04:46:24.434+0000 7fa967fff700 1 --2- >> [v2:172.21.15.70:3300/0,v1:172.21.15.70:6789/0] conn(0x7fa968108ea0 0x7fa96819cc70 unknown :-1 s=BANNER_CONNECTING pgs=0 cs=0 l=1 rev1=0 crypto rx=0 tx=0 comp rx=0 tx=0)._handle_peer_banner_payload supported=3 required=0
2024-06-04T04:46:25.209 INFO:teuthology.orchestra.run.smithi070.stdout:/usr/bin/ceph: stderr
2024-06-04T04:46:24.434+0000 7fa967fff700 1 --2- >> [v2:172.21.15.70:3300/0,v1:172.21.15.70:6789/0] conn(0x7fa968108ea0 0x7fa96819cc70 unknown :-1 s=HELLO_CONNECTING pgs=0 cs=0 l=1 rev1=1 crypto rx=0 tx=0 comp rx=0 tx=0).handle_hello peer v2:172.21.15.70:3300/0 says I am v2:172.21.15.70:52876/0 (socket says 172.21.15.70:52876)
2024-06-04T04:46:25.209 INFO:teuthology.orchestra.run.smithi070.stdout:/usr/bin/ceph: stderr
2024-06-04T04:46:24.434+0000 7fa967fff700 1 -- 172.21.15.70:0/2729168016 learned_addr learned my addr 172.21.15.70:0/2729168016 (peer_addr_for_me v2:172.21.15.70:0/0)
2024-06-04T04:46:25.209 INFO:teuthology.orchestra.run.smithi070.stdout:/usr/bin/ceph: stderr
2024-06-04T04:46:24.434+0000 7fa967fff700 1 -- 172.21.15.70:0/2729168016 --> [v2:172.21.15.70:3300/0,v1:172.21.15.70:6789/0] -- mon_subscribe({config=0+,monmap=0+}) -- 0x7fa96819d1b0 con 0x7fa968108ea0
2024-06-04T04:46:25.209 INFO:teuthology.orchestra.run.smithi070.stdout:/usr/bin/ceph: stderr
2024-06-04T04:46:24.434+0000 7fa967fff700 1 --2- 172.21.15.70:0/2729168016 >> [v2:172.21.15.70:3300/0,v1:172.21.15.70:6789/0] conn(0x7fa968108ea0 0x7fa96819cc70 secure :-1 s=READY pgs=77 cs=0 l=1 rev1=1 crypto rx=0x7fa958011980 tx=0x7fa958011a60 comp rx=0 tx=0).ready entity=mon.0 client_cookie=0 server_cookie=0 in_seq=0 out_seq=0
2024-06-04T04:46:25.209 INFO:teuthology.orchestra.run.smithi070.stdout:/usr/bin/ceph: stderr
2024-06-04T04:46:24.434+0000 7fa9657fa700 1 -- 172.21.15.70:0/2729168016 <== mon.0 v2:172.21.15.70:3300/0 1 ==== mon_map magic: 0 ==== 205+0+0 (secure 0 0 0) 0x7fa9580039e0 con 0x7fa968108ea0
2024-06-04T04:46:25.209 INFO:teuthology.orchestra.run.smithi070.stdout:/usr/bin/ceph: stderr
2024-06-04T04:46:24.434+0000 7fa9657fa700 1 -- 172.21.15.70:0/2729168016 <== mon.0 v2:172.21.15.70:3300/0 2 ==== config(25 keys) ==== 1063+0+0 (secure 0 0 0) 0x7fa95801b8d0 con 0x7fa968108ea0
2024-06-04T04:46:25.209 INFO:teuthology.orchestra.run.smithi070.stdout:/usr/bin/ceph: stderr
2024-06-04T04:46:24.434+0000 7fa96e839700 1 -- 172.21.15.70:0/2729168016 --> [v2:172.21.15.70:3300/0,v1:172.21.15.70:6789/0] -- mon_subscribe({mgrmap=0+}) -- 0x7fa96819d4a0 con 0x7fa968108ea0
2024-06-04T04:46:25.209 INFO:teuthology.orchestra.run.smithi070.stdout:/usr/bin/ceph: stderr
2024-06-04T04:46:24.434+0000 7fa9657fa700 1 -- 172.21.15.70:0/2729168016 <== mon.0 v2:172.21.15.70:3300/0 3 ==== mon_map magic: 0 ==== 205+0+0 (secure 0 0 0) 0x7fa958023790 con 0x7fa968108ea0
2024-06-04T04:46:25.210 INFO:teuthology.orchestra.run.smithi070.stdout:/usr/bin/ceph: stderr
2024-06-04T04:46:24.434+0000 7fa96e839700 1 -- 172.21.15.70:0/2729168016 --> [v2:172.21.15.70:3300/0,v1:172.21.15.70:6789/0] -- mon_subscribe({osdmap=0}) -- 0x7fa9681a0130 con 0x7fa968108ea0
2024-06-04T04:46:25.210 INFO:teuthology.orchestra.run.smithi070.stdout:/usr/bin/ceph: stderr
2024-06-04T04:46:24.435+0000 7fa9657fa700 1 -- 172.21.15.70:0/2729168016 <== mon.0 v2:172.21.15.70:3300/0 4 ==== mgrmap(e 13) ==== 50278+0+0 (secure 0 0 0) 0x7fa958023930 con 0x7fa968108ea0
2024-06-04T04:46:25.210 INFO:teuthology.orchestra.run.smithi070.stdout:/usr/bin/ceph: stderr
2024-06-04T04:46:24.435+0000 7fa9657fa700 1 --2- 172.21.15.70:0/2729168016 >> [v2:172.21.15.70:6800/2752966840,v1:172.21.15.70:6801/2752966840] conn(0x7fa95003e570 0x7fa950040a30 unknown :-1 s=NONE pgs=0 cs=0 l=1 rev1=0 crypto rx=0 tx=0 comp rx=0 tx=0).connect
2024-06-04T04:46:25.210 INFO:teuthology.orchestra.run.smithi070.stdout:/usr/bin/ceph: stderr
2024-06-04T04:46:24.436+0000 7fa9657fa700 1 -- 172.21.15.70:0/2729168016 <== mon.0 v2:172.21.15.70:3300/0 5 ==== osd_map(3..3 src has 1..3) ==== 1155+0+0 (secure 0 0 0) 0x7fa95801ba80 con 0x7fa968108ea0
2024-06-04T04:46:25.210 INFO:teuthology.orchestra.run.smithi070.stdout:/usr/bin/ceph: stderr
2024-06-04T04:46:24.436+0000 7fa96e839700 1 -- 172.21.15.70:0/2729168016 --> [v2:172.21.15.70:3300/0,v1:172.21.15.70:6789/0] -- mon_command({"prefix": "get_command_descriptions"} v 0) -- 0x7fa96810d310 con 0x7fa968108ea0
2024-06-04T04:46:25.210 INFO:teuthology.orchestra.run.smithi070.stdout:/usr/bin/ceph: stderr
2024-06-04T04:46:24.436+0000 7fa9677fe700 1 --2- 172.21.15.70:0/2729168016 >> [v2:172.21.15.70:6800/2752966840,v1:172.21.15.70:6801/2752966840] conn(0x7fa95003e570 0x7fa950040a30 unknown :-1 s=BANNER_CONNECTING pgs=0 cs=0 l=1 rev1=0 crypto rx=0 tx=0 comp rx=0 tx=0)._handle_peer_banner_payload supported=3 required=0
2024-06-04T04:46:25.210 INFO:teuthology.orchestra.run.smithi070.stdout:/usr/bin/ceph: stderr
2024-06-04T04:46:24.436+0000 7fa9677fe700 1 --2- 172.21.15.70:0/2729168016 >> [v2:172.21.15.70:6800/2752966840,v1:172.21.15.70:6801/2752966840] conn(0x7fa95003e570 0x7fa950040a30 secure :-1 s=READY pgs=10 cs=0 l=1 rev1=1 crypto rx=0x7fa95c006fd0 tx=0x7fa95c006e40 comp rx=0 tx=0).ready entity=mgr.14152 client_cookie=0 server_cookie=0 in_seq=0 out_seq=0
2024-06-04T04:46:25.210 INFO:teuthology.orchestra.run.smithi070.stdout:/usr/bin/ceph: stderr
2024-06-04T04:46:24.441+0000 7fa9657fa700 1 -- 172.21.15.70:0/2729168016 <== mon.0 v2:172.21.15.70:3300/0 6 ==== mon_command_ack([{"prefix": "get_command_descriptions"}]=0 v0) ==== 72+0+191963 (secure 0 0 0) 0x7fa95801f030 con 0x7fa968108ea0
2024-06-04T04:46:25.210 INFO:teuthology.orchestra.run.smithi070.stdout:/usr/bin/ceph: stderr
2024-06-04T04:46:24.641+0000 7fa96e839700 1 -- 172.21.15.70:0/2729168016 --> [v2:172.21.15.70:3300/0,v1:172.21.15.70:6789/0] -- mon_command([{prefix=config set, name=osd_memory_target_autotune}] v 0) -- 0x7fa968064ba0 con 0x7fa968108ea0
2024-06-04T04:46:25.210 INFO:teuthology.orchestra.run.smithi070.stdout:/usr/bin/ceph: stderr
2024-06-04T04:46:24.642+0000 7fa9657fa700 1 -- 172.21.15.70:0/2729168016 <== mon.0 v2:172.21.15.70:3300/0 7 ==== mon_command_ack([{prefix=config set, name=osd_memory_target_autotune}]=0 v8)=0 v8) ==== 127+0+0 (secure 0 0 0) 0x7fa958018df0 con 0x7fa968108ea0
2024-06-04T04:46:25.210 INFO:teuthology.orchestra.run.smithi070.stdout:/usr/bin/ceph: stderr
2024-06-04T04:46:24.644+0000 7fa96e839700 1 -- 172.21.15.70:0/2729168016 >> [v2:172.21.15.70:6800/2752966840,v1:172.21.15.70:6801/2752966840] conn(0x7fa95003e570 msgr2=0x7fa950040a30 secure :-1 s=STATE_CONNECTION_ESTABLISHED l=1).mark_down
2024-06-04T04:46:25.210 INFO:teuthology.orchestra.run.smithi070.stdout:/usr/bin/ceph: stderr
2024-06-04T04:46:24.644+0000 7fa96e839700 1 --2- 172.21.15.70:0/2729168016 >> [v2:172.21.15.70:6800/2752966840,v1:172.21.15.70:6801/2752966840] conn(0x7fa95003e570 0x7fa950040a30 secure :-1 s=READY pgs=10 cs=0 l=1 rev1=1 crypto rx=0x7fa95c006fd0 tx=0x7fa95c006e40 comp rx=0 tx=0).stop
2024-06-04T04:46:25.210 INFO:teuthology.orchestra.run.smithi070.stdout:/usr/bin/ceph: stderr
2024-06-04T04:46:24.644+0000 7fa96e839700 1 -- 172.21.15.70:0/2729168016 >> [v2:172.21.15.70:3300/0,v1:172.21.15.70:6789/0] conn(0x7fa968108ea0 msgr2=0x7fa96819cc70 secure :-1 s=STATE_CONNECTION_ESTABLISHED l=1).mark_down
2024-06-04T04:46:25.211 INFO:teuthology.orchestra.run.smithi070.stdout:/usr/bin/ceph: stderr
2024-06-04T04:46:24.644+0000 7fa96e839700 1 --2- 172.21.15.70:0/2729168016 >> [v2:172.21.15.70:3300/0,v1:172.21.15.70:6789/0] conn(0x7fa968108ea0 0x7fa96819cc70 secure :-1 s=READY pgs=77 cs=0 l=1 rev1=1 crypto rx=0x7fa958011980 tx=0x7fa958011a60 comp rx=0 tx=0).stop
2024-06-04T04:46:25.211 INFO:teuthology.orchestra.run.smithi070.stdout:/usr/bin/ceph: stderr
2024-06-04T04:46:24.644+0000 7fa96e839700 1 -- 172.21.15.70:0/2729168016 shutdown_connections
2024-06-04T04:46:25.211 INFO:teuthology.orchestra.run.smithi070.stdout:/usr/bin/ceph: stderr
2024-06-04T04:46:24.644+0000 7fa96e839700 1 --2- 172.21.15.70:0/2729168016 >> [v2:172.21.15.70:6800/2752966840,v1:172.21.15.70:6801/2752966840] conn(0x7fa95003e570 0x7fa950040a30 unknown :-1 s=CLOSED pgs=10 cs=0 l=1 rev1=1 crypto rx=0 tx=0 comp rx=0 tx=0).stop
2024-06-04T04:46:25.211 INFO:teuthology.orchestra.run.smithi070.stdout:/usr/bin/ceph: stderr
2024-06-04T04:46:24.644+0000 7fa96e839700 1 --2- 172.21.15.70:0/2729168016 >> [v2:172.21.15.70:3300/0,v1:172.21.15.70:6789/0] conn(0x7fa968108ea0 0x7fa96819cc70 unknown :-1 s=CLOSED pgs=77 cs=0 l=1 rev1=1 crypto rx=0 tx=0 comp rx=0 tx=0).stop
2024-06-04T04:46:25.211 INFO:teuthology.orchestra.run.smithi070.stdout:/usr/bin/ceph: stderr
2024-06-04T04:46:24.644+0000 7fa96e839700 1 -- 172.21.15.70:0/2729168016 >> 172.21.15.70:0/2729168016 conn(0x7fa9681044e0 msgr2=0x7fa968104f60 unknown :-1 s=STATE_NONE l=0).mark_down
2024-06-04T04:46:25.211 INFO:teuthology.orchestra.run.smithi070.stdout:/usr/bin/ceph: stderr
2024-06-04T04:46:24.644+0000 7fa96e839700 1 -- 172.21.15.70:0/2729168016 shutdown_connections
2024-06-04T04:46:25.211 INFO:teuthology.orchestra.run.smithi070.stdout:/usr/bin/ceph: stderr
2024-06-04T04:46:24.644+0000 7fa96e839700 1 -- 172.21.15.70:0/2729168016 wait complete.
2024-06-04T04:46:26.582 INFO:teuthology.orchestra.run.smithi070.stdout:/usr/bin/ceph: stderr
2024-06-04T04:46:25.669+0000 7f20b8cfb700 1 Processor -- start
2024-06-04T04:46:26.582 INFO:teuthology.orchestra.run.smithi070.stdout:/usr/bin/ceph: stderr
2024-06-04T04:46:25.669+0000 7f20b8cfb700 1 -- start start
2024-06-04T04:46:26.582 INFO:teuthology.orchestra.run.smithi070.stdout:/usr/bin/ceph: stderr
2024-06-04T04:46:25.669+0000 7f20b8cfb700 1 --2- >> [v2:172.21.15.70:3300/0,v1:172.21.15.70:6789/0] conn(0x7f20b4108ee0 0x7f20b4109300 unknown :-1 s=NONE pgs=0 cs=0 l=0 rev1=0 crypto rx=0 tx=0 comp rx=0 tx=0).connect
2024-06-04T04:46:26.582 INFO:teuthology.orchestra.run.smithi070.stdout:/usr/bin/ceph: stderr
2024-06-04T04:46:25.669+0000 7f20b8cfb700 1 -- --> [v2:172.21.15.70:3300/0,v1:172.21.15.70:6789/0] -- mon_getmap magic: 0 -- 0x7f20b4109840 con 0x7f20b4108ee0
2024-06-04T04:46:26.582 INFO:teuthology.orchestra.run.smithi070.stdout:/usr/bin/ceph: stderr
2024-06-04T04:46:25.669+0000 7f20b259c700 1 --2- >> [v2:172.21.15.70:3300/0,v1:172.21.15.70:6789/0] conn(0x7f20b4108ee0 0x7f20b4109300 unknown :-1 s=BANNER_CONNECTING pgs=0 cs=0 l=0 rev1=0 crypto rx=0 tx=0 comp rx=0 tx=0)._handle_peer_banner_payload supported=3 required=0
2024-06-04T04:46:26.582 INFO:teuthology.orchestra.run.smithi070.stdout:/usr/bin/ceph: stderr
2024-06-04T04:46:25.669+0000 7f20b259c700 1 --2- >> [v2:172.21.15.70:3300/0,v1:172.21.15.70:6789/0] conn(0x7f20b4108ee0 0x7f20b4109300 unknown :-1 s=HELLO_CONNECTING pgs=0 cs=0 l=0 rev1=1 crypto rx=0 tx=0 comp rx=0 tx=0).handle_hello peer v2:172.21.15.70:3300/0 says I am v2:172.21.15.70:52882/0 (socket says 172.21.15.70:52882)
2024-06-04T04:46:26.582 INFO:teuthology.orchestra.run.smithi070.stdout:/usr/bin/ceph: stderr
2024-06-04T04:46:25.669+0000 7f20b259c700 1 -- 172.21.15.70:0/949150668 learned_addr learned my addr 172.21.15.70:0/949150668 (peer_addr_for_me v2:172.21.15.70:0/0)
2024-06-04T04:46:26.582 INFO:teuthology.orchestra.run.smithi070.stdout:/usr/bin/ceph: stderr
2024-06-04T04:46:25.670+0000 7f20b259c700 1 -- 172.21.15.70:0/949150668 --> [v2:172.21.15.70:3300/0,v1:172.21.15.70:6789/0] -- mon_subscribe({config=0+,monmap=0+}) -- 0x7f20b4109fa0 con 0x7f20b4108ee0
2024-06-04T04:46:26.582 INFO:teuthology.orchestra.run.smithi070.stdout:/usr/bin/ceph: stderr
2024-06-04T04:46:25.670+0000 7f20b259c700 1 --2- 172.21.15.70:0/949150668 >> [v2:172.21.15.70:3300/0,v1:172.21.15.70:6789/0] conn(0x7f20b4108ee0 0x7f20b4109300 secure :-1 s=READY pgs=78 cs=0 l=1 rev1=1 crypto rx=0x7f20a40098a0 tx=0x7f20a4009bb0 comp rx=0 tx=0).ready entity=mon.0 client_cookie=b9ced4ed0cc19f4a server_cookie=0 in_seq=0 out_seq=0
2024-06-04T04:46:26.582 INFO:teuthology.orchestra.run.smithi070.stdout:/usr/bin/ceph: stderr
2024-06-04T04:46:25.670+0000 7f20b159a700 1 -- 172.21.15.70:0/949150668 <== mon.0 v2:172.21.15.70:3300/0 1 ==== mon_map magic: 0 ==== 205+0+0 (secure 0 0 0) 0x7f20a4004160 con 0x7f20b4108ee0
2024-06-04T04:46:26.582 INFO:teuthology.orchestra.run.smithi070.stdout:/usr/bin/ceph: stderr
2024-06-04T04:46:25.670+0000 7f20b159a700 1 -- 172.21.15.70:0/949150668 <== mon.0 v2:172.21.15.70:3300/0 2 ==== config(25 keys) ==== 1063+0+0 (secure 0 0 0) 0x7f20a4004300 con 0x7f20b4108ee0
2024-06-04T04:46:26.583 INFO:teuthology.orchestra.run.smithi070.stdout:/usr/bin/ceph: stderr
2024-06-04T04:46:25.670+0000 7f20b159a700 1 -- 172.21.15.70:0/949150668 <== mon.0 v2:172.21.15.70:3300/0 3 ==== mon_map magic: 0 ==== 205+0+0 (secure 0 0 0) 0x7f20a4011960 con 0x7f20b4108ee0
2024-06-04T04:46:26.583 INFO:teuthology.orchestra.run.smithi070.stdout:/usr/bin/ceph: stderr
2024-06-04T04:46:25.670+0000 7f20b8cfb700 1 -- 172.21.15.70:0/949150668 >> [v2:172.21.15.70:3300/0,v1:172.21.15.70:6789/0] conn(0x7f20b4108ee0 msgr2=0x7f20b4109300 secure :-1 s=STATE_CONNECTION_ESTABLISHED l=1).mark_down
2024-06-04T04:46:26.583 INFO:teuthology.orchestra.run.smithi070.stdout:/usr/bin/ceph: stderr
2024-06-04T04:46:25.670+0000 7f20b8cfb700 1 --2- 172.21.15.70:0/949150668 >> [v2:172.21.15.70:3300/0,v1:172.21.15.70:6789/0] conn(0x7f20b4108ee0 0x7f20b4109300 secure :-1 s=READY pgs=78 cs=0 l=1 rev1=1 crypto rx=0x7f20a40098a0 tx=0x7f20a4009bb0 comp rx=0 tx=0).stop
2024-06-04T04:46:26.583 INFO:teuthology.orchestra.run.smithi070.stdout:/usr/bin/ceph: stderr
2024-06-04T04:46:25.671+0000 7f20b8cfb700 1 -- 172.21.15.70:0/949150668 shutdown_connections
2024-06-04T04:46:26.583 INFO:teuthology.orchestra.run.smithi070.stdout:/usr/bin/ceph: stderr
2024-06-04T04:46:25.671+0000 7f20b8cfb700 1 --2- 172.21.15.70:0/949150668 >> [v2:172.21.15.70:3300/0,v1:172.21.15.70:6789/0] conn(0x7f20b4108ee0 0x7f20b4109300 unknown :-1 s=CLOSED pgs=78 cs=0 l=1 rev1=1 crypto rx=0 tx=0 comp rx=0 tx=0).stop
2024-06-04T04:46:26.583 INFO:teuthology.orchestra.run.smithi070.stdout:/usr/bin/ceph: stderr
2024-06-04T04:46:25.671+0000 7f20b8cfb700 1 -- 172.21.15.70:0/949150668 >> 172.21.15.70:0/949150668 conn(0x7f20b4104460 msgr2=0x7f20b41068c0 unknown :-1 s=STATE_NONE l=0).mark_down
2024-06-04T04:46:26.583 INFO:teuthology.orchestra.run.smithi070.stdout:/usr/bin/ceph: stderr
2024-06-04T04:46:25.671+0000 7f20b8cfb700 1 -- 172.21.15.70:0/949150668 shutdown_connections
2024-06-04T04:46:26.583 INFO:teuthology.orchestra.run.smithi070.stdout:/usr/bin/ceph: stderr
2024-06-04T04:46:25.671+0000 7f20b8cfb700 1 -- 172.21.15.70:0/949150668 wait complete.
2024-06-04T04:46:26.583 INFO:teuthology.orchestra.run.smithi070.stdout:/usr/bin/ceph: stderr
2024-06-04T04:46:25.671+0000 7f20b8cfb700 1 Processor -- start
2024-06-04T04:46:26.583 INFO:teuthology.orchestra.run.smithi070.stdout:/usr/bin/ceph: stderr
2024-06-04T04:46:25.671+0000 7f20b8cfb700 1 -- start start
2024-06-04T04:46:26.583 INFO:teuthology.orchestra.run.smithi070.stdout:/usr/bin/ceph: stderr
2024-06-04T04:46:25.672+0000 7f20b8cfb700 1 --2- >> [v2:172.21.15.70:3300/0,v1:172.21.15.70:6789/0] conn(0x7f20b4108ee0 0x7f20b419f020 unknown :-1 s=NONE pgs=0 cs=0 l=1 rev1=0 crypto rx=0 tx=0 comp rx=0 tx=0).connect
2024-06-04T04:46:26.584 INFO:teuthology.orchestra.run.smithi070.stdout:/usr/bin/ceph: stderr
2024-06-04T04:46:25.672+0000 7f20b8cfb700 1 -- --> [v2:172.21.15.70:3300/0,v1:172.21.15.70:6789/0] -- mon_getmap magic: 0 -- 0x7f20b410d260 con 0x7f20b4108ee0
2024-06-04T04:46:26.584 INFO:teuthology.orchestra.run.smithi070.stdout:/usr/bin/ceph: stderr
2024-06-04T04:46:25.672+0000 7f20b259c700 1 --2- >> [v2:172.21.15.70:3300/0,v1:172.21.15.70:6789/0] conn(0x7f20b4108ee0 0x7f20b419f020 unknown :-1 s=BANNER_CONNECTING pgs=0 cs=0 l=1 rev1=0 crypto rx=0 tx=0 comp rx=0 tx=0)._handle_peer_banner_payload supported=3 required=0
2024-06-04T04:46:26.584 INFO:teuthology.orchestra.run.smithi070.stdout:/usr/bin/ceph: stderr
2024-06-04T04:46:25.672+0000 7f20b259c700 1 --2- >> [v2:172.21.15.70:3300/0,v1:172.21.15.70:6789/0] conn(0x7f20b4108ee0 0x7f20b419f020 unknown :-1 s=HELLO_CONNECTING pgs=0 cs=0 l=1 rev1=1 crypto rx=0 tx=0 comp rx=0 tx=0).handle_hello peer v2:172.21.15.70:3300/0 says I am v2:172.21.15.70:52886/0 (socket says 172.21.15.70:52886)
2024-06-04T04:46:26.584 INFO:teuthology.orchestra.run.smithi070.stdout:/usr/bin/ceph: stderr
2024-06-04T04:46:25.672+0000 7f20b259c700 1 -- 172.21.15.70:0/4234174579 learned_addr learned my addr 172.21.15.70:0/4234174579 (peer_addr_for_me v2:172.21.15.70:0/0)
2024-06-04T04:46:26.584 INFO:teuthology.orchestra.run.smithi070.stdout:/usr/bin/ceph: stderr
2024-06-04T04:46:25.672+0000 7f20b259c700 1 -- 172.21.15.70:0/4234174579 --> [v2:172.21.15.70:3300/0,v1:172.21.15.70:6789/0] -- mon_subscribe({config=0+,monmap=0+}) -- 0x7f20b419f560 con 0x7f20b4108ee0
2024-06-04T04:46:26.584 INFO:teuthology.orchestra.run.smithi070.stdout:/usr/bin/ceph: stderr
2024-06-04T04:46:25.672+0000 7f20b259c700 1 --2- 172.21.15.70:0/4234174579 >> [v2:172.21.15.70:3300/0,v1:172.21.15.70:6789/0] conn(0x7f20b4108ee0 0x7f20b419f020 secure :-1 s=READY pgs=79 cs=0 l=1 rev1=1 crypto rx=0x7f20a4003e50 tx=0x7f20a4011a30 comp rx=0 tx=0).ready entity=mon.0 client_cookie=0 server_cookie=0 in_seq=0 out_seq=0
2024-06-04T04:46:26.584 INFO:teuthology.orchestra.run.smithi070.stdout:/usr/bin/ceph: stderr
2024-06-04T04:46:25.672+0000 7f20a37fe700 1 -- 172.21.15.70:0/4234174579 <== mon.0 v2:172.21.15.70:3300/0 1 ==== mon_map magic: 0 ==== 205+0+0 (secure 0 0 0) 0x7f20a4003a60 con 0x7f20b4108ee0
2024-06-04T04:46:26.584 INFO:teuthology.orchestra.run.smithi070.stdout:/usr/bin/ceph: stderr
2024-06-04T04:46:25.672+0000 7f20a37fe700 1 -- 172.21.15.70:0/4234174579 <== mon.0 v2:172.21.15.70:3300/0 2 ==== config(25 keys) ==== 1063+0+0 (secure 0 0 0) 0x7f20a401b8d0 con 0x7f20b4108ee0
2024-06-04T04:46:26.584 INFO:teuthology.orchestra.run.smithi070.stdout:/usr/bin/ceph: stderr
2024-06-04T04:46:25.672+0000 7f20b8cfb700 1 -- 172.21.15.70:0/4234174579 --> [v2:172.21.15.70:3300/0,v1:172.21.15.70:6789/0] -- mon_subscribe({mgrmap=0+}) -- 0x7f20b419f7f0 con 0x7f20b4108ee0
2024-06-04T04:46:26.584 INFO:teuthology.orchestra.run.smithi070.stdout:/usr/bin/ceph: stderr
2024-06-04T04:46:25.672+0000 7f20a37fe700 1 -- 172.21.15.70:0/4234174579 <== mon.0 v2:172.21.15.70:3300/0 3 ==== mon_map magic: 0 ==== 205+0+0 (secure 0 0 0) 0x7f20a40237d0 con 0x7f20b4108ee0
2024-06-04T04:46:26.584 INFO:teuthology.orchestra.run.smithi070.stdout:/usr/bin/ceph: stderr
2024-06-04T04:46:25.672+0000 7f20b8cfb700 1 -- 172.21.15.70:0/4234174579 --> [v2:172.21.15.70:3300/0,v1:172.21.15.70:6789/0] -- mon_subscribe({osdmap=0}) -- 0x7f20b41a24e0 con 0x7f20b4108ee0
2024-06-04T04:46:26.584 INFO:teuthology.orchestra.run.smithi070.stdout:/usr/bin/ceph: stderr
2024-06-04T04:46:25.673+0000 7f20a37fe700 1 -- 172.21.15.70:0/4234174579 <== mon.0 v2:172.21.15.70:3300/0 4 ==== mgrmap(e 13) ==== 50278+0+0 (secure 0 0 0) 0x7f20a401b440 con 0x7f20b4108ee0
2024-06-04T04:46:26.584 INFO:teuthology.orchestra.run.smithi070.stdout:/usr/bin/ceph: stderr
2024-06-04T04:46:25.673+0000 7f20b8cfb700 1 -- 172.21.15.70:0/4234174579 --> [v2:172.21.15.70:3300/0,v1:172.21.15.70:6789/0] -- mon_command({"prefix": "get_command_descriptions"} v 0) -- 0x7f20b4064ba0 con 0x7f20b4108ee0
2024-06-04T04:46:26.585 INFO:teuthology.orchestra.run.smithi070.stdout:/usr/bin/ceph: stderr
2024-06-04T04:46:25.673+0000 7f20a37fe700 1 --2- 172.21.15.70:0/4234174579 >> [v2:172.21.15.70:6800/2752966840,v1:172.21.15.70:6801/2752966840] conn(0x7f209c03e570 0x7f209c040a30 unknown :-1 s=NONE pgs=0 cs=0 l=1 rev1=0 crypto rx=0 tx=0 comp rx=0 tx=0).connect
2024-06-04T04:46:26.585 INFO:teuthology.orchestra.run.smithi070.stdout:/usr/bin/ceph: stderr
2024-06-04T04:46:25.674+0000 7f20a37fe700 1 -- 172.21.15.70:0/4234174579 <== mon.0 v2:172.21.15.70:3300/0 5 ==== osd_map(3..3 src has 1..3) ==== 1155+0+0 (secure 0 0 0) 0x7f20a40541f0 con 0x7f20b4108ee0
2024-06-04T04:46:26.585 INFO:teuthology.orchestra.run.smithi070.stdout:/usr/bin/ceph: stderr
2024-06-04T04:46:25.674+0000 7f20b1d9b700 1 --2- 172.21.15.70:0/4234174579 >> [v2:172.21.15.70:6800/2752966840,v1:172.21.15.70:6801/2752966840] conn(0x7f209c03e570 0x7f209c040a30 unknown :-1 s=BANNER_CONNECTING pgs=0 cs=0 l=1 rev1=0 crypto rx=0 tx=0 comp rx=0 tx=0)._handle_peer_banner_payload supported=3 required=0
2024-06-04T04:46:26.585 INFO:teuthology.orchestra.run.smithi070.stdout:/usr/bin/ceph: stderr
2024-06-04T04:46:25.674+0000 7f20b1d9b700 1 --2- 172.21.15.70:0/4234174579 >> [v2:172.21.15.70:6800/2752966840,v1:172.21.15.70:6801/2752966840] conn(0x7f209c03e570 0x7f209c040a30 secure :-1 s=READY pgs=11 cs=0 l=1 rev1=1 crypto rx=0x7f20a8006fd0 tx=0x7f20a8006e40 comp rx=0 tx=0).ready entity=mgr.14152 client_cookie=0 server_cookie=0 in_seq=0 out_seq=0
2024-06-04T04:46:26.585 INFO:teuthology.orchestra.run.smithi070.stdout:/usr/bin/ceph: stderr
2024-06-04T04:46:25.678+0000 7f20a37fe700 1 -- 172.21.15.70:0/4234174579 <== mon.0 v2:172.21.15.70:3300/0 6 ==== mon_command_ack([{"prefix": "get_command_descriptions"}]=0 v0) ==== 72+0+191963 (secure 0 0 0) 0x7f20a401f030 con 0x7f20b4108ee0
2024-06-04T04:46:26.585 INFO:teuthology.orchestra.run.smithi070.stdout:/usr/bin/ceph: stderr
2024-06-04T04:46:25.992+0000 7f20b8cfb700 1 -- 172.21.15.70:0/4234174579 --> [v2:172.21.15.70:3300/0,v1:172.21.15.70:6789/0] -- mon_command([{prefix=config-key set, key=mgr/dashboard/cluster/status}] v 0) -- 0x7f20b41a27c0 con 0x7f20b4108ee0
2024-06-04T04:46:26.585 INFO:teuthology.orchestra.run.smithi070.stdout:/usr/bin/ceph: stderr
2024-06-04T04:46:25.995+0000 7f20a37fe700 1 -- 172.21.15.70:0/4234174579 <== mon.0 v2:172.21.15.70:3300/0 7 ==== mon_command_ack([{prefix=config-key set, key=mgr/dashboard/cluster/status}]=0 set mgr/dashboard/cluster/status v28)=0 set mgr/dashboard/cluster/status v28) ==== 153+0+0 (secure 0 0 0) 0x7f20a4017e90 con 0x7f20b4108ee0
2024-06-04T04:46:26.585 INFO:teuthology.orchestra.run.smithi070.stdout:/usr/bin/ceph: stderr
2024-06-04T04:46:25.997+0000 7f20b8cfb700 1 -- 172.21.15.70:0/4234174579 >> [v2:172.21.15.70:6800/2752966840,v1:172.21.15.70:6801/2752966840] conn(0x7f209c03e570 msgr2=0x7f209c040a30 secure :-1 s=STATE_CONNECTION_ESTABLISHED l=1).mark_down
2024-06-04T04:46:26.585 INFO:teuthology.orchestra.run.smithi070.stdout:/usr/bin/ceph: stderr
2024-06-04T04:46:25.997+0000 7f20b8cfb700 1 --2- 172.21.15.70:0/4234174579 >> [v2:172.21.15.70:6800/2752966840,v1:172.21.15.70:6801/2752966840] conn(0x7f209c03e570 0x7f209c040a30 secure :-1 s=READY pgs=11 cs=0 l=1 rev1=1 crypto rx=0x7f20a8006fd0 tx=0x7f20a8006e40 comp rx=0 tx=0).stop
2024-06-04T04:46:26.585 INFO:teuthology.orchestra.run.smithi070.stdout:/usr/bin/ceph: stderr
2024-06-04T04:46:25.997+0000 7f20b8cfb700 1 -- 172.21.15.70:0/4234174579 >> [v2:172.21.15.70:3300/0,v1:172.21.15.70:6789/0] conn(0x7f20b4108ee0 msgr2=0x7f20b419f020 secure :-1 s=STATE_CONNECTION_ESTABLISHED l=1).mark_down
2024-06-04T04:46:26.585 INFO:teuthology.orchestra.run.smithi070.stdout:/usr/bin/ceph: stderr
2024-06-04T04:46:25.997+0000 7f20b8cfb700 1 --2- 172.21.15.70:0/4234174579 >> [v2:172.21.15.70:3300/0,v1:172.21.15.70:6789/0] conn(0x7f20b4108ee0 0x7f20b419f020 secure :-1 s=READY pgs=79 cs=0 l=1 rev1=1 crypto rx=0x7f20a4003e50 tx=0x7f20a4011a30 comp rx=0 tx=0).stop
2024-06-04T04:46:26.585 INFO:teuthology.orchestra.run.smithi070.stdout:/usr/bin/ceph: stderr
2024-06-04T04:46:25.997+0000 7f20b8cfb700 1 -- 172.21.15.70:0/4234174579 shutdown_connections
2024-06-04T04:46:26.585 INFO:teuthology.orchestra.run.smithi070.stdout:/usr/bin/ceph: stderr
2024-06-04T04:46:25.997+0000 7f20b8cfb700 1 --2- 172.21.15.70:0/4234174579 >> [v2:172.21.15.70:6800/2752966840,v1:172.21.15.70:6801/2752966840] conn(0x7f209c03e570 0x7f209c040a30 unknown :-1 s=CLOSED pgs=11 cs=0 l=1 rev1=1 crypto rx=0 tx=0 comp rx=0 tx=0).stop
2024-06-04T04:46:26.586 INFO:teuthology.orchestra.run.smithi070.stdout:/usr/bin/ceph: stderr
2024-06-04T04:46:25.997+0000 7f20b8cfb700 1 --2- 172.21.15.70:0/4234174579 >> [v2:172.21.15.70:3300/0,v1:172.21.15.70:6789/0] conn(0x7f20b4108ee0 0x7f20b419f020 unknown :-1 s=CLOSED pgs=79 cs=0 l=1 rev1=1 crypto rx=0 tx=0 comp rx=0 tx=0).stop
2024-06-04T04:46:26.586 INFO:teuthology.orchestra.run.smithi070.stdout:/usr/bin/ceph: stderr
2024-06-04T04:46:25.997+0000 7f20b8cfb700 1 -- 172.21.15.70:0/4234174579 >> 172.21.15.70:0/4234174579 conn(0x7f20b4104460 msgr2=0x7f20b4104ec0 unknown :-1 s=STATE_NONE l=0).mark_down
2024-06-04T04:46:26.586 INFO:teuthology.orchestra.run.smithi070.stdout:/usr/bin/ceph: stderr
2024-06-04T04:46:25.997+0000 7f20b8cfb700 1 -- 172.21.15.70:0/4234174579 shutdown_connections
2024-06-04T04:46:26.586 INFO:teuthology.orchestra.run.smithi070.stdout:/usr/bin/ceph: stderr
2024-06-04T04:46:25.997+0000 7f20b8cfb700 1 -- 172.21.15.70:0/4234174579 wait complete.
2024-06-04T04:46:26.586 INFO:teuthology.orchestra.run.smithi070.stdout:/usr/bin/ceph: stderr set mgr/dashboard/cluster/status
2024-06-04T04:46:26.586 INFO:teuthology.orchestra.run.smithi070.stdout:You can access the Ceph CLI as following in case of multi-cluster or non-default config:
2024-06-04T04:46:26.586 INFO:teuthology.orchestra.run.smithi070.stdout:
2024-06-04T04:46:26.586 INFO:teuthology.orchestra.run.smithi070.stdout: sudo /home/ubuntu/cephtest/cephadm shell --fsid 164dbaba-222d-11ef-bc9b-c7b262605968 -c /etc/ceph/ceph.conf -k /etc/ceph/ceph.client.admin.keyring
2024-06-04T04:46:26.586 INFO:teuthology.orchestra.run.smithi070.stdout:
2024-06-04T04:46:26.586 INFO:teuthology.orchestra.run.smithi070.stdout:Or, if you are only running a single cluster on this host:
2024-06-04T04:46:26.586 INFO:teuthology.orchestra.run.smithi070.stdout:
2024-06-04T04:46:26.586 INFO:teuthology.orchestra.run.smithi070.stdout: sudo /home/ubuntu/cephtest/cephadm shell
2024-06-04T04:46:26.586 INFO:teuthology.orchestra.run.smithi070.stdout:
2024-06-04T04:46:26.586 INFO:teuthology.orchestra.run.smithi070.stdout:Please consider enabling telemetry to help improve Ceph:
2024-06-04T04:46:26.587 INFO:teuthology.orchestra.run.smithi070.stdout:
2024-06-04T04:46:26.587 INFO:teuthology.orchestra.run.smithi070.stdout: ceph telemetry on
2024-06-04T04:46:26.587 INFO:teuthology.orchestra.run.smithi070.stdout:
2024-06-04T04:46:26.587 INFO:teuthology.orchestra.run.smithi070.stdout:For more information see:
2024-06-04T04:46:26.587 INFO:teuthology.orchestra.run.smithi070.stdout:
2024-06-04T04:46:26.587 INFO:teuthology.orchestra.run.smithi070.stdout: https://docs.ceph.com/en/latest/mgr/telemetry/
2024-06-04T04:46:26.587 INFO:teuthology.orchestra.run.smithi070.stdout:
2024-06-04T04:46:26.587 INFO:teuthology.orchestra.run.smithi070.stdout:Bootstrap complete.
2024-06-04T04:46:26.626 INFO:tasks.cephadm:Fetching config...
2024-06-04T04:46:26.627 DEBUG:teuthology.orchestra.run.smithi070:> set -ex
2024-06-04T04:46:26.627 DEBUG:teuthology.orchestra.run.smithi070:> dd if=/etc/ceph/ceph.conf of=/dev/stdout
2024-06-04T04:46:26.643 INFO:tasks.cephadm:Fetching client.admin keyring...
2024-06-04T04:46:26.643 DEBUG:teuthology.orchestra.run.smithi070:> set -ex
2024-06-04T04:46:26.643 DEBUG:teuthology.orchestra.run.smithi070:> dd if=/etc/ceph/ceph.client.admin.keyring of=/dev/stdout
2024-06-04T04:46:26.700 INFO:tasks.cephadm:Fetching mon keyring...
2024-06-04T04:46:26.700 DEBUG:teuthology.orchestra.run.smithi070:> set -ex
2024-06-04T04:46:26.700 DEBUG:teuthology.orchestra.run.smithi070:> sudo dd if=/var/lib/ceph/164dbaba-222d-11ef-bc9b-c7b262605968/mon.a/keyring of=/dev/stdout
2024-06-04T04:46:26.765 INFO:tasks.cephadm:Fetching pub ssh key...
2024-06-04T04:46:26.765 DEBUG:teuthology.orchestra.run.smithi070:> set -ex
2024-06-04T04:46:26.765 DEBUG:teuthology.orchestra.run.smithi070:> dd if=/home/ubuntu/cephtest/ceph.pub of=/dev/stdout
2024-06-04T04:46:26.822 INFO:tasks.cephadm:Installing pub ssh key for root users...
2024-06-04T04:46:26.822 DEBUG:teuthology.orchestra.run.smithi070:> sudo install -d -m 0700 /root/.ssh && echo 'ssh-rsa AAAAB3NzaC1yc2EAAAADAQABAAABgQCg5CwZGXZLnV1TcuIPz0z5UDu4ADBqOutmIkMwVsZ4wRJEDtP8oTRYtubDPA2pMHnfTbE6VbeV/E65ir1mONox67UC/ks3B/sVFdKm7h63Dwd8k0yP0gg5k6zvzU3lUD45T2XeUlnuM1pjJJPHSixOJ7Of2T5faYtRGZMkPB/MWkicagFj9oSMNyci7VljguWMARuXsOnfcq8irgmUB24p3g4JjDsq+SkTVxj0c6XzoFgpE+NTvF1jlsINnKZT4Pgw9R5vfu9lFIpRDT7A+HYDAw7ZcrcxqJdIVo18pchKZj0PvXc1nPln4x7E/19BgpJyeujhEqXuVQAEH5B7Uq40uZ+TENdWWy+kp2O1eFUBM5ryzgWTLFCsGt7A/g9VCsBoAhDWY9PXbOIDb0RdyRDK/xXs+Ryv8oio6/dWD6YPB3b/ynhmQyGl+xvHcv1mCyoMWSj2SGrrXWgArIYya115d6J8CfmnTWODJ6rHjngENspR+Zc9L6znbKFExZWJPFM= ceph-164dbaba-222d-11ef-bc9b-c7b262605968' | sudo tee -a /root/.ssh/authorized_keys && sudo chmod 0600 /root/.ssh/authorized_keys
2024-06-04T04:46:26.898 INFO:teuthology.orchestra.run.smithi070.stdout:ssh-rsa AAAAB3NzaC1yc2EAAAADAQABAAABgQCg5CwZGXZLnV1TcuIPz0z5UDu4ADBqOutmIkMwVsZ4wRJEDtP8oTRYtubDPA2pMHnfTbE6VbeV/E65ir1mONox67UC/ks3B/sVFdKm7h63Dwd8k0yP0gg5k6zvzU3lUD45T2XeUlnuM1pjJJPHSixOJ7Of2T5faYtRGZMkPB/MWkicagFj9oSMNyci7VljguWMARuXsOnfcq8irgmUB24p3g4JjDsq+SkTVxj0c6XzoFgpE+NTvF1jlsINnKZT4Pgw9R5vfu9lFIpRDT7A+HYDAw7ZcrcxqJdIVo18pchKZj0PvXc1nPln4x7E/19BgpJyeujhEqXuVQAEH5B7Uq40uZ+TENdWWy+kp2O1eFUBM5ryzgWTLFCsGt7A/g9VCsBoAhDWY9PXbOIDb0RdyRDK/xXs+Ryv8oio6/dWD6YPB3b/ynhmQyGl+xvHcv1mCyoMWSj2SGrrXWgArIYya115d6J8CfmnTWODJ6rHjngENspR+Zc9L6znbKFExZWJPFM= ceph-164dbaba-222d-11ef-bc9b-c7b262605968
2024-06-04T04:46:26.909 DEBUG:teuthology.orchestra.run.smithi098:> sudo install -d -m 0700 /root/.ssh && echo 'ssh-rsa AAAAB3NzaC1yc2EAAAADAQABAAABgQCg5CwZGXZLnV1TcuIPz0z5UDu4ADBqOutmIkMwVsZ4wRJEDtP8oTRYtubDPA2pMHnfTbE6VbeV/E65ir1mONox67UC/ks3B/sVFdKm7h63Dwd8k0yP0gg5k6zvzU3lUD45T2XeUlnuM1pjJJPHSixOJ7Of2T5faYtRGZMkPB/MWkicagFj9oSMNyci7VljguWMARuXsOnfcq8irgmUB24p3g4JjDsq+SkTVxj0c6XzoFgpE+NTvF1jlsINnKZT4Pgw9R5vfu9lFIpRDT7A+HYDAw7ZcrcxqJdIVo18pchKZj0PvXc1nPln4x7E/19BgpJyeujhEqXuVQAEH5B7Uq40uZ+TENdWWy+kp2O1eFUBM5ryzgWTLFCsGt7A/g9VCsBoAhDWY9PXbOIDb0RdyRDK/xXs+Ryv8oio6/dWD6YPB3b/ynhmQyGl+xvHcv1mCyoMWSj2SGrrXWgArIYya115d6J8CfmnTWODJ6rHjngENspR+Zc9L6znbKFExZWJPFM= ceph-164dbaba-222d-11ef-bc9b-c7b262605968' | sudo tee -a /root/.ssh/authorized_keys && sudo chmod 0600 /root/.ssh/authorized_keys
2024-06-04T04:46:26.950 INFO:teuthology.orchestra.run.smithi098.stdout:ssh-rsa AAAAB3NzaC1yc2EAAAADAQABAAABgQCg5CwZGXZLnV1TcuIPz0z5UDu4ADBqOutmIkMwVsZ4wRJEDtP8oTRYtubDPA2pMHnfTbE6VbeV/E65ir1mONox67UC/ks3B/sVFdKm7h63Dwd8k0yP0gg5k6zvzU3lUD45T2XeUlnuM1pjJJPHSixOJ7Of2T5faYtRGZMkPB/MWkicagFj9oSMNyci7VljguWMARuXsOnfcq8irgmUB24p3g4JjDsq+SkTVxj0c6XzoFgpE+NTvF1jlsINnKZT4Pgw9R5vfu9lFIpRDT7A+HYDAw7ZcrcxqJdIVo18pchKZj0PvXc1nPln4x7E/19BgpJyeujhEqXuVQAEH5B7Uq40uZ+TENdWWy+kp2O1eFUBM5ryzgWTLFCsGt7A/g9VCsBoAhDWY9PXbOIDb0RdyRDK/xXs+Ryv8oio6/dWD6YPB3b/ynhmQyGl+xvHcv1mCyoMWSj2SGrrXWgArIYya115d6J8CfmnTWODJ6rHjngENspR+Zc9L6znbKFExZWJPFM= ceph-164dbaba-222d-11ef-bc9b-c7b262605968
2024-06-04T04:46:26.962 DEBUG:teuthology.orchestra.run.smithi112:> sudo install -d -m 0700 /root/.ssh && echo 'ssh-rsa AAAAB3NzaC1yc2EAAAADAQABAAABgQCg5CwZGXZLnV1TcuIPz0z5UDu4ADBqOutmIkMwVsZ4wRJEDtP8oTRYtubDPA2pMHnfTbE6VbeV/E65ir1mONox67UC/ks3B/sVFdKm7h63Dwd8k0yP0gg5k6zvzU3lUD45T2XeUlnuM1pjJJPHSixOJ7Of2T5faYtRGZMkPB/MWkicagFj9oSMNyci7VljguWMARuXsOnfcq8irgmUB24p3g4JjDsq+SkTVxj0c6XzoFgpE+NTvF1jlsINnKZT4Pgw9R5vfu9lFIpRDT7A+HYDAw7ZcrcxqJdIVo18pchKZj0PvXc1nPln4x7E/19BgpJyeujhEqXuVQAEH5B7Uq40uZ+TENdWWy+kp2O1eFUBM5ryzgWTLFCsGt7A/g9VCsBoAhDWY9PXbOIDb0RdyRDK/xXs+Ryv8oio6/dWD6YPB3b/ynhmQyGl+xvHcv1mCyoMWSj2SGrrXWgArIYya115d6J8CfmnTWODJ6rHjngENspR+Zc9L6znbKFExZWJPFM= ceph-164dbaba-222d-11ef-bc9b-c7b262605968' | sudo tee -a /root/.ssh/authorized_keys && sudo chmod 0600 /root/.ssh/authorized_keys
2024-06-04T04:46:27.003 INFO:teuthology.orchestra.run.smithi112.stdout:ssh-rsa AAAAB3NzaC1yc2EAAAADAQABAAABgQCg5CwZGXZLnV1TcuIPz0z5UDu4ADBqOutmIkMwVsZ4wRJEDtP8oTRYtubDPA2pMHnfTbE6VbeV/E65ir1mONox67UC/ks3B/sVFdKm7h63Dwd8k0yP0gg5k6zvzU3lUD45T2XeUlnuM1pjJJPHSixOJ7Of2T5faYtRGZMkPB/MWkicagFj9oSMNyci7VljguWMARuXsOnfcq8irgmUB24p3g4JjDsq+SkTVxj0c6XzoFgpE+NTvF1jlsINnKZT4Pgw9R5vfu9lFIpRDT7A+HYDAw7ZcrcxqJdIVo18pchKZj0PvXc1nPln4x7E/19BgpJyeujhEqXuVQAEH5B7Uq40uZ+TENdWWy+kp2O1eFUBM5ryzgWTLFCsGt7A/g9VCsBoAhDWY9PXbOIDb0RdyRDK/xXs+Ryv8oio6/dWD6YPB3b/ynhmQyGl+xvHcv1mCyoMWSj2SGrrXWgArIYya115d6J8CfmnTWODJ6rHjngENspR+Zc9L6znbKFExZWJPFM= ceph-164dbaba-222d-11ef-bc9b-c7b262605968
2024-06-04T04:46:27.016 DEBUG:teuthology.orchestra.run.smithi070:> sudo /home/ubuntu/cephtest/cephadm --image quay-quay-quay.apps.os.sepia.ceph.com/ceph-ci/ceph:b7328fed0e2e9ab66b09f8134f3cebfc71214504 shell -c /etc/ceph/ceph.conf -k /etc/ceph/ceph.client.admin.keyring --fsid 164dbaba-222d-11ef-bc9b-c7b262605968 -- ceph config set mgr mgr/cephadm/allow_ptrace true
2024-06-04T04:46:27.109 INFO:journalctl@ceph.mon.a.smithi070.stdout:Jun 04 04:46:26 smithi070 ceph-mon[32631]: from='client.? 172.21.15.70:0/4234174579' entity='client.admin'
2024-06-04T04:46:27.255 INFO:teuthology.orchestra.run.smithi070.stderr:Inferring config /var/lib/ceph/164dbaba-222d-11ef-bc9b-c7b262605968/mon.a/config
2024-06-04T04:46:29.722 INFO:journalctl@ceph.mon.a.smithi070.stdout:Jun 04 04:46:29 smithi070 ceph-mon[32631]: from='mgr.14152 172.21.15.70:0/918034828' entity='mgr.x'
2024-06-04T04:46:29.723 INFO:journalctl@ceph.mon.a.smithi070.stdout:Jun 04 04:46:29 smithi070 ceph-mon[32631]: from='mgr.14152 172.21.15.70:0/918034828' entity='mgr.x'
2024-06-04T04:46:29.723 INFO:journalctl@ceph.mon.a.smithi070.stdout:Jun 04 04:46:29 smithi070 ceph-mon[32631]: from='mgr.14152 172.21.15.70:0/918034828' entity='mgr.x' cmd=[{"prefix": "config rm", "who": "osd/host:smithi070", "name": "osd_memory_target"}]: dispatch
2024-06-04T04:46:29.723 INFO:journalctl@ceph.mon.a.smithi070.stdout:Jun 04 04:46:29 smithi070 ceph-mon[32631]: from='mgr.14152 172.21.15.70:0/918034828' entity='mgr.x'
2024-06-04T04:46:29.723 INFO:journalctl@ceph.mon.a.smithi070.stdout:Jun 04 04:46:29 smithi070 ceph-mon[32631]: from='mgr.14152 172.21.15.70:0/918034828' entity='mgr.x' cmd=[{"prefix": "config dump", "format": "json"}]: dispatch
2024-06-04T04:46:29.723 INFO:journalctl@ceph.mon.a.smithi070.stdout:Jun 04 04:46:29 smithi070 ceph-mon[32631]: from='mgr.14152 172.21.15.70:0/918034828' entity='mgr.x'
2024-06-04T04:46:29.835 INFO:teuthology.orchestra.run.smithi070.stderr:2024-06-04T04:46:29.832+0000 7fe2862bf700 1 -- 172.21.15.70:0/2741912485 >> [v2:172.21.15.70:3300/0,v1:172.21.15.70:6789/0] conn(0x7fe280102fa0 msgr2=0x7fe2801033c0 secure :-1 s=STATE_CONNECTION_ESTABLISHED l=1).mark_down
2024-06-04T04:46:29.835 INFO:teuthology.orchestra.run.smithi070.stderr:2024-06-04T04:46:29.832+0000 7fe2862bf700 1 --2- 172.21.15.70:0/2741912485 >> [v2:172.21.15.70:3300/0,v1:172.21.15.70:6789/0] conn(0x7fe280102fa0 0x7fe2801033c0 secure :-1 s=READY pgs=80 cs=0 l=1 rev1=1 crypto rx=0x7fe270009910 tx=0x7fe270009c20 comp rx=0 tx=0).stop
2024-06-04T04:46:29.835 INFO:teuthology.orchestra.run.smithi070.stderr:2024-06-04T04:46:29.832+0000 7fe2862bf700 1 -- 172.21.15.70:0/2741912485 shutdown_connections
2024-06-04T04:46:29.835 INFO:teuthology.orchestra.run.smithi070.stderr:2024-06-04T04:46:29.832+0000 7fe2862bf700 1 --2- 172.21.15.70:0/2741912485 >> [v2:172.21.15.70:3300/0,v1:172.21.15.70:6789/0] conn(0x7fe280102fa0 0x7fe2801033c0 unknown :-1 s=CLOSED pgs=80 cs=0 l=1 rev1=1 crypto rx=0 tx=0 comp rx=0 tx=0).stop
2024-06-04T04:46:29.836 INFO:teuthology.orchestra.run.smithi070.stderr:2024-06-04T04:46:29.832+0000 7fe2862bf700 1 -- 172.21.15.70:0/2741912485 >> 172.21.15.70:0/2741912485 conn(0x7fe2800fe540 msgr2=0x7fe280100980 unknown :-1 s=STATE_NONE l=0).mark_down
2024-06-04T04:46:29.836 INFO:teuthology.orchestra.run.smithi070.stderr:2024-06-04T04:46:29.832+0000 7fe2862bf700 1 -- 172.21.15.70:0/2741912485 shutdown_connections
2024-06-04T04:46:29.836 INFO:teuthology.orchestra.run.smithi070.stderr:2024-06-04T04:46:29.832+0000 7fe2862bf700 1 -- 172.21.15.70:0/2741912485 wait complete.
2024-06-04T04:46:29.836 INFO:teuthology.orchestra.run.smithi070.stderr:2024-06-04T04:46:29.832+0000 7fe2862bf700 1 Processor -- start
2024-06-04T04:46:29.836 INFO:teuthology.orchestra.run.smithi070.stderr:2024-06-04T04:46:29.832+0000 7fe2862bf700 1 -- start start
2024-06-04T04:46:29.836 INFO:teuthology.orchestra.run.smithi070.stderr:2024-06-04T04:46:29.833+0000 7fe2862bf700 1 --2- >> [v2:172.21.15.70:3300/0,v1:172.21.15.70:6789/0] conn(0x7fe280102fa0 0x7fe280198510 unknown :-1 s=NONE pgs=0 cs=0 l=1 rev1=0 crypto rx=0 tx=0 comp rx=0 tx=0).connect
2024-06-04T04:46:29.836 INFO:teuthology.orchestra.run.smithi070.stderr:2024-06-04T04:46:29.833+0000 7fe2862bf700 1 -- --> [v2:172.21.15.70:3300/0,v1:172.21.15.70:6789/0] -- mon_getmap magic: 0 -- 0x7fe280108d90 con 0x7fe280102fa0
2024-06-04T04:46:29.836 INFO:teuthology.orchestra.run.smithi070.stderr:2024-06-04T04:46:29.833+0000 7fe27ffff700 1 --2- >> [v2:172.21.15.70:3300/0,v1:172.21.15.70:6789/0] conn(0x7fe280102fa0 0x7fe280198510 unknown :-1 s=BANNER_CONNECTING pgs=0 cs=0 l=1 rev1=0 crypto rx=0 tx=0 comp rx=0 tx=0)._handle_peer_banner_payload supported=3 required=0
2024-06-04T04:46:29.836 INFO:teuthology.orchestra.run.smithi070.stderr:2024-06-04T04:46:29.833+0000 7fe27ffff700 1 --2- >> [v2:172.21.15.70:3300/0,v1:172.21.15.70:6789/0] conn(0x7fe280102fa0 0x7fe280198510 unknown :-1 s=HELLO_CONNECTING pgs=0 cs=0 l=1 rev1=1 crypto rx=0 tx=0 comp rx=0 tx=0).handle_hello peer v2:172.21.15.70:3300/0 says I am v2:172.21.15.70:48424/0 (socket says 172.21.15.70:48424)
2024-06-04T04:46:29.836 INFO:teuthology.orchestra.run.smithi070.stderr:2024-06-04T04:46:29.833+0000 7fe27ffff700 1 -- 172.21.15.70:0/172946956 learned_addr learned my addr 172.21.15.70:0/172946956 (peer_addr_for_me v2:172.21.15.70:0/0)
2024-06-04T04:46:29.836 INFO:teuthology.orchestra.run.smithi070.stderr:2024-06-04T04:46:29.833+0000 7fe27ffff700 1 -- 172.21.15.70:0/172946956 --> [v2:172.21.15.70:3300/0,v1:172.21.15.70:6789/0] -- mon_subscribe({config=0+,monmap=0+}) -- 0x7fe280198a50 con 0x7fe280102fa0
2024-06-04T04:46:29.836 INFO:teuthology.orchestra.run.smithi070.stderr:2024-06-04T04:46:29.833+0000 7fe27ffff700 1 --2- 172.21.15.70:0/172946956 >> [v2:172.21.15.70:3300/0,v1:172.21.15.70:6789/0] conn(0x7fe280102fa0 0x7fe280198510 secure :-1 s=READY pgs=81 cs=0 l=1 rev1=1 crypto rx=0x7fe270005790 tx=0x7fe2700057c0 comp rx=0 tx=0).ready entity=mon.0 client_cookie=0 server_cookie=0 in_seq=0 out_seq=0
2024-06-04T04:46:29.838 INFO:teuthology.orchestra.run.smithi070.stderr:2024-06-04T04:46:29.833+0000 7fe27d7fa700 1 -- 172.21.15.70:0/172946956 <== mon.0 v2:172.21.15.70:3300/0 1 ==== mon_map magic: 0 ==== 205+0+0 (secure 0 0 0) 0x7fe270027070 con 0x7fe280102fa0
2024-06-04T04:46:29.838 INFO:teuthology.orchestra.run.smithi070.stderr:2024-06-04T04:46:29.834+0000 7fe27d7fa700 1 -- 172.21.15.70:0/172946956 <== mon.0 v2:172.21.15.70:3300/0 2 ==== config(25 keys) ==== 1063+0+0 (secure 0 0 0) 0x7fe27000bdf0 con 0x7fe280102fa0
2024-06-04T04:46:29.838 INFO:teuthology.orchestra.run.smithi070.stderr:2024-06-04T04:46:29.834+0000 7fe2862bf700 1 -- 172.21.15.70:0/172946956 --> [v2:172.21.15.70:3300/0,v1:172.21.15.70:6789/0] -- mon_subscribe({mgrmap=0+}) -- 0x7fe280198ce0 con 0x7fe280102fa0
2024-06-04T04:46:29.838 INFO:teuthology.orchestra.run.smithi070.stderr:2024-06-04T04:46:29.834+0000 7fe27d7fa700 1 -- 172.21.15.70:0/172946956 <== mon.0 v2:172.21.15.70:3300/0 3 ==== mon_map magic: 0 ==== 205+0+0 (secure 0 0 0) 0x7fe27000fe50 con 0x7fe280102fa0
2024-06-04T04:46:29.838 INFO:teuthology.orchestra.run.smithi070.stderr:2024-06-04T04:46:29.834+0000 7fe2862bf700 1 -- 172.21.15.70:0/172946956 --> [v2:172.21.15.70:3300/0,v1:172.21.15.70:6789/0] -- mon_subscribe({osdmap=0}) -- 0x7fe28019b9d0 con 0x7fe280102fa0
2024-06-04T04:46:29.838 INFO:teuthology.orchestra.run.smithi070.stderr:2024-06-04T04:46:29.834+0000 7fe27d7fa700 1 -- 172.21.15.70:0/172946956 <== mon.0 v2:172.21.15.70:3300/0 4 ==== mgrmap(e 13) ==== 50278+0+0 (secure 0 0 0) 0x7fe27002a070 con 0x7fe280102fa0
2024-06-04T04:46:29.838 INFO:teuthology.orchestra.run.smithi070.stderr:2024-06-04T04:46:29.835+0000 7fe27d7fa700 1 --2- 172.21.15.70:0/172946956 >> [v2:172.21.15.70:6800/2752966840,v1:172.21.15.70:6801/2752966840] conn(0x7fe26803e6b0 0x7fe268040b70 unknown :-1 s=NONE pgs=0 cs=0 l=1 rev1=0 crypto rx=0 tx=0 comp rx=0 tx=0).connect
2024-06-04T04:46:29.838 INFO:teuthology.orchestra.run.smithi070.stderr:2024-06-04T04:46:29.835+0000 7fe27d7fa700 1 -- 172.21.15.70:0/172946956 <== mon.0 v2:172.21.15.70:3300/0 5 ==== osd_map(3..3 src has 1..3) ==== 1155+0+0 (secure 0 0 0) 0x7fe270053960 con 0x7fe280102fa0
2024-06-04T04:46:29.839 INFO:teuthology.orchestra.run.smithi070.stderr:2024-06-04T04:46:29.835+0000 7fe27f7fe700 1 --2- 172.21.15.70:0/172946956 >> [v2:172.21.15.70:6800/2752966840,v1:172.21.15.70:6801/2752966840] conn(0x7fe26803e6b0 0x7fe268040b70 unknown :-1 s=BANNER_CONNECTING pgs=0 cs=0 l=1 rev1=0 crypto rx=0 tx=0 comp rx=0 tx=0)._handle_peer_banner_payload supported=3 required=0
2024-06-04T04:46:29.839 INFO:teuthology.orchestra.run.smithi070.stderr:2024-06-04T04:46:29.835+0000 7fe2862bf700 1 -- 172.21.15.70:0/172946956 --> [v2:172.21.15.70:3300/0,v1:172.21.15.70:6789/0] -- mon_command({"prefix": "get_command_descriptions"} v 0) -- 0x7fe280109510 con 0x7fe280102fa0
2024-06-04T04:46:29.839 INFO:teuthology.orchestra.run.smithi070.stderr:2024-06-04T04:46:29.835+0000 7fe27f7fe700 1 --2- 172.21.15.70:0/172946956 >> [v2:172.21.15.70:6800/2752966840,v1:172.21.15.70:6801/2752966840] conn(0x7fe26803e6b0 0x7fe268040b70 secure :-1 s=READY pgs=12 cs=0 l=1 rev1=1 crypto rx=0x7fe274006fd0 tx=0x7fe274006e40 comp rx=0 tx=0).ready entity=mgr.14152 client_cookie=0 server_cookie=0 in_seq=0 out_seq=0
2024-06-04T04:46:29.842 INFO:teuthology.orchestra.run.smithi070.stderr:2024-06-04T04:46:29.840+0000 7fe27d7fa700 1 -- 172.21.15.70:0/172946956 <== mon.0 v2:172.21.15.70:3300/0 6 ==== mon_command_ack([{"prefix": "get_command_descriptions"}]=0 v0) ==== 72+0+191963 (secure 0 0 0) 0x7fe270031070 con 0x7fe280102fa0
2024-06-04T04:46:30.103 INFO:teuthology.orchestra.run.smithi070.stderr:2024-06-04T04:46:30.101+0000 7fe2862bf700 1 -- 172.21.15.70:0/172946956 --> [v2:172.21.15.70:3300/0,v1:172.21.15.70:6789/0] -- mon_command([{prefix=config set, name=mgr/cephadm/allow_ptrace}] v 0) -- 0x7fe28002e560 con 0x7fe280102fa0
2024-06-04T04:46:30.105 INFO:teuthology.orchestra.run.smithi070.stderr:2024-06-04T04:46:30.103+0000 7fe27d7fa700 1 -- 172.21.15.70:0/172946956 <== mon.0 v2:172.21.15.70:3300/0 7 ==== mon_command_ack([{prefix=config set, name=mgr/cephadm/allow_ptrace}]=0 v9)=0 v9) ==== 125+0+0 (secure 0 0 0) 0x7fe270013070 con 0x7fe280102fa0
2024-06-04T04:46:30.108 INFO:teuthology.orchestra.run.smithi070.stderr:2024-06-04T04:46:30.106+0000 7fe2862bf700 1 -- 172.21.15.70:0/172946956 >> [v2:172.21.15.70:6800/2752966840,v1:172.21.15.70:6801/2752966840] conn(0x7fe26803e6b0 msgr2=0x7fe268040b70 secure :-1 s=STATE_CONNECTION_ESTABLISHED l=1).mark_down
2024-06-04T04:46:30.108 INFO:teuthology.orchestra.run.smithi070.stderr:2024-06-04T04:46:30.106+0000 7fe2862bf700 1 --2- 172.21.15.70:0/172946956 >> [v2:172.21.15.70:6800/2752966840,v1:172.21.15.70:6801/2752966840] conn(0x7fe26803e6b0 0x7fe268040b70 secure :-1 s=READY pgs=12 cs=0 l=1 rev1=1 crypto rx=0x7fe274006fd0 tx=0x7fe274006e40 comp rx=0 tx=0).stop
2024-06-04T04:46:30.108 INFO:teuthology.orchestra.run.smithi070.stderr:2024-06-04T04:46:30.106+0000 7fe2862bf700 1 -- 172.21.15.70:0/172946956 >> [v2:172.21.15.70:3300/0,v1:172.21.15.70:6789/0] conn(0x7fe280102fa0 msgr2=0x7fe280198510 secure :-1 s=STATE_CONNECTION_ESTABLISHED l=1).mark_down
2024-06-04T04:46:30.108 INFO:teuthology.orchestra.run.smithi070.stderr:2024-06-04T04:46:30.106+0000 7fe2862bf700 1 --2- 172.21.15.70:0/172946956 >> [v2:172.21.15.70:3300/0,v1:172.21.15.70:6789/0] conn(0x7fe280102fa0 0x7fe280198510 secure :-1 s=READY pgs=81 cs=0 l=1 rev1=1 crypto rx=0x7fe270005790 tx=0x7fe2700057c0 comp rx=0 tx=0).stop
2024-06-04T04:46:30.108 INFO:teuthology.orchestra.run.smithi070.stderr:2024-06-04T04:46:30.106+0000 7fe2862bf700 1 -- 172.21.15.70:0/172946956 shutdown_connections
2024-06-04T04:46:30.108 INFO:teuthology.orchestra.run.smithi070.stderr:2024-06-04T04:46:30.106+0000 7fe2862bf700 1 --2- 172.21.15.70:0/172946956 >> [v2:172.21.15.70:6800/2752966840,v1:172.21.15.70:6801/2752966840] conn(0x7fe26803e6b0 0x7fe268040b70 unknown :-1 s=CLOSED pgs=12 cs=0 l=1 rev1=1 crypto rx=0 tx=0 comp rx=0 tx=0).stop
2024-06-04T04:46:30.109 INFO:teuthology.orchestra.run.smithi070.stderr:2024-06-04T04:46:30.106+0000 7fe2862bf700 1 --2- 172.21.15.70:0/172946956 >> [v2:172.21.15.70:3300/0,v1:172.21.15.70:6789/0] conn(0x7fe280102fa0 0x7fe280198510 unknown :-1 s=CLOSED pgs=81 cs=0 l=1 rev1=1 crypto rx=0 tx=0 comp rx=0 tx=0).stop
