2024-06-04T04:45:40.893+0000 7fe0c93be700 1 Processor -- start
2024-06-04T04:45:41.687 INFO:teuthology.orchestra.run.smithi070.stdout:/usr/bin/ceph: stderr
2024-06-04T04:45:40.893+0000 7fe0c93be700 1 -- start start
2024-06-04T04:45:41.687 INFO:teuthology.orchestra.run.smithi070.stdout:/usr/bin/ceph: stderr
2024-06-04T04:45:40.894+0000 7fe0c93be700 1 --2- >> [v2:172.21.15.70:3300/0,v1:172.21.15.70:6789/0] conn(0x7fe0c4109420 0x7fe0c4109840 unknown :-1 s=NONE pgs=0 cs=0 l=0 rev1=0 crypto rx=0 tx=0 comp rx=0 tx=0).connect
2024-06-04T04:45:41.687 INFO:teuthology.orchestra.run.smithi070.stdout:/usr/bin/ceph: stderr
2024-06-04T04:45:40.894+0000 7fe0c93be700 1 -- --> [v2:172.21.15.70:3300/0,v1:172.21.15.70:6789/0] -- mon_getmap magic: 0 -- 0x7fe0c4109e10 con 0x7fe0c4109420
2024-06-04T04:45:41.687 INFO:teuthology.orchestra.run.smithi070.stdout:/usr/bin/ceph: stderr
2024-06-04T04:45:40.894+0000 7fe0c2ffd700 1 --2- >> [v2:172.21.15.70:3300/0,v1:172.21.15.70:6789/0] conn(0x7fe0c4109420 0x7fe0c4109840 unknown :-1 s=BANNER_CONNECTING pgs=0 cs=0 l=0 rev1=0 crypto rx=0 tx=0 comp rx=0 tx=0)._handle_peer_banner_payload supported=3 required=0
2024-06-04T04:45:41.688 INFO:teuthology.orchestra.run.smithi070.stdout:/usr/bin/ceph: stderr
2024-06-04T04:45:40.894+0000 7fe0c2ffd700 1 --2- >> [v2:172.21.15.70:3300/0,v1:172.21.15.70:6789/0] conn(0x7fe0c4109420 0x7fe0c4109840 unknown :-1 s=HELLO_CONNECTING pgs=0 cs=0 l=0 rev1=1 crypto rx=0 tx=0 comp rx=0 tx=0).handle_hello peer v2:172.21.15.70:3300/0 says I am v2:172.21.15.70:37924/0 (socket says 172.21.15.70:37924)
2024-06-04T04:45:41.688 INFO:teuthology.orchestra.run.smithi070.stdout:/usr/bin/ceph: stderr
2024-06-04T04:45:40.894+0000 7fe0c2ffd700 1 -- 172.21.15.70:0/246577802 learned_addr learned my addr 172.21.15.70:0/246577802 (peer_addr_for_me v2:172.21.15.70:0/0)
2024-06-04T04:45:41.688 INFO:teuthology.orchestra.run.smithi070.stdout:/usr/bin/ceph: stderr
2024-06-04T04:45:40.894+0000 7fe0c2ffd700 1 -- 172.21.15.70:0/246577802 --> [v2:172.21.15.70:3300/0,v1:172.21.15.70:6789/0] -- mon_subscribe({config=0+,monmap=0+}) -- 0x7fe0c4107ff0 con 0x7fe0c4109420
2024-06-04T04:45:41.688 INFO:teuthology.orchestra.run.smithi070.stdout:/usr/bin/ceph: stderr
2024-06-04T04:45:40.894+0000 7fe0c2ffd700 1 --2- 172.21.15.70:0/246577802 >> [v2:172.21.15.70:3300/0,v1:172.21.15.70:6789/0] conn(0x7fe0c4109420 0x7fe0c4109840 secure :-1 s=READY pgs=20 cs=0 l=1 rev1=1 crypto rx=0x7fe0b4009e80 tx=0x7fe0b400b330 comp rx=0 tx=0).ready entity=mon.0 client_cookie=eecfe9686c8db8ce server_cookie=0 in_seq=0 out_seq=0
2024-06-04T04:45:41.688 INFO:teuthology.orchestra.run.smithi070.stdout:/usr/bin/ceph: stderr
2024-06-04T04:45:40.894+0000 7fe0c1ffb700 1 -- 172.21.15.70:0/246577802 <== mon.0 v2:172.21.15.70:3300/0 1 ==== mon_map magic: 0 ==== 205+0+0 (secure 0 0 0) 0x7fe0b4017070 con 0x7fe0c4109420
2024-06-04T04:45:41.688 INFO:teuthology.orchestra.run.smithi070.stdout:/usr/bin/ceph: stderr
2024-06-04T04:45:40.894+0000 7fe0c1ffb700 1 -- 172.21.15.70:0/246577802 <== mon.0 v2:172.21.15.70:3300/0 2 ==== config(25 keys) ==== 1032+0+0 (secure 0 0 0) 0x7fe0b400b8c0 con 0x7fe0c4109420
2024-06-04T04:45:41.688 INFO:teuthology.orchestra.run.smithi070.stdout:/usr/bin/ceph: stderr
2024-06-04T04:45:40.894+0000 7fe0c1ffb700 1 -- 172.21.15.70:0/246577802 <== mon.0 v2:172.21.15.70:3300/0 3 ==== mon_map magic: 0 ==== 205+0+0 (secure 0 0 0) 0x7fe0b4004420 con 0x7fe0c4109420
2024-06-04T04:45:41.688 INFO:teuthology.orchestra.run.smithi070.stdout:/usr/bin/ceph: stderr
2024-06-04T04:45:40.895+0000 7fe0c93be700 1 -- 172.21.15.70:0/246577802 >> [v2:172.21.15.70:3300/0,v1:172.21.15.70:6789/0] conn(0x7fe0c4109420 msgr2=0x7fe0c4109840 secure :-1 s=STATE_CONNECTION_ESTABLISHED l=1).mark_down
2024-06-04T04:45:41.688 INFO:teuthology.orchestra.run.smithi070.stdout:/usr/bin/ceph: stderr
2024-06-04T04:45:40.895+0000 7fe0c93be700 1 --2- 172.21.15.70:0/246577802 >> [v2:172.21.15.70:3300/0,v1:172.21.15.70:6789/0] conn(0x7fe0c4109420 0x7fe0c4109840 secure :-1 s=READY pgs=20 cs=0 l=1 rev1=1 crypto rx=0x7fe0b4009e80 tx=0x7fe0b400b330 comp rx=0 tx=0).stop
2024-06-04T04:45:41.688 INFO:teuthology.orchestra.run.smithi070.stdout:/usr/bin/ceph: stderr
2024-06-04T04:45:40.895+0000 7fe0c93be700 1 -- 172.21.15.70:0/246577802 shutdown_connections
2024-06-04T04:45:41.688 INFO:teuthology.orchestra.run.smithi070.stdout:/usr/bin/ceph: stderr
2024-06-04T04:45:40.895+0000 7fe0c93be700 1 --2- 172.21.15.70:0/246577802 >> [v2:172.21.15.70:3300/0,v1:172.21.15.70:6789/0] conn(0x7fe0c4109420 0x7fe0c4109840 unknown :-1 s=CLOSED pgs=20 cs=0 l=1 rev1=1 crypto rx=0 tx=0 comp rx=0 tx=0).stop
2024-06-04T04:45:41.688 INFO:teuthology.orchestra.run.smithi070.stdout:/usr/bin/ceph: stderr
2024-06-04T04:45:40.895+0000 7fe0c93be700 1 -- 172.21.15.70:0/246577802 >> 172.21.15.70:0/246577802 conn(0x7fe0c4102b20 msgr2=0x7fe0c4104f40 unknown :-1 s=STATE_NONE l=0).mark_down
2024-06-04T04:45:41.689 INFO:teuthology.orchestra.run.smithi070.stdout:/usr/bin/ceph: stderr
2024-06-04T04:45:40.895+0000 7fe0c93be700 1 -- 172.21.15.70:0/246577802 shutdown_connections
2024-06-04T04:45:41.689 INFO:teuthology.orchestra.run.smithi070.stdout:/usr/bin/ceph: stderr
2024-06-04T04:45:40.895+0000 7fe0c93be700 1 -- 172.21.15.70:0/246577802 wait complete.
2024-06-04T04:45:41.689 INFO:teuthology.orchestra.run.smithi070.stdout:/usr/bin/ceph: stderr
2024-06-04T04:45:40.896+0000 7fe0c93be700 1 Processor -- start
2024-06-04T04:45:41.689 INFO:teuthology.orchestra.run.smithi070.stdout:/usr/bin/ceph: stderr
2024-06-04T04:45:40.896+0000 7fe0c93be700 1 -- start start
2024-06-04T04:45:41.689 INFO:teuthology.orchestra.run.smithi070.stdout:/usr/bin/ceph: stderr
2024-06-04T04:45:40.896+0000 7fe0c93be700 1 --2- >> [v2:172.21.15.70:3300/0,v1:172.21.15.70:6789/0] conn(0x7fe0c4109420 0x7fe0c4107960 unknown :-1 s=NONE pgs=0 cs=0 l=1 rev1=0 crypto rx=0 tx=0 comp rx=0 tx=0).connect
2024-06-04T04:45:41.689 INFO:teuthology.orchestra.run.smithi070.stdout:/usr/bin/ceph: stderr
2024-06-04T04:45:40.896+0000 7fe0c93be700 1 -- --> [v2:172.21.15.70:3300/0,v1:172.21.15.70:6789/0] -- mon_getmap magic: 0 -- 0x7fe0c410c230 con 0x7fe0c4109420
2024-06-04T04:45:41.689 INFO:teuthology.orchestra.run.smithi070.stdout:/usr/bin/ceph: stderr
2024-06-04T04:45:40.896+0000 7fe0c2ffd700 1 --2- >> [v2:172.21.15.70:3300/0,v1:172.21.15.70:6789/0] conn(0x7fe0c4109420 0x7fe0c4107960 unknown :-1 s=BANNER_CONNECTING pgs=0 cs=0 l=1 rev1=0 crypto rx=0 tx=0 comp rx=0 tx=0)._handle_peer_banner_payload supported=3 required=0
2024-06-04T04:45:41.689 INFO:teuthology.orchestra.run.smithi070.stdout:/usr/bin/ceph: stderr
2024-06-04T04:45:40.896+0000 7fe0c2ffd700 1 --2- >> [v2:172.21.15.70:3300/0,v1:172.21.15.70:6789/0] conn(0x7fe0c4109420 0x7fe0c4107960 unknown :-1 s=HELLO_CONNECTING pgs=0 cs=0 l=1 rev1=1 crypto rx=0 tx=0 comp rx=0 tx=0).handle_hello peer v2:172.21.15.70:3300/0 says I am v2:172.21.15.70:37938/0 (socket says 172.21.15.70:37938)
2024-06-04T04:45:41.689 INFO:teuthology.orchestra.run.smithi070.stdout:/usr/bin/ceph: stderr
2024-06-04T04:45:40.896+0000 7fe0c2ffd700 1 -- 172.21.15.70:0/391059848 learned_addr learned my addr 172.21.15.70:0/391059848 (peer_addr_for_me v2:172.21.15.70:0/0)
2024-06-04T04:45:41.689 INFO:teuthology.orchestra.run.smithi070.stdout:/usr/bin/ceph: stderr
2024-06-04T04:45:40.896+0000 7fe0c2ffd700 1 -- 172.21.15.70:0/391059848 --> [v2:172.21.15.70:3300/0,v1:172.21.15.70:6789/0] -- mon_subscribe({config=0+,monmap=0+}) -- 0x7fe0c419fab0 con 0x7fe0c4109420
2024-06-04T04:45:41.689 INFO:teuthology.orchestra.run.smithi070.stdout:/usr/bin/ceph: stderr
2024-06-04T04:45:40.896+0000 7fe0c2ffd700 1 --2- 172.21.15.70:0/391059848 >> [v2:172.21.15.70:3300/0,v1:172.21.15.70:6789/0] conn(0x7fe0c4109420 0x7fe0c4107960 secure :-1 s=READY pgs=21 cs=0 l=1 rev1=1 crypto rx=0x7fe0b4009e50 tx=0x7fe0b400bd50 comp rx=0 tx=0).ready entity=mon.0 client_cookie=0 server_cookie=0 in_seq=0 out_seq=0
2024-06-04T04:45:41.689 INFO:teuthology.orchestra.run.smithi070.stdout:/usr/bin/ceph: stderr
2024-06-04T04:45:40.897+0000 7fe0bbfff700 1 -- 172.21.15.70:0/391059848 <== mon.0 v2:172.21.15.70:3300/0 1 ==== mon_map magic: 0 ==== 205+0+0 (secure 0 0 0) 0x7fe0b4020020 con 0x7fe0c4109420
2024-06-04T04:45:41.690 INFO:teuthology.orchestra.run.smithi070.stdout:/usr/bin/ceph: stderr
2024-06-04T04:45:40.897+0000 7fe0c93be700 1 -- 172.21.15.70:0/391059848 --> [v2:172.21.15.70:3300/0,v1:172.21.15.70:6789/0] -- mon_subscribe({mgrmap=0+}) -- 0x7fe0c419fc80 con 0x7fe0c4109420
2024-06-04T04:45:41.690 INFO:teuthology.orchestra.run.smithi070.stdout:/usr/bin/ceph: stderr
2024-06-04T04:45:40.897+0000 7fe0bbfff700 1 -- 172.21.15.70:0/391059848 <== mon.0 v2:172.21.15.70:3300/0 2 ==== config(25 keys) ==== 1032+0+0 (secure 0 0 0) 0x7fe0b4012430 con 0x7fe0c4109420
2024-06-04T04:45:41.690 INFO:teuthology.orchestra.run.smithi070.stdout:/usr/bin/ceph: stderr
2024-06-04T04:45:40.897+0000 7fe0bbfff700 1 -- 172.21.15.70:0/391059848 <== mon.0 v2:172.21.15.70:3300/0 3 ==== mon_map magic: 0 ==== 205+0+0 (secure 0 0 0) 0x7fe0b4017040 con 0x7fe0c4109420
2024-06-04T04:45:41.690 INFO:teuthology.orchestra.run.smithi070.stdout:/usr/bin/ceph: stderr
2024-06-04T04:45:40.897+0000 7fe0c93be700 1 -- 172.21.15.70:0/391059848 --> [v2:172.21.15.70:3300/0,v1:172.21.15.70:6789/0] -- mon_subscribe({osdmap=0}) -- 0x7fe0c41a00a0 con 0x7fe0c4109420
2024-06-04T04:45:41.690 INFO:teuthology.orchestra.run.smithi070.stdout:/usr/bin/ceph: stderr
2024-06-04T04:45:40.898+0000 7fe0bbfff700 1 -- 172.21.15.70:0/391059848 <== mon.0 v2:172.21.15.70:3300/0 4 ==== mgrmap(e 4) ==== 50211+0+0 (secure 0 0 0) 0x7fe0b4023020 con 0x7fe0c4109420
2024-06-04T04:45:41.690 INFO:teuthology.orchestra.run.smithi070.stdout:/usr/bin/ceph: stderr
2024-06-04T04:45:40.898+0000 7fe0c93be700 1 -- 172.21.15.70:0/391059848 --> [v2:172.21.15.70:3300/0,v1:172.21.15.70:6789/0] -- mon_command({"prefix": "get_command_descriptions"} v 0) -- 0x7fe0c4064ba0 con 0x7fe0c4109420
2024-06-04T04:45:41.690 INFO:teuthology.orchestra.run.smithi070.stdout:/usr/bin/ceph: stderr
2024-06-04T04:45:40.898+0000 7fe0bbfff700 1 --2- 172.21.15.70:0/391059848 >> [v2:172.21.15.70:6800/2087909610,v1:172.21.15.70:6801/2087909610] conn(0x7fe0b003e420 0x7fe0b00408e0 unknown :-1 s=NONE pgs=0 cs=0 l=1 rev1=0 crypto rx=0 tx=0 comp rx=0 tx=0).connect
2024-06-04T04:45:41.690 INFO:teuthology.orchestra.run.smithi070.stdout:/usr/bin/ceph: stderr
2024-06-04T04:45:40.898+0000 7fe0bbfff700 1 -- 172.21.15.70:0/391059848 <== mon.0 v2:172.21.15.70:3300/0 5 ==== osd_map(1..1 src has 1..1) ==== 725+0+0 (secure 0 0 0) 0x7fe0b400f050 con 0x7fe0c4109420
2024-06-04T04:45:41.690 INFO:teuthology.orchestra.run.smithi070.stdout:/usr/bin/ceph: stderr
2024-06-04T04:45:40.898+0000 7fe0c27fc700 1 --2- 172.21.15.70:0/391059848 >> [v2:172.21.15.70:6800/2087909610,v1:172.21.15.70:6801/2087909610] conn(0x7fe0b003e420 0x7fe0b00408e0 unknown :-1 s=BANNER_CONNECTING pgs=0 cs=0 l=1 rev1=0 crypto rx=0 tx=0 comp rx=0 tx=0)._handle_peer_banner_payload supported=3 required=0
2024-06-04T04:45:41.690 INFO:teuthology.orchestra.run.smithi070.stdout:/usr/bin/ceph: stderr
2024-06-04T04:45:40.899+0000 7fe0c27fc700 1 --2- 172.21.15.70:0/391059848 >> [v2:172.21.15.70:6800/2087909610,v1:172.21.15.70:6801/2087909610] conn(0x7fe0b003e420 0x7fe0b00408e0 secure :-1 s=READY pgs=7 cs=0 l=1 rev1=1 crypto rx=0x7fe0ac006fd0 tx=0x7fe0ac006e40 comp rx=0 tx=0).ready entity=mgr.14100 client_cookie=0 server_cookie=0 in_seq=0 out_seq=0
2024-06-04T04:45:41.690 INFO:teuthology.orchestra.run.smithi070.stdout:/usr/bin/ceph: stderr
2024-06-04T04:45:40.903+0000 7fe0bbfff700 1 -- 172.21.15.70:0/391059848 <== mon.0 v2:172.21.15.70:3300/0 6 ==== mon_command_ack([{"prefix": "get_command_descriptions"}]=0 v0) ==== 72+0+191963 (secure 0 0 0) 0x7fe0b402a020 con 0x7fe0c4109420
2024-06-04T04:45:41.690 INFO:teuthology.orchestra.run.smithi070.stdout:/usr/bin/ceph: stderr
2024-06-04T04:45:41.102+0000 7fe0c93be700 1 -- 172.21.15.70:0/391059848 --> [v2:172.21.15.70:3300/0,v1:172.21.15.70:6789/0] -- mon_command({"prefix": "config assimilate-conf"} v 0) -- 0x7fe0c41a0270 con 0x7fe0c4109420
2024-06-04T04:45:41.691 INFO:teuthology.orchestra.run.smithi070.stdout:/usr/bin/ceph: stderr
2024-06-04T04:45:41.103+0000 7fe0bbfff700 1 -- 172.21.15.70:0/391059848 <== mon.0 v2:172.21.15.70:3300/0 7 ==== mon_command_ack([{"prefix": "config assimilate-conf"}]=0 v3) ==== 70+0+409 (secure 0 0 0) 0x7fe0b400a040 con 0x7fe0c4109420
2024-06-04T04:45:41.691 INFO:teuthology.orchestra.run.smithi070.stdout:/usr/bin/ceph: stderr
2024-06-04T04:45:41.106+0000 7fe0c93be700 1 -- 172.21.15.70:0/391059848 >> [v2:172.21.15.70:6800/2087909610,v1:172.21.15.70:6801/2087909610] conn(0x7fe0b003e420 msgr2=0x7fe0b00408e0 secure :-1 s=STATE_CONNECTION_ESTABLISHED l=1).mark_down
2024-06-04T04:45:41.691 INFO:teuthology.orchestra.run.smithi070.stdout:/usr/bin/ceph: stderr
2024-06-04T04:45:41.106+0000 7fe0c93be700 1 --2- 172.21.15.70:0/391059848 >> [v2:172.21.15.70:6800/2087909610,v1:172.21.15.70:6801/2087909610] conn(0x7fe0b003e420 0x7fe0b00408e0 secure :-1 s=READY pgs=7 cs=0 l=1 rev1=1 crypto rx=0x7fe0ac006fd0 tx=0x7fe0ac006e40 comp rx=0 tx=0).stop
2024-06-04T04:45:41.691 INFO:teuthology.orchestra.run.smithi070.stdout:/usr/bin/ceph: stderr
2024-06-04T04:45:41.106+0000 7fe0c93be700 1 -- 172.21.15.70:0/391059848 >> [v2:172.21.15.70:3300/0,v1:172.21.15.70:6789/0] conn(0x7fe0c4109420 msgr2=0x7fe0c4107960 secure :-1 s=STATE_CONNECTION_ESTABLISHED l=1).mark_down
2024-06-04T04:45:41.691 INFO:teuthology.orchestra.run.smithi070.stdout:/usr/bin/ceph: stderr
2024-06-04T04:45:41.106+0000 7fe0c93be700 1 --2- 172.21.15.70:0/391059848 >> [v2:172.21.15.70:3300/0,v1:172.21.15.70:6789/0] conn(0x7fe0c4109420 0x7fe0c4107960 secure :-1 s=READY pgs=21 cs=0 l=1 rev1=1 crypto rx=0x7fe0b4009e50 tx=0x7fe0b400bd50 comp rx=0 tx=0).stop
2024-06-04T04:45:41.691 INFO:teuthology.orchestra.run.smithi070.stdout:/usr/bin/ceph: stderr
2024-06-04T04:45:41.106+0000 7fe0c93be700 1 -- 172.21.15.70:0/391059848 shutdown_connections
2024-06-04T04:45:41.691 INFO:teuthology.orchestra.run.smithi070.stdout:/usr/bin/ceph: stderr
2024-06-04T04:45:41.106+0000 7fe0c93be700 1 --2- 172.21.15.70:0/391059848 >> [v2:172.21.15.70:6800/2087909610,v1:172.21.15.70:6801/2087909610] conn(0x7fe0b003e420 0x7fe0b00408e0 unknown :-1 s=CLOSED pgs=7 cs=0 l=1 rev1=1 crypto rx=0 tx=0 comp rx=0 tx=0).stop
2024-06-04T04:45:41.691 INFO:teuthology.orchestra.run.smithi070.stdout:/usr/bin/ceph: stderr
2024-06-04T04:45:41.106+0000 7fe0c93be700 1 --2- 172.21.15.70:0/391059848 >> [v2:172.21.15.70:3300/0,v1:172.21.15.70:6789/0] conn(0x7fe0c4109420 0x7fe0c4107960 unknown :-1 s=CLOSED pgs=21 cs=0 l=1 rev1=1 crypto rx=0 tx=0 comp rx=0 tx=0).stop
2024-06-04T04:45:41.691 INFO:teuthology.orchestra.run.smithi070.stdout:/usr/bin/ceph: stderr
2024-06-04T04:45:41.106+0000 7fe0c93be700 1 -- 172.21.15.70:0/391059848 >> 172.21.15.70:0/391059848 conn(0x7fe0c4102b20 msgr2=0x7fe0c4103610 unknown :-1 s=STATE_NONE l=0).mark_down
2024-06-04T04:45:41.691 INFO:teuthology.orchestra.run.smithi070.stdout:/usr/bin/ceph: stderr
2024-06-04T04:45:41.106+0000 7fe0c93be700 1 -- 172.21.15.70:0/391059848 shutdown_connections
2024-06-04T04:45:41.691 INFO:teuthology.orchestra.run.smithi070.stdout:/usr/bin/ceph: stderr
2024-06-04T04:45:41.106+0000 7fe0c93be700 1 -- 172.21.15.70:0/391059848 wait complete.
2024-06-04T04:45:41.691 INFO:teuthology.orchestra.run.smithi070.stdout:Enabling cephadm module...
2024-06-04T04:45:42.609 INFO:journalctl@ceph.mon.a.smithi070.stdout:Jun 04 04:45:42 smithi070 ceph-mon[32631]: from='client.? 172.21.15.70:0/1741323205' entity='client.admin' cmd=[{"prefix": "mgr module enable", "module": "cephadm"}]: dispatch
2024-06-04T04:45:42.609 INFO:journalctl@ceph.mgr.x.smithi070.stdout:Jun 04 04:45:42 smithi070 ceph-164dbaba-222d-11ef-bc9b-c7b262605968-mgr-x[32859]: ignoring --setuser ceph since I am not root
2024-06-04T04:45:42.609 INFO:journalctl@ceph.mgr.x.smithi070.stdout:Jun 04 04:45:42 smithi070 ceph-164dbaba-222d-11ef-bc9b-c7b262605968-mgr-x[32859]: ignoring --setgroup ceph since I am not root
2024-06-04T04:45:42.609 INFO:journalctl@ceph.mgr.x.smithi070.stdout:Jun 04 04:45:42 smithi070 ceph-164dbaba-222d-11ef-bc9b-c7b262605968-mgr-x[32859]:
2024-06-04T04:45:42.577+0000 7ff1be2e8200 -1 mgr[py] Module balancer has missing NOTIFY_TYPES member
2024-06-04T04:45:43.050 INFO:journalctl@ceph.mgr.x.smithi070.stdout:Jun 04 04:45:42 smithi070 ceph-164dbaba-222d-11ef-bc9b-c7b262605968-mgr-x[32859]:
2024-06-04T04:45:42.766+0000 7ff1be2e8200 -1 mgr[py] Module orchestrator has missing NOTIFY_TYPES member
2024-06-04T04:45:43.050 INFO:journalctl@ceph.mgr.x.smithi070.stdout:Jun 04 04:45:42 smithi070 ceph-164dbaba-222d-11ef-bc9b-c7b262605968-mgr-x[32859]:
2024-06-04T04:45:42.868+0000 7ff1be2e8200 -1 mgr[py] Module snap_schedule has missing NOTIFY_TYPES member
2024-06-04T04:45:43.058 INFO:teuthology.orchestra.run.smithi070.stdout:/usr/bin/ceph: stderr
2024-06-04T04:45:42.085+0000 7f767aa22700 1 Processor -- start
2024-06-04T04:45:43.058 INFO:teuthology.orchestra.run.smithi070.stdout:/usr/bin/ceph: stderr
2024-06-04T04:45:42.085+0000 7f767aa22700 1 -- start start
2024-06-04T04:45:43.058 INFO:teuthology.orchestra.run.smithi070.stdout:/usr/bin/ceph: stderr
2024-06-04T04:45:42.086+0000 7f767aa22700 1 --2- >> [v2:172.21.15.70:3300/0,v1:172.21.15.70:6789/0] conn(0x7f76741098e0 0x7f767410bcd0 unknown :-1 s=NONE pgs=0 cs=0 l=0 rev1=0 crypto rx=0 tx=0 comp rx=0 tx=0).connect
2024-06-04T04:45:43.058 INFO:teuthology.orchestra.run.smithi070.stdout:/usr/bin/ceph: stderr
2024-06-04T04:45:42.086+0000 7f767aa22700 1 -- --> [v2:172.21.15.70:3300/0,v1:172.21.15.70:6789/0] -- mon_getmap magic: 0 -- 0x7f767407ce70 con 0x7f76741098e0
2024-06-04T04:45:43.059 INFO:teuthology.orchestra.run.smithi070.stdout:/usr/bin/ceph: stderr
2024-06-04T04:45:42.086+0000 7f7673fff700 1 --2- >> [v2:172.21.15.70:3300/0,v1:172.21.15.70:6789/0] conn(0x7f76741098e0 0x7f767410bcd0 unknown :-1 s=BANNER_CONNECTING pgs=0 cs=0 l=0 rev1=0 crypto rx=0 tx=0 comp rx=0 tx=0)._handle_peer_banner_payload supported=3 required=0
2024-06-04T04:45:43.059 INFO:teuthology.orchestra.run.smithi070.stdout:/usr/bin/ceph: stderr
2024-06-04T04:45:42.086+0000 7f7673fff700 1 --2- >> [v2:172.21.15.70:3300/0,v1:172.21.15.70:6789/0] conn(0x7f76741098e0 0x7f767410bcd0 unknown :-1 s=HELLO_CONNECTING pgs=0 cs=0 l=0 rev1=1 crypto rx=0 tx=0 comp rx=0 tx=0).handle_hello peer v2:172.21.15.70:3300/0 says I am v2:172.21.15.70:37952/0 (socket says 172.21.15.70:37952)
2024-06-04T04:45:43.059 INFO:teuthology.orchestra.run.smithi070.stdout:/usr/bin/ceph: stderr
2024-06-04T04:45:42.086+0000 7f7673fff700 1 -- 172.21.15.70:0/401138644 learned_addr learned my addr 172.21.15.70:0/401138644 (peer_addr_for_me v2:172.21.15.70:0/0)
2024-06-04T04:45:43.059 INFO:teuthology.orchestra.run.smithi070.stdout:/usr/bin/ceph: stderr
2024-06-04T04:45:42.086+0000 7f7673fff700 1 -- 172.21.15.70:0/401138644 --> [v2:172.21.15.70:3300/0,v1:172.21.15.70:6789/0] -- mon_subscribe({config=0+,monmap=0+}) -- 0x7f767410c210 con 0x7f76741098e0
2024-06-04T04:45:43.059 INFO:teuthology.orchestra.run.smithi070.stdout:/usr/bin/ceph: stderr
2024-06-04T04:45:42.086+0000 7f7673fff700 1 --2- 172.21.15.70:0/401138644 >> [v2:172.21.15.70:3300/0,v1:172.21.15.70:6789/0] conn(0x7f76741098e0 0x7f767410bcd0 secure :-1 s=READY pgs=22 cs=0 l=1 rev1=1 crypto rx=0x7f765c0098a0 tx=0x7f765c009bb0 comp rx=0 tx=0).ready entity=mon.0 client_cookie=2b9951548ef06ff2 server_cookie=0 in_seq=0 out_seq=0
2024-06-04T04:45:43.059 INFO:teuthology.orchestra.run.smithi070.stdout:/usr/bin/ceph: stderr
2024-06-04T04:45:42.086+0000 7f7672ffd700 1 -- 172.21.15.70:0/401138644 <== mon.0 v2:172.21.15.70:3300/0 1 ==== mon_map magic: 0 ==== 205+0+0 (secure 0 0 0) 0x7f765c004160 con 0x7f76741098e0
2024-06-04T04:45:43.059 INFO:teuthology.orchestra.run.smithi070.stdout:/usr/bin/ceph: stderr
2024-06-04T04:45:42.086+0000 7f7672ffd700 1 -- 172.21.15.70:0/401138644 <== mon.0 v2:172.21.15.70:3300/0 2 ==== config(25 keys) ==== 1032+0+0 (secure 0 0 0) 0x7f765c004300 con 0x7f76741098e0
2024-06-04T04:45:43.059 INFO:teuthology.orchestra.run.smithi070.stdout:/usr/bin/ceph: stderr
2024-06-04T04:45:42.086+0000 7f7672ffd700 1 -- 172.21.15.70:0/401138644 <== mon.0 v2:172.21.15.70:3300/0 3 ==== mon_map magic: 0 ==== 205+0+0 (secure 0 0 0) 0x7f765c0119e0 con 0x7f76741098e0
2024-06-04T04:45:43.059 INFO:teuthology.orchestra.run.smithi070.stdout:/usr/bin/ceph: stderr
2024-06-04T04:45:42.087+0000 7f767aa22700 1 -- 172.21.15.70:0/401138644 >> [v2:172.21.15.70:3300/0,v1:172.21.15.70:6789/0] conn(0x7f76741098e0 msgr2=0x7f767410bcd0 secure :-1 s=STATE_CONNECTION_ESTABLISHED l=1).mark_down
2024-06-04T04:45:43.059 INFO:teuthology.orchestra.run.smithi070.stdout:/usr/bin/ceph: stderr
2024-06-04T04:45:42.087+0000 7f767aa22700 1 --2- 172.21.15.70:0/401138644 >> [v2:172.21.15.70:3300/0,v1:172.21.15.70:6789/0] conn(0x7f76741098e0 0x7f767410bcd0 secure :-1 s=READY pgs=22 cs=0 l=1 rev1=1 crypto rx=0x7f765c0098a0 tx=0x7f765c009bb0 comp rx=0 tx=0).stop
2024-06-04T04:45:43.060 INFO:teuthology.orchestra.run.smithi070.stdout:/usr/bin/ceph: stderr
2024-06-04T04:45:42.087+0000 7f767aa22700 1 -- 172.21.15.70:0/401138644 shutdown_connections
2024-06-04T04:45:43.060 INFO:teuthology.orchestra.run.smithi070.stdout:/usr/bin/ceph: stderr
2024-06-04T04:45:42.087+0000 7f767aa22700 1 --2- 172.21.15.70:0/401138644 >> [v2:172.21.15.70:3300/0,v1:172.21.15.70:6789/0] conn(0x7f76741098e0 0x7f767410bcd0 unknown :-1 s=CLOSED pgs=22 cs=0 l=1 rev1=1 crypto rx=0 tx=0 comp rx=0 tx=0).stop
2024-06-04T04:45:43.060 INFO:teuthology.orchestra.run.smithi070.stdout:/usr/bin/ceph: stderr
2024-06-04T04:45:42.087+0000 7f767aa22700 1 -- 172.21.15.70:0/401138644 >> 172.21.15.70:0/401138644 conn(0x7f7674103330 msgr2=0x7f7674105750 unknown :-1 s=STATE_NONE l=0).mark_down
2024-06-04T04:45:43.060 INFO:teuthology.orchestra.run.smithi070.stdout:/usr/bin/ceph: stderr
2024-06-04T04:45:42.087+0000 7f767aa22700 1 -- 172.21.15.70:0/401138644 shutdown_connections
2024-06-04T04:45:43.060 INFO:teuthology.orchestra.run.smithi070.stdout:/usr/bin/ceph: stderr
2024-06-04T04:45:42.087+0000 7f767aa22700 1 -- 172.21.15.70:0/401138644 wait complete.
2024-06-04T04:45:43.060 INFO:teuthology.orchestra.run.smithi070.stdout:/usr/bin/ceph: stderr
2024-06-04T04:45:42.088+0000 7f767aa22700 1 Processor -- start
2024-06-04T04:45:43.060 INFO:teuthology.orchestra.run.smithi070.stdout:/usr/bin/ceph: stderr
2024-06-04T04:45:42.088+0000 7f767aa22700 1 -- start start
2024-06-04T04:45:43.060 INFO:teuthology.orchestra.run.smithi070.stdout:/usr/bin/ceph: stderr
2024-06-04T04:45:42.088+0000 7f767aa22700 1 --2- >> [v2:172.21.15.70:3300/0,v1:172.21.15.70:6789/0] conn(0x7f76741098e0 0x7f767419cce0 unknown :-1 s=NONE pgs=0 cs=0 l=1 rev1=0 crypto rx=0 tx=0 comp rx=0 tx=0).connect
2024-06-04T04:45:43.060 INFO:teuthology.orchestra.run.smithi070.stdout:/usr/bin/ceph: stderr
2024-06-04T04:45:42.088+0000 7f767aa22700 1 -- --> [v2:172.21.15.70:3300/0,v1:172.21.15.70:6789/0] -- mon_getmap magic: 0 -- 0x7f767410d100 con 0x7f76741098e0
2024-06-04T04:45:43.060 INFO:teuthology.orchestra.run.smithi070.stdout:/usr/bin/ceph: stderr
2024-06-04T04:45:42.088+0000 7f7673fff700 1 --2- >> [v2:172.21.15.70:3300/0,v1:172.21.15.70:6789/0] conn(0x7f76741098e0 0x7f767419cce0 unknown :-1 s=BANNER_CONNECTING pgs=0 cs=0 l=1 rev1=0 crypto rx=0 tx=0 comp rx=0 tx=0)._handle_peer_banner_payload supported=3 required=0
2024-06-04T04:45:43.060 INFO:teuthology.orchestra.run.smithi070.stdout:/usr/bin/ceph: stderr
2024-06-04T04:45:42.088+0000 7f7673fff700 1 --2- >> [v2:172.21.15.70:3300/0,v1:172.21.15.70:6789/0] conn(0x7f76741098e0 0x7f767419cce0 unknown :-1 s=HELLO_CONNECTING pgs=0 cs=0 l=1 rev1=1 crypto rx=0 tx=0 comp rx=0 tx=0).handle_hello peer v2:172.21.15.70:3300/0 says I am v2:172.21.15.70:37964/0 (socket says 172.21.15.70:37964)
2024-06-04T04:45:43.060 INFO:teuthology.orchestra.run.smithi070.stdout:/usr/bin/ceph: stderr
2024-06-04T04:45:42.088+0000 7f7673fff700 1 -- 172.21.15.70:0/1741323205 learned_addr learned my addr 172.21.15.70:0/1741323205 (peer_addr_for_me v2:172.21.15.70:0/0)
2024-06-04T04:45:43.061 INFO:teuthology.orchestra.run.smithi070.stdout:/usr/bin/ceph: stderr
2024-06-04T04:45:42.088+0000 7f7673fff700 1 -- 172.21.15.70:0/1741323205 --> [v2:172.21.15.70:3300/0,v1:172.21.15.70:6789/0] -- mon_subscribe({config=0+,monmap=0+}) -- 0x7f767419d220 con 0x7f76741098e0
2024-06-04T04:45:43.061 INFO:teuthology.orchestra.run.smithi070.stdout:/usr/bin/ceph: stderr
2024-06-04T04:45:42.089+0000 7f7673fff700 1 --2- 172.21.15.70:0/1741323205 >> [v2:172.21.15.70:3300/0,v1:172.21.15.70:6789/0] conn(0x7f76741098e0 0x7f767419cce0 secure :-1 s=READY pgs=23 cs=0 l=1 rev1=1 crypto rx=0x7f765c0116a0 tx=0x7f765c0046a0 comp rx=0 tx=0).ready entity=mon.0 client_cookie=0 server_cookie=0 in_seq=0 out_seq=0
2024-06-04T04:45:43.061 INFO:teuthology.orchestra.run.smithi070.stdout:/usr/bin/ceph: stderr
2024-06-04T04:45:42.089+0000 7f76717fa700 1 -- 172.21.15.70:0/1741323205 <== mon.0 v2:172.21.15.70:3300/0 1 ==== mon_map magic: 0 ==== 205+0+0 (secure 0 0 0) 0x7f765c003b70 con 0x7f76741098e0
2024-06-04T04:45:43.061 INFO:teuthology.orchestra.run.smithi070.stdout:/usr/bin/ceph: stderr
2024-06-04T04:45:42.089+0000 7f76717fa700 1 -- 172.21.15.70:0/1741323205 <== mon.0 v2:172.21.15.70:3300/0 2 ==== config(25 keys) ==== 1032+0+0 (secure 0 0 0) 0x7f765c01a8a0 con 0x7f76741098e0
2024-06-04T04:45:43.061 INFO:teuthology.orchestra.run.smithi070.stdout:/usr/bin/ceph: stderr
2024-06-04T04:45:42.089+0000 7f767aa22700 1 -- 172.21.15.70:0/1741323205 --> [v2:172.21.15.70:3300/0,v1:172.21.15.70:6789/0] -- mon_subscribe({mgrmap=0+}) -- 0x7f767419d510 con 0x7f76741098e0
2024-06-04T04:45:43.061 INFO:teuthology.orchestra.run.smithi070.stdout:/usr/bin/ceph: stderr
2024-06-04T04:45:42.089+0000 7f76717fa700 1 -- 172.21.15.70:0/1741323205 <== mon.0 v2:172.21.15.70:3300/0 3 ==== mon_map magic: 0 ==== 205+0+0 (secure 0 0 0) 0x7f765c024890 con 0x7f76741098e0
2024-06-04T04:45:43.061 INFO:teuthology.orchestra.run.smithi070.stdout:/usr/bin/ceph: stderr
2024-06-04T04:45:42.089+0000 7f767aa22700 1 -- 172.21.15.70:0/1741323205 --> [v2:172.21.15.70:3300/0,v1:172.21.15.70:6789/0] -- mon_subscribe({osdmap=0}) -- 0x7f76741a0190 con 0x7f76741098e0
2024-06-04T04:45:43.061 INFO:teuthology.orchestra.run.smithi070.stdout:/usr/bin/ceph: stderr
2024-06-04T04:45:42.090+0000 7f767aa22700 1 -- 172.21.15.70:0/1741323205 --> [v2:172.21.15.70:3300/0,v1:172.21.15.70:6789/0] -- mon_command({"prefix": "get_command_descriptions"} v 0) -- 0x7f7674064ba0 con 0x7f76741098e0
2024-06-04T04:45:43.061 INFO:teuthology.orchestra.run.smithi070.stdout:/usr/bin/ceph: stderr
2024-06-04T04:45:42.090+0000 7f76717fa700 1 -- 172.21.15.70:0/1741323205 <== mon.0 v2:172.21.15.70:3300/0 4 ==== mgrmap(e 4) ==== 50211+0+0 (secure 0 0 0) 0x7f765c022020 con 0x7f76741098e0
2024-06-04T04:45:43.061 INFO:teuthology.orchestra.run.smithi070.stdout:/usr/bin/ceph: stderr
2024-06-04T04:45:42.090+0000 7f76717fa700 1 --2- 172.21.15.70:0/1741323205 >> [v2:172.21.15.70:6800/2087909610,v1:172.21.15.70:6801/2087909610] conn(0x7f766003e420 0x7f76600408e0 unknown :-1 s=NONE pgs=0 cs=0 l=1 rev1=0 crypto rx=0 tx=0 comp rx=0 tx=0).connect
2024-06-04T04:45:43.061 INFO:teuthology.orchestra.run.smithi070.stdout:/usr/bin/ceph: stderr
2024-06-04T04:45:42.090+0000 7f76717fa700 1 -- 172.21.15.70:0/1741323205 <== mon.0 v2:172.21.15.70:3300/0 5 ==== osd_map(1..1 src has 1..1) ==== 725+0+0 (secure 0 0 0) 0x7f765c053950 con 0x7f76741098e0
2024-06-04T04:45:43.061 INFO:teuthology.orchestra.run.smithi070.stdout:/usr/bin/ceph: stderr
2024-06-04T04:45:42.090+0000 7f76737fe700 1 --2- 172.21.15.70:0/1741323205 >> [v2:172.21.15.70:6800/2087909610,v1:172.21.15.70:6801/2087909610] conn(0x7f766003e420 0x7f76600408e0 unknown :-1 s=BANNER_CONNECTING pgs=0 cs=0 l=1 rev1=0 crypto rx=0 tx=0 comp rx=0 tx=0)._handle_peer_banner_payload supported=3 required=0
2024-06-04T04:45:43.061 INFO:teuthology.orchestra.run.smithi070.stdout:/usr/bin/ceph: stderr
2024-06-04T04:45:42.090+0000 7f76737fe700 1 --2- 172.21.15.70:0/1741323205 >> [v2:172.21.15.70:6800/2087909610,v1:172.21.15.70:6801/2087909610] conn(0x7f766003e420 0x7f76600408e0 secure :-1 s=READY pgs=8 cs=0 l=1 rev1=1 crypto rx=0x7f7664006fd0 tx=0x7f7664006e40 comp rx=0 tx=0).ready entity=mgr.14100 client_cookie=0 server_cookie=0 in_seq=0 out_seq=0
2024-06-04T04:45:43.062 INFO:teuthology.orchestra.run.smithi070.stdout:/usr/bin/ceph: stderr
2024-06-04T04:45:42.095+0000 7f76717fa700 1 -- 172.21.15.70:0/1741323205 <== mon.0 v2:172.21.15.70:3300/0 6 ==== mon_command_ack([{"prefix": "get_command_descriptions"}]=0 v0) ==== 72+0+191963 (secure 0 0 0) 0x7f765c0536b0 con 0x7f76741098e0
2024-06-04T04:45:43.062 INFO:teuthology.orchestra.run.smithi070.stdout:/usr/bin/ceph: stderr
2024-06-04T04:45:42.352+0000 7f767aa22700 1 -- 172.21.15.70:0/1741323205 --> [v2:172.21.15.70:3300/0,v1:172.21.15.70:6789/0] -- mon_command({"prefix": "mgr module enable", "module": "cephadm"} v 0) -- 0x7f76741a07c0 con 0x7f76741098e0
2024-06-04T04:45:43.062 INFO:teuthology.orchestra.run.smithi070.stdout:/usr/bin/ceph: stderr
2024-06-04T04:45:42.404+0000 7f76717fa700 1 -- 172.21.15.70:0/1741323205 <== mon.0 v2:172.21.15.70:3300/0 7 ==== mon_command_ack([{"prefix": "mgr module enable", "module": "cephadm"}]=0 v5) ==== 86+0+0 (secure 0 0 0) 0x7f765c021d80 con 0x7f76741098e0
2024-06-04T04:45:43.062 INFO:teuthology.orchestra.run.smithi070.stdout:/usr/bin/ceph: stderr
2024-06-04T04:45:42.405+0000 7f76717fa700 1 -- 172.21.15.70:0/1741323205 <== mon.0 v2:172.21.15.70:3300/0 8 ==== mgrmap(e 5) ==== 50222+0+0 (secure 0 0 0) 0x7f765c018350 con 0x7f76741098e0
2024-06-04T04:45:43.062 INFO:teuthology.orchestra.run.smithi070.stdout:/usr/bin/ceph: stderr
2024-06-04T04:45:42.407+0000 7f767aa22700 1 -- 172.21.15.70:0/1741323205 >> [v2:172.21.15.70:6800/2087909610,v1:172.21.15.70:6801/2087909610] conn(0x7f766003e420 msgr2=0x7f76600408e0 secure :-1 s=STATE_CONNECTION_ESTABLISHED l=1).mark_down
2024-06-04T04:45:43.062 INFO:teuthology.orchestra.run.smithi070.stdout:/usr/bin/ceph: stderr
2024-06-04T04:45:42.407+0000 7f767aa22700 1 --2- 172.21.15.70:0/1741323205 >> [v2:172.21.15.70:6800/2087909610,v1:172.21.15.70:6801/2087909610] conn(0x7f766003e420 0x7f76600408e0 secure :-1 s=READY pgs=8 cs=0 l=1 rev1=1 crypto rx=0x7f7664006fd0 tx=0x7f7664006e40 comp rx=0 tx=0).stop
2024-06-04T04:45:43.062 INFO:teuthology.orchestra.run.smithi070.stdout:/usr/bin/ceph: stderr
2024-06-04T04:45:42.407+0000 7f767aa22700 1 -- 172.21.15.70:0/1741323205 >> [v2:172.21.15.70:3300/0,v1:172.21.15.70:6789/0] conn(0x7f76741098e0 msgr2=0x7f767419cce0 secure :-1 s=STATE_CONNECTION_ESTABLISHED l=1).mark_down
2024-06-04T04:45:43.062 INFO:teuthology.orchestra.run.smithi070.stdout:/usr/bin/ceph: stderr
2024-06-04T04:45:42.407+0000 7f767aa22700 1 --2- 172.21.15.70:0/1741323205 >> [v2:172.21.15.70:3300/0,v1:172.21.15.70:6789/0] conn(0x7f76741098e0 0x7f767419cce0 secure :-1 s=READY pgs=23 cs=0 l=1 rev1=1 crypto rx=0x7f765c0116a0 tx=0x7f765c0046a0 comp rx=0 tx=0).stop
2024-06-04T04:45:43.062 INFO:teuthology.orchestra.run.smithi070.stdout:/usr/bin/ceph: stderr
2024-06-04T04:45:42.407+0000 7f767aa22700 1 -- 172.21.15.70:0/1741323205 shutdown_connections
2024-06-04T04:45:43.062 INFO:teuthology.orchestra.run.smithi070.stdout:/usr/bin/ceph: stderr
2024-06-04T04:45:42.407+0000 7f767aa22700 1 --2- 172.21.15.70:0/1741323205 >> [v2:172.21.15.70:6800/2087909610,v1:172.21.15.70:6801/2087909610] conn(0x7f766003e420 0x7f76600408e0 unknown :-1 s=CLOSED pgs=8 cs=0 l=1 rev1=1 crypto rx=0 tx=0 comp rx=0 tx=0).stop
2024-06-04T04:45:43.062 INFO:teuthology.orchestra.run.smithi070.stdout:/usr/bin/ceph: stderr
2024-06-04T04:45:42.407+0000 7f767aa22700 1 --2- 172.21.15.70:0/1741323205 >> [v2:172.21.15.70:3300/0,v1:172.21.15.70:6789/0] conn(0x7f76741098e0 0x7f767419cce0 unknown :-1 s=CLOSED pgs=23 cs=0 l=1 rev1=1 crypto rx=0 tx=0 comp rx=0 tx=0).stop
2024-06-04T04:45:43.063 INFO:teuthology.orchestra.run.smithi070.stdout:/usr/bin/ceph: stderr
2024-06-04T04:45:42.407+0000 7f767aa22700 1 -- 172.21.15.70:0/1741323205 >> 172.21.15.70:0/1741323205 conn(0x7f7674103330 msgr2=0x7f7674103e40 unknown :-1 s=STATE_NONE l=0).mark_down
2024-06-04T04:45:43.063 INFO:teuthology.orchestra.run.smithi070.stdout:/usr/bin/ceph: stderr
2024-06-04T04:45:42.407+0000 7f767aa22700 1 -- 172.21.15.70:0/1741323205 shutdown_connections
2024-06-04T04:45:43.063 INFO:teuthology.orchestra.run.smithi070.stdout:/usr/bin/ceph: stderr
2024-06-04T04:45:42.407+0000 7f767aa22700 1 -- 172.21.15.70:0/1741323205 wait complete.
2024-06-04T04:45:43.327 INFO:journalctl@ceph.mgr.x.smithi070.stdout:Jun 04 04:45:43 smithi070 ceph-164dbaba-222d-11ef-bc9b-c7b262605968-mgr-x[32859]:
2024-06-04T04:45:43.190+0000 7ff1be2e8200 -1 mgr[py] Module progress has missing NOTIFY_TYPES member
2024-06-04T04:45:43.327 INFO:journalctl@ceph.mgr.x.smithi070.stdout:Jun 04 04:45:43 smithi070 ceph-164dbaba-222d-11ef-bc9b-c7b262605968-mgr-x[32859]:
2024-06-04T04:45:43.279+0000 7ff1be2e8200 -1 mgr[py] Module influx has missing NOTIFY_TYPES member
2024-06-04T04:45:43.609 INFO:journalctl@ceph.mon.a.smithi070.stdout:Jun 04 04:45:43 smithi070 ceph-mon[32631]: from='client.? 172.21.15.70:0/1741323205' entity='client.admin' cmd='[{"prefix": "mgr module enable", "module": "cephadm"}]': finished
2024-06-04T04:45:43.609 INFO:journalctl@ceph.mon.a.smithi070.stdout:Jun 04 04:45:43 smithi070 ceph-mon[32631]: mgrmap e5: x(active, since 5s)
2024-06-04T04:45:44.313 INFO:teuthology.orchestra.run.smithi070.stdout:/usr/bin/ceph: stdout {
2024-06-04T04:45:44.313 INFO:teuthology.orchestra.run.smithi070.stdout:/usr/bin/ceph: stdout "epoch": 5,
2024-06-04T04:45:44.313 INFO:teuthology.orchestra.run.smithi070.stdout:/usr/bin/ceph: stdout "available": true,
2024-06-04T04:45:44.313 INFO:teuthology.orchestra.run.smithi070.stdout:/usr/bin/ceph: stdout "active_name": "x",
2024-06-04T04:45:44.313 INFO:teuthology.orchestra.run.smithi070.stdout:/usr/bin/ceph: stdout "num_standby": 0
2024-06-04T04:45:44.313 INFO:teuthology.orchestra.run.smithi070.stdout:/usr/bin/ceph: stdout }
2024-06-04T04:45:44.313 INFO:teuthology.orchestra.run.smithi070.stdout:/usr/bin/ceph: stderr
2024-06-04T04:45:43.423+0000 7fd6dec51700 1 Processor -- start
2024-06-04T04:45:44.313 INFO:teuthology.orchestra.run.smithi070.stdout:/usr/bin/ceph: stderr
2024-06-04T04:45:43.423+0000 7fd6dec51700 1 -- start start
2024-06-04T04:45:44.314 INFO:teuthology.orchestra.run.smithi070.stdout:/usr/bin/ceph: stderr
2024-06-04T04:45:43.423+0000 7fd6dec51700 1 --2- >> [v2:172.21.15.70:3300/0,v1:172.21.15.70:6789/0] conn(0x7fd6d8109340 0x7fd6d8109760 unknown :-1 s=NONE pgs=0 cs=0 l=0 rev1=0 crypto rx=0 tx=0 comp rx=0 tx=0).connect
2024-06-04T04:45:44.314 INFO:teuthology.orchestra.run.smithi070.stdout:/usr/bin/ceph: stderr
2024-06-04T04:45:43.423+0000 7fd6dec51700 1 -- --> [v2:172.21.15.70:3300/0,v1:172.21.15.70:6789/0] -- mon_getmap magic: 0 -- 0x7fd6d8109d30 con 0x7fd6d8109340
2024-06-04T04:45:44.314 INFO:teuthology.orchestra.run.smithi070.stdout:/usr/bin/ceph: stderr
2024-06-04T04:45:43.423+0000 7fd6dc9ed700 1 --2- >> [v2:172.21.15.70:3300/0,v1:172.21.15.70:6789/0] conn(0x7fd6d8109340 0x7fd6d8109760 unknown :-1 s=BANNER_CONNECTING pgs=0 cs=0 l=0 rev1=0 crypto rx=0 tx=0 comp rx=0 tx=0)._handle_peer_banner_payload supported=3 required=0
2024-06-04T04:45:44.314 INFO:teuthology.orchestra.run.smithi070.stdout:/usr/bin/ceph: stderr
2024-06-04T04:45:43.423+0000 7fd6dc9ed700 1 --2- >> [v2:172.21.15.70:3300/0,v1:172.21.15.70:6789/0] conn(0x7fd6d8109340 0x7fd6d8109760 unknown :-1 s=HELLO_CONNECTING pgs=0 cs=0 l=0 rev1=1 crypto rx=0 tx=0 comp rx=0 tx=0).handle_hello peer v2:172.21.15.70:3300/0 says I am v2:172.21.15.70:37992/0 (socket says 172.21.15.70:37992)
2024-06-04T04:45:44.314 INFO:teuthology.orchestra.run.smithi070.stdout:/usr/bin/ceph: stderr
2024-06-04T04:45:43.423+0000 7fd6dc9ed700 1 -- 172.21.15.70:0/1153972677 learned_addr learned my addr 172.21.15.70:0/1153972677 (peer_addr_for_me v2:172.21.15.70:0/0)
2024-06-04T04:45:44.314 INFO:teuthology.orchestra.run.smithi070.stdout:/usr/bin/ceph: stderr
2024-06-04T04:45:43.424+0000 7fd6dc9ed700 1 -- 172.21.15.70:0/1153972677 --> [v2:172.21.15.70:3300/0,v1:172.21.15.70:6789/0] -- mon_subscribe({config=0+,monmap=0+}) -- 0x7fd6d8107f50 con 0x7fd6d8109340
2024-06-04T04:45:44.314 INFO:teuthology.orchestra.run.smithi070.stdout:/usr/bin/ceph: stderr
2024-06-04T04:45:43.424+0000 7fd6dc9ed700 1 --2- 172.21.15.70:0/1153972677 >> [v2:172.21.15.70:3300/0,v1:172.21.15.70:6789/0] conn(0x7fd6d8109340 0x7fd6d8109760 secure :-1 s=READY pgs=26 cs=0 l=1 rev1=1 crypto rx=0x7fd6cc0098a0 tx=0x7fd6cc009bb0 comp rx=0 tx=0).ready entity=mon.0 client_cookie=568bb091ffbd1f93 server_cookie=0 in_seq=0 out_seq=0
2024-06-04T04:45:44.314 INFO:teuthology.orchestra.run.smithi070.stdout:/usr/bin/ceph: stderr
2024-06-04T04:45:43.424+0000 7fd6d77fe700 1 -- 172.21.15.70:0/1153972677 <== mon.0 v2:172.21.15.70:3300/0 1 ==== mon_map magic: 0 ==== 205+0+0 (secure 0 0 0) 0x7fd6cc004160 con 0x7fd6d8109340
2024-06-04T04:45:44.314 INFO:teuthology.orchestra.run.smithi070.stdout:/usr/bin/ceph: stderr
2024-06-04T04:45:43.424+0000 7fd6d77fe700 1 -- 172.21.15.70:0/1153972677 <== mon.0 v2:172.21.15.70:3300/0 2 ==== config(25 keys) ==== 1032+0+0 (secure 0 0 0) 0x7fd6cc004300 con 0x7fd6d8109340
2024-06-04T04:45:44.314 INFO:teuthology.orchestra.run.smithi070.stdout:/usr/bin/ceph: stderr
2024-06-04T04:45:43.424+0000 7fd6d77fe700 1 -- 172.21.15.70:0/1153972677 <== mon.0 v2:172.21.15.70:3300/0 3 ==== mon_map magic: 0 ==== 205+0+0 (secure 0 0 0) 0x7fd6cc0119e0 con 0x7fd6d8109340
2024-06-04T04:45:44.314 INFO:teuthology.orchestra.run.smithi070.stdout:/usr/bin/ceph: stderr
2024-06-04T04:45:43.425+0000 7fd6dec51700 1 -- 172.21.15.70:0/1153972677 >> [v2:172.21.15.70:3300/0,v1:172.21.15.70:6789/0] conn(0x7fd6d8109340 msgr2=0x7fd6d8109760 secure :-1 s=STATE_CONNECTION_ESTABLISHED l=1).mark_down
2024-06-04T04:45:44.314 INFO:teuthology.orchestra.run.smithi070.stdout:/usr/bin/ceph: stderr
2024-06-04T04:45:43.425+0000 7fd6dec51700 1 --2- 172.21.15.70:0/1153972677 >> [v2:172.21.15.70:3300/0,v1:172.21.15.70:6789/0] conn(0x7fd6d8109340 0x7fd6d8109760 secure :-1 s=READY pgs=26 cs=0 l=1 rev1=1 crypto rx=0x7fd6cc0098a0 tx=0x7fd6cc009bb0 comp rx=0 tx=0).stop
2024-06-04T04:45:44.315 INFO:teuthology.orchestra.run.smithi070.stdout:/usr/bin/ceph: stderr
2024-06-04T04:45:43.425+0000 7fd6dec51700 1 -- 172.21.15.70:0/1153972677 shutdown_connections
2024-06-04T04:45:44.315 INFO:teuthology.orchestra.run.smithi070.stdout:/usr/bin/ceph: stderr
2024-06-04T04:45:43.425+0000 7fd6dec51700 1 --2- 172.21.15.70:0/1153972677 >> [v2:172.21.15.70:3300/0,v1:172.21.15.70:6789/0] conn(0x7fd6d8109340 0x7fd6d8109760 unknown :-1 s=CLOSED pgs=26 cs=0 l=1 rev1=1 crypto rx=0 tx=0 comp rx=0 tx=0).stop
2024-06-04T04:45:44.315 INFO:teuthology.orchestra.run.smithi070.stdout:/usr/bin/ceph: stderr
2024-06-04T04:45:43.425+0000 7fd6dec51700 1 -- 172.21.15.70:0/1153972677 >> 172.21.15.70:0/1153972677 conn(0x7fd6d8102ae0 msgr2=0x7fd6d8104f00 unknown :-1 s=STATE_NONE l=0).mark_down
2024-06-04T04:45:44.315 INFO:teuthology.orchestra.run.smithi070.stdout:/usr/bin/ceph: stderr
2024-06-04T04:45:43.425+0000 7fd6dec51700 1 -- 172.21.15.70:0/1153972677 shutdown_connections
2024-06-04T04:45:44.315 INFO:teuthology.orchestra.run.smithi070.stdout:/usr/bin/ceph: stderr
2024-06-04T04:45:43.425+0000 7fd6dec51700 1 -- 172.21.15.70:0/1153972677 wait complete.
2024-06-04T04:45:44.315 INFO:teuthology.orchestra.run.smithi070.stdout:/usr/bin/ceph: stderr
2024-06-04T04:45:43.425+0000 7fd6dec51700 1 Processor -- start
2024-06-04T04:45:44.315 INFO:teuthology.orchestra.run.smithi070.stdout:/usr/bin/ceph: stderr
2024-06-04T04:45:43.425+0000 7fd6dec51700 1 -- start start
2024-06-04T04:45:44.315 INFO:teuthology.orchestra.run.smithi070.stdout:/usr/bin/ceph: stderr
2024-06-04T04:45:43.426+0000 7fd6dec51700 1 --2- >> [v2:172.21.15.70:3300/0,v1:172.21.15.70:6789/0] conn(0x7fd6d8109340 0x7fd6d8107920 unknown :-1 s=NONE pgs=0 cs=0 l=1 rev1=0 crypto rx=0 tx=0 comp rx=0 tx=0).connect
2024-06-04T04:45:44.315 INFO:teuthology.orchestra.run.smithi070.stdout:/usr/bin/ceph: stderr
2024-06-04T04:45:43.426+0000 7fd6dec51700 1 -- --> [v2:172.21.15.70:3300/0,v1:172.21.15.70:6789/0] -- mon_getmap magic: 0 -- 0x7fd6d810c190 con 0x7fd6d8109340
2024-06-04T04:45:44.315 INFO:teuthology.orchestra.run.smithi070.stdout:/usr/bin/ceph: stderr
2024-06-04T04:45:43.426+0000 7fd6dc9ed700 1 --2- >> [v2:172.21.15.70:3300/0,v1:172.21.15.70:6789/0] conn(0x7fd6d8109340 0x7fd6d8107920 unknown :-1 s=BANNER_CONNECTING pgs=0 cs=0 l=1 rev1=0 crypto rx=0 tx=0 comp rx=0 tx=0)._handle_peer_banner_payload supported=3 required=0
2024-06-04T04:45:44.315 INFO:teuthology.orchestra.run.smithi070.stdout:/usr/bin/ceph: stderr
2024-06-04T04:45:43.426+0000 7fd6dc9ed700 1 --2- >> [v2:172.21.15.70:3300/0,v1:172.21.15.70:6789/0] conn(0x7fd6d8109340 0x7fd6d8107920 unknown :-1 s=HELLO_CONNECTING pgs=0 cs=0 l=1 rev1=1 crypto rx=0 tx=0 comp rx=0 tx=0).handle_hello peer v2:172.21.15.70:3300/0 says I am v2:172.21.15.70:38008/0 (socket says 172.21.15.70:38008)
2024-06-04T04:45:44.315 INFO:teuthology.orchestra.run.smithi070.stdout:/usr/bin/ceph: stderr
2024-06-04T04:45:43.426+0000 7fd6dc9ed700 1 -- 172.21.15.70:0/4075149519 learned_addr learned my addr 172.21.15.70:0/4075149519 (peer_addr_for_me v2:172.21.15.70:0/0)
2024-06-04T04:45:44.315 INFO:teuthology.orchestra.run.smithi070.stdout:/usr/bin/ceph: stderr
2024-06-04T04:45:43.426+0000 7fd6dc9ed700 1 -- 172.21.15.70:0/4075149519 --> [v2:172.21.15.70:3300/0,v1:172.21.15.70:6789/0] -- mon_subscribe({config=0+,monmap=0+}) -- 0x7fd6d819fd90 con 0x7fd6d8109340
2024-06-04T04:45:44.315 INFO:teuthology.orchestra.run.smithi070.stdout:/usr/bin/ceph: stderr
2024-06-04T04:45:43.426+0000 7fd6dc9ed700 1 --2- 172.21.15.70:0/4075149519 >> [v2:172.21.15.70:3300/0,v1:172.21.15.70:6789/0] conn(0x7fd6d8109340 0x7fd6d8107920 secure :-1 s=READY pgs=27 cs=0 l=1 rev1=1 crypto rx=0x7fd6cc006b20 tx=0x7fd6cc011a60 comp rx=0 tx=0).ready entity=mon.0 client_cookie=0 server_cookie=0 in_seq=0 out_seq=0
2024-06-04T04:45:44.315 INFO:teuthology.orchestra.run.smithi070.stdout:/usr/bin/ceph: stderr
2024-06-04T04:45:43.426+0000 7fd6d5ffb700 1 -- 172.21.15.70:0/4075149519 <== mon.0 v2:172.21.15.70:3300/0 1 ==== mon_map magic: 0 ==== 205+0+0 (secure 0 0 0) 0x7fd6cc003a60 con 0x7fd6d8109340
2024-06-04T04:45:44.316 INFO:teuthology.orchestra.run.smithi070.stdout:/usr/bin/ceph: stderr
2024-06-04T04:45:43.426+0000 7fd6d5ffb700 1 -- 172.21.15.70:0/4075149519 <== mon.0 v2:172.21.15.70:3300/0 2 ==== config(25 keys) ==== 1032+0+0 (secure 0 0 0) 0x7fd6cc003c00 con 0x7fd6d8109340
2024-06-04T04:45:44.316 INFO:teuthology.orchestra.run.smithi070.stdout:/usr/bin/ceph: stderr
2024-06-04T04:45:43.426+0000 7fd6dec51700 1 -- 172.21.15.70:0/4075149519 --> [v2:172.21.15.70:3300/0,v1:172.21.15.70:6789/0] -- mon_subscribe({mgrmap=0+}) -- 0x7fd6d819ff60 con 0x7fd6d8109340
2024-06-04T04:45:44.316 INFO:teuthology.orchestra.run.smithi070.stdout:/usr/bin/ceph: stderr
2024-06-04T04:45:43.426+0000 7fd6d5ffb700 1 -- 172.21.15.70:0/4075149519 <== mon.0 v2:172.21.15.70:3300/0 3 ==== mon_map magic: 0 ==== 205+0+0 (secure 0 0 0) 0x7fd6cc024780 con 0x7fd6d8109340
2024-06-04T04:45:44.316 INFO:teuthology.orchestra.run.smithi070.stdout:/usr/bin/ceph: stderr
2024-06-04T04:45:43.427+0000 7fd6dec51700 1 -- 172.21.15.70:0/4075149519 --> [v2:172.21.15.70:3300/0,v1:172.21.15.70:6789/0] -- mon_subscribe({osdmap=0}) -- 0x7fd6d81a0380 con 0x7fd6d8109340
2024-06-04T04:45:44.316 INFO:teuthology.orchestra.run.smithi070.stdout:/usr/bin/ceph: stderr
2024-06-04T04:45:43.427+0000 7fd6dec51700 1 -- 172.21.15.70:0/4075149519 --> [v2:172.21.15.70:3300/0,v1:172.21.15.70:6789/0] -- mon_command({"prefix": "get_command_descriptions"} v 0) -- 0x7fd6d8064ba0 con 0x7fd6d8109340
2024-06-04T04:45:44.316 INFO:teuthology.orchestra.run.smithi070.stdout:/usr/bin/ceph: stderr
2024-06-04T04:45:43.427+0000 7fd6d5ffb700 1 -- 172.21.15.70:0/4075149519 <== mon.0 v2:172.21.15.70:3300/0 4 ==== mgrmap(e 5) ==== 50222+0+0 (secure 0 0 0) 0x7fd6cc022020 con 0x7fd6d8109340
2024-06-04T04:45:44.316 INFO:teuthology.orchestra.run.smithi070.stdout:/usr/bin/ceph: stderr
2024-06-04T04:45:43.428+0000 7fd6d5ffb700 1 --2- 172.21.15.70:0/4075149519 >> [v2:172.21.15.70:6800/2087909610,v1:172.21.15.70:6801/2087909610] conn(0x7fd6c803e470 0x7fd6c8040930 unknown :-1 s=NONE pgs=0 cs=0 l=1 rev1=0 crypto rx=0 tx=0 comp rx=0 tx=0).connect
2024-06-04T04:45:44.316 INFO:teuthology.orchestra.run.smithi070.stdout:/usr/bin/ceph: stderr
2024-06-04T04:45:43.428+0000 7fd6d5ffb700 1 -- 172.21.15.70:0/4075149519 <== mon.0 v2:172.21.15.70:3300/0 5 ==== osd_map(1..1 src has 1..1) ==== 725+0+0 (secure 0 0 0) 0x7fd6cc053790 con 0x7fd6d8109340
2024-06-04T04:45:44.316 INFO:teuthology.orchestra.run.smithi070.stdout:/usr/bin/ceph: stderr
2024-06-04T04:45:43.428+0000 7fd6d7fff700 1 -- 172.21.15.70:0/4075149519 >> [v2:172.21.15.70:6800/2087909610,v1:172.21.15.70:6801/2087909610] conn(0x7fd6c803e470 msgr2=0x7fd6c8040930 unknown :-1 s=STATE_CONNECTING_RE l=1).process reconnect failed to v2:172.21.15.70:6800/2087909610
2024-06-04T04:45:44.316 INFO:teuthology.orchestra.run.smithi070.stdout:/usr/bin/ceph: stderr
2024-06-04T04:45:43.428+0000 7fd6d7fff700 1 --2- 172.21.15.70:0/4075149519 >> [v2:172.21.15.70:6800/2087909610,v1:172.21.15.70:6801/2087909610] conn(0x7fd6c803e470 0x7fd6c8040930 unknown :-1 s=START_CONNECT pgs=0 cs=0 l=1 rev1=0 crypto rx=0 tx=0 comp rx=0 tx=0)._fault waiting 0.200000
2024-06-04T04:45:44.316 INFO:teuthology.orchestra.run.smithi070.stdout:/usr/bin/ceph: stderr
2024-06-04T04:45:43.433+0000 7fd6d5ffb700 1 -- 172.21.15.70:0/4075149519 <== mon.0 v2:172.21.15.70:3300/0 6 ==== mon_command_ack([{"prefix": "get_command_descriptions"}]=0 v0) ==== 72+0+191963 (secure 0 0 0) 0x7fd6cc00e260 con 0x7fd6d8109340
2024-06-04T04:45:44.316 INFO:teuthology.orchestra.run.smithi070.stdout:/usr/bin/ceph: stderr
2024-06-04T04:45:43.629+0000 7fd6d7fff700 1 -- 172.21.15.70:0/4075149519 >> [v2:172.21.15.70:6800/2087909610,v1:172.21.15.70:6801/2087909610] conn(0x7fd6c803e470 msgr2=0x7fd6c8040930 unknown :-1 s=STATE_CONNECTING_RE l=1).process reconnect failed to v2:172.21.15.70:6800/2087909610
2024-06-04T04:45:44.316 INFO:teuthology.orchestra.run.smithi070.stdout:/usr/bin/ceph: stderr
2024-06-04T04:45:43.629+0000 7fd6d7fff700 1 --2- 172.21.15.70:0/4075149519 >> [v2:172.21.15.70:6800/2087909610,v1:172.21.15.70:6801/2087909610] conn(0x7fd6c803e470 0x7fd6c8040930 unknown :-1 s=START_CONNECT pgs=0 cs=0 l=1 rev1=0 crypto rx=0 tx=0 comp rx=0 tx=0)._fault waiting 0.400000
2024-06-04T04:45:44.316 INFO:teuthology.orchestra.run.smithi070.stdout:/usr/bin/ceph: stderr
2024-06-04T04:45:43.730+0000 7fd6dec51700 1 -- 172.21.15.70:0/4075149519 --> [v2:172.21.15.70:3300/0,v1:172.21.15.70:6789/0] -- mon_command({"prefix": "mgr stat"} v 0) -- 0x7fd6d802e560 con 0x7fd6d8109340
2024-06-04T04:45:44.317 INFO:teuthology.orchestra.run.smithi070.stdout:/usr/bin/ceph: stderr
2024-06-04T04:45:43.731+0000 7fd6d5ffb700 1 -- 172.21.15.70:0/4075149519 <== mon.0 v2:172.21.15.70:3300/0 7 ==== mon_command_ack([{"prefix": "mgr stat"}]=0 v5) ==== 56+0+88 (secure 0 0 0) 0x7fd6cc053470 con 0x7fd6d8109340
2024-06-04T04:45:44.317 INFO:teuthology.orchestra.run.smithi070.stdout:/usr/bin/ceph: stderr
2024-06-04T04:45:43.733+0000 7fd6dec51700 1 -- 172.21.15.70:0/4075149519 >> [v2:172.21.15.70:6800/2087909610,v1:172.21.15.70:6801/2087909610] conn(0x7fd6c803e470 msgr2=0x7fd6c8040930 unknown :-1 s=STATE_CONNECTING l=1).mark_down
2024-06-04T04:45:44.317 INFO:teuthology.orchestra.run.smithi070.stdout:/usr/bin/ceph: stderr
2024-06-04T04:45:43.733+0000 7fd6dec51700 1 --2- 172.21.15.70:0/4075149519 >> [v2:172.21.15.70:6800/2087909610,v1:172.21.15.70:6801/2087909610] conn(0x7fd6c803e470 0x7fd6c8040930 unknown :-1 s=START_CONNECT pgs=0 cs=0 l=1 rev1=0 crypto rx=0 tx=0 comp rx=0 tx=0).stop
2024-06-04T04:45:44.317 INFO:teuthology.orchestra.run.smithi070.stdout:/usr/bin/ceph: stderr
2024-06-04T04:45:43.733+0000 7fd6dec51700 1 -- 172.21.15.70:0/4075149519 >> [v2:172.21.15.70:3300/0,v1:172.21.15.70:6789/0] conn(0x7fd6d8109340 msgr2=0x7fd6d8107920 secure :-1 s=STATE_CONNECTION_ESTABLISHED l=1).mark_down
2024-06-04T04:45:44.317 INFO:teuthology.orchestra.run.smithi070.stdout:/usr/bin/ceph: stderr
2024-06-04T04:45:43.733+0000 7fd6dec51700 1 --2- 172.21.15.70:0/4075149519 >> [v2:172.21.15.70:3300/0,v1:172.21.15.70:6789/0] conn(0x7fd6d8109340 0x7fd6d8107920 secure :-1 s=READY pgs=27 cs=0 l=1 rev1=1 crypto rx=0x7fd6cc006b20 tx=0x7fd6cc011a60 comp rx=0 tx=0).stop
2024-06-04T04:45:44.317 INFO:teuthology.orchestra.run.smithi070.stdout:/usr/bin/ceph: stderr
2024-06-04T04:45:43.733+0000 7fd6dec51700 1 -- 172.21.15.70:0/4075149519 shutdown_connections
2024-06-04T04:45:44.317 INFO:teuthology.orchestra.run.smithi070.stdout:/usr/bin/ceph: stderr
2024-06-04T04:45:43.733+0000 7fd6dec51700 1 --2- 172.21.15.70:0/4075149519 >> [v2:172.21.15.70:6800/2087909610,v1:172.21.15.70:6801/2087909610] conn(0x7fd6c803e470 0x7fd6c8040930 unknown :-1 s=CLOSED pgs=0 cs=0 l=1 rev1=0 crypto rx=0 tx=0 comp rx=0 tx=0).stop
2024-06-04T04:45:44.317 INFO:teuthology.orchestra.run.smithi070.stdout:/usr/bin/ceph: stderr
2024-06-04T04:45:43.733+0000 7fd6dec51700 1 --2- 172.21.15.70:0/4075149519 >> [v2:172.21.15.70:3300/0,v1:172.21.15.70:6789/0] conn(0x7fd6d8109340 0x7fd6d8107920 unknown :-1 s=CLOSED pgs=27 cs=0 l=1 rev1=1 crypto rx=0 tx=0 comp rx=0 tx=0).stop
2024-06-04T04:45:44.317 INFO:teuthology.orchestra.run.smithi070.stdout:/usr/bin/ceph: stderr
2024-06-04T04:45:43.733+0000 7fd6dec51700 1 -- 172.21.15.70:0/4075149519 >> 172.21.15.70:0/4075149519 conn(0x7fd6d8102ae0 msgr2=0x7fd6d8103850 unknown :-1 s=STATE_NONE l=0).mark_down
2024-06-04T04:45:44.317 INFO:teuthology.orchestra.run.smithi070.stdout:/usr/bin/ceph: stderr
2024-06-04T04:45:43.733+0000 7fd6dec51700 1 -- 172.21.15.70:0/4075149519 shutdown_connections
2024-06-04T04:45:44.317 INFO:teuthology.orchestra.run.smithi070.stdout:/usr/bin/ceph: stderr
2024-06-04T04:45:43.734+0000 7fd6dec51700 1 -- 172.21.15.70:0/4075149519 wait complete.
