2024-05-25T06:01:56.441+0000 7f791d5fd700 1 -- --> [v2:172.21.15.160:3300/0,v1:172.21.15.160:6789/0] -- mon_getmap magic: 0 v1 -- 0x7f79181142d0 con 0x7f7918101730
2024-05-25T06:01:57.338 INFO:teuthology.orchestra.run.smithi160.stdout:/usr/bin/ceph: stderr
2024-05-25T06:01:56.441+0000 7f7916ffd700 1 --2- >> [v2:172.21.15.160:3300/0,v1:172.21.15.160:6789/0] conn(0x7f7918101730 0x7f7918076b20 unknown :-1 s=BANNER_CONNECTING pgs=0 cs=0 l=1 rev1=0 crypto rx=0 tx=0 comp rx=0 tx=0)._handle_peer_banner_payload supported=3 required=0
2024-05-25T06:01:57.338 INFO:teuthology.orchestra.run.smithi160.stdout:/usr/bin/ceph: stderr
2024-05-25T06:01:56.441+0000 7f7916ffd700 1 --2- >> [v2:172.21.15.160:3300/0,v1:172.21.15.160:6789/0] conn(0x7f7918101730 0x7f7918076b20 unknown :-1 s=HELLO_CONNECTING pgs=0 cs=0 l=1 rev1=1 crypto rx=0 tx=0 comp rx=0 tx=0).handle_hello peer v2:172.21.15.160:3300/0 says I am v2:172.21.15.160:42458/0 (socket says 172.21.15.160:42458)
2024-05-25T06:01:57.338 INFO:teuthology.orchestra.run.smithi160.stdout:/usr/bin/ceph: stderr
2024-05-25T06:01:56.441+0000 7f7916ffd700 1 -- 172.21.15.160:0/2546621567 learned_addr learned my addr 172.21.15.160:0/2546621567 (peer_addr_for_me v2:172.21.15.160:0/0)
2024-05-25T06:01:57.338 INFO:teuthology.orchestra.run.smithi160.stdout:/usr/bin/ceph: stderr
2024-05-25T06:01:56.441+0000 7f7916ffd700 1 -- 172.21.15.160:0/2546621567 --> [v2:172.21.15.160:3300/0,v1:172.21.15.160:6789/0] -- mon_subscribe({config=0+,monmap=0+}) v3 -- 0x7f79080094f0 con 0x7f7918101730
2024-05-25T06:01:57.338 INFO:teuthology.orchestra.run.smithi160.stdout:/usr/bin/ceph: stderr
2024-05-25T06:01:56.441+0000 7f7916ffd700 1 --2- 172.21.15.160:0/2546621567 >> [v2:172.21.15.160:3300/0,v1:172.21.15.160:6789/0] conn(0x7f7918101730 0x7f7918076b20 secure :-1 s=READY pgs=23 cs=0 l=1 rev1=1 crypto rx=0x7f790800b440 tx=0x7f7908009250 comp rx=0 tx=0).ready entity=mon.0 client_cookie=0 server_cookie=0 in_seq=0 out_seq=0
2024-05-25T06:01:57.338 INFO:teuthology.orchestra.run.smithi160.stdout:/usr/bin/ceph: stderr
2024-05-25T06:01:56.441+0000 7f790f7fe700 1 -- 172.21.15.160:0/2546621567 <== mon.0 v2:172.21.15.160:3300/0 1 ==== mon_map magic: 0 v1 ==== 229+0+0 (secure 0 0 0) 0x7f7908010760 con 0x7f7918101730
2024-05-25T06:01:57.338 INFO:teuthology.orchestra.run.smithi160.stdout:/usr/bin/ceph: stderr
2024-05-25T06:01:56.441+0000 7f790f7fe700 1 -- 172.21.15.160:0/2546621567 <== mon.0 v2:172.21.15.160:3300/0 2 ==== config(27 keys) v1 ==== 1044+0+0 (secure 0 0 0) 0x7f7908010d50 con 0x7f7918101730
2024-05-25T06:01:57.339 INFO:teuthology.orchestra.run.smithi160.stdout:/usr/bin/ceph: stderr
2024-05-25T06:01:56.441+0000 7f791d5fd700 1 -- 172.21.15.160:0/2546621567 --> [v2:172.21.15.160:3300/0,v1:172.21.15.160:6789/0] -- mon_subscribe({mgrmap=0+}) v3 -- 0x7f7918114410 con 0x7f7918101730
2024-05-25T06:01:57.339 INFO:teuthology.orchestra.run.smithi160.stdout:/usr/bin/ceph: stderr
2024-05-25T06:01:56.441+0000 7f790f7fe700 1 -- 172.21.15.160:0/2546621567 <== mon.0 v2:172.21.15.160:3300/0 3 ==== mon_map magic: 0 v1 ==== 229+0+0 (secure 0 0 0) 0x7f790801ae20 con 0x7f7918101730
2024-05-25T06:01:57.339 INFO:teuthology.orchestra.run.smithi160.stdout:/usr/bin/ceph: stderr
2024-05-25T06:01:56.441+0000 7f791d5fd700 1 -- 172.21.15.160:0/2546621567 --> [v2:172.21.15.160:3300/0,v1:172.21.15.160:6789/0] -- mon_subscribe({osdmap=0}) v3 -- 0x7f79181148a0 con 0x7f7918101730
2024-05-25T06:01:57.339 INFO:teuthology.orchestra.run.smithi160.stdout:/usr/bin/ceph: stderr
2024-05-25T06:01:56.442+0000 7f790f7fe700 1 -- 172.21.15.160:0/2546621567 <== mon.0 v2:172.21.15.160:3300/0 4 ==== mgrmap(e 4) v1 ==== 43365+0+0 (secure 0 0 0) 0x7f790802e440 con 0x7f7918101730
2024-05-25T06:01:57.339 INFO:teuthology.orchestra.run.smithi160.stdout:/usr/bin/ceph: stderr
2024-05-25T06:01:56.442+0000 7f791d5fd700 1 -- 172.21.15.160:0/2546621567 --> [v2:172.21.15.160:3300/0,v1:172.21.15.160:6789/0] -- mon_command({"prefix": "get_command_descriptions"} v 0) v1 -- 0x7f791804bed0 con 0x7f7918101730
2024-05-25T06:01:57.339 INFO:teuthology.orchestra.run.smithi160.stdout:/usr/bin/ceph: stderr
2024-05-25T06:01:56.442+0000 7f790f7fe700 1 --2- 172.21.15.160:0/2546621567 >> [v2:172.21.15.160:6800/4006145193,v1:172.21.15.160:6801/4006145193] conn(0x7f79040367e0 0x7f7904038c90 unknown :-1 s=NONE pgs=0 cs=0 l=1 rev1=0 crypto rx=0 tx=0 comp rx=0 tx=0).connect
2024-05-25T06:01:57.339 INFO:teuthology.orchestra.run.smithi160.stdout:/usr/bin/ceph: stderr
2024-05-25T06:01:56.442+0000 7f790f7fe700 1 -- 172.21.15.160:0/2546621567 <== mon.0 v2:172.21.15.160:3300/0 5 ==== osd_map(1..1 src has 1..1) v4 ==== 721+0+0 (secure 0 0 0) 0x7f790804a7d0 con 0x7f7918101730
2024-05-25T06:01:57.339 INFO:teuthology.orchestra.run.smithi160.stdout:/usr/bin/ceph: stderr
2024-05-25T06:01:56.443+0000 7f790ffff700 1 --2- 172.21.15.160:0/2546621567 >> [v2:172.21.15.160:6800/4006145193,v1:172.21.15.160:6801/4006145193] conn(0x7f79040367e0 0x7f7904038c90 unknown :-1 s=BANNER_CONNECTING pgs=0 cs=0 l=1 rev1=0 crypto rx=0 tx=0 comp rx=0 tx=0)._handle_peer_banner_payload supported=3 required=0
2024-05-25T06:01:57.339 INFO:teuthology.orchestra.run.smithi160.stdout:/usr/bin/ceph: stderr
2024-05-25T06:01:56.443+0000 7f790ffff700 1 --2- 172.21.15.160:0/2546621567 >> [v2:172.21.15.160:6800/4006145193,v1:172.21.15.160:6801/4006145193] conn(0x7f79040367e0 0x7f7904038c90 secure :-1 s=READY pgs=8 cs=0 l=1 rev1=1 crypto rx=0x7f7900009990 tx=0x7f7900006e40 comp rx=0 tx=0).ready entity=mgr.14100 client_cookie=0 server_cookie=0 in_seq=0 out_seq=0
2024-05-25T06:01:57.339 INFO:teuthology.orchestra.run.smithi160.stdout:/usr/bin/ceph: stderr
2024-05-25T06:01:56.447+0000 7f790f7fe700 1 -- 172.21.15.160:0/2546621567 <== mon.0 v2:172.21.15.160:3300/0 6 ==== mon_command_ack([{"prefix": "get_command_descriptions"}]=0 v0) v1 ==== 72+0+176702 (secure 0 0 0) 0x7f7908018940 con 0x7f7918101730
2024-05-25T06:01:57.339 INFO:teuthology.orchestra.run.smithi160.stdout:/usr/bin/ceph: stderr
2024-05-25T06:01:56.681+0000 7f791d5fd700 1 -- 172.21.15.160:0/2546621567 --> [v2:172.21.15.160:3300/0,v1:172.21.15.160:6789/0] -- mon_command({"prefix": "mgr module enable", "module": "cephadm"} v 0) v1 -- 0x7f7918103550 con 0x7f7918101730
2024-05-25T06:01:57.340 INFO:teuthology.orchestra.run.smithi160.stdout:/usr/bin/ceph: stderr
2024-05-25T06:01:56.734+0000 7f790f7fe700 1 -- 172.21.15.160:0/2546621567 <== mon.0 v2:172.21.15.160:3300/0 7 ==== mgrmap(e 5) v1 ==== 43376+0+0 (secure 0 0 0) 0x7f79080243f0 con 0x7f7918101730
2024-05-25T06:01:57.340 INFO:teuthology.orchestra.run.smithi160.stdout:/usr/bin/ceph: stderr
2024-05-25T06:01:56.735+0000 7f790f7fe700 1 -- 172.21.15.160:0/2546621567 <== mon.0 v2:172.21.15.160:3300/0 8 ==== mon_command_ack([{"prefix": "mgr module enable", "module": "cephadm"}]=0 v5) v1 ==== 86+0+0 (secure 0 0 0) 0x7f7908018530 con 0x7f7918101730
2024-05-25T06:01:57.340 INFO:teuthology.orchestra.run.smithi160.stdout:/usr/bin/ceph: stderr
2024-05-25T06:01:56.738+0000 7f791d5fd700 1 -- 172.21.15.160:0/2546621567 >> [v2:172.21.15.160:6800/4006145193,v1:172.21.15.160:6801/4006145193] conn(0x7f79040367e0 msgr2=0x7f7904038c90 secure :-1 s=STATE_CONNECTION_ESTABLISHED l=1).mark_down
2024-05-25T06:01:57.340 INFO:teuthology.orchestra.run.smithi160.stdout:/usr/bin/ceph: stderr
2024-05-25T06:01:56.738+0000 7f791d5fd700 1 --2- 172.21.15.160:0/2546621567 >> [v2:172.21.15.160:6800/4006145193,v1:172.21.15.160:6801/4006145193] conn(0x7f79040367e0 0x7f7904038c90 secure :-1 s=READY pgs=8 cs=0 l=1 rev1=1 crypto rx=0x7f7900009990 tx=0x7f7900006e40 comp rx=0 tx=0).stop
2024-05-25T06:01:57.340 INFO:teuthology.orchestra.run.smithi160.stdout:/usr/bin/ceph: stderr
2024-05-25T06:01:56.738+0000 7f791d5fd700 1 -- 172.21.15.160:0/2546621567 >> [v2:172.21.15.160:3300/0,v1:172.21.15.160:6789/0] conn(0x7f7918101730 msgr2=0x7f7918076b20 secure :-1 s=STATE_CONNECTION_ESTABLISHED l=1).mark_down
2024-05-25T06:01:57.340 INFO:teuthology.orchestra.run.smithi160.stdout:/usr/bin/ceph: stderr
2024-05-25T06:01:56.738+0000 7f791d5fd700 1 --2- 172.21.15.160:0/2546621567 >> [v2:172.21.15.160:3300/0,v1:172.21.15.160:6789/0] conn(0x7f7918101730 0x7f7918076b20 secure :-1 s=READY pgs=23 cs=0 l=1 rev1=1 crypto rx=0x7f790800b440 tx=0x7f7908009250 comp rx=0 tx=0).stop
2024-05-25T06:01:57.340 INFO:teuthology.orchestra.run.smithi160.stdout:/usr/bin/ceph: stderr
2024-05-25T06:01:56.738+0000 7f791d5fd700 1 -- 172.21.15.160:0/2546621567 shutdown_connections
2024-05-25T06:01:57.340 INFO:teuthology.orchestra.run.smithi160.stdout:/usr/bin/ceph: stderr
2024-05-25T06:01:56.738+0000 7f791d5fd700 1 --2- 172.21.15.160:0/2546621567 >> [v2:172.21.15.160:6800/4006145193,v1:172.21.15.160:6801/4006145193] conn(0x7f79040367e0 0x7f7904038c90 unknown :-1 s=CLOSED pgs=8 cs=0 l=1 rev1=1 crypto rx=0 tx=0 comp rx=0 tx=0).stop
2024-05-25T06:01:57.340 INFO:teuthology.orchestra.run.smithi160.stdout:/usr/bin/ceph: stderr
2024-05-25T06:01:56.738+0000 7f791d5fd700 1 --2- 172.21.15.160:0/2546621567 >> [v2:172.21.15.160:3300/0,v1:172.21.15.160:6789/0] conn(0x7f7918101730 0x7f7918076b20 unknown :-1 s=CLOSED pgs=23 cs=0 l=1 rev1=1 crypto rx=0 tx=0 comp rx=0 tx=0).stop
2024-05-25T06:01:57.340 INFO:teuthology.orchestra.run.smithi160.stdout:/usr/bin/ceph: stderr
2024-05-25T06:01:56.738+0000 7f791d5fd700 1 -- 172.21.15.160:0/2546621567 >> 172.21.15.160:0/2546621567 conn(0x7f79180fcef0 msgr2=0x7f79180fd9d0 unknown :-1 s=STATE_NONE l=0).mark_down
2024-05-25T06:01:57.340 INFO:teuthology.orchestra.run.smithi160.stdout:/usr/bin/ceph: stderr
2024-05-25T06:01:56.738+0000 7f791d5fd700 1 -- 172.21.15.160:0/2546621567 shutdown_connections
2024-05-25T06:01:57.341 INFO:teuthology.orchestra.run.smithi160.stdout:/usr/bin/ceph: stderr
2024-05-25T06:01:56.738+0000 7f791d5fd700 1 -- 172.21.15.160:0/2546621567 wait complete.
2024-05-25T06:01:57.969 INFO:journalctl@ceph.mon.smithi160.smithi160.stdout:May 25 06:01:57 smithi160 ceph-mon[29041]: from='client.? 172.21.15.160:0/2546621567' entity='client.admin' cmd='[{"prefix": "mgr module enable", "module": "cephadm"}]': finished
2024-05-25T06:01:57.969 INFO:journalctl@ceph.mon.smithi160.smithi160.stdout:May 25 06:01:57 smithi160 ceph-mon[29041]: mgrmap e5: smithi160.nalzlg(active, since 15s)
2024-05-25T06:01:58.543 INFO:teuthology.orchestra.run.smithi160.stdout:/usr/bin/ceph: stdout {
2024-05-25T06:01:58.543 INFO:teuthology.orchestra.run.smithi160.stdout:/usr/bin/ceph: stdout "epoch": 5,
2024-05-25T06:01:58.544 INFO:teuthology.orchestra.run.smithi160.stdout:/usr/bin/ceph: stdout "available": true,
2024-05-25T06:01:58.544 INFO:teuthology.orchestra.run.smithi160.stdout:/usr/bin/ceph: stdout "active_name": "smithi160.nalzlg",
2024-05-25T06:01:58.544 INFO:teuthology.orchestra.run.smithi160.stdout:/usr/bin/ceph: stdout "num_standby": 0
2024-05-25T06:01:58.544 INFO:teuthology.orchestra.run.smithi160.stdout:/usr/bin/ceph: stdout }
2024-05-25T06:01:58.544 INFO:teuthology.orchestra.run.smithi160.stdout:/usr/bin/ceph: stderr
2024-05-25T06:01:57.788+0000 7f49a2067700 1 Processor -- start
2024-05-25T06:01:58.544 INFO:teuthology.orchestra.run.smithi160.stdout:/usr/bin/ceph: stderr
2024-05-25T06:01:57.788+0000 7f49a2067700 1 -- start start
2024-05-25T06:01:58.545 INFO:teuthology.orchestra.run.smithi160.stdout:/usr/bin/ceph: stderr
2024-05-25T06:01:57.788+0000 7f49a2067700 1 --2- >> [v2:172.21.15.160:3300/0,v1:172.21.15.160:6789/0] conn(0x7f499c078ca0 0x7f499c077250 unknown :-1 s=NONE pgs=0 cs=0 l=0 rev1=0 crypto rx=0 tx=0 comp rx=0 tx=0).connect
2024-05-25T06:01:58.545 INFO:teuthology.orchestra.run.smithi160.stdout:/usr/bin/ceph: stderr
2024-05-25T06:01:57.788+0000 7f49a2067700 1 -- --> [v2:172.21.15.160:3300/0,v1:172.21.15.160:6789/0] -- mon_getmap magic: 0 v1 -- 0x7f499c0790b0 con 0x7f499c078ca0
2024-05-25T06:01:58.545 INFO:teuthology.orchestra.run.smithi160.stdout:/usr/bin/ceph: stderr
2024-05-25T06:01:57.788+0000 7f499b7fe700 1 --2- >> [v2:172.21.15.160:3300/0,v1:172.21.15.160:6789/0] conn(0x7f499c078ca0 0x7f499c077250 unknown :-1 s=BANNER_CONNECTING pgs=0 cs=0 l=0 rev1=0 crypto rx=0 tx=0 comp rx=0 tx=0)._handle_peer_banner_payload supported=3 required=0
2024-05-25T06:01:58.545 INFO:teuthology.orchestra.run.smithi160.stdout:/usr/bin/ceph: stderr
2024-05-25T06:01:57.788+0000 7f499b7fe700 1 --2- >> [v2:172.21.15.160:3300/0,v1:172.21.15.160:6789/0] conn(0x7f499c078ca0 0x7f499c077250 unknown :-1 s=HELLO_CONNECTING pgs=0 cs=0 l=0 rev1=1 crypto rx=0 tx=0 comp rx=0 tx=0).handle_hello peer v2:172.21.15.160:3300/0 says I am v2:172.21.15.160:42480/0 (socket says 172.21.15.160:42480)
2024-05-25T06:01:58.545 INFO:teuthology.orchestra.run.smithi160.stdout:/usr/bin/ceph: stderr
2024-05-25T06:01:57.788+0000 7f499b7fe700 1 -- 172.21.15.160:0/3349806592 learned_addr learned my addr 172.21.15.160:0/3349806592 (peer_addr_for_me v2:172.21.15.160:0/0)
2024-05-25T06:01:58.545 INFO:teuthology.orchestra.run.smithi160.stdout:/usr/bin/ceph: stderr
2024-05-25T06:01:57.789+0000 7f499b7fe700 1 -- 172.21.15.160:0/3349806592 --> [v2:172.21.15.160:3300/0,v1:172.21.15.160:6789/0] -- mon_subscribe({config=0+,monmap=0+}) v3 -- 0x7f499c077790 con 0x7f499c078ca0
2024-05-25T06:01:58.545 INFO:teuthology.orchestra.run.smithi160.stdout:/usr/bin/ceph: stderr
2024-05-25T06:01:57.789+0000 7f499b7fe700 1 --2- 172.21.15.160:0/3349806592 >> [v2:172.21.15.160:3300/0,v1:172.21.15.160:6789/0] conn(0x7f499c078ca0 0x7f499c077250 secure :-1 s=READY pgs=26 cs=0 l=1 rev1=1 crypto rx=0x7f498c0098e0 tx=0x7f498c009250 comp rx=0 tx=0).ready entity=mon.0 client_cookie=8dbcd8119b29c67d server_cookie=0 in_seq=0 out_seq=0
2024-05-25T06:01:58.545 INFO:teuthology.orchestra.run.smithi160.stdout:/usr/bin/ceph: stderr
2024-05-25T06:01:57.789+0000 7f499a7fc700 1 -- 172.21.15.160:0/3349806592 <== mon.0 v2:172.21.15.160:3300/0 1 ==== mon_map magic: 0 v1 ==== 229+0+0 (secure 0 0 0) 0x7f498c00b860 con 0x7f499c078ca0
2024-05-25T06:01:58.545 INFO:teuthology.orchestra.run.smithi160.stdout:/usr/bin/ceph: stderr
2024-05-25T06:01:57.789+0000 7f499a7fc700 1 -- 172.21.15.160:0/3349806592 <== mon.0 v2:172.21.15.160:3300/0 2 ==== config(27 keys) v1 ==== 1044+0+0 (secure 0 0 0) 0x7f498c00be50 con 0x7f499c078ca0
2024-05-25T06:01:58.545 INFO:teuthology.orchestra.run.smithi160.stdout:/usr/bin/ceph: stderr
2024-05-25T06:01:57.789+0000 7f499a7fc700 1 -- 172.21.15.160:0/3349806592 <== mon.0 v2:172.21.15.160:3300/0 3 ==== mon_map magic: 0 v1 ==== 229+0+0 (secure 0 0 0) 0x7f498c010380 con 0x7f499c078ca0
2024-05-25T06:01:58.545 INFO:teuthology.orchestra.run.smithi160.stdout:/usr/bin/ceph: stderr
2024-05-25T06:01:57.790+0000 7f49a2067700 1 -- 172.21.15.160:0/3349806592 >> [v2:172.21.15.160:3300/0,v1:172.21.15.160:6789/0] conn(0x7f499c078ca0 msgr2=0x7f499c077250 secure :-1 s=STATE_CONNECTION_ESTABLISHED l=1).mark_down
2024-05-25T06:01:58.546 INFO:teuthology.orchestra.run.smithi160.stdout:/usr/bin/ceph: stderr
2024-05-25T06:01:57.790+0000 7f49a2067700 1 --2- 172.21.15.160:0/3349806592 >> [v2:172.21.15.160:3300/0,v1:172.21.15.160:6789/0] conn(0x7f499c078ca0 0x7f499c077250 secure :-1 s=READY pgs=26 cs=0 l=1 rev1=1 crypto rx=0x7f498c0098e0 tx=0x7f498c009250 comp rx=0 tx=0).stop
2024-05-25T06:01:58.546 INFO:teuthology.orchestra.run.smithi160.stdout:/usr/bin/ceph: stderr
2024-05-25T06:01:57.790+0000 7f49a2067700 1 -- 172.21.15.160:0/3349806592 shutdown_connections
2024-05-25T06:01:58.546 INFO:teuthology.orchestra.run.smithi160.stdout:/usr/bin/ceph: stderr
2024-05-25T06:01:57.790+0000 7f49a2067700 1 --2- 172.21.15.160:0/3349806592 >> [v2:172.21.15.160:3300/0,v1:172.21.15.160:6789/0] conn(0x7f499c078ca0 0x7f499c077250 unknown :-1 s=CLOSED pgs=26 cs=0 l=1 rev1=1 crypto rx=0 tx=0 comp rx=0 tx=0).stop
2024-05-25T06:01:58.546 INFO:teuthology.orchestra.run.smithi160.stdout:/usr/bin/ceph: stderr
2024-05-25T06:01:57.790+0000 7f49a2067700 1 -- 172.21.15.160:0/3349806592 >> 172.21.15.160:0/3349806592 conn(0x7f499c0fe060 msgr2=0x7f499c100470 unknown :-1 s=STATE_NONE l=0).mark_down
2024-05-25T06:01:58.546 INFO:teuthology.orchestra.run.smithi160.stdout:/usr/bin/ceph: stderr
2024-05-25T06:01:57.790+0000 7f49a2067700 1 -- 172.21.15.160:0/3349806592 shutdown_connections
2024-05-25T06:01:58.546 INFO:teuthology.orchestra.run.smithi160.stdout:/usr/bin/ceph: stderr
2024-05-25T06:01:57.790+0000 7f49a2067700 1 -- 172.21.15.160:0/3349806592 wait complete.
2024-05-25T06:01:58.547 INFO:teuthology.orchestra.run.smithi160.stdout:/usr/bin/ceph: stderr
2024-05-25T06:01:57.790+0000 7f49a2067700 1 Processor -- start
2024-05-25T06:01:58.547 INFO:teuthology.orchestra.run.smithi160.stdout:/usr/bin/ceph: stderr
2024-05-25T06:01:57.790+0000 7f49a2067700 1 -- start start
2024-05-25T06:01:58.547 INFO:teuthology.orchestra.run.smithi160.stdout:/usr/bin/ceph: stderr
2024-05-25T06:01:57.791+0000 7f49a2067700 1 --2- >> [v2:172.21.15.160:3300/0,v1:172.21.15.160:6789/0] conn(0x7f499c078ca0 0x7f499c113860 unknown :-1 s=NONE pgs=0 cs=0 l=1 rev1=0 crypto rx=0 tx=0 comp rx=0 tx=0).connect
2024-05-25T06:01:58.547 INFO:teuthology.orchestra.run.smithi160.stdout:/usr/bin/ceph: stderr
2024-05-25T06:01:57.791+0000 7f49a2067700 1 -- --> [v2:172.21.15.160:3300/0,v1:172.21.15.160:6789/0] -- mon_getmap magic: 0 v1 -- 0x7f499c113da0 con 0x7f499c078ca0
2024-05-25T06:01:58.547 INFO:teuthology.orchestra.run.smithi160.stdout:/usr/bin/ceph: stderr
2024-05-25T06:01:57.791+0000 7f499b7fe700 1 --2- >> [v2:172.21.15.160:3300/0,v1:172.21.15.160:6789/0] conn(0x7f499c078ca0 0x7f499c113860 unknown :-1 s=BANNER_CONNECTING pgs=0 cs=0 l=1 rev1=0 crypto rx=0 tx=0 comp rx=0 tx=0)._handle_peer_banner_payload supported=3 required=0
2024-05-25T06:01:58.547 INFO:teuthology.orchestra.run.smithi160.stdout:/usr/bin/ceph: stderr
2024-05-25T06:01:57.791+0000 7f499b7fe700 1 --2- >> [v2:172.21.15.160:3300/0,v1:172.21.15.160:6789/0] conn(0x7f499c078ca0 0x7f499c113860 unknown :-1 s=HELLO_CONNECTING pgs=0 cs=0 l=1 rev1=1 crypto rx=0 tx=0 comp rx=0 tx=0).handle_hello peer v2:172.21.15.160:3300/0 says I am v2:172.21.15.160:42488/0 (socket says 172.21.15.160:42488)
2024-05-25T06:01:58.547 INFO:teuthology.orchestra.run.smithi160.stdout:/usr/bin/ceph: stderr
2024-05-25T06:01:57.791+0000 7f499b7fe700 1 -- 172.21.15.160:0/2088192166 learned_addr learned my addr 172.21.15.160:0/2088192166 (peer_addr_for_me v2:172.21.15.160:0/0)
2024-05-25T06:01:58.547 INFO:teuthology.orchestra.run.smithi160.stdout:/usr/bin/ceph: stderr
2024-05-25T06:01:57.791+0000 7f499b7fe700 1 -- 172.21.15.160:0/2088192166 --> [v2:172.21.15.160:3300/0,v1:172.21.15.160:6789/0] -- mon_subscribe({config=0+,monmap=0+}) v3 -- 0x7f498c0094f0 con 0x7f499c078ca0
2024-05-25T06:01:58.547 INFO:teuthology.orchestra.run.smithi160.stdout:/usr/bin/ceph: stderr
2024-05-25T06:01:57.791+0000 7f499b7fe700 1 --2- 172.21.15.160:0/2088192166 >> [v2:172.21.15.160:3300/0,v1:172.21.15.160:6789/0] conn(0x7f499c078ca0 0x7f499c113860 secure :-1 s=READY pgs=27 cs=0 l=1 rev1=1 crypto rx=0x7f498c00b440 tx=0x7f498c009250 comp rx=0 tx=0).ready entity=mon.0 client_cookie=0 server_cookie=0 in_seq=0 out_seq=0
2024-05-25T06:01:58.547 INFO:teuthology.orchestra.run.smithi160.stdout:/usr/bin/ceph: stderr
2024-05-25T06:01:57.791+0000 7f4983fff700 1 -- 172.21.15.160:0/2088192166 <== mon.0 v2:172.21.15.160:3300/0 1 ==== mon_map magic: 0 v1 ==== 229+0+0 (secure 0 0 0) 0x7f498c010760 con 0x7f499c078ca0
2024-05-25T06:01:58.547 INFO:teuthology.orchestra.run.smithi160.stdout:/usr/bin/ceph: stderr
2024-05-25T06:01:57.791+0000 7f49a2067700 1 -- 172.21.15.160:0/2088192166 --> [v2:172.21.15.160:3300/0,v1:172.21.15.160:6789/0] -- mon_subscribe({mgrmap=0+}) v3 -- 0x7f499c113fa0 con 0x7f499c078ca0
2024-05-25T06:01:58.547 INFO:teuthology.orchestra.run.smithi160.stdout:/usr/bin/ceph: stderr
2024-05-25T06:01:57.791+0000 7f4983fff700 1 -- 172.21.15.160:0/2088192166 <== mon.0 v2:172.21.15.160:3300/0 2 ==== config(27 keys) v1 ==== 1044+0+0 (secure 0 0 0) 0x7f498c010d50 con 0x7f499c078ca0
2024-05-25T06:01:58.547 INFO:teuthology.orchestra.run.smithi160.stdout:/usr/bin/ceph: stderr
2024-05-25T06:01:57.791+0000 7f4983fff700 1 -- 172.21.15.160:0/2088192166 <== mon.0 v2:172.21.15.160:3300/0 3 ==== mon_map magic: 0 v1 ==== 229+0+0 (secure 0 0 0) 0x7f498c01adc0 con 0x7f499c078ca0
2024-05-25T06:01:58.548 INFO:teuthology.orchestra.run.smithi160.stdout:/usr/bin/ceph: stderr
2024-05-25T06:01:57.791+0000 7f49a2067700 1 -- 172.21.15.160:0/2088192166 --> [v2:172.21.15.160:3300/0,v1:172.21.15.160:6789/0] -- mon_subscribe({osdmap=0}) v3 -- 0x7f499c114b10 con 0x7f499c078ca0
2024-05-25T06:01:58.548 INFO:teuthology.orchestra.run.smithi160.stdout:/usr/bin/ceph: stderr
2024-05-25T06:01:57.792+0000 7f4983fff700 1 -- 172.21.15.160:0/2088192166 <== mon.0 v2:172.21.15.160:3300/0 4 ==== mgrmap(e 5) v1 ==== 43376+0+0 (secure 0 0 0) 0x7f498c019410 con 0x7f499c078ca0
2024-05-25T06:01:58.548 INFO:teuthology.orchestra.run.smithi160.stdout:/usr/bin/ceph: stderr
2024-05-25T06:01:57.792+0000 7f49a2067700 1 -- 172.21.15.160:0/2088192166 --> [v2:172.21.15.160:3300/0,v1:172.21.15.160:6789/0] -- mon_command({"prefix": "get_command_descriptions"} v 0) v1 -- 0x7f499c05f5c0 con 0x7f499c078ca0
2024-05-25T06:01:58.548 INFO:teuthology.orchestra.run.smithi160.stdout:/usr/bin/ceph: stderr
2024-05-25T06:01:57.792+0000 7f4983fff700 1 --2- 172.21.15.160:0/2088192166 >> [v2:172.21.15.160:6800/4006145193,v1:172.21.15.160:6801/4006145193] conn(0x7f4984036830 0x7f4984038ce0 unknown :-1 s=NONE pgs=0 cs=0 l=1 rev1=0 crypto rx=0 tx=0 comp rx=0 tx=0).connect
2024-05-25T06:01:58.548 INFO:teuthology.orchestra.run.smithi160.stdout:/usr/bin/ceph: stderr
2024-05-25T06:01:57.793+0000 7f4983fff700 1 -- 172.21.15.160:0/2088192166 <== mon.0 v2:172.21.15.160:3300/0 5 ==== osd_map(1..1 src has 1..1) v4 ==== 721+0+0 (secure 0 0 0) 0x7f498c01a660 con 0x7f499c078ca0
2024-05-25T06:01:58.548 INFO:teuthology.orchestra.run.smithi160.stdout:/usr/bin/ceph: stderr
2024-05-25T06:01:57.793+0000 7f499affd700 1 -- 172.21.15.160:0/2088192166 >> [v2:172.21.15.160:6800/4006145193,v1:172.21.15.160:6801/4006145193] conn(0x7f4984036830 msgr2=0x7f4984038ce0 unknown :-1 s=STATE_CONNECTING_RE l=1).process reconnect failed to v2:172.21.15.160:6800/4006145193
2024-05-25T06:01:58.548 INFO:teuthology.orchestra.run.smithi160.stdout:/usr/bin/ceph: stderr
2024-05-25T06:01:57.793+0000 7f499affd700 1 --2- 172.21.15.160:0/2088192166 >> [v2:172.21.15.160:6800/4006145193,v1:172.21.15.160:6801/4006145193] conn(0x7f4984036830 0x7f4984038ce0 unknown :-1 s=START_CONNECT pgs=0 cs=0 l=1 rev1=0 crypto rx=0 tx=0 comp rx=0 tx=0)._fault waiting 0.200000
2024-05-25T06:01:58.548 INFO:teuthology.orchestra.run.smithi160.stdout:/usr/bin/ceph: stderr
2024-05-25T06:01:57.797+0000 7f4983fff700 1 -- 172.21.15.160:0/2088192166 <== mon.0 v2:172.21.15.160:3300/0 6 ==== mon_command_ack([{"prefix": "get_command_descriptions"}]=0 v0) v1 ==== 72+0+176702 (secure 0 0 0) 0x7f498c023940 con 0x7f499c078ca0
2024-05-25T06:01:58.548 INFO:teuthology.orchestra.run.smithi160.stdout:/usr/bin/ceph: stderr
2024-05-25T06:01:57.994+0000 7f499affd700 1 -- 172.21.15.160:0/2088192166 >> [v2:172.21.15.160:6800/4006145193,v1:172.21.15.160:6801/4006145193] conn(0x7f4984036830 msgr2=0x7f4984038ce0 unknown :-1 s=STATE_CONNECTING_RE l=1).process reconnect failed to v2:172.21.15.160:6800/4006145193
2024-05-25T06:01:58.548 INFO:teuthology.orchestra.run.smithi160.stdout:/usr/bin/ceph: stderr
2024-05-25T06:01:57.994+0000 7f499affd700 1 --2- 172.21.15.160:0/2088192166 >> [v2:172.21.15.160:6800/4006145193,v1:172.21.15.160:6801/4006145193] conn(0x7f4984036830 0x7f4984038ce0 unknown :-1 s=START_CONNECT pgs=0 cs=0 l=1 rev1=0 crypto rx=0 tx=0 comp rx=0 tx=0)._fault waiting 0.400000
2024-05-25T06:01:58.548 INFO:teuthology.orchestra.run.smithi160.stdout:/usr/bin/ceph: stderr
2024-05-25T06:01:58.076+0000 7f49a2067700 1 -- 172.21.15.160:0/2088192166 --> [v2:172.21.15.160:3300/0,v1:172.21.15.160:6789/0] -- mon_command({"prefix": "mgr stat"} v 0) v1 -- 0x7f499c114eb0 con 0x7f499c078ca0
2024-05-25T06:01:58.548 INFO:teuthology.orchestra.run.smithi160.stdout:/usr/bin/ceph: stderr
2024-05-25T06:01:58.077+0000 7f4983fff700 1 -- 172.21.15.160:0/2088192166 <== mon.0 v2:172.21.15.160:3300/0 7 ==== mon_command_ack([{"prefix": "mgr stat"}]=0 v5) v1 ==== 56+0+103 (secure 0 0 0) 0x7f498c023350 con 0x7f499c078ca0
2024-05-25T06:01:58.548 INFO:teuthology.orchestra.run.smithi160.stdout:/usr/bin/ceph: stderr
2024-05-25T06:01:58.079+0000 7f49a2067700 1 -- 172.21.15.160:0/2088192166 >> [v2:172.21.15.160:6800/4006145193,v1:172.21.15.160:6801/4006145193] conn(0x7f4984036830 msgr2=0x7f4984038ce0 unknown :-1 s=STATE_CONNECTING l=1).mark_down
2024-05-25T06:01:58.549 INFO:teuthology.orchestra.run.smithi160.stdout:/usr/bin/ceph: stderr
2024-05-25T06:01:58.079+0000 7f49a2067700 1 --2- 172.21.15.160:0/2088192166 >> [v2:172.21.15.160:6800/4006145193,v1:172.21.15.160:6801/4006145193] conn(0x7f4984036830 0x7f4984038ce0 unknown :-1 s=START_CONNECT pgs=0 cs=0 l=1 rev1=0 crypto rx=0 tx=0 comp rx=0 tx=0).stop
2024-05-25T06:01:58.549 INFO:teuthology.orchestra.run.smithi160.stdout:/usr/bin/ceph: stderr
2024-05-25T06:01:58.079+0000 7f49a2067700 1 -- 172.21.15.160:0/2088192166 >> [v2:172.21.15.160:3300/0,v1:172.21.15.160:6789/0] conn(0x7f499c078ca0 msgr2=0x7f499c113860 secure :-1 s=STATE_CONNECTION_ESTABLISHED l=1).mark_down
2024-05-25T06:01:58.549 INFO:teuthology.orchestra.run.smithi160.stdout:/usr/bin/ceph: stderr
2024-05-25T06:01:58.079+0000 7f49a2067700 1 --2- 172.21.15.160:0/2088192166 >> [v2:172.21.15.160:3300/0,v1:172.21.15.160:6789/0] conn(0x7f499c078ca0 0x7f499c113860 secure :-1 s=READY pgs=27 cs=0 l=1 rev1=1 crypto rx=0x7f498c00b440 tx=0x7f498c009250 comp rx=0 tx=0).stop
2024-05-25T06:01:58.549 INFO:teuthology.orchestra.run.smithi160.stdout:/usr/bin/ceph: stderr
2024-05-25T06:01:58.079+0000 7f49a2067700 1 -- 172.21.15.160:0/2088192166 shutdown_connections
2024-05-25T06:01:58.549 INFO:teuthology.orchestra.run.smithi160.stdout:/usr/bin/ceph: stderr
2024-05-25T06:01:58.079+0000 7f49a2067700 1 --2- 172.21.15.160:0/2088192166 >> [v2:172.21.15.160:6800/4006145193,v1:172.21.15.160:6801/4006145193] conn(0x7f4984036830 0x7f4984038ce0 unknown :-1 s=CLOSED pgs=0 cs=0 l=1 rev1=0 crypto rx=0 tx=0 comp rx=0 tx=0).stop
2024-05-25T06:01:58.549 INFO:teuthology.orchestra.run.smithi160.stdout:/usr/bin/ceph: stderr
2024-05-25T06:01:58.079+0000 7f49a2067700 1 --2- 172.21.15.160:0/2088192166 >> [v2:172.21.15.160:3300/0,v1:172.21.15.160:6789/0] conn(0x7f499c078ca0 0x7f499c113860 unknown :-1 s=CLOSED pgs=27 cs=0 l=1 rev1=1 crypto rx=0 tx=0 comp rx=0 tx=0).stop
2024-05-25T06:01:58.549 INFO:teuthology.orchestra.run.smithi160.stdout:/usr/bin/ceph: stderr
2024-05-25T06:01:58.079+0000 7f49a2067700 1 -- 172.21.15.160:0/2088192166 >> 172.21.15.160:0/2088192166 conn(0x7f499c0fe060 msgr2=0x7f499c0febe0 unknown :-1 s=STATE_NONE l=0).mark_down
2024-05-25T06:01:58.549 INFO:teuthology.orchestra.run.smithi160.stdout:/usr/bin/ceph: stderr
2024-05-25T06:01:58.079+0000 7f49a2067700 1 -- 172.21.15.160:0/2088192166 shutdown_connections
2024-05-25T06:01:58.549 INFO:teuthology.orchestra.run.smithi160.stdout:/usr/bin/ceph: stderr
2024-05-25T06:01:58.079+0000 7f49a2067700 1 -- 172.21.15.160:0/2088192166 wait complete.
2024-05-25T06:01:58.549 INFO:teuthology.orchestra.run.smithi160.stdout:Waiting for the mgr to restart...
2024-05-25T06:01:58.549 INFO:teuthology.orchestra.run.smithi160.stdout:Waiting for mgr epoch 5...
2024-05-25T06:01:58.924 INFO:journalctl@ceph.mon.smithi160.smithi160.stdout:May 25 06:01:58 smithi160 ceph-mon[29041]: from='client.? 172.21.15.160:0/2088192166' entity='client.admin' cmd=[{"prefix": "mgr stat"}]: dispatch
2024-05-25T06:02:03.469 INFO:journalctl@ceph.mon.smithi160.smithi160.stdout:May 25 06:02:03 smithi160 ceph-mon[29041]: Active manager daemon smithi160.nalzlg restarted
2024-05-25T06:02:03.470 INFO:journalctl@ceph.mon.smithi160.smithi160.stdout:May 25 06:02:03 smithi160 ceph-mon[29041]: Activating manager daemon smithi160.nalzlg
2024-05-25T06:02:03.470 INFO:journalctl@ceph.mon.smithi160.smithi160.stdout:May 25 06:02:03 smithi160 ceph-mon[29041]: osdmap e2: 0 total, 0 up, 0 in
2024-05-25T06:02:03.470 INFO:journalctl@ceph.mon.smithi160.smithi160.stdout:May 25 06:02:03 smithi160 ceph-mon[29041]: mgrmap e6: smithi160.nalzlg(active, starting, since 0.00330421s)
2024-05-25T06:02:03.470 INFO:journalctl@ceph.mon.smithi160.smithi160.stdout:May 25 06:02:03 smithi160 ceph-mon[29041]: from='mgr.14120 172.21.15.160:0/3415429581' entity='mgr.smithi160.nalzlg' cmd=[{"prefix": "mon metadata", "id": "smithi160"}]: dispatch
2024-05-25T06:02:03.470 INFO:journalctl@ceph.mon.smithi160.smithi160.stdout:May 25 06:02:03 smithi160 ceph-mon[29041]: from='mgr.14120 172.21.15.160:0/3415429581' entity='mgr.smithi160.nalzlg' cmd=[{"prefix": "mgr metadata", "who": "smithi160.nalzlg", "id": "smithi160.nalzlg"}]: dispatch
2024-05-25T06:02:03.470 INFO:journalctl@ceph.mon.smithi160.smithi160.stdout:May 25 06:02:03 smithi160 ceph-mon[29041]: from='mgr.14120 172.21.15.160:0/3415429581' entity='mgr.smithi160.nalzlg' cmd=[{"prefix": "mds metadata"}]: dispatch
2024-05-25T06:02:03.470 INFO:journalctl@ceph.mon.smithi160.smithi160.stdout:May 25 06:02:03 smithi160 ceph-mon[29041]: from='mgr.14120 172.21.15.160:0/3415429581' entity='mgr.smithi160.nalzlg' cmd=[{"prefix": "osd metadata"}]: dispatch
2024-05-25T06:02:03.470 INFO:journalctl@ceph.mon.smithi160.smithi160.stdout:May 25 06:02:03 smithi160 ceph-mon[29041]: from='mgr.14120 172.21.15.160:0/3415429581' entity='mgr.smithi160.nalzlg' cmd=[{"prefix": "mon metadata"}]: dispatch
2024-05-25T06:02:03.470 INFO:journalctl@ceph.mon.smithi160.smithi160.stdout:May 25 06:02:03 smithi160 ceph-mon[29041]: Manager daemon smithi160.nalzlg is now available
2024-05-25T06:02:03.470 INFO:journalctl@ceph.mon.smithi160.smithi160.stdout:May 25 06:02:03 smithi160 ceph-mon[29041]: from='mgr.14120 172.21.15.160:0/3415429581' entity='mgr.smithi160.nalzlg'
2024-05-25T06:02:03.470 INFO:journalctl@ceph.mon.smithi160.smithi160.stdout:May 25 06:02:03 smithi160 ceph-mon[29041]: from='mgr.14120 172.21.15.160:0/3415429581' entity='mgr.smithi160.nalzlg'
2024-05-25T06:02:03.470 INFO:journalctl@ceph.mon.smithi160.smithi160.stdout:May 25 06:02:03 smithi160 ceph-mon[29041]: from='mgr.14120 172.21.15.160:0/3415429581' entity='mgr.smithi160.nalzlg' cmd=[{"prefix": "config dump", "format": "json"}]: dispatch
2024-05-25T06:02:03.471 INFO:journalctl@ceph.mon.smithi160.smithi160.stdout:May 25 06:02:03 smithi160 ceph-mon[29041]: from='mgr.14120 172.21.15.160:0/3415429581' entity='mgr.smithi160.nalzlg' cmd=[{"prefix": "config dump", "format": "json"}]: dispatch
2024-05-25T06:02:03.471 INFO:journalctl@ceph.mon.smithi160.smithi160.stdout:May 25 06:02:03 smithi160 ceph-mon[29041]: from='mgr.14120 172.21.15.160:0/3415429581' entity='mgr.smithi160.nalzlg' cmd=[{"prefix": "config dump", "format": "json"}]: dispatch
2024-05-25T06:02:03.471 INFO:journalctl@ceph.mon.smithi160.smithi160.stdout:May 25 06:02:03 smithi160 ceph-mon[29041]: from='mgr.14120 172.21.15.160:0/3415429581' entity='mgr.smithi160.nalzlg' cmd=[{"prefix":"config rm","who":"mgr","name":"mgr/rbd_support/smithi160.nalzlg/mirror_snapshot_schedule"}]: dispatch
2024-05-25T06:02:03.471 INFO:journalctl@ceph.mon.smithi160.smithi160.stdout:May 25 06:02:03 smithi160 ceph-mon[29041]: from='mgr.14120 172.21.15.160:0/3415429581' entity='mgr.smithi160.nalzlg' cmd=[{"prefix":"config rm","who":"mgr","name":"mgr/rbd_support/smithi160.nalzlg/trash_purge_schedule"}]: dispatch
2024-05-25T06:02:04.648 INFO:journalctl@ceph.mon.smithi160.smithi160.stdout:May 25 06:02:04 smithi160 ceph-mon[29041]: Found migration_current of "None". Setting to last migration.
2024-05-25T06:02:04.648 INFO:journalctl@ceph.mon.smithi160.smithi160.stdout:May 25 06:02:04 smithi160 ceph-mon[29041]: from='mgr.14120 172.21.15.160:0/3415429581' entity='mgr.smithi160.nalzlg'
2024-05-25T06:02:04.649 INFO:journalctl@ceph.mon.smithi160.smithi160.stdout:May 25 06:02:04 smithi160 ceph-mon[29041]: from='mgr.14120 172.21.15.160:0/3415429581' entity='mgr.smithi160.nalzlg' cmd=[{"prefix": "config dump", "format": "json"}]: dispatch
2024-05-25T06:02:04.649 INFO:journalctl@ceph.mon.smithi160.smithi160.stdout:May 25 06:02:04 smithi160 ceph-mon[29041]: mgrmap e7: smithi160.nalzlg(active, since 1.00571s)
2024-05-25T06:02:04.873 INFO:teuthology.orchestra.run.smithi160.stdout:/usr/bin/ceph: stdout {
2024-05-25T06:02:04.874 INFO:teuthology.orchestra.run.smithi160.stdout:/usr/bin/ceph: stdout "mgrmap_epoch": 7,
2024-05-25T06:02:04.874 INFO:teuthology.orchestra.run.smithi160.stdout:/usr/bin/ceph: stdout "initialized": true
2024-05-25T06:02:04.874 INFO:teuthology.orchestra.run.smithi160.stdout:/usr/bin/ceph: stdout }
2024-05-25T06:02:04.874 INFO:teuthology.orchestra.run.smithi160.stdout:/usr/bin/ceph: stderr
2024-05-25T06:01:58.984+0000 7fa52ead5700 1 Processor -- start
2024-05-25T06:02:04.874 INFO:teuthology.orchestra.run.smithi160.stdout:/usr/bin/ceph: stderr
2024-05-25T06:01:58.984+0000 7fa52ead5700 1 -- start start
2024-05-25T06:02:04.875 INFO:teuthology.orchestra.run.smithi160.stdout:/usr/bin/ceph: stderr
2024-05-25T06:01:58.984+0000 7fa52ead5700 1 --2- >> [v2:172.21.15.160:3300/0,v1:172.21.15.160:6789/0] conn(0x7fa528076b70 0x7fa5281054e0 unknown :-1 s=NONE pgs=0 cs=0 l=0 rev1=0 crypto rx=0 tx=0 comp rx=0 tx=0).connect
2024-05-25T06:02:04.875 INFO:teuthology.orchestra.run.smithi160.stdout:/usr/bin/ceph: stderr
2024-05-25T06:01:58.984+0000 7fa52ead5700 1 -- --> [v2:172.21.15.160:3300/0,v1:172.21.15.160:6789/0] -- mon_getmap magic: 0 v1 -- 0x7fa528105a20 con 0x7fa528076b70
2024-05-25T06:02:04.875 INFO:teuthology.orchestra.run.smithi160.stdout:/usr/bin/ceph: stderr
2024-05-25T06:01:58.984+0000 7fa52c871700 1 --2- >> [v2:172.21.15.160:3300/0,v1:172.21.15.160:6789/0] conn(0x7fa528076b70 0x7fa5281054e0 unknown :-1 s=BANNER_CONNECTING pgs=0 cs=0 l=0 rev1=0 crypto rx=0 tx=0 comp rx=0 tx=0)._handle_peer_banner_payload supported=3 required=0
2024-05-25T06:02:04.875 INFO:teuthology.orchestra.run.smithi160.stdout:/usr/bin/ceph: stderr
2024-05-25T06:01:58.984+0000 7fa52c871700 1 --2- >> [v2:172.21.15.160:3300/0,v1:172.21.15.160:6789/0] conn(0x7fa528076b70 0x7fa5281054e0 unknown :-1 s=HELLO_CONNECTING pgs=0 cs=0 l=0 rev1=1 crypto rx=0 tx=0 comp rx=0 tx=0).handle_hello peer v2:172.21.15.160:3300/0 says I am v2:172.21.15.160:42502/0 (socket says 172.21.15.160:42502)
2024-05-25T06:02:04.875 INFO:teuthology.orchestra.run.smithi160.stdout:/usr/bin/ceph: stderr
2024-05-25T06:01:58.984+0000 7fa52c871700 1 -- 172.21.15.160:0/1073462980 learned_addr learned my addr 172.21.15.160:0/1073462980 (peer_addr_for_me v2:172.21.15.160:0/0)
2024-05-25T06:02:04.875 INFO:teuthology.orchestra.run.smithi160.stdout:/usr/bin/ceph: stderr
2024-05-25T06:01:58.985+0000 7fa52c871700 1 -- 172.21.15.160:0/1073462980 --> [v2:172.21.15.160:3300/0,v1:172.21.15.160:6789/0] -- mon_subscribe({config=0+,monmap=0+}) v3 -- 0x7fa528105b60 con 0x7fa528076b70
2024-05-25T06:02:04.876 INFO:teuthology.orchestra.run.smithi160.stdout:/usr/bin/ceph: stderr
2024-05-25T06:01:58.985+0000 7fa52c871700 1 --2- 172.21.15.160:0/1073462980 >> [v2:172.21.15.160:3300/0,v1:172.21.15.160:6789/0] conn(0x7fa528076b70 0x7fa5281054e0 secure :-1 s=READY pgs=28 cs=0 l=1 rev1=1 crypto rx=0x7fa51c0098e0 tx=0x7fa51c009250 comp rx=0 tx=0).ready entity=mon.0 client_cookie=fbe59ef350ba6168 server_cookie=0 in_seq=0 out_seq=0
2024-05-25T06:02:04.876 INFO:teuthology.orchestra.run.smithi160.stdout:/usr/bin/ceph: stderr
2024-05-25T06:01:58.985+0000 7fa5277fe700 1 -- 172.21.15.160:0/1073462980 <== mon.0 v2:172.21.15.160:3300/0 1 ==== mon_map magic: 0 v1 ==== 229+0+0 (secure 0 0 0) 0x7fa51c00b860 con 0x7fa528076b70
2024-05-25T06:02:04.876 INFO:teuthology.orchestra.run.smithi160.stdout:/usr/bin/ceph: stderr
2024-05-25T06:01:58.985+0000 7fa5277fe700 1 -- 172.21.15.160:0/1073462980 <== mon.0 v2:172.21.15.160:3300/0 2 ==== config(27 keys) v1 ==== 1044+0+0 (secure 0 0 0) 0x7fa51c00be50 con 0x7fa528076b70
2024-05-25T06:02:04.876 INFO:teuthology.orchestra.run.smithi160.stdout:/usr/bin/ceph: stderr
2024-05-25T06:01:58.985+0000 7fa5277fe700 1 -- 172.21.15.160:0/1073462980 <== mon.0 v2:172.21.15.160:3300/0 3 ==== mon_map magic: 0 v1 ==== 229+0+0 (secure 0 0 0) 0x7fa51c010380 con 0x7fa528076b70
2024-05-25T06:02:04.876 INFO:teuthology.orchestra.run.smithi160.stdout:/usr/bin/ceph: stderr
2024-05-25T06:01:58.986+0000 7fa52ead5700 1 -- 172.21.15.160:0/1073462980 >> [v2:172.21.15.160:3300/0,v1:172.21.15.160:6789/0] conn(0x7fa528076b70 msgr2=0x7fa5281054e0 secure :-1 s=STATE_CONNECTION_ESTABLISHED l=1).mark_down
2024-05-25T06:02:04.876 INFO:teuthology.orchestra.run.smithi160.stdout:/usr/bin/ceph: stderr
2024-05-25T06:01:58.986+0000 7fa52ead5700 1 --2- 172.21.15.160:0/1073462980 >> [v2:172.21.15.160:3300/0,v1:172.21.15.160:6789/0] conn(0x7fa528076b70 0x7fa5281054e0 secure :-1 s=READY pgs=28 cs=0 l=1 rev1=1 crypto rx=0x7fa51c0098e0 tx=0x7fa51c009250 comp rx=0 tx=0).stop
2024-05-25T06:02:04.877 INFO:teuthology.orchestra.run.smithi160.stdout:/usr/bin/ceph: stderr
2024-05-25T06:01:58.986+0000 7fa52ead5700 1 -- 172.21.15.160:0/1073462980 shutdown_connections
2024-05-25T06:02:04.877 INFO:teuthology.orchestra.run.smithi160.stdout:/usr/bin/ceph: stderr
2024-05-25T06:01:58.986+0000 7fa52ead5700 1 --2- 172.21.15.160:0/1073462980 >> [v2:172.21.15.160:3300/0,v1:172.21.15.160:6789/0] conn(0x7fa528076b70 0x7fa5281054e0 unknown :-1 s=CLOSED pgs=28 cs=0 l=1 rev1=1 crypto rx=0 tx=0 comp rx=0 tx=0).stop
2024-05-25T06:02:04.877 INFO:teuthology.orchestra.run.smithi160.stdout:/usr/bin/ceph: stderr
2024-05-25T06:01:58.986+0000 7fa52ead5700 1 -- 172.21.15.160:0/1073462980 >> 172.21.15.160:0/1073462980 conn(0x7fa5280fced0 msgr2=0x7fa5280ff2e0 unknown :-1 s=STATE_NONE l=0).mark_down
2024-05-25T06:02:04.877 INFO:teuthology.orchestra.run.smithi160.stdout:/usr/bin/ceph: stderr
2024-05-25T06:01:58.986+0000 7fa52ead5700 1 -- 172.21.15.160:0/1073462980 shutdown_connections
2024-05-25T06:02:04.877 INFO:teuthology.orchestra.run.smithi160.stdout:/usr/bin/ceph: stderr
2024-05-25T06:01:58.986+0000 7fa52ead5700 1 -- 172.21.15.160:0/1073462980 wait complete.
2024-05-25T06:02:04.877 INFO:teuthology.orchestra.run.smithi160.stdout:/usr/bin/ceph: stderr
2024-05-25T06:01:58.986+0000 7fa52ead5700 1 Processor -- start
2024-05-25T06:02:04.878 INFO:teuthology.orchestra.run.smithi160.stdout:/usr/bin/ceph: stderr
2024-05-25T06:01:58.986+0000 7fa52ead5700 1 -- start start
2024-05-25T06:02:04.878 INFO:teuthology.orchestra.run.smithi160.stdout:/usr/bin/ceph: stderr
2024-05-25T06:01:58.987+0000 7fa52ead5700 1 --2- >> [v2:172.21.15.160:3300/0,v1:172.21.15.160:6789/0] conn(0x7fa528076b70 0x7fa5281115d0 unknown :-1 s=NONE pgs=0 cs=0 l=1 rev1=0 crypto rx=0 tx=0 comp rx=0 tx=0).connect
2024-05-25T06:02:04.878 INFO:teuthology.orchestra.run.smithi160.stdout:/usr/bin/ceph: stderr
2024-05-25T06:01:58.987+0000 7fa52ead5700 1 -- --> [v2:172.21.15.160:3300/0,v1:172.21.15.160:6789/0] -- mon_getmap magic: 0 v1 -- 0x7fa528111b10 con 0x7fa528076b70
2024-05-25T06:02:04.878 INFO:teuthology.orchestra.run.smithi160.stdout:/usr/bin/ceph: stderr
2024-05-25T06:01:58.987+0000 7fa52c871700 1 --2- >> [v2:172.21.15.160:3300/0,v1:172.21.15.160:6789/0] conn(0x7fa528076b70 0x7fa5281115d0 unknown :-1 s=BANNER_CONNECTING pgs=0 cs=0 l=1 rev1=0 crypto rx=0 tx=0 comp rx=0 tx=0)._handle_peer_banner_payload supported=3 required=0
2024-05-25T06:02:04.878 INFO:teuthology.orchestra.run.smithi160.stdout:/usr/bin/ceph: stderr
2024-05-25T06:01:58.987+0000 7fa52c871700 1 --2- >> [v2:172.21.15.160:3300/0,v1:172.21.15.160:6789/0] conn(0x7fa528076b70 0x7fa5281115d0 unknown :-1 s=HELLO_CONNECTING pgs=0 cs=0 l=1 rev1=1 crypto rx=0 tx=0 comp rx=0 tx=0).handle_hello peer v2:172.21.15.160:3300/0 says I am v2:172.21.15.160:42516/0 (socket says 172.21.15.160:42516)
2024-05-25T06:02:04.879 INFO:teuthology.orchestra.run.smithi160.stdout:/usr/bin/ceph: stderr
2024-05-25T06:01:58.987+0000 7fa52c871700 1 -- 172.21.15.160:0/3413347958 learned_addr learned my addr 172.21.15.160:0/3413347958 (peer_addr_for_me v2:172.21.15.160:0/0)
2024-05-25T06:02:04.879 INFO:teuthology.orchestra.run.smithi160.stdout:/usr/bin/ceph: stderr
2024-05-25T06:01:58.987+0000 7fa52c871700 1 -- 172.21.15.160:0/3413347958 --> [v2:172.21.15.160:3300/0,v1:172.21.15.160:6789/0] -- mon_subscribe({config=0+,monmap=0+}) v3 -- 0x7fa51c0094f0 con 0x7fa528076b70
2024-05-25T06:02:04.879 INFO:teuthology.orchestra.run.smithi160.stdout:/usr/bin/ceph: stderr
2024-05-25T06:01:58.987+0000 7fa52c871700 1 --2- 172.21.15.160:0/3413347958 >> [v2:172.21.15.160:3300/0,v1:172.21.15.160:6789/0] conn(0x7fa528076b70 0x7fa5281115d0 secure :-1 s=READY pgs=29 cs=0 l=1 rev1=1 crypto rx=0x7fa51c006b00 tx=0x7fa51c009250 comp rx=0 tx=0).ready entity=mon.0 client_cookie=0 server_cookie=0 in_seq=0 out_seq=0
2024-05-25T06:02:04.879 INFO:teuthology.orchestra.run.smithi160.stdout:/usr/bin/ceph: stderr
2024-05-25T06:01:58.987+0000 7fa5257fa700 1 -- 172.21.15.160:0/3413347958 <== mon.0 v2:172.21.15.160:3300/0 1 ==== mon_map magic: 0 v1 ==== 229+0+0 (secure 0 0 0) 0x7fa51c0107c0 con 0x7fa528076b70
2024-05-25T06:02:04.879 INFO:teuthology.orchestra.run.smithi160.stdout:/usr/bin/ceph: stderr
2024-05-25T06:01:58.988+0000 7fa52ead5700 1 -- 172.21.15.160:0/3413347958 --> [v2:172.21.15.160:3300/0,v1:172.21.15.160:6789/0] -- mon_subscribe({mgrmap=0+}) v3 -- 0x7fa528111d10 con 0x7fa528076b70
2024-05-25T06:02:04.879 INFO:teuthology.orchestra.run.smithi160.stdout:/usr/bin/ceph: stderr
2024-05-25T06:01:58.988+0000 7fa5257fa700 1 -- 172.21.15.160:0/3413347958 <== mon.0 v2:172.21.15.160:3300/0 2 ==== config(27 keys) v1 ==== 1044+0+0 (secure 0 0 0) 0x7fa51c010db0 con 0x7fa528076b70
2024-05-25T06:02:04.880 INFO:teuthology.orchestra.run.smithi160.stdout:/usr/bin/ceph: stderr
2024-05-25T06:01:58.988+0000 7fa5257fa700 1 -- 172.21.15.160:0/3413347958 <== mon.0 v2:172.21.15.160:3300/0 3 ==== mon_map magic: 0 v1 ==== 229+0+0 (secure 0 0 0) 0x7fa51c01acf0 con 0x7fa528076b70
2024-05-25T06:02:04.880 INFO:teuthology.orchestra.run.smithi160.stdout:/usr/bin/ceph: stderr
2024-05-25T06:01:58.988+0000 7fa52ead5700 1 -- 172.21.15.160:0/3413347958 --> [v2:172.21.15.160:3300/0,v1:172.21.15.160:6789/0] -- mon_subscribe({osdmap=0}) v3 -- 0x7fa528112880 con 0x7fa528076b70
2024-05-25T06:02:04.880 INFO:teuthology.orchestra.run.smithi160.stdout:/usr/bin/ceph: stderr
2024-05-25T06:01:58.989+0000 7fa5257fa700 1 -- 172.21.15.160:0/3413347958 <== mon.0 v2:172.21.15.160:3300/0 4 ==== mgrmap(e 5) v1 ==== 43376+0+0 (secure 0 0 0) 0x7fa51c0193c0 con 0x7fa528076b70
2024-05-25T06:02:04.880 INFO:teuthology.orchestra.run.smithi160.stdout:/usr/bin/ceph: stderr
2024-05-25T06:01:58.989+0000 7fa5257fa700 1 --2- 172.21.15.160:0/3413347958 >> [v2:172.21.15.160:6800/4006145193,v1:172.21.15.160:6801/4006145193] conn(0x7fa518036850 0x7fa518038d00 unknown :-1 s=NONE pgs=0 cs=0 l=1 rev1=0 crypto rx=0 tx=0 comp rx=0 tx=0).connect
2024-05-25T06:02:04.880 INFO:teuthology.orchestra.run.smithi160.stdout:/usr/bin/ceph: stderr
2024-05-25T06:01:58.989+0000 7fa5257fa700 1 -- 172.21.15.160:0/3413347958 --> [v2:172.21.15.160:6800/4006145193,v1:172.21.15.160:6801/4006145193] -- command(tid 0: {"prefix": "get_command_descriptions"}) v1 -- 0x7fa518039410 con 0x7fa518036850
2024-05-25T06:02:04.881 INFO:teuthology.orchestra.run.smithi160.stdout:/usr/bin/ceph: stderr
2024-05-25T06:01:58.989+0000 7fa5257fa700 1 -- 172.21.15.160:0/3413347958 <== mon.0 v2:172.21.15.160:3300/0 5 ==== osd_map(1..1 src has 1..1) v4 ==== 721+0+0 (secure 0 0 0) 0x7fa51c04a610 con 0x7fa528076b70
2024-05-25T06:02:04.881 INFO:teuthology.orchestra.run.smithi160.stdout:/usr/bin/ceph: stderr
2024-05-25T06:01:58.989+0000 7fa527fff700 1 -- 172.21.15.160:0/3413347958 >> [v2:172.21.15.160:6800/4006145193,v1:172.21.15.160:6801/4006145193] conn(0x7fa518036850 msgr2=0x7fa518038d00 unknown :-1 s=STATE_CONNECTING_RE l=1).process reconnect failed to v2:172.21.15.160:6800/4006145193
2024-05-25T06:02:04.881 INFO:teuthology.orchestra.run.smithi160.stdout:/usr/bin/ceph: stderr
2024-05-25T06:01:58.989+0000 7fa527fff700 1 --2- 172.21.15.160:0/3413347958 >> [v2:172.21.15.160:6800/4006145193,v1:172.21.15.160:6801/4006145193] conn(0x7fa518036850 0x7fa518038d00 unknown :-1 s=START_CONNECT pgs=0 cs=0 l=1 rev1=0 crypto rx=0 tx=0 comp rx=0 tx=0)._fault waiting 0.200000
2024-05-25T06:02:04.881 INFO:teuthology.orchestra.run.smithi160.stdout:/usr/bin/ceph: stderr
2024-05-25T06:01:59.190+0000 7fa527fff700 1 -- 172.21.15.160:0/3413347958 >> [v2:172.21.15.160:6800/4006145193,v1:172.21.15.160:6801/4006145193] conn(0x7fa518036850 msgr2=0x7fa518038d00 unknown :-1 s=STATE_CONNECTING_RE l=1).process reconnect failed to v2:172.21.15.160:6800/4006145193
2024-05-25T06:02:04.881 INFO:teuthology.orchestra.run.smithi160.stdout:/usr/bin/ceph: stderr
2024-05-25T06:01:59.190+0000 7fa527fff700 1 --2- 172.21.15.160:0/3413347958 >> [v2:172.21.15.160:6800/4006145193,v1:172.21.15.160:6801/4006145193] conn(0x7fa518036850 0x7fa518038d00 unknown :-1 s=START_CONNECT pgs=0 cs=0 l=1 rev1=0 crypto rx=0 tx=0 comp rx=0 tx=0)._fault waiting 0.400000
2024-05-25T06:02:04.881 INFO:teuthology.orchestra.run.smithi160.stdout:/usr/bin/ceph: stderr
2024-05-25T06:01:59.591+0000 7fa527fff700 1 -- 172.21.15.160:0/3413347958 >> [v2:172.21.15.160:6800/4006145193,v1:172.21.15.160:6801/4006145193] conn(0x7fa518036850 msgr2=0x7fa518038d00 unknown :-1 s=STATE_CONNECTING_RE l=1).process reconnect failed to v2:172.21.15.160:6800/4006145193
2024-05-25T06:02:04.882 INFO:teuthology.orchestra.run.smithi160.stdout:/usr/bin/ceph: stderr
2024-05-25T06:01:59.591+0000 7fa527fff700 1 --2- 172.21.15.160:0/3413347958 >> [v2:172.21.15.160:6800/4006145193,v1:172.21.15.160:6801/4006145193] conn(0x7fa518036850 0x7fa518038d00 unknown :-1 s=START_CONNECT pgs=0 cs=0 l=1 rev1=0 crypto rx=0 tx=0 comp rx=0 tx=0)._fault waiting 0.800000
2024-05-25T06:02:04.882 INFO:teuthology.orchestra.run.smithi160.stdout:/usr/bin/ceph: stderr
2024-05-25T06:02:00.392+0000 7fa527fff700 1 -- 172.21.15.160:0/3413347958 >> [v2:172.21.15.160:6800/4006145193,v1:172.21.15.160:6801/4006145193] conn(0x7fa518036850 msgr2=0x7fa518038d00 unknown :-1 s=STATE_CONNECTING_RE l=1).process reconnect failed to v2:172.21.15.160:6800/4006145193
2024-05-25T06:02:04.882 INFO:teuthology.orchestra.run.smithi160.stdout:/usr/bin/ceph: stderr
2024-05-25T06:02:00.392+0000 7fa527fff700 1 --2- 172.21.15.160:0/3413347958 >> [v2:172.21.15.160:6800/4006145193,v1:172.21.15.160:6801/4006145193] conn(0x7fa518036850 0x7fa518038d00 unknown :-1 s=START_CONNECT pgs=0 cs=0 l=1 rev1=0 crypto rx=0 tx=0 comp rx=0 tx=0)._fault waiting 1.600000
2024-05-25T06:02:04.882 INFO:teuthology.orchestra.run.smithi160.stdout:/usr/bin/ceph: stderr
2024-05-25T06:02:01.993+0000 7fa527fff700 1 -- 172.21.15.160:0/3413347958 >> [v2:172.21.15.160:6800/4006145193,v1:172.21.15.160:6801/4006145193] conn(0x7fa518036850 msgr2=0x7fa518038d00 unknown :-1 s=STATE_CONNECTING_RE l=1).process reconnect failed to v2:172.21.15.160:6800/4006145193
2024-05-25T06:02:04.882 INFO:teuthology.orchestra.run.smithi160.stdout:/usr/bin/ceph: stderr
2024-05-25T06:02:01.993+0000 7fa527fff700 1 --2- 172.21.15.160:0/3413347958 >> [v2:172.21.15.160:6800/4006145193,v1:172.21.15.160:6801/4006145193] conn(0x7fa518036850 0x7fa518038d00 unknown :-1 s=START_CONNECT pgs=0 cs=0 l=1 rev1=0 crypto rx=0 tx=0 comp rx=0 tx=0)._fault waiting 3.200000
2024-05-25T06:02:04.883 INFO:teuthology.orchestra.run.smithi160.stdout:/usr/bin/ceph: stderr
2024-05-25T06:02:03.340+0000 7fa5257fa700 1 -- 172.21.15.160:0/3413347958 <== mon.0 v2:172.21.15.160:3300/0 6 ==== mgrmap(e 6) v1 ==== 43143+0+0 (secure 0 0 0) 0x7fa51c0198a0 con 0x7fa528076b70
2024-05-25T06:02:04.883 INFO:teuthology.orchestra.run.smithi160.stdout:/usr/bin/ceph: stderr
2024-05-25T06:02:03.340+0000 7fa5257fa700 1 -- 172.21.15.160:0/3413347958 >> [v2:172.21.15.160:6800/4006145193,v1:172.21.15.160:6801/4006145193] conn(0x7fa518036850 msgr2=0x7fa518038d00 unknown :-1 s=STATE_CONNECTING l=1).mark_down
2024-05-25T06:02:04.883 INFO:teuthology.orchestra.run.smithi160.stdout:/usr/bin/ceph: stderr
2024-05-25T06:02:03.340+0000 7fa5257fa700 1 --2- 172.21.15.160:0/3413347958 >> [v2:172.21.15.160:6800/4006145193,v1:172.21.15.160:6801/4006145193] conn(0x7fa518036850 0x7fa518038d00 unknown :-1 s=START_CONNECT pgs=0 cs=0 l=1 rev1=0 crypto rx=0 tx=0 comp rx=0 tx=0).stop
2024-05-25T06:02:04.883 INFO:teuthology.orchestra.run.smithi160.stdout:/usr/bin/ceph: stderr
2024-05-25T06:02:04.342+0000 7fa5257fa700 1 -- 172.21.15.160:0/3413347958 <== mon.0 v2:172.21.15.160:3300/0 7 ==== mgrmap(e 7) v1 ==== 43270+0+0 (secure 0 0 0) 0x7fa51c019c20 con 0x7fa528076b70
2024-05-25T06:02:04.883 INFO:teuthology.orchestra.run.smithi160.stdout:/usr/bin/ceph: stderr
2024-05-25T06:02:04.342+0000 7fa5257fa700 1 --2- 172.21.15.160:0/3413347958 >> [v2:172.21.15.160:6800/3392624553,v1:172.21.15.160:6801/3392624553] conn(0x7fa518039ff0 0x7fa51803c3d0 unknown :-1 s=NONE pgs=0 cs=0 l=1 rev1=0 crypto rx=0 tx=0 comp rx=0 tx=0).connect
2024-05-25T06:02:04.884 INFO:teuthology.orchestra.run.smithi160.stdout:/usr/bin/ceph: stderr
2024-05-25T06:02:04.342+0000 7fa5257fa700 1 -- 172.21.15.160:0/3413347958 --> [v2:172.21.15.160:6800/3392624553,v1:172.21.15.160:6801/3392624553] -- command(tid 0: {"prefix": "get_command_descriptions"}) v1 -- 0x7fa518039410 con 0x7fa518039ff0
2024-05-25T06:02:04.884 INFO:teuthology.orchestra.run.smithi160.stdout:/usr/bin/ceph: stderr
2024-05-25T06:02:04.342+0000 7fa527fff700 1 --2- 172.21.15.160:0/3413347958 >> [v2:172.21.15.160:6800/3392624553,v1:172.21.15.160:6801/3392624553] conn(0x7fa518039ff0 0x7fa51803c3d0 unknown :-1 s=BANNER_CONNECTING pgs=0 cs=0 l=1 rev1=0 crypto rx=0 tx=0 comp rx=0 tx=0)._handle_peer_banner_payload supported=3 required=0
2024-05-25T06:02:04.884 INFO:teuthology.orchestra.run.smithi160.stdout:/usr/bin/ceph: stderr
2024-05-25T06:02:04.343+0000 7fa527fff700 1 --2- 172.21.15.160:0/3413347958 >> [v2:172.21.15.160:6800/3392624553,v1:172.21.15.160:6801/3392624553] conn(0x7fa518039ff0 0x7fa51803c3d0 secure :-1 s=READY pgs=3 cs=0 l=1 rev1=1 crypto rx=0x7fa5140039d0 tx=0x7fa514009350 comp rx=0 tx=0).ready entity=mgr.14120 client_cookie=0 server_cookie=0 in_seq=0 out_seq=0
