2024-05-25T06:02:17.362+0000 7f4e6659c700 1 --2- 172.21.15.160:0/2985163135 >> [v2:172.21.15.160:6800/3392624553,v1:172.21.15.160:6801/3392624553] conn(0x7f4e50036800 0x7f4e50038cb0 secure :-1 s=READY pgs=15 cs=0 l=1 rev1=1 crypto rx=0x7f4e5c009990 tx=0x7f4e5c006e40 comp rx=0 tx=0).ready entity=mgr.14120 client_cookie=0 server_cookie=0 in_seq=0 out_seq=0
2024-05-25T06:02:18.108 INFO:teuthology.orchestra.run.smithi160.stdout:/usr/bin/ceph: stderr
2024-05-25T06:02:17.367+0000 7f4e4f7fe700 1 -- 172.21.15.160:0/2985163135 <== mon.0 v2:172.21.15.160:3300/0 6 ==== mon_command_ack([{"prefix": "get_command_descriptions"}]=0 v0) v1 ==== 72+0+176702 (secure 0 0 0) 0x7f4e5802c930 con 0x7f4e680712d0
2024-05-25T06:02:18.108 INFO:teuthology.orchestra.run.smithi160.stdout:/usr/bin/ceph: stderr
2024-05-25T06:02:17.576+0000 7f4e6d22d700 1 -- 172.21.15.160:0/2985163135 --> [v2:172.21.15.160:6800/3392624553,v1:172.21.15.160:6801/3392624553] -- mgr_command(tid 0: {"prefix": "orch apply", "service_type": "prometheus", "target": ["mon-mgr", ""]}) v1 -- 0x7f4e68101d10 con 0x7f4e50036800
2024-05-25T06:02:18.108 INFO:teuthology.orchestra.run.smithi160.stdout:/usr/bin/ceph: stderr
2024-05-25T06:02:17.581+0000 7f4e4f7fe700 1 -- 172.21.15.160:0/2985163135 <== mgr.14120 v2:172.21.15.160:6800/3392624553 1 ==== mgr_command_reply(tid 0: 0 ) v1 ==== 8+0+31 (secure 0 0 0) 0x7f4e68101d10 con 0x7f4e50036800
2024-05-25T06:02:18.108 INFO:teuthology.orchestra.run.smithi160.stdout:/usr/bin/ceph: stderr
2024-05-25T06:02:17.583+0000 7f4e6d22d700 1 -- 172.21.15.160:0/2985163135 >> [v2:172.21.15.160:6800/3392624553,v1:172.21.15.160:6801/3392624553] conn(0x7f4e50036800 msgr2=0x7f4e50038cb0 secure :-1 s=STATE_CONNECTION_ESTABLISHED l=1).mark_down
2024-05-25T06:02:18.108 INFO:teuthology.orchestra.run.smithi160.stdout:/usr/bin/ceph: stderr
2024-05-25T06:02:17.583+0000 7f4e6d22d700 1 --2- 172.21.15.160:0/2985163135 >> [v2:172.21.15.160:6800/3392624553,v1:172.21.15.160:6801/3392624553] conn(0x7f4e50036800 0x7f4e50038cb0 secure :-1 s=READY pgs=15 cs=0 l=1 rev1=1 crypto rx=0x7f4e5c009990 tx=0x7f4e5c006e40 comp rx=0 tx=0).stop
2024-05-25T06:02:18.108 INFO:teuthology.orchestra.run.smithi160.stdout:/usr/bin/ceph: stderr
2024-05-25T06:02:17.583+0000 7f4e6d22d700 1 -- 172.21.15.160:0/2985163135 >> [v2:172.21.15.160:3300/0,v1:172.21.15.160:6789/0] conn(0x7f4e680712d0 msgr2=0x7f4e68102dc0 secure :-1 s=STATE_CONNECTION_ESTABLISHED l=1).mark_down
2024-05-25T06:02:18.108 INFO:teuthology.orchestra.run.smithi160.stdout:/usr/bin/ceph: stderr
2024-05-25T06:02:17.583+0000 7f4e6d22d700 1 --2- 172.21.15.160:0/2985163135 >> [v2:172.21.15.160:3300/0,v1:172.21.15.160:6789/0] conn(0x7f4e680712d0 0x7f4e68102dc0 secure :-1 s=READY pgs=54 cs=0 l=1 rev1=1 crypto rx=0x7f4e580094c0 tx=0x7f4e58009250 comp rx=0 tx=0).stop
2024-05-25T06:02:18.108 INFO:teuthology.orchestra.run.smithi160.stdout:/usr/bin/ceph: stderr
2024-05-25T06:02:17.583+0000 7f4e6d22d700 1 -- 172.21.15.160:0/2985163135 shutdown_connections
2024-05-25T06:02:18.108 INFO:teuthology.orchestra.run.smithi160.stdout:/usr/bin/ceph: stderr
2024-05-25T06:02:17.583+0000 7f4e6d22d700 1 --2- 172.21.15.160:0/2985163135 >> [v2:172.21.15.160:6800/3392624553,v1:172.21.15.160:6801/3392624553] conn(0x7f4e50036800 0x7f4e50038cb0 unknown :-1 s=CLOSED pgs=15 cs=0 l=1 rev1=1 crypto rx=0 tx=0 comp rx=0 tx=0).stop
2024-05-25T06:02:18.108 INFO:teuthology.orchestra.run.smithi160.stdout:/usr/bin/ceph: stderr
2024-05-25T06:02:17.583+0000 7f4e6d22d700 1 --2- 172.21.15.160:0/2985163135 >> [v2:172.21.15.160:3300/0,v1:172.21.15.160:6789/0] conn(0x7f4e680712d0 0x7f4e68102dc0 unknown :-1 s=CLOSED pgs=54 cs=0 l=1 rev1=1 crypto rx=0 tx=0 comp rx=0 tx=0).stop
2024-05-25T06:02:18.108 INFO:teuthology.orchestra.run.smithi160.stdout:/usr/bin/ceph: stderr
2024-05-25T06:02:17.583+0000 7f4e6d22d700 1 -- 172.21.15.160:0/2985163135 >> 172.21.15.160:0/2985163135 conn(0x7f4e680fcea0 msgr2=0x7f4e680fda10 unknown :-1 s=STATE_NONE l=0).mark_down
2024-05-25T06:02:18.108 INFO:teuthology.orchestra.run.smithi160.stdout:/usr/bin/ceph: stderr
2024-05-25T06:02:17.583+0000 7f4e6d22d700 1 -- 172.21.15.160:0/2985163135 shutdown_connections
2024-05-25T06:02:18.109 INFO:teuthology.orchestra.run.smithi160.stdout:/usr/bin/ceph: stderr
2024-05-25T06:02:17.583+0000 7f4e6d22d700 1 -- 172.21.15.160:0/2985163135 wait complete.
2024-05-25T06:02:18.109 INFO:teuthology.orchestra.run.smithi160.stdout:Deploying grafana service with default placement...
2024-05-25T06:02:18.886 INFO:journalctl@ceph.mon.smithi160.smithi160.stdout:May 25 06:02:18 smithi160 ceph-mon[29041]: from='client.14148 -' entity='client.admin' cmd=[{"prefix": "orch apply", "service_type": "prometheus", "target": ["mon-mgr", ""]}]: dispatch
2024-05-25T06:02:18.886 INFO:journalctl@ceph.mon.smithi160.smithi160.stdout:May 25 06:02:18 smithi160 ceph-mon[29041]: Saving service prometheus spec with placement count:1
2024-05-25T06:02:18.886 INFO:journalctl@ceph.mon.smithi160.smithi160.stdout:May 25 06:02:18 smithi160 ceph-mon[29041]: from='mgr.14120 172.21.15.160:0/3415429581' entity='mgr.smithi160.nalzlg'
2024-05-25T06:02:19.463 INFO:teuthology.orchestra.run.smithi160.stdout:/usr/bin/ceph: stdout Scheduled grafana update...
2024-05-25T06:02:19.463 INFO:teuthology.orchestra.run.smithi160.stdout:/usr/bin/ceph: stderr
2024-05-25T06:02:18.483+0000 7f2ecb0a2700 1 Processor -- start
2024-05-25T06:02:19.463 INFO:teuthology.orchestra.run.smithi160.stdout:/usr/bin/ceph: stderr
2024-05-25T06:02:18.483+0000 7f2ecb0a2700 1 -- start start
2024-05-25T06:02:19.463 INFO:teuthology.orchestra.run.smithi160.stdout:/usr/bin/ceph: stderr
2024-05-25T06:02:18.483+0000 7f2ecb0a2700 1 --2- >> [v2:172.21.15.160:3300/0,v1:172.21.15.160:6789/0] conn(0x7f2ec4078d40 0x7f2ec4077250 unknown :-1 s=NONE pgs=0 cs=0 l=0 rev1=0 crypto rx=0 tx=0 comp rx=0 tx=0).connect
2024-05-25T06:02:19.463 INFO:teuthology.orchestra.run.smithi160.stdout:/usr/bin/ceph: stderr
2024-05-25T06:02:18.483+0000 7f2ecb0a2700 1 -- --> [v2:172.21.15.160:3300/0,v1:172.21.15.160:6789/0] -- mon_getmap magic: 0 v1 -- 0x7f2ec4079150 con 0x7f2ec4078d40
2024-05-25T06:02:19.463 INFO:teuthology.orchestra.run.smithi160.stdout:/usr/bin/ceph: stderr
2024-05-25T06:02:18.483+0000 7f2ec8e3e700 1 --2- >> [v2:172.21.15.160:3300/0,v1:172.21.15.160:6789/0] conn(0x7f2ec4078d40 0x7f2ec4077250 unknown :-1 s=BANNER_CONNECTING pgs=0 cs=0 l=0 rev1=0 crypto rx=0 tx=0 comp rx=0 tx=0)._handle_peer_banner_payload supported=3 required=0
2024-05-25T06:02:19.463 INFO:teuthology.orchestra.run.smithi160.stdout:/usr/bin/ceph: stderr
2024-05-25T06:02:18.483+0000 7f2ec8e3e700 1 --2- >> [v2:172.21.15.160:3300/0,v1:172.21.15.160:6789/0] conn(0x7f2ec4078d40 0x7f2ec4077250 unknown :-1 s=HELLO_CONNECTING pgs=0 cs=0 l=0 rev1=1 crypto rx=0 tx=0 comp rx=0 tx=0).handle_hello peer v2:172.21.15.160:3300/0 says I am v2:172.21.15.160:35472/0 (socket says 172.21.15.160:35472)
2024-05-25T06:02:19.463 INFO:teuthology.orchestra.run.smithi160.stdout:/usr/bin/ceph: stderr
2024-05-25T06:02:18.483+0000 7f2ec8e3e700 1 -- 172.21.15.160:0/1659243512 learned_addr learned my addr 172.21.15.160:0/1659243512 (peer_addr_for_me v2:172.21.15.160:0/0)
2024-05-25T06:02:19.463 INFO:teuthology.orchestra.run.smithi160.stdout:/usr/bin/ceph: stderr
2024-05-25T06:02:18.483+0000 7f2ec8e3e700 1 -- 172.21.15.160:0/1659243512 --> [v2:172.21.15.160:3300/0,v1:172.21.15.160:6789/0] -- mon_subscribe({config=0+,monmap=0+}) v3 -- 0x7f2ec4077790 con 0x7f2ec4078d40
2024-05-25T06:02:19.463 INFO:teuthology.orchestra.run.smithi160.stdout:/usr/bin/ceph: stderr
2024-05-25T06:02:18.483+0000 7f2ec8e3e700 1 --2- 172.21.15.160:0/1659243512 >> [v2:172.21.15.160:3300/0,v1:172.21.15.160:6789/0] conn(0x7f2ec4078d40 0x7f2ec4077250 secure :-1 s=READY pgs=55 cs=0 l=1 rev1=1 crypto rx=0x7f2eb80098e0 tx=0x7f2eb8009250 comp rx=0 tx=0).ready entity=mon.0 client_cookie=ac7a7db289bd6b35 server_cookie=0 in_seq=0 out_seq=0
2024-05-25T06:02:19.463 INFO:teuthology.orchestra.run.smithi160.stdout:/usr/bin/ceph: stderr
2024-05-25T06:02:18.484+0000 7f2ec37fe700 1 -- 172.21.15.160:0/1659243512 <== mon.0 v2:172.21.15.160:3300/0 1 ==== mon_map magic: 0 v1 ==== 229+0+0 (secure 0 0 0) 0x7f2eb800b860 con 0x7f2ec4078d40
2024-05-25T06:02:19.464 INFO:teuthology.orchestra.run.smithi160.stdout:/usr/bin/ceph: stderr
2024-05-25T06:02:18.484+0000 7f2ec37fe700 1 -- 172.21.15.160:0/1659243512 <== mon.0 v2:172.21.15.160:3300/0 2 ==== config(27 keys) v1 ==== 1109+0+0 (secure 0 0 0) 0x7f2eb800be90 con 0x7f2ec4078d40
2024-05-25T06:02:19.464 INFO:teuthology.orchestra.run.smithi160.stdout:/usr/bin/ceph: stderr
2024-05-25T06:02:18.484+0000 7f2ec37fe700 1 -- 172.21.15.160:0/1659243512 <== mon.0 v2:172.21.15.160:3300/0 3 ==== mon_map magic: 0 v1 ==== 229+0+0 (secure 0 0 0) 0x7f2eb80103c0 con 0x7f2ec4078d40
2024-05-25T06:02:19.464 INFO:teuthology.orchestra.run.smithi160.stdout:/usr/bin/ceph: stderr
2024-05-25T06:02:18.484+0000 7f2ecb0a2700 1 -- 172.21.15.160:0/1659243512 >> [v2:172.21.15.160:3300/0,v1:172.21.15.160:6789/0] conn(0x7f2ec4078d40 msgr2=0x7f2ec4077250 secure :-1 s=STATE_CONNECTION_ESTABLISHED l=1).mark_down
2024-05-25T06:02:19.464 INFO:teuthology.orchestra.run.smithi160.stdout:/usr/bin/ceph: stderr
2024-05-25T06:02:18.484+0000 7f2ecb0a2700 1 --2- 172.21.15.160:0/1659243512 >> [v2:172.21.15.160:3300/0,v1:172.21.15.160:6789/0] conn(0x7f2ec4078d40 0x7f2ec4077250 secure :-1 s=READY pgs=55 cs=0 l=1 rev1=1 crypto rx=0x7f2eb80098e0 tx=0x7f2eb8009250 comp rx=0 tx=0).stop
2024-05-25T06:02:19.464 INFO:teuthology.orchestra.run.smithi160.stdout:/usr/bin/ceph: stderr
2024-05-25T06:02:18.484+0000 7f2ecb0a2700 1 -- 172.21.15.160:0/1659243512 shutdown_connections
2024-05-25T06:02:19.464 INFO:teuthology.orchestra.run.smithi160.stdout:/usr/bin/ceph: stderr
2024-05-25T06:02:18.484+0000 7f2ecb0a2700 1 --2- 172.21.15.160:0/1659243512 >> [v2:172.21.15.160:3300/0,v1:172.21.15.160:6789/0] conn(0x7f2ec4078d40 0x7f2ec4077250 unknown :-1 s=CLOSED pgs=55 cs=0 l=1 rev1=1 crypto rx=0 tx=0 comp rx=0 tx=0).stop
2024-05-25T06:02:19.464 INFO:teuthology.orchestra.run.smithi160.stdout:/usr/bin/ceph: stderr
2024-05-25T06:02:18.484+0000 7f2ecb0a2700 1 -- 172.21.15.160:0/1659243512 >> 172.21.15.160:0/1659243512 conn(0x7f2ec40fdfd0 msgr2=0x7f2ec41003e0 unknown :-1 s=STATE_NONE l=0).mark_down
2024-05-25T06:02:19.464 INFO:teuthology.orchestra.run.smithi160.stdout:/usr/bin/ceph: stderr
2024-05-25T06:02:18.484+0000 7f2ecb0a2700 1 -- 172.21.15.160:0/1659243512 shutdown_connections
2024-05-25T06:02:19.464 INFO:teuthology.orchestra.run.smithi160.stdout:/usr/bin/ceph: stderr
2024-05-25T06:02:18.484+0000 7f2ecb0a2700 1 -- 172.21.15.160:0/1659243512 wait complete.
2024-05-25T06:02:19.464 INFO:teuthology.orchestra.run.smithi160.stdout:/usr/bin/ceph: stderr
2024-05-25T06:02:18.485+0000 7f2ecb0a2700 1 Processor -- start
2024-05-25T06:02:19.464 INFO:teuthology.orchestra.run.smithi160.stdout:/usr/bin/ceph: stderr
2024-05-25T06:02:18.485+0000 7f2ecb0a2700 1 -- start start
2024-05-25T06:02:19.464 INFO:teuthology.orchestra.run.smithi160.stdout:/usr/bin/ceph: stderr
2024-05-25T06:02:18.485+0000 7f2ecb0a2700 1 --2- >> [v2:172.21.15.160:3300/0,v1:172.21.15.160:6789/0] conn(0x7f2ec4078d40 0x7f2ec41138b0 unknown :-1 s=NONE pgs=0 cs=0 l=1 rev1=0 crypto rx=0 tx=0 comp rx=0 tx=0).connect
2024-05-25T06:02:19.465 INFO:teuthology.orchestra.run.smithi160.stdout:/usr/bin/ceph: stderr
2024-05-25T06:02:18.485+0000 7f2ecb0a2700 1 -- --> [v2:172.21.15.160:3300/0,v1:172.21.15.160:6789/0] -- mon_getmap magic: 0 v1 -- 0x7f2ec4113df0 con 0x7f2ec4078d40
2024-05-25T06:02:19.465 INFO:teuthology.orchestra.run.smithi160.stdout:/usr/bin/ceph: stderr
2024-05-25T06:02:18.485+0000 7f2ec8e3e700 1 --2- >> [v2:172.21.15.160:3300/0,v1:172.21.15.160:6789/0] conn(0x7f2ec4078d40 0x7f2ec41138b0 unknown :-1 s=BANNER_CONNECTING pgs=0 cs=0 l=1 rev1=0 crypto rx=0 tx=0 comp rx=0 tx=0)._handle_peer_banner_payload supported=3 required=0
2024-05-25T06:02:19.465 INFO:teuthology.orchestra.run.smithi160.stdout:/usr/bin/ceph: stderr
2024-05-25T06:02:18.485+0000 7f2ec8e3e700 1 --2- >> [v2:172.21.15.160:3300/0,v1:172.21.15.160:6789/0] conn(0x7f2ec4078d40 0x7f2ec41138b0 unknown :-1 s=HELLO_CONNECTING pgs=0 cs=0 l=1 rev1=1 crypto rx=0 tx=0 comp rx=0 tx=0).handle_hello peer v2:172.21.15.160:3300/0 says I am v2:172.21.15.160:35476/0 (socket says 172.21.15.160:35476)
2024-05-25T06:02:19.465 INFO:teuthology.orchestra.run.smithi160.stdout:/usr/bin/ceph: stderr
2024-05-25T06:02:18.485+0000 7f2ec8e3e700 1 -- 172.21.15.160:0/4049514264 learned_addr learned my addr 172.21.15.160:0/4049514264 (peer_addr_for_me v2:172.21.15.160:0/0)
2024-05-25T06:02:19.465 INFO:teuthology.orchestra.run.smithi160.stdout:/usr/bin/ceph: stderr
2024-05-25T06:02:18.485+0000 7f2ec8e3e700 1 -- 172.21.15.160:0/4049514264 --> [v2:172.21.15.160:3300/0,v1:172.21.15.160:6789/0] -- mon_subscribe({config=0+,monmap=0+}) v3 -- 0x7f2eb80094f0 con 0x7f2ec4078d40
2024-05-25T06:02:19.465 INFO:teuthology.orchestra.run.smithi160.stdout:/usr/bin/ceph: stderr
2024-05-25T06:02:18.486+0000 7f2ec8e3e700 1 --2- 172.21.15.160:0/4049514264 >> [v2:172.21.15.160:3300/0,v1:172.21.15.160:6789/0] conn(0x7f2ec4078d40 0x7f2ec41138b0 secure :-1 s=READY pgs=56 cs=0 l=1 rev1=1 crypto rx=0x7f2eb80105b0 tx=0x7f2eb8009250 comp rx=0 tx=0).ready entity=mon.0 client_cookie=0 server_cookie=0 in_seq=0 out_seq=0
2024-05-25T06:02:19.465 INFO:teuthology.orchestra.run.smithi160.stdout:/usr/bin/ceph: stderr
2024-05-25T06:02:18.486+0000 7f2ec17fa700 1 -- 172.21.15.160:0/4049514264 <== mon.0 v2:172.21.15.160:3300/0 1 ==== mon_map magic: 0 v1 ==== 229+0+0 (secure 0 0 0) 0x7f2eb8010840 con 0x7f2ec4078d40
2024-05-25T06:02:19.465 INFO:teuthology.orchestra.run.smithi160.stdout:/usr/bin/ceph: stderr
2024-05-25T06:02:18.486+0000 7f2ec17fa700 1 -- 172.21.15.160:0/4049514264 <== mon.0 v2:172.21.15.160:3300/0 2 ==== config(27 keys) v1 ==== 1109+0+0 (secure 0 0 0) 0x7f2eb8010e70 con 0x7f2ec4078d40
2024-05-25T06:02:19.465 INFO:teuthology.orchestra.run.smithi160.stdout:/usr/bin/ceph: stderr
2024-05-25T06:02:18.486+0000 7f2ec17fa700 1 -- 172.21.15.160:0/4049514264 <== mon.0 v2:172.21.15.160:3300/0 3 ==== mon_map magic: 0 v1 ==== 229+0+0 (secure 0 0 0) 0x7f2eb801ae30 con 0x7f2ec4078d40
2024-05-25T06:02:19.465 INFO:teuthology.orchestra.run.smithi160.stdout:/usr/bin/ceph: stderr
2024-05-25T06:02:18.486+0000 7f2ecb0a2700 1 -- 172.21.15.160:0/4049514264 --> [v2:172.21.15.160:3300/0,v1:172.21.15.160:6789/0] -- mon_subscribe({mgrmap=0+}) v3 -- 0x7f2ec4113ff0 con 0x7f2ec4078d40
2024-05-25T06:02:19.465 INFO:teuthology.orchestra.run.smithi160.stdout:/usr/bin/ceph: stderr
2024-05-25T06:02:18.486+0000 7f2ecb0a2700 1 -- 172.21.15.160:0/4049514264 --> [v2:172.21.15.160:3300/0,v1:172.21.15.160:6789/0] -- mon_subscribe({osdmap=0}) v3 -- 0x7f2ec4114b60 con 0x7f2ec4078d40
2024-05-25T06:02:19.465 INFO:teuthology.orchestra.run.smithi160.stdout:/usr/bin/ceph: stderr
2024-05-25T06:02:18.487+0000 7f2ec17fa700 1 -- 172.21.15.160:0/4049514264 <== mon.0 v2:172.21.15.160:3300/0 4 ==== mgrmap(e 8) v1 ==== 43376+0+0 (secure 0 0 0) 0x7f2eb802d3f0 con 0x7f2ec4078d40
2024-05-25T06:02:19.465 INFO:teuthology.orchestra.run.smithi160.stdout:/usr/bin/ceph: stderr
2024-05-25T06:02:18.487+0000 7f2ecb0a2700 1 -- 172.21.15.160:0/4049514264 --> [v2:172.21.15.160:3300/0,v1:172.21.15.160:6789/0] -- mon_command({"prefix": "get_command_descriptions"} v 0) v1 -- 0x7f2ec405f5c0 con 0x7f2ec4078d40
2024-05-25T06:02:19.466 INFO:teuthology.orchestra.run.smithi160.stdout:/usr/bin/ceph: stderr
2024-05-25T06:02:18.487+0000 7f2ec17fa700 1 --2- 172.21.15.160:0/4049514264 >> [v2:172.21.15.160:6800/3392624553,v1:172.21.15.160:6801/3392624553] conn(0x7f2eb40368a0 0x7f2eb4038d50 unknown :-1 s=NONE pgs=0 cs=0 l=1 rev1=0 crypto rx=0 tx=0 comp rx=0 tx=0).connect
2024-05-25T06:02:19.466 INFO:teuthology.orchestra.run.smithi160.stdout:/usr/bin/ceph: stderr
2024-05-25T06:02:18.487+0000 7f2ec17fa700 1 -- 172.21.15.160:0/4049514264 <== mon.0 v2:172.21.15.160:3300/0 5 ==== osd_map(2..2 src has 1..2) v4 ==== 936+0+0 (secure 0 0 0) 0x7f2eb804a140 con 0x7f2ec4078d40
2024-05-25T06:02:19.466 INFO:teuthology.orchestra.run.smithi160.stdout:/usr/bin/ceph: stderr
2024-05-25T06:02:18.487+0000 7f2ec3fff700 1 --2- 172.21.15.160:0/4049514264 >> [v2:172.21.15.160:6800/3392624553,v1:172.21.15.160:6801/3392624553] conn(0x7f2eb40368a0 0x7f2eb4038d50 unknown :-1 s=BANNER_CONNECTING pgs=0 cs=0 l=1 rev1=0 crypto rx=0 tx=0 comp rx=0 tx=0)._handle_peer_banner_payload supported=3 required=0
2024-05-25T06:02:19.466 INFO:teuthology.orchestra.run.smithi160.stdout:/usr/bin/ceph: stderr
2024-05-25T06:02:18.487+0000 7f2ec3fff700 1 --2- 172.21.15.160:0/4049514264 >> [v2:172.21.15.160:6800/3392624553,v1:172.21.15.160:6801/3392624553] conn(0x7f2eb40368a0 0x7f2eb4038d50 secure :-1 s=READY pgs=16 cs=0 l=1 rev1=1 crypto rx=0x7f2eb0009990 tx=0x7f2eb0006e40 comp rx=0 tx=0).ready entity=mgr.14120 client_cookie=0 server_cookie=0 in_seq=0 out_seq=0
2024-05-25T06:02:19.466 INFO:teuthology.orchestra.run.smithi160.stdout:/usr/bin/ceph: stderr
2024-05-25T06:02:18.491+0000 7f2ec17fa700 1 -- 172.21.15.160:0/4049514264 <== mon.0 v2:172.21.15.160:3300/0 6 ==== mon_command_ack([{"prefix": "get_command_descriptions"}]=0 v0) v1 ==== 72+0+176702 (secure 0 0 0) 0x7f2eb802b4d0 con 0x7f2ec4078d40
2024-05-25T06:02:19.466 INFO:teuthology.orchestra.run.smithi160.stdout:/usr/bin/ceph: stderr
2024-05-25T06:02:18.689+0000 7f2ecb0a2700 1 -- 172.21.15.160:0/4049514264 --> [v2:172.21.15.160:6800/3392624553,v1:172.21.15.160:6801/3392624553] -- mgr_command(tid 0: {"prefix": "orch apply", "service_type": "grafana", "target": ["mon-mgr", ""]}) v1 -- 0x7f2ec40ff230 con 0x7f2eb40368a0
2024-05-25T06:02:19.466 INFO:teuthology.orchestra.run.smithi160.stdout:/usr/bin/ceph: stderr
2024-05-25T06:02:18.694+0000 7f2ec17fa700 1 -- 172.21.15.160:0/4049514264 <== mgr.14120 v2:172.21.15.160:6800/3392624553 1 ==== mgr_command_reply(tid 0: 0 ) v1 ==== 8+0+28 (secure 0 0 0) 0x7f2ec40ff230 con 0x7f2eb40368a0
2024-05-25T06:02:19.466 INFO:teuthology.orchestra.run.smithi160.stdout:/usr/bin/ceph: stderr
2024-05-25T06:02:18.696+0000 7f2ecb0a2700 1 -- 172.21.15.160:0/4049514264 >> [v2:172.21.15.160:6800/3392624553,v1:172.21.15.160:6801/3392624553] conn(0x7f2eb40368a0 msgr2=0x7f2eb4038d50 secure :-1 s=STATE_CONNECTION_ESTABLISHED l=1).mark_down
2024-05-25T06:02:19.466 INFO:teuthology.orchestra.run.smithi160.stdout:/usr/bin/ceph: stderr
2024-05-25T06:02:18.696+0000 7f2ecb0a2700 1 --2- 172.21.15.160:0/4049514264 >> [v2:172.21.15.160:6800/3392624553,v1:172.21.15.160:6801/3392624553] conn(0x7f2eb40368a0 0x7f2eb4038d50 secure :-1 s=READY pgs=16 cs=0 l=1 rev1=1 crypto rx=0x7f2eb0009990 tx=0x7f2eb0006e40 comp rx=0 tx=0).stop
2024-05-25T06:02:19.466 INFO:teuthology.orchestra.run.smithi160.stdout:/usr/bin/ceph: stderr
2024-05-25T06:02:18.696+0000 7f2ecb0a2700 1 -- 172.21.15.160:0/4049514264 >> [v2:172.21.15.160:3300/0,v1:172.21.15.160:6789/0] conn(0x7f2ec4078d40 msgr2=0x7f2ec41138b0 secure :-1 s=STATE_CONNECTION_ESTABLISHED l=1).mark_down
2024-05-25T06:02:19.466 INFO:teuthology.orchestra.run.smithi160.stdout:/usr/bin/ceph: stderr
2024-05-25T06:02:18.696+0000 7f2ecb0a2700 1 --2- 172.21.15.160:0/4049514264 >> [v2:172.21.15.160:3300/0,v1:172.21.15.160:6789/0] conn(0x7f2ec4078d40 0x7f2ec41138b0 secure :-1 s=READY pgs=56 cs=0 l=1 rev1=1 crypto rx=0x7f2eb80105b0 tx=0x7f2eb8009250 comp rx=0 tx=0).stop
2024-05-25T06:02:19.466 INFO:teuthology.orchestra.run.smithi160.stdout:/usr/bin/ceph: stderr
2024-05-25T06:02:18.696+0000 7f2ecb0a2700 1 -- 172.21.15.160:0/4049514264 shutdown_connections
2024-05-25T06:02:19.466 INFO:teuthology.orchestra.run.smithi160.stdout:/usr/bin/ceph: stderr
2024-05-25T06:02:18.696+0000 7f2ecb0a2700 1 --2- 172.21.15.160:0/4049514264 >> [v2:172.21.15.160:6800/3392624553,v1:172.21.15.160:6801/3392624553] conn(0x7f2eb40368a0 0x7f2eb4038d50 unknown :-1 s=CLOSED pgs=16 cs=0 l=1 rev1=1 crypto rx=0 tx=0 comp rx=0 tx=0).stop
2024-05-25T06:02:19.467 INFO:teuthology.orchestra.run.smithi160.stdout:/usr/bin/ceph: stderr
2024-05-25T06:02:18.696+0000 7f2ecb0a2700 1 --2- 172.21.15.160:0/4049514264 >> [v2:172.21.15.160:3300/0,v1:172.21.15.160:6789/0] conn(0x7f2ec4078d40 0x7f2ec41138b0 unknown :-1 s=CLOSED pgs=56 cs=0 l=1 rev1=1 crypto rx=0 tx=0 comp rx=0 tx=0).stop
2024-05-25T06:02:19.467 INFO:teuthology.orchestra.run.smithi160.stdout:/usr/bin/ceph: stderr
2024-05-25T06:02:18.696+0000 7f2ecb0a2700 1 -- 172.21.15.160:0/4049514264 >> 172.21.15.160:0/4049514264 conn(0x7f2ec40fdfd0 msgr2=0x7f2ec40feb20 unknown :-1 s=STATE_NONE l=0).mark_down
2024-05-25T06:02:19.467 INFO:teuthology.orchestra.run.smithi160.stdout:/usr/bin/ceph: stderr
2024-05-25T06:02:18.696+0000 7f2ecb0a2700 1 -- 172.21.15.160:0/4049514264 shutdown_connections
2024-05-25T06:02:19.467 INFO:teuthology.orchestra.run.smithi160.stdout:/usr/bin/ceph: stderr
2024-05-25T06:02:18.696+0000 7f2ecb0a2700 1 -- 172.21.15.160:0/4049514264 wait complete.
2024-05-25T06:02:19.467 INFO:teuthology.orchestra.run.smithi160.stdout:Deploying node-exporter service with default placement...
2024-05-25T06:02:19.825 INFO:journalctl@ceph.mon.smithi160.smithi160.stdout:May 25 06:02:19 smithi160 ceph-mon[29041]: from='client.14150 -' entity='client.admin' cmd=[{"prefix": "orch apply", "service_type": "grafana", "target": ["mon-mgr", ""]}]: dispatch
2024-05-25T06:02:19.825 INFO:journalctl@ceph.mon.smithi160.smithi160.stdout:May 25 06:02:19 smithi160 ceph-mon[29041]: Saving service grafana spec with placement count:1
2024-05-25T06:02:19.825 INFO:journalctl@ceph.mon.smithi160.smithi160.stdout:May 25 06:02:19 smithi160 ceph-mon[29041]: from='mgr.14120 172.21.15.160:0/3415429581' entity='mgr.smithi160.nalzlg'
2024-05-25T06:02:19.825 INFO:journalctl@ceph.mon.smithi160.smithi160.stdout:May 25 06:02:19 smithi160 ceph-mon[29041]: from='mgr.14120 172.21.15.160:0/3415429581' entity='mgr.smithi160.nalzlg'
2024-05-25T06:02:20.635 INFO:teuthology.orchestra.run.smithi160.stdout:/usr/bin/ceph: stdout Scheduled node-exporter update...
2024-05-25T06:02:20.636 INFO:teuthology.orchestra.run.smithi160.stdout:/usr/bin/ceph: stderr
2024-05-25T06:02:19.849+0000 7ff48e609700 1 Processor -- start
2024-05-25T06:02:20.636 INFO:teuthology.orchestra.run.smithi160.stdout:/usr/bin/ceph: stderr
2024-05-25T06:02:19.849+0000 7ff48e609700 1 -- start start
2024-05-25T06:02:20.636 INFO:teuthology.orchestra.run.smithi160.stdout:/usr/bin/ceph: stderr
2024-05-25T06:02:19.850+0000 7ff48e609700 1 --2- >> [v2:172.21.15.160:3300/0,v1:172.21.15.160:6789/0] conn(0x7ff488071310 0x7ff488105430 unknown :-1 s=NONE pgs=0 cs=0 l=0 rev1=0 crypto rx=0 tx=0 comp rx=0 tx=0).connect
2024-05-25T06:02:20.636 INFO:teuthology.orchestra.run.smithi160.stdout:/usr/bin/ceph: stderr
2024-05-25T06:02:19.850+0000 7ff48e609700 1 -- --> [v2:172.21.15.160:3300/0,v1:172.21.15.160:6789/0] -- mon_getmap magic: 0 v1 -- 0x7ff488105970 con 0x7ff488071310
2024-05-25T06:02:20.636 INFO:teuthology.orchestra.run.smithi160.stdout:/usr/bin/ceph: stderr
2024-05-25T06:02:19.850+0000 7ff487fff700 1 --2- >> [v2:172.21.15.160:3300/0,v1:172.21.15.160:6789/0] conn(0x7ff488071310 0x7ff488105430 unknown :-1 s=BANNER_CONNECTING pgs=0 cs=0 l=0 rev1=0 crypto rx=0 tx=0 comp rx=0 tx=0)._handle_peer_banner_payload supported=3 required=0
2024-05-25T06:02:20.636 INFO:teuthology.orchestra.run.smithi160.stdout:/usr/bin/ceph: stderr
2024-05-25T06:02:19.850+0000 7ff487fff700 1 --2- >> [v2:172.21.15.160:3300/0,v1:172.21.15.160:6789/0] conn(0x7ff488071310 0x7ff488105430 unknown :-1 s=HELLO_CONNECTING pgs=0 cs=0 l=0 rev1=1 crypto rx=0 tx=0 comp rx=0 tx=0).handle_hello peer v2:172.21.15.160:3300/0 says I am v2:172.21.15.160:35482/0 (socket says 172.21.15.160:35482)
2024-05-25T06:02:20.636 INFO:teuthology.orchestra.run.smithi160.stdout:/usr/bin/ceph: stderr
2024-05-25T06:02:19.850+0000 7ff487fff700 1 -- 172.21.15.160:0/341132669 learned_addr learned my addr 172.21.15.160:0/341132669 (peer_addr_for_me v2:172.21.15.160:0/0)
2024-05-25T06:02:20.636 INFO:teuthology.orchestra.run.smithi160.stdout:/usr/bin/ceph: stderr
2024-05-25T06:02:19.850+0000 7ff487fff700 1 -- 172.21.15.160:0/341132669 --> [v2:172.21.15.160:3300/0,v1:172.21.15.160:6789/0] -- mon_subscribe({config=0+,monmap=0+}) v3 -- 0x7ff488105ab0 con 0x7ff488071310
2024-05-25T06:02:20.636 INFO:teuthology.orchestra.run.smithi160.stdout:/usr/bin/ceph: stderr
2024-05-25T06:02:19.850+0000 7ff487fff700 1 --2- 172.21.15.160:0/341132669 >> [v2:172.21.15.160:3300/0,v1:172.21.15.160:6789/0] conn(0x7ff488071310 0x7ff488105430 secure :-1 s=READY pgs=57 cs=0 l=1 rev1=1 crypto rx=0x7ff4780098e0 tx=0x7ff478009250 comp rx=0 tx=0).ready entity=mon.0 client_cookie=10b8fcebfee63306 server_cookie=0 in_seq=0 out_seq=0
2024-05-25T06:02:20.636 INFO:teuthology.orchestra.run.smithi160.stdout:/usr/bin/ceph: stderr
2024-05-25T06:02:19.850+0000 7ff486ffd700 1 -- 172.21.15.160:0/341132669 <== mon.0 v2:172.21.15.160:3300/0 1 ==== mon_map magic: 0 v1 ==== 229+0+0 (secure 0 0 0) 0x7ff47800b860 con 0x7ff488071310
2024-05-25T06:02:20.636 INFO:teuthology.orchestra.run.smithi160.stdout:/usr/bin/ceph: stderr
2024-05-25T06:02:19.850+0000 7ff486ffd700 1 -- 172.21.15.160:0/341132669 <== mon.0 v2:172.21.15.160:3300/0 2 ==== config(27 keys) v1 ==== 1109+0+0 (secure 0 0 0) 0x7ff47800be90 con 0x7ff488071310
2024-05-25T06:02:20.636 INFO:teuthology.orchestra.run.smithi160.stdout:/usr/bin/ceph: stderr
2024-05-25T06:02:19.850+0000 7ff486ffd700 1 -- 172.21.15.160:0/341132669 <== mon.0 v2:172.21.15.160:3300/0 3 ==== mon_map magic: 0 v1 ==== 229+0+0 (secure 0 0 0) 0x7ff4780103c0 con 0x7ff488071310
2024-05-25T06:02:20.636 INFO:teuthology.orchestra.run.smithi160.stdout:/usr/bin/ceph: stderr
2024-05-25T06:02:19.851+0000 7ff48e609700 1 -- 172.21.15.160:0/341132669 >> [v2:172.21.15.160:3300/0,v1:172.21.15.160:6789/0] conn(0x7ff488071310 msgr2=0x7ff488105430 secure :-1 s=STATE_CONNECTION_ESTABLISHED l=1).mark_down
2024-05-25T06:02:20.637 INFO:teuthology.orchestra.run.smithi160.stdout:/usr/bin/ceph: stderr
2024-05-25T06:02:19.851+0000 7ff48e609700 1 --2- 172.21.15.160:0/341132669 >> [v2:172.21.15.160:3300/0,v1:172.21.15.160:6789/0] conn(0x7ff488071310 0x7ff488105430 secure :-1 s=READY pgs=57 cs=0 l=1 rev1=1 crypto rx=0x7ff4780098e0 tx=0x7ff478009250 comp rx=0 tx=0).stop
2024-05-25T06:02:20.637 INFO:teuthology.orchestra.run.smithi160.stdout:/usr/bin/ceph: stderr
2024-05-25T06:02:19.851+0000 7ff48e609700 1 -- 172.21.15.160:0/341132669 shutdown_connections
2024-05-25T06:02:20.637 INFO:teuthology.orchestra.run.smithi160.stdout:/usr/bin/ceph: stderr
2024-05-25T06:02:19.851+0000 7ff48e609700 1 --2- 172.21.15.160:0/341132669 >> [v2:172.21.15.160:3300/0,v1:172.21.15.160:6789/0] conn(0x7ff488071310 0x7ff488105430 unknown :-1 s=CLOSED pgs=57 cs=0 l=1 rev1=1 crypto rx=0 tx=0 comp rx=0 tx=0).stop
2024-05-25T06:02:20.637 INFO:teuthology.orchestra.run.smithi160.stdout:/usr/bin/ceph: stderr
2024-05-25T06:02:19.851+0000 7ff48e609700 1 -- 172.21.15.160:0/341132669 >> 172.21.15.160:0/341132669 conn(0x7ff4880fcea0 msgr2=0x7ff4880ff2f0 unknown :-1 s=STATE_NONE l=0).mark_down
2024-05-25T06:02:20.637 INFO:teuthology.orchestra.run.smithi160.stdout:/usr/bin/ceph: stderr
2024-05-25T06:02:19.851+0000 7ff48e609700 1 -- 172.21.15.160:0/341132669 shutdown_connections
2024-05-25T06:02:20.637 INFO:teuthology.orchestra.run.smithi160.stdout:/usr/bin/ceph: stderr
2024-05-25T06:02:19.851+0000 7ff48e609700 1 -- 172.21.15.160:0/341132669 wait complete.
2024-05-25T06:02:20.637 INFO:teuthology.orchestra.run.smithi160.stdout:/usr/bin/ceph: stderr
2024-05-25T06:02:19.852+0000 7ff48e609700 1 Processor -- start
2024-05-25T06:02:20.637 INFO:teuthology.orchestra.run.smithi160.stdout:/usr/bin/ceph: stderr
2024-05-25T06:02:19.852+0000 7ff48e609700 1 -- start start
2024-05-25T06:02:20.637 INFO:teuthology.orchestra.run.smithi160.stdout:/usr/bin/ceph: stderr
2024-05-25T06:02:19.852+0000 7ff48e609700 1 --2- >> [v2:172.21.15.160:3300/0,v1:172.21.15.160:6789/0] conn(0x7ff488071310 0x7ff488102d80 unknown :-1 s=NONE pgs=0 cs=0 l=1 rev1=0 crypto rx=0 tx=0 comp rx=0 tx=0).connect
2024-05-25T06:02:20.637 INFO:teuthology.orchestra.run.smithi160.stdout:/usr/bin/ceph: stderr
2024-05-25T06:02:19.852+0000 7ff48e609700 1 -- --> [v2:172.21.15.160:3300/0,v1:172.21.15.160:6789/0] -- mon_getmap magic: 0 v1 -- 0x7ff4881032c0 con 0x7ff488071310
2024-05-25T06:02:20.637 INFO:teuthology.orchestra.run.smithi160.stdout:/usr/bin/ceph: stderr
2024-05-25T06:02:19.852+0000 7ff487fff700 1 --2- >> [v2:172.21.15.160:3300/0,v1:172.21.15.160:6789/0] conn(0x7ff488071310 0x7ff488102d80 unknown :-1 s=BANNER_CONNECTING pgs=0 cs=0 l=1 rev1=0 crypto rx=0 tx=0 comp rx=0 tx=0)._handle_peer_banner_payload supported=3 required=0
2024-05-25T06:02:20.637 INFO:teuthology.orchestra.run.smithi160.stdout:/usr/bin/ceph: stderr
2024-05-25T06:02:19.852+0000 7ff487fff700 1 --2- >> [v2:172.21.15.160:3300/0,v1:172.21.15.160:6789/0] conn(0x7ff488071310 0x7ff488102d80 unknown :-1 s=HELLO_CONNECTING pgs=0 cs=0 l=1 rev1=1 crypto rx=0 tx=0 comp rx=0 tx=0).handle_hello peer v2:172.21.15.160:3300/0 says I am v2:172.21.15.160:35492/0 (socket says 172.21.15.160:35492)
2024-05-25T06:02:20.637 INFO:teuthology.orchestra.run.smithi160.stdout:/usr/bin/ceph: stderr
2024-05-25T06:02:19.852+0000 7ff487fff700 1 -- 172.21.15.160:0/3206128699 learned_addr learned my addr 172.21.15.160:0/3206128699 (peer_addr_for_me v2:172.21.15.160:0/0)
2024-05-25T06:02:20.637 INFO:teuthology.orchestra.run.smithi160.stdout:/usr/bin/ceph: stderr
2024-05-25T06:02:19.852+0000 7ff487fff700 1 -- 172.21.15.160:0/3206128699 --> [v2:172.21.15.160:3300/0,v1:172.21.15.160:6789/0] -- mon_subscribe({config=0+,monmap=0+}) v3 -- 0x7ff4780094f0 con 0x7ff488071310
2024-05-25T06:02:20.638 INFO:teuthology.orchestra.run.smithi160.stdout:/usr/bin/ceph: stderr
2024-05-25T06:02:19.852+0000 7ff487fff700 1 --2- 172.21.15.160:0/3206128699 >> [v2:172.21.15.160:3300/0,v1:172.21.15.160:6789/0] conn(0x7ff488071310 0x7ff488102d80 secure :-1 s=READY pgs=58 cs=0 l=1 rev1=1 crypto rx=0x7ff478006d40 tx=0x7ff478009250 comp rx=0 tx=0).ready entity=mon.0 client_cookie=0 server_cookie=0 in_seq=0 out_seq=0
2024-05-25T06:02:20.638 INFO:teuthology.orchestra.run.smithi160.stdout:/usr/bin/ceph: stderr
2024-05-25T06:02:19.853+0000 7ff484ff9700 1 -- 172.21.15.160:0/3206128699 <== mon.0 v2:172.21.15.160:3300/0 1 ==== mon_map magic: 0 v1 ==== 229+0+0 (secure 0 0 0) 0x7ff478010840 con 0x7ff488071310
2024-05-25T06:02:20.638 INFO:teuthology.orchestra.run.smithi160.stdout:/usr/bin/ceph: stderr
2024-05-25T06:02:19.853+0000 7ff484ff9700 1 -- 172.21.15.160:0/3206128699 <== mon.0 v2:172.21.15.160:3300/0 2 ==== config(27 keys) v1 ==== 1109+0+0 (secure 0 0 0) 0x7ff478010e70 con 0x7ff488071310
2024-05-25T06:02:20.638 INFO:teuthology.orchestra.run.smithi160.stdout:/usr/bin/ceph: stderr
2024-05-25T06:02:19.853+0000 7ff484ff9700 1 -- 172.21.15.160:0/3206128699 <== mon.0 v2:172.21.15.160:3300/0 3 ==== mon_map magic: 0 v1 ==== 229+0+0 (secure 0 0 0) 0x7ff478024ea0 con 0x7ff488071310
2024-05-25T06:02:20.638 INFO:teuthology.orchestra.run.smithi160.stdout:/usr/bin/ceph: stderr
2024-05-25T06:02:19.853+0000 7ff48e609700 1 -- 172.21.15.160:0/3206128699 --> [v2:172.21.15.160:3300/0,v1:172.21.15.160:6789/0] -- mon_subscribe({mgrmap=0+}) v3 -- 0x7ff488101330 con 0x7ff488071310
2024-05-25T06:02:20.638 INFO:teuthology.orchestra.run.smithi160.stdout:/usr/bin/ceph: stderr
2024-05-25T06:02:19.853+0000 7ff48e609700 1 -- 172.21.15.160:0/3206128699 --> [v2:172.21.15.160:3300/0,v1:172.21.15.160:6789/0] -- mon_subscribe({osdmap=0}) v3 -- 0x7ff488101820 con 0x7ff488071310
2024-05-25T06:02:20.638 INFO:teuthology.orchestra.run.smithi160.stdout:/usr/bin/ceph: stderr
2024-05-25T06:02:19.854+0000 7ff484ff9700 1 -- 172.21.15.160:0/3206128699 <== mon.0 v2:172.21.15.160:3300/0 4 ==== mgrmap(e 8) v1 ==== 43376+0+0 (secure 0 0 0) 0x7ff47801a510 con 0x7ff488071310
2024-05-25T06:02:20.638 INFO:teuthology.orchestra.run.smithi160.stdout:/usr/bin/ceph: stderr
2024-05-25T06:02:19.854+0000 7ff48e609700 1 -- 172.21.15.160:0/3206128699 --> [v2:172.21.15.160:3300/0,v1:172.21.15.160:6789/0] -- mon_command({"prefix": "get_command_descriptions"} v 0) v1 -- 0x7ff48804bed0 con 0x7ff488071310
2024-05-25T06:02:20.638 INFO:teuthology.orchestra.run.smithi160.stdout:/usr/bin/ceph: stderr
2024-05-25T06:02:19.854+0000 7ff484ff9700 1 --2- 172.21.15.160:0/3206128699 >> [v2:172.21.15.160:6800/3392624553,v1:172.21.15.160:6801/3392624553] conn(0x7ff470036800 0x7ff470038cb0 unknown :-1 s=NONE pgs=0 cs=0 l=1 rev1=0 crypto rx=0 tx=0 comp rx=0 tx=0).connect
2024-05-25T06:02:20.638 INFO:teuthology.orchestra.run.smithi160.stdout:/usr/bin/ceph: stderr
2024-05-25T06:02:19.854+0000 7ff484ff9700 1 -- 172.21.15.160:0/3206128699 <== mon.0 v2:172.21.15.160:3300/0 5 ==== osd_map(2..2 src has 1..2) v4 ==== 936+0+0 (secure 0 0 0) 0x7ff47804a710 con 0x7ff488071310
2024-05-25T06:02:20.638 INFO:teuthology.orchestra.run.smithi160.stdout:/usr/bin/ceph: stderr
2024-05-25T06:02:19.854+0000 7ff4877fe700 1 --2- 172.21.15.160:0/3206128699 >> [v2:172.21.15.160:6800/3392624553,v1:172.21.15.160:6801/3392624553] conn(0x7ff470036800 0x7ff470038cb0 unknown :-1 s=BANNER_CONNECTING pgs=0 cs=0 l=1 rev1=0 crypto rx=0 tx=0 comp rx=0 tx=0)._handle_peer_banner_payload supported=3 required=0
2024-05-25T06:02:20.638 INFO:teuthology.orchestra.run.smithi160.stdout:/usr/bin/ceph: stderr
2024-05-25T06:02:19.855+0000 7ff4877fe700 1 --2- 172.21.15.160:0/3206128699 >> [v2:172.21.15.160:6800/3392624553,v1:172.21.15.160:6801/3392624553] conn(0x7ff470036800 0x7ff470038cb0 secure :-1 s=READY pgs=17 cs=0 l=1 rev1=1 crypto rx=0x7ff47c009990 tx=0x7ff47c006e40 comp rx=0 tx=0).ready entity=mgr.14120 client_cookie=0 server_cookie=0 in_seq=0 out_seq=0
2024-05-25T06:02:20.638 INFO:teuthology.orchestra.run.smithi160.stdout:/usr/bin/ceph: stderr
2024-05-25T06:02:19.859+0000 7ff484ff9700 1 -- 172.21.15.160:0/3206128699 <== mon.0 v2:172.21.15.160:3300/0 6 ==== mon_command_ack([{"prefix": "get_command_descriptions"}]=0 v0) v1 ==== 72+0+176702 (secure 0 0 0) 0x7ff478018940 con 0x7ff488071310
2024-05-25T06:02:20.639 INFO:teuthology.orchestra.run.smithi160.stdout:/usr/bin/ceph: stderr
2024-05-25T06:02:20.067+0000 7ff48e609700 1 -- 172.21.15.160:0/3206128699 --> [v2:172.21.15.160:6800/3392624553,v1:172.21.15.160:6801/3392624553] -- mgr_command(tid 0: {"prefix": "orch apply", "service_type": "node-exporter", "target": ["mon-mgr", ""]}) v1 -- 0x7ff488101e00 con 0x7ff470036800
2024-05-25T06:02:20.639 INFO:teuthology.orchestra.run.smithi160.stdout:/usr/bin/ceph: stderr
2024-05-25T06:02:20.079+0000 7ff484ff9700 1 -- 172.21.15.160:0/3206128699 <== mgr.14120 v2:172.21.15.160:6800/3392624553 1 ==== mgr_command_reply(tid 0: 0 ) v1 ==== 8+0+34 (secure 0 0 0) 0x7ff488101e00 con 0x7ff470036800
2024-05-25T06:02:20.639 INFO:teuthology.orchestra.run.smithi160.stdout:/usr/bin/ceph: stderr
2024-05-25T06:02:20.081+0000 7ff48e609700 1 -- 172.21.15.160:0/3206128699 >> [v2:172.21.15.160:6800/3392624553,v1:172.21.15.160:6801/3392624553] conn(0x7ff470036800 msgr2=0x7ff470038cb0 secure :-1 s=STATE_CONNECTION_ESTABLISHED l=1).mark_down
2024-05-25T06:02:20.639 INFO:teuthology.orchestra.run.smithi160.stdout:/usr/bin/ceph: stderr
2024-05-25T06:02:20.081+0000 7ff48e609700 1 --2- 172.21.15.160:0/3206128699 >> [v2:172.21.15.160:6800/3392624553,v1:172.21.15.160:6801/3392624553] conn(0x7ff470036800 0x7ff470038cb0 secure :-1 s=READY pgs=17 cs=0 l=1 rev1=1 crypto rx=0x7ff47c009990 tx=0x7ff47c006e40 comp rx=0 tx=0).stop
2024-05-25T06:02:20.639 INFO:teuthology.orchestra.run.smithi160.stdout:/usr/bin/ceph: stderr
2024-05-25T06:02:20.081+0000 7ff48e609700 1 -- 172.21.15.160:0/3206128699 >> [v2:172.21.15.160:3300/0,v1:172.21.15.160:6789/0] conn(0x7ff488071310 msgr2=0x7ff488102d80 secure :-1 s=STATE_CONNECTION_ESTABLISHED l=1).mark_down
2024-05-25T06:02:20.639 INFO:teuthology.orchestra.run.smithi160.stdout:/usr/bin/ceph: stderr
2024-05-25T06:02:20.081+0000 7ff48e609700 1 --2- 172.21.15.160:0/3206128699 >> [v2:172.21.15.160:3300/0,v1:172.21.15.160:6789/0] conn(0x7ff488071310 0x7ff488102d80 secure :-1 s=READY pgs=58 cs=0 l=1 rev1=1 crypto rx=0x7ff478006d40 tx=0x7ff478009250 comp rx=0 tx=0).stop
2024-05-25T06:02:20.639 INFO:teuthology.orchestra.run.smithi160.stdout:/usr/bin/ceph: stderr
2024-05-25T06:02:20.081+0000 7ff48e609700 1 -- 172.21.15.160:0/3206128699 shutdown_connections
2024-05-25T06:02:20.639 INFO:teuthology.orchestra.run.smithi160.stdout:/usr/bin/ceph: stderr
2024-05-25T06:02:20.081+0000 7ff48e609700 1 --2- 172.21.15.160:0/3206128699 >> [v2:172.21.15.160:6800/3392624553,v1:172.21.15.160:6801/3392624553] conn(0x7ff470036800 0x7ff470038cb0 unknown :-1 s=CLOSED pgs=17 cs=0 l=1 rev1=1 crypto rx=0 tx=0 comp rx=0 tx=0).stop
2024-05-25T06:02:20.639 INFO:teuthology.orchestra.run.smithi160.stdout:/usr/bin/ceph: stderr
2024-05-25T06:02:20.081+0000 7ff48e609700 1 --2- 172.21.15.160:0/3206128699 >> [v2:172.21.15.160:3300/0,v1:172.21.15.160:6789/0] conn(0x7ff488071310 0x7ff488102d80 unknown :-1 s=CLOSED pgs=58 cs=0 l=1 rev1=1 crypto rx=0 tx=0 comp rx=0 tx=0).stop
2024-05-25T06:02:20.639 INFO:teuthology.orchestra.run.smithi160.stdout:/usr/bin/ceph: stderr
2024-05-25T06:02:20.081+0000 7ff48e609700 1 -- 172.21.15.160:0/3206128699 >> 172.21.15.160:0/3206128699 conn(0x7ff4880fcea0 msgr2=0x7ff4880fda30 unknown :-1 s=STATE_NONE l=0).mark_down
2024-05-25T06:02:20.639 INFO:teuthology.orchestra.run.smithi160.stdout:/usr/bin/ceph: stderr
2024-05-25T06:02:20.082+0000 7ff48e609700 1 -- 172.21.15.160:0/3206128699 shutdown_connections
2024-05-25T06:02:20.639 INFO:teuthology.orchestra.run.smithi160.stdout:/usr/bin/ceph: stderr
2024-05-25T06:02:20.082+0000 7ff48e609700 1 -- 172.21.15.160:0/3206128699 wait complete.
2024-05-25T06:02:20.639 INFO:teuthology.orchestra.run.smithi160.stdout:Deploying alertmanager service with default placement...
2024-05-25T06:02:21.219 INFO:journalctl@ceph.mon.smithi160.smithi160.stdout:May 25 06:02:21 smithi160 ceph-mon[29041]: from='client.14152 -' entity='client.admin' cmd=[{"prefix": "orch apply", "service_type": "node-exporter", "target": ["mon-mgr", ""]}]: dispatch
2024-05-25T06:02:21.219 INFO:journalctl@ceph.mon.smithi160.smithi160.stdout:May 25 06:02:21 smithi160 ceph-mon[29041]: Saving service node-exporter spec with placement *
2024-05-25T06:02:21.219 INFO:journalctl@ceph.mon.smithi160.smithi160.stdout:May 25 06:02:21 smithi160 ceph-mon[29041]: from='mgr.14120 172.21.15.160:0/3415429581' entity='mgr.smithi160.nalzlg'
2024-05-25T06:02:21.220 INFO:journalctl@ceph.mon.smithi160.smithi160.stdout:May 25 06:02:21 smithi160 ceph-mon[29041]: from='mgr.14120 172.21.15.160:0/3415429581' entity='mgr.smithi160.nalzlg'
2024-05-25T06:02:22.719 INFO:journalctl@ceph.mon.smithi160.smithi160.stdout:May 25 06:02:22 smithi160 ceph-mon[29041]: from='client.14154 -' entity='client.admin' cmd=[{"prefix": "orch apply", "service_type": "alertmanager", "target": ["mon-mgr", ""]}]: dispatch
2024-05-25T06:02:22.720 INFO:journalctl@ceph.mon.smithi160.smithi160.stdout:May 25 06:02:22 smithi160 ceph-mon[29041]: Saving service alertmanager spec with placement count:1
2024-05-25T06:02:22.720 INFO:journalctl@ceph.mon.smithi160.smithi160.stdout:May 25 06:02:22 smithi160 ceph-mon[29041]: from='mgr.14120 172.21.15.160:0/3415429581' entity='mgr.smithi160.nalzlg'
2024-05-25T06:02:22.753 INFO:teuthology.orchestra.run.smithi160.stdout:/usr/bin/ceph: stdout Scheduled alertmanager update...
2024-05-25T06:02:22.753 INFO:teuthology.orchestra.run.smithi160.stdout:/usr/bin/ceph: stderr
2024-05-25T06:02:21.108+0000 7f3044062700 1 Processor -- start
2024-05-25T06:02:22.753 INFO:teuthology.orchestra.run.smithi160.stdout:/usr/bin/ceph: stderr
2024-05-25T06:02:21.108+0000 7f3044062700 1 -- start start
2024-05-25T06:02:22.753 INFO:teuthology.orchestra.run.smithi160.stdout:/usr/bin/ceph: stderr
2024-05-25T06:02:21.108+0000 7f3044062700 1 --2- >> [v2:172.21.15.160:3300/0,v1:172.21.15.160:6789/0] conn(0x7f303c101750 0x7f303c101b60 unknown :-1 s=NONE pgs=0 cs=0 l=0 rev1=0 crypto rx=0 tx=0 comp rx=0 tx=0).connect
2024-05-25T06:02:22.753 INFO:teuthology.orchestra.run.smithi160.stdout:/usr/bin/ceph: stderr
2024-05-25T06:02:21.109+0000 7f3044062700 1 -- --> [v2:172.21.15.160:3300/0,v1:172.21.15.160:6789/0] -- mon_getmap magic: 0 v1 -- 0x7f303c1020a0 con 0x7f303c101750
2024-05-25T06:02:22.753 INFO:teuthology.orchestra.run.smithi160.stdout:/usr/bin/ceph: stderr
2024-05-25T06:02:21.109+0000 7f3041dfe700 1 --2- >> [v2:172.21.15.160:3300/0,v1:172.21.15.160:6789/0] conn(0x7f303c101750 0x7f303c101b60 unknown :-1 s=BANNER_CONNECTING pgs=0 cs=0 l=0 rev1=0 crypto rx=0 tx=0 comp rx=0 tx=0)._handle_peer_banner_payload supported=3 required=0
2024-05-25T06:02:22.753 INFO:teuthology.orchestra.run.smithi160.stdout:/usr/bin/ceph: stderr
2024-05-25T06:02:21.109+0000 7f3041dfe700 1 --2- >> [v2:172.21.15.160:3300/0,v1:172.21.15.160:6789/0] conn(0x7f303c101750 0x7f303c101b60 unknown :-1 s=HELLO_CONNECTING pgs=0 cs=0 l=0 rev1=1 crypto rx=0 tx=0 comp rx=0 tx=0).handle_hello peer v2:172.21.15.160:3300/0 says I am v2:172.21.15.160:35498/0 (socket says 172.21.15.160:35498)
2024-05-25T06:02:22.753 INFO:teuthology.orchestra.run.smithi160.stdout:/usr/bin/ceph: stderr
2024-05-25T06:02:21.109+0000 7f3041dfe700 1 -- 172.21.15.160:0/3269689230 learned_addr learned my addr 172.21.15.160:0/3269689230 (peer_addr_for_me v2:172.21.15.160:0/0)
2024-05-25T06:02:22.754 INFO:teuthology.orchestra.run.smithi160.stdout:/usr/bin/ceph: stderr
2024-05-25T06:02:21.109+0000 7f3041dfe700 1 -- 172.21.15.160:0/3269689230 --> [v2:172.21.15.160:3300/0,v1:172.21.15.160:6789/0] -- mon_subscribe({config=0+,monmap=0+}) v3 -- 0x7f303c1021e0 con 0x7f303c101750
2024-05-25T06:02:22.754 INFO:teuthology.orchestra.run.smithi160.stdout:/usr/bin/ceph: stderr
2024-05-25T06:02:21.109+0000 7f3041dfe700 1 --2- 172.21.15.160:0/3269689230 >> [v2:172.21.15.160:3300/0,v1:172.21.15.160:6789/0] conn(0x7f303c101750 0x7f303c101b60 secure :-1 s=READY pgs=59 cs=0 l=1 rev1=1 crypto rx=0x7f30380098e0 tx=0x7f3038009250 comp rx=0 tx=0).ready entity=mon.0 client_cookie=627cf291683ffe2e server_cookie=0 in_seq=0 out_seq=0
2024-05-25T06:02:22.754 INFO:teuthology.orchestra.run.smithi160.stdout:/usr/bin/ceph: stderr
2024-05-25T06:02:21.109+0000 7f3040dfc700 1 -- 172.21.15.160:0/3269689230 <== mon.0 v2:172.21.15.160:3300/0 1 ==== mon_map magic: 0 v1 ==== 229+0+0 (secure 0 0 0) 0x7f303800b860 con 0x7f303c101750
2024-05-25T06:02:22.754 INFO:teuthology.orchestra.run.smithi160.stdout:/usr/bin/ceph: stderr
2024-05-25T06:02:21.109+0000 7f3040dfc700 1 -- 172.21.15.160:0/3269689230 <== mon.0 v2:172.21.15.160:3300/0 2 ==== config(27 keys) v1 ==== 1109+0+0 (secure 0 0 0) 0x7f303800be90 con 0x7f303c101750
2024-05-25T06:02:22.754 INFO:teuthology.orchestra.run.smithi160.stdout:/usr/bin/ceph: stderr
2024-05-25T06:02:21.109+0000 7f3040dfc700 1 -- 172.21.15.160:0/3269689230 <== mon.0 v2:172.21.15.160:3300/0 3 ==== mon_map magic: 0 v1 ==== 229+0+0 (secure 0 0 0) 0x7f30380103c0 con 0x7f303c101750
2024-05-25T06:02:22.754 INFO:teuthology.orchestra.run.smithi160.stdout:/usr/bin/ceph: stderr
2024-05-25T06:02:21.110+0000 7f3044062700 1 -- 172.21.15.160:0/3269689230 >> [v2:172.21.15.160:3300/0,v1:172.21.15.160:6789/0] conn(0x7f303c101750 msgr2=0x7f303c101b60 secure :-1 s=STATE_CONNECTION_ESTABLISHED l=1).mark_down
2024-05-25T06:02:22.754 INFO:teuthology.orchestra.run.smithi160.stdout:/usr/bin/ceph: stderr
2024-05-25T06:02:21.110+0000 7f3044062700 1 --2- 172.21.15.160:0/3269689230 >> [v2:172.21.15.160:3300/0,v1:172.21.15.160:6789/0] conn(0x7f303c101750 0x7f303c101b60 secure :-1 s=READY pgs=59 cs=0 l=1 rev1=1 crypto rx=0x7f30380098e0 tx=0x7f3038009250 comp rx=0 tx=0).stop
2024-05-25T06:02:22.754 INFO:teuthology.orchestra.run.smithi160.stdout:/usr/bin/ceph: stderr
2024-05-25T06:02:21.110+0000 7f3044062700 1 -- 172.21.15.160:0/3269689230 shutdown_connections
2024-05-25T06:02:22.754 INFO:teuthology.orchestra.run.smithi160.stdout:/usr/bin/ceph: stderr
2024-05-25T06:02:21.110+0000 7f3044062700 1 --2- 172.21.15.160:0/3269689230 >> [v2:172.21.15.160:3300/0,v1:172.21.15.160:6789/0] conn(0x7f303c101750 0x7f303c101b60 unknown :-1 s=CLOSED pgs=59 cs=0 l=1 rev1=1 crypto rx=0 tx=0 comp rx=0 tx=0).stop
2024-05-25T06:02:22.754 INFO:teuthology.orchestra.run.smithi160.stdout:/usr/bin/ceph: stderr
2024-05-25T06:02:21.110+0000 7f3044062700 1 -- 172.21.15.160:0/3269689230 >> 172.21.15.160:0/3269689230 conn(0x7f303c0fcef0 msgr2=0x7f303c0ff300 unknown :-1 s=STATE_NONE l=0).mark_down
2024-05-25T06:02:22.754 INFO:teuthology.orchestra.run.smithi160.stdout:/usr/bin/ceph: stderr
2024-05-25T06:02:21.110+0000 7f3044062700 1 -- 172.21.15.160:0/3269689230 shutdown_connections
2024-05-25T06:02:22.754 INFO:teuthology.orchestra.run.smithi160.stdout:/usr/bin/ceph: stderr
2024-05-25T06:02:21.110+0000 7f3044062700 1 -- 172.21.15.160:0/3269689230 wait complete.
2024-05-25T06:02:22.754 INFO:teuthology.orchestra.run.smithi160.stdout:/usr/bin/ceph: stderr
2024-05-25T06:02:21.111+0000 7f3044062700 1 Processor -- start
2024-05-25T06:02:22.755 INFO:teuthology.orchestra.run.smithi160.stdout:/usr/bin/ceph: stderr
2024-05-25T06:02:21.111+0000 7f3044062700 1 -- start start
2024-05-25T06:02:22.755 INFO:teuthology.orchestra.run.smithi160.stdout:/usr/bin/ceph: stderr
2024-05-25T06:02:21.111+0000 7f3044062700 1 --2- >> [v2:172.21.15.160:3300/0,v1:172.21.15.160:6789/0] conn(0x7f303c101750 0x7f303c110510 unknown :-1 s=NONE pgs=0 cs=0 l=1 rev1=0 crypto rx=0 tx=0 comp rx=0 tx=0).connect
2024-05-25T06:02:22.755 INFO:teuthology.orchestra.run.smithi160.stdout:/usr/bin/ceph: stderr
2024-05-25T06:02:21.111+0000 7f3044062700 1 -- --> [v2:172.21.15.160:3300/0,v1:172.21.15.160:6789/0] -- mon_getmap magic: 0 v1 -- 0x7f303c110a50 con 0x7f303c101750
2024-05-25T06:02:22.755 INFO:teuthology.orchestra.run.smithi160.stdout:/usr/bin/ceph: stderr
2024-05-25T06:02:21.111+0000 7f3041dfe700 1 --2- >> [v2:172.21.15.160:3300/0,v1:172.21.15.160:6789/0] conn(0x7f303c101750 0x7f303c110510 unknown :-1 s=BANNER_CONNECTING pgs=0 cs=0 l=1 rev1=0 crypto rx=0 tx=0 comp rx=0 tx=0)._handle_peer_banner_payload supported=3 required=0
2024-05-25T06:02:22.755 INFO:teuthology.orchestra.run.smithi160.stdout:/usr/bin/ceph: stderr
2024-05-25T06:02:21.111+0000 7f3041dfe700 1 --2- >> [v2:172.21.15.160:3300/0,v1:172.21.15.160:6789/0] conn(0x7f303c101750 0x7f303c110510 unknown :-1 s=HELLO_CONNECTING pgs=0 cs=0 l=1 rev1=1 crypto rx=0 tx=0 comp rx=0 tx=0).handle_hello peer v2:172.21.15.160:3300/0 says I am v2:172.21.15.160:35510/0 (socket says 172.21.15.160:35510)
2024-05-25T06:02:22.755 INFO:teuthology.orchestra.run.smithi160.stdout:/usr/bin/ceph: stderr
2024-05-25T06:02:21.111+0000 7f3041dfe700 1 -- 172.21.15.160:0/143747242 learned_addr learned my addr 172.21.15.160:0/143747242 (peer_addr_for_me v2:172.21.15.160:0/0)
2024-05-25T06:02:22.755 INFO:teuthology.orchestra.run.smithi160.stdout:/usr/bin/ceph: stderr
2024-05-25T06:02:21.111+0000 7f3041dfe700 1 -- 172.21.15.160:0/143747242 --> [v2:172.21.15.160:3300/0,v1:172.21.15.160:6789/0] -- mon_subscribe({config=0+,monmap=0+}) v3 -- 0x7f30380094f0 con 0x7f303c101750
2024-05-25T06:02:22.755 INFO:teuthology.orchestra.run.smithi160.stdout:/usr/bin/ceph: stderr
2024-05-25T06:02:21.111+0000 7f3041dfe700 1 --2- 172.21.15.160:0/143747242 >> [v2:172.21.15.160:3300/0,v1:172.21.15.160:6789/0] conn(0x7f303c101750 0x7f303c110510 secure :-1 s=READY pgs=60 cs=0 l=1 rev1=1 crypto rx=0x7f30380090b0 tx=0x7f3038009250 comp rx=0 tx=0).ready entity=mon.0 client_cookie=0 server_cookie=0 in_seq=0 out_seq=0
2024-05-25T06:02:22.755 INFO:teuthology.orchestra.run.smithi160.stdout:/usr/bin/ceph: stderr
2024-05-25T06:02:21.111+0000 7f30327fc700 1 -- 172.21.15.160:0/143747242 <== mon.0 v2:172.21.15.160:3300/0 1 ==== mon_map magic: 0 v1 ==== 229+0+0 (secure 0 0 0) 0x7f3038010840 con 0x7f303c101750
2024-05-25T06:02:22.755 INFO:teuthology.orchestra.run.smithi160.stdout:/usr/bin/ceph: stderr
2024-05-25T06:02:21.111+0000 7f30327fc700 1 -- 172.21.15.160:0/143747242 <== mon.0 v2:172.21.15.160:3300/0 2 ==== config(27 keys) v1 ==== 1109+0+0 (secure 0 0 0) 0x7f3038010e70 con 0x7f303c101750
2024-05-25T06:02:22.755 INFO:teuthology.orchestra.run.smithi160.stdout:/usr/bin/ceph: stderr
2024-05-25T06:02:21.111+0000 7f3044062700 1 -- 172.21.15.160:0/143747242 --> [v2:172.21.15.160:3300/0,v1:172.21.15.160:6789/0] -- mon_subscribe({mgrmap=0+}) v3 -- 0x7f303c110c50 con 0x7f303c101750
2024-05-25T06:02:22.755 INFO:teuthology.orchestra.run.smithi160.stdout:/usr/bin/ceph: stderr
2024-05-25T06:02:21.112+0000 7f30327fc700 1 -- 172.21.15.160:0/143747242 <== mon.0 v2:172.21.15.160:3300/0 3 ==== mon_map magic: 0 v1 ==== 229+0+0 (secure 0 0 0) 0x7f3038024e40 con 0x7f303c101750
2024-05-25T06:02:22.755 INFO:teuthology.orchestra.run.smithi160.stdout:/usr/bin/ceph: stderr
2024-05-25T06:02:21.112+0000 7f3044062700 1 -- 172.21.15.160:0/143747242 --> [v2:172.21.15.160:3300/0,v1:172.21.15.160:6789/0] -- mon_subscribe({osdmap=0}) v3 -- 0x7f303c1117c0 con 0x7f303c101750
2024-05-25T06:02:22.755 INFO:teuthology.orchestra.run.smithi160.stdout:/usr/bin/ceph: stderr
2024-05-25T06:02:21.112+0000 7f30327fc700 1 -- 172.21.15.160:0/143747242 <== mon.0 v2:172.21.15.160:3300/0 4 ==== mgrmap(e 8) v1 ==== 43376+0+0 (secure 0 0 0) 0x7f303801a530 con 0x7f303c101750
2024-05-25T06:02:22.756 INFO:teuthology.orchestra.run.smithi160.stdout:/usr/bin/ceph: stderr
2024-05-25T06:02:21.112+0000 7f3044062700 1 -- 172.21.15.160:0/143747242 --> [v2:172.21.15.160:3300/0,v1:172.21.15.160:6789/0] -- mon_command({"prefix": "get_command_descriptions"} v 0) v1 -- 0x7f303c05f5c0 con 0x7f303c101750
2024-05-25T06:02:22.756 INFO:teuthology.orchestra.run.smithi160.stdout:/usr/bin/ceph: stderr
2024-05-25T06:02:21.112+0000 7f30327fc700 1 --2- 172.21.15.160:0/143747242 >> [v2:172.21.15.160:6800/3392624553,v1:172.21.15.160:6801/3392624553] conn(0x7f3028036800 0x7f3028038cb0 unknown :-1 s=NONE pgs=0 cs=0 l=1 rev1=0 crypto rx=0 tx=0 comp rx=0 tx=0).connect
2024-05-25T06:02:22.756 INFO:teuthology.orchestra.run.smithi160.stdout:/usr/bin/ceph: stderr
2024-05-25T06:02:21.113+0000 7f30327fc700 1 -- 172.21.15.160:0/143747242 <== mon.0 v2:172.21.15.160:3300/0 5 ==== osd_map(2..2 src has 1..2) v4 ==== 936+0+0 (secure 0 0 0) 0x7f303804a980 con 0x7f303c101750
