2024-05-25T06:02:26.461+0000 7fdeaaffd700 1 -- 172.21.15.160:0/3986113162 <== mon.0 v2:172.21.15.160:3300/0 8 ==== mon_command_ack([{"prefix": "mgr module enable", "module": "dashboard"}]=0 v9) v1 ==== 88+0+0 (secure 0 0 0) 0x7fdeac02c530 con 0x7fdebc076bf0
2024-05-25T06:02:27.087 INFO:teuthology.orchestra.run.smithi160.stdout:/usr/bin/ceph: stderr
2024-05-25T06:02:26.464+0000 7fdec0b09700 1 -- 172.21.15.160:0/3986113162 >> [v2:172.21.15.160:6800/3392624553,v1:172.21.15.160:6801/3392624553] conn(0x7fdea40368a0 msgr2=0x7fdea4038d50 secure :-1 s=STATE_CONNECTION_ESTABLISHED l=1).mark_down
2024-05-25T06:02:27.087 INFO:teuthology.orchestra.run.smithi160.stdout:/usr/bin/ceph: stderr
2024-05-25T06:02:26.464+0000 7fdec0b09700 1 --2- 172.21.15.160:0/3986113162 >> [v2:172.21.15.160:6800/3392624553,v1:172.21.15.160:6801/3392624553] conn(0x7fdea40368a0 0x7fdea4038d50 secure :-1 s=READY pgs=21 cs=0 l=1 rev1=1 crypto rx=0x7fdeb0009990 tx=0x7fdeb0006e40 comp rx=0 tx=0).stop
2024-05-25T06:02:27.087 INFO:teuthology.orchestra.run.smithi160.stdout:/usr/bin/ceph: stderr
2024-05-25T06:02:26.464+0000 7fdec0b09700 1 -- 172.21.15.160:0/3986113162 >> [v2:172.21.15.160:3300/0,v1:172.21.15.160:6789/0] conn(0x7fdebc076bf0 msgr2=0x7fdebc111640 secure :-1 s=STATE_CONNECTION_ESTABLISHED l=1).mark_down
2024-05-25T06:02:27.087 INFO:teuthology.orchestra.run.smithi160.stdout:/usr/bin/ceph: stderr
2024-05-25T06:02:26.464+0000 7fdec0b09700 1 --2- 172.21.15.160:0/3986113162 >> [v2:172.21.15.160:3300/0,v1:172.21.15.160:6789/0] conn(0x7fdebc076bf0 0x7fdebc111640 secure :-1 s=READY pgs=66 cs=0 l=1 rev1=1 crypto rx=0x7fdeac0094c0 tx=0x7fdeac009250 comp rx=0 tx=0).stop
2024-05-25T06:02:27.087 INFO:teuthology.orchestra.run.smithi160.stdout:/usr/bin/ceph: stderr
2024-05-25T06:02:26.464+0000 7fdec0b09700 1 -- 172.21.15.160:0/3986113162 shutdown_connections
2024-05-25T06:02:27.087 INFO:teuthology.orchestra.run.smithi160.stdout:/usr/bin/ceph: stderr
2024-05-25T06:02:26.464+0000 7fdec0b09700 1 --2- 172.21.15.160:0/3986113162 >> [v2:172.21.15.160:6800/3392624553,v1:172.21.15.160:6801/3392624553] conn(0x7fdea40368a0 0x7fdea4038d50 unknown :-1 s=CLOSED pgs=21 cs=0 l=1 rev1=1 crypto rx=0 tx=0 comp rx=0 tx=0).stop
2024-05-25T06:02:27.087 INFO:teuthology.orchestra.run.smithi160.stdout:/usr/bin/ceph: stderr
2024-05-25T06:02:26.464+0000 7fdec0b09700 1 --2- 172.21.15.160:0/3986113162 >> [v2:172.21.15.160:3300/0,v1:172.21.15.160:6789/0] conn(0x7fdebc076bf0 0x7fdebc111640 unknown :-1 s=CLOSED pgs=66 cs=0 l=1 rev1=1 crypto rx=0 tx=0 comp rx=0 tx=0).stop
2024-05-25T06:02:27.087 INFO:teuthology.orchestra.run.smithi160.stdout:/usr/bin/ceph: stderr
2024-05-25T06:02:26.464+0000 7fdec0b09700 1 -- 172.21.15.160:0/3986113162 >> 172.21.15.160:0/3986113162 conn(0x7fdebc0fcef0 msgr2=0x7fdebc0fd9f0 unknown :-1 s=STATE_NONE l=0).mark_down
2024-05-25T06:02:27.087 INFO:teuthology.orchestra.run.smithi160.stdout:/usr/bin/ceph: stderr
2024-05-25T06:02:26.465+0000 7fdec0b09700 1 -- 172.21.15.160:0/3986113162 shutdown_connections
2024-05-25T06:02:27.087 INFO:teuthology.orchestra.run.smithi160.stdout:/usr/bin/ceph: stderr
2024-05-25T06:02:26.465+0000 7fdec0b09700 1 -- 172.21.15.160:0/3986113162 wait complete.
2024-05-25T06:02:27.719 INFO:journalctl@ceph.mon.smithi160.smithi160.stdout:May 25 06:02:27 smithi160 ceph-mon[29041]: from='client.? 172.21.15.160:0/3986113162' entity='client.admin' cmd='[{"prefix": "mgr module enable", "module": "dashboard"}]': finished
2024-05-25T06:02:27.719 INFO:journalctl@ceph.mon.smithi160.smithi160.stdout:May 25 06:02:27 smithi160 ceph-mon[29041]: mgrmap e9: smithi160.nalzlg(active, since 23s)
2024-05-25T06:02:28.474 INFO:teuthology.orchestra.run.smithi160.stdout:/usr/bin/ceph: stdout {
2024-05-25T06:02:28.474 INFO:teuthology.orchestra.run.smithi160.stdout:/usr/bin/ceph: stdout "epoch": 9,
2024-05-25T06:02:28.474 INFO:teuthology.orchestra.run.smithi160.stdout:/usr/bin/ceph: stdout "available": true,
2024-05-25T06:02:28.474 INFO:teuthology.orchestra.run.smithi160.stdout:/usr/bin/ceph: stdout "active_name": "smithi160.nalzlg",
2024-05-25T06:02:28.474 INFO:teuthology.orchestra.run.smithi160.stdout:/usr/bin/ceph: stdout "num_standby": 0
2024-05-25T06:02:28.475 INFO:teuthology.orchestra.run.smithi160.stdout:/usr/bin/ceph: stdout }
2024-05-25T06:02:28.475 INFO:teuthology.orchestra.run.smithi160.stdout:/usr/bin/ceph: stderr
2024-05-25T06:02:27.554+0000 7f36e1fdf700 1 Processor -- start
2024-05-25T06:02:28.475 INFO:teuthology.orchestra.run.smithi160.stdout:/usr/bin/ceph: stderr
2024-05-25T06:02:27.554+0000 7f36e1fdf700 1 -- start start
2024-05-25T06:02:28.475 INFO:teuthology.orchestra.run.smithi160.stdout:/usr/bin/ceph: stderr
2024-05-25T06:02:27.554+0000 7f36e1fdf700 1 --2- >> [v2:172.21.15.160:3300/0,v1:172.21.15.160:6789/0] conn(0x7f36dc076b70 0x7f36dc1054c0 unknown :-1 s=NONE pgs=0 cs=0 l=0 rev1=0 crypto rx=0 tx=0 comp rx=0 tx=0).connect
2024-05-25T06:02:28.475 INFO:teuthology.orchestra.run.smithi160.stdout:/usr/bin/ceph: stderr
2024-05-25T06:02:27.554+0000 7f36e1fdf700 1 -- --> [v2:172.21.15.160:3300/0,v1:172.21.15.160:6789/0] -- mon_getmap magic: 0 v1 -- 0x7f36dc105a00 con 0x7f36dc076b70
2024-05-25T06:02:28.475 INFO:teuthology.orchestra.run.smithi160.stdout:/usr/bin/ceph: stderr
2024-05-25T06:02:27.554+0000 7f36db7fe700 1 --2- >> [v2:172.21.15.160:3300/0,v1:172.21.15.160:6789/0] conn(0x7f36dc076b70 0x7f36dc1054c0 unknown :-1 s=BANNER_CONNECTING pgs=0 cs=0 l=0 rev1=0 crypto rx=0 tx=0 comp rx=0 tx=0)._handle_peer_banner_payload supported=3 required=0
2024-05-25T06:02:28.475 INFO:teuthology.orchestra.run.smithi160.stdout:/usr/bin/ceph: stderr
2024-05-25T06:02:27.554+0000 7f36db7fe700 1 --2- >> [v2:172.21.15.160:3300/0,v1:172.21.15.160:6789/0] conn(0x7f36dc076b70 0x7f36dc1054c0 unknown :-1 s=HELLO_CONNECTING pgs=0 cs=0 l=0 rev1=1 crypto rx=0 tx=0 comp rx=0 tx=0).handle_hello peer v2:172.21.15.160:3300/0 says I am v2:172.21.15.160:40198/0 (socket says 172.21.15.160:40198)
2024-05-25T06:02:28.475 INFO:teuthology.orchestra.run.smithi160.stdout:/usr/bin/ceph: stderr
2024-05-25T06:02:27.554+0000 7f36db7fe700 1 -- 172.21.15.160:0/3601280588 learned_addr learned my addr 172.21.15.160:0/3601280588 (peer_addr_for_me v2:172.21.15.160:0/0)
2024-05-25T06:02:28.475 INFO:teuthology.orchestra.run.smithi160.stdout:/usr/bin/ceph: stderr
2024-05-25T06:02:27.555+0000 7f36db7fe700 1 -- 172.21.15.160:0/3601280588 --> [v2:172.21.15.160:3300/0,v1:172.21.15.160:6789/0] -- mon_subscribe({config=0+,monmap=0+}) v3 -- 0x7f36dc105b40 con 0x7f36dc076b70
2024-05-25T06:02:28.475 INFO:teuthology.orchestra.run.smithi160.stdout:/usr/bin/ceph: stderr
2024-05-25T06:02:27.555+0000 7f36db7fe700 1 --2- 172.21.15.160:0/3601280588 >> [v2:172.21.15.160:3300/0,v1:172.21.15.160:6789/0] conn(0x7f36dc076b70 0x7f36dc1054c0 secure :-1 s=READY pgs=69 cs=0 l=1 rev1=1 crypto rx=0x7f36cc0098e0 tx=0x7f36cc009250 comp rx=0 tx=0).ready entity=mon.0 client_cookie=741b5e6f913e1a12 server_cookie=0 in_seq=0 out_seq=0
2024-05-25T06:02:28.475 INFO:teuthology.orchestra.run.smithi160.stdout:/usr/bin/ceph: stderr
2024-05-25T06:02:27.555+0000 7f36da7fc700 1 -- 172.21.15.160:0/3601280588 <== mon.0 v2:172.21.15.160:3300/0 1 ==== mon_map magic: 0 v1 ==== 229+0+0 (secure 0 0 0) 0x7f36cc00b860 con 0x7f36dc076b70
2024-05-25T06:02:28.475 INFO:teuthology.orchestra.run.smithi160.stdout:/usr/bin/ceph: stderr
2024-05-25T06:02:27.555+0000 7f36da7fc700 1 -- 172.21.15.160:0/3601280588 <== mon.0 v2:172.21.15.160:3300/0 2 ==== config(27 keys) v1 ==== 1109+0+0 (secure 0 0 0) 0x7f36cc00be90 con 0x7f36dc076b70
2024-05-25T06:02:28.475 INFO:teuthology.orchestra.run.smithi160.stdout:/usr/bin/ceph: stderr
2024-05-25T06:02:27.555+0000 7f36da7fc700 1 -- 172.21.15.160:0/3601280588 <== mon.0 v2:172.21.15.160:3300/0 3 ==== mon_map magic: 0 v1 ==== 229+0+0 (secure 0 0 0) 0x7f36cc0103c0 con 0x7f36dc076b70
2024-05-25T06:02:28.476 INFO:teuthology.orchestra.run.smithi160.stdout:/usr/bin/ceph: stderr
2024-05-25T06:02:27.556+0000 7f36e1fdf700 1 -- 172.21.15.160:0/3601280588 >> [v2:172.21.15.160:3300/0,v1:172.21.15.160:6789/0] conn(0x7f36dc076b70 msgr2=0x7f36dc1054c0 secure :-1 s=STATE_CONNECTION_ESTABLISHED l=1).mark_down
2024-05-25T06:02:28.476 INFO:teuthology.orchestra.run.smithi160.stdout:/usr/bin/ceph: stderr
2024-05-25T06:02:27.556+0000 7f36e1fdf700 1 --2- 172.21.15.160:0/3601280588 >> [v2:172.21.15.160:3300/0,v1:172.21.15.160:6789/0] conn(0x7f36dc076b70 0x7f36dc1054c0 secure :-1 s=READY pgs=69 cs=0 l=1 rev1=1 crypto rx=0x7f36cc0098e0 tx=0x7f36cc009250 comp rx=0 tx=0).stop
2024-05-25T06:02:28.476 INFO:teuthology.orchestra.run.smithi160.stdout:/usr/bin/ceph: stderr
2024-05-25T06:02:27.556+0000 7f36e1fdf700 1 -- 172.21.15.160:0/3601280588 shutdown_connections
2024-05-25T06:02:28.476 INFO:teuthology.orchestra.run.smithi160.stdout:/usr/bin/ceph: stderr
2024-05-25T06:02:27.556+0000 7f36e1fdf700 1 --2- 172.21.15.160:0/3601280588 >> [v2:172.21.15.160:3300/0,v1:172.21.15.160:6789/0] conn(0x7f36dc076b70 0x7f36dc1054c0 unknown :-1 s=CLOSED pgs=69 cs=0 l=1 rev1=1 crypto rx=0 tx=0 comp rx=0 tx=0).stop
2024-05-25T06:02:28.476 INFO:teuthology.orchestra.run.smithi160.stdout:/usr/bin/ceph: stderr
2024-05-25T06:02:27.556+0000 7f36e1fdf700 1 -- 172.21.15.160:0/3601280588 >> 172.21.15.160:0/3601280588 conn(0x7f36dc0fced0 msgr2=0x7f36dc0ff2e0 unknown :-1 s=STATE_NONE l=0).mark_down
2024-05-25T06:02:28.476 INFO:teuthology.orchestra.run.smithi160.stdout:/usr/bin/ceph: stderr
2024-05-25T06:02:27.556+0000 7f36e1fdf700 1 -- 172.21.15.160:0/3601280588 shutdown_connections
2024-05-25T06:02:28.476 INFO:teuthology.orchestra.run.smithi160.stdout:/usr/bin/ceph: stderr
2024-05-25T06:02:27.556+0000 7f36e1fdf700 1 -- 172.21.15.160:0/3601280588 wait complete.
2024-05-25T06:02:28.476 INFO:teuthology.orchestra.run.smithi160.stdout:/usr/bin/ceph: stderr
2024-05-25T06:02:27.556+0000 7f36e1fdf700 1 Processor -- start
2024-05-25T06:02:28.476 INFO:teuthology.orchestra.run.smithi160.stdout:/usr/bin/ceph: stderr
2024-05-25T06:02:27.557+0000 7f36e1fdf700 1 -- start start
2024-05-25T06:02:28.476 INFO:teuthology.orchestra.run.smithi160.stdout:/usr/bin/ceph: stderr
2024-05-25T06:02:27.557+0000 7f36e1fdf700 1 --2- >> [v2:172.21.15.160:3300/0,v1:172.21.15.160:6789/0] conn(0x7f36dc076b70 0x7f36dc102e10 unknown :-1 s=NONE pgs=0 cs=0 l=1 rev1=0 crypto rx=0 tx=0 comp rx=0 tx=0).connect
2024-05-25T06:02:28.476 INFO:teuthology.orchestra.run.smithi160.stdout:/usr/bin/ceph: stderr
2024-05-25T06:02:27.557+0000 7f36e1fdf700 1 -- --> [v2:172.21.15.160:3300/0,v1:172.21.15.160:6789/0] -- mon_getmap magic: 0 v1 -- 0x7f36dc103350 con 0x7f36dc076b70
2024-05-25T06:02:28.476 INFO:teuthology.orchestra.run.smithi160.stdout:/usr/bin/ceph: stderr
2024-05-25T06:02:27.557+0000 7f36db7fe700 1 --2- >> [v2:172.21.15.160:3300/0,v1:172.21.15.160:6789/0] conn(0x7f36dc076b70 0x7f36dc102e10 unknown :-1 s=BANNER_CONNECTING pgs=0 cs=0 l=1 rev1=0 crypto rx=0 tx=0 comp rx=0 tx=0)._handle_peer_banner_payload supported=3 required=0
2024-05-25T06:02:28.476 INFO:teuthology.orchestra.run.smithi160.stdout:/usr/bin/ceph: stderr
2024-05-25T06:02:27.557+0000 7f36db7fe700 1 --2- >> [v2:172.21.15.160:3300/0,v1:172.21.15.160:6789/0] conn(0x7f36dc076b70 0x7f36dc102e10 unknown :-1 s=HELLO_CONNECTING pgs=0 cs=0 l=1 rev1=1 crypto rx=0 tx=0 comp rx=0 tx=0).handle_hello peer v2:172.21.15.160:3300/0 says I am v2:172.21.15.160:40204/0 (socket says 172.21.15.160:40204)
2024-05-25T06:02:28.477 INFO:teuthology.orchestra.run.smithi160.stdout:/usr/bin/ceph: stderr
2024-05-25T06:02:27.557+0000 7f36db7fe700 1 -- 172.21.15.160:0/4221128511 learned_addr learned my addr 172.21.15.160:0/4221128511 (peer_addr_for_me v2:172.21.15.160:0/0)
2024-05-25T06:02:28.477 INFO:teuthology.orchestra.run.smithi160.stdout:/usr/bin/ceph: stderr
2024-05-25T06:02:27.557+0000 7f36db7fe700 1 -- 172.21.15.160:0/4221128511 --> [v2:172.21.15.160:3300/0,v1:172.21.15.160:6789/0] -- mon_subscribe({config=0+,monmap=0+}) v3 -- 0x7f36cc0094f0 con 0x7f36dc076b70
2024-05-25T06:02:28.477 INFO:teuthology.orchestra.run.smithi160.stdout:/usr/bin/ceph: stderr
2024-05-25T06:02:27.557+0000 7f36db7fe700 1 --2- 172.21.15.160:0/4221128511 >> [v2:172.21.15.160:3300/0,v1:172.21.15.160:6789/0] conn(0x7f36dc076b70 0x7f36dc102e10 secure :-1 s=READY pgs=70 cs=0 l=1 rev1=1 crypto rx=0x7f36cc006d40 tx=0x7f36cc009250 comp rx=0 tx=0).ready entity=mon.0 client_cookie=0 server_cookie=0 in_seq=0 out_seq=0
2024-05-25T06:02:28.477 INFO:teuthology.orchestra.run.smithi160.stdout:/usr/bin/ceph: stderr
2024-05-25T06:02:27.557+0000 7f36c3fff700 1 -- 172.21.15.160:0/4221128511 <== mon.0 v2:172.21.15.160:3300/0 1 ==== mon_map magic: 0 v1 ==== 229+0+0 (secure 0 0 0) 0x7f36cc010840 con 0x7f36dc076b70
2024-05-25T06:02:28.477 INFO:teuthology.orchestra.run.smithi160.stdout:/usr/bin/ceph: stderr
2024-05-25T06:02:27.558+0000 7f36c3fff700 1 -- 172.21.15.160:0/4221128511 <== mon.0 v2:172.21.15.160:3300/0 2 ==== config(27 keys) v1 ==== 1109+0+0 (secure 0 0 0) 0x7f36cc010e70 con 0x7f36dc076b70
2024-05-25T06:02:28.477 INFO:teuthology.orchestra.run.smithi160.stdout:/usr/bin/ceph: stderr
2024-05-25T06:02:27.558+0000 7f36e1fdf700 1 -- 172.21.15.160:0/4221128511 --> [v2:172.21.15.160:3300/0,v1:172.21.15.160:6789/0] -- mon_subscribe({mgrmap=0+}) v3 -- 0x7f36dc1013c0 con 0x7f36dc076b70
2024-05-25T06:02:28.477 INFO:teuthology.orchestra.run.smithi160.stdout:/usr/bin/ceph: stderr
2024-05-25T06:02:27.558+0000 7f36c3fff700 1 -- 172.21.15.160:0/4221128511 <== mon.0 v2:172.21.15.160:3300/0 3 ==== mon_map magic: 0 v1 ==== 229+0+0 (secure 0 0 0) 0x7f36cc024ea0 con 0x7f36dc076b70
2024-05-25T06:02:28.477 INFO:teuthology.orchestra.run.smithi160.stdout:/usr/bin/ceph: stderr
2024-05-25T06:02:27.558+0000 7f36e1fdf700 1 -- 172.21.15.160:0/4221128511 --> [v2:172.21.15.160:3300/0,v1:172.21.15.160:6789/0] -- mon_subscribe({osdmap=0}) v3 -- 0x7f36dc1018b0 con 0x7f36dc076b70
2024-05-25T06:02:28.477 INFO:teuthology.orchestra.run.smithi160.stdout:/usr/bin/ceph: stderr
2024-05-25T06:02:27.558+0000 7f36e1fdf700 1 -- 172.21.15.160:0/4221128511 --> [v2:172.21.15.160:3300/0,v1:172.21.15.160:6789/0] -- mon_command({"prefix": "get_command_descriptions"} v 0) v1 -- 0x7f36dc04bed0 con 0x7f36dc076b70
2024-05-25T06:02:28.477 INFO:teuthology.orchestra.run.smithi160.stdout:/usr/bin/ceph: stderr
2024-05-25T06:02:27.558+0000 7f36c3fff700 1 -- 172.21.15.160:0/4221128511 <== mon.0 v2:172.21.15.160:3300/0 4 ==== mgrmap(e 9) v1 ==== 43389+0+0 (secure 0 0 0) 0x7f36cc01a4c0 con 0x7f36dc076b70
2024-05-25T06:02:28.477 INFO:teuthology.orchestra.run.smithi160.stdout:/usr/bin/ceph: stderr
2024-05-25T06:02:27.559+0000 7f36c3fff700 1 --2- 172.21.15.160:0/4221128511 >> [v2:172.21.15.160:6800/3392624553,v1:172.21.15.160:6801/3392624553] conn(0x7f36c40368a0 0x7f36c4038d50 unknown :-1 s=NONE pgs=0 cs=0 l=1 rev1=0 crypto rx=0 tx=0 comp rx=0 tx=0).connect
2024-05-25T06:02:28.477 INFO:teuthology.orchestra.run.smithi160.stdout:/usr/bin/ceph: stderr
2024-05-25T06:02:27.559+0000 7f36c3fff700 1 -- 172.21.15.160:0/4221128511 <== mon.0 v2:172.21.15.160:3300/0 5 ==== osd_map(2..2 src has 1..2) v4 ==== 936+0+0 (secure 0 0 0) 0x7f36cc04a770 con 0x7f36dc076b70
2024-05-25T06:02:28.477 INFO:teuthology.orchestra.run.smithi160.stdout:/usr/bin/ceph: stderr
2024-05-25T06:02:27.559+0000 7f36daffd700 1 -- 172.21.15.160:0/4221128511 >> [v2:172.21.15.160:6800/3392624553,v1:172.21.15.160:6801/3392624553] conn(0x7f36c40368a0 msgr2=0x7f36c4038d50 unknown :-1 s=STATE_CONNECTING_RE l=1).process reconnect failed to v2:172.21.15.160:6800/3392624553
2024-05-25T06:02:28.478 INFO:teuthology.orchestra.run.smithi160.stdout:/usr/bin/ceph: stderr
2024-05-25T06:02:27.559+0000 7f36daffd700 1 --2- 172.21.15.160:0/4221128511 >> [v2:172.21.15.160:6800/3392624553,v1:172.21.15.160:6801/3392624553] conn(0x7f36c40368a0 0x7f36c4038d50 unknown :-1 s=START_CONNECT pgs=0 cs=0 l=1 rev1=0 crypto rx=0 tx=0 comp rx=0 tx=0)._fault waiting 0.200000
2024-05-25T06:02:28.478 INFO:teuthology.orchestra.run.smithi160.stdout:/usr/bin/ceph: stderr
2024-05-25T06:02:27.563+0000 7f36c3fff700 1 -- 172.21.15.160:0/4221128511 <== mon.0 v2:172.21.15.160:3300/0 6 ==== mon_command_ack([{"prefix": "get_command_descriptions"}]=0 v0) v1 ==== 72+0+176702 (secure 0 0 0) 0x7f36cc018940 con 0x7f36dc076b70
2024-05-25T06:02:28.478 INFO:teuthology.orchestra.run.smithi160.stdout:/usr/bin/ceph: stderr
2024-05-25T06:02:27.760+0000 7f36daffd700 1 -- 172.21.15.160:0/4221128511 >> [v2:172.21.15.160:6800/3392624553,v1:172.21.15.160:6801/3392624553] conn(0x7f36c40368a0 msgr2=0x7f36c4038d50 unknown :-1 s=STATE_CONNECTING_RE l=1).process reconnect failed to v2:172.21.15.160:6800/3392624553
2024-05-25T06:02:28.478 INFO:teuthology.orchestra.run.smithi160.stdout:/usr/bin/ceph: stderr
2024-05-25T06:02:27.760+0000 7f36daffd700 1 --2- 172.21.15.160:0/4221128511 >> [v2:172.21.15.160:6800/3392624553,v1:172.21.15.160:6801/3392624553] conn(0x7f36c40368a0 0x7f36c4038d50 unknown :-1 s=START_CONNECT pgs=0 cs=0 l=1 rev1=0 crypto rx=0 tx=0 comp rx=0 tx=0)._fault waiting 0.400000
2024-05-25T06:02:28.478 INFO:teuthology.orchestra.run.smithi160.stdout:/usr/bin/ceph: stderr
2024-05-25T06:02:27.841+0000 7f36e1fdf700 1 -- 172.21.15.160:0/4221128511 --> [v2:172.21.15.160:3300/0,v1:172.21.15.160:6789/0] -- mon_command({"prefix": "mgr stat"} v 0) v1 -- 0x7f36dc102020 con 0x7f36dc076b70
2024-05-25T06:02:28.478 INFO:teuthology.orchestra.run.smithi160.stdout:/usr/bin/ceph: stderr
2024-05-25T06:02:27.842+0000 7f36c3fff700 1 -- 172.21.15.160:0/4221128511 <== mon.0 v2:172.21.15.160:3300/0 7 ==== mon_command_ack([{"prefix": "mgr stat"}]=0 v9) v1 ==== 56+0+103 (secure 0 0 0) 0x7f36cc02d3a0 con 0x7f36dc076b70
2024-05-25T06:02:28.478 INFO:teuthology.orchestra.run.smithi160.stdout:/usr/bin/ceph: stderr
2024-05-25T06:02:27.844+0000 7f36e1fdf700 1 -- 172.21.15.160:0/4221128511 >> [v2:172.21.15.160:6800/3392624553,v1:172.21.15.160:6801/3392624553] conn(0x7f36c40368a0 msgr2=0x7f36c4038d50 unknown :-1 s=STATE_CONNECTING l=1).mark_down
2024-05-25T06:02:28.478 INFO:teuthology.orchestra.run.smithi160.stdout:/usr/bin/ceph: stderr
2024-05-25T06:02:27.844+0000 7f36e1fdf700 1 --2- 172.21.15.160:0/4221128511 >> [v2:172.21.15.160:6800/3392624553,v1:172.21.15.160:6801/3392624553] conn(0x7f36c40368a0 0x7f36c4038d50 unknown :-1 s=START_CONNECT pgs=0 cs=0 l=1 rev1=0 crypto rx=0 tx=0 comp rx=0 tx=0).stop
2024-05-25T06:02:28.479 INFO:teuthology.orchestra.run.smithi160.stdout:/usr/bin/ceph: stderr
2024-05-25T06:02:27.844+0000 7f36e1fdf700 1 -- 172.21.15.160:0/4221128511 >> [v2:172.21.15.160:3300/0,v1:172.21.15.160:6789/0] conn(0x7f36dc076b70 msgr2=0x7f36dc102e10 secure :-1 s=STATE_CONNECTION_ESTABLISHED l=1).mark_down
2024-05-25T06:02:28.479 INFO:teuthology.orchestra.run.smithi160.stdout:/usr/bin/ceph: stderr
2024-05-25T06:02:27.844+0000 7f36e1fdf700 1 --2- 172.21.15.160:0/4221128511 >> [v2:172.21.15.160:3300/0,v1:172.21.15.160:6789/0] conn(0x7f36dc076b70 0x7f36dc102e10 secure :-1 s=READY pgs=70 cs=0 l=1 rev1=1 crypto rx=0x7f36cc006d40 tx=0x7f36cc009250 comp rx=0 tx=0).stop
2024-05-25T06:02:28.479 INFO:teuthology.orchestra.run.smithi160.stdout:/usr/bin/ceph: stderr
2024-05-25T06:02:27.844+0000 7f36e1fdf700 1 -- 172.21.15.160:0/4221128511 shutdown_connections
2024-05-25T06:02:28.479 INFO:teuthology.orchestra.run.smithi160.stdout:/usr/bin/ceph: stderr
2024-05-25T06:02:27.844+0000 7f36e1fdf700 1 --2- 172.21.15.160:0/4221128511 >> [v2:172.21.15.160:6800/3392624553,v1:172.21.15.160:6801/3392624553] conn(0x7f36c40368a0 0x7f36c4038d50 unknown :-1 s=CLOSED pgs=0 cs=0 l=1 rev1=0 crypto rx=0 tx=0 comp rx=0 tx=0).stop
2024-05-25T06:02:28.479 INFO:teuthology.orchestra.run.smithi160.stdout:/usr/bin/ceph: stderr
2024-05-25T06:02:27.844+0000 7f36e1fdf700 1 --2- 172.21.15.160:0/4221128511 >> [v2:172.21.15.160:3300/0,v1:172.21.15.160:6789/0] conn(0x7f36dc076b70 0x7f36dc102e10 unknown :-1 s=CLOSED pgs=70 cs=0 l=1 rev1=1 crypto rx=0 tx=0 comp rx=0 tx=0).stop
2024-05-25T06:02:28.479 INFO:teuthology.orchestra.run.smithi160.stdout:/usr/bin/ceph: stderr
2024-05-25T06:02:27.844+0000 7f36e1fdf700 1 -- 172.21.15.160:0/4221128511 >> 172.21.15.160:0/4221128511 conn(0x7f36dc0fced0 msgr2=0x7f36dc0fd9b0 unknown :-1 s=STATE_NONE l=0).mark_down
2024-05-25T06:02:28.479 INFO:teuthology.orchestra.run.smithi160.stdout:/usr/bin/ceph: stderr
2024-05-25T06:02:27.845+0000 7f36e1fdf700 1 -- 172.21.15.160:0/4221128511 shutdown_connections
2024-05-25T06:02:28.479 INFO:teuthology.orchestra.run.smithi160.stdout:/usr/bin/ceph: stderr
2024-05-25T06:02:27.845+0000 7f36e1fdf700 1 -- 172.21.15.160:0/4221128511 wait complete.
2024-05-25T06:02:28.479 INFO:teuthology.orchestra.run.smithi160.stdout:Waiting for the mgr to restart...
2024-05-25T06:02:28.479 INFO:teuthology.orchestra.run.smithi160.stdout:Waiting for mgr epoch 9...
2024-05-25T06:02:28.719 INFO:journalctl@ceph.mon.smithi160.smithi160.stdout:May 25 06:02:28 smithi160 ceph-mon[29041]: from='client.? 172.21.15.160:0/4221128511' entity='client.admin' cmd=[{"prefix": "mgr stat"}]: dispatch
2024-05-25T06:02:33.189 INFO:journalctl@ceph.mon.smithi160.smithi160.stdout:May 25 06:02:33 smithi160 ceph-mon[29041]: Active manager daemon smithi160.nalzlg restarted
2024-05-25T06:02:33.189 INFO:journalctl@ceph.mon.smithi160.smithi160.stdout:May 25 06:02:33 smithi160 ceph-mon[29041]: Activating manager daemon smithi160.nalzlg
2024-05-25T06:02:33.189 INFO:journalctl@ceph.mon.smithi160.smithi160.stdout:May 25 06:02:33 smithi160 ceph-mon[29041]: osdmap e3: 0 total, 0 up, 0 in
2024-05-25T06:02:33.189 INFO:journalctl@ceph.mon.smithi160.smithi160.stdout:May 25 06:02:33 smithi160 ceph-mon[29041]: mgrmap e10: smithi160.nalzlg(active, starting, since 0.00347502s)
2024-05-25T06:02:33.189 INFO:journalctl@ceph.mon.smithi160.smithi160.stdout:May 25 06:02:33 smithi160 ceph-mon[29041]: from='mgr.14162 172.21.15.160:0/912000960' entity='mgr.smithi160.nalzlg' cmd=[{"prefix": "mon metadata", "id": "smithi160"}]: dispatch
2024-05-25T06:02:33.189 INFO:journalctl@ceph.mon.smithi160.smithi160.stdout:May 25 06:02:33 smithi160 ceph-mon[29041]: from='mgr.14162 172.21.15.160:0/912000960' entity='mgr.smithi160.nalzlg' cmd=[{"prefix": "mgr metadata", "who": "smithi160.nalzlg", "id": "smithi160.nalzlg"}]: dispatch
2024-05-25T06:02:33.190 INFO:journalctl@ceph.mon.smithi160.smithi160.stdout:May 25 06:02:33 smithi160 ceph-mon[29041]: from='mgr.14162 172.21.15.160:0/912000960' entity='mgr.smithi160.nalzlg' cmd=[{"prefix": "mds metadata"}]: dispatch
2024-05-25T06:02:33.190 INFO:journalctl@ceph.mon.smithi160.smithi160.stdout:May 25 06:02:33 smithi160 ceph-mon[29041]: from='mgr.14162 172.21.15.160:0/912000960' entity='mgr.smithi160.nalzlg' cmd=[{"prefix": "osd metadata"}]: dispatch
2024-05-25T06:02:33.190 INFO:journalctl@ceph.mon.smithi160.smithi160.stdout:May 25 06:02:33 smithi160 ceph-mon[29041]: from='mgr.14162 172.21.15.160:0/912000960' entity='mgr.smithi160.nalzlg' cmd=[{"prefix": "mon metadata"}]: dispatch
2024-05-25T06:02:33.190 INFO:journalctl@ceph.mon.smithi160.smithi160.stdout:May 25 06:02:33 smithi160 ceph-mon[29041]: Manager daemon smithi160.nalzlg is now available
2024-05-25T06:02:33.190 INFO:journalctl@ceph.mon.smithi160.smithi160.stdout:May 25 06:02:33 smithi160 ceph-mon[29041]: from='mgr.14162 172.21.15.160:0/912000960' entity='mgr.smithi160.nalzlg' cmd=[{"prefix": "config dump", "format": "json"}]: dispatch
2024-05-25T06:02:33.190 INFO:journalctl@ceph.mon.smithi160.smithi160.stdout:May 25 06:02:33 smithi160 ceph-mon[29041]: from='mgr.14162 172.21.15.160:0/912000960' entity='mgr.smithi160.nalzlg' cmd=[{"prefix": "config dump", "format": "json"}]: dispatch
2024-05-25T06:02:33.190 INFO:journalctl@ceph.mon.smithi160.smithi160.stdout:May 25 06:02:33 smithi160 ceph-mon[29041]: from='mgr.14162 172.21.15.160:0/912000960' entity='mgr.smithi160.nalzlg' cmd=[{"prefix":"config rm","who":"mgr","name":"mgr/rbd_support/smithi160.nalzlg/mirror_snapshot_schedule"}]: dispatch
2024-05-25T06:02:33.190 INFO:journalctl@ceph.mon.smithi160.smithi160.stdout:May 25 06:02:33 smithi160 ceph-mon[29041]: from='mgr.14162 172.21.15.160:0/912000960' entity='mgr.smithi160.nalzlg' cmd=[{"prefix":"config rm","who":"mgr","name":"mgr/rbd_support/smithi160.nalzlg/trash_purge_schedule"}]: dispatch
2024-05-25T06:02:34.716 INFO:journalctl@ceph.mon.smithi160.smithi160.stdout:May 25 06:02:34 smithi160 ceph-mon[29041]: [25/May/2024:06:02:33] ENGINE Bus STARTING
2024-05-25T06:02:34.716 INFO:journalctl@ceph.mon.smithi160.smithi160.stdout:May 25 06:02:34 smithi160 ceph-mon[29041]: [25/May/2024:06:02:33] ENGINE Serving on https://172.21.15.160:7150
2024-05-25T06:02:34.716 INFO:journalctl@ceph.mon.smithi160.smithi160.stdout:May 25 06:02:34 smithi160 ceph-mon[29041]: [25/May/2024:06:02:33] ENGINE Bus STARTED
2024-05-25T06:02:34.716 INFO:journalctl@ceph.mon.smithi160.smithi160.stdout:May 25 06:02:34 smithi160 ceph-mon[29041]: from='mgr.14162 172.21.15.160:0/912000960' entity='mgr.smithi160.nalzlg'
2024-05-25T06:02:34.716 INFO:journalctl@ceph.mon.smithi160.smithi160.stdout:May 25 06:02:34 smithi160 ceph-mon[29041]: mgrmap e11: smithi160.nalzlg(active, since 1.00577s)
2024-05-25T06:02:34.725 INFO:teuthology.orchestra.run.smithi160.stdout:/usr/bin/ceph: stdout {
2024-05-25T06:02:34.725 INFO:teuthology.orchestra.run.smithi160.stdout:/usr/bin/ceph: stdout "mgrmap_epoch": 11,
2024-05-25T06:02:34.725 INFO:teuthology.orchestra.run.smithi160.stdout:/usr/bin/ceph: stdout "initialized": true
2024-05-25T06:02:34.725 INFO:teuthology.orchestra.run.smithi160.stdout:/usr/bin/ceph: stdout }
2024-05-25T06:02:34.725 INFO:teuthology.orchestra.run.smithi160.stdout:/usr/bin/ceph: stderr
2024-05-25T06:02:28.917+0000 7fb5dca8a700 1 Processor -- start
2024-05-25T06:02:34.725 INFO:teuthology.orchestra.run.smithi160.stdout:/usr/bin/ceph: stderr
2024-05-25T06:02:28.917+0000 7fb5dca8a700 1 -- start start
2024-05-25T06:02:34.726 INFO:teuthology.orchestra.run.smithi160.stdout:/usr/bin/ceph: stderr
2024-05-25T06:02:28.917+0000 7fb5dca8a700 1 --2- >> [v2:172.21.15.160:3300/0,v1:172.21.15.160:6789/0] conn(0x7fb5d8071310 0x7fb5d8105430 unknown :-1 s=NONE pgs=0 cs=0 l=0 rev1=0 crypto rx=0 tx=0 comp rx=0 tx=0).connect
2024-05-25T06:02:34.726 INFO:teuthology.orchestra.run.smithi160.stdout:/usr/bin/ceph: stderr
2024-05-25T06:02:28.917+0000 7fb5dca8a700 1 -- --> [v2:172.21.15.160:3300/0,v1:172.21.15.160:6789/0] -- mon_getmap magic: 0 v1 -- 0x7fb5d8105970 con 0x7fb5d8071310
2024-05-25T06:02:34.726 INFO:teuthology.orchestra.run.smithi160.stdout:/usr/bin/ceph: stderr
2024-05-25T06:02:28.917+0000 7fb5d659c700 1 --2- >> [v2:172.21.15.160:3300/0,v1:172.21.15.160:6789/0] conn(0x7fb5d8071310 0x7fb5d8105430 unknown :-1 s=BANNER_CONNECTING pgs=0 cs=0 l=0 rev1=0 crypto rx=0 tx=0 comp rx=0 tx=0)._handle_peer_banner_payload supported=3 required=0
2024-05-25T06:02:34.726 INFO:teuthology.orchestra.run.smithi160.stdout:/usr/bin/ceph: stderr
2024-05-25T06:02:28.917+0000 7fb5d659c700 1 --2- >> [v2:172.21.15.160:3300/0,v1:172.21.15.160:6789/0] conn(0x7fb5d8071310 0x7fb5d8105430 unknown :-1 s=HELLO_CONNECTING pgs=0 cs=0 l=0 rev1=1 crypto rx=0 tx=0 comp rx=0 tx=0).handle_hello peer v2:172.21.15.160:3300/0 says I am v2:172.21.15.160:40214/0 (socket says 172.21.15.160:40214)
2024-05-25T06:02:34.726 INFO:teuthology.orchestra.run.smithi160.stdout:/usr/bin/ceph: stderr
2024-05-25T06:02:28.917+0000 7fb5d659c700 1 -- 172.21.15.160:0/3522110178 learned_addr learned my addr 172.21.15.160:0/3522110178 (peer_addr_for_me v2:172.21.15.160:0/0)
2024-05-25T06:02:34.726 INFO:teuthology.orchestra.run.smithi160.stdout:/usr/bin/ceph: stderr
2024-05-25T06:02:28.918+0000 7fb5d659c700 1 -- 172.21.15.160:0/3522110178 --> [v2:172.21.15.160:3300/0,v1:172.21.15.160:6789/0] -- mon_subscribe({config=0+,monmap=0+}) v3 -- 0x7fb5d8105ab0 con 0x7fb5d8071310
2024-05-25T06:02:34.726 INFO:teuthology.orchestra.run.smithi160.stdout:/usr/bin/ceph: stderr
2024-05-25T06:02:28.918+0000 7fb5d659c700 1 --2- 172.21.15.160:0/3522110178 >> [v2:172.21.15.160:3300/0,v1:172.21.15.160:6789/0] conn(0x7fb5d8071310 0x7fb5d8105430 secure :-1 s=READY pgs=71 cs=0 l=1 rev1=1 crypto rx=0x7fb5c80098e0 tx=0x7fb5c8009250 comp rx=0 tx=0).ready entity=mon.0 client_cookie=f701a7a1bf462a55 server_cookie=0 in_seq=0 out_seq=0
2024-05-25T06:02:34.726 INFO:teuthology.orchestra.run.smithi160.stdout:/usr/bin/ceph: stderr
2024-05-25T06:02:28.918+0000 7fb5d559a700 1 -- 172.21.15.160:0/3522110178 <== mon.0 v2:172.21.15.160:3300/0 1 ==== mon_map magic: 0 v1 ==== 229+0+0 (secure 0 0 0) 0x7fb5c800b860 con 0x7fb5d8071310
2024-05-25T06:02:34.726 INFO:teuthology.orchestra.run.smithi160.stdout:/usr/bin/ceph: stderr
2024-05-25T06:02:28.918+0000 7fb5d559a700 1 -- 172.21.15.160:0/3522110178 <== mon.0 v2:172.21.15.160:3300/0 2 ==== config(27 keys) v1 ==== 1109+0+0 (secure 0 0 0) 0x7fb5c800be90 con 0x7fb5d8071310
2024-05-25T06:02:34.726 INFO:teuthology.orchestra.run.smithi160.stdout:/usr/bin/ceph: stderr
2024-05-25T06:02:28.918+0000 7fb5d559a700 1 -- 172.21.15.160:0/3522110178 <== mon.0 v2:172.21.15.160:3300/0 3 ==== mon_map magic: 0 v1 ==== 229+0+0 (secure 0 0 0) 0x7fb5c80103c0 con 0x7fb5d8071310
2024-05-25T06:02:34.726 INFO:teuthology.orchestra.run.smithi160.stdout:/usr/bin/ceph: stderr
2024-05-25T06:02:28.919+0000 7fb5dca8a700 1 -- 172.21.15.160:0/3522110178 >> [v2:172.21.15.160:3300/0,v1:172.21.15.160:6789/0] conn(0x7fb5d8071310 msgr2=0x7fb5d8105430 secure :-1 s=STATE_CONNECTION_ESTABLISHED l=1).mark_down
2024-05-25T06:02:34.726 INFO:teuthology.orchestra.run.smithi160.stdout:/usr/bin/ceph: stderr
2024-05-25T06:02:28.919+0000 7fb5dca8a700 1 --2- 172.21.15.160:0/3522110178 >> [v2:172.21.15.160:3300/0,v1:172.21.15.160:6789/0] conn(0x7fb5d8071310 0x7fb5d8105430 secure :-1 s=READY pgs=71 cs=0 l=1 rev1=1 crypto rx=0x7fb5c80098e0 tx=0x7fb5c8009250 comp rx=0 tx=0).stop
2024-05-25T06:02:34.726 INFO:teuthology.orchestra.run.smithi160.stdout:/usr/bin/ceph: stderr
2024-05-25T06:02:28.919+0000 7fb5dca8a700 1 -- 172.21.15.160:0/3522110178 shutdown_connections
2024-05-25T06:02:34.727 INFO:teuthology.orchestra.run.smithi160.stdout:/usr/bin/ceph: stderr
2024-05-25T06:02:28.919+0000 7fb5dca8a700 1 --2- 172.21.15.160:0/3522110178 >> [v2:172.21.15.160:3300/0,v1:172.21.15.160:6789/0] conn(0x7fb5d8071310 0x7fb5d8105430 unknown :-1 s=CLOSED pgs=71 cs=0 l=1 rev1=1 crypto rx=0 tx=0 comp rx=0 tx=0).stop
2024-05-25T06:02:34.727 INFO:teuthology.orchestra.run.smithi160.stdout:/usr/bin/ceph: stderr
2024-05-25T06:02:28.919+0000 7fb5dca8a700 1 -- 172.21.15.160:0/3522110178 >> 172.21.15.160:0/3522110178 conn(0x7fb5d80fcea0 msgr2=0x7fb5d80ff2f0 unknown :-1 s=STATE_NONE l=0).mark_down
2024-05-25T06:02:34.727 INFO:teuthology.orchestra.run.smithi160.stdout:/usr/bin/ceph: stderr
2024-05-25T06:02:28.919+0000 7fb5dca8a700 1 -- 172.21.15.160:0/3522110178 shutdown_connections
2024-05-25T06:02:34.727 INFO:teuthology.orchestra.run.smithi160.stdout:/usr/bin/ceph: stderr
2024-05-25T06:02:28.919+0000 7fb5dca8a700 1 -- 172.21.15.160:0/3522110178 wait complete.
2024-05-25T06:02:34.727 INFO:teuthology.orchestra.run.smithi160.stdout:/usr/bin/ceph: stderr
2024-05-25T06:02:28.919+0000 7fb5dca8a700 1 Processor -- start
2024-05-25T06:02:34.727 INFO:teuthology.orchestra.run.smithi160.stdout:/usr/bin/ceph: stderr
2024-05-25T06:02:28.919+0000 7fb5dca8a700 1 -- start start
2024-05-25T06:02:34.727 INFO:teuthology.orchestra.run.smithi160.stdout:/usr/bin/ceph: stderr
2024-05-25T06:02:28.920+0000 7fb5dca8a700 1 --2- >> [v2:172.21.15.160:3300/0,v1:172.21.15.160:6789/0] conn(0x7fb5d8071310 0x7fb5d8111640 unknown :-1 s=NONE pgs=0 cs=0 l=1 rev1=0 crypto rx=0 tx=0 comp rx=0 tx=0).connect
2024-05-25T06:02:34.727 INFO:teuthology.orchestra.run.smithi160.stdout:/usr/bin/ceph: stderr
2024-05-25T06:02:28.920+0000 7fb5dca8a700 1 -- --> [v2:172.21.15.160:3300/0,v1:172.21.15.160:6789/0] -- mon_getmap magic: 0 v1 -- 0x7fb5d8111b80 con 0x7fb5d8071310
2024-05-25T06:02:34.727 INFO:teuthology.orchestra.run.smithi160.stdout:/usr/bin/ceph: stderr
2024-05-25T06:02:28.920+0000 7fb5d659c700 1 --2- >> [v2:172.21.15.160:3300/0,v1:172.21.15.160:6789/0] conn(0x7fb5d8071310 0x7fb5d8111640 unknown :-1 s=BANNER_CONNECTING pgs=0 cs=0 l=1 rev1=0 crypto rx=0 tx=0 comp rx=0 tx=0)._handle_peer_banner_payload supported=3 required=0
2024-05-25T06:02:34.727 INFO:teuthology.orchestra.run.smithi160.stdout:/usr/bin/ceph: stderr
2024-05-25T06:02:28.920+0000 7fb5d659c700 1 --2- >> [v2:172.21.15.160:3300/0,v1:172.21.15.160:6789/0] conn(0x7fb5d8071310 0x7fb5d8111640 unknown :-1 s=HELLO_CONNECTING pgs=0 cs=0 l=1 rev1=1 crypto rx=0 tx=0 comp rx=0 tx=0).handle_hello peer v2:172.21.15.160:3300/0 says I am v2:172.21.15.160:40230/0 (socket says 172.21.15.160:40230)
2024-05-25T06:02:34.727 INFO:teuthology.orchestra.run.smithi160.stdout:/usr/bin/ceph: stderr
2024-05-25T06:02:28.920+0000 7fb5d659c700 1 -- 172.21.15.160:0/1689708787 learned_addr learned my addr 172.21.15.160:0/1689708787 (peer_addr_for_me v2:172.21.15.160:0/0)
2024-05-25T06:02:34.727 INFO:teuthology.orchestra.run.smithi160.stdout:/usr/bin/ceph: stderr
2024-05-25T06:02:28.920+0000 7fb5d659c700 1 -- 172.21.15.160:0/1689708787 --> [v2:172.21.15.160:3300/0,v1:172.21.15.160:6789/0] -- mon_subscribe({config=0+,monmap=0+}) v3 -- 0x7fb5c80094f0 con 0x7fb5d8071310
2024-05-25T06:02:34.727 INFO:teuthology.orchestra.run.smithi160.stdout:/usr/bin/ceph: stderr
2024-05-25T06:02:28.920+0000 7fb5d659c700 1 --2- 172.21.15.160:0/1689708787 >> [v2:172.21.15.160:3300/0,v1:172.21.15.160:6789/0] conn(0x7fb5d8071310 0x7fb5d8111640 secure :-1 s=READY pgs=72 cs=0 l=1 rev1=1 crypto rx=0x7fb5c80094c0 tx=0x7fb5c8009250 comp rx=0 tx=0).ready entity=mon.0 client_cookie=0 server_cookie=0 in_seq=0 out_seq=0
2024-05-25T06:02:34.728 INFO:teuthology.orchestra.run.smithi160.stdout:/usr/bin/ceph: stderr
2024-05-25T06:02:28.920+0000 7fb5c6ffd700 1 -- 172.21.15.160:0/1689708787 <== mon.0 v2:172.21.15.160:3300/0 1 ==== mon_map magic: 0 v1 ==== 229+0+0 (secure 0 0 0) 0x7fb5c8010890 con 0x7fb5d8071310
2024-05-25T06:02:34.728 INFO:teuthology.orchestra.run.smithi160.stdout:/usr/bin/ceph: stderr
2024-05-25T06:02:28.920+0000 7fb5c6ffd700 1 -- 172.21.15.160:0/1689708787 <== mon.0 v2:172.21.15.160:3300/0 2 ==== config(27 keys) v1 ==== 1109+0+0 (secure 0 0 0) 0x7fb5c8010ec0 con 0x7fb5d8071310
2024-05-25T06:02:34.728 INFO:teuthology.orchestra.run.smithi160.stdout:/usr/bin/ceph: stderr
2024-05-25T06:02:28.920+0000 7fb5dca8a700 1 -- 172.21.15.160:0/1689708787 --> [v2:172.21.15.160:3300/0,v1:172.21.15.160:6789/0] -- mon_subscribe({mgrmap=0+}) v3 -- 0x7fb5d8111d80 con 0x7fb5d8071310
2024-05-25T06:02:34.728 INFO:teuthology.orchestra.run.smithi160.stdout:/usr/bin/ceph: stderr
2024-05-25T06:02:28.920+0000 7fb5c6ffd700 1 -- 172.21.15.160:0/1689708787 <== mon.0 v2:172.21.15.160:3300/0 3 ==== mon_map magic: 0 v1 ==== 229+0+0 (secure 0 0 0) 0x7fb5c80243f0 con 0x7fb5d8071310
2024-05-25T06:02:34.728 INFO:teuthology.orchestra.run.smithi160.stdout:/usr/bin/ceph: stderr
2024-05-25T06:02:28.920+0000 7fb5dca8a700 1 -- 172.21.15.160:0/1689708787 --> [v2:172.21.15.160:3300/0,v1:172.21.15.160:6789/0] -- mon_subscribe({osdmap=0}) v3 -- 0x7fb5d81128f0 con 0x7fb5d8071310
2024-05-25T06:02:34.728 INFO:teuthology.orchestra.run.smithi160.stdout:/usr/bin/ceph: stderr
2024-05-25T06:02:28.921+0000 7fb5c6ffd700 1 -- 172.21.15.160:0/1689708787 <== mon.0 v2:172.21.15.160:3300/0 4 ==== mgrmap(e 9) v1 ==== 43389+0+0 (secure 0 0 0) 0x7fb5c802d3f0 con 0x7fb5d8071310
2024-05-25T06:02:34.728 INFO:teuthology.orchestra.run.smithi160.stdout:/usr/bin/ceph: stderr
2024-05-25T06:02:28.921+0000 7fb5c6ffd700 1 --2- 172.21.15.160:0/1689708787 >> [v2:172.21.15.160:6800/3392624553,v1:172.21.15.160:6801/3392624553] conn(0x7fb5c00368f0 0x7fb5c0038da0 unknown :-1 s=NONE pgs=0 cs=0 l=1 rev1=0 crypto rx=0 tx=0 comp rx=0 tx=0).connect
2024-05-25T06:02:34.728 INFO:teuthology.orchestra.run.smithi160.stdout:/usr/bin/ceph: stderr
2024-05-25T06:02:28.921+0000 7fb5c6ffd700 1 -- 172.21.15.160:0/1689708787 --> [v2:172.21.15.160:6800/3392624553,v1:172.21.15.160:6801/3392624553] -- command(tid 0: {"prefix": "get_command_descriptions"}) v1 -- 0x7fb5c00394b0 con 0x7fb5c00368f0
2024-05-25T06:02:34.728 INFO:teuthology.orchestra.run.smithi160.stdout:/usr/bin/ceph: stderr
2024-05-25T06:02:28.921+0000 7fb5c6ffd700 1 -- 172.21.15.160:0/1689708787 <== mon.0 v2:172.21.15.160:3300/0 5 ==== osd_map(2..2 src has 1..2) v4 ==== 936+0+0 (secure 0 0 0) 0x7fb5c804a290 con 0x7fb5d8071310
2024-05-25T06:02:34.728 INFO:teuthology.orchestra.run.smithi160.stdout:/usr/bin/ceph: stderr
2024-05-25T06:02:28.921+0000 7fb5d5d9b700 1 -- 172.21.15.160:0/1689708787 >> [v2:172.21.15.160:6800/3392624553,v1:172.21.15.160:6801/3392624553] conn(0x7fb5c00368f0 msgr2=0x7fb5c0038da0 unknown :-1 s=STATE_CONNECTING_RE l=1).process reconnect failed to v2:172.21.15.160:6800/3392624553
2024-05-25T06:02:34.728 INFO:teuthology.orchestra.run.smithi160.stdout:/usr/bin/ceph: stderr
2024-05-25T06:02:28.921+0000 7fb5d5d9b700 1 --2- 172.21.15.160:0/1689708787 >> [v2:172.21.15.160:6800/3392624553,v1:172.21.15.160:6801/3392624553] conn(0x7fb5c00368f0 0x7fb5c0038da0 unknown :-1 s=START_CONNECT pgs=0 cs=0 l=1 rev1=0 crypto rx=0 tx=0 comp rx=0 tx=0)._fault waiting 0.200000
2024-05-25T06:02:34.728 INFO:teuthology.orchestra.run.smithi160.stdout:/usr/bin/ceph: stderr
2024-05-25T06:02:29.122+0000 7fb5d5d9b700 1 -- 172.21.15.160:0/1689708787 >> [v2:172.21.15.160:6800/3392624553,v1:172.21.15.160:6801/3392624553] conn(0x7fb5c00368f0 msgr2=0x7fb5c0038da0 unknown :-1 s=STATE_CONNECTING_RE l=1).process reconnect failed to v2:172.21.15.160:6800/3392624553
2024-05-25T06:02:34.728 INFO:teuthology.orchestra.run.smithi160.stdout:/usr/bin/ceph: stderr
2024-05-25T06:02:29.122+0000 7fb5d5d9b700 1 --2- 172.21.15.160:0/1689708787 >> [v2:172.21.15.160:6800/3392624553,v1:172.21.15.160:6801/3392624553] conn(0x7fb5c00368f0 0x7fb5c0038da0 unknown :-1 s=START_CONNECT pgs=0 cs=0 l=1 rev1=0 crypto rx=0 tx=0 comp rx=0 tx=0)._fault waiting 0.400000
2024-05-25T06:02:34.729 INFO:teuthology.orchestra.run.smithi160.stdout:/usr/bin/ceph: stderr
2024-05-25T06:02:29.523+0000 7fb5d5d9b700 1 -- 172.21.15.160:0/1689708787 >> [v2:172.21.15.160:6800/3392624553,v1:172.21.15.160:6801/3392624553] conn(0x7fb5c00368f0 msgr2=0x7fb5c0038da0 unknown :-1 s=STATE_CONNECTING_RE l=1).process reconnect failed to v2:172.21.15.160:6800/3392624553
2024-05-25T06:02:34.729 INFO:teuthology.orchestra.run.smithi160.stdout:/usr/bin/ceph: stderr
2024-05-25T06:02:29.523+0000 7fb5d5d9b700 1 --2- 172.21.15.160:0/1689708787 >> [v2:172.21.15.160:6800/3392624553,v1:172.21.15.160:6801/3392624553] conn(0x7fb5c00368f0 0x7fb5c0038da0 unknown :-1 s=START_CONNECT pgs=0 cs=0 l=1 rev1=0 crypto rx=0 tx=0 comp rx=0 tx=0)._fault waiting 0.800000
2024-05-25T06:02:34.729 INFO:teuthology.orchestra.run.smithi160.stdout:/usr/bin/ceph: stderr
2024-05-25T06:02:30.324+0000 7fb5d5d9b700 1 -- 172.21.15.160:0/1689708787 >> [v2:172.21.15.160:6800/3392624553,v1:172.21.15.160:6801/3392624553] conn(0x7fb5c00368f0 msgr2=0x7fb5c0038da0 unknown :-1 s=STATE_CONNECTING_RE l=1).process reconnect failed to v2:172.21.15.160:6800/3392624553
2024-05-25T06:02:34.729 INFO:teuthology.orchestra.run.smithi160.stdout:/usr/bin/ceph: stderr
2024-05-25T06:02:30.324+0000 7fb5d5d9b700 1 --2- 172.21.15.160:0/1689708787 >> [v2:172.21.15.160:6800/3392624553,v1:172.21.15.160:6801/3392624553] conn(0x7fb5c00368f0 0x7fb5c0038da0 unknown :-1 s=START_CONNECT pgs=0 cs=0 l=1 rev1=0 crypto rx=0 tx=0 comp rx=0 tx=0)._fault waiting 1.600000
2024-05-25T06:02:34.729 INFO:teuthology.orchestra.run.smithi160.stdout:/usr/bin/ceph: stderr
2024-05-25T06:02:31.925+0000 7fb5d5d9b700 1 -- 172.21.15.160:0/1689708787 >> [v2:172.21.15.160:6800/3392624553,v1:172.21.15.160:6801/3392624553] conn(0x7fb5c00368f0 msgr2=0x7fb5c0038da0 unknown :-1 s=STATE_CONNECTING_RE l=1).process reconnect failed to v2:172.21.15.160:6800/3392624553
2024-05-25T06:02:34.729 INFO:teuthology.orchestra.run.smithi160.stdout:/usr/bin/ceph: stderr
2024-05-25T06:02:31.925+0000 7fb5d5d9b700 1 --2- 172.21.15.160:0/1689708787 >> [v2:172.21.15.160:6800/3392624553,v1:172.21.15.160:6801/3392624553] conn(0x7fb5c00368f0 0x7fb5c0038da0 unknown :-1 s=START_CONNECT pgs=0 cs=0 l=1 rev1=0 crypto rx=0 tx=0 comp rx=0 tx=0)._fault waiting 3.200000
2024-05-25T06:02:34.729 INFO:teuthology.orchestra.run.smithi160.stdout:/usr/bin/ceph: stderr
2024-05-25T06:02:33.126+0000 7fb5c6ffd700 1 -- 172.21.15.160:0/1689708787 <== mon.0 v2:172.21.15.160:3300/0 6 ==== mgrmap(e 10) v1 ==== 43156+0+0 (secure 0 0 0) 0x7fb5c801a7e0 con 0x7fb5d8071310
2024-05-25T06:02:34.729 INFO:teuthology.orchestra.run.smithi160.stdout:/usr/bin/ceph: stderr
2024-05-25T06:02:33.126+0000 7fb5c6ffd700 1 -- 172.21.15.160:0/1689708787 >> [v2:172.21.15.160:6800/3392624553,v1:172.21.15.160:6801/3392624553] conn(0x7fb5c00368f0 msgr2=0x7fb5c0038da0 unknown :-1 s=STATE_CONNECTING l=1).mark_down
2024-05-25T06:02:34.729 INFO:teuthology.orchestra.run.smithi160.stdout:/usr/bin/ceph: stderr
2024-05-25T06:02:33.126+0000 7fb5c6ffd700 1 --2- 172.21.15.160:0/1689708787 >> [v2:172.21.15.160:6800/3392624553,v1:172.21.15.160:6801/3392624553] conn(0x7fb5c00368f0 0x7fb5c0038da0 unknown :-1 s=START_CONNECT pgs=0 cs=0 l=1 rev1=0 crypto rx=0 tx=0 comp rx=0 tx=0).stop
2024-05-25T06:02:34.729 INFO:teuthology.orchestra.run.smithi160.stdout:/usr/bin/ceph: stderr
2024-05-25T06:02:34.128+0000 7fb5c6ffd700 1 -- 172.21.15.160:0/1689708787 <== mon.0 v2:172.21.15.160:3300/0 7 ==== mgrmap(e 11) v1 ==== 43283+0+0 (secure 0 0 0) 0x7fb5c802dac0 con 0x7fb5d8071310
2024-05-25T06:02:34.729 INFO:teuthology.orchestra.run.smithi160.stdout:/usr/bin/ceph: stderr
2024-05-25T06:02:34.128+0000 7fb5c6ffd700 1 --2- 172.21.15.160:0/1689708787 >> [v2:172.21.15.160:6800/3983131949,v1:172.21.15.160:6801/3983131949] conn(0x7fb5c003a3a0 0x7fb5c003c780 unknown :-1 s=NONE pgs=0 cs=0 l=1 rev1=0 crypto rx=0 tx=0 comp rx=0 tx=0).connect
2024-05-25T06:02:34.729 INFO:teuthology.orchestra.run.smithi160.stdout:/usr/bin/ceph: stderr
2024-05-25T06:02:34.128+0000 7fb5c6ffd700 1 -- 172.21.15.160:0/1689708787 --> [v2:172.21.15.160:6800/3983131949,v1:172.21.15.160:6801/3983131949] -- command(tid 0: {"prefix": "get_command_descriptions"}) v1 -- 0x7fb5c00394b0 con 0x7fb5c003a3a0
2024-05-25T06:02:34.730 INFO:teuthology.orchestra.run.smithi160.stdout:/usr/bin/ceph: stderr
2024-05-25T06:02:34.128+0000 7fb5d5d9b700 1 --2- 172.21.15.160:0/1689708787 >> [v2:172.21.15.160:6800/3983131949,v1:172.21.15.160:6801/3983131949] conn(0x7fb5c003a3a0 0x7fb5c003c780 unknown :-1 s=BANNER_CONNECTING pgs=0 cs=0 l=1 rev1=0 crypto rx=0 tx=0 comp rx=0 tx=0)._handle_peer_banner_payload supported=3 required=0
2024-05-25T06:02:34.730 INFO:teuthology.orchestra.run.smithi160.stdout:/usr/bin/ceph: stderr
2024-05-25T06:02:34.129+0000 7fb5d5d9b700 1 --2- 172.21.15.160:0/1689708787 >> [v2:172.21.15.160:6800/3983131949,v1:172.21.15.160:6801/3983131949] conn(0x7fb5c003a3a0 0x7fb5c003c780 secure :-1 s=READY pgs=2 cs=0 l=1 rev1=1 crypto rx=0x7fb5cc0039d0 tx=0x7fb5cc009350 comp rx=0 tx=0).ready entity=mgr.14162 client_cookie=0 server_cookie=0 in_seq=0 out_seq=0
2024-05-25T06:02:34.730 INFO:teuthology.orchestra.run.smithi160.stdout:/usr/bin/ceph: stderr
2024-05-25T06:02:34.129+0000 7fb5c6ffd700 1 -- 172.21.15.160:0/1689708787 <== mgr.14162 v2:172.21.15.160:6800/3983131949 1 ==== command_reply(tid 0: 0 ) v1 ==== 8+0+6549 (secure 0 0 0) 0x7fb5c00394b0 con 0x7fb5c003a3a0
2024-05-25T06:02:34.730 INFO:teuthology.orchestra.run.smithi160.stdout:/usr/bin/ceph: stderr
2024-05-25T06:02:34.136+0000 7fb5dca8a700 1 -- 172.21.15.160:0/1689708787 --> [v2:172.21.15.160:6800/3983131949,v1:172.21.15.160:6801/3983131949] -- command(tid 1: {"prefix": "mgr_status"}) v1 -- 0x7fb5d8112210 con 0x7fb5c003a3a0
2024-05-25T06:02:34.730 INFO:teuthology.orchestra.run.smithi160.stdout:/usr/bin/ceph: stderr
2024-05-25T06:02:34.136+0000 7fb5c6ffd700 1 -- 172.21.15.160:0/1689708787 <== mgr.14162 v2:172.21.15.160:6800/3983131949 2 ==== command_reply(tid 1: 0 ) v1 ==== 8+0+52 (secure 0 0 0) 0x7fb5d8112210 con 0x7fb5c003a3a0
2024-05-25T06:02:34.730 INFO:teuthology.orchestra.run.smithi160.stdout:/usr/bin/ceph: stderr
2024-05-25T06:02:34.136+0000 7fb5dca8a700 1 -- 172.21.15.160:0/1689708787 >> [v2:172.21.15.160:6800/3983131949,v1:172.21.15.160:6801/3983131949] conn(0x7fb5c003a3a0 msgr2=0x7fb5c003c780 secure :-1 s=STATE_CONNECTION_ESTABLISHED l=1).mark_down
2024-05-25T06:02:34.730 INFO:teuthology.orchestra.run.smithi160.stdout:/usr/bin/ceph: stderr
2024-05-25T06:02:34.136+0000 7fb5dca8a700 1 --2- 172.21.15.160:0/1689708787 >> [v2:172.21.15.160:6800/3983131949,v1:172.21.15.160:6801/3983131949] conn(0x7fb5c003a3a0 0x7fb5c003c780 secure :-1 s=READY pgs=2 cs=0 l=1 rev1=1 crypto rx=0x7fb5cc0039d0 tx=0x7fb5cc009350 comp rx=0 tx=0).stop
2024-05-25T06:02:34.730 INFO:teuthology.orchestra.run.smithi160.stdout:/usr/bin/ceph: stderr
2024-05-25T06:02:34.136+0000 7fb5dca8a700 1 -- 172.21.15.160:0/1689708787 >> [v2:172.21.15.160:3300/0,v1:172.21.15.160:6789/0] conn(0x7fb5d8071310 msgr2=0x7fb5d8111640 secure :-1 s=STATE_CONNECTION_ESTABLISHED l=1).mark_down
2024-05-25T06:02:34.730 INFO:teuthology.orchestra.run.smithi160.stdout:/usr/bin/ceph: stderr
2024-05-25T06:02:34.136+0000 7fb5dca8a700 1 --2- 172.21.15.160:0/1689708787 >> [v2:172.21.15.160:3300/0,v1:172.21.15.160:6789/0] conn(0x7fb5d8071310 0x7fb5d8111640 secure :-1 s=READY pgs=72 cs=0 l=1 rev1=1 crypto rx=0x7fb5c80094c0 tx=0x7fb5c8009250 comp rx=0 tx=0).stop
2024-05-25T06:02:34.730 INFO:teuthology.orchestra.run.smithi160.stdout:/usr/bin/ceph: stderr
2024-05-25T06:02:34.136+0000 7fb5dca8a700 1 -- 172.21.15.160:0/1689708787 shutdown_connections
2024-05-25T06:02:34.730 INFO:teuthology.orchestra.run.smithi160.stdout:/usr/bin/ceph: stderr
2024-05-25T06:02:34.136+0000 7fb5dca8a700 1 --2- 172.21.15.160:0/1689708787 >> [v2:172.21.15.160:6800/3983131949,v1:172.21.15.160:6801/3983131949] conn(0x7fb5c003a3a0 0x7fb5c003c780 unknown :-1 s=CLOSED pgs=2 cs=0 l=1 rev1=1 crypto rx=0 tx=0 comp rx=0 tx=0).stop
2024-05-25T06:02:34.730 INFO:teuthology.orchestra.run.smithi160.stdout:/usr/bin/ceph: stderr
2024-05-25T06:02:34.136+0000 7fb5dca8a700 1 --2- 172.21.15.160:0/1689708787 >> [v2:172.21.15.160:3300/0,v1:172.21.15.160:6789/0] conn(0x7fb5d8071310 0x7fb5d8111640 unknown :-1 s=CLOSED pgs=72 cs=0 l=1 rev1=1 crypto rx=0 tx=0 comp rx=0 tx=0).stop
2024-05-25T06:02:34.730 INFO:teuthology.orchestra.run.smithi160.stdout:/usr/bin/ceph: stderr
2024-05-25T06:02:34.136+0000 7fb5dca8a700 1 --2- 172.21.15.160:0/1689708787 >> [v2:172.21.15.160:6800/3392624553,v1:172.21.15.160:6801/3392624553] conn(0x7fb5c00368f0 0x7fb5c0038da0 unknown :-1 s=CLOSED pgs=0 cs=0 l=1 rev1=0 crypto rx=0 tx=0 comp rx=0 tx=0).stop
2024-05-25T06:02:34.731 INFO:teuthology.orchestra.run.smithi160.stdout:/usr/bin/ceph: stderr
2024-05-25T06:02:34.136+0000 7fb5dca8a700 1 -- 172.21.15.160:0/1689708787 >> 172.21.15.160:0/1689708787 conn(0x7fb5d80fcea0 msgr2=0x7fb5d80fda30 unknown :-1 s=STATE_NONE l=0).mark_down
2024-05-25T06:02:34.731 INFO:teuthology.orchestra.run.smithi160.stdout:/usr/bin/ceph: stderr
2024-05-25T06:02:34.137+0000 7fb5dca8a700 1 -- 172.21.15.160:0/1689708787 shutdown_connections
2024-05-25T06:02:34.731 INFO:teuthology.orchestra.run.smithi160.stdout:/usr/bin/ceph: stderr
2024-05-25T06:02:34.137+0000 7fb5dca8a700 1 -- 172.21.15.160:0/1689708787 wait complete.
2024-05-25T06:02:34.731 INFO:teuthology.orchestra.run.smithi160.stdout:mgr epoch 9 is available
2024-05-25T06:02:34.731 INFO:teuthology.orchestra.run.smithi160.stdout:Generating a dashboard self-signed certificate...
2024-05-25T06:02:35.719 INFO:journalctl@ceph.mon.smithi160.smithi160.stdout:May 25 06:02:35 smithi160 ceph-mon[29041]: from='client.14166 -' entity='client.admin' cmd=[{"prefix": "get_command_descriptions"}]: dispatch
2024-05-25T06:02:35.719 INFO:journalctl@ceph.mon.smithi160.smithi160.stdout:May 25 06:02:35 smithi160 ceph-mon[29041]: from='client.14166 -' entity='client.admin' cmd=[{"prefix": "mgr_status"}]: dispatch
2024-05-25T06:02:35.720 INFO:journalctl@ceph.mon.smithi160.smithi160.stdout:May 25 06:02:35 smithi160 ceph-mon[29041]: from='mgr.14162 172.21.15.160:0/912000960' entity='mgr.smithi160.nalzlg'
2024-05-25T06:02:36.129 INFO:teuthology.orchestra.run.smithi160.stdout:/usr/bin/ceph: stdout Self-signed certificate created
2024-05-25T06:02:36.130 INFO:teuthology.orchestra.run.smithi160.stdout:/usr/bin/ceph: stderr
2024-05-25T06:02:35.173+0000 7f6ea6dde700 1 Processor -- start
2024-05-25T06:02:36.130 INFO:teuthology.orchestra.run.smithi160.stdout:/usr/bin/ceph: stderr
2024-05-25T06:02:35.173+0000 7f6ea6dde700 1 -- start start
2024-05-25T06:02:36.130 INFO:teuthology.orchestra.run.smithi160.stdout:/usr/bin/ceph: stderr
2024-05-25T06:02:35.173+0000 7f6ea6dde700 1 --2- >> [v2:172.21.15.160:3300/0,v1:172.21.15.160:6789/0] conn(0x7f6ea0102880 0x7f6ea0102c90 unknown :-1 s=NONE pgs=0 cs=0 l=0 rev1=0 crypto rx=0 tx=0 comp rx=0 tx=0).connect
2024-05-25T06:02:36.130 INFO:teuthology.orchestra.run.smithi160.stdout:/usr/bin/ceph: stderr
2024-05-25T06:02:35.173+0000 7f6ea6dde700 1 -- --> [v2:172.21.15.160:3300/0,v1:172.21.15.160:6789/0] -- mon_getmap magic: 0 v1 -- 0x7f6ea01031d0 con 0x7f6ea0102880
2024-05-25T06:02:36.130 INFO:teuthology.orchestra.run.smithi160.stdout:/usr/bin/ceph: stderr
2024-05-25T06:02:35.173+0000 7f6ea4b7a700 1 --2- >> [v2:172.21.15.160:3300/0,v1:172.21.15.160:6789/0] conn(0x7f6ea0102880 0x7f6ea0102c90 unknown :-1 s=BANNER_CONNECTING pgs=0 cs=0 l=0 rev1=0 crypto rx=0 tx=0 comp rx=0 tx=0)._handle_peer_banner_payload supported=3 required=0
2024-05-25T06:02:36.130 INFO:teuthology.orchestra.run.smithi160.stdout:/usr/bin/ceph: stderr
2024-05-25T06:02:35.173+0000 7f6ea4b7a700 1 --2- >> [v2:172.21.15.160:3300/0,v1:172.21.15.160:6789/0] conn(0x7f6ea0102880 0x7f6ea0102c90 unknown :-1 s=HELLO_CONNECTING pgs=0 cs=0 l=0 rev1=1 crypto rx=0 tx=0 comp rx=0 tx=0).handle_hello peer v2:172.21.15.160:3300/0 says I am v2:172.21.15.160:40306/0 (socket says 172.21.15.160:40306)
2024-05-25T06:02:36.130 INFO:teuthology.orchestra.run.smithi160.stdout:/usr/bin/ceph: stderr
2024-05-25T06:02:35.173+0000 7f6ea4b7a700 1 -- 172.21.15.160:0/1989321510 learned_addr learned my addr 172.21.15.160:0/1989321510 (peer_addr_for_me v2:172.21.15.160:0/0)
2024-05-25T06:02:36.130 INFO:teuthology.orchestra.run.smithi160.stdout:/usr/bin/ceph: stderr
