2024-05-26T21:46:00.894 INFO:teuthology.orchestra.run.smithi149.stdout:/usr/bin/ceph: stderr
2024-05-26T21:45:59.298+0000 7f56423ad700 1 -- 172.21.15.149:0/1702295095 --> [v2:172.21.15.149:3300/0,v1:172.21.15.149:6789/0] -- mon_subscribe({config=0+,monmap=0+}) -- 0x7f563c19b680 con 0x7f563c107e00
2024-05-26T21:46:00.894 INFO:teuthology.orchestra.run.smithi149.stdout:/usr/bin/ceph: stderr
2024-05-26T21:45:59.298+0000 7f56423ad700 1 --2- 172.21.15.149:0/1702295095 >> [v2:172.21.15.149:3300/0,v1:172.21.15.149:6789/0] conn(0x7f563c107e00 0x7f563c19b140 secure :-1 s=READY pgs=73 cs=0 l=1 rev1=1 crypto rx=0x7f5638011a20 tx=0x7f5638011b00 comp rx=0 tx=0).ready entity=mon.0 client_cookie=0 server_cookie=0 in_seq=0 out_seq=0
2024-05-26T21:46:00.895 INFO:teuthology.orchestra.run.smithi149.stdout:/usr/bin/ceph: stderr
2024-05-26T21:45:59.298+0000 7f56337fe700 1 -- 172.21.15.149:0/1702295095 <== mon.0 v2:172.21.15.149:3300/0 1 ==== mon_map magic: 0 ==== 205+0+0 (secure 0 0 0) 0x7f56380039c0 con 0x7f563c107e00
2024-05-26T21:46:00.895 INFO:teuthology.orchestra.run.smithi149.stdout:/usr/bin/ceph: stderr
2024-05-26T21:45:59.298+0000 7f56337fe700 1 -- 172.21.15.149:0/1702295095 <== mon.0 v2:172.21.15.149:3300/0 2 ==== config(26 keys) ==== 1102+0+0 (secure 0 0 0) 0x7f5638003b60 con 0x7f563c107e00
2024-05-26T21:46:00.895 INFO:teuthology.orchestra.run.smithi149.stdout:/usr/bin/ceph: stderr
2024-05-26T21:45:59.299+0000 7f56337fe700 1 -- 172.21.15.149:0/1702295095 <== mon.0 v2:172.21.15.149:3300/0 3 ==== mon_map magic: 0 ==== 205+0+0 (secure 0 0 0) 0x7f563801a650 con 0x7f563c107e00
2024-05-26T21:46:00.895 INFO:teuthology.orchestra.run.smithi149.stdout:/usr/bin/ceph: stderr
2024-05-26T21:45:59.299+0000 7f5644611700 1 -- 172.21.15.149:0/1702295095 --> [v2:172.21.15.149:3300/0,v1:172.21.15.149:6789/0] -- mon_subscribe({mgrmap=0+}) -- 0x7f563c19b970 con 0x7f563c107e00
2024-05-26T21:46:00.895 INFO:teuthology.orchestra.run.smithi149.stdout:/usr/bin/ceph: stderr
2024-05-26T21:45:59.299+0000 7f5644611700 1 -- 172.21.15.149:0/1702295095 --> [v2:172.21.15.149:3300/0,v1:172.21.15.149:6789/0] -- mon_subscribe({osdmap=0}) -- 0x7f563c19e600 con 0x7f563c107e00
2024-05-26T21:46:00.895 INFO:teuthology.orchestra.run.smithi149.stdout:/usr/bin/ceph: stderr
2024-05-26T21:45:59.300+0000 7f56337fe700 1 -- 172.21.15.149:0/1702295095 <== mon.0 v2:172.21.15.149:3300/0 4 ==== mgrmap(e 12) ==== 46300+0+0 (secure 0 0 0) 0x7f5638024480 con 0x7f563c107e00
2024-05-26T21:46:00.895 INFO:teuthology.orchestra.run.smithi149.stdout:/usr/bin/ceph: stderr
2024-05-26T21:45:59.300+0000 7f5644611700 1 -- 172.21.15.149:0/1702295095 --> [v2:172.21.15.149:3300/0,v1:172.21.15.149:6789/0] -- mon_command({"prefix": "get_command_descriptions"} v 0) -- 0x7f563c063af0 con 0x7f563c107e00
2024-05-26T21:46:00.895 INFO:teuthology.orchestra.run.smithi149.stdout:/usr/bin/ceph: stderr
2024-05-26T21:45:59.301+0000 7f56337fe700 1 --2- 172.21.15.149:0/1702295095 >> [v2:172.21.15.149:6800/1073624399,v1:172.21.15.149:6801/1073624399] conn(0x7f5628039170 0x7f562803b630 unknown :-1 s=NONE pgs=0 cs=0 l=1 rev1=0 crypto rx=0 tx=0 comp rx=0 tx=0).connect
2024-05-26T21:46:00.895 INFO:teuthology.orchestra.run.smithi149.stdout:/usr/bin/ceph: stderr
2024-05-26T21:45:59.301+0000 7f56337fe700 1 -- 172.21.15.149:0/1702295095 <== mon.0 v2:172.21.15.149:3300/0 5 ==== osd_map(3..3 src has 1..3) ==== 1155+0+0 (secure 0 0 0) 0x7f563804dbd0 con 0x7f563c107e00
2024-05-26T21:46:00.895 INFO:teuthology.orchestra.run.smithi149.stdout:/usr/bin/ceph: stderr
2024-05-26T21:45:59.301+0000 7f5641bac700 1 --2- 172.21.15.149:0/1702295095 >> [v2:172.21.15.149:6800/1073624399,v1:172.21.15.149:6801/1073624399] conn(0x7f5628039170 0x7f562803b630 unknown :-1 s=BANNER_CONNECTING pgs=0 cs=0 l=1 rev1=0 crypto rx=0 tx=0 comp rx=0 tx=0)._handle_peer_banner_payload supported=3 required=0
2024-05-26T21:46:00.895 INFO:teuthology.orchestra.run.smithi149.stdout:/usr/bin/ceph: stderr
2024-05-26T21:45:59.301+0000 7f5641bac700 1 --2- 172.21.15.149:0/1702295095 >> [v2:172.21.15.149:6800/1073624399,v1:172.21.15.149:6801/1073624399] conn(0x7f5628039170 0x7f562803b630 secure :-1 s=READY pgs=8 cs=0 l=1 rev1=1 crypto rx=0x7f562c006fd0 tx=0x7f562c006e40 comp rx=0 tx=0).ready entity=mgr.14152 client_cookie=0 server_cookie=0 in_seq=0 out_seq=0
2024-05-26T21:46:00.895 INFO:teuthology.orchestra.run.smithi149.stdout:/usr/bin/ceph: stderr
2024-05-26T21:45:59.306+0000 7f56337fe700 1 -- 172.21.15.149:0/1702295095 <== mon.0 v2:172.21.15.149:3300/0 6 ==== mon_command_ack([{"prefix": "get_command_descriptions"}]=0 v0) ==== 72+0+186418 (secure 0 0 0) 0x7f5638029060 con 0x7f563c107e00
2024-05-26T21:46:00.896 INFO:teuthology.orchestra.run.smithi149.stdout:/usr/bin/ceph: stderr
2024-05-26T21:45:59.526+0000 7f5644611700 1 -- 172.21.15.149:0/1702295095 --> [v2:172.21.15.149:6800/1073624399,v1:172.21.15.149:6801/1073624399] -- mgr_command(tid 0: {"prefix": "dashboard ac-user-create", "username": "admin", "rolename": "administrator", "force_password": true, "pwd_update_required": true, "target": ["mon-mgr", ""]}) -- 0x7f563c19e7d0 con 0x7f5628039170
2024-05-26T21:46:00.896 INFO:teuthology.orchestra.run.smithi149.stdout:/usr/bin/ceph: stderr
2024-05-26T21:45:59.751+0000 7f56337fe700 1 -- 172.21.15.149:0/1702295095 <== mgr.14152 v2:172.21.15.149:6800/1073624399 1 ==== mgr_command_reply(tid 0: 0 ) ==== 8+0+252 (secure 0 0 0) 0x7f563c19e7d0 con 0x7f5628039170
2024-05-26T21:46:00.896 INFO:teuthology.orchestra.run.smithi149.stdout:/usr/bin/ceph: stderr
2024-05-26T21:45:59.753+0000 7f5644611700 1 -- 172.21.15.149:0/1702295095 >> [v2:172.21.15.149:6800/1073624399,v1:172.21.15.149:6801/1073624399] conn(0x7f5628039170 msgr2=0x7f562803b630 secure :-1 s=STATE_CONNECTION_ESTABLISHED l=1).mark_down
2024-05-26T21:46:00.896 INFO:teuthology.orchestra.run.smithi149.stdout:/usr/bin/ceph: stderr
2024-05-26T21:45:59.753+0000 7f5644611700 1 --2- 172.21.15.149:0/1702295095 >> [v2:172.21.15.149:6800/1073624399,v1:172.21.15.149:6801/1073624399] conn(0x7f5628039170 0x7f562803b630 secure :-1 s=READY pgs=8 cs=0 l=1 rev1=1 crypto rx=0x7f562c006fd0 tx=0x7f562c006e40 comp rx=0 tx=0).stop
2024-05-26T21:46:00.896 INFO:teuthology.orchestra.run.smithi149.stdout:/usr/bin/ceph: stderr
2024-05-26T21:45:59.753+0000 7f5644611700 1 -- 172.21.15.149:0/1702295095 >> [v2:172.21.15.149:3300/0,v1:172.21.15.149:6789/0] conn(0x7f563c107e00 msgr2=0x7f563c19b140 secure :-1 s=STATE_CONNECTION_ESTABLISHED l=1).mark_down
2024-05-26T21:46:00.896 INFO:teuthology.orchestra.run.smithi149.stdout:/usr/bin/ceph: stderr
2024-05-26T21:45:59.753+0000 7f5644611700 1 --2- 172.21.15.149:0/1702295095 >> [v2:172.21.15.149:3300/0,v1:172.21.15.149:6789/0] conn(0x7f563c107e00 0x7f563c19b140 secure :-1 s=READY pgs=73 cs=0 l=1 rev1=1 crypto rx=0x7f5638011a20 tx=0x7f5638011b00 comp rx=0 tx=0).stop
2024-05-26T21:46:00.896 INFO:teuthology.orchestra.run.smithi149.stdout:/usr/bin/ceph: stderr
2024-05-26T21:45:59.753+0000 7f5644611700 1 -- 172.21.15.149:0/1702295095 shutdown_connections
2024-05-26T21:46:00.896 INFO:teuthology.orchestra.run.smithi149.stdout:/usr/bin/ceph: stderr
2024-05-26T21:45:59.753+0000 7f5644611700 1 --2- 172.21.15.149:0/1702295095 >> [v2:172.21.15.149:6800/1073624399,v1:172.21.15.149:6801/1073624399] conn(0x7f5628039170 0x7f562803b630 unknown :-1 s=CLOSED pgs=8 cs=0 l=1 rev1=1 crypto rx=0 tx=0 comp rx=0 tx=0).stop
2024-05-26T21:46:00.896 INFO:teuthology.orchestra.run.smithi149.stdout:/usr/bin/ceph: stderr
2024-05-26T21:45:59.753+0000 7f5644611700 1 --2- 172.21.15.149:0/1702295095 >> [v2:172.21.15.149:3300/0,v1:172.21.15.149:6789/0] conn(0x7f563c107e00 0x7f563c19b140 unknown :-1 s=CLOSED pgs=73 cs=0 l=1 rev1=1 crypto rx=0 tx=0 comp rx=0 tx=0).stop
2024-05-26T21:46:00.896 INFO:teuthology.orchestra.run.smithi149.stdout:/usr/bin/ceph: stderr
2024-05-26T21:45:59.753+0000 7f5644611700 1 -- 172.21.15.149:0/1702295095 >> 172.21.15.149:0/1702295095 conn(0x7f563c101870 msgr2=0x7f563c102240 unknown :-1 s=STATE_NONE l=0).mark_down
2024-05-26T21:46:00.896 INFO:teuthology.orchestra.run.smithi149.stdout:/usr/bin/ceph: stderr
2024-05-26T21:45:59.753+0000 7f5644611700 1 -- 172.21.15.149:0/1702295095 shutdown_connections
2024-05-26T21:46:00.896 INFO:teuthology.orchestra.run.smithi149.stdout:/usr/bin/ceph: stderr
2024-05-26T21:45:59.753+0000 7f5644611700 1 -- 172.21.15.149:0/1702295095 wait complete.
2024-05-26T21:46:00.896 INFO:teuthology.orchestra.run.smithi149.stdout:Fetching dashboard port number...
2024-05-26T21:46:02.458 INFO:teuthology.orchestra.run.smithi149.stdout:/usr/bin/ceph: stdout 8443
2024-05-26T21:46:02.458 INFO:teuthology.orchestra.run.smithi149.stdout:/usr/bin/ceph: stderr
2024-05-26T21:46:01.650+0000 7f6b3a4ca700 1 Processor -- start
2024-05-26T21:46:02.458 INFO:teuthology.orchestra.run.smithi149.stdout:/usr/bin/ceph: stderr
2024-05-26T21:46:01.650+0000 7f6b3a4ca700 1 -- start start
2024-05-26T21:46:02.458 INFO:teuthology.orchestra.run.smithi149.stdout:/usr/bin/ceph: stderr
2024-05-26T21:46:01.650+0000 7f6b3a4ca700 1 --2- >> [v2:172.21.15.149:3300/0,v1:172.21.15.149:6789/0] conn(0x7f6b34107da0 0x7f6b3410a190 unknown :-1 s=NONE pgs=0 cs=0 l=0 rev1=0 crypto rx=0 tx=0 comp rx=0 tx=0).connect
2024-05-26T21:46:02.459 INFO:teuthology.orchestra.run.smithi149.stdout:/usr/bin/ceph: stderr
2024-05-26T21:46:01.650+0000 7f6b3a4ca700 1 -- --> [v2:172.21.15.149:3300/0,v1:172.21.15.149:6789/0] -- mon_getmap magic: 0 -- 0x7f6b3407a720 con 0x7f6b34107da0
2024-05-26T21:46:02.459 INFO:teuthology.orchestra.run.smithi149.stdout:/usr/bin/ceph: stderr
2024-05-26T21:46:01.650+0000 7f6b33fff700 1 --2- >> [v2:172.21.15.149:3300/0,v1:172.21.15.149:6789/0] conn(0x7f6b34107da0 0x7f6b3410a190 unknown :-1 s=BANNER_CONNECTING pgs=0 cs=0 l=0 rev1=0 crypto rx=0 tx=0 comp rx=0 tx=0)._handle_peer_banner_payload supported=3 required=0
2024-05-26T21:46:02.459 INFO:teuthology.orchestra.run.smithi149.stdout:/usr/bin/ceph: stderr
2024-05-26T21:46:01.651+0000 7f6b33fff700 1 --2- >> [v2:172.21.15.149:3300/0,v1:172.21.15.149:6789/0] conn(0x7f6b34107da0 0x7f6b3410a190 unknown :-1 s=HELLO_CONNECTING pgs=0 cs=0 l=0 rev1=1 crypto rx=0 tx=0 comp rx=0 tx=0).handle_hello peer v2:172.21.15.149:3300/0 says I am v2:172.21.15.149:53930/0 (socket says 172.21.15.149:53930)
2024-05-26T21:46:02.459 INFO:teuthology.orchestra.run.smithi149.stdout:/usr/bin/ceph: stderr
2024-05-26T21:46:01.651+0000 7f6b33fff700 1 -- 172.21.15.149:0/3299148101 learned_addr learned my addr 172.21.15.149:0/3299148101 (peer_addr_for_me v2:172.21.15.149:0/0)
2024-05-26T21:46:02.459 INFO:teuthology.orchestra.run.smithi149.stdout:/usr/bin/ceph: stderr
2024-05-26T21:46:01.651+0000 7f6b33fff700 1 -- 172.21.15.149:0/3299148101 --> [v2:172.21.15.149:3300/0,v1:172.21.15.149:6789/0] -- mon_subscribe({config=0+,monmap=0+}) -- 0x7f6b3410a6d0 con 0x7f6b34107da0
2024-05-26T21:46:02.459 INFO:teuthology.orchestra.run.smithi149.stdout:/usr/bin/ceph: stderr
2024-05-26T21:46:01.651+0000 7f6b33fff700 1 --2- 172.21.15.149:0/3299148101 >> [v2:172.21.15.149:3300/0,v1:172.21.15.149:6789/0] conn(0x7f6b34107da0 0x7f6b3410a190 secure :-1 s=READY pgs=74 cs=0 l=1 rev1=1 crypto rx=0x7f6b240098a0 tx=0x7f6b24009bb0 comp rx=0 tx=0).ready entity=mon.0 client_cookie=f8b55544af13986 server_cookie=0 in_seq=0 out_seq=0
2024-05-26T21:46:02.459 INFO:teuthology.orchestra.run.smithi149.stdout:/usr/bin/ceph: stderr
2024-05-26T21:46:01.651+0000 7f6b337fe700 1 -- 172.21.15.149:0/3299148101 <== mon.0 v2:172.21.15.149:3300/0 1 ==== mon_map magic: 0 ==== 205+0+0 (secure 0 0 0) 0x7f6b24004160 con 0x7f6b34107da0
2024-05-26T21:46:02.459 INFO:teuthology.orchestra.run.smithi149.stdout:/usr/bin/ceph: stderr
2024-05-26T21:46:01.651+0000 7f6b337fe700 1 -- 172.21.15.149:0/3299148101 <== mon.0 v2:172.21.15.149:3300/0 2 ==== config(26 keys) ==== 1102+0+0 (secure 0 0 0) 0x7f6b24004300 con 0x7f6b34107da0
2024-05-26T21:46:02.459 INFO:teuthology.orchestra.run.smithi149.stdout:/usr/bin/ceph: stderr
2024-05-26T21:46:01.651+0000 7f6b337fe700 1 -- 172.21.15.149:0/3299148101 <== mon.0 v2:172.21.15.149:3300/0 3 ==== mon_map magic: 0 ==== 205+0+0 (secure 0 0 0) 0x7f6b24011a50 con 0x7f6b34107da0
2024-05-26T21:46:02.459 INFO:teuthology.orchestra.run.smithi149.stdout:/usr/bin/ceph: stderr
2024-05-26T21:46:01.652+0000 7f6b3a4ca700 1 -- 172.21.15.149:0/3299148101 >> [v2:172.21.15.149:3300/0,v1:172.21.15.149:6789/0] conn(0x7f6b34107da0 msgr2=0x7f6b3410a190 secure :-1 s=STATE_CONNECTION_ESTABLISHED l=1).mark_down
2024-05-26T21:46:02.459 INFO:teuthology.orchestra.run.smithi149.stdout:/usr/bin/ceph: stderr
2024-05-26T21:46:01.652+0000 7f6b3a4ca700 1 --2- 172.21.15.149:0/3299148101 >> [v2:172.21.15.149:3300/0,v1:172.21.15.149:6789/0] conn(0x7f6b34107da0 0x7f6b3410a190 secure :-1 s=READY pgs=74 cs=0 l=1 rev1=1 crypto rx=0x7f6b240098a0 tx=0x7f6b24009bb0 comp rx=0 tx=0).stop
2024-05-26T21:46:02.459 INFO:teuthology.orchestra.run.smithi149.stdout:/usr/bin/ceph: stderr
2024-05-26T21:46:01.652+0000 7f6b3a4ca700 1 -- 172.21.15.149:0/3299148101 shutdown_connections
2024-05-26T21:46:02.460 INFO:teuthology.orchestra.run.smithi149.stdout:/usr/bin/ceph: stderr
2024-05-26T21:46:01.652+0000 7f6b3a4ca700 1 --2- 172.21.15.149:0/3299148101 >> [v2:172.21.15.149:3300/0,v1:172.21.15.149:6789/0] conn(0x7f6b34107da0 0x7f6b3410a190 unknown :-1 s=CLOSED pgs=74 cs=0 l=1 rev1=1 crypto rx=0 tx=0 comp rx=0 tx=0).stop
2024-05-26T21:46:02.460 INFO:teuthology.orchestra.run.smithi149.stdout:/usr/bin/ceph: stderr
2024-05-26T21:46:01.652+0000 7f6b3a4ca700 1 -- 172.21.15.149:0/3299148101 >> 172.21.15.149:0/3299148101 conn(0x7f6b34101830 msgr2=0x7f6b34103c50 unknown :-1 s=STATE_NONE l=0).mark_down
2024-05-26T21:46:02.460 INFO:teuthology.orchestra.run.smithi149.stdout:/usr/bin/ceph: stderr
2024-05-26T21:46:01.652+0000 7f6b3a4ca700 1 -- 172.21.15.149:0/3299148101 shutdown_connections
2024-05-26T21:46:02.460 INFO:teuthology.orchestra.run.smithi149.stdout:/usr/bin/ceph: stderr
2024-05-26T21:46:01.652+0000 7f6b3a4ca700 1 -- 172.21.15.149:0/3299148101 wait complete.
2024-05-26T21:46:02.460 INFO:teuthology.orchestra.run.smithi149.stdout:/usr/bin/ceph: stderr
2024-05-26T21:46:01.652+0000 7f6b3a4ca700 1 Processor -- start
2024-05-26T21:46:02.460 INFO:teuthology.orchestra.run.smithi149.stdout:/usr/bin/ceph: stderr
2024-05-26T21:46:01.653+0000 7f6b3a4ca700 1 -- start start
2024-05-26T21:46:02.460 INFO:teuthology.orchestra.run.smithi149.stdout:/usr/bin/ceph: stderr
2024-05-26T21:46:01.653+0000 7f6b3a4ca700 1 --2- >> [v2:172.21.15.149:3300/0,v1:172.21.15.149:6789/0] conn(0x7f6b34107da0 0x7f6b3419b140 unknown :-1 s=NONE pgs=0 cs=0 l=1 rev1=0 crypto rx=0 tx=0 comp rx=0 tx=0).connect
2024-05-26T21:46:02.460 INFO:teuthology.orchestra.run.smithi149.stdout:/usr/bin/ceph: stderr
2024-05-26T21:46:01.653+0000 7f6b3a4ca700 1 -- --> [v2:172.21.15.149:3300/0,v1:172.21.15.149:6789/0] -- mon_getmap magic: 0 -- 0x7f6b3410b6d0 con 0x7f6b34107da0
2024-05-26T21:46:02.460 INFO:teuthology.orchestra.run.smithi149.stdout:/usr/bin/ceph: stderr
2024-05-26T21:46:01.653+0000 7f6b33fff700 1 --2- >> [v2:172.21.15.149:3300/0,v1:172.21.15.149:6789/0] conn(0x7f6b34107da0 0x7f6b3419b140 unknown :-1 s=BANNER_CONNECTING pgs=0 cs=0 l=1 rev1=0 crypto rx=0 tx=0 comp rx=0 tx=0)._handle_peer_banner_payload supported=3 required=0
2024-05-26T21:46:02.460 INFO:teuthology.orchestra.run.smithi149.stdout:/usr/bin/ceph: stderr
2024-05-26T21:46:01.653+0000 7f6b33fff700 1 --2- >> [v2:172.21.15.149:3300/0,v1:172.21.15.149:6789/0] conn(0x7f6b34107da0 0x7f6b3419b140 unknown :-1 s=HELLO_CONNECTING pgs=0 cs=0 l=1 rev1=1 crypto rx=0 tx=0 comp rx=0 tx=0).handle_hello peer v2:172.21.15.149:3300/0 says I am v2:172.21.15.149:53942/0 (socket says 172.21.15.149:53942)
2024-05-26T21:46:02.460 INFO:teuthology.orchestra.run.smithi149.stdout:/usr/bin/ceph: stderr
2024-05-26T21:46:01.653+0000 7f6b33fff700 1 -- 172.21.15.149:0/3346683740 learned_addr learned my addr 172.21.15.149:0/3346683740 (peer_addr_for_me v2:172.21.15.149:0/0)
2024-05-26T21:46:02.460 INFO:teuthology.orchestra.run.smithi149.stdout:/usr/bin/ceph: stderr
2024-05-26T21:46:01.653+0000 7f6b33fff700 1 -- 172.21.15.149:0/3346683740 --> [v2:172.21.15.149:3300/0,v1:172.21.15.149:6789/0] -- mon_subscribe({config=0+,monmap=0+}) -- 0x7f6b3419b680 con 0x7f6b34107da0
2024-05-26T21:46:02.460 INFO:teuthology.orchestra.run.smithi149.stdout:/usr/bin/ceph: stderr
2024-05-26T21:46:01.653+0000 7f6b33fff700 1 --2- 172.21.15.149:0/3346683740 >> [v2:172.21.15.149:3300/0,v1:172.21.15.149:6789/0] conn(0x7f6b34107da0 0x7f6b3419b140 secure :-1 s=READY pgs=75 cs=0 l=1 rev1=1 crypto rx=0x7f6b24011a20 tx=0x7f6b24011b00 comp rx=0 tx=0).ready entity=mon.0 client_cookie=0 server_cookie=0 in_seq=0 out_seq=0
2024-05-26T21:46:02.461 INFO:teuthology.orchestra.run.smithi149.stdout:/usr/bin/ceph: stderr
2024-05-26T21:46:01.653+0000 7f6b31ffb700 1 -- 172.21.15.149:0/3346683740 <== mon.0 v2:172.21.15.149:3300/0 1 ==== mon_map magic: 0 ==== 205+0+0 (secure 0 0 0) 0x7f6b240039c0 con 0x7f6b34107da0
2024-05-26T21:46:02.461 INFO:teuthology.orchestra.run.smithi149.stdout:/usr/bin/ceph: stderr
2024-05-26T21:46:01.653+0000 7f6b31ffb700 1 -- 172.21.15.149:0/3346683740 <== mon.0 v2:172.21.15.149:3300/0 2 ==== config(26 keys) ==== 1102+0+0 (secure 0 0 0) 0x7f6b24003b60 con 0x7f6b34107da0
2024-05-26T21:46:02.461 INFO:teuthology.orchestra.run.smithi149.stdout:/usr/bin/ceph: stderr
2024-05-26T21:46:01.653+0000 7f6b3a4ca700 1 -- 172.21.15.149:0/3346683740 --> [v2:172.21.15.149:3300/0,v1:172.21.15.149:6789/0] -- mon_subscribe({mgrmap=0+}) -- 0x7f6b3419b910 con 0x7f6b34107da0
2024-05-26T21:46:02.461 INFO:teuthology.orchestra.run.smithi149.stdout:/usr/bin/ceph: stderr
2024-05-26T21:46:01.653+0000 7f6b31ffb700 1 -- 172.21.15.149:0/3346683740 <== mon.0 v2:172.21.15.149:3300/0 3 ==== mon_map magic: 0 ==== 205+0+0 (secure 0 0 0) 0x7f6b2401a6b0 con 0x7f6b34107da0
2024-05-26T21:46:02.461 INFO:teuthology.orchestra.run.smithi149.stdout:/usr/bin/ceph: stderr
2024-05-26T21:46:01.654+0000 7f6b3a4ca700 1 -- 172.21.15.149:0/3346683740 --> [v2:172.21.15.149:3300/0,v1:172.21.15.149:6789/0] -- mon_subscribe({osdmap=0}) -- 0x7f6b3419e600 con 0x7f6b34107da0
2024-05-26T21:46:02.461 INFO:teuthology.orchestra.run.smithi149.stdout:/usr/bin/ceph: stderr
2024-05-26T21:46:01.654+0000 7f6b31ffb700 1 -- 172.21.15.149:0/3346683740 <== mon.0 v2:172.21.15.149:3300/0 4 ==== mgrmap(e 13) ==== 46344+0+0 (secure 0 0 0) 0x7f6b24024430 con 0x7f6b34107da0
2024-05-26T21:46:02.461 INFO:teuthology.orchestra.run.smithi149.stdout:/usr/bin/ceph: stderr
2024-05-26T21:46:01.655+0000 7f6b31ffb700 1 --2- 172.21.15.149:0/3346683740 >> [v2:172.21.15.149:6800/1073624399,v1:172.21.15.149:6801/1073624399] conn(0x7f6b20039210 0x7f6b2003b6d0 unknown :-1 s=NONE pgs=0 cs=0 l=1 rev1=0 crypto rx=0 tx=0 comp rx=0 tx=0).connect
2024-05-26T21:46:02.461 INFO:teuthology.orchestra.run.smithi149.stdout:/usr/bin/ceph: stderr
2024-05-26T21:46:01.655+0000 7f6b3a4ca700 1 -- 172.21.15.149:0/3346683740 --> [v2:172.21.15.149:3300/0,v1:172.21.15.149:6789/0] -- mon_command({"prefix": "get_command_descriptions"} v 0) -- 0x7f6b34063af0 con 0x7f6b34107da0
2024-05-26T21:46:02.461 INFO:teuthology.orchestra.run.smithi149.stdout:/usr/bin/ceph: stderr
2024-05-26T21:46:01.655+0000 7f6b31ffb700 1 -- 172.21.15.149:0/3346683740 <== mon.0 v2:172.21.15.149:3300/0 5 ==== osd_map(3..3 src has 1..3) ==== 1155+0+0 (secure 0 0 0) 0x7f6b2404d850 con 0x7f6b34107da0
2024-05-26T21:46:02.461 INFO:teuthology.orchestra.run.smithi149.stdout:/usr/bin/ceph: stderr
2024-05-26T21:46:01.655+0000 7f6b2bfff700 1 --2- 172.21.15.149:0/3346683740 >> [v2:172.21.15.149:6800/1073624399,v1:172.21.15.149:6801/1073624399] conn(0x7f6b20039210 0x7f6b2003b6d0 unknown :-1 s=BANNER_CONNECTING pgs=0 cs=0 l=1 rev1=0 crypto rx=0 tx=0 comp rx=0 tx=0)._handle_peer_banner_payload supported=3 required=0
2024-05-26T21:46:02.461 INFO:teuthology.orchestra.run.smithi149.stdout:/usr/bin/ceph: stderr
2024-05-26T21:46:01.655+0000 7f6b2bfff700 1 --2- 172.21.15.149:0/3346683740 >> [v2:172.21.15.149:6800/1073624399,v1:172.21.15.149:6801/1073624399] conn(0x7f6b20039210 0x7f6b2003b6d0 secure :-1 s=READY pgs=9 cs=0 l=1 rev1=1 crypto rx=0x7f6b1c006fd0 tx=0x7f6b1c006e40 comp rx=0 tx=0).ready entity=mgr.14152 client_cookie=0 server_cookie=0 in_seq=0 out_seq=0
2024-05-26T21:46:02.461 INFO:teuthology.orchestra.run.smithi149.stdout:/usr/bin/ceph: stderr
2024-05-26T21:46:01.660+0000 7f6b31ffb700 1 -- 172.21.15.149:0/3346683740 <== mon.0 v2:172.21.15.149:3300/0 6 ==== mon_command_ack([{"prefix": "get_command_descriptions"}]=0 v0) ==== 72+0+186418 (secure 0 0 0) 0x7f6b240151c0 con 0x7f6b34107da0
2024-05-26T21:46:02.461 INFO:teuthology.orchestra.run.smithi149.stdout:/usr/bin/ceph: stderr
2024-05-26T21:46:01.856+0000 7f6b3a4ca700 1 -- 172.21.15.149:0/3346683740 --> [v2:172.21.15.149:3300/0,v1:172.21.15.149:6789/0] -- mon_command({"prefix": "config get", "who": "mgr", "key": "mgr/dashboard/ssl_server_port"} v 0) -- 0x7f6b3419ebb0 con 0x7f6b34107da0
2024-05-26T21:46:02.461 INFO:teuthology.orchestra.run.smithi149.stdout:/usr/bin/ceph: stderr
2024-05-26T21:46:01.856+0000 7f6b31ffb700 1 -- 172.21.15.149:0/3346683740 <== mon.0 v2:172.21.15.149:3300/0 7 ==== mon_command_ack([{"prefix": "config get", "who": "mgr", "key": "mgr/dashboard/ssl_server_port"}]=0 v8) ==== 112+0+5 (secure 0 0 0) 0x7f6b24024a70 con 0x7f6b34107da0
2024-05-26T21:46:02.462 INFO:teuthology.orchestra.run.smithi149.stdout:/usr/bin/ceph: stderr
2024-05-26T21:46:01.858+0000 7f6b3a4ca700 1 -- 172.21.15.149:0/3346683740 >> [v2:172.21.15.149:6800/1073624399,v1:172.21.15.149:6801/1073624399] conn(0x7f6b20039210 msgr2=0x7f6b2003b6d0 secure :-1 s=STATE_CONNECTION_ESTABLISHED l=1).mark_down
2024-05-26T21:46:02.462 INFO:teuthology.orchestra.run.smithi149.stdout:/usr/bin/ceph: stderr
2024-05-26T21:46:01.858+0000 7f6b3a4ca700 1 --2- 172.21.15.149:0/3346683740 >> [v2:172.21.15.149:6800/1073624399,v1:172.21.15.149:6801/1073624399] conn(0x7f6b20039210 0x7f6b2003b6d0 secure :-1 s=READY pgs=9 cs=0 l=1 rev1=1 crypto rx=0x7f6b1c006fd0 tx=0x7f6b1c006e40 comp rx=0 tx=0).stop
2024-05-26T21:46:02.462 INFO:teuthology.orchestra.run.smithi149.stdout:/usr/bin/ceph: stderr
2024-05-26T21:46:01.858+0000 7f6b3a4ca700 1 -- 172.21.15.149:0/3346683740 >> [v2:172.21.15.149:3300/0,v1:172.21.15.149:6789/0] conn(0x7f6b34107da0 msgr2=0x7f6b3419b140 secure :-1 s=STATE_CONNECTION_ESTABLISHED l=1).mark_down
2024-05-26T21:46:02.462 INFO:teuthology.orchestra.run.smithi149.stdout:/usr/bin/ceph: stderr
2024-05-26T21:46:01.858+0000 7f6b3a4ca700 1 --2- 172.21.15.149:0/3346683740 >> [v2:172.21.15.149:3300/0,v1:172.21.15.149:6789/0] conn(0x7f6b34107da0 0x7f6b3419b140 secure :-1 s=READY pgs=75 cs=0 l=1 rev1=1 crypto rx=0x7f6b24011a20 tx=0x7f6b24011b00 comp rx=0 tx=0).stop
2024-05-26T21:46:02.462 INFO:teuthology.orchestra.run.smithi149.stdout:/usr/bin/ceph: stderr
2024-05-26T21:46:01.859+0000 7f6b3a4ca700 1 -- 172.21.15.149:0/3346683740 shutdown_connections
2024-05-26T21:46:02.462 INFO:teuthology.orchestra.run.smithi149.stdout:/usr/bin/ceph: stderr
2024-05-26T21:46:01.859+0000 7f6b3a4ca700 1 --2- 172.21.15.149:0/3346683740 >> [v2:172.21.15.149:6800/1073624399,v1:172.21.15.149:6801/1073624399] conn(0x7f6b20039210 0x7f6b2003b6d0 unknown :-1 s=CLOSED pgs=9 cs=0 l=1 rev1=1 crypto rx=0 tx=0 comp rx=0 tx=0).stop
2024-05-26T21:46:02.462 INFO:teuthology.orchestra.run.smithi149.stdout:/usr/bin/ceph: stderr
2024-05-26T21:46:01.859+0000 7f6b3a4ca700 1 --2- 172.21.15.149:0/3346683740 >> [v2:172.21.15.149:3300/0,v1:172.21.15.149:6789/0] conn(0x7f6b34107da0 0x7f6b3419b140 unknown :-1 s=CLOSED pgs=75 cs=0 l=1 rev1=1 crypto rx=0 tx=0 comp rx=0 tx=0).stop
2024-05-26T21:46:02.462 INFO:teuthology.orchestra.run.smithi149.stdout:/usr/bin/ceph: stderr
2024-05-26T21:46:01.859+0000 7f6b3a4ca700 1 -- 172.21.15.149:0/3346683740 >> 172.21.15.149:0/3346683740 conn(0x7f6b34101830 msgr2=0x7f6b34102220 unknown :-1 s=STATE_NONE l=0).mark_down
2024-05-26T21:46:02.462 INFO:teuthology.orchestra.run.smithi149.stdout:/usr/bin/ceph: stderr
2024-05-26T21:46:01.859+0000 7f6b3a4ca700 1 -- 172.21.15.149:0/3346683740 shutdown_connections
2024-05-26T21:46:02.462 INFO:teuthology.orchestra.run.smithi149.stdout:/usr/bin/ceph: stderr
2024-05-26T21:46:01.859+0000 7f6b3a4ca700 1 -- 172.21.15.149:0/3346683740 wait complete.
2024-05-26T21:46:02.466 INFO:teuthology.orchestra.run.smithi149.stdout:Non-zero exit code 1 from systemctl is-enabled firewalld.service
2024-05-26T21:46:02.466 INFO:teuthology.orchestra.run.smithi149.stdout:systemctl: stdout disabled
2024-05-26T21:46:02.473 INFO:teuthology.orchestra.run.smithi149.stdout:Non-zero exit code 3 from systemctl is-active firewalld.service
2024-05-26T21:46:02.473 INFO:teuthology.orchestra.run.smithi149.stdout:systemctl: stdout inactive
2024-05-26T21:46:02.474 INFO:teuthology.orchestra.run.smithi149.stdout:firewalld.service is not enabled
2024-05-26T21:46:02.474 INFO:teuthology.orchestra.run.smithi149.stdout:Not possible to open ports <[8443]>. firewalld.service is not available
2024-05-26T21:46:02.475 INFO:teuthology.orchestra.run.smithi149.stdout:Ceph Dashboard is now available at:
2024-05-26T21:46:02.475 INFO:teuthology.orchestra.run.smithi149.stdout:
2024-05-26T21:46:02.475 INFO:teuthology.orchestra.run.smithi149.stdout: URL: https://smithi149.front.sepia.ceph.com:8443/
2024-05-26T21:46:02.475 INFO:teuthology.orchestra.run.smithi149.stdout: User: admin
2024-05-26T21:46:02.475 INFO:teuthology.orchestra.run.smithi149.stdout: Password: t109wnz9oj
2024-05-26T21:46:02.475 INFO:teuthology.orchestra.run.smithi149.stdout:
2024-05-26T21:46:02.475 INFO:teuthology.orchestra.run.smithi149.stdout:Saving cluster configuration to /var/lib/ceph/1496b044-1ba9-11ef-bc9b-c7b262605968/config directory
2024-05-26T21:46:02.476 INFO:teuthology.orchestra.run.smithi149.stdout:Enabling autotune for osd_memory_target
2024-05-26T21:46:02.754 INFO:journalctl@ceph.mon.a.smithi149.stdout:May 26 21:46:02 smithi149 ceph-mon[29307]: mgrmap e13: x(active, since 6s)
2024-05-26T21:46:02.754 INFO:journalctl@ceph.mon.a.smithi149.stdout:May 26 21:46:02 smithi149 ceph-mon[29307]: from='client.? 172.21.15.149:0/3346683740' entity='client.admin' cmd=[{"prefix": "config get", "who": "mgr", "key": "mgr/dashboard/ssl_server_port"}]: dispatch
2024-05-26T21:46:03.632 INFO:teuthology.orchestra.run.smithi149.stdout:/usr/bin/ceph: stderr
2024-05-26T21:46:02.858+0000 7fda03d64700 1 Processor -- start
2024-05-26T21:46:03.632 INFO:teuthology.orchestra.run.smithi149.stdout:/usr/bin/ceph: stderr
2024-05-26T21:46:02.858+0000 7fda03d64700 1 -- start start
2024-05-26T21:46:03.632 INFO:teuthology.orchestra.run.smithi149.stdout:/usr/bin/ceph: stderr
2024-05-26T21:46:02.858+0000 7fda03d64700 1 --2- >> [v2:172.21.15.149:3300/0,v1:172.21.15.149:6789/0] conn(0x7fd9fc107db0 0x7fd9fc10a1a0 unknown :-1 s=NONE pgs=0 cs=0 l=0 rev1=0 crypto rx=0 tx=0 comp rx=0 tx=0).connect
2024-05-26T21:46:03.632 INFO:teuthology.orchestra.run.smithi149.stdout:/usr/bin/ceph: stderr
2024-05-26T21:46:02.858+0000 7fda03d64700 1 -- --> [v2:172.21.15.149:3300/0,v1:172.21.15.149:6789/0] -- mon_getmap magic: 0 -- 0x7fd9fc07a720 con 0x7fd9fc107db0
2024-05-26T21:46:03.632 INFO:teuthology.orchestra.run.smithi149.stdout:/usr/bin/ceph: stderr
2024-05-26T21:46:02.859+0000 7fda01b00700 1 --2- >> [v2:172.21.15.149:3300/0,v1:172.21.15.149:6789/0] conn(0x7fd9fc107db0 0x7fd9fc10a1a0 unknown :-1 s=BANNER_CONNECTING pgs=0 cs=0 l=0 rev1=0 crypto rx=0 tx=0 comp rx=0 tx=0)._handle_peer_banner_payload supported=3 required=0
2024-05-26T21:46:03.632 INFO:teuthology.orchestra.run.smithi149.stdout:/usr/bin/ceph: stderr
2024-05-26T21:46:02.859+0000 7fda01b00700 1 --2- >> [v2:172.21.15.149:3300/0,v1:172.21.15.149:6789/0] conn(0x7fd9fc107db0 0x7fd9fc10a1a0 unknown :-1 s=HELLO_CONNECTING pgs=0 cs=0 l=0 rev1=1 crypto rx=0 tx=0 comp rx=0 tx=0).handle_hello peer v2:172.21.15.149:3300/0 says I am v2:172.21.15.149:53950/0 (socket says 172.21.15.149:53950)
2024-05-26T21:46:03.632 INFO:teuthology.orchestra.run.smithi149.stdout:/usr/bin/ceph: stderr
2024-05-26T21:46:02.859+0000 7fda01b00700 1 -- 172.21.15.149:0/33692930 learned_addr learned my addr 172.21.15.149:0/33692930 (peer_addr_for_me v2:172.21.15.149:0/0)
2024-05-26T21:46:03.632 INFO:teuthology.orchestra.run.smithi149.stdout:/usr/bin/ceph: stderr
2024-05-26T21:46:02.859+0000 7fda01b00700 1 -- 172.21.15.149:0/33692930 --> [v2:172.21.15.149:3300/0,v1:172.21.15.149:6789/0] -- mon_subscribe({config=0+,monmap=0+}) -- 0x7fd9fc10a6e0 con 0x7fd9fc107db0
2024-05-26T21:46:03.632 INFO:teuthology.orchestra.run.smithi149.stdout:/usr/bin/ceph: stderr
2024-05-26T21:46:02.859+0000 7fda01b00700 1 --2- 172.21.15.149:0/33692930 >> [v2:172.21.15.149:3300/0,v1:172.21.15.149:6789/0] conn(0x7fd9fc107db0 0x7fd9fc10a1a0 secure :-1 s=READY pgs=76 cs=0 l=1 rev1=1 crypto rx=0x7fd9ec0098a0 tx=0x7fd9ec009bb0 comp rx=0 tx=0).ready entity=mon.0 client_cookie=653c8870bd52b21b server_cookie=0 in_seq=0 out_seq=0
2024-05-26T21:46:03.632 INFO:teuthology.orchestra.run.smithi149.stdout:/usr/bin/ceph: stderr
2024-05-26T21:46:02.859+0000 7fda00afe700 1 -- 172.21.15.149:0/33692930 <== mon.0 v2:172.21.15.149:3300/0 1 ==== mon_map magic: 0 ==== 205+0+0 (secure 0 0 0) 0x7fd9ec004160 con 0x7fd9fc107db0
2024-05-26T21:46:03.632 INFO:teuthology.orchestra.run.smithi149.stdout:/usr/bin/ceph: stderr
2024-05-26T21:46:02.859+0000 7fda00afe700 1 -- 172.21.15.149:0/33692930 <== mon.0 v2:172.21.15.149:3300/0 2 ==== config(26 keys) ==== 1102+0+0 (secure 0 0 0) 0x7fd9ec004300 con 0x7fd9fc107db0
2024-05-26T21:46:03.633 INFO:teuthology.orchestra.run.smithi149.stdout:/usr/bin/ceph: stderr
2024-05-26T21:46:02.859+0000 7fda00afe700 1 -- 172.21.15.149:0/33692930 <== mon.0 v2:172.21.15.149:3300/0 3 ==== mon_map magic: 0 ==== 205+0+0 (secure 0 0 0) 0x7fd9ec011a50 con 0x7fd9fc107db0
2024-05-26T21:46:03.633 INFO:teuthology.orchestra.run.smithi149.stdout:/usr/bin/ceph: stderr
2024-05-26T21:46:02.860+0000 7fda03d64700 1 -- 172.21.15.149:0/33692930 >> [v2:172.21.15.149:3300/0,v1:172.21.15.149:6789/0] conn(0x7fd9fc107db0 msgr2=0x7fd9fc10a1a0 secure :-1 s=STATE_CONNECTION_ESTABLISHED l=1).mark_down
2024-05-26T21:46:03.633 INFO:teuthology.orchestra.run.smithi149.stdout:/usr/bin/ceph: stderr
2024-05-26T21:46:02.860+0000 7fda03d64700 1 --2- 172.21.15.149:0/33692930 >> [v2:172.21.15.149:3300/0,v1:172.21.15.149:6789/0] conn(0x7fd9fc107db0 0x7fd9fc10a1a0 secure :-1 s=READY pgs=76 cs=0 l=1 rev1=1 crypto rx=0x7fd9ec0098a0 tx=0x7fd9ec009bb0 comp rx=0 tx=0).stop
2024-05-26T21:46:03.633 INFO:teuthology.orchestra.run.smithi149.stdout:/usr/bin/ceph: stderr
2024-05-26T21:46:02.860+0000 7fda03d64700 1 -- 172.21.15.149:0/33692930 shutdown_connections
2024-05-26T21:46:03.633 INFO:teuthology.orchestra.run.smithi149.stdout:/usr/bin/ceph: stderr
2024-05-26T21:46:02.860+0000 7fda03d64700 1 --2- 172.21.15.149:0/33692930 >> [v2:172.21.15.149:3300/0,v1:172.21.15.149:6789/0] conn(0x7fd9fc107db0 0x7fd9fc10a1a0 unknown :-1 s=CLOSED pgs=76 cs=0 l=1 rev1=1 crypto rx=0 tx=0 comp rx=0 tx=0).stop
2024-05-26T21:46:03.633 INFO:teuthology.orchestra.run.smithi149.stdout:/usr/bin/ceph: stderr
2024-05-26T21:46:02.860+0000 7fda03d64700 1 -- 172.21.15.149:0/33692930 >> 172.21.15.149:0/33692930 conn(0x7fd9fc1017e0 msgr2=0x7fd9fc103c00 unknown :-1 s=STATE_NONE l=0).mark_down
2024-05-26T21:46:03.633 INFO:teuthology.orchestra.run.smithi149.stdout:/usr/bin/ceph: stderr
2024-05-26T21:46:02.860+0000 7fda03d64700 1 -- 172.21.15.149:0/33692930 shutdown_connections
2024-05-26T21:46:03.633 INFO:teuthology.orchestra.run.smithi149.stdout:/usr/bin/ceph: stderr
2024-05-26T21:46:02.860+0000 7fda03d64700 1 -- 172.21.15.149:0/33692930 wait complete.
2024-05-26T21:46:03.633 INFO:teuthology.orchestra.run.smithi149.stdout:/usr/bin/ceph: stderr
2024-05-26T21:46:02.861+0000 7fda03d64700 1 Processor -- start
2024-05-26T21:46:03.633 INFO:teuthology.orchestra.run.smithi149.stdout:/usr/bin/ceph: stderr
2024-05-26T21:46:02.861+0000 7fda03d64700 1 -- start start
2024-05-26T21:46:03.633 INFO:teuthology.orchestra.run.smithi149.stdout:/usr/bin/ceph: stderr
2024-05-26T21:46:02.861+0000 7fda03d64700 1 --2- >> [v2:172.21.15.149:3300/0,v1:172.21.15.149:6789/0] conn(0x7fd9fc107db0 0x7fd9fc19b1a0 unknown :-1 s=NONE pgs=0 cs=0 l=1 rev1=0 crypto rx=0 tx=0 comp rx=0 tx=0).connect
2024-05-26T21:46:03.633 INFO:teuthology.orchestra.run.smithi149.stdout:/usr/bin/ceph: stderr
2024-05-26T21:46:02.861+0000 7fda03d64700 1 -- --> [v2:172.21.15.149:3300/0,v1:172.21.15.149:6789/0] -- mon_getmap magic: 0 -- 0x7fd9fc10b6e0 con 0x7fd9fc107db0
2024-05-26T21:46:03.633 INFO:teuthology.orchestra.run.smithi149.stdout:/usr/bin/ceph: stderr
2024-05-26T21:46:02.861+0000 7fda01b00700 1 --2- >> [v2:172.21.15.149:3300/0,v1:172.21.15.149:6789/0] conn(0x7fd9fc107db0 0x7fd9fc19b1a0 unknown :-1 s=BANNER_CONNECTING pgs=0 cs=0 l=1 rev1=0 crypto rx=0 tx=0 comp rx=0 tx=0)._handle_peer_banner_payload supported=3 required=0
2024-05-26T21:46:03.634 INFO:teuthology.orchestra.run.smithi149.stdout:/usr/bin/ceph: stderr
2024-05-26T21:46:02.861+0000 7fda01b00700 1 --2- >> [v2:172.21.15.149:3300/0,v1:172.21.15.149:6789/0] conn(0x7fd9fc107db0 0x7fd9fc19b1a0 unknown :-1 s=HELLO_CONNECTING pgs=0 cs=0 l=1 rev1=1 crypto rx=0 tx=0 comp rx=0 tx=0).handle_hello peer v2:172.21.15.149:3300/0 says I am v2:172.21.15.149:53964/0 (socket says 172.21.15.149:53964)
2024-05-26T21:46:03.634 INFO:teuthology.orchestra.run.smithi149.stdout:/usr/bin/ceph: stderr
2024-05-26T21:46:02.861+0000 7fda01b00700 1 -- 172.21.15.149:0/1395585612 learned_addr learned my addr 172.21.15.149:0/1395585612 (peer_addr_for_me v2:172.21.15.149:0/0)
2024-05-26T21:46:03.634 INFO:teuthology.orchestra.run.smithi149.stdout:/usr/bin/ceph: stderr
2024-05-26T21:46:02.861+0000 7fda01b00700 1 -- 172.21.15.149:0/1395585612 --> [v2:172.21.15.149:3300/0,v1:172.21.15.149:6789/0] -- mon_subscribe({config=0+,monmap=0+}) -- 0x7fd9fc19b6e0 con 0x7fd9fc107db0
2024-05-26T21:46:03.634 INFO:teuthology.orchestra.run.smithi149.stdout:/usr/bin/ceph: stderr
2024-05-26T21:46:02.861+0000 7fda01b00700 1 --2- 172.21.15.149:0/1395585612 >> [v2:172.21.15.149:3300/0,v1:172.21.15.149:6789/0] conn(0x7fd9fc107db0 0x7fd9fc19b1a0 secure :-1 s=READY pgs=77 cs=0 l=1 rev1=1 crypto rx=0x7fd9ec011a00 tx=0x7fd9ec011ae0 comp rx=0 tx=0).ready entity=mon.0 client_cookie=0 server_cookie=0 in_seq=0 out_seq=0
2024-05-26T21:46:03.634 INFO:teuthology.orchestra.run.smithi149.stdout:/usr/bin/ceph: stderr
2024-05-26T21:46:02.861+0000 7fd9faffd700 1 -- 172.21.15.149:0/1395585612 <== mon.0 v2:172.21.15.149:3300/0 1 ==== mon_map magic: 0 ==== 205+0+0 (secure 0 0 0) 0x7fd9ec003af0 con 0x7fd9fc107db0
2024-05-26T21:46:03.634 INFO:teuthology.orchestra.run.smithi149.stdout:/usr/bin/ceph: stderr
2024-05-26T21:46:02.861+0000 7fda03d64700 1 -- 172.21.15.149:0/1395585612 --> [v2:172.21.15.149:3300/0,v1:172.21.15.149:6789/0] -- mon_subscribe({mgrmap=0+}) -- 0x7fd9fc19b970 con 0x7fd9fc107db0
2024-05-26T21:46:03.634 INFO:teuthology.orchestra.run.smithi149.stdout:/usr/bin/ceph: stderr
2024-05-26T21:46:02.861+0000 7fd9faffd700 1 -- 172.21.15.149:0/1395585612 <== mon.0 v2:172.21.15.149:3300/0 2 ==== config(26 keys) ==== 1102+0+0 (secure 0 0 0) 0x7fd9ec01a8e0 con 0x7fd9fc107db0
2024-05-26T21:46:03.634 INFO:teuthology.orchestra.run.smithi149.stdout:/usr/bin/ceph: stderr
2024-05-26T21:46:02.861+0000 7fd9faffd700 1 -- 172.21.15.149:0/1395585612 <== mon.0 v2:172.21.15.149:3300/0 3 ==== mon_map magic: 0 ==== 205+0+0 (secure 0 0 0) 0x7fd9ec024840 con 0x7fd9fc107db0
2024-05-26T21:46:03.634 INFO:teuthology.orchestra.run.smithi149.stdout:/usr/bin/ceph: stderr
2024-05-26T21:46:02.861+0000 7fda03d64700 1 -- 172.21.15.149:0/1395585612 --> [v2:172.21.15.149:3300/0,v1:172.21.15.149:6789/0] -- mon_subscribe({osdmap=0}) -- 0x7fd9fc19e660 con 0x7fd9fc107db0
2024-05-26T21:46:03.634 INFO:teuthology.orchestra.run.smithi149.stdout:/usr/bin/ceph: stderr
2024-05-26T21:46:02.862+0000 7fd9faffd700 1 -- 172.21.15.149:0/1395585612 <== mon.0 v2:172.21.15.149:3300/0 4 ==== mgrmap(e 13) ==== 46344+0+0 (secure 0 0 0) 0x7fd9ec022020 con 0x7fd9fc107db0
2024-05-26T21:46:03.634 INFO:teuthology.orchestra.run.smithi149.stdout:/usr/bin/ceph: stderr
2024-05-26T21:46:02.863+0000 7fda03d64700 1 -- 172.21.15.149:0/1395585612 --> [v2:172.21.15.149:3300/0,v1:172.21.15.149:6789/0] -- mon_command({"prefix": "get_command_descriptions"} v 0) -- 0x7fd9fc063af0 con 0x7fd9fc107db0
2024-05-26T21:46:03.634 INFO:teuthology.orchestra.run.smithi149.stdout:/usr/bin/ceph: stderr
2024-05-26T21:46:02.863+0000 7fd9faffd700 1 --2- 172.21.15.149:0/1395585612 >> [v2:172.21.15.149:6800/1073624399,v1:172.21.15.149:6801/1073624399] conn(0x7fd9e4039260 0x7fd9e403b720 unknown :-1 s=NONE pgs=0 cs=0 l=1 rev1=0 crypto rx=0 tx=0 comp rx=0 tx=0).connect
2024-05-26T21:46:03.634 INFO:teuthology.orchestra.run.smithi149.stdout:/usr/bin/ceph: stderr
2024-05-26T21:46:02.863+0000 7fd9faffd700 1 -- 172.21.15.149:0/1395585612 <== mon.0 v2:172.21.15.149:3300/0 5 ==== osd_map(3..3 src has 1..3) ==== 1155+0+0 (secure 0 0 0) 0x7fd9ec04d560 con 0x7fd9fc107db0
2024-05-26T21:46:03.635 INFO:teuthology.orchestra.run.smithi149.stdout:/usr/bin/ceph: stderr
2024-05-26T21:46:02.863+0000 7fda012ff700 1 --2- 172.21.15.149:0/1395585612 >> [v2:172.21.15.149:6800/1073624399,v1:172.21.15.149:6801/1073624399] conn(0x7fd9e4039260 0x7fd9e403b720 unknown :-1 s=BANNER_CONNECTING pgs=0 cs=0 l=1 rev1=0 crypto rx=0 tx=0 comp rx=0 tx=0)._handle_peer_banner_payload supported=3 required=0
2024-05-26T21:46:03.635 INFO:teuthology.orchestra.run.smithi149.stdout:/usr/bin/ceph: stderr
2024-05-26T21:46:02.863+0000 7fda012ff700 1 --2- 172.21.15.149:0/1395585612 >> [v2:172.21.15.149:6800/1073624399,v1:172.21.15.149:6801/1073624399] conn(0x7fd9e4039260 0x7fd9e403b720 secure :-1 s=READY pgs=10 cs=0 l=1 rev1=1 crypto rx=0x7fd9f0006fd0 tx=0x7fd9f0006e40 comp rx=0 tx=0).ready entity=mgr.14152 client_cookie=0 server_cookie=0 in_seq=0 out_seq=0
2024-05-26T21:46:03.635 INFO:teuthology.orchestra.run.smithi149.stdout:/usr/bin/ceph: stderr
2024-05-26T21:46:02.868+0000 7fd9faffd700 1 -- 172.21.15.149:0/1395585612 <== mon.0 v2:172.21.15.149:3300/0 6 ==== mon_command_ack([{"prefix": "get_command_descriptions"}]=0 v0) ==== 72+0+186418 (secure 0 0 0) 0x7fd9ec016260 con 0x7fd9fc107db0
2024-05-26T21:46:03.635 INFO:teuthology.orchestra.run.smithi149.stdout:/usr/bin/ceph: stderr
2024-05-26T21:46:03.068+0000 7fda03d64700 1 -- 172.21.15.149:0/1395585612 --> [v2:172.21.15.149:3300/0,v1:172.21.15.149:6789/0] -- mon_command([{prefix=config set, name=osd_memory_target_autotune}] v 0) -- 0x7fd9fc19ec80 con 0x7fd9fc107db0
2024-05-26T21:46:03.635 INFO:teuthology.orchestra.run.smithi149.stdout:/usr/bin/ceph: stderr
2024-05-26T21:46:03.068+0000 7fd9faffd700 1 -- 172.21.15.149:0/1395585612 <== mon.0 v2:172.21.15.149:3300/0 7 ==== mon_command_ack([{prefix=config set, name=osd_memory_target_autotune}]=0 v8)=0 v8) ==== 127+0+0 (secure 0 0 0) 0x7fd9ec02ddb0 con 0x7fd9fc107db0
2024-05-26T21:46:03.635 INFO:teuthology.orchestra.run.smithi149.stdout:/usr/bin/ceph: stderr
2024-05-26T21:46:03.070+0000 7fda03d64700 1 -- 172.21.15.149:0/1395585612 >> [v2:172.21.15.149:6800/1073624399,v1:172.21.15.149:6801/1073624399] conn(0x7fd9e4039260 msgr2=0x7fd9e403b720 secure :-1 s=STATE_CONNECTION_ESTABLISHED l=1).mark_down
2024-05-26T21:46:03.635 INFO:teuthology.orchestra.run.smithi149.stdout:/usr/bin/ceph: stderr
2024-05-26T21:46:03.070+0000 7fda03d64700 1 --2- 172.21.15.149:0/1395585612 >> [v2:172.21.15.149:6800/1073624399,v1:172.21.15.149:6801/1073624399] conn(0x7fd9e4039260 0x7fd9e403b720 secure :-1 s=READY pgs=10 cs=0 l=1 rev1=1 crypto rx=0x7fd9f0006fd0 tx=0x7fd9f0006e40 comp rx=0 tx=0).stop
2024-05-26T21:46:03.635 INFO:teuthology.orchestra.run.smithi149.stdout:/usr/bin/ceph: stderr
2024-05-26T21:46:03.070+0000 7fda03d64700 1 -- 172.21.15.149:0/1395585612 >> [v2:172.21.15.149:3300/0,v1:172.21.15.149:6789/0] conn(0x7fd9fc107db0 msgr2=0x7fd9fc19b1a0 secure :-1 s=STATE_CONNECTION_ESTABLISHED l=1).mark_down
2024-05-26T21:46:03.635 INFO:teuthology.orchestra.run.smithi149.stdout:/usr/bin/ceph: stderr
2024-05-26T21:46:03.070+0000 7fda03d64700 1 --2- 172.21.15.149:0/1395585612 >> [v2:172.21.15.149:3300/0,v1:172.21.15.149:6789/0] conn(0x7fd9fc107db0 0x7fd9fc19b1a0 secure :-1 s=READY pgs=77 cs=0 l=1 rev1=1 crypto rx=0x7fd9ec011a00 tx=0x7fd9ec011ae0 comp rx=0 tx=0).stop
2024-05-26T21:46:03.635 INFO:teuthology.orchestra.run.smithi149.stdout:/usr/bin/ceph: stderr
2024-05-26T21:46:03.071+0000 7fda03d64700 1 -- 172.21.15.149:0/1395585612 shutdown_connections
2024-05-26T21:46:03.635 INFO:teuthology.orchestra.run.smithi149.stdout:/usr/bin/ceph: stderr
2024-05-26T21:46:03.071+0000 7fda03d64700 1 --2- 172.21.15.149:0/1395585612 >> [v2:172.21.15.149:6800/1073624399,v1:172.21.15.149:6801/1073624399] conn(0x7fd9e4039260 0x7fd9e403b720 unknown :-1 s=CLOSED pgs=10 cs=0 l=1 rev1=1 crypto rx=0 tx=0 comp rx=0 tx=0).stop
2024-05-26T21:46:03.636 INFO:teuthology.orchestra.run.smithi149.stdout:/usr/bin/ceph: stderr
2024-05-26T21:46:03.071+0000 7fda03d64700 1 --2- 172.21.15.149:0/1395585612 >> [v2:172.21.15.149:3300/0,v1:172.21.15.149:6789/0] conn(0x7fd9fc107db0 0x7fd9fc19b1a0 unknown :-1 s=CLOSED pgs=77 cs=0 l=1 rev1=1 crypto rx=0 tx=0 comp rx=0 tx=0).stop
2024-05-26T21:46:03.636 INFO:teuthology.orchestra.run.smithi149.stdout:/usr/bin/ceph: stderr
2024-05-26T21:46:03.071+0000 7fda03d64700 1 -- 172.21.15.149:0/1395585612 >> 172.21.15.149:0/1395585612 conn(0x7fd9fc1017e0 msgr2=0x7fd9fc102250 unknown :-1 s=STATE_NONE l=0).mark_down
2024-05-26T21:46:03.636 INFO:teuthology.orchestra.run.smithi149.stdout:/usr/bin/ceph: stderr
2024-05-26T21:46:03.071+0000 7fda03d64700 1 -- 172.21.15.149:0/1395585612 shutdown_connections
2024-05-26T21:46:03.636 INFO:teuthology.orchestra.run.smithi149.stdout:/usr/bin/ceph: stderr
2024-05-26T21:46:03.071+0000 7fda03d64700 1 -- 172.21.15.149:0/1395585612 wait complete.
2024-05-26T21:46:04.965 INFO:teuthology.orchestra.run.smithi149.stdout:/usr/bin/ceph: stderr
2024-05-26T21:46:04.078+0000 7f7eaa32e700 1 Processor -- start
2024-05-26T21:46:04.965 INFO:teuthology.orchestra.run.smithi149.stdout:/usr/bin/ceph: stderr
2024-05-26T21:46:04.079+0000 7f7eaa32e700 1 -- start start
2024-05-26T21:46:04.965 INFO:teuthology.orchestra.run.smithi149.stdout:/usr/bin/ceph: stderr
2024-05-26T21:46:04.079+0000 7f7eaa32e700 1 --2- >> [v2:172.21.15.149:3300/0,v1:172.21.15.149:6789/0] conn(0x7f7ea4107dc0 0x7f7ea410a1b0 unknown :-1 s=NONE pgs=0 cs=0 l=0 rev1=0 crypto rx=0 tx=0 comp rx=0 tx=0).connect
2024-05-26T21:46:04.965 INFO:teuthology.orchestra.run.smithi149.stdout:/usr/bin/ceph: stderr
2024-05-26T21:46:04.079+0000 7f7eaa32e700 1 -- --> [v2:172.21.15.149:3300/0,v1:172.21.15.149:6789/0] -- mon_getmap magic: 0 -- 0x7f7ea407a720 con 0x7f7ea4107dc0
2024-05-26T21:46:04.965 INFO:teuthology.orchestra.run.smithi149.stdout:/usr/bin/ceph: stderr
2024-05-26T21:46:04.079+0000 7f7ea3fff700 1 --2- >> [v2:172.21.15.149:3300/0,v1:172.21.15.149:6789/0] conn(0x7f7ea4107dc0 0x7f7ea410a1b0 unknown :-1 s=BANNER_CONNECTING pgs=0 cs=0 l=0 rev1=0 crypto rx=0 tx=0 comp rx=0 tx=0)._handle_peer_banner_payload supported=3 required=0
2024-05-26T21:46:04.966 INFO:teuthology.orchestra.run.smithi149.stdout:/usr/bin/ceph: stderr
2024-05-26T21:46:04.079+0000 7f7ea3fff700 1 --2- >> [v2:172.21.15.149:3300/0,v1:172.21.15.149:6789/0] conn(0x7f7ea4107dc0 0x7f7ea410a1b0 unknown :-1 s=HELLO_CONNECTING pgs=0 cs=0 l=0 rev1=1 crypto rx=0 tx=0 comp rx=0 tx=0).handle_hello peer v2:172.21.15.149:3300/0 says I am v2:172.21.15.149:53980/0 (socket says 172.21.15.149:53980)
2024-05-26T21:46:04.966 INFO:teuthology.orchestra.run.smithi149.stdout:/usr/bin/ceph: stderr
2024-05-26T21:46:04.079+0000 7f7ea3fff700 1 -- 172.21.15.149:0/3177546415 learned_addr learned my addr 172.21.15.149:0/3177546415 (peer_addr_for_me v2:172.21.15.149:0/0)
2024-05-26T21:46:04.966 INFO:teuthology.orchestra.run.smithi149.stdout:/usr/bin/ceph: stderr
2024-05-26T21:46:04.079+0000 7f7ea3fff700 1 -- 172.21.15.149:0/3177546415 --> [v2:172.21.15.149:3300/0,v1:172.21.15.149:6789/0] -- mon_subscribe({config=0+,monmap=0+}) -- 0x7f7ea410a6f0 con 0x7f7ea4107dc0
2024-05-26T21:46:04.966 INFO:teuthology.orchestra.run.smithi149.stdout:/usr/bin/ceph: stderr
2024-05-26T21:46:04.080+0000 7f7ea3fff700 1 --2- 172.21.15.149:0/3177546415 >> [v2:172.21.15.149:3300/0,v1:172.21.15.149:6789/0] conn(0x7f7ea4107dc0 0x7f7ea410a1b0 secure :-1 s=READY pgs=78 cs=0 l=1 rev1=1 crypto rx=0x7f7e940098a0 tx=0x7f7e94009bb0 comp rx=0 tx=0).ready entity=mon.0 client_cookie=f707675f320d8fa2 server_cookie=0 in_seq=0 out_seq=0
2024-05-26T21:46:04.966 INFO:teuthology.orchestra.run.smithi149.stdout:/usr/bin/ceph: stderr
2024-05-26T21:46:04.080+0000 7f7ea2ffd700 1 -- 172.21.15.149:0/3177546415 <== mon.0 v2:172.21.15.149:3300/0 1 ==== mon_map magic: 0 ==== 205+0+0 (secure 0 0 0) 0x7f7e94004160 con 0x7f7ea4107dc0
2024-05-26T21:46:04.966 INFO:teuthology.orchestra.run.smithi149.stdout:/usr/bin/ceph: stderr
2024-05-26T21:46:04.080+0000 7f7ea2ffd700 1 -- 172.21.15.149:0/3177546415 <== mon.0 v2:172.21.15.149:3300/0 2 ==== config(26 keys) ==== 1102+0+0 (secure 0 0 0) 0x7f7e94004300 con 0x7f7ea4107dc0
2024-05-26T21:46:04.966 INFO:teuthology.orchestra.run.smithi149.stdout:/usr/bin/ceph: stderr
2024-05-26T21:46:04.080+0000 7f7ea2ffd700 1 -- 172.21.15.149:0/3177546415 <== mon.0 v2:172.21.15.149:3300/0 3 ==== mon_map magic: 0 ==== 205+0+0 (secure 0 0 0) 0x7f7e94011a50 con 0x7f7ea4107dc0
2024-05-26T21:46:04.966 INFO:teuthology.orchestra.run.smithi149.stdout:/usr/bin/ceph: stderr
2024-05-26T21:46:04.080+0000 7f7eaa32e700 1 -- 172.21.15.149:0/3177546415 >> [v2:172.21.15.149:3300/0,v1:172.21.15.149:6789/0] conn(0x7f7ea4107dc0 msgr2=0x7f7ea410a1b0 secure :-1 s=STATE_CONNECTION_ESTABLISHED l=1).mark_down
2024-05-26T21:46:04.966 INFO:teuthology.orchestra.run.smithi149.stdout:/usr/bin/ceph: stderr
2024-05-26T21:46:04.080+0000 7f7eaa32e700 1 --2- 172.21.15.149:0/3177546415 >> [v2:172.21.15.149:3300/0,v1:172.21.15.149:6789/0] conn(0x7f7ea4107dc0 0x7f7ea410a1b0 secure :-1 s=READY pgs=78 cs=0 l=1 rev1=1 crypto rx=0x7f7e940098a0 tx=0x7f7e94009bb0 comp rx=0 tx=0).stop
2024-05-26T21:46:04.966 INFO:teuthology.orchestra.run.smithi149.stdout:/usr/bin/ceph: stderr
2024-05-26T21:46:04.080+0000 7f7eaa32e700 1 -- 172.21.15.149:0/3177546415 shutdown_connections
2024-05-26T21:46:04.966 INFO:teuthology.orchestra.run.smithi149.stdout:/usr/bin/ceph: stderr
2024-05-26T21:46:04.080+0000 7f7eaa32e700 1 --2- 172.21.15.149:0/3177546415 >> [v2:172.21.15.149:3300/0,v1:172.21.15.149:6789/0] conn(0x7f7ea4107dc0 0x7f7ea410a1b0 unknown :-1 s=CLOSED pgs=78 cs=0 l=1 rev1=1 crypto rx=0 tx=0 comp rx=0 tx=0).stop
2024-05-26T21:46:04.966 INFO:teuthology.orchestra.run.smithi149.stdout:/usr/bin/ceph: stderr
2024-05-26T21:46:04.080+0000 7f7eaa32e700 1 -- 172.21.15.149:0/3177546415 >> 172.21.15.149:0/3177546415 conn(0x7f7ea4101870 msgr2=0x7f7ea4103c90 unknown :-1 s=STATE_NONE l=0).mark_down
2024-05-26T21:46:04.966 INFO:teuthology.orchestra.run.smithi149.stdout:/usr/bin/ceph: stderr
2024-05-26T21:46:04.080+0000 7f7eaa32e700 1 -- 172.21.15.149:0/3177546415 shutdown_connections
2024-05-26T21:46:04.967 INFO:teuthology.orchestra.run.smithi149.stdout:/usr/bin/ceph: stderr
2024-05-26T21:46:04.080+0000 7f7eaa32e700 1 -- 172.21.15.149:0/3177546415 wait complete.
2024-05-26T21:46:04.967 INFO:teuthology.orchestra.run.smithi149.stdout:/usr/bin/ceph: stderr
2024-05-26T21:46:04.081+0000 7f7eaa32e700 1 Processor -- start
2024-05-26T21:46:04.967 INFO:teuthology.orchestra.run.smithi149.stdout:/usr/bin/ceph: stderr
2024-05-26T21:46:04.081+0000 7f7eaa32e700 1 -- start start
2024-05-26T21:46:04.967 INFO:teuthology.orchestra.run.smithi149.stdout:/usr/bin/ceph: stderr
2024-05-26T21:46:04.081+0000 7f7eaa32e700 1 --2- >> [v2:172.21.15.149:3300/0,v1:172.21.15.149:6789/0] conn(0x7f7ea4107dc0 0x7f7ea4107640 unknown :-1 s=NONE pgs=0 cs=0 l=1 rev1=0 crypto rx=0 tx=0 comp rx=0 tx=0).connect
2024-05-26T21:46:04.967 INFO:teuthology.orchestra.run.smithi149.stdout:/usr/bin/ceph: stderr
2024-05-26T21:46:04.081+0000 7f7eaa32e700 1 -- --> [v2:172.21.15.149:3300/0,v1:172.21.15.149:6789/0] -- mon_getmap magic: 0 -- 0x7f7ea410b6f0 con 0x7f7ea4107dc0
2024-05-26T21:46:04.967 INFO:teuthology.orchestra.run.smithi149.stdout:/usr/bin/ceph: stderr
2024-05-26T21:46:04.082+0000 7f7ea3fff700 1 --2- >> [v2:172.21.15.149:3300/0,v1:172.21.15.149:6789/0] conn(0x7f7ea4107dc0 0x7f7ea4107640 unknown :-1 s=BANNER_CONNECTING pgs=0 cs=0 l=1 rev1=0 crypto rx=0 tx=0 comp rx=0 tx=0)._handle_peer_banner_payload supported=3 required=0
2024-05-26T21:46:04.967 INFO:teuthology.orchestra.run.smithi149.stdout:/usr/bin/ceph: stderr
2024-05-26T21:46:04.082+0000 7f7ea3fff700 1 --2- >> [v2:172.21.15.149:3300/0,v1:172.21.15.149:6789/0] conn(0x7f7ea4107dc0 0x7f7ea4107640 unknown :-1 s=HELLO_CONNECTING pgs=0 cs=0 l=1 rev1=1 crypto rx=0 tx=0 comp rx=0 tx=0).handle_hello peer v2:172.21.15.149:3300/0 says I am v2:172.21.15.149:53992/0 (socket says 172.21.15.149:53992)
2024-05-26T21:46:04.967 INFO:teuthology.orchestra.run.smithi149.stdout:/usr/bin/ceph: stderr
2024-05-26T21:46:04.082+0000 7f7ea3fff700 1 -- 172.21.15.149:0/3020458320 learned_addr learned my addr 172.21.15.149:0/3020458320 (peer_addr_for_me v2:172.21.15.149:0/0)
2024-05-26T21:46:04.967 INFO:teuthology.orchestra.run.smithi149.stdout:/usr/bin/ceph: stderr
2024-05-26T21:46:04.082+0000 7f7ea3fff700 1 -- 172.21.15.149:0/3020458320 --> [v2:172.21.15.149:3300/0,v1:172.21.15.149:6789/0] -- mon_subscribe({config=0+,monmap=0+}) -- 0x7f7ea4107b80 con 0x7f7ea4107dc0
2024-05-26T21:46:04.967 INFO:teuthology.orchestra.run.smithi149.stdout:/usr/bin/ceph: stderr
2024-05-26T21:46:04.082+0000 7f7ea3fff700 1 --2- 172.21.15.149:0/3020458320 >> [v2:172.21.15.149:3300/0,v1:172.21.15.149:6789/0] conn(0x7f7ea4107dc0 0x7f7ea4107640 secure :-1 s=READY pgs=79 cs=0 l=1 rev1=1 crypto rx=0x7f7e94011a00 tx=0x7f7e94011ae0 comp rx=0 tx=0).ready entity=mon.0 client_cookie=0 server_cookie=0 in_seq=0 out_seq=0
2024-05-26T21:46:04.967 INFO:teuthology.orchestra.run.smithi149.stdout:/usr/bin/ceph: stderr
2024-05-26T21:46:04.082+0000 7f7ea17fa700 1 -- 172.21.15.149:0/3020458320 <== mon.0 v2:172.21.15.149:3300/0 1 ==== mon_map magic: 0 ==== 205+0+0 (secure 0 0 0) 0x7f7e94003af0 con 0x7f7ea4107dc0
