2024-05-26T21:45:41.211+0000 7f958effd700 1 --2- >> [v2:172.21.15.149:3300/0,v1:172.21.15.149:6789/0] conn(0x7f9590107e20 0x7f959019b1c0 unknown :-1 s=BANNER_CONNECTING pgs=0 cs=0 l=1 rev1=0 crypto rx=0 tx=0 comp rx=0 tx=0)._handle_peer_banner_payload supported=3 required=0
2024-05-26T21:45:42.179 INFO:teuthology.orchestra.run.smithi149.stdout:/usr/bin/ceph: stderr
2024-05-26T21:45:41.211+0000 7f958effd700 1 --2- >> [v2:172.21.15.149:3300/0,v1:172.21.15.149:6789/0] conn(0x7f9590107e20 0x7f959019b1c0 unknown :-1 s=HELLO_CONNECTING pgs=0 cs=0 l=1 rev1=1 crypto rx=0 tx=0 comp rx=0 tx=0).handle_hello peer v2:172.21.15.149:3300/0 says I am v2:172.21.15.149:53154/0 (socket says 172.21.15.149:53154)
2024-05-26T21:45:42.179 INFO:teuthology.orchestra.run.smithi149.stdout:/usr/bin/ceph: stderr
2024-05-26T21:45:41.211+0000 7f958effd700 1 -- 172.21.15.149:0/1098268166 learned_addr learned my addr 172.21.15.149:0/1098268166 (peer_addr_for_me v2:172.21.15.149:0/0)
2024-05-26T21:45:42.179 INFO:teuthology.orchestra.run.smithi149.stdout:/usr/bin/ceph: stderr
2024-05-26T21:45:41.211+0000 7f958effd700 1 -- 172.21.15.149:0/1098268166 --> [v2:172.21.15.149:3300/0,v1:172.21.15.149:6789/0] -- mon_subscribe({config=0+,monmap=0+}) -- 0x7f959019b700 con 0x7f9590107e20
2024-05-26T21:45:42.179 INFO:teuthology.orchestra.run.smithi149.stdout:/usr/bin/ceph: stderr
2024-05-26T21:45:41.211+0000 7f958effd700 1 --2- 172.21.15.149:0/1098268166 >> [v2:172.21.15.149:3300/0,v1:172.21.15.149:6789/0] conn(0x7f9590107e20 0x7f959019b1c0 secure :-1 s=READY pgs=48 cs=0 l=1 rev1=1 crypto rx=0x7f9580011a50 tx=0x7f9580004290 comp rx=0 tx=0).ready entity=mon.0 client_cookie=0 server_cookie=0 in_seq=0 out_seq=0
2024-05-26T21:45:42.179 INFO:teuthology.orchestra.run.smithi149.stdout:/usr/bin/ceph: stderr
2024-05-26T21:45:41.211+0000 7f9587fff700 1 -- 172.21.15.149:0/1098268166 <== mon.0 v2:172.21.15.149:3300/0 1 ==== mon_map magic: 0 ==== 205+0+0 (secure 0 0 0) 0x7f95800039f0 con 0x7f9590107e20
2024-05-26T21:45:42.179 INFO:teuthology.orchestra.run.smithi149.stdout:/usr/bin/ceph: stderr
2024-05-26T21:45:41.211+0000 7f9587fff700 1 -- 172.21.15.149:0/1098268166 <== mon.0 v2:172.21.15.149:3300/0 2 ==== config(26 keys) ==== 1071+0+0 (secure 0 0 0) 0x7f9580003b90 con 0x7f9590107e20
2024-05-26T21:45:42.179 INFO:teuthology.orchestra.run.smithi149.stdout:/usr/bin/ceph: stderr
2024-05-26T21:45:41.211+0000 7f9587fff700 1 -- 172.21.15.149:0/1098268166 <== mon.0 v2:172.21.15.149:3300/0 3 ==== mon_map magic: 0 ==== 205+0+0 (secure 0 0 0) 0x7f958001a600 con 0x7f9590107e20
2024-05-26T21:45:42.179 INFO:teuthology.orchestra.run.smithi149.stdout:/usr/bin/ceph: stderr
2024-05-26T21:45:41.211+0000 7f95957e2700 1 -- 172.21.15.149:0/1098268166 --> [v2:172.21.15.149:3300/0,v1:172.21.15.149:6789/0] -- mon_subscribe({mgrmap=0+}) -- 0x7f959019b990 con 0x7f9590107e20
2024-05-26T21:45:42.179 INFO:teuthology.orchestra.run.smithi149.stdout:/usr/bin/ceph: stderr
2024-05-26T21:45:41.211+0000 7f95957e2700 1 -- 172.21.15.149:0/1098268166 --> [v2:172.21.15.149:3300/0,v1:172.21.15.149:6789/0] -- mon_subscribe({osdmap=0}) -- 0x7f959019e680 con 0x7f9590107e20
2024-05-26T21:45:42.179 INFO:teuthology.orchestra.run.smithi149.stdout:/usr/bin/ceph: stderr
2024-05-26T21:45:41.212+0000 7f9587fff700 1 -- 172.21.15.149:0/1098268166 <== mon.0 v2:172.21.15.149:3300/0 4 ==== mgrmap(e 8) ==== 46287+0+0 (secure 0 0 0) 0x7f9580024440 con 0x7f9590107e20
2024-05-26T21:45:42.179 INFO:teuthology.orchestra.run.smithi149.stdout:/usr/bin/ceph: stderr
2024-05-26T21:45:41.212+0000 7f9587fff700 1 --2- 172.21.15.149:0/1098268166 >> [v2:172.21.15.149:6800/3111040215,v1:172.21.15.149:6801/3111040215] conn(0x7f957c039160 0x7f957c03b620 unknown :-1 s=NONE pgs=0 cs=0 l=1 rev1=0 crypto rx=0 tx=0 comp rx=0 tx=0).connect
2024-05-26T21:45:42.180 INFO:teuthology.orchestra.run.smithi149.stdout:/usr/bin/ceph: stderr
2024-05-26T21:45:41.212+0000 7f95957e2700 1 -- 172.21.15.149:0/1098268166 --> [v2:172.21.15.149:3300/0,v1:172.21.15.149:6789/0] -- mon_command({"prefix": "get_command_descriptions"} v 0) -- 0x7f9590063af0 con 0x7f9590107e20
2024-05-26T21:45:42.180 INFO:teuthology.orchestra.run.smithi149.stdout:/usr/bin/ceph: stderr
2024-05-26T21:45:41.213+0000 7f9587fff700 1 -- 172.21.15.149:0/1098268166 <== mon.0 v2:172.21.15.149:3300/0 5 ==== osd_map(2..2 src has 1..2) ==== 940+0+0 (secure 0 0 0) 0x7f958004d450 con 0x7f9590107e20
2024-05-26T21:45:42.180 INFO:teuthology.orchestra.run.smithi149.stdout:/usr/bin/ceph: stderr
2024-05-26T21:45:41.213+0000 7f958e7fc700 1 --2- 172.21.15.149:0/1098268166 >> [v2:172.21.15.149:6800/3111040215,v1:172.21.15.149:6801/3111040215] conn(0x7f957c039160 0x7f957c03b620 unknown :-1 s=BANNER_CONNECTING pgs=0 cs=0 l=1 rev1=0 crypto rx=0 tx=0 comp rx=0 tx=0)._handle_peer_banner_payload supported=3 required=0
2024-05-26T21:45:42.180 INFO:teuthology.orchestra.run.smithi149.stdout:/usr/bin/ceph: stderr
2024-05-26T21:45:41.213+0000 7f958e7fc700 1 --2- 172.21.15.149:0/1098268166 >> [v2:172.21.15.149:6800/3111040215,v1:172.21.15.149:6801/3111040215] conn(0x7f957c039160 0x7f957c03b620 secure :-1 s=READY pgs=12 cs=0 l=1 rev1=1 crypto rx=0x7f9578006fd0 tx=0x7f9578006e40 comp rx=0 tx=0).ready entity=mgr.14120 client_cookie=0 server_cookie=0 in_seq=0 out_seq=0
2024-05-26T21:45:42.180 INFO:teuthology.orchestra.run.smithi149.stdout:/usr/bin/ceph: stderr
2024-05-26T21:45:41.218+0000 7f9587fff700 1 -- 172.21.15.149:0/1098268166 <== mon.0 v2:172.21.15.149:3300/0 6 ==== mon_command_ack([{"prefix": "get_command_descriptions"}]=0 v0) ==== 72+0+186418 (secure 0 0 0) 0x7f9580020bb0 con 0x7f9590107e20
2024-05-26T21:45:42.180 INFO:teuthology.orchestra.run.smithi149.stdout:/usr/bin/ceph: stderr
2024-05-26T21:45:41.430+0000 7f95957e2700 1 -- 172.21.15.149:0/1098268166 --> [v2:172.21.15.149:6800/3111040215,v1:172.21.15.149:6801/3111040215] -- mgr_command(tid 0: {"prefix": "orch apply", "service_type": "mon", "unmanaged": true, "target": ["mon-mgr", ""]}) -- 0x7f9590102a70 con 0x7f957c039160
2024-05-26T21:45:42.180 INFO:teuthology.orchestra.run.smithi149.stdout:/usr/bin/ceph: stderr
2024-05-26T21:45:41.434+0000 7f9587fff700 1 -- 172.21.15.149:0/1098268166 <== mgr.14120 v2:172.21.15.149:6800/3111040215 1 ==== mgr_command_reply(tid 0: 0 ) ==== 8+0+24 (secure 0 0 0) 0x7f9590102a70 con 0x7f957c039160
2024-05-26T21:45:42.180 INFO:teuthology.orchestra.run.smithi149.stdout:/usr/bin/ceph: stderr
2024-05-26T21:45:41.436+0000 7f95957e2700 1 -- 172.21.15.149:0/1098268166 >> [v2:172.21.15.149:6800/3111040215,v1:172.21.15.149:6801/3111040215] conn(0x7f957c039160 msgr2=0x7f957c03b620 secure :-1 s=STATE_CONNECTION_ESTABLISHED l=1).mark_down
2024-05-26T21:45:42.180 INFO:teuthology.orchestra.run.smithi149.stdout:/usr/bin/ceph: stderr
2024-05-26T21:45:41.436+0000 7f95957e2700 1 --2- 172.21.15.149:0/1098268166 >> [v2:172.21.15.149:6800/3111040215,v1:172.21.15.149:6801/3111040215] conn(0x7f957c039160 0x7f957c03b620 secure :-1 s=READY pgs=12 cs=0 l=1 rev1=1 crypto rx=0x7f9578006fd0 tx=0x7f9578006e40 comp rx=0 tx=0).stop
2024-05-26T21:45:42.180 INFO:teuthology.orchestra.run.smithi149.stdout:/usr/bin/ceph: stderr
2024-05-26T21:45:41.437+0000 7f95957e2700 1 -- 172.21.15.149:0/1098268166 >> [v2:172.21.15.149:3300/0,v1:172.21.15.149:6789/0] conn(0x7f9590107e20 msgr2=0x7f959019b1c0 secure :-1 s=STATE_CONNECTION_ESTABLISHED l=1).mark_down
2024-05-26T21:45:42.180 INFO:teuthology.orchestra.run.smithi149.stdout:/usr/bin/ceph: stderr
2024-05-26T21:45:41.437+0000 7f95957e2700 1 --2- 172.21.15.149:0/1098268166 >> [v2:172.21.15.149:3300/0,v1:172.21.15.149:6789/0] conn(0x7f9590107e20 0x7f959019b1c0 secure :-1 s=READY pgs=48 cs=0 l=1 rev1=1 crypto rx=0x7f9580011a50 tx=0x7f9580004290 comp rx=0 tx=0).stop
2024-05-26T21:45:42.180 INFO:teuthology.orchestra.run.smithi149.stdout:/usr/bin/ceph: stderr
2024-05-26T21:45:41.437+0000 7f95957e2700 1 -- 172.21.15.149:0/1098268166 shutdown_connections
2024-05-26T21:45:42.180 INFO:teuthology.orchestra.run.smithi149.stdout:/usr/bin/ceph: stderr
2024-05-26T21:45:41.437+0000 7f95957e2700 1 --2- 172.21.15.149:0/1098268166 >> [v2:172.21.15.149:6800/3111040215,v1:172.21.15.149:6801/3111040215] conn(0x7f957c039160 0x7f957c03b620 unknown :-1 s=CLOSED pgs=12 cs=0 l=1 rev1=1 crypto rx=0 tx=0 comp rx=0 tx=0).stop
2024-05-26T21:45:42.181 INFO:teuthology.orchestra.run.smithi149.stdout:/usr/bin/ceph: stderr
2024-05-26T21:45:41.437+0000 7f95957e2700 1 --2- 172.21.15.149:0/1098268166 >> [v2:172.21.15.149:3300/0,v1:172.21.15.149:6789/0] conn(0x7f9590107e20 0x7f959019b1c0 unknown :-1 s=CLOSED pgs=48 cs=0 l=1 rev1=1 crypto rx=0 tx=0 comp rx=0 tx=0).stop
2024-05-26T21:45:42.181 INFO:teuthology.orchestra.run.smithi149.stdout:/usr/bin/ceph: stderr
2024-05-26T21:45:41.437+0000 7f95957e2700 1 -- 172.21.15.149:0/1098268166 >> 172.21.15.149:0/1098268166 conn(0x7f95901018d0 msgr2=0x7f9590102360 unknown :-1 s=STATE_NONE l=0).mark_down
2024-05-26T21:45:42.181 INFO:teuthology.orchestra.run.smithi149.stdout:/usr/bin/ceph: stderr
2024-05-26T21:45:41.437+0000 7f95957e2700 1 -- 172.21.15.149:0/1098268166 shutdown_connections
2024-05-26T21:45:42.181 INFO:teuthology.orchestra.run.smithi149.stdout:/usr/bin/ceph: stderr
2024-05-26T21:45:41.437+0000 7f95957e2700 1 -- 172.21.15.149:0/1098268166 wait complete.
2024-05-26T21:45:42.181 INFO:teuthology.orchestra.run.smithi149.stdout:Deploying unmanaged mgr service...
2024-05-26T21:45:42.714 INFO:journalctl@ceph.mon.a.smithi149.stdout:May 26 21:45:42 smithi149 ceph-mon[29307]: from='client.14142 -' entity='client.admin' cmd=[{"prefix": "orch apply", "service_type": "mon", "unmanaged": true, "target": ["mon-mgr", ""]}]: dispatch
2024-05-26T21:45:42.715 INFO:journalctl@ceph.mon.a.smithi149.stdout:May 26 21:45:42 smithi149 ceph-mon[29307]: Saving service mon spec with placement count:5
2024-05-26T21:45:42.715 INFO:journalctl@ceph.mon.a.smithi149.stdout:May 26 21:45:42 smithi149 ceph-mon[29307]: from='mgr.14120 172.21.15.149:0/1442919510' entity='mgr.x'
2024-05-26T21:45:44.205 INFO:teuthology.orchestra.run.smithi149.stdout:/usr/bin/ceph: stdout Scheduled mgr update...
2024-05-26T21:45:44.205 INFO:teuthology.orchestra.run.smithi149.stdout:/usr/bin/ceph: stderr
2024-05-26T21:45:42.818+0000 7fd22ed48700 1 Processor -- start
2024-05-26T21:45:44.205 INFO:teuthology.orchestra.run.smithi149.stdout:/usr/bin/ceph: stderr
2024-05-26T21:45:42.818+0000 7fd22ed48700 1 -- start start
2024-05-26T21:45:44.205 INFO:teuthology.orchestra.run.smithi149.stdout:/usr/bin/ceph: stderr
2024-05-26T21:45:42.818+0000 7fd22ed48700 1 --2- >> [v2:172.21.15.149:3300/0,v1:172.21.15.149:6789/0] conn(0x7fd228107e10 0x7fd22810a200 unknown :-1 s=NONE pgs=0 cs=0 l=0 rev1=0 crypto rx=0 tx=0 comp rx=0 tx=0).connect
2024-05-26T21:45:44.205 INFO:teuthology.orchestra.run.smithi149.stdout:/usr/bin/ceph: stderr
2024-05-26T21:45:42.819+0000 7fd22ed48700 1 -- --> [v2:172.21.15.149:3300/0,v1:172.21.15.149:6789/0] -- mon_getmap magic: 0 -- 0x7fd22807a6e0 con 0x7fd228107e10
2024-05-26T21:45:44.205 INFO:teuthology.orchestra.run.smithi149.stdout:/usr/bin/ceph: stderr
2024-05-26T21:45:42.819+0000 7fd22cae4700 1 --2- >> [v2:172.21.15.149:3300/0,v1:172.21.15.149:6789/0] conn(0x7fd228107e10 0x7fd22810a200 unknown :-1 s=BANNER_CONNECTING pgs=0 cs=0 l=0 rev1=0 crypto rx=0 tx=0 comp rx=0 tx=0)._handle_peer_banner_payload supported=3 required=0
2024-05-26T21:45:44.205 INFO:teuthology.orchestra.run.smithi149.stdout:/usr/bin/ceph: stderr
2024-05-26T21:45:42.819+0000 7fd22cae4700 1 --2- >> [v2:172.21.15.149:3300/0,v1:172.21.15.149:6789/0] conn(0x7fd228107e10 0x7fd22810a200 unknown :-1 s=HELLO_CONNECTING pgs=0 cs=0 l=0 rev1=1 crypto rx=0 tx=0 comp rx=0 tx=0).handle_hello peer v2:172.21.15.149:3300/0 says I am v2:172.21.15.149:53160/0 (socket says 172.21.15.149:53160)
2024-05-26T21:45:44.205 INFO:teuthology.orchestra.run.smithi149.stdout:/usr/bin/ceph: stderr
2024-05-26T21:45:42.819+0000 7fd22cae4700 1 -- 172.21.15.149:0/858222896 learned_addr learned my addr 172.21.15.149:0/858222896 (peer_addr_for_me v2:172.21.15.149:0/0)
2024-05-26T21:45:44.206 INFO:teuthology.orchestra.run.smithi149.stdout:/usr/bin/ceph: stderr
2024-05-26T21:45:42.819+0000 7fd22cae4700 1 -- 172.21.15.149:0/858222896 --> [v2:172.21.15.149:3300/0,v1:172.21.15.149:6789/0] -- mon_subscribe({config=0+,monmap=0+}) -- 0x7fd22810a740 con 0x7fd228107e10
2024-05-26T21:45:44.206 INFO:teuthology.orchestra.run.smithi149.stdout:/usr/bin/ceph: stderr
2024-05-26T21:45:42.819+0000 7fd22cae4700 1 --2- 172.21.15.149:0/858222896 >> [v2:172.21.15.149:3300/0,v1:172.21.15.149:6789/0] conn(0x7fd228107e10 0x7fd22810a200 secure :-1 s=READY pgs=49 cs=0 l=1 rev1=1 crypto rx=0x7fd224009e80 tx=0x7fd22400b330 comp rx=0 tx=0).ready entity=mon.0 client_cookie=c33c43d0c622a485 server_cookie=0 in_seq=0 out_seq=0
2024-05-26T21:45:44.206 INFO:teuthology.orchestra.run.smithi149.stdout:/usr/bin/ceph: stderr
2024-05-26T21:45:42.819+0000 7fd21f7fe700 1 -- 172.21.15.149:0/858222896 <== mon.0 v2:172.21.15.149:3300/0 1 ==== mon_map magic: 0 ==== 205+0+0 (secure 0 0 0) 0x7fd224017070 con 0x7fd228107e10
2024-05-26T21:45:44.206 INFO:teuthology.orchestra.run.smithi149.stdout:/usr/bin/ceph: stderr
2024-05-26T21:45:42.819+0000 7fd21f7fe700 1 -- 172.21.15.149:0/858222896 <== mon.0 v2:172.21.15.149:3300/0 2 ==== config(26 keys) ==== 1071+0+0 (secure 0 0 0) 0x7fd22400b8c0 con 0x7fd228107e10
2024-05-26T21:45:44.206 INFO:teuthology.orchestra.run.smithi149.stdout:/usr/bin/ceph: stderr
2024-05-26T21:45:42.819+0000 7fd21f7fe700 1 -- 172.21.15.149:0/858222896 <== mon.0 v2:172.21.15.149:3300/0 3 ==== mon_map magic: 0 ==== 205+0+0 (secure 0 0 0) 0x7fd224004520 con 0x7fd228107e10
2024-05-26T21:45:44.206 INFO:teuthology.orchestra.run.smithi149.stdout:/usr/bin/ceph: stderr
2024-05-26T21:45:42.820+0000 7fd22ed48700 1 -- 172.21.15.149:0/858222896 >> [v2:172.21.15.149:3300/0,v1:172.21.15.149:6789/0] conn(0x7fd228107e10 msgr2=0x7fd22810a200 secure :-1 s=STATE_CONNECTION_ESTABLISHED l=1).mark_down
2024-05-26T21:45:44.206 INFO:teuthology.orchestra.run.smithi149.stdout:/usr/bin/ceph: stderr
2024-05-26T21:45:42.820+0000 7fd22ed48700 1 --2- 172.21.15.149:0/858222896 >> [v2:172.21.15.149:3300/0,v1:172.21.15.149:6789/0] conn(0x7fd228107e10 0x7fd22810a200 secure :-1 s=READY pgs=49 cs=0 l=1 rev1=1 crypto rx=0x7fd224009e80 tx=0x7fd22400b330 comp rx=0 tx=0).stop
2024-05-26T21:45:44.206 INFO:teuthology.orchestra.run.smithi149.stdout:/usr/bin/ceph: stderr
2024-05-26T21:45:42.820+0000 7fd22ed48700 1 -- 172.21.15.149:0/858222896 shutdown_connections
2024-05-26T21:45:44.206 INFO:teuthology.orchestra.run.smithi149.stdout:/usr/bin/ceph: stderr
2024-05-26T21:45:42.820+0000 7fd22ed48700 1 --2- 172.21.15.149:0/858222896 >> [v2:172.21.15.149:3300/0,v1:172.21.15.149:6789/0] conn(0x7fd228107e10 0x7fd22810a200 unknown :-1 s=CLOSED pgs=49 cs=0 l=1 rev1=1 crypto rx=0 tx=0 comp rx=0 tx=0).stop
2024-05-26T21:45:44.206 INFO:teuthology.orchestra.run.smithi149.stdout:/usr/bin/ceph: stderr
2024-05-26T21:45:42.820+0000 7fd22ed48700 1 -- 172.21.15.149:0/858222896 >> 172.21.15.149:0/858222896 conn(0x7fd228101840 msgr2=0x7fd228103c60 unknown :-1 s=STATE_NONE l=0).mark_down
2024-05-26T21:45:44.206 INFO:teuthology.orchestra.run.smithi149.stdout:/usr/bin/ceph: stderr
2024-05-26T21:45:42.820+0000 7fd22ed48700 1 -- 172.21.15.149:0/858222896 shutdown_connections
2024-05-26T21:45:44.206 INFO:teuthology.orchestra.run.smithi149.stdout:/usr/bin/ceph: stderr
2024-05-26T21:45:42.820+0000 7fd22ed48700 1 -- 172.21.15.149:0/858222896 wait complete.
2024-05-26T21:45:44.206 INFO:teuthology.orchestra.run.smithi149.stdout:/usr/bin/ceph: stderr
2024-05-26T21:45:42.821+0000 7fd22ed48700 1 Processor -- start
2024-05-26T21:45:44.207 INFO:teuthology.orchestra.run.smithi149.stdout:/usr/bin/ceph: stderr
2024-05-26T21:45:42.821+0000 7fd22ed48700 1 -- start start
2024-05-26T21:45:44.207 INFO:teuthology.orchestra.run.smithi149.stdout:/usr/bin/ceph: stderr
2024-05-26T21:45:42.821+0000 7fd22ed48700 1 --2- >> [v2:172.21.15.149:3300/0,v1:172.21.15.149:6789/0] conn(0x7fd228107e10 0x7fd228107690 unknown :-1 s=NONE pgs=0 cs=0 l=1 rev1=0 crypto rx=0 tx=0 comp rx=0 tx=0).connect
2024-05-26T21:45:44.207 INFO:teuthology.orchestra.run.smithi149.stdout:/usr/bin/ceph: stderr
2024-05-26T21:45:42.821+0000 7fd22ed48700 1 -- --> [v2:172.21.15.149:3300/0,v1:172.21.15.149:6789/0] -- mon_getmap magic: 0 -- 0x7fd22810b6a0 con 0x7fd228107e10
2024-05-26T21:45:44.207 INFO:teuthology.orchestra.run.smithi149.stdout:/usr/bin/ceph: stderr
2024-05-26T21:45:42.821+0000 7fd22cae4700 1 --2- >> [v2:172.21.15.149:3300/0,v1:172.21.15.149:6789/0] conn(0x7fd228107e10 0x7fd228107690 unknown :-1 s=BANNER_CONNECTING pgs=0 cs=0 l=1 rev1=0 crypto rx=0 tx=0 comp rx=0 tx=0)._handle_peer_banner_payload supported=3 required=0
2024-05-26T21:45:44.207 INFO:teuthology.orchestra.run.smithi149.stdout:/usr/bin/ceph: stderr
2024-05-26T21:45:42.821+0000 7fd22cae4700 1 --2- >> [v2:172.21.15.149:3300/0,v1:172.21.15.149:6789/0] conn(0x7fd228107e10 0x7fd228107690 unknown :-1 s=HELLO_CONNECTING pgs=0 cs=0 l=1 rev1=1 crypto rx=0 tx=0 comp rx=0 tx=0).handle_hello peer v2:172.21.15.149:3300/0 says I am v2:172.21.15.149:53172/0 (socket says 172.21.15.149:53172)
2024-05-26T21:45:44.207 INFO:teuthology.orchestra.run.smithi149.stdout:/usr/bin/ceph: stderr
2024-05-26T21:45:42.821+0000 7fd22cae4700 1 -- 172.21.15.149:0/2869089377 learned_addr learned my addr 172.21.15.149:0/2869089377 (peer_addr_for_me v2:172.21.15.149:0/0)
2024-05-26T21:45:44.207 INFO:teuthology.orchestra.run.smithi149.stdout:/usr/bin/ceph: stderr
2024-05-26T21:45:42.821+0000 7fd22cae4700 1 -- 172.21.15.149:0/2869089377 --> [v2:172.21.15.149:3300/0,v1:172.21.15.149:6789/0] -- mon_subscribe({config=0+,monmap=0+}) -- 0x7fd228107bd0 con 0x7fd228107e10
2024-05-26T21:45:44.207 INFO:teuthology.orchestra.run.smithi149.stdout:/usr/bin/ceph: stderr
2024-05-26T21:45:42.821+0000 7fd22cae4700 1 --2- 172.21.15.149:0/2869089377 >> [v2:172.21.15.149:3300/0,v1:172.21.15.149:6789/0] conn(0x7fd228107e10 0x7fd228107690 secure :-1 s=READY pgs=50 cs=0 l=1 rev1=1 crypto rx=0x7fd22400b7b0 tx=0x7fd224004670 comp rx=0 tx=0).ready entity=mon.0 client_cookie=0 server_cookie=0 in_seq=0 out_seq=0
2024-05-26T21:45:44.207 INFO:teuthology.orchestra.run.smithi149.stdout:/usr/bin/ceph: stderr
2024-05-26T21:45:42.821+0000 7fd21dffb700 1 -- 172.21.15.149:0/2869089377 <== mon.0 v2:172.21.15.149:3300/0 1 ==== mon_map magic: 0 ==== 205+0+0 (secure 0 0 0) 0x7fd224020020 con 0x7fd228107e10
2024-05-26T21:45:44.207 INFO:teuthology.orchestra.run.smithi149.stdout:/usr/bin/ceph: stderr
2024-05-26T21:45:42.821+0000 7fd21dffb700 1 -- 172.21.15.149:0/2869089377 <== mon.0 v2:172.21.15.149:3300/0 2 ==== config(26 keys) ==== 1071+0+0 (secure 0 0 0) 0x7fd22400bba0 con 0x7fd228107e10
2024-05-26T21:45:44.207 INFO:teuthology.orchestra.run.smithi149.stdout:/usr/bin/ceph: stderr
2024-05-26T21:45:42.821+0000 7fd22ed48700 1 -- 172.21.15.149:0/2869089377 --> [v2:172.21.15.149:3300/0,v1:172.21.15.149:6789/0] -- mon_subscribe({mgrmap=0+}) -- 0x7fd228105dc0 con 0x7fd228107e10
2024-05-26T21:45:44.207 INFO:teuthology.orchestra.run.smithi149.stdout:/usr/bin/ceph: stderr
2024-05-26T21:45:42.821+0000 7fd21dffb700 1 -- 172.21.15.149:0/2869089377 <== mon.0 v2:172.21.15.149:3300/0 3 ==== mon_map magic: 0 ==== 205+0+0 (secure 0 0 0) 0x7fd224017040 con 0x7fd228107e10
2024-05-26T21:45:44.207 INFO:teuthology.orchestra.run.smithi149.stdout:/usr/bin/ceph: stderr
2024-05-26T21:45:42.822+0000 7fd22ed48700 1 -- 172.21.15.149:0/2869089377 --> [v2:172.21.15.149:3300/0,v1:172.21.15.149:6789/0] -- mon_subscribe({osdmap=0}) -- 0x7fd228106300 con 0x7fd228107e10
2024-05-26T21:45:44.208 INFO:teuthology.orchestra.run.smithi149.stdout:/usr/bin/ceph: stderr
2024-05-26T21:45:42.823+0000 7fd21dffb700 1 -- 172.21.15.149:0/2869089377 <== mon.0 v2:172.21.15.149:3300/0 4 ==== mgrmap(e 8) ==== 46287+0+0 (secure 0 0 0) 0x7fd224023020 con 0x7fd228107e10
2024-05-26T21:45:44.208 INFO:teuthology.orchestra.run.smithi149.stdout:/usr/bin/ceph: stderr
2024-05-26T21:45:42.823+0000 7fd22ed48700 1 -- 172.21.15.149:0/2869089377 --> [v2:172.21.15.149:3300/0,v1:172.21.15.149:6789/0] -- mon_command({"prefix": "get_command_descriptions"} v 0) -- 0x7fd228063af0 con 0x7fd228107e10
2024-05-26T21:45:44.208 INFO:teuthology.orchestra.run.smithi149.stdout:/usr/bin/ceph: stderr
2024-05-26T21:45:42.823+0000 7fd21dffb700 1 --2- 172.21.15.149:0/2869089377 >> [v2:172.21.15.149:6800/3111040215,v1:172.21.15.149:6801/3111040215] conn(0x7fd210039110 0x7fd21003b5d0 unknown :-1 s=NONE pgs=0 cs=0 l=1 rev1=0 crypto rx=0 tx=0 comp rx=0 tx=0).connect
2024-05-26T21:45:44.208 INFO:teuthology.orchestra.run.smithi149.stdout:/usr/bin/ceph: stderr
2024-05-26T21:45:42.823+0000 7fd21dffb700 1 -- 172.21.15.149:0/2869089377 <== mon.0 v2:172.21.15.149:3300/0 5 ==== osd_map(2..2 src has 1..2) ==== 940+0+0 (secure 0 0 0) 0x7fd22400f050 con 0x7fd228107e10
2024-05-26T21:45:44.208 INFO:teuthology.orchestra.run.smithi149.stdout:/usr/bin/ceph: stderr
2024-05-26T21:45:42.823+0000 7fd21ffff700 1 --2- 172.21.15.149:0/2869089377 >> [v2:172.21.15.149:6800/3111040215,v1:172.21.15.149:6801/3111040215] conn(0x7fd210039110 0x7fd21003b5d0 unknown :-1 s=BANNER_CONNECTING pgs=0 cs=0 l=1 rev1=0 crypto rx=0 tx=0 comp rx=0 tx=0)._handle_peer_banner_payload supported=3 required=0
2024-05-26T21:45:44.208 INFO:teuthology.orchestra.run.smithi149.stdout:/usr/bin/ceph: stderr
2024-05-26T21:45:42.823+0000 7fd21ffff700 1 --2- 172.21.15.149:0/2869089377 >> [v2:172.21.15.149:6800/3111040215,v1:172.21.15.149:6801/3111040215] conn(0x7fd210039110 0x7fd21003b5d0 secure :-1 s=READY pgs=13 cs=0 l=1 rev1=1 crypto rx=0x7fd218006fd0 tx=0x7fd218006e40 comp rx=0 tx=0).ready entity=mgr.14120 client_cookie=0 server_cookie=0 in_seq=0 out_seq=0
2024-05-26T21:45:44.208 INFO:teuthology.orchestra.run.smithi149.stdout:/usr/bin/ceph: stderr
2024-05-26T21:45:42.828+0000 7fd21dffb700 1 -- 172.21.15.149:0/2869089377 <== mon.0 v2:172.21.15.149:3300/0 6 ==== mon_command_ack([{"prefix": "get_command_descriptions"}]=0 v0) ==== 72+0+186418 (secure 0 0 0) 0x7fd22402a020 con 0x7fd228107e10
2024-05-26T21:45:44.208 INFO:teuthology.orchestra.run.smithi149.stdout:/usr/bin/ceph: stderr
2024-05-26T21:45:43.047+0000 7fd22ed48700 1 -- 172.21.15.149:0/2869089377 --> [v2:172.21.15.149:6800/3111040215,v1:172.21.15.149:6801/3111040215] -- mgr_command(tid 0: {"prefix": "orch apply", "service_type": "mgr", "unmanaged": true, "target": ["mon-mgr", ""]}) -- 0x7fd228106b60 con 0x7fd210039110
2024-05-26T21:45:44.208 INFO:teuthology.orchestra.run.smithi149.stdout:/usr/bin/ceph: stderr
2024-05-26T21:45:43.051+0000 7fd21dffb700 1 -- 172.21.15.149:0/2869089377 <== mgr.14120 v2:172.21.15.149:6800/3111040215 1 ==== mgr_command_reply(tid 0: 0 ) ==== 8+0+24 (secure 0 0 0) 0x7fd228106b60 con 0x7fd210039110
2024-05-26T21:45:44.208 INFO:teuthology.orchestra.run.smithi149.stdout:/usr/bin/ceph: stderr
2024-05-26T21:45:43.053+0000 7fd22ed48700 1 -- 172.21.15.149:0/2869089377 >> [v2:172.21.15.149:6800/3111040215,v1:172.21.15.149:6801/3111040215] conn(0x7fd210039110 msgr2=0x7fd21003b5d0 secure :-1 s=STATE_CONNECTION_ESTABLISHED l=1).mark_down
2024-05-26T21:45:44.208 INFO:teuthology.orchestra.run.smithi149.stdout:/usr/bin/ceph: stderr
2024-05-26T21:45:43.053+0000 7fd22ed48700 1 --2- 172.21.15.149:0/2869089377 >> [v2:172.21.15.149:6800/3111040215,v1:172.21.15.149:6801/3111040215] conn(0x7fd210039110 0x7fd21003b5d0 secure :-1 s=READY pgs=13 cs=0 l=1 rev1=1 crypto rx=0x7fd218006fd0 tx=0x7fd218006e40 comp rx=0 tx=0).stop
2024-05-26T21:45:44.208 INFO:teuthology.orchestra.run.smithi149.stdout:/usr/bin/ceph: stderr
2024-05-26T21:45:43.053+0000 7fd22ed48700 1 -- 172.21.15.149:0/2869089377 >> [v2:172.21.15.149:3300/0,v1:172.21.15.149:6789/0] conn(0x7fd228107e10 msgr2=0x7fd228107690 secure :-1 s=STATE_CONNECTION_ESTABLISHED l=1).mark_down
2024-05-26T21:45:44.208 INFO:teuthology.orchestra.run.smithi149.stdout:/usr/bin/ceph: stderr
2024-05-26T21:45:43.053+0000 7fd22ed48700 1 --2- 172.21.15.149:0/2869089377 >> [v2:172.21.15.149:3300/0,v1:172.21.15.149:6789/0] conn(0x7fd228107e10 0x7fd228107690 secure :-1 s=READY pgs=50 cs=0 l=1 rev1=1 crypto rx=0x7fd22400b7b0 tx=0x7fd224004670 comp rx=0 tx=0).stop
2024-05-26T21:45:44.208 INFO:teuthology.orchestra.run.smithi149.stdout:/usr/bin/ceph: stderr
2024-05-26T21:45:43.053+0000 7fd22ed48700 1 -- 172.21.15.149:0/2869089377 shutdown_connections
2024-05-26T21:45:44.209 INFO:teuthology.orchestra.run.smithi149.stdout:/usr/bin/ceph: stderr
2024-05-26T21:45:43.053+0000 7fd22ed48700 1 --2- 172.21.15.149:0/2869089377 >> [v2:172.21.15.149:6800/3111040215,v1:172.21.15.149:6801/3111040215] conn(0x7fd210039110 0x7fd21003b5d0 unknown :-1 s=CLOSED pgs=13 cs=0 l=1 rev1=1 crypto rx=0 tx=0 comp rx=0 tx=0).stop
2024-05-26T21:45:44.209 INFO:teuthology.orchestra.run.smithi149.stdout:/usr/bin/ceph: stderr
2024-05-26T21:45:43.053+0000 7fd22ed48700 1 --2- 172.21.15.149:0/2869089377 >> [v2:172.21.15.149:3300/0,v1:172.21.15.149:6789/0] conn(0x7fd228107e10 0x7fd228107690 unknown :-1 s=CLOSED pgs=50 cs=0 l=1 rev1=1 crypto rx=0 tx=0 comp rx=0 tx=0).stop
2024-05-26T21:45:44.209 INFO:teuthology.orchestra.run.smithi149.stdout:/usr/bin/ceph: stderr
2024-05-26T21:45:43.053+0000 7fd22ed48700 1 -- 172.21.15.149:0/2869089377 >> 172.21.15.149:0/2869089377 conn(0x7fd228101840 msgr2=0x7fd228102290 unknown :-1 s=STATE_NONE l=0).mark_down
2024-05-26T21:45:44.209 INFO:teuthology.orchestra.run.smithi149.stdout:/usr/bin/ceph: stderr
2024-05-26T21:45:43.054+0000 7fd22ed48700 1 -- 172.21.15.149:0/2869089377 shutdown_connections
2024-05-26T21:45:44.209 INFO:teuthology.orchestra.run.smithi149.stdout:/usr/bin/ceph: stderr
2024-05-26T21:45:43.054+0000 7fd22ed48700 1 -- 172.21.15.149:0/2869089377 wait complete.
2024-05-26T21:45:44.273 INFO:journalctl@ceph.mon.a.smithi149.stdout:May 26 21:45:44 smithi149 ceph-mon[29307]: from='client.14144 -' entity='client.admin' cmd=[{"prefix": "orch apply", "service_type": "mgr", "unmanaged": true, "target": ["mon-mgr", ""]}]: dispatch
2024-05-26T21:45:44.274 INFO:journalctl@ceph.mon.a.smithi149.stdout:May 26 21:45:44 smithi149 ceph-mon[29307]: Saving service mgr spec with placement count:2
2024-05-26T21:45:44.274 INFO:journalctl@ceph.mon.a.smithi149.stdout:May 26 21:45:44 smithi149 ceph-mon[29307]: from='mgr.14120 172.21.15.149:0/1442919510' entity='mgr.x'
2024-05-26T21:45:44.274 INFO:journalctl@ceph.mon.a.smithi149.stdout:May 26 21:45:44 smithi149 ceph-mon[29307]: from='mgr.14120 172.21.15.149:0/1442919510' entity='mgr.x'
2024-05-26T21:45:45.774 INFO:journalctl@ceph.mon.a.smithi149.stdout:May 26 21:45:45 smithi149 ceph-mon[29307]: from='mgr.14120 172.21.15.149:0/1442919510' entity='mgr.x'
2024-05-26T21:45:45.774 INFO:journalctl@ceph.mon.a.smithi149.stdout:May 26 21:45:45 smithi149 ceph-mon[29307]: from='client.? 172.21.15.149:0/3740757702' entity='client.admin'
2024-05-26T21:45:46.023 INFO:teuthology.orchestra.run.smithi149.stdout:/usr/bin/ceph: stderr
2024-05-26T21:45:44.674+0000 7feda04ee700 1 Processor -- start
2024-05-26T21:45:46.023 INFO:teuthology.orchestra.run.smithi149.stdout:/usr/bin/ceph: stderr
2024-05-26T21:45:44.674+0000 7feda04ee700 1 -- start start
2024-05-26T21:45:46.023 INFO:teuthology.orchestra.run.smithi149.stdout:/usr/bin/ceph: stderr
2024-05-26T21:45:44.674+0000 7feda04ee700 1 --2- >> [v2:172.21.15.149:3300/0,v1:172.21.15.149:6789/0] conn(0x7fed98107e00 0x7fed9810a1f0 unknown :-1 s=NONE pgs=0 cs=0 l=0 rev1=0 crypto rx=0 tx=0 comp rx=0 tx=0).connect
2024-05-26T21:45:46.023 INFO:teuthology.orchestra.run.smithi149.stdout:/usr/bin/ceph: stderr
2024-05-26T21:45:44.674+0000 7feda04ee700 1 -- --> [v2:172.21.15.149:3300/0,v1:172.21.15.149:6789/0] -- mon_getmap magic: 0 -- 0x7fed9807a720 con 0x7fed98107e00
2024-05-26T21:45:46.023 INFO:teuthology.orchestra.run.smithi149.stdout:/usr/bin/ceph: stderr
2024-05-26T21:45:44.675+0000 7fed9e28a700 1 --2- >> [v2:172.21.15.149:3300/0,v1:172.21.15.149:6789/0] conn(0x7fed98107e00 0x7fed9810a1f0 unknown :-1 s=BANNER_CONNECTING pgs=0 cs=0 l=0 rev1=0 crypto rx=0 tx=0 comp rx=0 tx=0)._handle_peer_banner_payload supported=3 required=0
2024-05-26T21:45:46.023 INFO:teuthology.orchestra.run.smithi149.stdout:/usr/bin/ceph: stderr
2024-05-26T21:45:44.675+0000 7fed9e28a700 1 --2- >> [v2:172.21.15.149:3300/0,v1:172.21.15.149:6789/0] conn(0x7fed98107e00 0x7fed9810a1f0 unknown :-1 s=HELLO_CONNECTING pgs=0 cs=0 l=0 rev1=1 crypto rx=0 tx=0 comp rx=0 tx=0).handle_hello peer v2:172.21.15.149:3300/0 says I am v2:172.21.15.149:53176/0 (socket says 172.21.15.149:53176)
2024-05-26T21:45:46.023 INFO:teuthology.orchestra.run.smithi149.stdout:/usr/bin/ceph: stderr
2024-05-26T21:45:44.675+0000 7fed9e28a700 1 -- 172.21.15.149:0/1025895814 learned_addr learned my addr 172.21.15.149:0/1025895814 (peer_addr_for_me v2:172.21.15.149:0/0)
2024-05-26T21:45:46.024 INFO:teuthology.orchestra.run.smithi149.stdout:/usr/bin/ceph: stderr
2024-05-26T21:45:44.675+0000 7fed9e28a700 1 -- 172.21.15.149:0/1025895814 --> [v2:172.21.15.149:3300/0,v1:172.21.15.149:6789/0] -- mon_subscribe({config=0+,monmap=0+}) -- 0x7fed9810a730 con 0x7fed98107e00
2024-05-26T21:45:46.024 INFO:teuthology.orchestra.run.smithi149.stdout:/usr/bin/ceph: stderr
2024-05-26T21:45:44.675+0000 7fed9e28a700 1 --2- 172.21.15.149:0/1025895814 >> [v2:172.21.15.149:3300/0,v1:172.21.15.149:6789/0] conn(0x7fed98107e00 0x7fed9810a1f0 secure :-1 s=READY pgs=51 cs=0 l=1 rev1=1 crypto rx=0x7fed880098a0 tx=0x7fed88009bb0 comp rx=0 tx=0).ready entity=mon.0 client_cookie=96e4badb29bebc46 server_cookie=0 in_seq=0 out_seq=0
2024-05-26T21:45:46.024 INFO:teuthology.orchestra.run.smithi149.stdout:/usr/bin/ceph: stderr
2024-05-26T21:45:44.675+0000 7fed9d288700 1 -- 172.21.15.149:0/1025895814 <== mon.0 v2:172.21.15.149:3300/0 1 ==== mon_map magic: 0 ==== 205+0+0 (secure 0 0 0) 0x7fed88004160 con 0x7fed98107e00
2024-05-26T21:45:46.024 INFO:teuthology.orchestra.run.smithi149.stdout:/usr/bin/ceph: stderr
2024-05-26T21:45:44.675+0000 7fed9d288700 1 -- 172.21.15.149:0/1025895814 <== mon.0 v2:172.21.15.149:3300/0 2 ==== config(26 keys) ==== 1102+0+0 (secure 0 0 0) 0x7fed88004300 con 0x7fed98107e00
2024-05-26T21:45:46.024 INFO:teuthology.orchestra.run.smithi149.stdout:/usr/bin/ceph: stderr
2024-05-26T21:45:44.675+0000 7fed9d288700 1 -- 172.21.15.149:0/1025895814 <== mon.0 v2:172.21.15.149:3300/0 3 ==== mon_map magic: 0 ==== 205+0+0 (secure 0 0 0) 0x7fed88011a50 con 0x7fed98107e00
2024-05-26T21:45:46.024 INFO:teuthology.orchestra.run.smithi149.stdout:/usr/bin/ceph: stderr
2024-05-26T21:45:44.676+0000 7feda04ee700 1 -- 172.21.15.149:0/1025895814 >> [v2:172.21.15.149:3300/0,v1:172.21.15.149:6789/0] conn(0x7fed98107e00 msgr2=0x7fed9810a1f0 secure :-1 s=STATE_CONNECTION_ESTABLISHED l=1).mark_down
2024-05-26T21:45:46.024 INFO:teuthology.orchestra.run.smithi149.stdout:/usr/bin/ceph: stderr
2024-05-26T21:45:44.676+0000 7feda04ee700 1 --2- 172.21.15.149:0/1025895814 >> [v2:172.21.15.149:3300/0,v1:172.21.15.149:6789/0] conn(0x7fed98107e00 0x7fed9810a1f0 secure :-1 s=READY pgs=51 cs=0 l=1 rev1=1 crypto rx=0x7fed880098a0 tx=0x7fed88009bb0 comp rx=0 tx=0).stop
2024-05-26T21:45:46.024 INFO:teuthology.orchestra.run.smithi149.stdout:/usr/bin/ceph: stderr
2024-05-26T21:45:44.676+0000 7feda04ee700 1 -- 172.21.15.149:0/1025895814 shutdown_connections
2024-05-26T21:45:46.024 INFO:teuthology.orchestra.run.smithi149.stdout:/usr/bin/ceph: stderr
2024-05-26T21:45:44.676+0000 7feda04ee700 1 --2- 172.21.15.149:0/1025895814 >> [v2:172.21.15.149:3300/0,v1:172.21.15.149:6789/0] conn(0x7fed98107e00 0x7fed9810a1f0 unknown :-1 s=CLOSED pgs=51 cs=0 l=1 rev1=1 crypto rx=0 tx=0 comp rx=0 tx=0).stop
2024-05-26T21:45:46.024 INFO:teuthology.orchestra.run.smithi149.stdout:/usr/bin/ceph: stderr
2024-05-26T21:45:44.676+0000 7feda04ee700 1 -- 172.21.15.149:0/1025895814 >> 172.21.15.149:0/1025895814 conn(0x7fed981018d0 msgr2=0x7fed98103cf0 unknown :-1 s=STATE_NONE l=0).mark_down
2024-05-26T21:45:46.024 INFO:teuthology.orchestra.run.smithi149.stdout:/usr/bin/ceph: stderr
2024-05-26T21:45:44.676+0000 7feda04ee700 1 -- 172.21.15.149:0/1025895814 shutdown_connections
2024-05-26T21:45:46.024 INFO:teuthology.orchestra.run.smithi149.stdout:/usr/bin/ceph: stderr
2024-05-26T21:45:44.676+0000 7feda04ee700 1 -- 172.21.15.149:0/1025895814 wait complete.
2024-05-26T21:45:46.024 INFO:teuthology.orchestra.run.smithi149.stdout:/usr/bin/ceph: stderr
2024-05-26T21:45:44.677+0000 7feda04ee700 1 Processor -- start
2024-05-26T21:45:46.025 INFO:teuthology.orchestra.run.smithi149.stdout:/usr/bin/ceph: stderr
2024-05-26T21:45:44.677+0000 7feda04ee700 1 -- start start
2024-05-26T21:45:46.025 INFO:teuthology.orchestra.run.smithi149.stdout:/usr/bin/ceph: stderr
2024-05-26T21:45:44.677+0000 7feda04ee700 1 --2- >> [v2:172.21.15.149:3300/0,v1:172.21.15.149:6789/0] conn(0x7fed98107e00 0x7fed9819b140 unknown :-1 s=NONE pgs=0 cs=0 l=1 rev1=0 crypto rx=0 tx=0 comp rx=0 tx=0).connect
2024-05-26T21:45:46.025 INFO:teuthology.orchestra.run.smithi149.stdout:/usr/bin/ceph: stderr
2024-05-26T21:45:44.677+0000 7feda04ee700 1 -- --> [v2:172.21.15.149:3300/0,v1:172.21.15.149:6789/0] -- mon_getmap magic: 0 -- 0x7fed9810b730 con 0x7fed98107e00
2024-05-26T21:45:46.025 INFO:teuthology.orchestra.run.smithi149.stdout:/usr/bin/ceph: stderr
2024-05-26T21:45:44.677+0000 7fed9e28a700 1 --2- >> [v2:172.21.15.149:3300/0,v1:172.21.15.149:6789/0] conn(0x7fed98107e00 0x7fed9819b140 unknown :-1 s=BANNER_CONNECTING pgs=0 cs=0 l=1 rev1=0 crypto rx=0 tx=0 comp rx=0 tx=0)._handle_peer_banner_payload supported=3 required=0
2024-05-26T21:45:46.025 INFO:teuthology.orchestra.run.smithi149.stdout:/usr/bin/ceph: stderr
2024-05-26T21:45:44.677+0000 7fed9e28a700 1 --2- >> [v2:172.21.15.149:3300/0,v1:172.21.15.149:6789/0] conn(0x7fed98107e00 0x7fed9819b140 unknown :-1 s=HELLO_CONNECTING pgs=0 cs=0 l=1 rev1=1 crypto rx=0 tx=0 comp rx=0 tx=0).handle_hello peer v2:172.21.15.149:3300/0 says I am v2:172.21.15.149:53182/0 (socket says 172.21.15.149:53182)
2024-05-26T21:45:46.025 INFO:teuthology.orchestra.run.smithi149.stdout:/usr/bin/ceph: stderr
2024-05-26T21:45:44.677+0000 7fed9e28a700 1 -- 172.21.15.149:0/3740757702 learned_addr learned my addr 172.21.15.149:0/3740757702 (peer_addr_for_me v2:172.21.15.149:0/0)
2024-05-26T21:45:46.025 INFO:teuthology.orchestra.run.smithi149.stdout:/usr/bin/ceph: stderr
2024-05-26T21:45:44.677+0000 7fed9e28a700 1 -- 172.21.15.149:0/3740757702 --> [v2:172.21.15.149:3300/0,v1:172.21.15.149:6789/0] -- mon_subscribe({config=0+,monmap=0+}) -- 0x7fed9819b680 con 0x7fed98107e00
2024-05-26T21:45:46.025 INFO:teuthology.orchestra.run.smithi149.stdout:/usr/bin/ceph: stderr
2024-05-26T21:45:44.677+0000 7fed9e28a700 1 --2- 172.21.15.149:0/3740757702 >> [v2:172.21.15.149:3300/0,v1:172.21.15.149:6789/0] conn(0x7fed98107e00 0x7fed9819b140 secure :-1 s=READY pgs=52 cs=0 l=1 rev1=1 crypto rx=0x7fed88011a00 tx=0x7fed88011ae0 comp rx=0 tx=0).ready entity=mon.0 client_cookie=0 server_cookie=0 in_seq=0 out_seq=0
2024-05-26T21:45:46.025 INFO:teuthology.orchestra.run.smithi149.stdout:/usr/bin/ceph: stderr
2024-05-26T21:45:44.677+0000 7fed8f7fe700 1 -- 172.21.15.149:0/3740757702 <== mon.0 v2:172.21.15.149:3300/0 1 ==== mon_map magic: 0 ==== 205+0+0 (secure 0 0 0) 0x7fed88003af0 con 0x7fed98107e00
2024-05-26T21:45:46.025 INFO:teuthology.orchestra.run.smithi149.stdout:/usr/bin/ceph: stderr
2024-05-26T21:45:44.678+0000 7fed8f7fe700 1 -- 172.21.15.149:0/3740757702 <== mon.0 v2:172.21.15.149:3300/0 2 ==== config(26 keys) ==== 1102+0+0 (secure 0 0 0) 0x7fed8801a8e0 con 0x7fed98107e00
2024-05-26T21:45:46.025 INFO:teuthology.orchestra.run.smithi149.stdout:/usr/bin/ceph: stderr
2024-05-26T21:45:44.678+0000 7feda04ee700 1 -- 172.21.15.149:0/3740757702 --> [v2:172.21.15.149:3300/0,v1:172.21.15.149:6789/0] -- mon_subscribe({mgrmap=0+}) -- 0x7fed9819b910 con 0x7fed98107e00
2024-05-26T21:45:46.025 INFO:teuthology.orchestra.run.smithi149.stdout:/usr/bin/ceph: stderr
2024-05-26T21:45:44.678+0000 7fed8f7fe700 1 -- 172.21.15.149:0/3740757702 <== mon.0 v2:172.21.15.149:3300/0 3 ==== mon_map magic: 0 ==== 205+0+0 (secure 0 0 0) 0x7fed88024840 con 0x7fed98107e00
2024-05-26T21:45:46.025 INFO:teuthology.orchestra.run.smithi149.stdout:/usr/bin/ceph: stderr
2024-05-26T21:45:44.678+0000 7feda04ee700 1 -- 172.21.15.149:0/3740757702 --> [v2:172.21.15.149:3300/0,v1:172.21.15.149:6789/0] -- mon_subscribe({osdmap=0}) -- 0x7fed9819e600 con 0x7fed98107e00
2024-05-26T21:45:46.026 INFO:teuthology.orchestra.run.smithi149.stdout:/usr/bin/ceph: stderr
2024-05-26T21:45:44.678+0000 7fed8f7fe700 1 -- 172.21.15.149:0/3740757702 <== mon.0 v2:172.21.15.149:3300/0 4 ==== mgrmap(e 8) ==== 46287+0+0 (secure 0 0 0) 0x7fed88022020 con 0x7fed98107e00
2024-05-26T21:45:46.026 INFO:teuthology.orchestra.run.smithi149.stdout:/usr/bin/ceph: stderr
2024-05-26T21:45:44.679+0000 7feda04ee700 1 -- 172.21.15.149:0/3740757702 --> [v2:172.21.15.149:3300/0,v1:172.21.15.149:6789/0] -- mon_command({"prefix": "get_command_descriptions"} v 0) -- 0x7fed98063af0 con 0x7fed98107e00
2024-05-26T21:45:46.026 INFO:teuthology.orchestra.run.smithi149.stdout:/usr/bin/ceph: stderr
2024-05-26T21:45:44.679+0000 7fed8f7fe700 1 --2- 172.21.15.149:0/3740757702 >> [v2:172.21.15.149:6800/3111040215,v1:172.21.15.149:6801/3111040215] conn(0x7fed84039110 0x7fed8403b5d0 unknown :-1 s=NONE pgs=0 cs=0 l=1 rev1=0 crypto rx=0 tx=0 comp rx=0 tx=0).connect
2024-05-26T21:45:46.026 INFO:teuthology.orchestra.run.smithi149.stdout:/usr/bin/ceph: stderr
2024-05-26T21:45:44.679+0000 7fed8f7fe700 1 -- 172.21.15.149:0/3740757702 <== mon.0 v2:172.21.15.149:3300/0 5 ==== osd_map(2..2 src has 1..2) ==== 940+0+0 (secure 0 0 0) 0x7fed8804d3c0 con 0x7fed98107e00
2024-05-26T21:45:46.026 INFO:teuthology.orchestra.run.smithi149.stdout:/usr/bin/ceph: stderr
2024-05-26T21:45:44.679+0000 7fed9da89700 1 --2- 172.21.15.149:0/3740757702 >> [v2:172.21.15.149:6800/3111040215,v1:172.21.15.149:6801/3111040215] conn(0x7fed84039110 0x7fed8403b5d0 unknown :-1 s=BANNER_CONNECTING pgs=0 cs=0 l=1 rev1=0 crypto rx=0 tx=0 comp rx=0 tx=0)._handle_peer_banner_payload supported=3 required=0
2024-05-26T21:45:46.026 INFO:teuthology.orchestra.run.smithi149.stdout:/usr/bin/ceph: stderr
2024-05-26T21:45:44.679+0000 7fed9da89700 1 --2- 172.21.15.149:0/3740757702 >> [v2:172.21.15.149:6800/3111040215,v1:172.21.15.149:6801/3111040215] conn(0x7fed84039110 0x7fed8403b5d0 secure :-1 s=READY pgs=14 cs=0 l=1 rev1=1 crypto rx=0x7fed94006fd0 tx=0x7fed94006e40 comp rx=0 tx=0).ready entity=mgr.14120 client_cookie=0 server_cookie=0 in_seq=0 out_seq=0
2024-05-26T21:45:46.026 INFO:teuthology.orchestra.run.smithi149.stdout:/usr/bin/ceph: stderr
2024-05-26T21:45:44.684+0000 7fed8f7fe700 1 -- 172.21.15.149:0/3740757702 <== mon.0 v2:172.21.15.149:3300/0 6 ==== mon_command_ack([{"prefix": "get_command_descriptions"}]=0 v0) ==== 72+0+186418 (secure 0 0 0) 0x7fed8801adb0 con 0x7fed98107e00
2024-05-26T21:45:46.026 INFO:teuthology.orchestra.run.smithi149.stdout:/usr/bin/ceph: stderr
2024-05-26T21:45:44.912+0000 7feda04ee700 1 -- 172.21.15.149:0/3740757702 --> [v2:172.21.15.149:3300/0,v1:172.21.15.149:6789/0] -- mon_command([{prefix=config set, name=mgr/cephadm/container_init}] v 0) -- 0x7fed9819ebd0 con 0x7fed98107e00
2024-05-26T21:45:46.026 INFO:teuthology.orchestra.run.smithi149.stdout:/usr/bin/ceph: stderr
2024-05-26T21:45:44.915+0000 7fed8f7fe700 1 -- 172.21.15.149:0/3740757702 <== mon.0 v2:172.21.15.149:3300/0 7 ==== mon_command_ack([{prefix=config set, name=mgr/cephadm/container_init}]=0 v7)=0 v7) ==== 142+0+0 (secure 0 0 0) 0x7fed8800bc40 con 0x7fed98107e00
2024-05-26T21:45:46.026 INFO:teuthology.orchestra.run.smithi149.stdout:/usr/bin/ceph: stderr
2024-05-26T21:45:44.917+0000 7feda04ee700 1 -- 172.21.15.149:0/3740757702 >> [v2:172.21.15.149:6800/3111040215,v1:172.21.15.149:6801/3111040215] conn(0x7fed84039110 msgr2=0x7fed8403b5d0 secure :-1 s=STATE_CONNECTION_ESTABLISHED l=1).mark_down
2024-05-26T21:45:46.026 INFO:teuthology.orchestra.run.smithi149.stdout:/usr/bin/ceph: stderr
2024-05-26T21:45:44.917+0000 7feda04ee700 1 --2- 172.21.15.149:0/3740757702 >> [v2:172.21.15.149:6800/3111040215,v1:172.21.15.149:6801/3111040215] conn(0x7fed84039110 0x7fed8403b5d0 secure :-1 s=READY pgs=14 cs=0 l=1 rev1=1 crypto rx=0x7fed94006fd0 tx=0x7fed94006e40 comp rx=0 tx=0).stop
2024-05-26T21:45:46.026 INFO:teuthology.orchestra.run.smithi149.stdout:/usr/bin/ceph: stderr
2024-05-26T21:45:44.917+0000 7feda04ee700 1 -- 172.21.15.149:0/3740757702 >> [v2:172.21.15.149:3300/0,v1:172.21.15.149:6789/0] conn(0x7fed98107e00 msgr2=0x7fed9819b140 secure :-1 s=STATE_CONNECTION_ESTABLISHED l=1).mark_down
2024-05-26T21:45:46.027 INFO:teuthology.orchestra.run.smithi149.stdout:/usr/bin/ceph: stderr
2024-05-26T21:45:44.917+0000 7feda04ee700 1 --2- 172.21.15.149:0/3740757702 >> [v2:172.21.15.149:3300/0,v1:172.21.15.149:6789/0] conn(0x7fed98107e00 0x7fed9819b140 secure :-1 s=READY pgs=52 cs=0 l=1 rev1=1 crypto rx=0x7fed88011a00 tx=0x7fed88011ae0 comp rx=0 tx=0).stop
2024-05-26T21:45:46.027 INFO:teuthology.orchestra.run.smithi149.stdout:/usr/bin/ceph: stderr
2024-05-26T21:45:44.917+0000 7feda04ee700 1 -- 172.21.15.149:0/3740757702 shutdown_connections
2024-05-26T21:45:46.027 INFO:teuthology.orchestra.run.smithi149.stdout:/usr/bin/ceph: stderr
2024-05-26T21:45:44.917+0000 7feda04ee700 1 --2- 172.21.15.149:0/3740757702 >> [v2:172.21.15.149:6800/3111040215,v1:172.21.15.149:6801/3111040215] conn(0x7fed84039110 0x7fed8403b5d0 unknown :-1 s=CLOSED pgs=14 cs=0 l=1 rev1=1 crypto rx=0 tx=0 comp rx=0 tx=0).stop
2024-05-26T21:45:46.027 INFO:teuthology.orchestra.run.smithi149.stdout:/usr/bin/ceph: stderr
2024-05-26T21:45:44.917+0000 7feda04ee700 1 --2- 172.21.15.149:0/3740757702 >> [v2:172.21.15.149:3300/0,v1:172.21.15.149:6789/0] conn(0x7fed98107e00 0x7fed9819b140 unknown :-1 s=CLOSED pgs=52 cs=0 l=1 rev1=1 crypto rx=0 tx=0 comp rx=0 tx=0).stop
2024-05-26T21:45:46.027 INFO:teuthology.orchestra.run.smithi149.stdout:/usr/bin/ceph: stderr
2024-05-26T21:45:44.917+0000 7feda04ee700 1 -- 172.21.15.149:0/3740757702 >> 172.21.15.149:0/3740757702 conn(0x7fed981018d0 msgr2=0x7fed98102270 unknown :-1 s=STATE_NONE l=0).mark_down
2024-05-26T21:45:46.027 INFO:teuthology.orchestra.run.smithi149.stdout:/usr/bin/ceph: stderr
2024-05-26T21:45:44.918+0000 7feda04ee700 1 -- 172.21.15.149:0/3740757702 shutdown_connections
2024-05-26T21:45:46.027 INFO:teuthology.orchestra.run.smithi149.stdout:/usr/bin/ceph: stderr
2024-05-26T21:45:44.918+0000 7feda04ee700 1 -- 172.21.15.149:0/3740757702 wait complete.
2024-05-26T21:45:47.238 INFO:teuthology.orchestra.run.smithi149.stdout:/usr/bin/ceph: stderr
2024-05-26T21:45:46.465+0000 7f5b2e73b700 1 Processor -- start
2024-05-26T21:45:47.238 INFO:teuthology.orchestra.run.smithi149.stdout:/usr/bin/ceph: stderr
2024-05-26T21:45:46.465+0000 7f5b2e73b700 1 -- start start
2024-05-26T21:45:47.238 INFO:teuthology.orchestra.run.smithi149.stdout:/usr/bin/ceph: stderr
2024-05-26T21:45:46.465+0000 7f5b2e73b700 1 --2- >> [v2:172.21.15.149:3300/0,v1:172.21.15.149:6789/0] conn(0x7f5b28105bf0 0x7f5b28106010 unknown :-1 s=NONE pgs=0 cs=0 l=0 rev1=0 crypto rx=0 tx=0 comp rx=0 tx=0).connect
2024-05-26T21:45:47.238 INFO:teuthology.orchestra.run.smithi149.stdout:/usr/bin/ceph: stderr
2024-05-26T21:45:46.465+0000 7f5b2e73b700 1 -- --> [v2:172.21.15.149:3300/0,v1:172.21.15.149:6789/0] -- mon_getmap magic: 0 -- 0x7f5b2807a700 con 0x7f5b28105bf0
2024-05-26T21:45:47.238 INFO:teuthology.orchestra.run.smithi149.stdout:/usr/bin/ceph: stderr
2024-05-26T21:45:46.466+0000 7f5b27fff700 1 --2- >> [v2:172.21.15.149:3300/0,v1:172.21.15.149:6789/0] conn(0x7f5b28105bf0 0x7f5b28106010 unknown :-1 s=BANNER_CONNECTING pgs=0 cs=0 l=0 rev1=0 crypto rx=0 tx=0 comp rx=0 tx=0)._handle_peer_banner_payload supported=3 required=0
2024-05-26T21:45:47.239 INFO:teuthology.orchestra.run.smithi149.stdout:/usr/bin/ceph: stderr
2024-05-26T21:45:46.466+0000 7f5b27fff700 1 --2- >> [v2:172.21.15.149:3300/0,v1:172.21.15.149:6789/0] conn(0x7f5b28105bf0 0x7f5b28106010 unknown :-1 s=HELLO_CONNECTING pgs=0 cs=0 l=0 rev1=1 crypto rx=0 tx=0 comp rx=0 tx=0).handle_hello peer v2:172.21.15.149:3300/0 says I am v2:172.21.15.149:42624/0 (socket says 172.21.15.149:42624)
2024-05-26T21:45:47.239 INFO:teuthology.orchestra.run.smithi149.stdout:/usr/bin/ceph: stderr
2024-05-26T21:45:46.466+0000 7f5b27fff700 1 -- 172.21.15.149:0/332038910 learned_addr learned my addr 172.21.15.149:0/332038910 (peer_addr_for_me v2:172.21.15.149:0/0)
2024-05-26T21:45:47.239 INFO:teuthology.orchestra.run.smithi149.stdout:/usr/bin/ceph: stderr
2024-05-26T21:45:46.466+0000 7f5b27fff700 1 -- 172.21.15.149:0/332038910 --> [v2:172.21.15.149:3300/0,v1:172.21.15.149:6789/0] -- mon_subscribe({config=0+,monmap=0+}) -- 0x7f5b28106550 con 0x7f5b28105bf0
2024-05-26T21:45:47.239 INFO:teuthology.orchestra.run.smithi149.stdout:/usr/bin/ceph: stderr
2024-05-26T21:45:46.466+0000 7f5b27fff700 1 --2- 172.21.15.149:0/332038910 >> [v2:172.21.15.149:3300/0,v1:172.21.15.149:6789/0] conn(0x7f5b28105bf0 0x7f5b28106010 secure :-1 s=READY pgs=53 cs=0 l=1 rev1=1 crypto rx=0x7f5b180098a0 tx=0x7f5b18009bb0 comp rx=0 tx=0).ready entity=mon.0 client_cookie=1b91cafb9303fec7 server_cookie=0 in_seq=0 out_seq=0
2024-05-26T21:45:47.239 INFO:teuthology.orchestra.run.smithi149.stdout:/usr/bin/ceph: stderr
2024-05-26T21:45:46.466+0000 7f5b26ffd700 1 -- 172.21.15.149:0/332038910 <== mon.0 v2:172.21.15.149:3300/0 1 ==== mon_map magic: 0 ==== 205+0+0 (secure 0 0 0) 0x7f5b18004160 con 0x7f5b28105bf0
2024-05-26T21:45:47.239 INFO:teuthology.orchestra.run.smithi149.stdout:/usr/bin/ceph: stderr
2024-05-26T21:45:46.466+0000 7f5b26ffd700 1 -- 172.21.15.149:0/332038910 <== mon.0 v2:172.21.15.149:3300/0 2 ==== config(26 keys) ==== 1102+0+0 (secure 0 0 0) 0x7f5b18004300 con 0x7f5b28105bf0
2024-05-26T21:45:47.239 INFO:teuthology.orchestra.run.smithi149.stdout:/usr/bin/ceph: stderr
2024-05-26T21:45:46.466+0000 7f5b26ffd700 1 -- 172.21.15.149:0/332038910 <== mon.0 v2:172.21.15.149:3300/0 3 ==== mon_map magic: 0 ==== 205+0+0 (secure 0 0 0) 0x7f5b18011a50 con 0x7f5b28105bf0
2024-05-26T21:45:47.239 INFO:teuthology.orchestra.run.smithi149.stdout:/usr/bin/ceph: stderr
2024-05-26T21:45:46.467+0000 7f5b2e73b700 1 -- 172.21.15.149:0/332038910 >> [v2:172.21.15.149:3300/0,v1:172.21.15.149:6789/0] conn(0x7f5b28105bf0 msgr2=0x7f5b28106010 secure :-1 s=STATE_CONNECTION_ESTABLISHED l=1).mark_down
2024-05-26T21:45:47.239 INFO:teuthology.orchestra.run.smithi149.stdout:/usr/bin/ceph: stderr
2024-05-26T21:45:46.467+0000 7f5b2e73b700 1 --2- 172.21.15.149:0/332038910 >> [v2:172.21.15.149:3300/0,v1:172.21.15.149:6789/0] conn(0x7f5b28105bf0 0x7f5b28106010 secure :-1 s=READY pgs=53 cs=0 l=1 rev1=1 crypto rx=0x7f5b180098a0 tx=0x7f5b18009bb0 comp rx=0 tx=0).stop
2024-05-26T21:45:47.239 INFO:teuthology.orchestra.run.smithi149.stdout:/usr/bin/ceph: stderr
2024-05-26T21:45:46.467+0000 7f5b2e73b700 1 -- 172.21.15.149:0/332038910 shutdown_connections
2024-05-26T21:45:47.239 INFO:teuthology.orchestra.run.smithi149.stdout:/usr/bin/ceph: stderr
2024-05-26T21:45:46.467+0000 7f5b2e73b700 1 --2- 172.21.15.149:0/332038910 >> [v2:172.21.15.149:3300/0,v1:172.21.15.149:6789/0] conn(0x7f5b28105bf0 0x7f5b28106010 unknown :-1 s=CLOSED pgs=53 cs=0 l=1 rev1=1 crypto rx=0 tx=0 comp rx=0 tx=0).stop
2024-05-26T21:45:47.239 INFO:teuthology.orchestra.run.smithi149.stdout:/usr/bin/ceph: stderr
2024-05-26T21:45:46.467+0000 7f5b2e73b700 1 -- 172.21.15.149:0/332038910 >> 172.21.15.149:0/332038910 conn(0x7f5b281018d0 msgr2=0x7f5b28103cf0 unknown :-1 s=STATE_NONE l=0).mark_down
2024-05-26T21:45:47.239 INFO:teuthology.orchestra.run.smithi149.stdout:/usr/bin/ceph: stderr
2024-05-26T21:45:46.467+0000 7f5b2e73b700 1 -- 172.21.15.149:0/332038910 shutdown_connections
2024-05-26T21:45:47.240 INFO:teuthology.orchestra.run.smithi149.stdout:/usr/bin/ceph: stderr
2024-05-26T21:45:46.467+0000 7f5b2e73b700 1 -- 172.21.15.149:0/332038910 wait complete.
2024-05-26T21:45:47.240 INFO:teuthology.orchestra.run.smithi149.stdout:/usr/bin/ceph: stderr
2024-05-26T21:45:46.468+0000 7f5b2e73b700 1 Processor -- start
2024-05-26T21:45:47.240 INFO:teuthology.orchestra.run.smithi149.stdout:/usr/bin/ceph: stderr
2024-05-26T21:45:46.468+0000 7f5b2e73b700 1 -- start start
2024-05-26T21:45:47.240 INFO:teuthology.orchestra.run.smithi149.stdout:/usr/bin/ceph: stderr
2024-05-26T21:45:46.468+0000 7f5b2e73b700 1 --2- >> [v2:172.21.15.149:3300/0,v1:172.21.15.149:6789/0] conn(0x7f5b28105bf0 0x7f5b2819d330 unknown :-1 s=NONE pgs=0 cs=0 l=1 rev1=0 crypto rx=0 tx=0 comp rx=0 tx=0).connect
2024-05-26T21:45:47.240 INFO:teuthology.orchestra.run.smithi149.stdout:/usr/bin/ceph: stderr
2024-05-26T21:45:46.468+0000 7f5b2e73b700 1 -- --> [v2:172.21.15.149:3300/0,v1:172.21.15.149:6789/0] -- mon_getmap magic: 0 -- 0x7f5b281075c0 con 0x7f5b28105bf0
2024-05-26T21:45:47.240 INFO:teuthology.orchestra.run.smithi149.stdout:/usr/bin/ceph: stderr
2024-05-26T21:45:46.468+0000 7f5b27fff700 1 --2- >> [v2:172.21.15.149:3300/0,v1:172.21.15.149:6789/0] conn(0x7f5b28105bf0 0x7f5b2819d330 unknown :-1 s=BANNER_CONNECTING pgs=0 cs=0 l=1 rev1=0 crypto rx=0 tx=0 comp rx=0 tx=0)._handle_peer_banner_payload supported=3 required=0
2024-05-26T21:45:47.240 INFO:teuthology.orchestra.run.smithi149.stdout:/usr/bin/ceph: stderr
2024-05-26T21:45:46.468+0000 7f5b27fff700 1 --2- >> [v2:172.21.15.149:3300/0,v1:172.21.15.149:6789/0] conn(0x7f5b28105bf0 0x7f5b2819d330 unknown :-1 s=HELLO_CONNECTING pgs=0 cs=0 l=1 rev1=1 crypto rx=0 tx=0 comp rx=0 tx=0).handle_hello peer v2:172.21.15.149:3300/0 says I am v2:172.21.15.149:42626/0 (socket says 172.21.15.149:42626)
2024-05-26T21:45:47.240 INFO:teuthology.orchestra.run.smithi149.stdout:/usr/bin/ceph: stderr
2024-05-26T21:45:46.468+0000 7f5b27fff700 1 -- 172.21.15.149:0/4280714735 learned_addr learned my addr 172.21.15.149:0/4280714735 (peer_addr_for_me v2:172.21.15.149:0/0)
2024-05-26T21:45:47.240 INFO:teuthology.orchestra.run.smithi149.stdout:/usr/bin/ceph: stderr
2024-05-26T21:45:46.468+0000 7f5b27fff700 1 -- 172.21.15.149:0/4280714735 --> [v2:172.21.15.149:3300/0,v1:172.21.15.149:6789/0] -- mon_subscribe({config=0+,monmap=0+}) -- 0x7f5b2819d870 con 0x7f5b28105bf0
2024-05-26T21:45:47.240 INFO:teuthology.orchestra.run.smithi149.stdout:/usr/bin/ceph: stderr
