2024-05-27T00:24:07.621+0000 7f1a49a00700 1 --2- 172.21.15.44:0/684206261 >> [v2:172.21.15.44:3300/0,v1:172.21.15.44:6789/0] conn(0x7f1a44108be0 0x7f1a4410afd0 unknown :-1 s=CLOSED pgs=53 cs=0 l=1 rev1=1 crypto rx=0 tx=0 comp rx=0 tx=0).stop
2024-05-27T00:24:09.070 INFO:teuthology.orchestra.run.smithi044.stdout:/usr/bin/ceph: stderr
2024-05-27T00:24:07.621+0000 7f1a49a00700 1 -- 172.21.15.44:0/684206261 >> 172.21.15.44:0/684206261 conn(0x7f1a441025b0 msgr2=0x7f1a441049d0 unknown :-1 s=STATE_NONE l=0).mark_down
2024-05-27T00:24:09.070 INFO:teuthology.orchestra.run.smithi044.stdout:/usr/bin/ceph: stderr
2024-05-27T00:24:07.621+0000 7f1a49a00700 1 -- 172.21.15.44:0/684206261 shutdown_connections
2024-05-27T00:24:09.070 INFO:teuthology.orchestra.run.smithi044.stdout:/usr/bin/ceph: stderr
2024-05-27T00:24:07.621+0000 7f1a49a00700 1 -- 172.21.15.44:0/684206261 wait complete.
2024-05-27T00:24:09.070 INFO:teuthology.orchestra.run.smithi044.stdout:/usr/bin/ceph: stderr
2024-05-27T00:24:07.622+0000 7f1a49a00700 1 Processor -- start
2024-05-27T00:24:09.070 INFO:teuthology.orchestra.run.smithi044.stdout:/usr/bin/ceph: stderr
2024-05-27T00:24:07.623+0000 7f1a49a00700 1 -- start start
2024-05-27T00:24:09.070 INFO:teuthology.orchestra.run.smithi044.stdout:/usr/bin/ceph: stderr
2024-05-27T00:24:07.623+0000 7f1a49a00700 1 --2- >> [v2:172.21.15.44:3300/0,v1:172.21.15.44:6789/0] conn(0x7f1a44108be0 0x7f1a4419e240 unknown :-1 s=NONE pgs=0 cs=0 l=1 rev1=0 crypto rx=0 tx=0 comp rx=0 tx=0).connect
2024-05-27T00:24:09.070 INFO:teuthology.orchestra.run.smithi044.stdout:/usr/bin/ceph: stderr
2024-05-27T00:24:07.623+0000 7f1a49a00700 1 -- --> [v2:172.21.15.44:3300/0,v1:172.21.15.44:6789/0] -- mon_getmap magic: 0 -- 0x7f1a4410c570 con 0x7f1a44108be0
2024-05-27T00:24:09.070 INFO:teuthology.orchestra.run.smithi044.stdout:/usr/bin/ceph: stderr
2024-05-27T00:24:07.623+0000 7f1a42a00700 1 --2- >> [v2:172.21.15.44:3300/0,v1:172.21.15.44:6789/0] conn(0x7f1a44108be0 0x7f1a4419e240 unknown :-1 s=BANNER_CONNECTING pgs=0 cs=0 l=1 rev1=0 crypto rx=0 tx=0 comp rx=0 tx=0)._handle_peer_banner_payload supported=3 required=0
2024-05-27T00:24:09.070 INFO:teuthology.orchestra.run.smithi044.stdout:/usr/bin/ceph: stderr
2024-05-27T00:24:07.623+0000 7f1a42a00700 1 --2- >> [v2:172.21.15.44:3300/0,v1:172.21.15.44:6789/0] conn(0x7f1a44108be0 0x7f1a4419e240 unknown :-1 s=HELLO_CONNECTING pgs=0 cs=0 l=1 rev1=1 crypto rx=0 tx=0 comp rx=0 tx=0).handle_hello peer v2:172.21.15.44:3300/0 says I am v2:172.21.15.44:51748/0 (socket says 172.21.15.44:51748)
2024-05-27T00:24:09.073 INFO:teuthology.orchestra.run.smithi044.stdout:/usr/bin/ceph: stderr
2024-05-27T00:24:07.623+0000 7f1a42a00700 1 -- 172.21.15.44:0/3725263037 learned_addr learned my addr 172.21.15.44:0/3725263037 (peer_addr_for_me v2:172.21.15.44:0/0)
2024-05-27T00:24:09.073 INFO:teuthology.orchestra.run.smithi044.stdout:/usr/bin/ceph: stderr
2024-05-27T00:24:07.624+0000 7f1a42a00700 1 -- 172.21.15.44:0/3725263037 --> [v2:172.21.15.44:3300/0,v1:172.21.15.44:6789/0] -- mon_subscribe({config=0+,monmap=0+}) -- 0x7f1a4419e780 con 0x7f1a44108be0
2024-05-27T00:24:09.073 INFO:teuthology.orchestra.run.smithi044.stdout:/usr/bin/ceph: stderr
2024-05-27T00:24:07.624+0000 7f1a42a00700 1 --2- 172.21.15.44:0/3725263037 >> [v2:172.21.15.44:3300/0,v1:172.21.15.44:6789/0] conn(0x7f1a44108be0 0x7f1a4419e240 secure :-1 s=READY pgs=54 cs=0 l=1 rev1=1 crypto rx=0x7f1a34000c00 tx=0x7f1a34011ca0 comp rx=0 tx=0).ready entity=mon.0 client_cookie=0 server_cookie=0 in_seq=0 out_seq=0
2024-05-27T00:24:09.073 INFO:teuthology.orchestra.run.smithi044.stdout:/usr/bin/ceph: stderr
2024-05-27T00:24:07.624+0000 7f1a3b400700 1 -- 172.21.15.44:0/3725263037 <== mon.0 v2:172.21.15.44:3300/0 1 ==== mon_map magic: 0 ==== 205+0+0 (secure 0 0 0) 0x7f1a34011e60 con 0x7f1a44108be0
2024-05-27T00:24:09.074 INFO:teuthology.orchestra.run.smithi044.stdout:/usr/bin/ceph: stderr
2024-05-27T00:24:07.624+0000 7f1a3b400700 1 -- 172.21.15.44:0/3725263037 <== mon.0 v2:172.21.15.44:3300/0 2 ==== config(28 keys) ==== 1174+0+0 (secure 0 0 0) 0x7f1a34003b20 con 0x7f1a44108be0
2024-05-27T00:24:09.074 INFO:teuthology.orchestra.run.smithi044.stdout:/usr/bin/ceph: stderr
2024-05-27T00:24:07.625+0000 7f1a49a00700 1 -- 172.21.15.44:0/3725263037 --> [v2:172.21.15.44:3300/0,v1:172.21.15.44:6789/0] -- mon_subscribe({mgrmap=0+}) -- 0x7f1a4419ea10 con 0x7f1a44108be0
2024-05-27T00:24:09.074 INFO:teuthology.orchestra.run.smithi044.stdout:/usr/bin/ceph: stderr
2024-05-27T00:24:07.625+0000 7f1a3b400700 1 -- 172.21.15.44:0/3725263037 <== mon.0 v2:172.21.15.44:3300/0 3 ==== mon_map magic: 0 ==== 205+0+0 (secure 0 0 0) 0x7f1a340247a0 con 0x7f1a44108be0
2024-05-27T00:24:09.074 INFO:teuthology.orchestra.run.smithi044.stdout:/usr/bin/ceph: stderr
2024-05-27T00:24:07.625+0000 7f1a49a00700 1 -- 172.21.15.44:0/3725263037 --> [v2:172.21.15.44:3300/0,v1:172.21.15.44:6789/0] -- mon_subscribe({osdmap=0}) -- 0x7f1a4419ee70 con 0x7f1a44108be0
2024-05-27T00:24:09.074 INFO:teuthology.orchestra.run.smithi044.stdout:/usr/bin/ceph: stderr
2024-05-27T00:24:07.626+0000 7f1a49a00700 1 -- 172.21.15.44:0/3725263037 --> [v2:172.21.15.44:3300/0,v1:172.21.15.44:6789/0] -- mon_command({"prefix": "get_command_descriptions"} v 0) -- 0x7f1a44063af0 con 0x7f1a44108be0
2024-05-27T00:24:09.074 INFO:teuthology.orchestra.run.smithi044.stdout:/usr/bin/ceph: stderr
2024-05-27T00:24:07.627+0000 7f1a3b400700 1 -- 172.21.15.44:0/3725263037 <== mon.0 v2:172.21.15.44:3300/0 4 ==== mgrmap(e 8) ==== 46287+0+0 (secure 0 0 0) 0x7f1a34022020 con 0x7f1a44108be0
2024-05-27T00:24:09.074 INFO:teuthology.orchestra.run.smithi044.stdout:/usr/bin/ceph: stderr
2024-05-27T00:24:07.627+0000 7f1a3b400700 1 --2- 172.21.15.44:0/3725263037 >> [v2:172.21.15.44:6800/3059550402,v1:172.21.15.44:6801/3059550402] conn(0x7f1a28039050 0x7f1a2803b510 unknown :-1 s=NONE pgs=0 cs=0 l=1 rev1=0 crypto rx=0 tx=0 comp rx=0 tx=0).connect
2024-05-27T00:24:09.074 INFO:teuthology.orchestra.run.smithi044.stdout:/usr/bin/ceph: stderr
2024-05-27T00:24:07.627+0000 7f1a3b400700 1 -- 172.21.15.44:0/3725263037 <== mon.0 v2:172.21.15.44:3300/0 5 ==== osd_map(2..2 src has 1..2) ==== 940+0+0 (secure 0 0 0) 0x7f1a3404d0e0 con 0x7f1a44108be0
2024-05-27T00:24:09.074 INFO:teuthology.orchestra.run.smithi044.stdout:/usr/bin/ceph: stderr
2024-05-27T00:24:07.627+0000 7f1a42000700 1 --2- 172.21.15.44:0/3725263037 >> [v2:172.21.15.44:6800/3059550402,v1:172.21.15.44:6801/3059550402] conn(0x7f1a28039050 0x7f1a2803b510 unknown :-1 s=BANNER_CONNECTING pgs=0 cs=0 l=1 rev1=0 crypto rx=0 tx=0 comp rx=0 tx=0)._handle_peer_banner_payload supported=3 required=0
2024-05-27T00:24:09.074 INFO:teuthology.orchestra.run.smithi044.stdout:/usr/bin/ceph: stderr
2024-05-27T00:24:07.628+0000 7f1a42000700 1 --2- 172.21.15.44:0/3725263037 >> [v2:172.21.15.44:6800/3059550402,v1:172.21.15.44:6801/3059550402] conn(0x7f1a28039050 0x7f1a2803b510 secure :-1 s=READY pgs=15 cs=0 l=1 rev1=1 crypto rx=0x7f1a30006fd0 tx=0x7f1a30006e40 comp rx=0 tx=0).ready entity=mgr.14120 client_cookie=0 server_cookie=0 in_seq=0 out_seq=0
2024-05-27T00:24:09.074 INFO:teuthology.orchestra.run.smithi044.stdout:/usr/bin/ceph: stderr
2024-05-27T00:24:07.633+0000 7f1a3b400700 1 -- 172.21.15.44:0/3725263037 <== mon.0 v2:172.21.15.44:3300/0 6 ==== mon_command_ack([{"prefix": "get_command_descriptions"}]=0 v0) ==== 72+0+186418 (secure 0 0 0) 0x7f1a3400b3e0 con 0x7f1a44108be0
2024-05-27T00:24:09.074 INFO:teuthology.orchestra.run.smithi044.stdout:/usr/bin/ceph: stderr
2024-05-27T00:24:07.893+0000 7f1a49a00700 1 -- 172.21.15.44:0/3725263037 --> [v2:172.21.15.44:3300/0,v1:172.21.15.44:6789/0] -- mon_command([{prefix=config set, name=mgr/dashboard/ssl_server_port}] v 0) -- 0x7f1a441a1900 con 0x7f1a44108be0
2024-05-27T00:24:09.075 INFO:teuthology.orchestra.run.smithi044.stdout:/usr/bin/ceph: stderr
2024-05-27T00:24:07.898+0000 7f1a3b400700 1 -- 172.21.15.44:0/3725263037 <== mon.0 v2:172.21.15.44:3300/0 7 ==== mon_command_ack([{prefix=config set, name=mgr/dashboard/ssl_server_port}]=0 v8)=0 v8) ==== 130+0+0 (secure 0 0 0) 0x7f1a34016260 con 0x7f1a44108be0
2024-05-27T00:24:09.075 INFO:teuthology.orchestra.run.smithi044.stdout:/usr/bin/ceph: stderr
2024-05-27T00:24:07.902+0000 7f1a49a00700 1 -- 172.21.15.44:0/3725263037 >> [v2:172.21.15.44:6800/3059550402,v1:172.21.15.44:6801/3059550402] conn(0x7f1a28039050 msgr2=0x7f1a2803b510 secure :-1 s=STATE_CONNECTION_ESTABLISHED l=1).mark_down
2024-05-27T00:24:09.075 INFO:teuthology.orchestra.run.smithi044.stdout:/usr/bin/ceph: stderr
2024-05-27T00:24:07.902+0000 7f1a49a00700 1 --2- 172.21.15.44:0/3725263037 >> [v2:172.21.15.44:6800/3059550402,v1:172.21.15.44:6801/3059550402] conn(0x7f1a28039050 0x7f1a2803b510 secure :-1 s=READY pgs=15 cs=0 l=1 rev1=1 crypto rx=0x7f1a30006fd0 tx=0x7f1a30006e40 comp rx=0 tx=0).stop
2024-05-27T00:24:09.075 INFO:teuthology.orchestra.run.smithi044.stdout:/usr/bin/ceph: stderr
2024-05-27T00:24:07.902+0000 7f1a49a00700 1 -- 172.21.15.44:0/3725263037 >> [v2:172.21.15.44:3300/0,v1:172.21.15.44:6789/0] conn(0x7f1a44108be0 msgr2=0x7f1a4419e240 secure :-1 s=STATE_CONNECTION_ESTABLISHED l=1).mark_down
2024-05-27T00:24:09.075 INFO:teuthology.orchestra.run.smithi044.stdout:/usr/bin/ceph: stderr
2024-05-27T00:24:07.902+0000 7f1a49a00700 1 --2- 172.21.15.44:0/3725263037 >> [v2:172.21.15.44:3300/0,v1:172.21.15.44:6789/0] conn(0x7f1a44108be0 0x7f1a4419e240 secure :-1 s=READY pgs=54 cs=0 l=1 rev1=1 crypto rx=0x7f1a34000c00 tx=0x7f1a34011ca0 comp rx=0 tx=0).stop
2024-05-27T00:24:09.075 INFO:teuthology.orchestra.run.smithi044.stdout:/usr/bin/ceph: stderr
2024-05-27T00:24:07.902+0000 7f1a49a00700 1 -- 172.21.15.44:0/3725263037 shutdown_connections
2024-05-27T00:24:09.075 INFO:teuthology.orchestra.run.smithi044.stdout:/usr/bin/ceph: stderr
2024-05-27T00:24:07.902+0000 7f1a49a00700 1 --2- 172.21.15.44:0/3725263037 >> [v2:172.21.15.44:6800/3059550402,v1:172.21.15.44:6801/3059550402] conn(0x7f1a28039050 0x7f1a2803b510 unknown :-1 s=CLOSED pgs=15 cs=0 l=1 rev1=1 crypto rx=0 tx=0 comp rx=0 tx=0).stop
2024-05-27T00:24:09.075 INFO:teuthology.orchestra.run.smithi044.stdout:/usr/bin/ceph: stderr
2024-05-27T00:24:07.902+0000 7f1a49a00700 1 --2- 172.21.15.44:0/3725263037 >> [v2:172.21.15.44:3300/0,v1:172.21.15.44:6789/0] conn(0x7f1a44108be0 0x7f1a4419e240 unknown :-1 s=CLOSED pgs=54 cs=0 l=1 rev1=1 crypto rx=0 tx=0 comp rx=0 tx=0).stop
2024-05-27T00:24:09.075 INFO:teuthology.orchestra.run.smithi044.stdout:/usr/bin/ceph: stderr
2024-05-27T00:24:07.902+0000 7f1a49a00700 1 -- 172.21.15.44:0/3725263037 >> 172.21.15.44:0/3725263037 conn(0x7f1a441025b0 msgr2=0x7f1a44102f70 unknown :-1 s=STATE_NONE l=0).mark_down
2024-05-27T00:24:09.075 INFO:teuthology.orchestra.run.smithi044.stdout:/usr/bin/ceph: stderr
2024-05-27T00:24:07.903+0000 7f1a49a00700 1 -- 172.21.15.44:0/3725263037 shutdown_connections
2024-05-27T00:24:09.075 INFO:teuthology.orchestra.run.smithi044.stdout:/usr/bin/ceph: stderr
2024-05-27T00:24:07.903+0000 7f1a49a00700 1 -- 172.21.15.44:0/3725263037 wait complete.
2024-05-27T00:24:09.075 INFO:teuthology.orchestra.run.smithi044.stdout:Enabling the dashboard module...
2024-05-27T00:24:11.239 INFO:journalctl@ceph.mgr.x.smithi044.stdout:May 27 00:24:11 smithi044 ceph-1fe53dce-1bbf-11ef-bc9b-c7b262605968-mgr-x[31881]: ignoring --setuser ceph since I am not root
2024-05-27T00:24:11.239 INFO:journalctl@ceph.mgr.x.smithi044.stdout:May 27 00:24:11 smithi044 ceph-1fe53dce-1bbf-11ef-bc9b-c7b262605968-mgr-x[31881]: ignoring --setgroup ceph since I am not root
2024-05-27T00:24:11.240 INFO:journalctl@ceph.mgr.x.smithi044.stdout:May 27 00:24:11 smithi044 ceph-1fe53dce-1bbf-11ef-bc9b-c7b262605968-mgr-x[31881]:
2024-05-27T00:24:11.237+0000 7f53d0918200 -1 mgr[py] Module balancer has missing NOTIFY_TYPES member
2024-05-27T00:24:11.240 INFO:journalctl@ceph.mon.a.smithi044.stdout:May 27 00:24:10 smithi044 ceph-mon[31645]: pgmap v5: 0 pgs: ; 0 B data, 0 B used, 0 B / 0 B avail
2024-05-27T00:24:11.240 INFO:journalctl@ceph.mon.a.smithi044.stdout:May 27 00:24:10 smithi044 ceph-mon[31645]: from='client.? 172.21.15.44:0/2045009014' entity='client.admin' cmd=[{"prefix": "mgr module enable", "module": "dashboard"}]: dispatch
2024-05-27T00:24:11.600 INFO:teuthology.orchestra.run.smithi044.stdout:/usr/bin/ceph: stderr
2024-05-27T00:24:09.679+0000 7ff0e4a00700 1 Processor -- start
2024-05-27T00:24:11.600 INFO:teuthology.orchestra.run.smithi044.stdout:/usr/bin/ceph: stderr
2024-05-27T00:24:09.679+0000 7ff0e4a00700 1 -- start start
2024-05-27T00:24:11.600 INFO:teuthology.orchestra.run.smithi044.stdout:/usr/bin/ceph: stderr
2024-05-27T00:24:09.680+0000 7ff0e4a00700 1 --2- >> [v2:172.21.15.44:3300/0,v1:172.21.15.44:6789/0] conn(0x7ff0e010a150 0x7ff0e010a570 unknown :-1 s=NONE pgs=0 cs=0 l=0 rev1=0 crypto rx=0 tx=0 comp rx=0 tx=0).connect
2024-05-27T00:24:11.600 INFO:teuthology.orchestra.run.smithi044.stdout:/usr/bin/ceph: stderr
2024-05-27T00:24:09.680+0000 7ff0e4a00700 1 -- --> [v2:172.21.15.44:3300/0,v1:172.21.15.44:6789/0] -- mon_getmap magic: 0 -- 0x7ff0e010ab40 con 0x7ff0e010a150
2024-05-27T00:24:11.600 INFO:teuthology.orchestra.run.smithi044.stdout:/usr/bin/ceph: stderr
2024-05-27T00:24:09.680+0000 7ff0de800700 1 --2- >> [v2:172.21.15.44:3300/0,v1:172.21.15.44:6789/0] conn(0x7ff0e010a150 0x7ff0e010a570 unknown :-1 s=BANNER_CONNECTING pgs=0 cs=0 l=0 rev1=0 crypto rx=0 tx=0 comp rx=0 tx=0)._handle_peer_banner_payload supported=3 required=0
2024-05-27T00:24:11.600 INFO:teuthology.orchestra.run.smithi044.stdout:/usr/bin/ceph: stderr
2024-05-27T00:24:09.680+0000 7ff0de800700 1 --2- >> [v2:172.21.15.44:3300/0,v1:172.21.15.44:6789/0] conn(0x7ff0e010a150 0x7ff0e010a570 unknown :-1 s=HELLO_CONNECTING pgs=0 cs=0 l=0 rev1=1 crypto rx=0 tx=0 comp rx=0 tx=0).handle_hello peer v2:172.21.15.44:3300/0 says I am v2:172.21.15.44:51754/0 (socket says 172.21.15.44:51754)
2024-05-27T00:24:11.600 INFO:teuthology.orchestra.run.smithi044.stdout:/usr/bin/ceph: stderr
2024-05-27T00:24:09.680+0000 7ff0de800700 1 -- 172.21.15.44:0/1181562095 learned_addr learned my addr 172.21.15.44:0/1181562095 (peer_addr_for_me v2:172.21.15.44:0/0)
2024-05-27T00:24:11.600 INFO:teuthology.orchestra.run.smithi044.stdout:/usr/bin/ceph: stderr
2024-05-27T00:24:09.681+0000 7ff0de800700 1 -- 172.21.15.44:0/1181562095 --> [v2:172.21.15.44:3300/0,v1:172.21.15.44:6789/0] -- mon_subscribe({config=0+,monmap=0+}) -- 0x7ff0e010b300 con 0x7ff0e010a150
2024-05-27T00:24:11.600 INFO:teuthology.orchestra.run.smithi044.stdout:/usr/bin/ceph: stderr
2024-05-27T00:24:09.681+0000 7ff0de800700 1 --2- 172.21.15.44:0/1181562095 >> [v2:172.21.15.44:3300/0,v1:172.21.15.44:6789/0] conn(0x7ff0e010a150 0x7ff0e010a570 secure :-1 s=READY pgs=55 cs=0 l=1 rev1=1 crypto rx=0x7ff0d00098a0 tx=0x7ff0d0009bb0 comp rx=0 tx=0).ready entity=mon.0 client_cookie=134d2fd213c89e27 server_cookie=0 in_seq=0 out_seq=0
2024-05-27T00:24:11.601 INFO:teuthology.orchestra.run.smithi044.stdout:/usr/bin/ceph: stderr
2024-05-27T00:24:09.681+0000 7ff0dd400700 1 -- 172.21.15.44:0/1181562095 <== mon.0 v2:172.21.15.44:3300/0 1 ==== mon_map magic: 0 ==== 205+0+0 (secure 0 0 0) 0x7ff0d0004160 con 0x7ff0e010a150
2024-05-27T00:24:11.601 INFO:teuthology.orchestra.run.smithi044.stdout:/usr/bin/ceph: stderr
2024-05-27T00:24:09.681+0000 7ff0dd400700 1 -- 172.21.15.44:0/1181562095 <== mon.0 v2:172.21.15.44:3300/0 2 ==== config(28 keys) ==== 1174+0+0 (secure 0 0 0) 0x7ff0d0004300 con 0x7ff0e010a150
2024-05-27T00:24:11.601 INFO:teuthology.orchestra.run.smithi044.stdout:/usr/bin/ceph: stderr
2024-05-27T00:24:09.681+0000 7ff0dd400700 1 -- 172.21.15.44:0/1181562095 <== mon.0 v2:172.21.15.44:3300/0 3 ==== mon_map magic: 0 ==== 205+0+0 (secure 0 0 0) 0x7ff0d0011bb0 con 0x7ff0e010a150
2024-05-27T00:24:11.601 INFO:teuthology.orchestra.run.smithi044.stdout:/usr/bin/ceph: stderr
2024-05-27T00:24:09.682+0000 7ff0e4a00700 1 -- 172.21.15.44:0/1181562095 >> [v2:172.21.15.44:3300/0,v1:172.21.15.44:6789/0] conn(0x7ff0e010a150 msgr2=0x7ff0e010a570 secure :-1 s=STATE_CONNECTION_ESTABLISHED l=1).mark_down
2024-05-27T00:24:11.601 INFO:teuthology.orchestra.run.smithi044.stdout:/usr/bin/ceph: stderr
2024-05-27T00:24:09.682+0000 7ff0e4a00700 1 --2- 172.21.15.44:0/1181562095 >> [v2:172.21.15.44:3300/0,v1:172.21.15.44:6789/0] conn(0x7ff0e010a150 0x7ff0e010a570 secure :-1 s=READY pgs=55 cs=0 l=1 rev1=1 crypto rx=0x7ff0d00098a0 tx=0x7ff0d0009bb0 comp rx=0 tx=0).stop
2024-05-27T00:24:11.601 INFO:teuthology.orchestra.run.smithi044.stdout:/usr/bin/ceph: stderr
2024-05-27T00:24:09.682+0000 7ff0e4a00700 1 -- 172.21.15.44:0/1181562095 shutdown_connections
2024-05-27T00:24:11.601 INFO:teuthology.orchestra.run.smithi044.stdout:/usr/bin/ceph: stderr
2024-05-27T00:24:09.682+0000 7ff0e4a00700 1 --2- 172.21.15.44:0/1181562095 >> [v2:172.21.15.44:3300/0,v1:172.21.15.44:6789/0] conn(0x7ff0e010a150 0x7ff0e010a570 unknown :-1 s=CLOSED pgs=55 cs=0 l=1 rev1=1 crypto rx=0 tx=0 comp rx=0 tx=0).stop
2024-05-27T00:24:11.601 INFO:teuthology.orchestra.run.smithi044.stdout:/usr/bin/ceph: stderr
2024-05-27T00:24:09.682+0000 7ff0e4a00700 1 -- 172.21.15.44:0/1181562095 >> 172.21.15.44:0/1181562095 conn(0x7ff0e007d680 msgr2=0x7ff0e007da90 unknown :-1 s=STATE_NONE l=0).mark_down
2024-05-27T00:24:11.601 INFO:teuthology.orchestra.run.smithi044.stdout:/usr/bin/ceph: stderr
2024-05-27T00:24:09.682+0000 7ff0e4a00700 1 -- 172.21.15.44:0/1181562095 shutdown_connections
2024-05-27T00:24:11.601 INFO:teuthology.orchestra.run.smithi044.stdout:/usr/bin/ceph: stderr
2024-05-27T00:24:09.682+0000 7ff0e4a00700 1 -- 172.21.15.44:0/1181562095 wait complete.
2024-05-27T00:24:11.601 INFO:teuthology.orchestra.run.smithi044.stdout:/usr/bin/ceph: stderr
2024-05-27T00:24:09.683+0000 7ff0e4a00700 1 Processor -- start
2024-05-27T00:24:11.601 INFO:teuthology.orchestra.run.smithi044.stdout:/usr/bin/ceph: stderr
2024-05-27T00:24:09.683+0000 7ff0e4a00700 1 -- start start
2024-05-27T00:24:11.602 INFO:teuthology.orchestra.run.smithi044.stdout:/usr/bin/ceph: stderr
2024-05-27T00:24:09.684+0000 7ff0e4a00700 1 --2- >> [v2:172.21.15.44:3300/0,v1:172.21.15.44:6789/0] conn(0x7ff0e010a150 0x7ff0e019e100 unknown :-1 s=NONE pgs=0 cs=0 l=1 rev1=0 crypto rx=0 tx=0 comp rx=0 tx=0).connect
2024-05-27T00:24:11.602 INFO:teuthology.orchestra.run.smithi044.stdout:/usr/bin/ceph: stderr
2024-05-27T00:24:09.684+0000 7ff0e4a00700 1 -- --> [v2:172.21.15.44:3300/0,v1:172.21.15.44:6789/0] -- mon_getmap magic: 0 -- 0x7ff0e010e6b0 con 0x7ff0e010a150
2024-05-27T00:24:11.602 INFO:teuthology.orchestra.run.smithi044.stdout:/usr/bin/ceph: stderr
2024-05-27T00:24:09.684+0000 7ff0de800700 1 --2- >> [v2:172.21.15.44:3300/0,v1:172.21.15.44:6789/0] conn(0x7ff0e010a150 0x7ff0e019e100 unknown :-1 s=BANNER_CONNECTING pgs=0 cs=0 l=1 rev1=0 crypto rx=0 tx=0 comp rx=0 tx=0)._handle_peer_banner_payload supported=3 required=0
2024-05-27T00:24:11.602 INFO:teuthology.orchestra.run.smithi044.stdout:/usr/bin/ceph: stderr
2024-05-27T00:24:09.684+0000 7ff0de800700 1 --2- >> [v2:172.21.15.44:3300/0,v1:172.21.15.44:6789/0] conn(0x7ff0e010a150 0x7ff0e019e100 unknown :-1 s=HELLO_CONNECTING pgs=0 cs=0 l=1 rev1=1 crypto rx=0 tx=0 comp rx=0 tx=0).handle_hello peer v2:172.21.15.44:3300/0 says I am v2:172.21.15.44:51762/0 (socket says 172.21.15.44:51762)
2024-05-27T00:24:11.602 INFO:teuthology.orchestra.run.smithi044.stdout:/usr/bin/ceph: stderr
2024-05-27T00:24:09.684+0000 7ff0de800700 1 -- 172.21.15.44:0/2045009014 learned_addr learned my addr 172.21.15.44:0/2045009014 (peer_addr_for_me v2:172.21.15.44:0/0)
2024-05-27T00:24:11.602 INFO:teuthology.orchestra.run.smithi044.stdout:/usr/bin/ceph: stderr
2024-05-27T00:24:09.684+0000 7ff0de800700 1 -- 172.21.15.44:0/2045009014 --> [v2:172.21.15.44:3300/0,v1:172.21.15.44:6789/0] -- mon_subscribe({config=0+,monmap=0+}) -- 0x7ff0e019e640 con 0x7ff0e010a150
2024-05-27T00:24:11.602 INFO:teuthology.orchestra.run.smithi044.stdout:/usr/bin/ceph: stderr
2024-05-27T00:24:09.685+0000 7ff0de800700 1 --2- 172.21.15.44:0/2045009014 >> [v2:172.21.15.44:3300/0,v1:172.21.15.44:6789/0] conn(0x7ff0e010a150 0x7ff0e019e100 secure :-1 s=READY pgs=56 cs=0 l=1 rev1=1 crypto rx=0x7ff0d0009520 tx=0x7ff0d0011c30 comp rx=0 tx=0).ready entity=mon.0 client_cookie=0 server_cookie=0 in_seq=0 out_seq=0
2024-05-27T00:24:11.605 INFO:teuthology.orchestra.run.smithi044.stdout:/usr/bin/ceph: stderr
2024-05-27T00:24:09.685+0000 7ff0d7400700 1 -- 172.21.15.44:0/2045009014 <== mon.0 v2:172.21.15.44:3300/0 1 ==== mon_map magic: 0 ==== 205+0+0 (secure 0 0 0) 0x7ff0d0011e60 con 0x7ff0e010a150
2024-05-27T00:24:11.605 INFO:teuthology.orchestra.run.smithi044.stdout:/usr/bin/ceph: stderr
2024-05-27T00:24:09.685+0000 7ff0d7400700 1 -- 172.21.15.44:0/2045009014 <== mon.0 v2:172.21.15.44:3300/0 2 ==== config(28 keys) ==== 1174+0+0 (secure 0 0 0) 0x7ff0d00039c0 con 0x7ff0e010a150
2024-05-27T00:24:11.605 INFO:teuthology.orchestra.run.smithi044.stdout:/usr/bin/ceph: stderr
2024-05-27T00:24:09.685+0000 7ff0d7400700 1 -- 172.21.15.44:0/2045009014 <== mon.0 v2:172.21.15.44:3300/0 3 ==== mon_map magic: 0 ==== 205+0+0 (secure 0 0 0) 0x7ff0d001a5a0 con 0x7ff0e010a150
2024-05-27T00:24:11.605 INFO:teuthology.orchestra.run.smithi044.stdout:/usr/bin/ceph: stderr
2024-05-27T00:24:09.685+0000 7ff0e4a00700 1 -- 172.21.15.44:0/2045009014 --> [v2:172.21.15.44:3300/0,v1:172.21.15.44:6789/0] -- mon_subscribe({mgrmap=0+}) -- 0x7ff0e019e8d0 con 0x7ff0e010a150
2024-05-27T00:24:11.605 INFO:teuthology.orchestra.run.smithi044.stdout:/usr/bin/ceph: stderr
2024-05-27T00:24:09.685+0000 7ff0e4a00700 1 -- 172.21.15.44:0/2045009014 --> [v2:172.21.15.44:3300/0,v1:172.21.15.44:6789/0] -- mon_subscribe({osdmap=0}) -- 0x7ff0e019ed30 con 0x7ff0e010a150
2024-05-27T00:24:11.605 INFO:teuthology.orchestra.run.smithi044.stdout:/usr/bin/ceph: stderr
2024-05-27T00:24:09.686+0000 7ff0d7400700 1 -- 172.21.15.44:0/2045009014 <== mon.0 v2:172.21.15.44:3300/0 4 ==== mgrmap(e 8) ==== 46287+0+0 (secure 0 0 0) 0x7ff0d0024440 con 0x7ff0e010a150
2024-05-27T00:24:11.605 INFO:teuthology.orchestra.run.smithi044.stdout:/usr/bin/ceph: stderr
2024-05-27T00:24:09.686+0000 7ff0e4a00700 1 -- 172.21.15.44:0/2045009014 --> [v2:172.21.15.44:3300/0,v1:172.21.15.44:6789/0] -- mon_command({"prefix": "get_command_descriptions"} v 0) -- 0x7ff0e0063af0 con 0x7ff0e010a150
2024-05-27T00:24:11.605 INFO:teuthology.orchestra.run.smithi044.stdout:/usr/bin/ceph: stderr
2024-05-27T00:24:09.687+0000 7ff0d7400700 1 --2- 172.21.15.44:0/2045009014 >> [v2:172.21.15.44:6800/3059550402,v1:172.21.15.44:6801/3059550402] conn(0x7ff0c40390a0 0x7ff0c403b560 unknown :-1 s=NONE pgs=0 cs=0 l=1 rev1=0 crypto rx=0 tx=0 comp rx=0 tx=0).connect
2024-05-27T00:24:11.606 INFO:teuthology.orchestra.run.smithi044.stdout:/usr/bin/ceph: stderr
2024-05-27T00:24:09.687+0000 7ff0d7400700 1 -- 172.21.15.44:0/2045009014 <== mon.0 v2:172.21.15.44:3300/0 5 ==== osd_map(2..2 src has 1..2) ==== 940+0+0 (secure 0 0 0) 0x7ff0d004d180 con 0x7ff0e010a150
2024-05-27T00:24:11.606 INFO:teuthology.orchestra.run.smithi044.stdout:/usr/bin/ceph: stderr
2024-05-27T00:24:09.687+0000 7ff0dde00700 1 --2- 172.21.15.44:0/2045009014 >> [v2:172.21.15.44:6800/3059550402,v1:172.21.15.44:6801/3059550402] conn(0x7ff0c40390a0 0x7ff0c403b560 unknown :-1 s=BANNER_CONNECTING pgs=0 cs=0 l=1 rev1=0 crypto rx=0 tx=0 comp rx=0 tx=0)._handle_peer_banner_payload supported=3 required=0
2024-05-27T00:24:11.606 INFO:teuthology.orchestra.run.smithi044.stdout:/usr/bin/ceph: stderr
2024-05-27T00:24:09.688+0000 7ff0dde00700 1 --2- 172.21.15.44:0/2045009014 >> [v2:172.21.15.44:6800/3059550402,v1:172.21.15.44:6801/3059550402] conn(0x7ff0c40390a0 0x7ff0c403b560 secure :-1 s=READY pgs=16 cs=0 l=1 rev1=1 crypto rx=0x7ff0cc006fd0 tx=0x7ff0cc006e40 comp rx=0 tx=0).ready entity=mgr.14120 client_cookie=0 server_cookie=0 in_seq=0 out_seq=0
2024-05-27T00:24:11.606 INFO:teuthology.orchestra.run.smithi044.stdout:/usr/bin/ceph: stderr
2024-05-27T00:24:09.693+0000 7ff0d7400700 1 -- 172.21.15.44:0/2045009014 <== mon.0 v2:172.21.15.44:3300/0 6 ==== mon_command_ack([{"prefix": "get_command_descriptions"}]=0 v0) ==== 72+0+186418 (secure 0 0 0) 0x7ff0d0003c20 con 0x7ff0e010a150
2024-05-27T00:24:11.606 INFO:teuthology.orchestra.run.smithi044.stdout:/usr/bin/ceph: stderr
2024-05-27T00:24:09.989+0000 7ff0e4a00700 1 -- 172.21.15.44:0/2045009014 --> [v2:172.21.15.44:3300/0,v1:172.21.15.44:6789/0] -- mon_command({"prefix": "mgr module enable", "module": "dashboard"} v 0) -- 0x7ff0e01a1700 con 0x7ff0e010a150
2024-05-27T00:24:11.606 INFO:teuthology.orchestra.run.smithi044.stdout:/usr/bin/ceph: stderr
2024-05-27T00:24:10.914+0000 7ff0d7400700 1 -- 172.21.15.44:0/2045009014 <== mon.0 v2:172.21.15.44:3300/0 7 ==== mon_command_ack([{"prefix": "mgr module enable", "module": "dashboard"}]=0 v9) ==== 88+0+0 (secure 0 0 0) 0x7ff0d00042c0 con 0x7ff0e010a150
2024-05-27T00:24:11.606 INFO:teuthology.orchestra.run.smithi044.stdout:/usr/bin/ceph: stderr
2024-05-27T00:24:10.917+0000 7ff0d7400700 1 -- 172.21.15.44:0/2045009014 <== mon.0 v2:172.21.15.44:3300/0 8 ==== mgrmap(e 9) ==== 46300+0+0 (secure 0 0 0) 0x7ff0d002d3f0 con 0x7ff0e010a150
2024-05-27T00:24:11.606 INFO:teuthology.orchestra.run.smithi044.stdout:/usr/bin/ceph: stderr
2024-05-27T00:24:10.919+0000 7ff0e4a00700 1 -- 172.21.15.44:0/2045009014 >> [v2:172.21.15.44:6800/3059550402,v1:172.21.15.44:6801/3059550402] conn(0x7ff0c40390a0 msgr2=0x7ff0c403b560 secure :-1 s=STATE_CONNECTION_ESTABLISHED l=1).mark_down
2024-05-27T00:24:11.606 INFO:teuthology.orchestra.run.smithi044.stdout:/usr/bin/ceph: stderr
2024-05-27T00:24:10.919+0000 7ff0e4a00700 1 --2- 172.21.15.44:0/2045009014 >> [v2:172.21.15.44:6800/3059550402,v1:172.21.15.44:6801/3059550402] conn(0x7ff0c40390a0 0x7ff0c403b560 secure :-1 s=READY pgs=16 cs=0 l=1 rev1=1 crypto rx=0x7ff0cc006fd0 tx=0x7ff0cc006e40 comp rx=0 tx=0).stop
2024-05-27T00:24:11.606 INFO:teuthology.orchestra.run.smithi044.stdout:/usr/bin/ceph: stderr
2024-05-27T00:24:10.919+0000 7ff0e4a00700 1 -- 172.21.15.44:0/2045009014 >> [v2:172.21.15.44:3300/0,v1:172.21.15.44:6789/0] conn(0x7ff0e010a150 msgr2=0x7ff0e019e100 secure :-1 s=STATE_CONNECTION_ESTABLISHED l=1).mark_down
2024-05-27T00:24:11.606 INFO:teuthology.orchestra.run.smithi044.stdout:/usr/bin/ceph: stderr
2024-05-27T00:24:10.919+0000 7ff0e4a00700 1 --2- 172.21.15.44:0/2045009014 >> [v2:172.21.15.44:3300/0,v1:172.21.15.44:6789/0] conn(0x7ff0e010a150 0x7ff0e019e100 secure :-1 s=READY pgs=56 cs=0 l=1 rev1=1 crypto rx=0x7ff0d0009520 tx=0x7ff0d0011c30 comp rx=0 tx=0).stop
2024-05-27T00:24:11.606 INFO:teuthology.orchestra.run.smithi044.stdout:/usr/bin/ceph: stderr
2024-05-27T00:24:10.919+0000 7ff0e4a00700 1 -- 172.21.15.44:0/2045009014 shutdown_connections
2024-05-27T00:24:11.606 INFO:teuthology.orchestra.run.smithi044.stdout:/usr/bin/ceph: stderr
2024-05-27T00:24:10.919+0000 7ff0e4a00700 1 --2- 172.21.15.44:0/2045009014 >> [v2:172.21.15.44:6800/3059550402,v1:172.21.15.44:6801/3059550402] conn(0x7ff0c40390a0 0x7ff0c403b560 unknown :-1 s=CLOSED pgs=16 cs=0 l=1 rev1=1 crypto rx=0 tx=0 comp rx=0 tx=0).stop
2024-05-27T00:24:11.607 INFO:teuthology.orchestra.run.smithi044.stdout:/usr/bin/ceph: stderr
2024-05-27T00:24:10.919+0000 7ff0e4a00700 1 --2- 172.21.15.44:0/2045009014 >> [v2:172.21.15.44:3300/0,v1:172.21.15.44:6789/0] conn(0x7ff0e010a150 0x7ff0e019e100 unknown :-1 s=CLOSED pgs=56 cs=0 l=1 rev1=1 crypto rx=0 tx=0 comp rx=0 tx=0).stop
2024-05-27T00:24:11.607 INFO:teuthology.orchestra.run.smithi044.stdout:/usr/bin/ceph: stderr
2024-05-27T00:24:10.919+0000 7ff0e4a00700 1 -- 172.21.15.44:0/2045009014 >> 172.21.15.44:0/2045009014 conn(0x7ff0e007d680 msgr2=0x7ff0e0107460 unknown :-1 s=STATE_NONE l=0).mark_down
2024-05-27T00:24:11.607 INFO:teuthology.orchestra.run.smithi044.stdout:/usr/bin/ceph: stderr
2024-05-27T00:24:10.920+0000 7ff0e4a00700 1 -- 172.21.15.44:0/2045009014 shutdown_connections
2024-05-27T00:24:11.607 INFO:teuthology.orchestra.run.smithi044.stdout:/usr/bin/ceph: stderr
2024-05-27T00:24:10.920+0000 7ff0e4a00700 1 -- 172.21.15.44:0/2045009014 wait complete.
2024-05-27T00:24:11.766 INFO:journalctl@ceph.mgr.x.smithi044.stdout:May 27 00:24:11 smithi044 ceph-1fe53dce-1bbf-11ef-bc9b-c7b262605968-mgr-x[31881]:
2024-05-27T00:24:11.487+0000 7f53d0918200 -1 mgr[py] Module orchestrator has missing NOTIFY_TYPES member
2024-05-27T00:24:11.766 INFO:journalctl@ceph.mgr.x.smithi044.stdout:May 27 00:24:11 smithi044 ceph-1fe53dce-1bbf-11ef-bc9b-c7b262605968-mgr-x[31881]:
2024-05-27T00:24:11.630+0000 7f53d0918200 -1 mgr[py] Module snap_schedule has missing NOTIFY_TYPES member
2024-05-27T00:24:12.057 INFO:journalctl@ceph.mon.a.smithi044.stdout:May 27 00:24:11 smithi044 ceph-mon[31645]: from='client.? 172.21.15.44:0/2045009014' entity='client.admin' cmd='[{"prefix": "mgr module enable", "module": "dashboard"}]': finished
2024-05-27T00:24:12.058 INFO:journalctl@ceph.mon.a.smithi044.stdout:May 27 00:24:11 smithi044 ceph-mon[31645]: mgrmap e9: x(active, since 25s)
2024-05-27T00:24:12.361 INFO:journalctl@ceph.mgr.x.smithi044.stdout:May 27 00:24:12 smithi044 ceph-1fe53dce-1bbf-11ef-bc9b-c7b262605968-mgr-x[31881]:
2024-05-27T00:24:12.055+0000 7f53d0918200 -1 mgr[py] Module progress has missing NOTIFY_TYPES member
2024-05-27T00:24:12.361 INFO:journalctl@ceph.mgr.x.smithi044.stdout:May 27 00:24:12 smithi044 ceph-1fe53dce-1bbf-11ef-bc9b-c7b262605968-mgr-x[31881]:
2024-05-27T00:24:12.177+0000 7f53d0918200 -1 mgr[py] Module influx has missing NOTIFY_TYPES member
2024-05-27T00:24:13.050 INFO:journalctl@ceph.mon.a.smithi044.stdout:May 27 00:24:12 smithi044 ceph-mon[31645]: from='client.? 172.21.15.44:0/1740705201' entity='client.admin' cmd=[{"prefix": "mgr stat"}]: dispatch
2024-05-27T00:24:13.065 INFO:teuthology.orchestra.run.smithi044.stdout:/usr/bin/ceph: stdout {
2024-05-27T00:24:13.066 INFO:teuthology.orchestra.run.smithi044.stdout:/usr/bin/ceph: stdout "epoch": 9,
2024-05-27T00:24:13.066 INFO:teuthology.orchestra.run.smithi044.stdout:/usr/bin/ceph: stdout "available": true,
2024-05-27T00:24:13.067 INFO:teuthology.orchestra.run.smithi044.stdout:/usr/bin/ceph: stdout "active_name": "x",
2024-05-27T00:24:13.067 INFO:teuthology.orchestra.run.smithi044.stdout:/usr/bin/ceph: stdout "num_standby": 0
2024-05-27T00:24:13.067 INFO:teuthology.orchestra.run.smithi044.stdout:/usr/bin/ceph: stdout }
2024-05-27T00:24:13.067 INFO:teuthology.orchestra.run.smithi044.stdout:/usr/bin/ceph: stderr
2024-05-27T00:24:12.156+0000 7f7748000700 1 Processor -- start
2024-05-27T00:24:13.068 INFO:teuthology.orchestra.run.smithi044.stdout:/usr/bin/ceph: stderr
2024-05-27T00:24:12.156+0000 7f7748000700 1 -- start start
2024-05-27T00:24:13.068 INFO:teuthology.orchestra.run.smithi044.stdout:/usr/bin/ceph: stderr
2024-05-27T00:24:12.157+0000 7f7748000700 1 --2- >> [v2:172.21.15.44:3300/0,v1:172.21.15.44:6789/0] conn(0x7f774007dd30 0x7f774007c2a0 unknown :-1 s=NONE pgs=0 cs=0 l=0 rev1=0 crypto rx=0 tx=0 comp rx=0 tx=0).connect
2024-05-27T00:24:13.068 INFO:teuthology.orchestra.run.smithi044.stdout:/usr/bin/ceph: stderr
2024-05-27T00:24:12.157+0000 7f7748000700 1 -- --> [v2:172.21.15.44:3300/0,v1:172.21.15.44:6789/0] -- mon_getmap magic: 0 -- 0x7f774007c7e0 con 0x7f774007dd30
2024-05-27T00:24:13.068 INFO:teuthology.orchestra.run.smithi044.stdout:/usr/bin/ceph: stderr
2024-05-27T00:24:12.157+0000 7f7745600700 1 --2- >> [v2:172.21.15.44:3300/0,v1:172.21.15.44:6789/0] conn(0x7f774007dd30 0x7f774007c2a0 unknown :-1 s=BANNER_CONNECTING pgs=0 cs=0 l=0 rev1=0 crypto rx=0 tx=0 comp rx=0 tx=0)._handle_peer_banner_payload supported=3 required=0
2024-05-27T00:24:13.068 INFO:teuthology.orchestra.run.smithi044.stdout:/usr/bin/ceph: stderr
2024-05-27T00:24:12.157+0000 7f7745600700 1 --2- >> [v2:172.21.15.44:3300/0,v1:172.21.15.44:6789/0] conn(0x7f774007dd30 0x7f774007c2a0 unknown :-1 s=HELLO_CONNECTING pgs=0 cs=0 l=0 rev1=1 crypto rx=0 tx=0 comp rx=0 tx=0).handle_hello peer v2:172.21.15.44:3300/0 says I am v2:172.21.15.44:51792/0 (socket says 172.21.15.44:51792)
2024-05-27T00:24:13.068 INFO:teuthology.orchestra.run.smithi044.stdout:/usr/bin/ceph: stderr
2024-05-27T00:24:12.157+0000 7f7745600700 1 -- 172.21.15.44:0/3616760843 learned_addr learned my addr 172.21.15.44:0/3616760843 (peer_addr_for_me v2:172.21.15.44:0/0)
2024-05-27T00:24:13.070 INFO:teuthology.orchestra.run.smithi044.stdout:/usr/bin/ceph: stderr
2024-05-27T00:24:12.158+0000 7f7745600700 1 -- 172.21.15.44:0/3616760843 --> [v2:172.21.15.44:3300/0,v1:172.21.15.44:6789/0] -- mon_subscribe({config=0+,monmap=0+}) -- 0x7f774007c960 con 0x7f774007dd30
2024-05-27T00:24:13.070 INFO:teuthology.orchestra.run.smithi044.stdout:/usr/bin/ceph: stderr
2024-05-27T00:24:12.158+0000 7f7745600700 1 --2- 172.21.15.44:0/3616760843 >> [v2:172.21.15.44:3300/0,v1:172.21.15.44:6789/0] conn(0x7f774007dd30 0x7f774007c2a0 secure :-1 s=READY pgs=59 cs=0 l=1 rev1=1 crypto rx=0x7f7734009e80 tx=0x7f773400b330 comp rx=0 tx=0).ready entity=mon.0 client_cookie=c04d7935bb6ebfb5 server_cookie=0 in_seq=0 out_seq=0
2024-05-27T00:24:13.070 INFO:teuthology.orchestra.run.smithi044.stdout:/usr/bin/ceph: stderr
2024-05-27T00:24:12.158+0000 7f773fe00700 1 -- 172.21.15.44:0/3616760843 <== mon.0 v2:172.21.15.44:3300/0 1 ==== mon_map magic: 0 ==== 205+0+0 (secure 0 0 0) 0x7f7734017070 con 0x7f774007dd30
2024-05-27T00:24:13.070 INFO:teuthology.orchestra.run.smithi044.stdout:/usr/bin/ceph: stderr
2024-05-27T00:24:12.159+0000 7f773fe00700 1 -- 172.21.15.44:0/3616760843 <== mon.0 v2:172.21.15.44:3300/0 2 ==== config(28 keys) ==== 1174+0+0 (secure 0 0 0) 0x7f773400b8c0 con 0x7f774007dd30
2024-05-27T00:24:13.070 INFO:teuthology.orchestra.run.smithi044.stdout:/usr/bin/ceph: stderr
2024-05-27T00:24:12.159+0000 7f773fe00700 1 -- 172.21.15.44:0/3616760843 <== mon.0 v2:172.21.15.44:3300/0 3 ==== mon_map magic: 0 ==== 205+0+0 (secure 0 0 0) 0x7f7734004580 con 0x7f774007dd30
2024-05-27T00:24:13.070 INFO:teuthology.orchestra.run.smithi044.stdout:/usr/bin/ceph: stderr
2024-05-27T00:24:12.159+0000 7f7748000700 1 -- 172.21.15.44:0/3616760843 >> [v2:172.21.15.44:3300/0,v1:172.21.15.44:6789/0] conn(0x7f774007dd30 msgr2=0x7f774007c2a0 secure :-1 s=STATE_CONNECTION_ESTABLISHED l=1).mark_down
2024-05-27T00:24:13.070 INFO:teuthology.orchestra.run.smithi044.stdout:/usr/bin/ceph: stderr
2024-05-27T00:24:12.159+0000 7f7748000700 1 --2- 172.21.15.44:0/3616760843 >> [v2:172.21.15.44:3300/0,v1:172.21.15.44:6789/0] conn(0x7f774007dd30 0x7f774007c2a0 secure :-1 s=READY pgs=59 cs=0 l=1 rev1=1 crypto rx=0x7f7734009e80 tx=0x7f773400b330 comp rx=0 tx=0).stop
2024-05-27T00:24:13.070 INFO:teuthology.orchestra.run.smithi044.stdout:/usr/bin/ceph: stderr
2024-05-27T00:24:12.159+0000 7f7748000700 1 -- 172.21.15.44:0/3616760843 shutdown_connections
2024-05-27T00:24:13.070 INFO:teuthology.orchestra.run.smithi044.stdout:/usr/bin/ceph: stderr
2024-05-27T00:24:12.159+0000 7f7748000700 1 --2- 172.21.15.44:0/3616760843 >> [v2:172.21.15.44:3300/0,v1:172.21.15.44:6789/0] conn(0x7f774007dd30 0x7f774007c2a0 unknown :-1 s=CLOSED pgs=59 cs=0 l=1 rev1=1 crypto rx=0 tx=0 comp rx=0 tx=0).stop
2024-05-27T00:24:13.070 INFO:teuthology.orchestra.run.smithi044.stdout:/usr/bin/ceph: stderr
2024-05-27T00:24:12.159+0000 7f7748000700 1 -- 172.21.15.44:0/3616760843 >> 172.21.15.44:0/3616760843 conn(0x7f7740103790 msgr2=0x7f7740105bb0 unknown :-1 s=STATE_NONE l=0).mark_down
2024-05-27T00:24:13.071 INFO:teuthology.orchestra.run.smithi044.stdout:/usr/bin/ceph: stderr
2024-05-27T00:24:12.160+0000 7f7748000700 1 -- 172.21.15.44:0/3616760843 shutdown_connections
2024-05-27T00:24:13.071 INFO:teuthology.orchestra.run.smithi044.stdout:/usr/bin/ceph: stderr
2024-05-27T00:24:12.160+0000 7f7748000700 1 -- 172.21.15.44:0/3616760843 wait complete.
2024-05-27T00:24:13.071 INFO:teuthology.orchestra.run.smithi044.stdout:/usr/bin/ceph: stderr
2024-05-27T00:24:12.161+0000 7f7748000700 1 Processor -- start
2024-05-27T00:24:13.071 INFO:teuthology.orchestra.run.smithi044.stdout:/usr/bin/ceph: stderr
2024-05-27T00:24:12.161+0000 7f7748000700 1 -- start start
2024-05-27T00:24:13.072 INFO:teuthology.orchestra.run.smithi044.stdout:/usr/bin/ceph: stderr
2024-05-27T00:24:12.161+0000 7f7748000700 1 --2- >> [v2:172.21.15.44:3300/0,v1:172.21.15.44:6789/0] conn(0x7f774007dd30 0x7f774019e2a0 unknown :-1 s=NONE pgs=0 cs=0 l=1 rev1=0 crypto rx=0 tx=0 comp rx=0 tx=0).connect
2024-05-27T00:24:13.072 INFO:teuthology.orchestra.run.smithi044.stdout:/usr/bin/ceph: stderr
2024-05-27T00:24:12.161+0000 7f7748000700 1 -- --> [v2:172.21.15.44:3300/0,v1:172.21.15.44:6789/0] -- mon_getmap magic: 0 -- 0x7f774010e6a0 con 0x7f774007dd30
2024-05-27T00:24:13.072 INFO:teuthology.orchestra.run.smithi044.stdout:/usr/bin/ceph: stderr
2024-05-27T00:24:12.161+0000 7f7745600700 1 --2- >> [v2:172.21.15.44:3300/0,v1:172.21.15.44:6789/0] conn(0x7f774007dd30 0x7f774019e2a0 unknown :-1 s=BANNER_CONNECTING pgs=0 cs=0 l=1 rev1=0 crypto rx=0 tx=0 comp rx=0 tx=0)._handle_peer_banner_payload supported=3 required=0
2024-05-27T00:24:13.072 INFO:teuthology.orchestra.run.smithi044.stdout:/usr/bin/ceph: stderr
2024-05-27T00:24:12.161+0000 7f7745600700 1 --2- >> [v2:172.21.15.44:3300/0,v1:172.21.15.44:6789/0] conn(0x7f774007dd30 0x7f774019e2a0 unknown :-1 s=HELLO_CONNECTING pgs=0 cs=0 l=1 rev1=1 crypto rx=0 tx=0 comp rx=0 tx=0).handle_hello peer v2:172.21.15.44:3300/0 says I am v2:172.21.15.44:51802/0 (socket says 172.21.15.44:51802)
2024-05-27T00:24:13.073 INFO:teuthology.orchestra.run.smithi044.stdout:/usr/bin/ceph: stderr
2024-05-27T00:24:12.161+0000 7f7745600700 1 -- 172.21.15.44:0/1740705201 learned_addr learned my addr 172.21.15.44:0/1740705201 (peer_addr_for_me v2:172.21.15.44:0/0)
2024-05-27T00:24:13.073 INFO:teuthology.orchestra.run.smithi044.stdout:/usr/bin/ceph: stderr
2024-05-27T00:24:12.162+0000 7f7745600700 1 -- 172.21.15.44:0/1740705201 --> [v2:172.21.15.44:3300/0,v1:172.21.15.44:6789/0] -- mon_subscribe({config=0+,monmap=0+}) -- 0x7f774019e7e0 con 0x7f774007dd30
2024-05-27T00:24:13.073 INFO:teuthology.orchestra.run.smithi044.stdout:/usr/bin/ceph: stderr
2024-05-27T00:24:12.162+0000 7f7745600700 1 --2- 172.21.15.44:0/1740705201 >> [v2:172.21.15.44:3300/0,v1:172.21.15.44:6789/0] conn(0x7f774007dd30 0x7f774019e2a0 secure :-1 s=READY pgs=60 cs=0 l=1 rev1=1 crypto rx=0x7f77340072a0 tx=0x7f7734003d00 comp rx=0 tx=0).ready entity=mon.0 client_cookie=0 server_cookie=0 in_seq=0 out_seq=0
2024-05-27T00:24:13.073 INFO:teuthology.orchestra.run.smithi044.stdout:/usr/bin/ceph: stderr
2024-05-27T00:24:12.162+0000 7f773e000700 1 -- 172.21.15.44:0/1740705201 <== mon.0 v2:172.21.15.44:3300/0 1 ==== mon_map magic: 0 ==== 205+0+0 (secure 0 0 0) 0x7f7734021020 con 0x7f774007dd30
2024-05-27T00:24:13.073 INFO:teuthology.orchestra.run.smithi044.stdout:/usr/bin/ceph: stderr
2024-05-27T00:24:12.162+0000 7f773e000700 1 -- 172.21.15.44:0/1740705201 <== mon.0 v2:172.21.15.44:3300/0 2 ==== config(28 keys) ==== 1174+0+0 (secure 0 0 0) 0x7f773400bde0 con 0x7f774007dd30
2024-05-27T00:24:13.073 INFO:teuthology.orchestra.run.smithi044.stdout:/usr/bin/ceph: stderr
2024-05-27T00:24:12.162+0000 7f773e000700 1 -- 172.21.15.44:0/1740705201 <== mon.0 v2:172.21.15.44:3300/0 3 ==== mon_map magic: 0 ==== 205+0+0 (secure 0 0 0) 0x7f7734017040 con 0x7f774007dd30
2024-05-27T00:24:13.073 INFO:teuthology.orchestra.run.smithi044.stdout:/usr/bin/ceph: stderr
2024-05-27T00:24:12.163+0000 7f7748000700 1 -- 172.21.15.44:0/1740705201 --> [v2:172.21.15.44:3300/0,v1:172.21.15.44:6789/0] -- mon_subscribe({mgrmap=0+}) -- 0x7f774019ea70 con 0x7f774007dd30
2024-05-27T00:24:13.073 INFO:teuthology.orchestra.run.smithi044.stdout:/usr/bin/ceph: stderr
2024-05-27T00:24:12.163+0000 7f7748000700 1 -- 172.21.15.44:0/1740705201 --> [v2:172.21.15.44:3300/0,v1:172.21.15.44:6789/0] -- mon_subscribe({osdmap=0}) -- 0x7f77401a1760 con 0x7f774007dd30
2024-05-27T00:24:13.075 INFO:teuthology.orchestra.run.smithi044.stdout:/usr/bin/ceph: stderr
2024-05-27T00:24:12.164+0000 7f773e000700 1 -- 172.21.15.44:0/1740705201 <== mon.0 v2:172.21.15.44:3300/0 4 ==== mgrmap(e 9) ==== 46300+0+0 (secure 0 0 0) 0x7f7734024020 con 0x7f774007dd30
2024-05-27T00:24:13.076 INFO:teuthology.orchestra.run.smithi044.stdout:/usr/bin/ceph: stderr
2024-05-27T00:24:12.164+0000 7f7748000700 1 -- 172.21.15.44:0/1740705201 --> [v2:172.21.15.44:3300/0,v1:172.21.15.44:6789/0] -- mon_command({"prefix": "get_command_descriptions"} v 0) -- 0x7f7740063af0 con 0x7f774007dd30
2024-05-27T00:24:13.076 INFO:teuthology.orchestra.run.smithi044.stdout:/usr/bin/ceph: stderr
2024-05-27T00:24:12.164+0000 7f773e000700 1 --2- 172.21.15.44:0/1740705201 >> [v2:172.21.15.44:6800/3059550402,v1:172.21.15.44:6801/3059550402] conn(0x7f77280390b0 0x7f772803b570 unknown :-1 s=NONE pgs=0 cs=0 l=1 rev1=0 crypto rx=0 tx=0 comp rx=0 tx=0).connect
2024-05-27T00:24:13.076 INFO:teuthology.orchestra.run.smithi044.stdout:/usr/bin/ceph: stderr
2024-05-27T00:24:12.164+0000 7f773e000700 1 -- 172.21.15.44:0/1740705201 <== mon.0 v2:172.21.15.44:3300/0 5 ==== osd_map(2..2 src has 1..2) ==== 940+0+0 (secure 0 0 0) 0x7f773400f050 con 0x7f774007dd30
2024-05-27T00:24:13.076 INFO:teuthology.orchestra.run.smithi044.stdout:/usr/bin/ceph: stderr
2024-05-27T00:24:12.164+0000 7f7744c00700 1 -- 172.21.15.44:0/1740705201 >> [v2:172.21.15.44:6800/3059550402,v1:172.21.15.44:6801/3059550402] conn(0x7f77280390b0 msgr2=0x7f772803b570 unknown :-1 s=STATE_CONNECTING_RE l=1).process reconnect failed to v2:172.21.15.44:6800/3059550402
2024-05-27T00:24:13.076 INFO:teuthology.orchestra.run.smithi044.stdout:/usr/bin/ceph: stderr
2024-05-27T00:24:12.164+0000 7f7744c00700 1 --2- 172.21.15.44:0/1740705201 >> [v2:172.21.15.44:6800/3059550402,v1:172.21.15.44:6801/3059550402] conn(0x7f77280390b0 0x7f772803b570 unknown :-1 s=START_CONNECT pgs=0 cs=0 l=1 rev1=0 crypto rx=0 tx=0 comp rx=0 tx=0)._fault waiting 0.200000
2024-05-27T00:24:13.076 INFO:teuthology.orchestra.run.smithi044.stdout:/usr/bin/ceph: stderr
2024-05-27T00:24:12.169+0000 7f773e000700 1 -- 172.21.15.44:0/1740705201 <== mon.0 v2:172.21.15.44:3300/0 6 ==== mon_command_ack([{"prefix": "get_command_descriptions"}]=0 v0) ==== 72+0+186418 (secure 0 0 0) 0x7f773402b020 con 0x7f774007dd30
2024-05-27T00:24:13.076 INFO:teuthology.orchestra.run.smithi044.stdout:/usr/bin/ceph: stderr
2024-05-27T00:24:12.365+0000 7f7744c00700 1 -- 172.21.15.44:0/1740705201 >> [v2:172.21.15.44:6800/3059550402,v1:172.21.15.44:6801/3059550402] conn(0x7f77280390b0 msgr2=0x7f772803b570 unknown :-1 s=STATE_CONNECTING_RE l=1).process reconnect failed to v2:172.21.15.44:6800/3059550402
2024-05-27T00:24:13.076 INFO:teuthology.orchestra.run.smithi044.stdout:/usr/bin/ceph: stderr
2024-05-27T00:24:12.365+0000 7f7744c00700 1 --2- 172.21.15.44:0/1740705201 >> [v2:172.21.15.44:6800/3059550402,v1:172.21.15.44:6801/3059550402] conn(0x7f77280390b0 0x7f772803b570 unknown :-1 s=START_CONNECT pgs=0 cs=0 l=1 rev1=0 crypto rx=0 tx=0 comp rx=0 tx=0)._fault waiting 0.400000
2024-05-27T00:24:13.076 INFO:teuthology.orchestra.run.smithi044.stdout:/usr/bin/ceph: stderr
2024-05-27T00:24:12.452+0000 7f7748000700 1 -- 172.21.15.44:0/1740705201 --> [v2:172.21.15.44:3300/0,v1:172.21.15.44:6789/0] -- mon_command({"prefix": "mgr stat"} v 0) -- 0x7f77401a1d30 con 0x7f774007dd30
2024-05-27T00:24:13.076 INFO:teuthology.orchestra.run.smithi044.stdout:/usr/bin/ceph: stderr
2024-05-27T00:24:12.453+0000 7f773e000700 1 -- 172.21.15.44:0/1740705201 <== mon.0 v2:172.21.15.44:3300/0 7 ==== mon_command_ack([{"prefix": "mgr stat"}]=0 v9) ==== 56+0+88 (secure 0 0 0) 0x7f773404ce90 con 0x7f774007dd30
2024-05-27T00:24:13.076 INFO:teuthology.orchestra.run.smithi044.stdout:/usr/bin/ceph: stderr
2024-05-27T00:24:12.456+0000 7f7748000700 1 -- 172.21.15.44:0/1740705201 >> [v2:172.21.15.44:6800/3059550402,v1:172.21.15.44:6801/3059550402] conn(0x7f77280390b0 msgr2=0x7f772803b570 unknown :-1 s=STATE_CONNECTING l=1).mark_down
2024-05-27T00:24:13.076 INFO:teuthology.orchestra.run.smithi044.stdout:/usr/bin/ceph: stderr
2024-05-27T00:24:12.456+0000 7f7748000700 1 --2- 172.21.15.44:0/1740705201 >> [v2:172.21.15.44:6800/3059550402,v1:172.21.15.44:6801/3059550402] conn(0x7f77280390b0 0x7f772803b570 unknown :-1 s=START_CONNECT pgs=0 cs=0 l=1 rev1=0 crypto rx=0 tx=0 comp rx=0 tx=0).stop
2024-05-27T00:24:13.076 INFO:teuthology.orchestra.run.smithi044.stdout:/usr/bin/ceph: stderr
2024-05-27T00:24:12.456+0000 7f7748000700 1 -- 172.21.15.44:0/1740705201 >> [v2:172.21.15.44:3300/0,v1:172.21.15.44:6789/0] conn(0x7f774007dd30 msgr2=0x7f774019e2a0 secure :-1 s=STATE_CONNECTION_ESTABLISHED l=1).mark_down
2024-05-27T00:24:13.077 INFO:teuthology.orchestra.run.smithi044.stdout:/usr/bin/ceph: stderr
2024-05-27T00:24:12.456+0000 7f7748000700 1 --2- 172.21.15.44:0/1740705201 >> [v2:172.21.15.44:3300/0,v1:172.21.15.44:6789/0] conn(0x7f774007dd30 0x7f774019e2a0 secure :-1 s=READY pgs=60 cs=0 l=1 rev1=1 crypto rx=0x7f77340072a0 tx=0x7f7734003d00 comp rx=0 tx=0).stop
2024-05-27T00:24:13.077 INFO:teuthology.orchestra.run.smithi044.stdout:/usr/bin/ceph: stderr
2024-05-27T00:24:12.456+0000 7f7748000700 1 -- 172.21.15.44:0/1740705201 shutdown_connections
2024-05-27T00:24:13.077 INFO:teuthology.orchestra.run.smithi044.stdout:/usr/bin/ceph: stderr
2024-05-27T00:24:12.456+0000 7f7748000700 1 --2- 172.21.15.44:0/1740705201 >> [v2:172.21.15.44:6800/3059550402,v1:172.21.15.44:6801/3059550402] conn(0x7f77280390b0 0x7f772803b570 unknown :-1 s=CLOSED pgs=0 cs=0 l=1 rev1=0 crypto rx=0 tx=0 comp rx=0 tx=0).stop
2024-05-27T00:24:13.077 INFO:teuthology.orchestra.run.smithi044.stdout:/usr/bin/ceph: stderr
2024-05-27T00:24:12.456+0000 7f7748000700 1 --2- 172.21.15.44:0/1740705201 >> [v2:172.21.15.44:3300/0,v1:172.21.15.44:6789/0] conn(0x7f774007dd30 0x7f774019e2a0 unknown :-1 s=CLOSED pgs=60 cs=0 l=1 rev1=1 crypto rx=0 tx=0 comp rx=0 tx=0).stop
2024-05-27T00:24:13.077 INFO:teuthology.orchestra.run.smithi044.stdout:/usr/bin/ceph: stderr
2024-05-27T00:24:12.456+0000 7f7748000700 1 -- 172.21.15.44:0/1740705201 >> 172.21.15.44:0/1740705201 conn(0x7f7740103790 msgr2=0x7f7740104340 unknown :-1 s=STATE_NONE l=0).mark_down
2024-05-27T00:24:13.077 INFO:teuthology.orchestra.run.smithi044.stdout:/usr/bin/ceph: stderr
2024-05-27T00:24:12.456+0000 7f7748000700 1 -- 172.21.15.44:0/1740705201 shutdown_connections
2024-05-27T00:24:13.077 INFO:teuthology.orchestra.run.smithi044.stdout:/usr/bin/ceph: stderr
2024-05-27T00:24:12.457+0000 7f7748000700 1 -- 172.21.15.44:0/1740705201 wait complete.
2024-05-27T00:24:13.077 INFO:teuthology.orchestra.run.smithi044.stdout:Waiting for the mgr to restart...
2024-05-27T00:24:13.078 INFO:teuthology.orchestra.run.smithi044.stdout:Waiting for mgr epoch 9...
2024-05-27T00:24:14.029 INFO:journalctl@ceph.mgr.x.smithi044.stdout:May 27 00:24:13 smithi044 ceph-1fe53dce-1bbf-11ef-bc9b-c7b262605968-mgr-x[31881]:
2024-05-27T00:24:13.795+0000 7f53d0918200 -1 mgr[py] Module telegraf has missing NOTIFY_TYPES member
2024-05-27T00:24:14.030 INFO:journalctl@ceph.mgr.x.smithi044.stdout:May 27 00:24:14 smithi044 ceph-1fe53dce-1bbf-11ef-bc9b-c7b262605968-mgr-x[31881]:
2024-05-27T00:24:14.028+0000 7f53d0918200 -1 mgr[py] Module osd_support has missing NOTIFY_TYPES member
2024-05-27T00:24:14.306 INFO:journalctl@ceph.mgr.x.smithi044.stdout:May 27 00:24:14 smithi044 ceph-1fe53dce-1bbf-11ef-bc9b-c7b262605968-mgr-x[31881]:
2024-05-27T00:24:14.248+0000 7f53d0918200 -1 mgr[py] Module iostat has missing NOTIFY_TYPES member
2024-05-27T00:24:15.030 INFO:journalctl@ceph.mgr.x.smithi044.stdout:May 27 00:24:14 smithi044 ceph-1fe53dce-1bbf-11ef-bc9b-c7b262605968-mgr-x[31881]:
2024-05-27T00:24:14.643+0000 7f53d0918200 -1 mgr[py] Module alerts has missing NOTIFY_TYPES member
2024-05-27T00:24:15.031 INFO:journalctl@ceph.mgr.x.smithi044.stdout:May 27 00:24:14 smithi044 ceph-1fe53dce-1bbf-11ef-bc9b-c7b262605968-mgr-x[31881]:
2024-05-27T00:24:14.770+0000 7f53d0918200 -1 mgr[py] Module selftest has missing NOTIFY_TYPES member
2024-05-27T00:24:15.295 INFO:journalctl@ceph.mgr.x.smithi044.stdout:May 27 00:24:15 smithi044 ceph-1fe53dce-1bbf-11ef-bc9b-c7b262605968-mgr-x[31881]:
2024-05-27T00:24:15.029+0000 7f53d0918200 -1 mgr[py] Module pg_autoscaler has missing NOTIFY_TYPES member
2024-05-27T00:24:15.611 INFO:journalctl@ceph.mgr.x.smithi044.stdout:May 27 00:24:15 smithi044 ceph-1fe53dce-1bbf-11ef-bc9b-c7b262605968-mgr-x[31881]:
2024-05-27T00:24:15.294+0000 7f53d0918200 -1 mgr[py] Module test_orchestrator has missing NOTIFY_TYPES member
2024-05-27T00:24:16.611 INFO:journalctl@ceph.mgr.x.smithi044.stdout:May 27 00:24:16 smithi044 ceph-1fe53dce-1bbf-11ef-bc9b-c7b262605968-mgr-x[31881]:
2024-05-27T00:24:16.130+0000 7f53d0918200 -1 mgr[py] Module rook has missing NOTIFY_TYPES member
2024-05-27T00:24:17.111 INFO:journalctl@ceph.mgr.x.smithi044.stdout:May 27 00:24:16 smithi044 ceph-1fe53dce-1bbf-11ef-bc9b-c7b262605968-mgr-x[31881]:
2024-05-27T00:24:16.710+0000 7f53d0918200 -1 mgr[py] Module volumes has missing NOTIFY_TYPES member
2024-05-27T00:24:17.112 INFO:journalctl@ceph.mgr.x.smithi044.stdout:May 27 00:24:16 smithi044 ceph-1fe53dce-1bbf-11ef-bc9b-c7b262605968-mgr-x[31881]:
2024-05-27T00:24:16.844+0000 7f53d0918200 -1 mgr[py] Module crash has missing NOTIFY_TYPES member
2024-05-27T00:24:17.487 INFO:journalctl@ceph.mgr.x.smithi044.stdout:May 27 00:24:17 smithi044 ceph-1fe53dce-1bbf-11ef-bc9b-c7b262605968-mgr-x[31881]:
2024-05-27T00:24:17.121+0000 7f53d0918200 -1 mgr[py] Module rgw has missing NOTIFY_TYPES member
2024-05-27T00:24:18.111 INFO:journalctl@ceph.mgr.x.smithi044.stdout:May 27 00:24:17 smithi044 ceph-1fe53dce-1bbf-11ef-bc9b-c7b262605968-mgr-x[31881]:
2024-05-27T00:24:17.831+0000 7f53d0918200 -1 mgr[py] Module prometheus has missing NOTIFY_TYPES member
2024-05-27T00:24:18.112 INFO:journalctl@ceph.mgr.x.smithi044.stdout:May 27 00:24:17 smithi044 ceph-1fe53dce-1bbf-11ef-bc9b-c7b262605968-mgr-x[31881]:
2024-05-27T00:24:17.964+0000 7f53d0918200 -1 mgr[py] Module devicehealth has missing NOTIFY_TYPES member
2024-05-27T00:24:18.611 INFO:journalctl@ceph.mgr.x.smithi044.stdout:May 27 00:24:18 smithi044 ceph-1fe53dce-1bbf-11ef-bc9b-c7b262605968-mgr-x[31881]:
2024-05-27T00:24:18.309+0000 7f53d0918200 -1 mgr[py] Module telemetry has missing NOTIFY_TYPES member
2024-05-27T00:24:18.611 INFO:journalctl@ceph.mgr.x.smithi044.stdout:May 27 00:24:18 smithi044 ceph-1fe53dce-1bbf-11ef-bc9b-c7b262605968-mgr-x[31881]:
