2024-06-02T03:57:51.866 INFO:teuthology.orchestra.run.smithi123.stdout:/usr/bin/ceph: stderr
2024-06-02T03:57:51.299+0000 7effe6ffd700 1 -- 172.21.15.123:0/452927515 learned_addr learned my addr 172.21.15.123:0/452927515 (peer_addr_for_me v2:172.21.15.123:0/0)
2024-06-02T03:57:51.866 INFO:teuthology.orchestra.run.smithi123.stdout:/usr/bin/ceph: stderr
2024-06-02T03:57:51.299+0000 7effe6ffd700 1 -- 172.21.15.123:0/452927515 --> [v2:172.21.15.123:3300/0,v1:172.21.15.123:6789/0] -- mon_subscribe({config=0+,monmap=0+}) v3 -- 0x7effd8009550 con 0x7effe81049c0
2024-06-02T03:57:51.866 INFO:teuthology.orchestra.run.smithi123.stdout:/usr/bin/ceph: stderr
2024-06-02T03:57:51.299+0000 7effe6ffd700 1 --2- 172.21.15.123:0/452927515 >> [v2:172.21.15.123:3300/0,v1:172.21.15.123:6789/0] conn(0x7effe81049c0 0x7effe819a430 secure :-1 s=READY pgs=44 cs=0 l=1 rev1=1 crypto rx=0x7effd8009fb0 tx=0x7effd8011ad0 comp rx=0 tx=0).ready entity=mon.0 client_cookie=0 server_cookie=0 in_seq=0 out_seq=0
2024-06-02T03:57:51.866 INFO:teuthology.orchestra.run.smithi123.stdout:/usr/bin/ceph: stderr
2024-06-02T03:57:51.299+0000 7effcffff700 1 -- 172.21.15.123:0/452927515 <== mon.0 v2:172.21.15.123:3300/0 1 ==== mon_map magic: 0 v1 ==== 205+0+0 (secure 0 0 0) 0x7effd8003a40 con 0x7effe81049c0
2024-06-02T03:57:51.867 INFO:teuthology.orchestra.run.smithi123.stdout:/usr/bin/ceph: stderr
2024-06-02T03:57:51.299+0000 7effcffff700 1 -- 172.21.15.123:0/452927515 <== mon.0 v2:172.21.15.123:3300/0 2 ==== config(26 keys) v1 ==== 1074+0+0 (secure 0 0 0) 0x7effd8003ba0 con 0x7effe81049c0
2024-06-02T03:57:51.867 INFO:teuthology.orchestra.run.smithi123.stdout:/usr/bin/ceph: stderr
2024-06-02T03:57:51.299+0000 7effed659700 1 -- 172.21.15.123:0/452927515 --> [v2:172.21.15.123:3300/0,v1:172.21.15.123:6789/0] -- mon_subscribe({mgrmap=0+}) v3 -- 0x7effe819ab70 con 0x7effe81049c0
2024-06-02T03:57:51.867 INFO:teuthology.orchestra.run.smithi123.stdout:/usr/bin/ceph: stderr
2024-06-02T03:57:51.299+0000 7effcffff700 1 -- 172.21.15.123:0/452927515 <== mon.0 v2:172.21.15.123:3300/0 3 ==== mon_map magic: 0 v1 ==== 205+0+0 (secure 0 0 0) 0x7effd801a750 con 0x7effe81049c0
2024-06-02T03:57:51.867 INFO:teuthology.orchestra.run.smithi123.stdout:/usr/bin/ceph: stderr
2024-06-02T03:57:51.299+0000 7effed659700 1 -- 172.21.15.123:0/452927515 --> [v2:172.21.15.123:3300/0,v1:172.21.15.123:6789/0] -- mon_subscribe({osdmap=0}) v3 -- 0x7effe819b010 con 0x7effe81049c0
2024-06-02T03:57:51.867 INFO:teuthology.orchestra.run.smithi123.stdout:/usr/bin/ceph: stderr
2024-06-02T03:57:51.300+0000 7effcffff700 1 -- 172.21.15.123:0/452927515 <== mon.0 v2:172.21.15.123:3300/0 4 ==== mgrmap(e 8) v1 ==== 45541+0+0 (secure 0 0 0) 0x7effd801a9d0 con 0x7effe81049c0
2024-06-02T03:57:51.867 INFO:teuthology.orchestra.run.smithi123.stdout:/usr/bin/ceph: stderr
2024-06-02T03:57:51.300+0000 7effed659700 1 -- 172.21.15.123:0/452927515 --> [v2:172.21.15.123:3300/0,v1:172.21.15.123:6789/0] -- mon_command({"prefix": "get_command_descriptions"} v 0) v1 -- 0x7effe810ab60 con 0x7effe81049c0
2024-06-02T03:57:51.867 INFO:teuthology.orchestra.run.smithi123.stdout:/usr/bin/ceph: stderr
2024-06-02T03:57:51.300+0000 7effcffff700 1 --2- 172.21.15.123:0/452927515 >> [v2:172.21.15.123:6800/3555101542,v1:172.21.15.123:6801/3555101542] conn(0x7effd00386b0 0x7effd003ab70 unknown :-1 s=NONE pgs=0 cs=0 l=1 rev1=0 crypto rx=0 tx=0 comp rx=0 tx=0).connect
2024-06-02T03:57:51.867 INFO:teuthology.orchestra.run.smithi123.stdout:/usr/bin/ceph: stderr
2024-06-02T03:57:51.300+0000 7effcffff700 1 -- 172.21.15.123:0/452927515 <== mon.0 v2:172.21.15.123:3300/0 5 ==== osd_map(2..2 src has 1..2) v4 ==== 940+0+0 (secure 0 0 0) 0x7effd804c6f0 con 0x7effe81049c0
2024-06-02T03:57:51.867 INFO:teuthology.orchestra.run.smithi123.stdout:/usr/bin/ceph: stderr
2024-06-02T03:57:51.301+0000 7effe67fc700 1 --2- 172.21.15.123:0/452927515 >> [v2:172.21.15.123:6800/3555101542,v1:172.21.15.123:6801/3555101542] conn(0x7effd00386b0 0x7effd003ab70 unknown :-1 s=BANNER_CONNECTING pgs=0 cs=0 l=1 rev1=0 crypto rx=0 tx=0 comp rx=0 tx=0)._handle_peer_banner_payload supported=3 required=0
2024-06-02T03:57:51.867 INFO:teuthology.orchestra.run.smithi123.stdout:/usr/bin/ceph: stderr
2024-06-02T03:57:51.301+0000 7effe67fc700 1 --2- 172.21.15.123:0/452927515 >> [v2:172.21.15.123:6800/3555101542,v1:172.21.15.123:6801/3555101542] conn(0x7effd00386b0 0x7effd003ab70 secure :-1 s=READY pgs=10 cs=0 l=1 rev1=1 crypto rx=0x7effdc006fd0 tx=0x7effdc006e40 comp rx=0 tx=0).ready entity=mgr.14120 client_cookie=0 server_cookie=0 in_seq=0 out_seq=0
2024-06-02T03:57:51.867 INFO:teuthology.orchestra.run.smithi123.stdout:/usr/bin/ceph: stderr
2024-06-02T03:57:51.305+0000 7effcffff700 1 -- 172.21.15.123:0/452927515 <== mon.0 v2:172.21.15.123:3300/0 6 ==== mon_command_ack([{"prefix": "get_command_descriptions"}]=0 v0) v1 ==== 72+0+183622 (secure 0 0 0) 0x7effd8018d20 con 0x7effe81049c0
2024-06-02T03:57:51.867 INFO:teuthology.orchestra.run.smithi123.stdout:/usr/bin/ceph: stderr
2024-06-02T03:57:51.500+0000 7effed659700 1 -- 172.21.15.123:0/452927515 --> [v2:172.21.15.123:6800/3555101542,v1:172.21.15.123:6801/3555101542] -- mgr_command(tid 0: {"prefix": "cephadm get-pub-key", "target": ["mon-mgr", ""]}) v1 -- 0x7effe819d8a0 con 0x7effd00386b0
2024-06-02T03:57:51.868 INFO:teuthology.orchestra.run.smithi123.stdout:/usr/bin/ceph: stderr
2024-06-02T03:57:51.501+0000 7effcffff700 1 -- 172.21.15.123:0/452927515 <== mgr.14120 v2:172.21.15.123:6800/3555101542 1 ==== mgr_command_reply(tid 0: 0 ) v1 ==== 8+0+595 (secure 0 0 0) 0x7effe819d8a0 con 0x7effd00386b0
2024-06-02T03:57:51.868 INFO:teuthology.orchestra.run.smithi123.stdout:/usr/bin/ceph: stderr
2024-06-02T03:57:51.503+0000 7effed659700 1 -- 172.21.15.123:0/452927515 >> [v2:172.21.15.123:6800/3555101542,v1:172.21.15.123:6801/3555101542] conn(0x7effd00386b0 msgr2=0x7effd003ab70 secure :-1 s=STATE_CONNECTION_ESTABLISHED l=1).mark_down
2024-06-02T03:57:51.868 INFO:teuthology.orchestra.run.smithi123.stdout:/usr/bin/ceph: stderr
2024-06-02T03:57:51.503+0000 7effed659700 1 --2- 172.21.15.123:0/452927515 >> [v2:172.21.15.123:6800/3555101542,v1:172.21.15.123:6801/3555101542] conn(0x7effd00386b0 0x7effd003ab70 secure :-1 s=READY pgs=10 cs=0 l=1 rev1=1 crypto rx=0x7effdc006fd0 tx=0x7effdc006e40 comp rx=0 tx=0).stop
2024-06-02T03:57:51.868 INFO:teuthology.orchestra.run.smithi123.stdout:/usr/bin/ceph: stderr
2024-06-02T03:57:51.503+0000 7effed659700 1 -- 172.21.15.123:0/452927515 >> [v2:172.21.15.123:3300/0,v1:172.21.15.123:6789/0] conn(0x7effe81049c0 msgr2=0x7effe819a430 secure :-1 s=STATE_CONNECTION_ESTABLISHED l=1).mark_down
2024-06-02T03:57:51.868 INFO:teuthology.orchestra.run.smithi123.stdout:/usr/bin/ceph: stderr
2024-06-02T03:57:51.503+0000 7effed659700 1 --2- 172.21.15.123:0/452927515 >> [v2:172.21.15.123:3300/0,v1:172.21.15.123:6789/0] conn(0x7effe81049c0 0x7effe819a430 secure :-1 s=READY pgs=44 cs=0 l=1 rev1=1 crypto rx=0x7effd8009fb0 tx=0x7effd8011ad0 comp rx=0 tx=0).stop
2024-06-02T03:57:51.868 INFO:teuthology.orchestra.run.smithi123.stdout:/usr/bin/ceph: stderr
2024-06-02T03:57:51.503+0000 7effed659700 1 -- 172.21.15.123:0/452927515 shutdown_connections
2024-06-02T03:57:51.868 INFO:teuthology.orchestra.run.smithi123.stdout:/usr/bin/ceph: stderr
2024-06-02T03:57:51.503+0000 7effed659700 1 --2- 172.21.15.123:0/452927515 >> [v2:172.21.15.123:6800/3555101542,v1:172.21.15.123:6801/3555101542] conn(0x7effd00386b0 0x7effd003ab70 unknown :-1 s=CLOSED pgs=10 cs=0 l=1 rev1=1 crypto rx=0 tx=0 comp rx=0 tx=0).stop
2024-06-02T03:57:51.868 INFO:teuthology.orchestra.run.smithi123.stdout:/usr/bin/ceph: stderr
2024-06-02T03:57:51.503+0000 7effed659700 1 --2- 172.21.15.123:0/452927515 >> [v2:172.21.15.123:3300/0,v1:172.21.15.123:6789/0] conn(0x7effe81049c0 0x7effe819a430 unknown :-1 s=CLOSED pgs=44 cs=0 l=1 rev1=1 crypto rx=0 tx=0 comp rx=0 tx=0).stop
2024-06-02T03:57:51.868 INFO:teuthology.orchestra.run.smithi123.stdout:/usr/bin/ceph: stderr
2024-06-02T03:57:51.503+0000 7effed659700 1 -- 172.21.15.123:0/452927515 >> 172.21.15.123:0/452927515 conn(0x7effe8100350 msgr2=0x7effe8100f10 unknown :-1 s=STATE_NONE l=0).mark_down
2024-06-02T03:57:51.868 INFO:teuthology.orchestra.run.smithi123.stdout:/usr/bin/ceph: stderr
2024-06-02T03:57:51.503+0000 7effed659700 1 -- 172.21.15.123:0/452927515 shutdown_connections
2024-06-02T03:57:51.868 INFO:teuthology.orchestra.run.smithi123.stdout:/usr/bin/ceph: stderr
2024-06-02T03:57:51.503+0000 7effed659700 1 -- 172.21.15.123:0/452927515 wait complete.
2024-06-02T03:57:51.868 INFO:teuthology.orchestra.run.smithi123.stdout:Wrote public SSH key to /home/ubuntu/cephtest/ceph.pub
2024-06-02T03:57:51.868 INFO:teuthology.orchestra.run.smithi123.stdout:Adding key to root@localhost authorized_keys...
2024-06-02T03:57:51.869 INFO:teuthology.orchestra.run.smithi123.stdout:Adding host smithi123...
2024-06-02T03:57:52.688 INFO:journalctl@ceph.mon.a.smithi123.stdout:Jun 02 03:57:52 smithi123 ceph-mon[42885]: from='client.14138 -' entity='client.admin' cmd=[{"prefix": "cephadm get-pub-key", "target": ["mon-mgr", ""]}]: dispatch
2024-06-02T03:57:54.072 INFO:journalctl@ceph.mon.a.smithi123.stdout:Jun 02 03:57:53 smithi123 ceph-mon[42885]: from='client.14140 -' entity='client.admin' cmd=[{"prefix": "orch host add", "hostname": "smithi123", "addr": "172.21.15.123", "target": ["mon-mgr", ""]}]: dispatch
2024-06-02T03:57:54.929 INFO:teuthology.orchestra.run.smithi123.stdout:/usr/bin/ceph: stdout Added host 'smithi123' with addr '172.21.15.123'
2024-06-02T03:57:54.930 INFO:teuthology.orchestra.run.smithi123.stdout:/usr/bin/ceph: stderr
2024-06-02T03:57:52.216+0000 7faa05b8c700 1 Processor -- start
2024-06-02T03:57:54.930 INFO:teuthology.orchestra.run.smithi123.stdout:/usr/bin/ceph: stderr
2024-06-02T03:57:52.216+0000 7faa05b8c700 1 -- start start
2024-06-02T03:57:54.930 INFO:teuthology.orchestra.run.smithi123.stdout:/usr/bin/ceph: stderr
2024-06-02T03:57:52.216+0000 7faa05b8c700 1 --2- >> [v2:172.21.15.123:3300/0,v1:172.21.15.123:6789/0] conn(0x7faa00106710 0x7faa00106b30 unknown :-1 s=NONE pgs=0 cs=0 l=0 rev1=0 crypto rx=0 tx=0 comp rx=0 tx=0).connect
2024-06-02T03:57:54.930 INFO:teuthology.orchestra.run.smithi123.stdout:/usr/bin/ceph: stderr
2024-06-02T03:57:52.216+0000 7faa05b8c700 1 -- --> [v2:172.21.15.123:3300/0,v1:172.21.15.123:6789/0] -- mon_getmap magic: 0 v1 -- 0x7faa00107100 con 0x7faa00106710
2024-06-02T03:57:54.930 INFO:teuthology.orchestra.run.smithi123.stdout:/usr/bin/ceph: stderr
2024-06-02T03:57:52.216+0000 7fa9ff7fe700 1 --2- >> [v2:172.21.15.123:3300/0,v1:172.21.15.123:6789/0] conn(0x7faa00106710 0x7faa00106b30 unknown :-1 s=BANNER_CONNECTING pgs=0 cs=0 l=0 rev1=0 crypto rx=0 tx=0 comp rx=0 tx=0)._handle_peer_banner_payload supported=3 required=0
2024-06-02T03:57:54.930 INFO:teuthology.orchestra.run.smithi123.stdout:/usr/bin/ceph: stderr
2024-06-02T03:57:52.216+0000 7fa9ff7fe700 1 --2- >> [v2:172.21.15.123:3300/0,v1:172.21.15.123:6789/0] conn(0x7faa00106710 0x7faa00106b30 unknown :-1 s=HELLO_CONNECTING pgs=0 cs=0 l=0 rev1=1 crypto rx=0 tx=0 comp rx=0 tx=0).handle_hello peer v2:172.21.15.123:3300/0 says I am v2:172.21.15.123:42146/0 (socket says 172.21.15.123:42146)
2024-06-02T03:57:54.930 INFO:teuthology.orchestra.run.smithi123.stdout:/usr/bin/ceph: stderr
2024-06-02T03:57:52.216+0000 7fa9ff7fe700 1 -- 172.21.15.123:0/3771476548 learned_addr learned my addr 172.21.15.123:0/3771476548 (peer_addr_for_me v2:172.21.15.123:0/0)
2024-06-02T03:57:54.930 INFO:teuthology.orchestra.run.smithi123.stdout:/usr/bin/ceph: stderr
2024-06-02T03:57:52.216+0000 7fa9ff7fe700 1 -- 172.21.15.123:0/3771476548 --> [v2:172.21.15.123:3300/0,v1:172.21.15.123:6789/0] -- mon_subscribe({config=0+,monmap=0+}) v3 -- 0x7faa001078c0 con 0x7faa00106710
2024-06-02T03:57:54.930 INFO:teuthology.orchestra.run.smithi123.stdout:/usr/bin/ceph: stderr
2024-06-02T03:57:52.217+0000 7fa9ff7fe700 1 --2- 172.21.15.123:0/3771476548 >> [v2:172.21.15.123:3300/0,v1:172.21.15.123:6789/0] conn(0x7faa00106710 0x7faa00106b30 secure :-1 s=READY pgs=45 cs=0 l=1 rev1=1 crypto rx=0x7fa9f00098a0 tx=0x7fa9f0009bb0 comp rx=0 tx=0).ready entity=mon.0 client_cookie=94054f1581034017 server_cookie=0 in_seq=0 out_seq=0
2024-06-02T03:57:54.930 INFO:teuthology.orchestra.run.smithi123.stdout:/usr/bin/ceph: stderr
2024-06-02T03:57:52.217+0000 7fa9fe7fc700 1 -- 172.21.15.123:0/3771476548 <== mon.0 v2:172.21.15.123:3300/0 1 ==== mon_map magic: 0 v1 ==== 205+0+0 (secure 0 0 0) 0x7fa9f0004160 con 0x7faa00106710
2024-06-02T03:57:54.930 INFO:teuthology.orchestra.run.smithi123.stdout:/usr/bin/ceph: stderr
2024-06-02T03:57:52.217+0000 7fa9fe7fc700 1 -- 172.21.15.123:0/3771476548 <== mon.0 v2:172.21.15.123:3300/0 2 ==== config(26 keys) v1 ==== 1074+0+0 (secure 0 0 0) 0x7fa9f00042c0 con 0x7faa00106710
2024-06-02T03:57:54.931 INFO:teuthology.orchestra.run.smithi123.stdout:/usr/bin/ceph: stderr
2024-06-02T03:57:52.217+0000 7fa9fe7fc700 1 -- 172.21.15.123:0/3771476548 <== mon.0 v2:172.21.15.123:3300/0 3 ==== mon_map magic: 0 v1 ==== 205+0+0 (secure 0 0 0) 0x7fa9f0011a00 con 0x7faa00106710
2024-06-02T03:57:54.931 INFO:teuthology.orchestra.run.smithi123.stdout:/usr/bin/ceph: stderr
2024-06-02T03:57:52.217+0000 7faa05b8c700 1 -- 172.21.15.123:0/3771476548 >> [v2:172.21.15.123:3300/0,v1:172.21.15.123:6789/0] conn(0x7faa00106710 msgr2=0x7faa00106b30 secure :-1 s=STATE_CONNECTION_ESTABLISHED l=1).mark_down
2024-06-02T03:57:54.931 INFO:teuthology.orchestra.run.smithi123.stdout:/usr/bin/ceph: stderr
2024-06-02T03:57:52.217+0000 7faa05b8c700 1 --2- 172.21.15.123:0/3771476548 >> [v2:172.21.15.123:3300/0,v1:172.21.15.123:6789/0] conn(0x7faa00106710 0x7faa00106b30 secure :-1 s=READY pgs=45 cs=0 l=1 rev1=1 crypto rx=0x7fa9f00098a0 tx=0x7fa9f0009bb0 comp rx=0 tx=0).stop
2024-06-02T03:57:54.931 INFO:teuthology.orchestra.run.smithi123.stdout:/usr/bin/ceph: stderr
2024-06-02T03:57:52.217+0000 7faa05b8c700 1 -- 172.21.15.123:0/3771476548 shutdown_connections
2024-06-02T03:57:54.931 INFO:teuthology.orchestra.run.smithi123.stdout:/usr/bin/ceph: stderr
2024-06-02T03:57:52.217+0000 7faa05b8c700 1 --2- 172.21.15.123:0/3771476548 >> [v2:172.21.15.123:3300/0,v1:172.21.15.123:6789/0] conn(0x7faa00106710 0x7faa00106b30 unknown :-1 s=CLOSED pgs=45 cs=0 l=1 rev1=1 crypto rx=0 tx=0 comp rx=0 tx=0).stop
2024-06-02T03:57:54.931 INFO:teuthology.orchestra.run.smithi123.stdout:/usr/bin/ceph: stderr
2024-06-02T03:57:52.217+0000 7faa05b8c700 1 -- 172.21.15.123:0/3771476548 >> 172.21.15.123:0/3771476548 conn(0x7faa00101d30 msgr2=0x7faa00104150 unknown :-1 s=STATE_NONE l=0).mark_down
2024-06-02T03:57:54.931 INFO:teuthology.orchestra.run.smithi123.stdout:/usr/bin/ceph: stderr
2024-06-02T03:57:52.217+0000 7faa05b8c700 1 -- 172.21.15.123:0/3771476548 shutdown_connections
2024-06-02T03:57:54.931 INFO:teuthology.orchestra.run.smithi123.stdout:/usr/bin/ceph: stderr
2024-06-02T03:57:52.217+0000 7faa05b8c700 1 -- 172.21.15.123:0/3771476548 wait complete.
2024-06-02T03:57:54.931 INFO:teuthology.orchestra.run.smithi123.stdout:/usr/bin/ceph: stderr
2024-06-02T03:57:52.218+0000 7faa05b8c700 1 Processor -- start
2024-06-02T03:57:54.931 INFO:teuthology.orchestra.run.smithi123.stdout:/usr/bin/ceph: stderr
2024-06-02T03:57:52.218+0000 7faa05b8c700 1 -- start start
2024-06-02T03:57:54.931 INFO:teuthology.orchestra.run.smithi123.stdout:/usr/bin/ceph: stderr
2024-06-02T03:57:52.219+0000 7faa05b8c700 1 --2- >> [v2:172.21.15.123:3300/0,v1:172.21.15.123:6789/0] conn(0x7faa00106710 0x7faa0019a4a0 unknown :-1 s=NONE pgs=0 cs=0 l=1 rev1=0 crypto rx=0 tx=0 comp rx=0 tx=0).connect
2024-06-02T03:57:54.931 INFO:teuthology.orchestra.run.smithi123.stdout:/usr/bin/ceph: stderr
2024-06-02T03:57:52.219+0000 7faa05b8c700 1 -- --> [v2:172.21.15.123:3300/0,v1:172.21.15.123:6789/0] -- mon_getmap magic: 0 v1 -- 0x7faa0019a9e0 con 0x7faa00106710
2024-06-02T03:57:54.931 INFO:teuthology.orchestra.run.smithi123.stdout:/usr/bin/ceph: stderr
2024-06-02T03:57:52.219+0000 7fa9ff7fe700 1 --2- >> [v2:172.21.15.123:3300/0,v1:172.21.15.123:6789/0] conn(0x7faa00106710 0x7faa0019a4a0 unknown :-1 s=BANNER_CONNECTING pgs=0 cs=0 l=1 rev1=0 crypto rx=0 tx=0 comp rx=0 tx=0)._handle_peer_banner_payload supported=3 required=0
2024-06-02T03:57:54.932 INFO:teuthology.orchestra.run.smithi123.stdout:/usr/bin/ceph: stderr
2024-06-02T03:57:52.219+0000 7fa9ff7fe700 1 --2- >> [v2:172.21.15.123:3300/0,v1:172.21.15.123:6789/0] conn(0x7faa00106710 0x7faa0019a4a0 unknown :-1 s=HELLO_CONNECTING pgs=0 cs=0 l=1 rev1=1 crypto rx=0 tx=0 comp rx=0 tx=0).handle_hello peer v2:172.21.15.123:3300/0 says I am v2:172.21.15.123:42160/0 (socket says 172.21.15.123:42160)
2024-06-02T03:57:54.932 INFO:teuthology.orchestra.run.smithi123.stdout:/usr/bin/ceph: stderr
2024-06-02T03:57:52.219+0000 7fa9ff7fe700 1 -- 172.21.15.123:0/242379070 learned_addr learned my addr 172.21.15.123:0/242379070 (peer_addr_for_me v2:172.21.15.123:0/0)
2024-06-02T03:57:54.932 INFO:teuthology.orchestra.run.smithi123.stdout:/usr/bin/ceph: stderr
2024-06-02T03:57:52.219+0000 7fa9ff7fe700 1 -- 172.21.15.123:0/242379070 --> [v2:172.21.15.123:3300/0,v1:172.21.15.123:6789/0] -- mon_subscribe({config=0+,monmap=0+}) v3 -- 0x7fa9f0009550 con 0x7faa00106710
2024-06-02T03:57:54.932 INFO:teuthology.orchestra.run.smithi123.stdout:/usr/bin/ceph: stderr
2024-06-02T03:57:52.219+0000 7fa9ff7fe700 1 --2- 172.21.15.123:0/242379070 >> [v2:172.21.15.123:3300/0,v1:172.21.15.123:6789/0] conn(0x7faa00106710 0x7faa0019a4a0 secure :-1 s=READY pgs=46 cs=0 l=1 rev1=1 crypto rx=0x7fa9f0009130 tx=0x7fa9f0011ad0 comp rx=0 tx=0).ready entity=mon.0 client_cookie=0 server_cookie=0 in_seq=0 out_seq=0
2024-06-02T03:57:54.932 INFO:teuthology.orchestra.run.smithi123.stdout:/usr/bin/ceph: stderr
2024-06-02T03:57:52.219+0000 7fa9fcff9700 1 -- 172.21.15.123:0/242379070 <== mon.0 v2:172.21.15.123:3300/0 1 ==== mon_map magic: 0 v1 ==== 205+0+0 (secure 0 0 0) 0x7fa9f00038b0 con 0x7faa00106710
2024-06-02T03:57:54.932 INFO:teuthology.orchestra.run.smithi123.stdout:/usr/bin/ceph: stderr
2024-06-02T03:57:52.219+0000 7fa9fcff9700 1 -- 172.21.15.123:0/242379070 <== mon.0 v2:172.21.15.123:3300/0 2 ==== config(26 keys) v1 ==== 1074+0+0 (secure 0 0 0) 0x7fa9f0003a10 con 0x7faa00106710
2024-06-02T03:57:54.932 INFO:teuthology.orchestra.run.smithi123.stdout:/usr/bin/ceph: stderr
2024-06-02T03:57:52.219+0000 7faa05b8c700 1 -- 172.21.15.123:0/242379070 --> [v2:172.21.15.123:3300/0,v1:172.21.15.123:6789/0] -- mon_subscribe({mgrmap=0+}) v3 -- 0x7faa0019abe0 con 0x7faa00106710
2024-06-02T03:57:54.932 INFO:teuthology.orchestra.run.smithi123.stdout:/usr/bin/ceph: stderr
2024-06-02T03:57:52.219+0000 7fa9fcff9700 1 -- 172.21.15.123:0/242379070 <== mon.0 v2:172.21.15.123:3300/0 3 ==== mon_map magic: 0 v1 ==== 205+0+0 (secure 0 0 0) 0x7fa9f0019550 con 0x7faa00106710
2024-06-02T03:57:54.932 INFO:teuthology.orchestra.run.smithi123.stdout:/usr/bin/ceph: stderr
2024-06-02T03:57:52.219+0000 7faa05b8c700 1 -- 172.21.15.123:0/242379070 --> [v2:172.21.15.123:3300/0,v1:172.21.15.123:6789/0] -- mon_subscribe({osdmap=0}) v3 -- 0x7faa0019b080 con 0x7faa00106710
2024-06-02T03:57:54.932 INFO:teuthology.orchestra.run.smithi123.stdout:/usr/bin/ceph: stderr
2024-06-02T03:57:52.220+0000 7fa9fcff9700 1 -- 172.21.15.123:0/242379070 <== mon.0 v2:172.21.15.123:3300/0 4 ==== mgrmap(e 8) v1 ==== 45541+0+0 (secure 0 0 0) 0x7fa9f001a960 con 0x7faa00106710
2024-06-02T03:57:54.932 INFO:teuthology.orchestra.run.smithi123.stdout:/usr/bin/ceph: stderr
2024-06-02T03:57:52.220+0000 7faa05b8c700 1 -- 172.21.15.123:0/242379070 --> [v2:172.21.15.123:3300/0,v1:172.21.15.123:6789/0] -- mon_command({"prefix": "get_command_descriptions"} v 0) v1 -- 0x7faa0010aaf0 con 0x7faa00106710
2024-06-02T03:57:54.932 INFO:teuthology.orchestra.run.smithi123.stdout:/usr/bin/ceph: stderr
2024-06-02T03:57:52.220+0000 7fa9fcff9700 1 --2- 172.21.15.123:0/242379070 >> [v2:172.21.15.123:6800/3555101542,v1:172.21.15.123:6801/3555101542] conn(0x7fa9e80386e0 0x7fa9e803aba0 unknown :-1 s=NONE pgs=0 cs=0 l=1 rev1=0 crypto rx=0 tx=0 comp rx=0 tx=0).connect
2024-06-02T03:57:54.932 INFO:teuthology.orchestra.run.smithi123.stdout:/usr/bin/ceph: stderr
2024-06-02T03:57:52.220+0000 7fa9fcff9700 1 -- 172.21.15.123:0/242379070 <== mon.0 v2:172.21.15.123:3300/0 5 ==== osd_map(2..2 src has 1..2) v4 ==== 940+0+0 (secure 0 0 0) 0x7fa9f004c770 con 0x7faa00106710
2024-06-02T03:57:54.933 INFO:teuthology.orchestra.run.smithi123.stdout:/usr/bin/ceph: stderr
2024-06-02T03:57:52.221+0000 7fa9feffd700 1 --2- 172.21.15.123:0/242379070 >> [v2:172.21.15.123:6800/3555101542,v1:172.21.15.123:6801/3555101542] conn(0x7fa9e80386e0 0x7fa9e803aba0 unknown :-1 s=BANNER_CONNECTING pgs=0 cs=0 l=1 rev1=0 crypto rx=0 tx=0 comp rx=0 tx=0)._handle_peer_banner_payload supported=3 required=0
2024-06-02T03:57:54.933 INFO:teuthology.orchestra.run.smithi123.stdout:/usr/bin/ceph: stderr
2024-06-02T03:57:52.221+0000 7fa9feffd700 1 --2- 172.21.15.123:0/242379070 >> [v2:172.21.15.123:6800/3555101542,v1:172.21.15.123:6801/3555101542] conn(0x7fa9e80386e0 0x7fa9e803aba0 secure :-1 s=READY pgs=11 cs=0 l=1 rev1=1 crypto rx=0x7fa9f4006fd0 tx=0x7fa9f4006e40 comp rx=0 tx=0).ready entity=mgr.14120 client_cookie=0 server_cookie=0 in_seq=0 out_seq=0
2024-06-02T03:57:54.933 INFO:teuthology.orchestra.run.smithi123.stdout:/usr/bin/ceph: stderr
2024-06-02T03:57:52.225+0000 7fa9fcff9700 1 -- 172.21.15.123:0/242379070 <== mon.0 v2:172.21.15.123:3300/0 6 ==== mon_command_ack([{"prefix": "get_command_descriptions"}]=0 v0) v1 ==== 72+0+183622 (secure 0 0 0) 0x7fa9f0003b80 con 0x7faa00106710
2024-06-02T03:57:54.933 INFO:teuthology.orchestra.run.smithi123.stdout:/usr/bin/ceph: stderr
2024-06-02T03:57:52.419+0000 7faa05b8c700 1 -- 172.21.15.123:0/242379070 --> [v2:172.21.15.123:6800/3555101542,v1:172.21.15.123:6801/3555101542] -- mgr_command(tid 0: {"prefix": "orch host add", "hostname": "smithi123", "addr": "172.21.15.123", "target": ["mon-mgr", ""]}) v1 -- 0x7faa0019d970 con 0x7fa9e80386e0
2024-06-02T03:57:54.933 INFO:teuthology.orchestra.run.smithi123.stdout:/usr/bin/ceph: stderr
2024-06-02T03:57:54.584+0000 7fa9fcff9700 1 -- 172.21.15.123:0/242379070 <== mgr.14120 v2:172.21.15.123:6800/3555101542 1 ==== mgr_command_reply(tid 0: 0 ) v1 ==== 8+0+49 (secure 0 0 0) 0x7faa0019d970 con 0x7fa9e80386e0
2024-06-02T03:57:54.933 INFO:teuthology.orchestra.run.smithi123.stdout:/usr/bin/ceph: stderr
2024-06-02T03:57:54.587+0000 7faa05b8c700 1 -- 172.21.15.123:0/242379070 >> [v2:172.21.15.123:6800/3555101542,v1:172.21.15.123:6801/3555101542] conn(0x7fa9e80386e0 msgr2=0x7fa9e803aba0 secure :-1 s=STATE_CONNECTION_ESTABLISHED l=1).mark_down
2024-06-02T03:57:54.933 INFO:teuthology.orchestra.run.smithi123.stdout:/usr/bin/ceph: stderr
2024-06-02T03:57:54.587+0000 7faa05b8c700 1 --2- 172.21.15.123:0/242379070 >> [v2:172.21.15.123:6800/3555101542,v1:172.21.15.123:6801/3555101542] conn(0x7fa9e80386e0 0x7fa9e803aba0 secure :-1 s=READY pgs=11 cs=0 l=1 rev1=1 crypto rx=0x7fa9f4006fd0 tx=0x7fa9f4006e40 comp rx=0 tx=0).stop
2024-06-02T03:57:54.933 INFO:teuthology.orchestra.run.smithi123.stdout:/usr/bin/ceph: stderr
2024-06-02T03:57:54.587+0000 7faa05b8c700 1 -- 172.21.15.123:0/242379070 >> [v2:172.21.15.123:3300/0,v1:172.21.15.123:6789/0] conn(0x7faa00106710 msgr2=0x7faa0019a4a0 secure :-1 s=STATE_CONNECTION_ESTABLISHED l=1).mark_down
2024-06-02T03:57:54.933 INFO:teuthology.orchestra.run.smithi123.stdout:/usr/bin/ceph: stderr
2024-06-02T03:57:54.587+0000 7faa05b8c700 1 --2- 172.21.15.123:0/242379070 >> [v2:172.21.15.123:3300/0,v1:172.21.15.123:6789/0] conn(0x7faa00106710 0x7faa0019a4a0 secure :-1 s=READY pgs=46 cs=0 l=1 rev1=1 crypto rx=0x7fa9f0009130 tx=0x7fa9f0011ad0 comp rx=0 tx=0).stop
2024-06-02T03:57:54.933 INFO:teuthology.orchestra.run.smithi123.stdout:/usr/bin/ceph: stderr
2024-06-02T03:57:54.587+0000 7faa05b8c700 1 -- 172.21.15.123:0/242379070 shutdown_connections
2024-06-02T03:57:54.933 INFO:teuthology.orchestra.run.smithi123.stdout:/usr/bin/ceph: stderr
2024-06-02T03:57:54.587+0000 7faa05b8c700 1 --2- 172.21.15.123:0/242379070 >> [v2:172.21.15.123:6800/3555101542,v1:172.21.15.123:6801/3555101542] conn(0x7fa9e80386e0 0x7fa9e803aba0 unknown :-1 s=CLOSED pgs=11 cs=0 l=1 rev1=1 crypto rx=0 tx=0 comp rx=0 tx=0).stop
2024-06-02T03:57:54.933 INFO:teuthology.orchestra.run.smithi123.stdout:/usr/bin/ceph: stderr
2024-06-02T03:57:54.587+0000 7faa05b8c700 1 --2- 172.21.15.123:0/242379070 >> [v2:172.21.15.123:3300/0,v1:172.21.15.123:6789/0] conn(0x7faa00106710 0x7faa0019a4a0 unknown :-1 s=CLOSED pgs=46 cs=0 l=1 rev1=1 crypto rx=0 tx=0 comp rx=0 tx=0).stop
2024-06-02T03:57:54.934 INFO:journalctl@ceph.mon.a.smithi123.stdout:Jun 02 03:57:54 smithi123 ceph-mon[42885]: Deploying cephadm binary to smithi123
2024-06-02T03:57:54.934 INFO:journalctl@ceph.mon.a.smithi123.stdout:Jun 02 03:57:54 smithi123 ceph-mon[42885]: from='mgr.14120 172.21.15.123:0/2131965966' entity='mgr.x'
2024-06-02T03:57:54.934 INFO:journalctl@ceph.mon.a.smithi123.stdout:Jun 02 03:57:54 smithi123 ceph-mon[42885]: from='mgr.14120 172.21.15.123:0/2131965966' entity='mgr.x' cmd=[{"prefix": "config dump", "format": "json"}]: dispatch
2024-06-02T03:57:54.935 INFO:teuthology.orchestra.run.smithi123.stdout:/usr/bin/ceph: stderr
2024-06-02T03:57:54.587+0000 7faa05b8c700 1 -- 172.21.15.123:0/242379070 >> 172.21.15.123:0/242379070 conn(0x7faa00101d30 msgr2=0x7faa00102920 unknown :-1 s=STATE_NONE l=0).mark_down
2024-06-02T03:57:54.935 INFO:teuthology.orchestra.run.smithi123.stdout:/usr/bin/ceph: stderr
2024-06-02T03:57:54.587+0000 7faa05b8c700 1 -- 172.21.15.123:0/242379070 shutdown_connections
2024-06-02T03:57:54.935 INFO:teuthology.orchestra.run.smithi123.stdout:/usr/bin/ceph: stderr
2024-06-02T03:57:54.587+0000 7faa05b8c700 1 -- 172.21.15.123:0/242379070 wait complete.
2024-06-02T03:57:54.935 INFO:teuthology.orchestra.run.smithi123.stdout:Deploying unmanaged mon service...
2024-06-02T03:57:55.773 INFO:journalctl@ceph.mon.a.smithi123.stdout:Jun 02 03:57:55 smithi123 ceph-mon[42885]: Added host smithi123
2024-06-02T03:57:55.774 INFO:journalctl@ceph.mon.a.smithi123.stdout:Jun 02 03:57:55 smithi123 ceph-mon[42885]: from='mgr.14120 172.21.15.123:0/2131965966' entity='mgr.x'
2024-06-02T03:57:56.156 INFO:teuthology.orchestra.run.smithi123.stdout:/usr/bin/ceph: stdout Scheduled mon update...
2024-06-02T03:57:56.156 INFO:teuthology.orchestra.run.smithi123.stdout:/usr/bin/ceph: stderr
2024-06-02T03:57:55.379+0000 7f73ab851700 1 Processor -- start
2024-06-02T03:57:56.156 INFO:teuthology.orchestra.run.smithi123.stdout:/usr/bin/ceph: stderr
2024-06-02T03:57:55.379+0000 7f73ab851700 1 -- start start
2024-06-02T03:57:56.157 INFO:teuthology.orchestra.run.smithi123.stdout:/usr/bin/ceph: stderr
2024-06-02T03:57:55.379+0000 7f73ab851700 1 --2- >> [v2:172.21.15.123:3300/0,v1:172.21.15.123:6789/0] conn(0x7f73a4105600 0x7f73a4105a20 unknown :-1 s=NONE pgs=0 cs=0 l=0 rev1=0 crypto rx=0 tx=0 comp rx=0 tx=0).connect
2024-06-02T03:57:56.157 INFO:teuthology.orchestra.run.smithi123.stdout:/usr/bin/ceph: stderr
2024-06-02T03:57:55.379+0000 7f73ab851700 1 -- --> [v2:172.21.15.123:3300/0,v1:172.21.15.123:6789/0] -- mon_getmap magic: 0 v1 -- 0x7f73a4105ff0 con 0x7f73a4105600
2024-06-02T03:57:56.157 INFO:teuthology.orchestra.run.smithi123.stdout:/usr/bin/ceph: stderr
2024-06-02T03:57:55.379+0000 7f73a95ed700 1 --2- >> [v2:172.21.15.123:3300/0,v1:172.21.15.123:6789/0] conn(0x7f73a4105600 0x7f73a4105a20 unknown :-1 s=BANNER_CONNECTING pgs=0 cs=0 l=0 rev1=0 crypto rx=0 tx=0 comp rx=0 tx=0)._handle_peer_banner_payload supported=3 required=0
2024-06-02T03:57:56.157 INFO:teuthology.orchestra.run.smithi123.stdout:/usr/bin/ceph: stderr
2024-06-02T03:57:55.379+0000 7f73a95ed700 1 --2- >> [v2:172.21.15.123:3300/0,v1:172.21.15.123:6789/0] conn(0x7f73a4105600 0x7f73a4105a20 unknown :-1 s=HELLO_CONNECTING pgs=0 cs=0 l=0 rev1=1 crypto rx=0 tx=0 comp rx=0 tx=0).handle_hello peer v2:172.21.15.123:3300/0 says I am v2:172.21.15.123:53316/0 (socket says 172.21.15.123:53316)
2024-06-02T03:57:56.157 INFO:teuthology.orchestra.run.smithi123.stdout:/usr/bin/ceph: stderr
2024-06-02T03:57:55.379+0000 7f73a95ed700 1 -- 172.21.15.123:0/3921448636 learned_addr learned my addr 172.21.15.123:0/3921448636 (peer_addr_for_me v2:172.21.15.123:0/0)
2024-06-02T03:57:56.157 INFO:teuthology.orchestra.run.smithi123.stdout:/usr/bin/ceph: stderr
2024-06-02T03:57:55.379+0000 7f73a95ed700 1 -- 172.21.15.123:0/3921448636 --> [v2:172.21.15.123:3300/0,v1:172.21.15.123:6789/0] -- mon_subscribe({config=0+,monmap=0+}) v3 -- 0x7f73a4106800 con 0x7f73a4105600
2024-06-02T03:57:56.157 INFO:teuthology.orchestra.run.smithi123.stdout:/usr/bin/ceph: stderr
2024-06-02T03:57:55.379+0000 7f73a95ed700 1 --2- 172.21.15.123:0/3921448636 >> [v2:172.21.15.123:3300/0,v1:172.21.15.123:6789/0] conn(0x7f73a4105600 0x7f73a4105a20 secure :-1 s=READY pgs=47 cs=0 l=1 rev1=1 crypto rx=0x7f7394009e80 tx=0x7f739400b330 comp rx=0 tx=0).ready entity=mon.0 client_cookie=74e9f79f8559f2c6 server_cookie=0 in_seq=0 out_seq=0
2024-06-02T03:57:56.157 INFO:teuthology.orchestra.run.smithi123.stdout:/usr/bin/ceph: stderr
2024-06-02T03:57:55.380+0000 7f73a3fff700 1 -- 172.21.15.123:0/3921448636 <== mon.0 v2:172.21.15.123:3300/0 1 ==== mon_map magic: 0 v1 ==== 205+0+0 (secure 0 0 0) 0x7f739400e070 con 0x7f73a4105600
2024-06-02T03:57:56.157 INFO:teuthology.orchestra.run.smithi123.stdout:/usr/bin/ceph: stderr
2024-06-02T03:57:55.380+0000 7f73a3fff700 1 -- 172.21.15.123:0/3921448636 <== mon.0 v2:172.21.15.123:3300/0 2 ==== config(26 keys) v1 ==== 1074+0+0 (secure 0 0 0) 0x7f739400b8c0 con 0x7f73a4105600
2024-06-02T03:57:56.157 INFO:teuthology.orchestra.run.smithi123.stdout:/usr/bin/ceph: stderr
2024-06-02T03:57:55.380+0000 7f73a3fff700 1 -- 172.21.15.123:0/3921448636 <== mon.0 v2:172.21.15.123:3300/0 3 ==== mon_map magic: 0 v1 ==== 205+0+0 (secure 0 0 0) 0x7f73940044c0 con 0x7f73a4105600
2024-06-02T03:57:56.157 INFO:teuthology.orchestra.run.smithi123.stdout:/usr/bin/ceph: stderr
2024-06-02T03:57:55.380+0000 7f73ab851700 1 -- 172.21.15.123:0/3921448636 >> [v2:172.21.15.123:3300/0,v1:172.21.15.123:6789/0] conn(0x7f73a4105600 msgr2=0x7f73a4105a20 secure :-1 s=STATE_CONNECTION_ESTABLISHED l=1).mark_down
2024-06-02T03:57:56.157 INFO:teuthology.orchestra.run.smithi123.stdout:/usr/bin/ceph: stderr
2024-06-02T03:57:55.380+0000 7f73ab851700 1 --2- 172.21.15.123:0/3921448636 >> [v2:172.21.15.123:3300/0,v1:172.21.15.123:6789/0] conn(0x7f73a4105600 0x7f73a4105a20 secure :-1 s=READY pgs=47 cs=0 l=1 rev1=1 crypto rx=0x7f7394009e80 tx=0x7f739400b330 comp rx=0 tx=0).stop
2024-06-02T03:57:56.158 INFO:teuthology.orchestra.run.smithi123.stdout:/usr/bin/ceph: stderr
2024-06-02T03:57:55.380+0000 7f73ab851700 1 -- 172.21.15.123:0/3921448636 shutdown_connections
2024-06-02T03:57:56.158 INFO:teuthology.orchestra.run.smithi123.stdout:/usr/bin/ceph: stderr
2024-06-02T03:57:55.380+0000 7f73ab851700 1 --2- 172.21.15.123:0/3921448636 >> [v2:172.21.15.123:3300/0,v1:172.21.15.123:6789/0] conn(0x7f73a4105600 0x7f73a4105a20 unknown :-1 s=CLOSED pgs=47 cs=0 l=1 rev1=1 crypto rx=0 tx=0 comp rx=0 tx=0).stop
2024-06-02T03:57:56.158 INFO:teuthology.orchestra.run.smithi123.stdout:/usr/bin/ceph: stderr
2024-06-02T03:57:55.380+0000 7f73ab851700 1 -- 172.21.15.123:0/3921448636 >> 172.21.15.123:0/3921448636 conn(0x7f73a4100bc0 msgr2=0x7f73a4102fe0 unknown :-1 s=STATE_NONE l=0).mark_down
2024-06-02T03:57:56.158 INFO:teuthology.orchestra.run.smithi123.stdout:/usr/bin/ceph: stderr
2024-06-02T03:57:55.380+0000 7f73ab851700 1 -- 172.21.15.123:0/3921448636 shutdown_connections
2024-06-02T03:57:56.158 INFO:teuthology.orchestra.run.smithi123.stdout:/usr/bin/ceph: stderr
2024-06-02T03:57:55.380+0000 7f73ab851700 1 -- 172.21.15.123:0/3921448636 wait complete.
2024-06-02T03:57:56.158 INFO:teuthology.orchestra.run.smithi123.stdout:/usr/bin/ceph: stderr
2024-06-02T03:57:55.381+0000 7f73ab851700 1 Processor -- start
2024-06-02T03:57:56.158 INFO:teuthology.orchestra.run.smithi123.stdout:/usr/bin/ceph: stderr
2024-06-02T03:57:55.381+0000 7f73ab851700 1 -- start start
2024-06-02T03:57:56.158 INFO:teuthology.orchestra.run.smithi123.stdout:/usr/bin/ceph: stderr
2024-06-02T03:57:55.381+0000 7f73ab851700 1 --2- >> [v2:172.21.15.123:3300/0,v1:172.21.15.123:6789/0] conn(0x7f73a4105600 0x7f73a4079a00 unknown :-1 s=NONE pgs=0 cs=0 l=1 rev1=0 crypto rx=0 tx=0 comp rx=0 tx=0).connect
2024-06-02T03:57:56.158 INFO:teuthology.orchestra.run.smithi123.stdout:/usr/bin/ceph: stderr
2024-06-02T03:57:55.381+0000 7f73ab851700 1 -- --> [v2:172.21.15.123:3300/0,v1:172.21.15.123:6789/0] -- mon_getmap magic: 0 v1 -- 0x7f73a4079f40 con 0x7f73a4105600
2024-06-02T03:57:56.158 INFO:teuthology.orchestra.run.smithi123.stdout:/usr/bin/ceph: stderr
2024-06-02T03:57:55.381+0000 7f73a95ed700 1 --2- >> [v2:172.21.15.123:3300/0,v1:172.21.15.123:6789/0] conn(0x7f73a4105600 0x7f73a4079a00 unknown :-1 s=BANNER_CONNECTING pgs=0 cs=0 l=1 rev1=0 crypto rx=0 tx=0 comp rx=0 tx=0)._handle_peer_banner_payload supported=3 required=0
2024-06-02T03:57:56.158 INFO:teuthology.orchestra.run.smithi123.stdout:/usr/bin/ceph: stderr
2024-06-02T03:57:55.381+0000 7f73a95ed700 1 --2- >> [v2:172.21.15.123:3300/0,v1:172.21.15.123:6789/0] conn(0x7f73a4105600 0x7f73a4079a00 unknown :-1 s=HELLO_CONNECTING pgs=0 cs=0 l=1 rev1=1 crypto rx=0 tx=0 comp rx=0 tx=0).handle_hello peer v2:172.21.15.123:3300/0 says I am v2:172.21.15.123:53318/0 (socket says 172.21.15.123:53318)
2024-06-02T03:57:56.158 INFO:teuthology.orchestra.run.smithi123.stdout:/usr/bin/ceph: stderr
2024-06-02T03:57:55.381+0000 7f73a95ed700 1 -- 172.21.15.123:0/1593376491 learned_addr learned my addr 172.21.15.123:0/1593376491 (peer_addr_for_me v2:172.21.15.123:0/0)
2024-06-02T03:57:56.159 INFO:teuthology.orchestra.run.smithi123.stdout:/usr/bin/ceph: stderr
2024-06-02T03:57:55.381+0000 7f73a95ed700 1 -- 172.21.15.123:0/1593376491 --> [v2:172.21.15.123:3300/0,v1:172.21.15.123:6789/0] -- mon_subscribe({config=0+,monmap=0+}) v3 -- 0x7f7394009b30 con 0x7f73a4105600
2024-06-02T03:57:56.159 INFO:teuthology.orchestra.run.smithi123.stdout:/usr/bin/ceph: stderr
2024-06-02T03:57:55.382+0000 7f73a95ed700 1 --2- 172.21.15.123:0/1593376491 >> [v2:172.21.15.123:3300/0,v1:172.21.15.123:6789/0] conn(0x7f73a4105600 0x7f73a4079a00 secure :-1 s=READY pgs=48 cs=0 l=1 rev1=1 crypto rx=0x7f7394009e50 tx=0x7f7394004610 comp rx=0 tx=0).ready entity=mon.0 client_cookie=0 server_cookie=0 in_seq=0 out_seq=0
2024-06-02T03:57:56.159 INFO:teuthology.orchestra.run.smithi123.stdout:/usr/bin/ceph: stderr
2024-06-02T03:57:55.382+0000 7f73a27fc700 1 -- 172.21.15.123:0/1593376491 <== mon.0 v2:172.21.15.123:3300/0 1 ==== mon_map magic: 0 v1 ==== 205+0+0 (secure 0 0 0) 0x7f739400e040 con 0x7f73a4105600
2024-06-02T03:57:56.159 INFO:teuthology.orchestra.run.smithi123.stdout:/usr/bin/ceph: stderr
2024-06-02T03:57:55.382+0000 7f73a27fc700 1 -- 172.21.15.123:0/1593376491 <== mon.0 v2:172.21.15.123:3300/0 2 ==== config(26 keys) v1 ==== 1074+0+0 (secure 0 0 0) 0x7f739400bd70 con 0x7f73a4105600
2024-06-02T03:57:56.159 INFO:teuthology.orchestra.run.smithi123.stdout:/usr/bin/ceph: stderr
2024-06-02T03:57:55.382+0000 7f73ab851700 1 -- 172.21.15.123:0/1593376491 --> [v2:172.21.15.123:3300/0,v1:172.21.15.123:6789/0] -- mon_subscribe({mgrmap=0+}) v3 -- 0x7f73a419d1a0 con 0x7f73a4105600
2024-06-02T03:57:56.159 INFO:teuthology.orchestra.run.smithi123.stdout:/usr/bin/ceph: stderr
2024-06-02T03:57:55.382+0000 7f73a27fc700 1 -- 172.21.15.123:0/1593376491 <== mon.0 v2:172.21.15.123:3300/0 3 ==== mon_map magic: 0 v1 ==== 205+0+0 (secure 0 0 0) 0x7f739401c730 con 0x7f73a4105600
2024-06-02T03:57:56.159 INFO:teuthology.orchestra.run.smithi123.stdout:/usr/bin/ceph: stderr
2024-06-02T03:57:55.382+0000 7f73ab851700 1 -- 172.21.15.123:0/1593376491 --> [v2:172.21.15.123:3300/0,v1:172.21.15.123:6789/0] -- mon_subscribe({osdmap=0}) v3 -- 0x7f73a419d6a0 con 0x7f73a4105600
2024-06-02T03:57:56.159 INFO:teuthology.orchestra.run.smithi123.stdout:/usr/bin/ceph: stderr
2024-06-02T03:57:55.382+0000 7f73a27fc700 1 -- 172.21.15.123:0/1593376491 <== mon.0 v2:172.21.15.123:3300/0 4 ==== mgrmap(e 8) v1 ==== 45541+0+0 (secure 0 0 0) 0x7f739401c970 con 0x7f73a4105600
2024-06-02T03:57:56.159 INFO:teuthology.orchestra.run.smithi123.stdout:/usr/bin/ceph: stderr
2024-06-02T03:57:55.383+0000 7f73a27fc700 1 --2- 172.21.15.123:0/1593376491 >> [v2:172.21.15.123:6800/3555101542,v1:172.21.15.123:6801/3555101542] conn(0x7f738c0386b0 0x7f738c03ab70 unknown :-1 s=NONE pgs=0 cs=0 l=1 rev1=0 crypto rx=0 tx=0 comp rx=0 tx=0).connect
2024-06-02T03:57:56.159 INFO:teuthology.orchestra.run.smithi123.stdout:/usr/bin/ceph: stderr
2024-06-02T03:57:55.383+0000 7f73a27fc700 1 -- 172.21.15.123:0/1593376491 <== mon.0 v2:172.21.15.123:3300/0 5 ==== osd_map(2..2 src has 1..2) v4 ==== 940+0+0 (secure 0 0 0) 0x7f739404c6f0 con 0x7f73a4105600
2024-06-02T03:57:56.159 INFO:teuthology.orchestra.run.smithi123.stdout:/usr/bin/ceph: stderr
2024-06-02T03:57:55.383+0000 7f73ab851700 1 -- 172.21.15.123:0/1593376491 --> [v2:172.21.15.123:3300/0,v1:172.21.15.123:6789/0] -- mon_command({"prefix": "get_command_descriptions"} v 0) v1 -- 0x7f73a4109a30 con 0x7f73a4105600
2024-06-02T03:57:56.159 INFO:teuthology.orchestra.run.smithi123.stdout:/usr/bin/ceph: stderr
2024-06-02T03:57:55.383+0000 7f73a8dec700 1 --2- 172.21.15.123:0/1593376491 >> [v2:172.21.15.123:6800/3555101542,v1:172.21.15.123:6801/3555101542] conn(0x7f738c0386b0 0x7f738c03ab70 unknown :-1 s=BANNER_CONNECTING pgs=0 cs=0 l=1 rev1=0 crypto rx=0 tx=0 comp rx=0 tx=0)._handle_peer_banner_payload supported=3 required=0
2024-06-02T03:57:56.160 INFO:teuthology.orchestra.run.smithi123.stdout:/usr/bin/ceph: stderr
2024-06-02T03:57:55.383+0000 7f73a8dec700 1 --2- 172.21.15.123:0/1593376491 >> [v2:172.21.15.123:6800/3555101542,v1:172.21.15.123:6801/3555101542] conn(0x7f738c0386b0 0x7f738c03ab70 secure :-1 s=READY pgs=12 cs=0 l=1 rev1=1 crypto rx=0x7f7398006fd0 tx=0x7f7398006e40 comp rx=0 tx=0).ready entity=mgr.14120 client_cookie=0 server_cookie=0 in_seq=0 out_seq=0
2024-06-02T03:57:56.160 INFO:teuthology.orchestra.run.smithi123.stdout:/usr/bin/ceph: stderr
2024-06-02T03:57:55.388+0000 7f73a27fc700 1 -- 172.21.15.123:0/1593376491 <== mon.0 v2:172.21.15.123:3300/0 6 ==== mon_command_ack([{"prefix": "get_command_descriptions"}]=0 v0) v1 ==== 72+0+183622 (secure 0 0 0) 0x7f7394017070 con 0x7f73a4105600
2024-06-02T03:57:56.160 INFO:teuthology.orchestra.run.smithi123.stdout:/usr/bin/ceph: stderr
2024-06-02T03:57:55.603+0000 7f73ab851700 1 -- 172.21.15.123:0/1593376491 --> [v2:172.21.15.123:6800/3555101542,v1:172.21.15.123:6801/3555101542] -- mgr_command(tid 0: {"prefix": "orch apply", "service_type": "mon", "unmanaged": true, "target": ["mon-mgr", ""]}) v1 -- 0x7f73a4101eb0 con 0x7f738c0386b0
2024-06-02T03:57:56.160 INFO:teuthology.orchestra.run.smithi123.stdout:/usr/bin/ceph: stderr
2024-06-02T03:57:55.608+0000 7f73a27fc700 1 -- 172.21.15.123:0/1593376491 <== mgr.14120 v2:172.21.15.123:6800/3555101542 1 ==== mgr_command_reply(tid 0: 0 ) v1 ==== 8+0+24 (secure 0 0 0) 0x7f73a4101eb0 con 0x7f738c0386b0
2024-06-02T03:57:56.160 INFO:teuthology.orchestra.run.smithi123.stdout:/usr/bin/ceph: stderr
2024-06-02T03:57:55.609+0000 7f73ab851700 1 -- 172.21.15.123:0/1593376491 >> [v2:172.21.15.123:6800/3555101542,v1:172.21.15.123:6801/3555101542] conn(0x7f738c0386b0 msgr2=0x7f738c03ab70 secure :-1 s=STATE_CONNECTION_ESTABLISHED l=1).mark_down
2024-06-02T03:57:56.160 INFO:teuthology.orchestra.run.smithi123.stdout:/usr/bin/ceph: stderr
2024-06-02T03:57:55.609+0000 7f73ab851700 1 --2- 172.21.15.123:0/1593376491 >> [v2:172.21.15.123:6800/3555101542,v1:172.21.15.123:6801/3555101542] conn(0x7f738c0386b0 0x7f738c03ab70 secure :-1 s=READY pgs=12 cs=0 l=1 rev1=1 crypto rx=0x7f7398006fd0 tx=0x7f7398006e40 comp rx=0 tx=0).stop
2024-06-02T03:57:56.160 INFO:teuthology.orchestra.run.smithi123.stdout:/usr/bin/ceph: stderr
2024-06-02T03:57:55.609+0000 7f73ab851700 1 -- 172.21.15.123:0/1593376491 >> [v2:172.21.15.123:3300/0,v1:172.21.15.123:6789/0] conn(0x7f73a4105600 msgr2=0x7f73a4079a00 secure :-1 s=STATE_CONNECTION_ESTABLISHED l=1).mark_down
2024-06-02T03:57:56.160 INFO:teuthology.orchestra.run.smithi123.stdout:/usr/bin/ceph: stderr
2024-06-02T03:57:55.609+0000 7f73ab851700 1 --2- 172.21.15.123:0/1593376491 >> [v2:172.21.15.123:3300/0,v1:172.21.15.123:6789/0] conn(0x7f73a4105600 0x7f73a4079a00 secure :-1 s=READY pgs=48 cs=0 l=1 rev1=1 crypto rx=0x7f7394009e50 tx=0x7f7394004610 comp rx=0 tx=0).stop
2024-06-02T03:57:56.160 INFO:teuthology.orchestra.run.smithi123.stdout:/usr/bin/ceph: stderr
2024-06-02T03:57:55.610+0000 7f73ab851700 1 -- 172.21.15.123:0/1593376491 shutdown_connections
2024-06-02T03:57:56.160 INFO:teuthology.orchestra.run.smithi123.stdout:/usr/bin/ceph: stderr
2024-06-02T03:57:55.610+0000 7f73ab851700 1 --2- 172.21.15.123:0/1593376491 >> [v2:172.21.15.123:6800/3555101542,v1:172.21.15.123:6801/3555101542] conn(0x7f738c0386b0 0x7f738c03ab70 unknown :-1 s=CLOSED pgs=12 cs=0 l=1 rev1=1 crypto rx=0 tx=0 comp rx=0 tx=0).stop
2024-06-02T03:57:56.160 INFO:teuthology.orchestra.run.smithi123.stdout:/usr/bin/ceph: stderr
2024-06-02T03:57:55.610+0000 7f73ab851700 1 --2- 172.21.15.123:0/1593376491 >> [v2:172.21.15.123:3300/0,v1:172.21.15.123:6789/0] conn(0x7f73a4105600 0x7f73a4079a00 unknown :-1 s=CLOSED pgs=48 cs=0 l=1 rev1=1 crypto rx=0 tx=0 comp rx=0 tx=0).stop
2024-06-02T03:57:56.160 INFO:teuthology.orchestra.run.smithi123.stdout:/usr/bin/ceph: stderr
2024-06-02T03:57:55.610+0000 7f73ab851700 1 -- 172.21.15.123:0/1593376491 >> 172.21.15.123:0/1593376491 conn(0x7f73a4100bc0 msgr2=0x7f73a41017a0 unknown :-1 s=STATE_NONE l=0).mark_down
2024-06-02T03:57:56.160 INFO:teuthology.orchestra.run.smithi123.stdout:/usr/bin/ceph: stderr
2024-06-02T03:57:55.610+0000 7f73ab851700 1 -- 172.21.15.123:0/1593376491 shutdown_connections
2024-06-02T03:57:56.161 INFO:teuthology.orchestra.run.smithi123.stdout:/usr/bin/ceph: stderr
2024-06-02T03:57:55.610+0000 7f73ab851700 1 -- 172.21.15.123:0/1593376491 wait complete.
2024-06-02T03:57:56.161 INFO:teuthology.orchestra.run.smithi123.stdout:Deploying unmanaged mgr service...
2024-06-02T03:57:57.072 INFO:journalctl@ceph.mon.a.smithi123.stdout:Jun 02 03:57:56 smithi123 ceph-mon[42885]: from='client.14142 -' entity='client.admin' cmd=[{"prefix": "orch apply", "service_type": "mon", "unmanaged": true, "target": ["mon-mgr", ""]}]: dispatch
2024-06-02T03:57:57.072 INFO:journalctl@ceph.mon.a.smithi123.stdout:Jun 02 03:57:56 smithi123 ceph-mon[42885]: Saving service mon spec with placement count:5
2024-06-02T03:57:57.072 INFO:journalctl@ceph.mon.a.smithi123.stdout:Jun 02 03:57:56 smithi123 ceph-mon[42885]: from='mgr.14120 172.21.15.123:0/2131965966' entity='mgr.x'
2024-06-02T03:57:57.072 INFO:journalctl@ceph.mon.a.smithi123.stdout:Jun 02 03:57:56 smithi123 ceph-mon[42885]: from='mgr.14120 172.21.15.123:0/2131965966' entity='mgr.x'
2024-06-02T03:57:57.262 INFO:teuthology.orchestra.run.smithi123.stdout:/usr/bin/ceph: stdout Scheduled mgr update...
2024-06-02T03:57:57.263 INFO:teuthology.orchestra.run.smithi123.stdout:/usr/bin/ceph: stderr
2024-06-02T03:57:56.521+0000 7f20dae13700 1 Processor -- start
2024-06-02T03:57:57.263 INFO:teuthology.orchestra.run.smithi123.stdout:/usr/bin/ceph: stderr
2024-06-02T03:57:56.521+0000 7f20dae13700 1 -- start start
2024-06-02T03:57:57.263 INFO:teuthology.orchestra.run.smithi123.stdout:/usr/bin/ceph: stderr
2024-06-02T03:57:56.521+0000 7f20dae13700 1 --2- >> [v2:172.21.15.123:3300/0,v1:172.21.15.123:6789/0] conn(0x7f20d4106bf0 0x7f20d4107010 unknown :-1 s=NONE pgs=0 cs=0 l=0 rev1=0 crypto rx=0 tx=0 comp rx=0 tx=0).connect
2024-06-02T03:57:57.263 INFO:teuthology.orchestra.run.smithi123.stdout:/usr/bin/ceph: stderr
2024-06-02T03:57:56.521+0000 7f20dae13700 1 -- --> [v2:172.21.15.123:3300/0,v1:172.21.15.123:6789/0] -- mon_getmap magic: 0 v1 -- 0x7f20d41075e0 con 0x7f20d4106bf0
2024-06-02T03:57:57.263 INFO:teuthology.orchestra.run.smithi123.stdout:/usr/bin/ceph: stderr
2024-06-02T03:57:56.521+0000 7f20d8baf700 1 --2- >> [v2:172.21.15.123:3300/0,v1:172.21.15.123:6789/0] conn(0x7f20d4106bf0 0x7f20d4107010 unknown :-1 s=BANNER_CONNECTING pgs=0 cs=0 l=0 rev1=0 crypto rx=0 tx=0 comp rx=0 tx=0)._handle_peer_banner_payload supported=3 required=0
2024-06-02T03:57:57.263 INFO:teuthology.orchestra.run.smithi123.stdout:/usr/bin/ceph: stderr
2024-06-02T03:57:56.521+0000 7f20d8baf700 1 --2- >> [v2:172.21.15.123:3300/0,v1:172.21.15.123:6789/0] conn(0x7f20d4106bf0 0x7f20d4107010 unknown :-1 s=HELLO_CONNECTING pgs=0 cs=0 l=0 rev1=1 crypto rx=0 tx=0 comp rx=0 tx=0).handle_hello peer v2:172.21.15.123:3300/0 says I am v2:172.21.15.123:53332/0 (socket says 172.21.15.123:53332)
2024-06-02T03:57:57.263 INFO:teuthology.orchestra.run.smithi123.stdout:/usr/bin/ceph: stderr
2024-06-02T03:57:56.521+0000 7f20d8baf700 1 -- 172.21.15.123:0/3498585620 learned_addr learned my addr 172.21.15.123:0/3498585620 (peer_addr_for_me v2:172.21.15.123:0/0)
2024-06-02T03:57:57.263 INFO:teuthology.orchestra.run.smithi123.stdout:/usr/bin/ceph: stderr
2024-06-02T03:57:56.522+0000 7f20d8baf700 1 -- 172.21.15.123:0/3498585620 --> [v2:172.21.15.123:3300/0,v1:172.21.15.123:6789/0] -- mon_subscribe({config=0+,monmap=0+}) v3 -- 0x7f20d4107720 con 0x7f20d4106bf0
2024-06-02T03:57:57.263 INFO:teuthology.orchestra.run.smithi123.stdout:/usr/bin/ceph: stderr
2024-06-02T03:57:56.522+0000 7f20d8baf700 1 --2- 172.21.15.123:0/3498585620 >> [v2:172.21.15.123:3300/0,v1:172.21.15.123:6789/0] conn(0x7f20d4106bf0 0x7f20d4107010 secure :-1 s=READY pgs=49 cs=0 l=1 rev1=1 crypto rx=0x7f20c80098a0 tx=0x7f20c8009bb0 comp rx=0 tx=0).ready entity=mon.0 client_cookie=6dd90f305385ee71 server_cookie=0 in_seq=0 out_seq=0
2024-06-02T03:57:57.263 INFO:teuthology.orchestra.run.smithi123.stdout:/usr/bin/ceph: stderr
2024-06-02T03:57:56.522+0000 7f20d37fe700 1 -- 172.21.15.123:0/3498585620 <== mon.0 v2:172.21.15.123:3300/0 1 ==== mon_map magic: 0 v1 ==== 205+0+0 (secure 0 0 0) 0x7f20c8004160 con 0x7f20d4106bf0
2024-06-02T03:57:57.263 INFO:teuthology.orchestra.run.smithi123.stdout:/usr/bin/ceph: stderr
2024-06-02T03:57:56.522+0000 7f20d37fe700 1 -- 172.21.15.123:0/3498585620 <== mon.0 v2:172.21.15.123:3300/0 2 ==== config(26 keys) v1 ==== 1105+0+0 (secure 0 0 0) 0x7f20c80042c0 con 0x7f20d4106bf0
2024-06-02T03:57:57.263 INFO:teuthology.orchestra.run.smithi123.stdout:/usr/bin/ceph: stderr
2024-06-02T03:57:56.522+0000 7f20d37fe700 1 -- 172.21.15.123:0/3498585620 <== mon.0 v2:172.21.15.123:3300/0 3 ==== mon_map magic: 0 v1 ==== 205+0+0 (secure 0 0 0) 0x7f20c80119b0 con 0x7f20d4106bf0
2024-06-02T03:57:57.264 INFO:teuthology.orchestra.run.smithi123.stdout:/usr/bin/ceph: stderr
2024-06-02T03:57:56.522+0000 7f20dae13700 1 -- 172.21.15.123:0/3498585620 >> [v2:172.21.15.123:3300/0,v1:172.21.15.123:6789/0] conn(0x7f20d4106bf0 msgr2=0x7f20d4107010 secure :-1 s=STATE_CONNECTION_ESTABLISHED l=1).mark_down
2024-06-02T03:57:57.264 INFO:teuthology.orchestra.run.smithi123.stdout:/usr/bin/ceph: stderr
2024-06-02T03:57:56.522+0000 7f20dae13700 1 --2- 172.21.15.123:0/3498585620 >> [v2:172.21.15.123:3300/0,v1:172.21.15.123:6789/0] conn(0x7f20d4106bf0 0x7f20d4107010 secure :-1 s=READY pgs=49 cs=0 l=1 rev1=1 crypto rx=0x7f20c80098a0 tx=0x7f20c8009bb0 comp rx=0 tx=0).stop
2024-06-02T03:57:57.264 INFO:teuthology.orchestra.run.smithi123.stdout:/usr/bin/ceph: stderr
2024-06-02T03:57:56.522+0000 7f20dae13700 1 -- 172.21.15.123:0/3498585620 shutdown_connections
2024-06-02T03:57:57.264 INFO:teuthology.orchestra.run.smithi123.stdout:/usr/bin/ceph: stderr
2024-06-02T03:57:56.522+0000 7f20dae13700 1 --2- 172.21.15.123:0/3498585620 >> [v2:172.21.15.123:3300/0,v1:172.21.15.123:6789/0] conn(0x7f20d4106bf0 0x7f20d4107010 unknown :-1 s=CLOSED pgs=49 cs=0 l=1 rev1=1 crypto rx=0 tx=0 comp rx=0 tx=0).stop
2024-06-02T03:57:57.264 INFO:teuthology.orchestra.run.smithi123.stdout:/usr/bin/ceph: stderr
2024-06-02T03:57:56.523+0000 7f20dae13700 1 -- 172.21.15.123:0/3498585620 >> 172.21.15.123:0/3498585620 conn(0x7f20d4100320 msgr2=0x7f20d4102780 unknown :-1 s=STATE_NONE l=0).mark_down
2024-06-02T03:57:57.264 INFO:teuthology.orchestra.run.smithi123.stdout:/usr/bin/ceph: stderr
2024-06-02T03:57:56.523+0000 7f20dae13700 1 -- 172.21.15.123:0/3498585620 shutdown_connections
2024-06-02T03:57:57.264 INFO:teuthology.orchestra.run.smithi123.stdout:/usr/bin/ceph: stderr
2024-06-02T03:57:56.523+0000 7f20dae13700 1 -- 172.21.15.123:0/3498585620 wait complete.
2024-06-02T03:57:57.264 INFO:teuthology.orchestra.run.smithi123.stdout:/usr/bin/ceph: stderr
2024-06-02T03:57:56.523+0000 7f20dae13700 1 Processor -- start
2024-06-02T03:57:57.264 INFO:teuthology.orchestra.run.smithi123.stdout:/usr/bin/ceph: stderr
2024-06-02T03:57:56.523+0000 7f20dae13700 1 -- start start
2024-06-02T03:57:57.264 INFO:teuthology.orchestra.run.smithi123.stdout:/usr/bin/ceph: stderr
2024-06-02T03:57:56.523+0000 7f20dae13700 1 --2- >> [v2:172.21.15.123:3300/0,v1:172.21.15.123:6789/0] conn(0x7f20d4106bf0 0x7f20d419c710 unknown :-1 s=NONE pgs=0 cs=0 l=1 rev1=0 crypto rx=0 tx=0 comp rx=0 tx=0).connect
2024-06-02T03:57:57.264 INFO:teuthology.orchestra.run.smithi123.stdout:/usr/bin/ceph: stderr
2024-06-02T03:57:56.523+0000 7f20dae13700 1 -- --> [v2:172.21.15.123:3300/0,v1:172.21.15.123:6789/0] -- mon_getmap magic: 0 v1 -- 0x7f20d419cc50 con 0x7f20d4106bf0
2024-06-02T03:57:57.264 INFO:teuthology.orchestra.run.smithi123.stdout:/usr/bin/ceph: stderr
2024-06-02T03:57:56.524+0000 7f20d8baf700 1 --2- >> [v2:172.21.15.123:3300/0,v1:172.21.15.123:6789/0] conn(0x7f20d4106bf0 0x7f20d419c710 unknown :-1 s=BANNER_CONNECTING pgs=0 cs=0 l=1 rev1=0 crypto rx=0 tx=0 comp rx=0 tx=0)._handle_peer_banner_payload supported=3 required=0
2024-06-02T03:57:57.264 INFO:teuthology.orchestra.run.smithi123.stdout:/usr/bin/ceph: stderr
2024-06-02T03:57:56.524+0000 7f20d8baf700 1 --2- >> [v2:172.21.15.123:3300/0,v1:172.21.15.123:6789/0] conn(0x7f20d4106bf0 0x7f20d419c710 unknown :-1 s=HELLO_CONNECTING pgs=0 cs=0 l=1 rev1=1 crypto rx=0 tx=0 comp rx=0 tx=0).handle_hello peer v2:172.21.15.123:3300/0 says I am v2:172.21.15.123:53334/0 (socket says 172.21.15.123:53334)
2024-06-02T03:57:57.265 INFO:teuthology.orchestra.run.smithi123.stdout:/usr/bin/ceph: stderr
