2024-06-01T00:46:02.639 INFO:teuthology.orchestra.run.smithi079.stdout:/usr/bin/ceph: stderr
2024-06-01T00:46:01.891+0000 7fde1cff9640 1 -- 172.21.15.79:0/2579570594 <== mon.0 v2:172.21.15.79:3300/0 5 ==== osd_map(2..2 src has 1..2) v4 ==== 940+0+0 (secure 0 0 0) 0x7fde1006a7a0 con 0x7fde201044d0
2024-06-01T00:46:02.639 INFO:teuthology.orchestra.run.smithi079.stdout:/usr/bin/ceph: stderr
2024-06-01T00:46:01.891+0000 7fde1effd640 1 --2- 172.21.15.79:0/2579570594 >> [v2:172.21.15.79:6800/1904937508,v1:172.21.15.79:6801/1904937508] conn(0x7fde08037860 0x7fde08039d20 unknown :-1 s=BANNER_CONNECTING pgs=0 cs=0 l=1 rev1=0 crypto rx=0 tx=0 comp rx=0 tx=0)._handle_peer_banner_payload supported=3 required=0
2024-06-01T00:46:02.639 INFO:teuthology.orchestra.run.smithi079.stdout:/usr/bin/ceph: stderr
2024-06-01T00:46:01.892+0000 7fde1effd640 1 --2- 172.21.15.79:0/2579570594 >> [v2:172.21.15.79:6800/1904937508,v1:172.21.15.79:6801/1904937508] conn(0x7fde08037860 0x7fde08039d20 secure :-1 s=READY pgs=10 cs=0 l=1 rev1=1 crypto rx=0x7fde140098c0 tx=0x7fde14006db0 comp rx=0 tx=0).ready entity=mgr.14118 client_cookie=0 server_cookie=0 in_seq=0 out_seq=0
2024-06-01T00:46:02.639 INFO:teuthology.orchestra.run.smithi079.stdout:/usr/bin/ceph: stderr
2024-06-01T00:46:01.896+0000 7fde1cff9640 1 -- 172.21.15.79:0/2579570594 <== mon.0 v2:172.21.15.79:3300/0 6 ==== mon_command_ack([{"prefix": "get_command_descriptions"}]=0 v0) v1 ==== 72+0+182498 (secure 0 0 0) 0x7fde100313a0 con 0x7fde201044d0
2024-06-01T00:46:02.640 INFO:teuthology.orchestra.run.smithi079.stdout:/usr/bin/ceph: stderr
2024-06-01T00:46:02.068+0000 7fde25d27640 1 -- 172.21.15.79:0/2579570594 --> [v2:172.21.15.79:6800/1904937508,v1:172.21.15.79:6801/1904937508] -- mgr_command(tid 0: {"prefix": "cephadm get-pub-key", "target": ["mon-mgr", ""]}) v1 -- 0x7fde2002c5a0 con 0x7fde08037860
2024-06-01T00:46:02.640 INFO:teuthology.orchestra.run.smithi079.stdout:/usr/bin/ceph: stderr
2024-06-01T00:46:02.069+0000 7fde1cff9640 1 -- 172.21.15.79:0/2579570594 <== mgr.14118 v2:172.21.15.79:6800/1904937508 1 ==== mgr_command_reply(tid 0: 0 ) v1 ==== 8+0+595 (secure 0 0 0) 0x7fde2002c5a0 con 0x7fde08037860
2024-06-01T00:46:02.640 INFO:teuthology.orchestra.run.smithi079.stdout:/usr/bin/ceph: stderr
2024-06-01T00:46:02.071+0000 7fde25d27640 1 -- 172.21.15.79:0/2579570594 >> [v2:172.21.15.79:6800/1904937508,v1:172.21.15.79:6801/1904937508] conn(0x7fde08037860 msgr2=0x7fde08039d20 secure :-1 s=STATE_CONNECTION_ESTABLISHED l=1).mark_down
2024-06-01T00:46:02.640 INFO:teuthology.orchestra.run.smithi079.stdout:/usr/bin/ceph: stderr
2024-06-01T00:46:02.071+0000 7fde25d27640 1 --2- 172.21.15.79:0/2579570594 >> [v2:172.21.15.79:6800/1904937508,v1:172.21.15.79:6801/1904937508] conn(0x7fde08037860 0x7fde08039d20 secure :-1 s=READY pgs=10 cs=0 l=1 rev1=1 crypto rx=0x7fde140098c0 tx=0x7fde14006db0 comp rx=0 tx=0).stop
2024-06-01T00:46:02.640 INFO:teuthology.orchestra.run.smithi079.stdout:/usr/bin/ceph: stderr
2024-06-01T00:46:02.071+0000 7fde25d27640 1 -- 172.21.15.79:0/2579570594 >> [v2:172.21.15.79:3300/0,v1:172.21.15.79:6789/0] conn(0x7fde201044d0 msgr2=0x7fde2019ba30 secure :-1 s=STATE_CONNECTION_ESTABLISHED l=1).mark_down
2024-06-01T00:46:02.640 INFO:teuthology.orchestra.run.smithi079.stdout:/usr/bin/ceph: stderr
2024-06-01T00:46:02.071+0000 7fde25d27640 1 --2- 172.21.15.79:0/2579570594 >> [v2:172.21.15.79:3300/0,v1:172.21.15.79:6789/0] conn(0x7fde201044d0 0x7fde2019ba30 secure :-1 s=READY pgs=42 cs=0 l=1 rev1=1 crypto rx=0x7fde10030d30 tx=0x7fde10030d60 comp rx=0 tx=0).stop
2024-06-01T00:46:02.640 INFO:teuthology.orchestra.run.smithi079.stdout:/usr/bin/ceph: stderr
2024-06-01T00:46:02.071+0000 7fde25d27640 1 -- 172.21.15.79:0/2579570594 shutdown_connections
2024-06-01T00:46:02.640 INFO:teuthology.orchestra.run.smithi079.stdout:/usr/bin/ceph: stderr
2024-06-01T00:46:02.071+0000 7fde25d27640 1 --2- 172.21.15.79:0/2579570594 >> [v2:172.21.15.79:6800/1904937508,v1:172.21.15.79:6801/1904937508] conn(0x7fde08037860 0x7fde08039d20 unknown :-1 s=CLOSED pgs=10 cs=0 l=1 rev1=1 crypto rx=0 tx=0 comp rx=0 tx=0).stop
2024-06-01T00:46:02.640 INFO:teuthology.orchestra.run.smithi079.stdout:/usr/bin/ceph: stderr
2024-06-01T00:46:02.071+0000 7fde25d27640 1 --2- 172.21.15.79:0/2579570594 >> [v2:172.21.15.79:3300/0,v1:172.21.15.79:6789/0] conn(0x7fde201044d0 0x7fde2019ba30 unknown :-1 s=CLOSED pgs=42 cs=0 l=1 rev1=1 crypto rx=0 tx=0 comp rx=0 tx=0).stop
2024-06-01T00:46:02.640 INFO:teuthology.orchestra.run.smithi079.stdout:/usr/bin/ceph: stderr
2024-06-01T00:46:02.071+0000 7fde25d27640 1 -- 172.21.15.79:0/2579570594 >> 172.21.15.79:0/2579570594 conn(0x7fde201000d0 msgr2=0x7fde201928f0 unknown :-1 s=STATE_NONE l=0).mark_down
2024-06-01T00:46:02.640 INFO:teuthology.orchestra.run.smithi079.stdout:/usr/bin/ceph: stderr
2024-06-01T00:46:02.071+0000 7fde25d27640 1 -- 172.21.15.79:0/2579570594 shutdown_connections
2024-06-01T00:46:02.640 INFO:teuthology.orchestra.run.smithi079.stdout:/usr/bin/ceph: stderr
2024-06-01T00:46:02.071+0000 7fde25d27640 1 -- 172.21.15.79:0/2579570594 wait complete.
2024-06-01T00:46:02.640 INFO:teuthology.orchestra.run.smithi079.stdout:Wrote public SSH key to /home/ubuntu/cephtest/ceph.pub
2024-06-01T00:46:02.641 INFO:teuthology.orchestra.run.smithi079.stdout:Adding key to root@localhost authorized_keys...
2024-06-01T00:46:02.641 INFO:teuthology.orchestra.run.smithi079.stdout:Adding host smithi079...
2024-06-01T00:46:03.214 INFO:journalctl@ceph.mon.smithi079.smithi079.stdout:Jun 01 00:46:03 smithi079 ceph-mon[29356]: from='client.14136 -' entity='client.admin' cmd=[{"prefix": "cephadm get-pub-key", "target": ["mon-mgr", ""]}]: dispatch
2024-06-01T00:46:04.606 INFO:journalctl@ceph.mon.smithi079.smithi079.stdout:Jun 01 00:46:04 smithi079 ceph-mon[29356]: from='client.14138 -' entity='client.admin' cmd=[{"prefix": "orch host add", "hostname": "smithi079", "addr": "172.21.15.79", "target": ["mon-mgr", ""]}]: dispatch
2024-06-01T00:46:04.606 INFO:journalctl@ceph.mon.smithi079.smithi079.stdout:Jun 01 00:46:04 smithi079 ceph-mon[29356]: Deploying cephadm binary to smithi079
2024-06-01T00:46:06.522 INFO:teuthology.orchestra.run.smithi079.stdout:/usr/bin/ceph: stdout Added host 'smithi079' with addr '172.21.15.79'
2024-06-01T00:46:06.522 INFO:teuthology.orchestra.run.smithi079.stdout:/usr/bin/ceph: stderr
2024-06-01T00:46:03.026+0000 7f1997d05640 1 Processor -- start
2024-06-01T00:46:06.522 INFO:teuthology.orchestra.run.smithi079.stdout:/usr/bin/ceph: stderr
2024-06-01T00:46:03.026+0000 7f1997d05640 1 -- start start
2024-06-01T00:46:06.523 INFO:teuthology.orchestra.run.smithi079.stdout:/usr/bin/ceph: stderr
2024-06-01T00:46:03.026+0000 7f1997d05640 1 --2- >> [v2:172.21.15.79:3300/0,v1:172.21.15.79:6789/0] conn(0x7f1990105c90 0x7f19901060b0 unknown :-1 s=NONE pgs=0 cs=0 l=0 rev1=0 crypto rx=0 tx=0 comp rx=0 tx=0).connect
2024-06-01T00:46:06.523 INFO:teuthology.orchestra.run.smithi079.stdout:/usr/bin/ceph: stderr
2024-06-01T00:46:03.026+0000 7f1997d05640 1 -- --> [v2:172.21.15.79:3300/0,v1:172.21.15.79:6789/0] -- mon_getmap magic: 0 v1 -- 0x7f1990106680 con 0x7f1990105c90
2024-06-01T00:46:06.523 INFO:teuthology.orchestra.run.smithi079.stdout:/usr/bin/ceph: stderr
2024-06-01T00:46:03.027+0000 7f1995aa1640 1 --2- >> [v2:172.21.15.79:3300/0,v1:172.21.15.79:6789/0] conn(0x7f1990105c90 0x7f19901060b0 unknown :-1 s=BANNER_CONNECTING pgs=0 cs=0 l=0 rev1=0 crypto rx=0 tx=0 comp rx=0 tx=0)._handle_peer_banner_payload supported=3 required=0
2024-06-01T00:46:06.523 INFO:teuthology.orchestra.run.smithi079.stdout:/usr/bin/ceph: stderr
2024-06-01T00:46:03.027+0000 7f1995aa1640 1 --2- >> [v2:172.21.15.79:3300/0,v1:172.21.15.79:6789/0] conn(0x7f1990105c90 0x7f19901060b0 unknown :-1 s=HELLO_CONNECTING pgs=0 cs=0 l=0 rev1=1 crypto rx=0 tx=0 comp rx=0 tx=0).handle_hello peer v2:172.21.15.79:3300/0 says I am v2:172.21.15.79:56870/0 (socket says 172.21.15.79:56870)
2024-06-01T00:46:06.523 INFO:teuthology.orchestra.run.smithi079.stdout:/usr/bin/ceph: stderr
2024-06-01T00:46:03.027+0000 7f1995aa1640 1 -- 172.21.15.79:0/1112605096 learned_addr learned my addr 172.21.15.79:0/1112605096 (peer_addr_for_me v2:172.21.15.79:0/0)
2024-06-01T00:46:06.523 INFO:teuthology.orchestra.run.smithi079.stdout:/usr/bin/ceph: stderr
2024-06-01T00:46:03.027+0000 7f1995aa1640 1 -- 172.21.15.79:0/1112605096 --> [v2:172.21.15.79:3300/0,v1:172.21.15.79:6789/0] -- mon_subscribe({config=0+,monmap=0+}) v3 -- 0x7f1990106e40 con 0x7f1990105c90
2024-06-01T00:46:06.523 INFO:teuthology.orchestra.run.smithi079.stdout:/usr/bin/ceph: stderr
2024-06-01T00:46:03.028+0000 7f1995aa1640 1 --2- 172.21.15.79:0/1112605096 >> [v2:172.21.15.79:3300/0,v1:172.21.15.79:6789/0] conn(0x7f1990105c90 0x7f19901060b0 secure :-1 s=READY pgs=43 cs=0 l=1 rev1=1 crypto rx=0x7f198c009820 tx=0x7f198c02a270 comp rx=0 tx=0).ready entity=mon.0 client_cookie=a9fd46323e249c02 server_cookie=0 in_seq=0 out_seq=0
2024-06-01T00:46:06.523 INFO:teuthology.orchestra.run.smithi079.stdout:/usr/bin/ceph: stderr
2024-06-01T00:46:03.028+0000 7f1994a9f640 1 -- 172.21.15.79:0/1112605096 <== mon.0 v2:172.21.15.79:3300/0 1 ==== mon_map magic: 0 v1 ==== 229+0+0 (secure 0 0 0) 0x7f198c02ad40 con 0x7f1990105c90
2024-06-01T00:46:06.523 INFO:teuthology.orchestra.run.smithi079.stdout:/usr/bin/ceph: stderr
2024-06-01T00:46:03.028+0000 7f1994a9f640 1 -- 172.21.15.79:0/1112605096 <== mon.0 v2:172.21.15.79:3300/0 2 ==== config(27 keys) v1 ==== 1042+0+0 (secure 0 0 0) 0x7f198c0328c0 con 0x7f1990105c90
2024-06-01T00:46:06.523 INFO:teuthology.orchestra.run.smithi079.stdout:/usr/bin/ceph: stderr
2024-06-01T00:46:03.028+0000 7f1994a9f640 1 -- 172.21.15.79:0/1112605096 <== mon.0 v2:172.21.15.79:3300/0 3 ==== mon_map magic: 0 v1 ==== 229+0+0 (secure 0 0 0) 0x7f198c0307f0 con 0x7f1990105c90
2024-06-01T00:46:06.524 INFO:teuthology.orchestra.run.smithi079.stdout:/usr/bin/ceph: stderr
2024-06-01T00:46:03.028+0000 7f1997d05640 1 -- 172.21.15.79:0/1112605096 >> [v2:172.21.15.79:3300/0,v1:172.21.15.79:6789/0] conn(0x7f1990105c90 msgr2=0x7f19901060b0 secure :-1 s=STATE_CONNECTION_ESTABLISHED l=1).mark_down
2024-06-01T00:46:06.524 INFO:teuthology.orchestra.run.smithi079.stdout:/usr/bin/ceph: stderr
2024-06-01T00:46:03.028+0000 7f1997d05640 1 --2- 172.21.15.79:0/1112605096 >> [v2:172.21.15.79:3300/0,v1:172.21.15.79:6789/0] conn(0x7f1990105c90 0x7f19901060b0 secure :-1 s=READY pgs=43 cs=0 l=1 rev1=1 crypto rx=0x7f198c009820 tx=0x7f198c02a270 comp rx=0 tx=0).stop
2024-06-01T00:46:06.524 INFO:teuthology.orchestra.run.smithi079.stdout:/usr/bin/ceph: stderr
2024-06-01T00:46:03.028+0000 7f1997d05640 1 -- 172.21.15.79:0/1112605096 shutdown_connections
2024-06-01T00:46:06.524 INFO:teuthology.orchestra.run.smithi079.stdout:/usr/bin/ceph: stderr
2024-06-01T00:46:03.028+0000 7f1997d05640 1 --2- 172.21.15.79:0/1112605096 >> [v2:172.21.15.79:3300/0,v1:172.21.15.79:6789/0] conn(0x7f1990105c90 0x7f19901060b0 unknown :-1 s=CLOSED pgs=43 cs=0 l=1 rev1=1 crypto rx=0 tx=0 comp rx=0 tx=0).stop
2024-06-01T00:46:06.524 INFO:teuthology.orchestra.run.smithi079.stdout:/usr/bin/ceph: stderr
2024-06-01T00:46:03.028+0000 7f1997d05640 1 -- 172.21.15.79:0/1112605096 >> 172.21.15.79:0/1112605096 conn(0x7f1990101270 msgr2=0x7f1990103690 unknown :-1 s=STATE_NONE l=0).mark_down
2024-06-01T00:46:06.524 INFO:teuthology.orchestra.run.smithi079.stdout:/usr/bin/ceph: stderr
2024-06-01T00:46:03.028+0000 7f1997d05640 1 -- 172.21.15.79:0/1112605096 shutdown_connections
2024-06-01T00:46:06.524 INFO:teuthology.orchestra.run.smithi079.stdout:/usr/bin/ceph: stderr
2024-06-01T00:46:03.028+0000 7f1997d05640 1 -- 172.21.15.79:0/1112605096 wait complete.
2024-06-01T00:46:06.524 INFO:teuthology.orchestra.run.smithi079.stdout:/usr/bin/ceph: stderr
2024-06-01T00:46:03.029+0000 7f1997d05640 1 Processor -- start
2024-06-01T00:46:06.524 INFO:teuthology.orchestra.run.smithi079.stdout:/usr/bin/ceph: stderr
2024-06-01T00:46:03.029+0000 7f1997d05640 1 -- start start
2024-06-01T00:46:06.525 INFO:teuthology.orchestra.run.smithi079.stdout:/usr/bin/ceph: stderr
2024-06-01T00:46:03.029+0000 7f1997d05640 1 --2- >> [v2:172.21.15.79:3300/0,v1:172.21.15.79:6789/0] conn(0x7f1990105c90 0x7f1990199870 unknown :-1 s=NONE pgs=0 cs=0 l=1 rev1=0 crypto rx=0 tx=0 comp rx=0 tx=0).connect
2024-06-01T00:46:06.525 INFO:teuthology.orchestra.run.smithi079.stdout:/usr/bin/ceph: stderr
2024-06-01T00:46:03.029+0000 7f1997d05640 1 -- --> [v2:172.21.15.79:3300/0,v1:172.21.15.79:6789/0] -- mon_getmap magic: 0 v1 -- 0x7f1990199db0 con 0x7f1990105c90
2024-06-01T00:46:06.525 INFO:teuthology.orchestra.run.smithi079.stdout:/usr/bin/ceph: stderr
2024-06-01T00:46:03.029+0000 7f1995aa1640 1 --2- >> [v2:172.21.15.79:3300/0,v1:172.21.15.79:6789/0] conn(0x7f1990105c90 0x7f1990199870 unknown :-1 s=BANNER_CONNECTING pgs=0 cs=0 l=1 rev1=0 crypto rx=0 tx=0 comp rx=0 tx=0)._handle_peer_banner_payload supported=3 required=0
2024-06-01T00:46:06.525 INFO:teuthology.orchestra.run.smithi079.stdout:/usr/bin/ceph: stderr
2024-06-01T00:46:03.029+0000 7f1995aa1640 1 --2- >> [v2:172.21.15.79:3300/0,v1:172.21.15.79:6789/0] conn(0x7f1990105c90 0x7f1990199870 unknown :-1 s=HELLO_CONNECTING pgs=0 cs=0 l=1 rev1=1 crypto rx=0 tx=0 comp rx=0 tx=0).handle_hello peer v2:172.21.15.79:3300/0 says I am v2:172.21.15.79:56872/0 (socket says 172.21.15.79:56872)
2024-06-01T00:46:06.525 INFO:teuthology.orchestra.run.smithi079.stdout:/usr/bin/ceph: stderr
2024-06-01T00:46:03.029+0000 7f1995aa1640 1 -- 172.21.15.79:0/3430069698 learned_addr learned my addr 172.21.15.79:0/3430069698 (peer_addr_for_me v2:172.21.15.79:0/0)
2024-06-01T00:46:06.525 INFO:teuthology.orchestra.run.smithi079.stdout:/usr/bin/ceph: stderr
2024-06-01T00:46:03.029+0000 7f1995aa1640 1 -- 172.21.15.79:0/3430069698 --> [v2:172.21.15.79:3300/0,v1:172.21.15.79:6789/0] -- mon_subscribe({config=0+,monmap=0+}) v3 -- 0x7f198c0094d0 con 0x7f1990105c90
2024-06-01T00:46:06.525 INFO:teuthology.orchestra.run.smithi079.stdout:/usr/bin/ceph: stderr
2024-06-01T00:46:03.030+0000 7f1995aa1640 1 --2- 172.21.15.79:0/3430069698 >> [v2:172.21.15.79:3300/0,v1:172.21.15.79:6789/0] conn(0x7f1990105c90 0x7f1990199870 secure :-1 s=READY pgs=44 cs=0 l=1 rev1=1 crypto rx=0x7f198c030d30 tx=0x7f198c030d60 comp rx=0 tx=0).ready entity=mon.0 client_cookie=0 server_cookie=0 in_seq=0 out_seq=0
2024-06-01T00:46:06.525 INFO:teuthology.orchestra.run.smithi079.stdout:/usr/bin/ceph: stderr
2024-06-01T00:46:03.030+0000 7f1986ffd640 1 -- 172.21.15.79:0/3430069698 <== mon.0 v2:172.21.15.79:3300/0 1 ==== mon_map magic: 0 v1 ==== 229+0+0 (secure 0 0 0) 0x7f198c032c40 con 0x7f1990105c90
2024-06-01T00:46:06.525 INFO:teuthology.orchestra.run.smithi079.stdout:/usr/bin/ceph: stderr
2024-06-01T00:46:03.030+0000 7f1986ffd640 1 -- 172.21.15.79:0/3430069698 <== mon.0 v2:172.21.15.79:3300/0 2 ==== config(27 keys) v1 ==== 1042+0+0 (secure 0 0 0) 0x7f198c032da0 con 0x7f1990105c90
2024-06-01T00:46:06.525 INFO:teuthology.orchestra.run.smithi079.stdout:/usr/bin/ceph: stderr
2024-06-01T00:46:03.030+0000 7f1997d05640 1 -- 172.21.15.79:0/3430069698 --> [v2:172.21.15.79:3300/0,v1:172.21.15.79:6789/0] -- mon_subscribe({mgrmap=0+}) v3 -- 0x7f1990199fb0 con 0x7f1990105c90
2024-06-01T00:46:06.525 INFO:teuthology.orchestra.run.smithi079.stdout:/usr/bin/ceph: stderr
2024-06-01T00:46:03.030+0000 7f1986ffd640 1 -- 172.21.15.79:0/3430069698 <== mon.0 v2:172.21.15.79:3300/0 3 ==== mon_map magic: 0 v1 ==== 229+0+0 (secure 0 0 0) 0x7f198c03c6a0 con 0x7f1990105c90
2024-06-01T00:46:06.525 INFO:teuthology.orchestra.run.smithi079.stdout:/usr/bin/ceph: stderr
2024-06-01T00:46:03.030+0000 7f1997d05640 1 -- 172.21.15.79:0/3430069698 --> [v2:172.21.15.79:3300/0,v1:172.21.15.79:6789/0] -- mon_subscribe({osdmap=0}) v3 -- 0x7f199019a3d0 con 0x7f1990105c90
2024-06-01T00:46:06.525 INFO:teuthology.orchestra.run.smithi079.stdout:/usr/bin/ceph: stderr
2024-06-01T00:46:03.031+0000 7f1986ffd640 1 -- 172.21.15.79:0/3430069698 <== mon.0 v2:172.21.15.79:3300/0 4 ==== mgrmap(e 8) v1 ==== 44866+0+0 (secure 0 0 0) 0x7f198c03d480 con 0x7f1990105c90
2024-06-01T00:46:06.525 INFO:teuthology.orchestra.run.smithi079.stdout:/usr/bin/ceph: stderr
2024-06-01T00:46:03.031+0000 7f1997d05640 1 -- 172.21.15.79:0/3430069698 --> [v2:172.21.15.79:3300/0,v1:172.21.15.79:6789/0] -- mon_command({"prefix": "get_command_descriptions"} v 0) v1 -- 0x7f1990061ae0 con 0x7f1990105c90
2024-06-01T00:46:06.526 INFO:teuthology.orchestra.run.smithi079.stdout:/usr/bin/ceph: stderr
2024-06-01T00:46:03.031+0000 7f1986ffd640 1 --2- 172.21.15.79:0/3430069698 >> [v2:172.21.15.79:6800/1904937508,v1:172.21.15.79:6801/1904937508] conn(0x7f197c0378b0 0x7f197c039d70 unknown :-1 s=NONE pgs=0 cs=0 l=1 rev1=0 crypto rx=0 tx=0 comp rx=0 tx=0).connect
2024-06-01T00:46:06.526 INFO:teuthology.orchestra.run.smithi079.stdout:/usr/bin/ceph: stderr
2024-06-01T00:46:03.031+0000 7f1986ffd640 1 -- 172.21.15.79:0/3430069698 <== mon.0 v2:172.21.15.79:3300/0 5 ==== osd_map(2..2 src has 1..2) v4 ==== 940+0+0 (secure 0 0 0) 0x7f198c06a970 con 0x7f1990105c90
2024-06-01T00:46:06.526 INFO:teuthology.orchestra.run.smithi079.stdout:/usr/bin/ceph: stderr
2024-06-01T00:46:03.031+0000 7f19952a0640 1 --2- 172.21.15.79:0/3430069698 >> [v2:172.21.15.79:6800/1904937508,v1:172.21.15.79:6801/1904937508] conn(0x7f197c0378b0 0x7f197c039d70 unknown :-1 s=BANNER_CONNECTING pgs=0 cs=0 l=1 rev1=0 crypto rx=0 tx=0 comp rx=0 tx=0)._handle_peer_banner_payload supported=3 required=0
2024-06-01T00:46:06.526 INFO:teuthology.orchestra.run.smithi079.stdout:/usr/bin/ceph: stderr
2024-06-01T00:46:03.031+0000 7f19952a0640 1 --2- 172.21.15.79:0/3430069698 >> [v2:172.21.15.79:6800/1904937508,v1:172.21.15.79:6801/1904937508] conn(0x7f197c0378b0 0x7f197c039d70 secure :-1 s=READY pgs=11 cs=0 l=1 rev1=1 crypto rx=0x7f19800098c0 tx=0x7f1980006db0 comp rx=0 tx=0).ready entity=mgr.14118 client_cookie=0 server_cookie=0 in_seq=0 out_seq=0
2024-06-01T00:46:06.526 INFO:teuthology.orchestra.run.smithi079.stdout:/usr/bin/ceph: stderr
2024-06-01T00:46:03.036+0000 7f1986ffd640 1 -- 172.21.15.79:0/3430069698 <== mon.0 v2:172.21.15.79:3300/0 6 ==== mon_command_ack([{"prefix": "get_command_descriptions"}]=0 v0) v1 ==== 72+0+182498 (secure 0 0 0) 0x7f198c031580 con 0x7f1990105c90
2024-06-01T00:46:06.526 INFO:teuthology.orchestra.run.smithi079.stdout:/usr/bin/ceph: stderr
2024-06-01T00:46:03.212+0000 7f1997d05640 1 -- 172.21.15.79:0/3430069698 --> [v2:172.21.15.79:6800/1904937508,v1:172.21.15.79:6801/1904937508] -- mgr_command(tid 0: {"prefix": "orch host add", "hostname": "smithi079", "addr": "172.21.15.79", "target": ["mon-mgr", ""]}) v1 -- 0x7f19901023d0 con 0x7f197c0378b0
2024-06-01T00:46:06.526 INFO:teuthology.orchestra.run.smithi079.stdout:/usr/bin/ceph: stderr
2024-06-01T00:46:05.846+0000 7f1986ffd640 1 -- 172.21.15.79:0/3430069698 <== mgr.14118 v2:172.21.15.79:6800/1904937508 1 ==== mgr_command_reply(tid 0: 0 ) v1 ==== 8+0+48 (secure 0 0 0) 0x7f19901023d0 con 0x7f197c0378b0
2024-06-01T00:46:06.526 INFO:teuthology.orchestra.run.smithi079.stdout:/usr/bin/ceph: stderr
2024-06-01T00:46:05.849+0000 7f1997d05640 1 -- 172.21.15.79:0/3430069698 >> [v2:172.21.15.79:6800/1904937508,v1:172.21.15.79:6801/1904937508] conn(0x7f197c0378b0 msgr2=0x7f197c039d70 secure :-1 s=STATE_CONNECTION_ESTABLISHED l=1).mark_down
2024-06-01T00:46:06.526 INFO:teuthology.orchestra.run.smithi079.stdout:/usr/bin/ceph: stderr
2024-06-01T00:46:05.849+0000 7f1997d05640 1 --2- 172.21.15.79:0/3430069698 >> [v2:172.21.15.79:6800/1904937508,v1:172.21.15.79:6801/1904937508] conn(0x7f197c0378b0 0x7f197c039d70 secure :-1 s=READY pgs=11 cs=0 l=1 rev1=1 crypto rx=0x7f19800098c0 tx=0x7f1980006db0 comp rx=0 tx=0).stop
2024-06-01T00:46:06.526 INFO:teuthology.orchestra.run.smithi079.stdout:/usr/bin/ceph: stderr
2024-06-01T00:46:05.849+0000 7f1997d05640 1 -- 172.21.15.79:0/3430069698 >> [v2:172.21.15.79:3300/0,v1:172.21.15.79:6789/0] conn(0x7f1990105c90 msgr2=0x7f1990199870 secure :-1 s=STATE_CONNECTION_ESTABLISHED l=1).mark_down
2024-06-01T00:46:06.526 INFO:teuthology.orchestra.run.smithi079.stdout:/usr/bin/ceph: stderr
2024-06-01T00:46:05.849+0000 7f1997d05640 1 --2- 172.21.15.79:0/3430069698 >> [v2:172.21.15.79:3300/0,v1:172.21.15.79:6789/0] conn(0x7f1990105c90 0x7f1990199870 secure :-1 s=READY pgs=44 cs=0 l=1 rev1=1 crypto rx=0x7f198c030d30 tx=0x7f198c030d60 comp rx=0 tx=0).stop
2024-06-01T00:46:06.526 INFO:teuthology.orchestra.run.smithi079.stdout:/usr/bin/ceph: stderr
2024-06-01T00:46:05.849+0000 7f1997d05640 1 -- 172.21.15.79:0/3430069698 shutdown_connections
2024-06-01T00:46:06.527 INFO:teuthology.orchestra.run.smithi079.stdout:/usr/bin/ceph: stderr
2024-06-01T00:46:05.849+0000 7f1997d05640 1 --2- 172.21.15.79:0/3430069698 >> [v2:172.21.15.79:6800/1904937508,v1:172.21.15.79:6801/1904937508] conn(0x7f197c0378b0 0x7f197c039d70 unknown :-1 s=CLOSED pgs=11 cs=0 l=1 rev1=1 crypto rx=0 tx=0 comp rx=0 tx=0).stop
2024-06-01T00:46:06.527 INFO:teuthology.orchestra.run.smithi079.stdout:/usr/bin/ceph: stderr
2024-06-01T00:46:05.849+0000 7f1997d05640 1 --2- 172.21.15.79:0/3430069698 >> [v2:172.21.15.79:3300/0,v1:172.21.15.79:6789/0] conn(0x7f1990105c90 0x7f1990199870 unknown :-1 s=CLOSED pgs=44 cs=0 l=1 rev1=1 crypto rx=0 tx=0 comp rx=0 tx=0).stop
2024-06-01T00:46:06.527 INFO:teuthology.orchestra.run.smithi079.stdout:/usr/bin/ceph: stderr
2024-06-01T00:46:05.849+0000 7f1997d05640 1 -- 172.21.15.79:0/3430069698 >> 172.21.15.79:0/3430069698 conn(0x7f1990101270 msgr2=0x7f1990101cc0 unknown :-1 s=STATE_NONE l=0).mark_down
2024-06-01T00:46:06.527 INFO:teuthology.orchestra.run.smithi079.stdout:/usr/bin/ceph: stderr
2024-06-01T00:46:05.849+0000 7f1997d05640 1 -- 172.21.15.79:0/3430069698 shutdown_connections
2024-06-01T00:46:06.527 INFO:teuthology.orchestra.run.smithi079.stdout:/usr/bin/ceph: stderr
2024-06-01T00:46:05.850+0000 7f1997d05640 1 -- 172.21.15.79:0/3430069698 wait complete.
2024-06-01T00:46:06.527 INFO:teuthology.orchestra.run.smithi079.stdout:Deploying mon service with default placement...
2024-06-01T00:46:07.106 INFO:journalctl@ceph.mon.smithi079.smithi079.stdout:Jun 01 00:46:06 smithi079 ceph-mon[29356]: from='mgr.14118 172.21.15.79:0/1136730099' entity='mgr.smithi079.emylav'
2024-06-01T00:46:07.106 INFO:journalctl@ceph.mon.smithi079.smithi079.stdout:Jun 01 00:46:06 smithi079 ceph-mon[29356]: Added host smithi079
2024-06-01T00:46:07.106 INFO:journalctl@ceph.mon.smithi079.smithi079.stdout:Jun 01 00:46:06 smithi079 ceph-mon[29356]: from='mgr.14118 172.21.15.79:0/1136730099' entity='mgr.smithi079.emylav' cmd=[{"prefix": "config dump", "format": "json"}]: dispatch
2024-06-01T00:46:08.350 INFO:journalctl@ceph.mon.smithi079.smithi079.stdout:Jun 01 00:46:08 smithi079 ceph-mon[29356]: from='client.14140 -' entity='client.admin' cmd=[{"prefix": "orch apply", "service_type": "mon", "target": ["mon-mgr", ""]}]: dispatch
2024-06-01T00:46:08.351 INFO:journalctl@ceph.mon.smithi079.smithi079.stdout:Jun 01 00:46:08 smithi079 ceph-mon[29356]: Saving service mon spec with placement count:5
2024-06-01T00:46:08.351 INFO:journalctl@ceph.mon.smithi079.smithi079.stdout:Jun 01 00:46:08 smithi079 ceph-mon[29356]: from='mgr.14118 172.21.15.79:0/1136730099' entity='mgr.smithi079.emylav'
2024-06-01T00:46:08.634 INFO:teuthology.orchestra.run.smithi079.stdout:/usr/bin/ceph: stdout Scheduled mon update...
2024-06-01T00:46:08.634 INFO:teuthology.orchestra.run.smithi079.stdout:/usr/bin/ceph: stderr
2024-06-01T00:46:06.910+0000 7f6c5e833640 1 Processor -- start
2024-06-01T00:46:08.634 INFO:teuthology.orchestra.run.smithi079.stdout:/usr/bin/ceph: stderr
2024-06-01T00:46:06.910+0000 7f6c5e833640 1 -- start start
2024-06-01T00:46:08.634 INFO:teuthology.orchestra.run.smithi079.stdout:/usr/bin/ceph: stderr
2024-06-01T00:46:06.910+0000 7f6c5e833640 1 --2- >> [v2:172.21.15.79:3300/0,v1:172.21.15.79:6789/0] conn(0x7f6c5807be10 0x7f6c5807a270 unknown :-1 s=NONE pgs=0 cs=0 l=0 rev1=0 crypto rx=0 tx=0 comp rx=0 tx=0).connect
2024-06-01T00:46:08.635 INFO:teuthology.orchestra.run.smithi079.stdout:/usr/bin/ceph: stderr
2024-06-01T00:46:06.910+0000 7f6c5e833640 1 -- --> [v2:172.21.15.79:3300/0,v1:172.21.15.79:6789/0] -- mon_getmap magic: 0 v1 -- 0x7f6c5807a840 con 0x7f6c5807be10
2024-06-01T00:46:08.635 INFO:teuthology.orchestra.run.smithi079.stdout:/usr/bin/ceph: stderr
2024-06-01T00:46:06.911+0000 7f6c57fff640 1 --2- >> [v2:172.21.15.79:3300/0,v1:172.21.15.79:6789/0] conn(0x7f6c5807be10 0x7f6c5807a270 unknown :-1 s=BANNER_CONNECTING pgs=0 cs=0 l=0 rev1=0 crypto rx=0 tx=0 comp rx=0 tx=0)._handle_peer_banner_payload supported=3 required=0
2024-06-01T00:46:08.635 INFO:teuthology.orchestra.run.smithi079.stdout:/usr/bin/ceph: stderr
2024-06-01T00:46:06.911+0000 7f6c57fff640 1 --2- >> [v2:172.21.15.79:3300/0,v1:172.21.15.79:6789/0] conn(0x7f6c5807be10 0x7f6c5807a270 unknown :-1 s=HELLO_CONNECTING pgs=0 cs=0 l=0 rev1=1 crypto rx=0 tx=0 comp rx=0 tx=0).handle_hello peer v2:172.21.15.79:3300/0 says I am v2:172.21.15.79:56878/0 (socket says 172.21.15.79:56878)
2024-06-01T00:46:08.635 INFO:teuthology.orchestra.run.smithi079.stdout:/usr/bin/ceph: stderr
2024-06-01T00:46:06.911+0000 7f6c57fff640 1 -- 172.21.15.79:0/2022210566 learned_addr learned my addr 172.21.15.79:0/2022210566 (peer_addr_for_me v2:172.21.15.79:0/0)
2024-06-01T00:46:08.635 INFO:teuthology.orchestra.run.smithi079.stdout:/usr/bin/ceph: stderr
2024-06-01T00:46:06.911+0000 7f6c57fff640 1 -- 172.21.15.79:0/2022210566 --> [v2:172.21.15.79:3300/0,v1:172.21.15.79:6789/0] -- mon_subscribe({config=0+,monmap=0+}) v3 -- 0x7f6c5807a980 con 0x7f6c5807be10
2024-06-01T00:46:08.635 INFO:teuthology.orchestra.run.smithi079.stdout:/usr/bin/ceph: stderr
2024-06-01T00:46:06.912+0000 7f6c57fff640 1 --2- 172.21.15.79:0/2022210566 >> [v2:172.21.15.79:3300/0,v1:172.21.15.79:6789/0] conn(0x7f6c5807be10 0x7f6c5807a270 secure :-1 s=READY pgs=45 cs=0 l=1 rev1=1 crypto rx=0x7f6c48009820 tx=0x7f6c4802a270 comp rx=0 tx=0).ready entity=mon.0 client_cookie=fc9c6ebd91e7122d server_cookie=0 in_seq=0 out_seq=0
2024-06-01T00:46:08.635 INFO:teuthology.orchestra.run.smithi079.stdout:/usr/bin/ceph: stderr
2024-06-01T00:46:06.912+0000 7f6c56ffd640 1 -- 172.21.15.79:0/2022210566 <== mon.0 v2:172.21.15.79:3300/0 1 ==== mon_map magic: 0 v1 ==== 229+0+0 (secure 0 0 0) 0x7f6c4802ad40 con 0x7f6c5807be10
2024-06-01T00:46:08.635 INFO:teuthology.orchestra.run.smithi079.stdout:/usr/bin/ceph: stderr
2024-06-01T00:46:06.912+0000 7f6c56ffd640 1 -- 172.21.15.79:0/2022210566 <== mon.0 v2:172.21.15.79:3300/0 2 ==== config(27 keys) v1 ==== 1042+0+0 (secure 0 0 0) 0x7f6c480328c0 con 0x7f6c5807be10
2024-06-01T00:46:08.635 INFO:teuthology.orchestra.run.smithi079.stdout:/usr/bin/ceph: stderr
2024-06-01T00:46:06.912+0000 7f6c56ffd640 1 -- 172.21.15.79:0/2022210566 <== mon.0 v2:172.21.15.79:3300/0 3 ==== mon_map magic: 0 v1 ==== 229+0+0 (secure 0 0 0) 0x7f6c480307f0 con 0x7f6c5807be10
2024-06-01T00:46:08.635 INFO:teuthology.orchestra.run.smithi079.stdout:/usr/bin/ceph: stderr
2024-06-01T00:46:06.912+0000 7f6c5e833640 1 -- 172.21.15.79:0/2022210566 >> [v2:172.21.15.79:3300/0,v1:172.21.15.79:6789/0] conn(0x7f6c5807be10 msgr2=0x7f6c5807a270 secure :-1 s=STATE_CONNECTION_ESTABLISHED l=1).mark_down
2024-06-01T00:46:08.636 INFO:teuthology.orchestra.run.smithi079.stdout:/usr/bin/ceph: stderr
2024-06-01T00:46:06.912+0000 7f6c5e833640 1 --2- 172.21.15.79:0/2022210566 >> [v2:172.21.15.79:3300/0,v1:172.21.15.79:6789/0] conn(0x7f6c5807be10 0x7f6c5807a270 secure :-1 s=READY pgs=45 cs=0 l=1 rev1=1 crypto rx=0x7f6c48009820 tx=0x7f6c4802a270 comp rx=0 tx=0).stop
2024-06-01T00:46:08.636 INFO:teuthology.orchestra.run.smithi079.stdout:/usr/bin/ceph: stderr
2024-06-01T00:46:06.912+0000 7f6c5e833640 1 -- 172.21.15.79:0/2022210566 shutdown_connections
2024-06-01T00:46:08.636 INFO:teuthology.orchestra.run.smithi079.stdout:/usr/bin/ceph: stderr
2024-06-01T00:46:06.912+0000 7f6c5e833640 1 --2- 172.21.15.79:0/2022210566 >> [v2:172.21.15.79:3300/0,v1:172.21.15.79:6789/0] conn(0x7f6c5807be10 0x7f6c5807a270 unknown :-1 s=CLOSED pgs=45 cs=0 l=1 rev1=1 crypto rx=0 tx=0 comp rx=0 tx=0).stop
2024-06-01T00:46:08.637 INFO:teuthology.orchestra.run.smithi079.stdout:/usr/bin/ceph: stderr
2024-06-01T00:46:06.912+0000 7f6c5e833640 1 -- 172.21.15.79:0/2022210566 >> 172.21.15.79:0/2022210566 conn(0x7f6c581011c0 msgr2=0x7f6c58103620 unknown :-1 s=STATE_NONE l=0).mark_down
2024-06-01T00:46:08.637 INFO:teuthology.orchestra.run.smithi079.stdout:/usr/bin/ceph: stderr
2024-06-01T00:46:06.912+0000 7f6c5e833640 1 -- 172.21.15.79:0/2022210566 shutdown_connections
2024-06-01T00:46:08.637 INFO:teuthology.orchestra.run.smithi079.stdout:/usr/bin/ceph: stderr
2024-06-01T00:46:06.912+0000 7f6c5e833640 1 -- 172.21.15.79:0/2022210566 wait complete.
2024-06-01T00:46:08.637 INFO:teuthology.orchestra.run.smithi079.stdout:/usr/bin/ceph: stderr
2024-06-01T00:46:06.913+0000 7f6c5e833640 1 Processor -- start
2024-06-01T00:46:08.637 INFO:teuthology.orchestra.run.smithi079.stdout:/usr/bin/ceph: stderr
2024-06-01T00:46:06.913+0000 7f6c5e833640 1 -- start start
2024-06-01T00:46:08.637 INFO:teuthology.orchestra.run.smithi079.stdout:/usr/bin/ceph: stderr
2024-06-01T00:46:06.913+0000 7f6c5e833640 1 --2- >> [v2:172.21.15.79:3300/0,v1:172.21.15.79:6789/0] conn(0x7f6c5807be10 0x7f6c5819b9f0 unknown :-1 s=NONE pgs=0 cs=0 l=1 rev1=0 crypto rx=0 tx=0 comp rx=0 tx=0).connect
2024-06-01T00:46:08.637 INFO:teuthology.orchestra.run.smithi079.stdout:/usr/bin/ceph: stderr
2024-06-01T00:46:06.913+0000 7f6c5e833640 1 -- --> [v2:172.21.15.79:3300/0,v1:172.21.15.79:6789/0] -- mon_getmap magic: 0 v1 -- 0x7f6c5819bf30 con 0x7f6c5807be10
2024-06-01T00:46:08.637 INFO:teuthology.orchestra.run.smithi079.stdout:/usr/bin/ceph: stderr
2024-06-01T00:46:06.913+0000 7f6c57fff640 1 --2- >> [v2:172.21.15.79:3300/0,v1:172.21.15.79:6789/0] conn(0x7f6c5807be10 0x7f6c5819b9f0 unknown :-1 s=BANNER_CONNECTING pgs=0 cs=0 l=1 rev1=0 crypto rx=0 tx=0 comp rx=0 tx=0)._handle_peer_banner_payload supported=3 required=0
2024-06-01T00:46:08.637 INFO:teuthology.orchestra.run.smithi079.stdout:/usr/bin/ceph: stderr
2024-06-01T00:46:06.913+0000 7f6c57fff640 1 --2- >> [v2:172.21.15.79:3300/0,v1:172.21.15.79:6789/0] conn(0x7f6c5807be10 0x7f6c5819b9f0 unknown :-1 s=HELLO_CONNECTING pgs=0 cs=0 l=1 rev1=1 crypto rx=0 tx=0 comp rx=0 tx=0).handle_hello peer v2:172.21.15.79:3300/0 says I am v2:172.21.15.79:56884/0 (socket says 172.21.15.79:56884)
2024-06-01T00:46:08.637 INFO:teuthology.orchestra.run.smithi079.stdout:/usr/bin/ceph: stderr
2024-06-01T00:46:06.913+0000 7f6c57fff640 1 -- 172.21.15.79:0/1578397415 learned_addr learned my addr 172.21.15.79:0/1578397415 (peer_addr_for_me v2:172.21.15.79:0/0)
2024-06-01T00:46:08.637 INFO:teuthology.orchestra.run.smithi079.stdout:/usr/bin/ceph: stderr
2024-06-01T00:46:06.914+0000 7f6c57fff640 1 -- 172.21.15.79:0/1578397415 --> [v2:172.21.15.79:3300/0,v1:172.21.15.79:6789/0] -- mon_subscribe({config=0+,monmap=0+}) v3 -- 0x7f6c480094d0 con 0x7f6c5807be10
2024-06-01T00:46:08.637 INFO:teuthology.orchestra.run.smithi079.stdout:/usr/bin/ceph: stderr
2024-06-01T00:46:06.914+0000 7f6c57fff640 1 --2- 172.21.15.79:0/1578397415 >> [v2:172.21.15.79:3300/0,v1:172.21.15.79:6789/0] conn(0x7f6c5807be10 0x7f6c5819b9f0 secure :-1 s=READY pgs=46 cs=0 l=1 rev1=1 crypto rx=0x7f6c48009940 tx=0x7f6c48032c60 comp rx=0 tx=0).ready entity=mon.0 client_cookie=0 server_cookie=0 in_seq=0 out_seq=0
2024-06-01T00:46:08.637 INFO:teuthology.orchestra.run.smithi079.stdout:/usr/bin/ceph: stderr
2024-06-01T00:46:06.914+0000 7f6c557fa640 1 -- 172.21.15.79:0/1578397415 <== mon.0 v2:172.21.15.79:3300/0 1 ==== mon_map magic: 0 v1 ==== 229+0+0 (secure 0 0 0) 0x7f6c48032df0 con 0x7f6c5807be10
2024-06-01T00:46:08.638 INFO:teuthology.orchestra.run.smithi079.stdout:/usr/bin/ceph: stderr
2024-06-01T00:46:06.914+0000 7f6c557fa640 1 -- 172.21.15.79:0/1578397415 <== mon.0 v2:172.21.15.79:3300/0 2 ==== config(27 keys) v1 ==== 1042+0+0 (secure 0 0 0) 0x7f6c48030cc0 con 0x7f6c5807be10
2024-06-01T00:46:08.638 INFO:teuthology.orchestra.run.smithi079.stdout:/usr/bin/ceph: stderr
2024-06-01T00:46:06.914+0000 7f6c5e833640 1 -- 172.21.15.79:0/1578397415 --> [v2:172.21.15.79:3300/0,v1:172.21.15.79:6789/0] -- mon_subscribe({mgrmap=0+}) v3 -- 0x7f6c5819c130 con 0x7f6c5807be10
2024-06-01T00:46:08.638 INFO:teuthology.orchestra.run.smithi079.stdout:/usr/bin/ceph: stderr
2024-06-01T00:46:06.914+0000 7f6c557fa640 1 -- 172.21.15.79:0/1578397415 <== mon.0 v2:172.21.15.79:3300/0 3 ==== mon_map magic: 0 v1 ==== 229+0+0 (secure 0 0 0) 0x7f6c4803c6b0 con 0x7f6c5807be10
2024-06-01T00:46:08.638 INFO:teuthology.orchestra.run.smithi079.stdout:/usr/bin/ceph: stderr
2024-06-01T00:46:06.914+0000 7f6c5e833640 1 -- 172.21.15.79:0/1578397415 --> [v2:172.21.15.79:3300/0,v1:172.21.15.79:6789/0] -- mon_subscribe({osdmap=0}) v3 -- 0x7f6c5819c550 con 0x7f6c5807be10
2024-06-01T00:46:08.638 INFO:teuthology.orchestra.run.smithi079.stdout:/usr/bin/ceph: stderr
2024-06-01T00:46:06.915+0000 7f6c557fa640 1 -- 172.21.15.79:0/1578397415 <== mon.0 v2:172.21.15.79:3300/0 4 ==== mgrmap(e 8) v1 ==== 44866+0+0 (secure 0 0 0) 0x7f6c4803c970 con 0x7f6c5807be10
2024-06-01T00:46:08.638 INFO:teuthology.orchestra.run.smithi079.stdout:/usr/bin/ceph: stderr
2024-06-01T00:46:06.915+0000 7f6c5e833640 1 -- 172.21.15.79:0/1578397415 --> [v2:172.21.15.79:3300/0,v1:172.21.15.79:6789/0] -- mon_command({"prefix": "get_command_descriptions"} v 0) v1 -- 0x7f6c5810bfc0 con 0x7f6c5807be10
2024-06-01T00:46:08.638 INFO:teuthology.orchestra.run.smithi079.stdout:/usr/bin/ceph: stderr
2024-06-01T00:46:06.915+0000 7f6c557fa640 1 --2- 172.21.15.79:0/1578397415 >> [v2:172.21.15.79:6800/1904937508,v1:172.21.15.79:6801/1904937508] conn(0x7f6c40037860 0x7f6c40039d20 unknown :-1 s=NONE pgs=0 cs=0 l=1 rev1=0 crypto rx=0 tx=0 comp rx=0 tx=0).connect
2024-06-01T00:46:08.638 INFO:teuthology.orchestra.run.smithi079.stdout:/usr/bin/ceph: stderr
2024-06-01T00:46:06.915+0000 7f6c557fa640 1 -- 172.21.15.79:0/1578397415 <== mon.0 v2:172.21.15.79:3300/0 5 ==== osd_map(2..2 src has 1..2) v4 ==== 940+0+0 (secure 0 0 0) 0x7f6c4806a9d0 con 0x7f6c5807be10
2024-06-01T00:46:08.638 INFO:teuthology.orchestra.run.smithi079.stdout:/usr/bin/ceph: stderr
2024-06-01T00:46:06.915+0000 7f6c577fe640 1 --2- 172.21.15.79:0/1578397415 >> [v2:172.21.15.79:6800/1904937508,v1:172.21.15.79:6801/1904937508] conn(0x7f6c40037860 0x7f6c40039d20 unknown :-1 s=BANNER_CONNECTING pgs=0 cs=0 l=1 rev1=0 crypto rx=0 tx=0 comp rx=0 tx=0)._handle_peer_banner_payload supported=3 required=0
2024-06-01T00:46:08.638 INFO:teuthology.orchestra.run.smithi079.stdout:/usr/bin/ceph: stderr
2024-06-01T00:46:06.915+0000 7f6c577fe640 1 --2- 172.21.15.79:0/1578397415 >> [v2:172.21.15.79:6800/1904937508,v1:172.21.15.79:6801/1904937508] conn(0x7f6c40037860 0x7f6c40039d20 secure :-1 s=READY pgs=12 cs=0 l=1 rev1=1 crypto rx=0x7f6c4c0098c0 tx=0x7f6c4c006db0 comp rx=0 tx=0).ready entity=mgr.14118 client_cookie=0 server_cookie=0 in_seq=0 out_seq=0
2024-06-01T00:46:08.638 INFO:teuthology.orchestra.run.smithi079.stdout:/usr/bin/ceph: stderr
2024-06-01T00:46:06.920+0000 7f6c557fa640 1 -- 172.21.15.79:0/1578397415 <== mon.0 v2:172.21.15.79:3300/0 6 ==== mon_command_ack([{"prefix": "get_command_descriptions"}]=0 v0) v1 ==== 72+0+182498 (secure 0 0 0) 0x7f6c480313a0 con 0x7f6c5807be10
2024-06-01T00:46:08.638 INFO:teuthology.orchestra.run.smithi079.stdout:/usr/bin/ceph: stderr
2024-06-01T00:46:07.113+0000 7f6c5e833640 1 -- 172.21.15.79:0/1578397415 --> [v2:172.21.15.79:6800/1904937508,v1:172.21.15.79:6801/1904937508] -- mgr_command(tid 0: {"prefix": "orch apply", "service_type": "mon", "target": ["mon-mgr", ""]}) v1 -- 0x7f6c581022b0 con 0x7f6c40037860
2024-06-01T00:46:08.638 INFO:teuthology.orchestra.run.smithi079.stdout:/usr/bin/ceph: stderr
2024-06-01T00:46:07.117+0000 7f6c557fa640 1 -- 172.21.15.79:0/1578397415 <== mgr.14118 v2:172.21.15.79:6800/1904937508 1 ==== mgr_command_reply(tid 0: 0 ) v1 ==== 8+0+24 (secure 0 0 0) 0x7f6c581022b0 con 0x7f6c40037860
2024-06-01T00:46:08.639 INFO:teuthology.orchestra.run.smithi079.stdout:/usr/bin/ceph: stderr
2024-06-01T00:46:07.119+0000 7f6c5e833640 1 -- 172.21.15.79:0/1578397415 >> [v2:172.21.15.79:6800/1904937508,v1:172.21.15.79:6801/1904937508] conn(0x7f6c40037860 msgr2=0x7f6c40039d20 secure :-1 s=STATE_CONNECTION_ESTABLISHED l=1).mark_down
2024-06-01T00:46:08.639 INFO:teuthology.orchestra.run.smithi079.stdout:/usr/bin/ceph: stderr
2024-06-01T00:46:07.119+0000 7f6c5e833640 1 --2- 172.21.15.79:0/1578397415 >> [v2:172.21.15.79:6800/1904937508,v1:172.21.15.79:6801/1904937508] conn(0x7f6c40037860 0x7f6c40039d20 secure :-1 s=READY pgs=12 cs=0 l=1 rev1=1 crypto rx=0x7f6c4c0098c0 tx=0x7f6c4c006db0 comp rx=0 tx=0).stop
2024-06-01T00:46:08.639 INFO:teuthology.orchestra.run.smithi079.stdout:/usr/bin/ceph: stderr
2024-06-01T00:46:07.119+0000 7f6c5e833640 1 -- 172.21.15.79:0/1578397415 >> [v2:172.21.15.79:3300/0,v1:172.21.15.79:6789/0] conn(0x7f6c5807be10 msgr2=0x7f6c5819b9f0 secure :-1 s=STATE_CONNECTION_ESTABLISHED l=1).mark_down
2024-06-01T00:46:08.639 INFO:teuthology.orchestra.run.smithi079.stdout:/usr/bin/ceph: stderr
2024-06-01T00:46:07.119+0000 7f6c5e833640 1 --2- 172.21.15.79:0/1578397415 >> [v2:172.21.15.79:3300/0,v1:172.21.15.79:6789/0] conn(0x7f6c5807be10 0x7f6c5819b9f0 secure :-1 s=READY pgs=46 cs=0 l=1 rev1=1 crypto rx=0x7f6c48009940 tx=0x7f6c48032c60 comp rx=0 tx=0).stop
2024-06-01T00:46:08.639 INFO:teuthology.orchestra.run.smithi079.stdout:/usr/bin/ceph: stderr
2024-06-01T00:46:07.119+0000 7f6c5e833640 1 -- 172.21.15.79:0/1578397415 shutdown_connections
2024-06-01T00:46:08.639 INFO:teuthology.orchestra.run.smithi079.stdout:/usr/bin/ceph: stderr
2024-06-01T00:46:07.119+0000 7f6c5e833640 1 --2- 172.21.15.79:0/1578397415 >> [v2:172.21.15.79:6800/1904937508,v1:172.21.15.79:6801/1904937508] conn(0x7f6c40037860 0x7f6c40039d20 unknown :-1 s=CLOSED pgs=12 cs=0 l=1 rev1=1 crypto rx=0 tx=0 comp rx=0 tx=0).stop
2024-06-01T00:46:08.639 INFO:teuthology.orchestra.run.smithi079.stdout:/usr/bin/ceph: stderr
2024-06-01T00:46:07.119+0000 7f6c5e833640 1 --2- 172.21.15.79:0/1578397415 >> [v2:172.21.15.79:3300/0,v1:172.21.15.79:6789/0] conn(0x7f6c5807be10 0x7f6c5819b9f0 unknown :-1 s=CLOSED pgs=46 cs=0 l=1 rev1=1 crypto rx=0 tx=0 comp rx=0 tx=0).stop
2024-06-01T00:46:08.639 INFO:teuthology.orchestra.run.smithi079.stdout:/usr/bin/ceph: stderr
2024-06-01T00:46:07.119+0000 7f6c5e833640 1 -- 172.21.15.79:0/1578397415 >> 172.21.15.79:0/1578397415 conn(0x7f6c581011c0 msgr2=0x7f6c58101ba0 unknown :-1 s=STATE_NONE l=0).mark_down
2024-06-01T00:46:08.639 INFO:teuthology.orchestra.run.smithi079.stdout:/usr/bin/ceph: stderr
2024-06-01T00:46:07.119+0000 7f6c5e833640 1 -- 172.21.15.79:0/1578397415 shutdown_connections
2024-06-01T00:46:08.639 INFO:teuthology.orchestra.run.smithi079.stdout:/usr/bin/ceph: stderr
2024-06-01T00:46:07.119+0000 7f6c5e833640 1 -- 172.21.15.79:0/1578397415 wait complete.
2024-06-01T00:46:08.639 INFO:teuthology.orchestra.run.smithi079.stdout:Deploying mgr service with default placement...
2024-06-01T00:46:09.225 INFO:journalctl@ceph.mon.smithi079.smithi079.stdout:Jun 01 00:46:09 smithi079 ceph-mon[29356]: from='mgr.14118 172.21.15.79:0/1136730099' entity='mgr.smithi079.emylav'
2024-06-01T00:46:09.225 INFO:journalctl@ceph.mon.smithi079.smithi079.stdout:Jun 01 00:46:09 smithi079 ceph-mon[29356]: from='mgr.14118 172.21.15.79:0/1136730099' entity='mgr.smithi079.emylav'
2024-06-01T00:46:09.855 INFO:teuthology.orchestra.run.smithi079.stdout:/usr/bin/ceph: stdout Scheduled mgr update...
2024-06-01T00:46:09.856 INFO:teuthology.orchestra.run.smithi079.stdout:/usr/bin/ceph: stderr
2024-06-01T00:46:09.022+0000 7fb426605640 1 Processor -- start
2024-06-01T00:46:09.856 INFO:teuthology.orchestra.run.smithi079.stdout:/usr/bin/ceph: stderr
2024-06-01T00:46:09.022+0000 7fb426605640 1 -- start start
2024-06-01T00:46:09.856 INFO:teuthology.orchestra.run.smithi079.stdout:/usr/bin/ceph: stderr
2024-06-01T00:46:09.022+0000 7fb426605640 1 --2- >> [v2:172.21.15.79:3300/0,v1:172.21.15.79:6789/0] conn(0x7fb420104b80 0x7fb420104fa0 unknown :-1 s=NONE pgs=0 cs=0 l=0 rev1=0 crypto rx=0 tx=0 comp rx=0 tx=0).connect
2024-06-01T00:46:09.856 INFO:teuthology.orchestra.run.smithi079.stdout:/usr/bin/ceph: stderr
2024-06-01T00:46:09.022+0000 7fb426605640 1 -- --> [v2:172.21.15.79:3300/0,v1:172.21.15.79:6789/0] -- mon_getmap magic: 0 v1 -- 0x7fb420105570 con 0x7fb420104b80
2024-06-01T00:46:09.856 INFO:teuthology.orchestra.run.smithi079.stdout:/usr/bin/ceph: stderr
2024-06-01T00:46:09.022+0000 7fb41ffff640 1 --2- >> [v2:172.21.15.79:3300/0,v1:172.21.15.79:6789/0] conn(0x7fb420104b80 0x7fb420104fa0 unknown :-1 s=BANNER_CONNECTING pgs=0 cs=0 l=0 rev1=0 crypto rx=0 tx=0 comp rx=0 tx=0)._handle_peer_banner_payload supported=3 required=0
2024-06-01T00:46:09.856 INFO:teuthology.orchestra.run.smithi079.stdout:/usr/bin/ceph: stderr
2024-06-01T00:46:09.023+0000 7fb41ffff640 1 --2- >> [v2:172.21.15.79:3300/0,v1:172.21.15.79:6789/0] conn(0x7fb420104b80 0x7fb420104fa0 unknown :-1 s=HELLO_CONNECTING pgs=0 cs=0 l=0 rev1=1 crypto rx=0 tx=0 comp rx=0 tx=0).handle_hello peer v2:172.21.15.79:3300/0 says I am v2:172.21.15.79:56896/0 (socket says 172.21.15.79:56896)
2024-06-01T00:46:09.856 INFO:teuthology.orchestra.run.smithi079.stdout:/usr/bin/ceph: stderr
2024-06-01T00:46:09.023+0000 7fb41ffff640 1 -- 172.21.15.79:0/2781294173 learned_addr learned my addr 172.21.15.79:0/2781294173 (peer_addr_for_me v2:172.21.15.79:0/0)
2024-06-01T00:46:09.857 INFO:teuthology.orchestra.run.smithi079.stdout:/usr/bin/ceph: stderr
2024-06-01T00:46:09.023+0000 7fb41ffff640 1 -- 172.21.15.79:0/2781294173 --> [v2:172.21.15.79:3300/0,v1:172.21.15.79:6789/0] -- mon_subscribe({config=0+,monmap=0+}) v3 -- 0x7fb420105d80 con 0x7fb420104b80
2024-06-01T00:46:09.857 INFO:teuthology.orchestra.run.smithi079.stdout:/usr/bin/ceph: stderr
2024-06-01T00:46:09.023+0000 7fb41ffff640 1 --2- 172.21.15.79:0/2781294173 >> [v2:172.21.15.79:3300/0,v1:172.21.15.79:6789/0] conn(0x7fb420104b80 0x7fb420104fa0 secure :-1 s=READY pgs=47 cs=0 l=1 rev1=1 crypto rx=0x7fb410009820 tx=0x7fb41002a270 comp rx=0 tx=0).ready entity=mon.0 client_cookie=dc19951136b07dd1 server_cookie=0 in_seq=0 out_seq=0
2024-06-01T00:46:09.857 INFO:teuthology.orchestra.run.smithi079.stdout:/usr/bin/ceph: stderr
2024-06-01T00:46:09.024+0000 7fb41effd640 1 -- 172.21.15.79:0/2781294173 <== mon.0 v2:172.21.15.79:3300/0 1 ==== mon_map magic: 0 v1 ==== 229+0+0 (secure 0 0 0) 0x7fb41002ad40 con 0x7fb420104b80
2024-06-01T00:46:09.857 INFO:teuthology.orchestra.run.smithi079.stdout:/usr/bin/ceph: stderr
2024-06-01T00:46:09.024+0000 7fb41effd640 1 -- 172.21.15.79:0/2781294173 <== mon.0 v2:172.21.15.79:3300/0 2 ==== config(27 keys) v1 ==== 1109+0+0 (secure 0 0 0) 0x7fb410032900 con 0x7fb420104b80
2024-06-01T00:46:09.857 INFO:teuthology.orchestra.run.smithi079.stdout:/usr/bin/ceph: stderr
2024-06-01T00:46:09.024+0000 7fb41effd640 1 -- 172.21.15.79:0/2781294173 <== mon.0 v2:172.21.15.79:3300/0 3 ==== mon_map magic: 0 v1 ==== 229+0+0 (secure 0 0 0) 0x7fb410030860 con 0x7fb420104b80
2024-06-01T00:46:09.857 INFO:teuthology.orchestra.run.smithi079.stdout:/usr/bin/ceph: stderr
2024-06-01T00:46:09.024+0000 7fb426605640 1 -- 172.21.15.79:0/2781294173 >> [v2:172.21.15.79:3300/0,v1:172.21.15.79:6789/0] conn(0x7fb420104b80 msgr2=0x7fb420104fa0 secure :-1 s=STATE_CONNECTION_ESTABLISHED l=1).mark_down
2024-06-01T00:46:09.857 INFO:teuthology.orchestra.run.smithi079.stdout:/usr/bin/ceph: stderr
2024-06-01T00:46:09.024+0000 7fb426605640 1 --2- 172.21.15.79:0/2781294173 >> [v2:172.21.15.79:3300/0,v1:172.21.15.79:6789/0] conn(0x7fb420104b80 0x7fb420104fa0 secure :-1 s=READY pgs=47 cs=0 l=1 rev1=1 crypto rx=0x7fb410009820 tx=0x7fb41002a270 comp rx=0 tx=0).stop
2024-06-01T00:46:09.857 INFO:teuthology.orchestra.run.smithi079.stdout:/usr/bin/ceph: stderr
2024-06-01T00:46:09.024+0000 7fb426605640 1 -- 172.21.15.79:0/2781294173 shutdown_connections
2024-06-01T00:46:09.857 INFO:teuthology.orchestra.run.smithi079.stdout:/usr/bin/ceph: stderr
2024-06-01T00:46:09.024+0000 7fb426605640 1 --2- 172.21.15.79:0/2781294173 >> [v2:172.21.15.79:3300/0,v1:172.21.15.79:6789/0] conn(0x7fb420104b80 0x7fb420104fa0 unknown :-1 s=CLOSED pgs=47 cs=0 l=1 rev1=1 crypto rx=0 tx=0 comp rx=0 tx=0).stop
2024-06-01T00:46:09.857 INFO:teuthology.orchestra.run.smithi079.stdout:/usr/bin/ceph: stderr
2024-06-01T00:46:09.024+0000 7fb426605640 1 -- 172.21.15.79:0/2781294173 >> 172.21.15.79:0/2781294173 conn(0x7fb4201000e0 msgr2=0x7fb420102560 unknown :-1 s=STATE_NONE l=0).mark_down
2024-06-01T00:46:09.857 INFO:teuthology.orchestra.run.smithi079.stdout:/usr/bin/ceph: stderr
2024-06-01T00:46:09.024+0000 7fb426605640 1 -- 172.21.15.79:0/2781294173 shutdown_connections
2024-06-01T00:46:09.857 INFO:teuthology.orchestra.run.smithi079.stdout:/usr/bin/ceph: stderr
2024-06-01T00:46:09.024+0000 7fb426605640 1 -- 172.21.15.79:0/2781294173 wait complete.
2024-06-01T00:46:09.857 INFO:teuthology.orchestra.run.smithi079.stdout:/usr/bin/ceph: stderr
2024-06-01T00:46:09.025+0000 7fb426605640 1 Processor -- start
2024-06-01T00:46:09.858 INFO:teuthology.orchestra.run.smithi079.stdout:/usr/bin/ceph: stderr
2024-06-01T00:46:09.025+0000 7fb426605640 1 -- start start
2024-06-01T00:46:09.858 INFO:teuthology.orchestra.run.smithi079.stdout:/usr/bin/ceph: stderr
2024-06-01T00:46:09.025+0000 7fb426605640 1 --2- >> [v2:172.21.15.79:3300/0,v1:172.21.15.79:6789/0] conn(0x7fb420104b80 0x7fb4201987f0 unknown :-1 s=NONE pgs=0 cs=0 l=1 rev1=0 crypto rx=0 tx=0 comp rx=0 tx=0).connect
2024-06-01T00:46:09.858 INFO:teuthology.orchestra.run.smithi079.stdout:/usr/bin/ceph: stderr
2024-06-01T00:46:09.025+0000 7fb426605640 1 -- --> [v2:172.21.15.79:3300/0,v1:172.21.15.79:6789/0] -- mon_getmap magic: 0 v1 -- 0x7fb420198d30 con 0x7fb420104b80
2024-06-01T00:46:09.858 INFO:teuthology.orchestra.run.smithi079.stdout:/usr/bin/ceph: stderr
2024-06-01T00:46:09.025+0000 7fb41ffff640 1 --2- >> [v2:172.21.15.79:3300/0,v1:172.21.15.79:6789/0] conn(0x7fb420104b80 0x7fb4201987f0 unknown :-1 s=BANNER_CONNECTING pgs=0 cs=0 l=1 rev1=0 crypto rx=0 tx=0 comp rx=0 tx=0)._handle_peer_banner_payload supported=3 required=0
2024-06-01T00:46:09.858 INFO:teuthology.orchestra.run.smithi079.stdout:/usr/bin/ceph: stderr
2024-06-01T00:46:09.025+0000 7fb41ffff640 1 --2- >> [v2:172.21.15.79:3300/0,v1:172.21.15.79:6789/0] conn(0x7fb420104b80 0x7fb4201987f0 unknown :-1 s=HELLO_CONNECTING pgs=0 cs=0 l=1 rev1=1 crypto rx=0 tx=0 comp rx=0 tx=0).handle_hello peer v2:172.21.15.79:3300/0 says I am v2:172.21.15.79:56906/0 (socket says 172.21.15.79:56906)
2024-06-01T00:46:09.858 INFO:teuthology.orchestra.run.smithi079.stdout:/usr/bin/ceph: stderr
2024-06-01T00:46:09.025+0000 7fb41ffff640 1 -- 172.21.15.79:0/3621542627 learned_addr learned my addr 172.21.15.79:0/3621542627 (peer_addr_for_me v2:172.21.15.79:0/0)
2024-06-01T00:46:09.858 INFO:teuthology.orchestra.run.smithi079.stdout:/usr/bin/ceph: stderr
2024-06-01T00:46:09.026+0000 7fb41ffff640 1 -- 172.21.15.79:0/3621542627 --> [v2:172.21.15.79:3300/0,v1:172.21.15.79:6789/0] -- mon_subscribe({config=0+,monmap=0+}) v3 -- 0x7fb4100094d0 con 0x7fb420104b80
2024-06-01T00:46:09.858 INFO:teuthology.orchestra.run.smithi079.stdout:/usr/bin/ceph: stderr
2024-06-01T00:46:09.026+0000 7fb41ffff640 1 --2- 172.21.15.79:0/3621542627 >> [v2:172.21.15.79:3300/0,v1:172.21.15.79:6789/0] conn(0x7fb420104b80 0x7fb4201987f0 secure :-1 s=READY pgs=48 cs=0 l=1 rev1=1 crypto rx=0x7fb410009940 tx=0x7fb410032670 comp rx=0 tx=0).ready entity=mon.0 client_cookie=0 server_cookie=0 in_seq=0 out_seq=0
2024-06-01T00:46:09.858 INFO:teuthology.orchestra.run.smithi079.stdout:/usr/bin/ceph: stderr
2024-06-01T00:46:09.026+0000 7fb41d7fa640 1 -- 172.21.15.79:0/3621542627 <== mon.0 v2:172.21.15.79:3300/0 1 ==== mon_map magic: 0 v1 ==== 229+0+0 (secure 0 0 0) 0x7fb410032c80 con 0x7fb420104b80
2024-06-01T00:46:09.858 INFO:teuthology.orchestra.run.smithi079.stdout:/usr/bin/ceph: stderr
2024-06-01T00:46:09.026+0000 7fb41d7fa640 1 -- 172.21.15.79:0/3621542627 <== mon.0 v2:172.21.15.79:3300/0 2 ==== config(27 keys) v1 ==== 1109+0+0 (secure 0 0 0) 0x7fb410032de0 con 0x7fb420104b80
2024-06-01T00:46:09.858 INFO:teuthology.orchestra.run.smithi079.stdout:/usr/bin/ceph: stderr
2024-06-01T00:46:09.026+0000 7fb426605640 1 -- 172.21.15.79:0/3621542627 --> [v2:172.21.15.79:3300/0,v1:172.21.15.79:6789/0] -- mon_subscribe({mgrmap=0+}) v3 -- 0x7fb420198f30 con 0x7fb420104b80
2024-06-01T00:46:09.858 INFO:teuthology.orchestra.run.smithi079.stdout:/usr/bin/ceph: stderr
2024-06-01T00:46:09.026+0000 7fb41d7fa640 1 -- 172.21.15.79:0/3621542627 <== mon.0 v2:172.21.15.79:3300/0 3 ==== mon_map magic: 0 v1 ==== 229+0+0 (secure 0 0 0) 0x7fb41003a730 con 0x7fb420104b80
2024-06-01T00:46:09.858 INFO:teuthology.orchestra.run.smithi079.stdout:/usr/bin/ceph: stderr
2024-06-01T00:46:09.026+0000 7fb426605640 1 -- 172.21.15.79:0/3621542627 --> [v2:172.21.15.79:3300/0,v1:172.21.15.79:6789/0] -- mon_subscribe({osdmap=0}) v3 -- 0x7fb4201993d0 con 0x7fb420104b80
2024-06-01T00:46:09.859 INFO:teuthology.orchestra.run.smithi079.stdout:/usr/bin/ceph: stderr
2024-06-01T00:46:09.027+0000 7fb41d7fa640 1 -- 172.21.15.79:0/3621542627 <== mon.0 v2:172.21.15.79:3300/0 4 ==== mgrmap(e 8) v1 ==== 44866+0+0 (secure 0 0 0) 0x7fb41003c400 con 0x7fb420104b80
2024-06-01T00:46:09.859 INFO:teuthology.orchestra.run.smithi079.stdout:/usr/bin/ceph: stderr
2024-06-01T00:46:09.027+0000 7fb41d7fa640 1 --2- 172.21.15.79:0/3621542627 >> [v2:172.21.15.79:6800/1904937508,v1:172.21.15.79:6801/1904937508] conn(0x7fb408037860 0x7fb408039d20 unknown :-1 s=NONE pgs=0 cs=0 l=1 rev1=0 crypto rx=0 tx=0 comp rx=0 tx=0).connect
2024-06-01T00:46:09.859 INFO:teuthology.orchestra.run.smithi079.stdout:/usr/bin/ceph: stderr
2024-06-01T00:46:09.027+0000 7fb41d7fa640 1 -- 172.21.15.79:0/3621542627 <== mon.0 v2:172.21.15.79:3300/0 5 ==== osd_map(2..2 src has 1..2) v4 ==== 940+0+0 (secure 0 0 0) 0x7fb41006a980 con 0x7fb420104b80
2024-06-01T00:46:09.859 INFO:teuthology.orchestra.run.smithi079.stdout:/usr/bin/ceph: stderr
2024-06-01T00:46:09.027+0000 7fb426605640 1 -- 172.21.15.79:0/3621542627 --> [v2:172.21.15.79:3300/0,v1:172.21.15.79:6789/0] -- mon_command({"prefix": "get_command_descriptions"} v 0) v1 -- 0x7fb420108fb0 con 0x7fb420104b80
