2024-06-01T00:46:17.830+0000 7fed3dffb640 1 -- 172.21.15.79:0/1492923357 <== mon.0 v2:172.21.15.79:3300/0 6 ==== mon_command_ack([{"prefix": "get_command_descriptions"}]=0 v0) v1 ==== 72+0+182498 (secure 0 0 0) 0x7fed34043920 con 0x7fed40105c40
2024-06-01T00:46:18.583 INFO:teuthology.orchestra.run.smithi079.stdout:/usr/bin/ceph: stderr
2024-06-01T00:46:18.013+0000 7fed47063640 1 -- 172.21.15.79:0/1492923357 --> [v2:172.21.15.79:6800/1904937508,v1:172.21.15.79:6801/1904937508] -- mgr_command(tid 0: {"prefix": "orch apply", "service_type": "alertmanager", "target": ["mon-mgr", ""]}) v1 -- 0x7fed401022d0 con 0x7fed30037860
2024-06-01T00:46:18.583 INFO:teuthology.orchestra.run.smithi079.stdout:/usr/bin/ceph: stderr
2024-06-01T00:46:18.018+0000 7fed3dffb640 1 -- 172.21.15.79:0/1492923357 <== mgr.14118 v2:172.21.15.79:6800/1904937508 1 ==== mgr_command_reply(tid 0: 0 ) v1 ==== 8+0+33 (secure 0 0 0) 0x7fed401022d0 con 0x7fed30037860
2024-06-01T00:46:18.583 INFO:teuthology.orchestra.run.smithi079.stdout:/usr/bin/ceph: stderr
2024-06-01T00:46:18.020+0000 7fed47063640 1 -- 172.21.15.79:0/1492923357 >> [v2:172.21.15.79:6800/1904937508,v1:172.21.15.79:6801/1904937508] conn(0x7fed30037860 msgr2=0x7fed30039d20 secure :-1 s=STATE_CONNECTION_ESTABLISHED l=1).mark_down
2024-06-01T00:46:18.583 INFO:teuthology.orchestra.run.smithi079.stdout:/usr/bin/ceph: stderr
2024-06-01T00:46:18.020+0000 7fed47063640 1 --2- 172.21.15.79:0/1492923357 >> [v2:172.21.15.79:6800/1904937508,v1:172.21.15.79:6801/1904937508] conn(0x7fed30037860 0x7fed30039d20 secure :-1 s=READY pgs=19 cs=0 l=1 rev1=1 crypto rx=0x7fed2c0098c0 tx=0x7fed2c006db0 comp rx=0 tx=0).stop
2024-06-01T00:46:18.583 INFO:teuthology.orchestra.run.smithi079.stdout:/usr/bin/ceph: stderr
2024-06-01T00:46:18.020+0000 7fed47063640 1 -- 172.21.15.79:0/1492923357 >> [v2:172.21.15.79:3300/0,v1:172.21.15.79:6789/0] conn(0x7fed40105c40 msgr2=0x7fed401998a0 secure :-1 s=STATE_CONNECTION_ESTABLISHED l=1).mark_down
2024-06-01T00:46:18.583 INFO:teuthology.orchestra.run.smithi079.stdout:/usr/bin/ceph: stderr
2024-06-01T00:46:18.020+0000 7fed47063640 1 --2- 172.21.15.79:0/1492923357 >> [v2:172.21.15.79:3300/0,v1:172.21.15.79:6789/0] conn(0x7fed40105c40 0x7fed401998a0 secure :-1 s=READY pgs=60 cs=0 l=1 rev1=1 crypto rx=0x7fed340097f0 tx=0x7fed34030e90 comp rx=0 tx=0).stop
2024-06-01T00:46:18.583 INFO:teuthology.orchestra.run.smithi079.stdout:/usr/bin/ceph: stderr
2024-06-01T00:46:18.020+0000 7fed47063640 1 -- 172.21.15.79:0/1492923357 shutdown_connections
2024-06-01T00:46:18.584 INFO:teuthology.orchestra.run.smithi079.stdout:/usr/bin/ceph: stderr
2024-06-01T00:46:18.020+0000 7fed47063640 1 --2- 172.21.15.79:0/1492923357 >> [v2:172.21.15.79:6800/1904937508,v1:172.21.15.79:6801/1904937508] conn(0x7fed30037860 0x7fed30039d20 unknown :-1 s=CLOSED pgs=19 cs=0 l=1 rev1=1 crypto rx=0 tx=0 comp rx=0 tx=0).stop
2024-06-01T00:46:18.584 INFO:teuthology.orchestra.run.smithi079.stdout:/usr/bin/ceph: stderr
2024-06-01T00:46:18.020+0000 7fed47063640 1 --2- 172.21.15.79:0/1492923357 >> [v2:172.21.15.79:3300/0,v1:172.21.15.79:6789/0] conn(0x7fed40105c40 0x7fed401998a0 unknown :-1 s=CLOSED pgs=60 cs=0 l=1 rev1=1 crypto rx=0 tx=0 comp rx=0 tx=0).stop
2024-06-01T00:46:18.584 INFO:teuthology.orchestra.run.smithi079.stdout:/usr/bin/ceph: stderr
2024-06-01T00:46:18.020+0000 7fed47063640 1 -- 172.21.15.79:0/1492923357 >> 172.21.15.79:0/1492923357 conn(0x7fed401011c0 msgr2=0x7fed40101bc0 unknown :-1 s=STATE_NONE l=0).mark_down
2024-06-01T00:46:18.584 INFO:teuthology.orchestra.run.smithi079.stdout:/usr/bin/ceph: stderr
2024-06-01T00:46:18.020+0000 7fed47063640 1 -- 172.21.15.79:0/1492923357 shutdown_connections
2024-06-01T00:46:18.584 INFO:teuthology.orchestra.run.smithi079.stdout:/usr/bin/ceph: stderr
2024-06-01T00:46:18.020+0000 7fed47063640 1 -- 172.21.15.79:0/1492923357 wait complete.
2024-06-01T00:46:19.158 INFO:journalctl@ceph.mon.smithi079.smithi079.stdout:Jun 01 00:46:19 smithi079 ceph-mon[29356]: from='client.14154 -' entity='client.admin' cmd=[{"prefix": "orch apply", "service_type": "alertmanager", "target": ["mon-mgr", ""]}]: dispatch
2024-06-01T00:46:19.158 INFO:journalctl@ceph.mon.smithi079.smithi079.stdout:Jun 01 00:46:19 smithi079 ceph-mon[29356]: Saving service alertmanager spec with placement count:1
2024-06-01T00:46:19.158 INFO:journalctl@ceph.mon.smithi079.smithi079.stdout:Jun 01 00:46:19 smithi079 ceph-mon[29356]: from='mgr.14118 172.21.15.79:0/1136730099' entity='mgr.smithi079.emylav'
2024-06-01T00:46:19.158 INFO:journalctl@ceph.mon.smithi079.smithi079.stdout:Jun 01 00:46:19 smithi079 ceph-mon[29356]: pgmap v4: 0 pgs: ; 0 B data, 0 B used, 0 B / 0 B avail
2024-06-01T00:46:19.768 INFO:teuthology.orchestra.run.smithi079.stdout:/usr/bin/ceph: stderr
2024-06-01T00:46:18.971+0000 7f5fd561e640 1 Processor -- start
2024-06-01T00:46:19.768 INFO:teuthology.orchestra.run.smithi079.stdout:/usr/bin/ceph: stderr
2024-06-01T00:46:18.971+0000 7f5fd561e640 1 -- start start
2024-06-01T00:46:19.768 INFO:teuthology.orchestra.run.smithi079.stdout:/usr/bin/ceph: stderr
2024-06-01T00:46:18.971+0000 7f5fd561e640 1 --2- >> [v2:172.21.15.79:3300/0,v1:172.21.15.79:6789/0] conn(0x7f5fd0106790 0x7f5fd0108b80 unknown :-1 s=NONE pgs=0 cs=0 l=0 rev1=0 crypto rx=0 tx=0 comp rx=0 tx=0).connect
2024-06-01T00:46:19.768 INFO:teuthology.orchestra.run.smithi079.stdout:/usr/bin/ceph: stderr
2024-06-01T00:46:18.971+0000 7f5fd561e640 1 -- --> [v2:172.21.15.79:3300/0,v1:172.21.15.79:6789/0] -- mon_getmap magic: 0 v1 -- 0x7f5fd0079da0 con 0x7f5fd0106790
2024-06-01T00:46:19.769 INFO:teuthology.orchestra.run.smithi079.stdout:/usr/bin/ceph: stderr
2024-06-01T00:46:18.971+0000 7f5fceffd640 1 --2- >> [v2:172.21.15.79:3300/0,v1:172.21.15.79:6789/0] conn(0x7f5fd0106790 0x7f5fd0108b80 unknown :-1 s=BANNER_CONNECTING pgs=0 cs=0 l=0 rev1=0 crypto rx=0 tx=0 comp rx=0 tx=0)._handle_peer_banner_payload supported=3 required=0
2024-06-01T00:46:19.769 INFO:teuthology.orchestra.run.smithi079.stdout:/usr/bin/ceph: stderr
2024-06-01T00:46:18.971+0000 7f5fceffd640 1 --2- >> [v2:172.21.15.79:3300/0,v1:172.21.15.79:6789/0] conn(0x7f5fd0106790 0x7f5fd0108b80 unknown :-1 s=HELLO_CONNECTING pgs=0 cs=0 l=0 rev1=1 crypto rx=0 tx=0 comp rx=0 tx=0).handle_hello peer v2:172.21.15.79:3300/0 says I am v2:172.21.15.79:39644/0 (socket says 172.21.15.79:39644)
2024-06-01T00:46:19.769 INFO:teuthology.orchestra.run.smithi079.stdout:/usr/bin/ceph: stderr
2024-06-01T00:46:18.971+0000 7f5fceffd640 1 -- 172.21.15.79:0/564790394 learned_addr learned my addr 172.21.15.79:0/564790394 (peer_addr_for_me v2:172.21.15.79:0/0)
2024-06-01T00:46:19.769 INFO:teuthology.orchestra.run.smithi079.stdout:/usr/bin/ceph: stderr
2024-06-01T00:46:18.971+0000 7f5fceffd640 1 -- 172.21.15.79:0/564790394 --> [v2:172.21.15.79:3300/0,v1:172.21.15.79:6789/0] -- mon_subscribe({config=0+,monmap=0+}) v3 -- 0x7f5fd0079ee0 con 0x7f5fd0106790
2024-06-01T00:46:19.769 INFO:teuthology.orchestra.run.smithi079.stdout:/usr/bin/ceph: stderr
2024-06-01T00:46:18.972+0000 7f5fceffd640 1 --2- 172.21.15.79:0/564790394 >> [v2:172.21.15.79:3300/0,v1:172.21.15.79:6789/0] conn(0x7f5fd0106790 0x7f5fd0108b80 secure :-1 s=READY pgs=61 cs=0 l=1 rev1=1 crypto rx=0x7f5fc0009820 tx=0x7f5fc002a270 comp rx=0 tx=0).ready entity=mon.0 client_cookie=5fd1703bdefa8e3a server_cookie=0 in_seq=0 out_seq=0
2024-06-01T00:46:19.769 INFO:teuthology.orchestra.run.smithi079.stdout:/usr/bin/ceph: stderr
2024-06-01T00:46:18.973+0000 7f5fce7fc640 1 -- 172.21.15.79:0/564790394 <== mon.0 v2:172.21.15.79:3300/0 1 ==== mon_map magic: 0 v1 ==== 229+0+0 (secure 0 0 0) 0x7f5fc002ad40 con 0x7f5fd0106790
2024-06-01T00:46:19.769 INFO:teuthology.orchestra.run.smithi079.stdout:/usr/bin/ceph: stderr
2024-06-01T00:46:18.973+0000 7f5fce7fc640 1 -- 172.21.15.79:0/564790394 <== mon.0 v2:172.21.15.79:3300/0 2 ==== config(27 keys) v1 ==== 1109+0+0 (secure 0 0 0) 0x7f5fc0032900 con 0x7f5fd0106790
2024-06-01T00:46:19.769 INFO:teuthology.orchestra.run.smithi079.stdout:/usr/bin/ceph: stderr
2024-06-01T00:46:18.973+0000 7f5fce7fc640 1 -- 172.21.15.79:0/564790394 <== mon.0 v2:172.21.15.79:3300/0 3 ==== mon_map magic: 0 v1 ==== 229+0+0 (secure 0 0 0) 0x7f5fc0030860 con 0x7f5fd0106790
2024-06-01T00:46:19.769 INFO:teuthology.orchestra.run.smithi079.stdout:/usr/bin/ceph: stderr
2024-06-01T00:46:18.973+0000 7f5fd561e640 1 -- 172.21.15.79:0/564790394 >> [v2:172.21.15.79:3300/0,v1:172.21.15.79:6789/0] conn(0x7f5fd0106790 msgr2=0x7f5fd0108b80 secure :-1 s=STATE_CONNECTION_ESTABLISHED l=1).mark_down
2024-06-01T00:46:19.769 INFO:teuthology.orchestra.run.smithi079.stdout:/usr/bin/ceph: stderr
2024-06-01T00:46:18.973+0000 7f5fd561e640 1 --2- 172.21.15.79:0/564790394 >> [v2:172.21.15.79:3300/0,v1:172.21.15.79:6789/0] conn(0x7f5fd0106790 0x7f5fd0108b80 secure :-1 s=READY pgs=61 cs=0 l=1 rev1=1 crypto rx=0x7f5fc0009820 tx=0x7f5fc002a270 comp rx=0 tx=0).stop
2024-06-01T00:46:19.769 INFO:teuthology.orchestra.run.smithi079.stdout:/usr/bin/ceph: stderr
2024-06-01T00:46:18.973+0000 7f5fd561e640 1 -- 172.21.15.79:0/564790394 shutdown_connections
2024-06-01T00:46:19.769 INFO:teuthology.orchestra.run.smithi079.stdout:/usr/bin/ceph: stderr
2024-06-01T00:46:18.973+0000 7f5fd561e640 1 --2- 172.21.15.79:0/564790394 >> [v2:172.21.15.79:3300/0,v1:172.21.15.79:6789/0] conn(0x7f5fd0106790 0x7f5fd0108b80 unknown :-1 s=CLOSED pgs=61 cs=0 l=1 rev1=1 crypto rx=0 tx=0 comp rx=0 tx=0).stop
2024-06-01T00:46:19.769 INFO:teuthology.orchestra.run.smithi079.stdout:/usr/bin/ceph: stderr
2024-06-01T00:46:18.973+0000 7f5fd561e640 1 -- 172.21.15.79:0/564790394 >> 172.21.15.79:0/564790394 conn(0x7f5fd01000e0 msgr2=0x7f5fd0102560 unknown :-1 s=STATE_NONE l=0).mark_down
2024-06-01T00:46:19.770 INFO:teuthology.orchestra.run.smithi079.stdout:/usr/bin/ceph: stderr
2024-06-01T00:46:18.973+0000 7f5fd561e640 1 -- 172.21.15.79:0/564790394 shutdown_connections
2024-06-01T00:46:19.770 INFO:teuthology.orchestra.run.smithi079.stdout:/usr/bin/ceph: stderr
2024-06-01T00:46:18.973+0000 7f5fd561e640 1 -- 172.21.15.79:0/564790394 wait complete.
2024-06-01T00:46:19.770 INFO:teuthology.orchestra.run.smithi079.stdout:/usr/bin/ceph: stderr
2024-06-01T00:46:18.974+0000 7f5fd561e640 1 Processor -- start
2024-06-01T00:46:19.770 INFO:teuthology.orchestra.run.smithi079.stdout:/usr/bin/ceph: stderr
2024-06-01T00:46:18.974+0000 7f5fd561e640 1 -- start start
2024-06-01T00:46:19.770 INFO:teuthology.orchestra.run.smithi079.stdout:/usr/bin/ceph: stderr
2024-06-01T00:46:18.974+0000 7f5fd561e640 1 --2- >> [v2:172.21.15.79:3300/0,v1:172.21.15.79:6789/0] conn(0x7f5fd0106790 0x7f5fd0199870 unknown :-1 s=NONE pgs=0 cs=0 l=1 rev1=0 crypto rx=0 tx=0 comp rx=0 tx=0).connect
2024-06-01T00:46:19.770 INFO:teuthology.orchestra.run.smithi079.stdout:/usr/bin/ceph: stderr
2024-06-01T00:46:18.974+0000 7f5fd561e640 1 -- --> [v2:172.21.15.79:3300/0,v1:172.21.15.79:6789/0] -- mon_getmap magic: 0 v1 -- 0x7f5fd0199db0 con 0x7f5fd0106790
2024-06-01T00:46:19.770 INFO:teuthology.orchestra.run.smithi079.stdout:/usr/bin/ceph: stderr
2024-06-01T00:46:18.974+0000 7f5fceffd640 1 --2- >> [v2:172.21.15.79:3300/0,v1:172.21.15.79:6789/0] conn(0x7f5fd0106790 0x7f5fd0199870 unknown :-1 s=BANNER_CONNECTING pgs=0 cs=0 l=1 rev1=0 crypto rx=0 tx=0 comp rx=0 tx=0)._handle_peer_banner_payload supported=3 required=0
2024-06-01T00:46:19.770 INFO:teuthology.orchestra.run.smithi079.stdout:/usr/bin/ceph: stderr
2024-06-01T00:46:18.974+0000 7f5fceffd640 1 --2- >> [v2:172.21.15.79:3300/0,v1:172.21.15.79:6789/0] conn(0x7f5fd0106790 0x7f5fd0199870 unknown :-1 s=HELLO_CONNECTING pgs=0 cs=0 l=1 rev1=1 crypto rx=0 tx=0 comp rx=0 tx=0).handle_hello peer v2:172.21.15.79:3300/0 says I am v2:172.21.15.79:39656/0 (socket says 172.21.15.79:39656)
2024-06-01T00:46:19.770 INFO:teuthology.orchestra.run.smithi079.stdout:/usr/bin/ceph: stderr
2024-06-01T00:46:18.974+0000 7f5fceffd640 1 -- 172.21.15.79:0/1831810319 learned_addr learned my addr 172.21.15.79:0/1831810319 (peer_addr_for_me v2:172.21.15.79:0/0)
2024-06-01T00:46:19.770 INFO:teuthology.orchestra.run.smithi079.stdout:/usr/bin/ceph: stderr
2024-06-01T00:46:18.974+0000 7f5fceffd640 1 -- 172.21.15.79:0/1831810319 --> [v2:172.21.15.79:3300/0,v1:172.21.15.79:6789/0] -- mon_subscribe({config=0+,monmap=0+}) v3 -- 0x7f5fc00094d0 con 0x7f5fd0106790
2024-06-01T00:46:19.770 INFO:teuthology.orchestra.run.smithi079.stdout:/usr/bin/ceph: stderr
2024-06-01T00:46:18.975+0000 7f5fceffd640 1 --2- 172.21.15.79:0/1831810319 >> [v2:172.21.15.79:3300/0,v1:172.21.15.79:6789/0] conn(0x7f5fd0106790 0x7f5fd0199870 secure :-1 s=READY pgs=62 cs=0 l=1 rev1=1 crypto rx=0x7f5fc00097f0 tx=0x7f5fc0030e20 comp rx=0 tx=0).ready entity=mon.0 client_cookie=0 server_cookie=0 in_seq=0 out_seq=0
2024-06-01T00:46:19.770 INFO:teuthology.orchestra.run.smithi079.stdout:/usr/bin/ceph: stderr
2024-06-01T00:46:18.975+0000 7f5fccff9640 1 -- 172.21.15.79:0/1831810319 <== mon.0 v2:172.21.15.79:3300/0 1 ==== mon_map magic: 0 v1 ==== 229+0+0 (secure 0 0 0) 0x7f5fc0032c80 con 0x7f5fd0106790
2024-06-01T00:46:19.771 INFO:teuthology.orchestra.run.smithi079.stdout:/usr/bin/ceph: stderr
2024-06-01T00:46:18.975+0000 7f5fccff9640 1 -- 172.21.15.79:0/1831810319 <== mon.0 v2:172.21.15.79:3300/0 2 ==== config(27 keys) v1 ==== 1109+0+0 (secure 0 0 0) 0x7f5fc0032de0 con 0x7f5fd0106790
2024-06-01T00:46:19.771 INFO:teuthology.orchestra.run.smithi079.stdout:/usr/bin/ceph: stderr
2024-06-01T00:46:18.975+0000 7f5fd561e640 1 -- 172.21.15.79:0/1831810319 --> [v2:172.21.15.79:3300/0,v1:172.21.15.79:6789/0] -- mon_subscribe({mgrmap=0+}) v3 -- 0x7f5fd0199fb0 con 0x7f5fd0106790
2024-06-01T00:46:19.771 INFO:teuthology.orchestra.run.smithi079.stdout:/usr/bin/ceph: stderr
2024-06-01T00:46:18.975+0000 7f5fccff9640 1 -- 172.21.15.79:0/1831810319 <== mon.0 v2:172.21.15.79:3300/0 3 ==== mon_map magic: 0 v1 ==== 229+0+0 (secure 0 0 0) 0x7f5fc003a7c0 con 0x7f5fd0106790
2024-06-01T00:46:19.771 INFO:teuthology.orchestra.run.smithi079.stdout:/usr/bin/ceph: stderr
2024-06-01T00:46:18.975+0000 7f5fd561e640 1 -- 172.21.15.79:0/1831810319 --> [v2:172.21.15.79:3300/0,v1:172.21.15.79:6789/0] -- mon_subscribe({osdmap=0}) v3 -- 0x7f5fd019a450 con 0x7f5fd0106790
2024-06-01T00:46:19.771 INFO:teuthology.orchestra.run.smithi079.stdout:/usr/bin/ceph: stderr
2024-06-01T00:46:18.976+0000 7f5fccff9640 1 -- 172.21.15.79:0/1831810319 <== mon.0 v2:172.21.15.79:3300/0 4 ==== mgrmap(e 8) v1 ==== 44866+0+0 (secure 0 0 0) 0x7f5fc003a9c0 con 0x7f5fd0106790
2024-06-01T00:46:19.771 INFO:teuthology.orchestra.run.smithi079.stdout:/usr/bin/ceph: stderr
2024-06-01T00:46:18.976+0000 7f5fccff9640 1 --2- 172.21.15.79:0/1831810319 >> [v2:172.21.15.79:6800/1904937508,v1:172.21.15.79:6801/1904937508] conn(0x7f5fbc037860 0x7f5fbc039d20 unknown :-1 s=NONE pgs=0 cs=0 l=1 rev1=0 crypto rx=0 tx=0 comp rx=0 tx=0).connect
2024-06-01T00:46:19.771 INFO:teuthology.orchestra.run.smithi079.stdout:/usr/bin/ceph: stderr
2024-06-01T00:46:18.976+0000 7f5fd561e640 1 -- 172.21.15.79:0/1831810319 --> [v2:172.21.15.79:3300/0,v1:172.21.15.79:6789/0] -- mon_command({"prefix": "get_command_descriptions"} v 0) v1 -- 0x7f5fd0109e50 con 0x7f5fd0106790
2024-06-01T00:46:19.771 INFO:teuthology.orchestra.run.smithi079.stdout:/usr/bin/ceph: stderr
2024-06-01T00:46:18.976+0000 7f5fccff9640 1 -- 172.21.15.79:0/1831810319 <== mon.0 v2:172.21.15.79:3300/0 5 ==== osd_map(2..2 src has 1..2) v4 ==== 940+0+0 (secure 0 0 0) 0x7f5fc006aa80 con 0x7f5fd0106790
2024-06-01T00:46:19.771 INFO:teuthology.orchestra.run.smithi079.stdout:/usr/bin/ceph: stderr
2024-06-01T00:46:18.976+0000 7f5fc67fc640 1 --2- 172.21.15.79:0/1831810319 >> [v2:172.21.15.79:6800/1904937508,v1:172.21.15.79:6801/1904937508] conn(0x7f5fbc037860 0x7f5fbc039d20 unknown :-1 s=BANNER_CONNECTING pgs=0 cs=0 l=1 rev1=0 crypto rx=0 tx=0 comp rx=0 tx=0)._handle_peer_banner_payload supported=3 required=0
2024-06-01T00:46:19.771 INFO:teuthology.orchestra.run.smithi079.stdout:/usr/bin/ceph: stderr
2024-06-01T00:46:18.977+0000 7f5fc67fc640 1 --2- 172.21.15.79:0/1831810319 >> [v2:172.21.15.79:6800/1904937508,v1:172.21.15.79:6801/1904937508] conn(0x7f5fbc037860 0x7f5fbc039d20 secure :-1 s=READY pgs=20 cs=0 l=1 rev1=1 crypto rx=0x7f5fb80098c0 tx=0x7f5fb8006db0 comp rx=0 tx=0).ready entity=mgr.14118 client_cookie=0 server_cookie=0 in_seq=0 out_seq=0
2024-06-01T00:46:19.771 INFO:teuthology.orchestra.run.smithi079.stdout:/usr/bin/ceph: stderr
2024-06-01T00:46:18.981+0000 7f5fccff9640 1 -- 172.21.15.79:0/1831810319 <== mon.0 v2:172.21.15.79:3300/0 6 ==== mon_command_ack([{"prefix": "get_command_descriptions"}]=0 v0) v1 ==== 72+0+182498 (secure 0 0 0) 0x7f5fc009a900 con 0x7f5fd0106790
2024-06-01T00:46:19.771 INFO:teuthology.orchestra.run.smithi079.stdout:/usr/bin/ceph: stderr
2024-06-01T00:46:19.156+0000 7f5fd561e640 1 -- 172.21.15.79:0/1831810319 --> [v2:172.21.15.79:3300/0,v1:172.21.15.79:6789/0] -- mon_command([{prefix=config set, name=mgr/cephadm/container_init}] v 0) v1 -- 0x7f5fd010a090 con 0x7f5fd0106790
2024-06-01T00:46:19.771 INFO:teuthology.orchestra.run.smithi079.stdout:/usr/bin/ceph: stderr
2024-06-01T00:46:19.159+0000 7f5fccff9640 1 -- 172.21.15.79:0/1831810319 <== mon.0 v2:172.21.15.79:3300/0 7 ==== mon_command_ack([{prefix=config set, name=mgr/cephadm/container_init}]=0 v7)=0 v7) v1 ==== 142+0+0 (secure 0 0 0) 0x7f5fc0043310 con 0x7f5fd0106790
2024-06-01T00:46:19.772 INFO:teuthology.orchestra.run.smithi079.stdout:/usr/bin/ceph: stderr
2024-06-01T00:46:19.162+0000 7f5fd561e640 1 -- 172.21.15.79:0/1831810319 >> [v2:172.21.15.79:6800/1904937508,v1:172.21.15.79:6801/1904937508] conn(0x7f5fbc037860 msgr2=0x7f5fbc039d20 secure :-1 s=STATE_CONNECTION_ESTABLISHED l=1).mark_down
2024-06-01T00:46:19.772 INFO:teuthology.orchestra.run.smithi079.stdout:/usr/bin/ceph: stderr
2024-06-01T00:46:19.162+0000 7f5fd561e640 1 --2- 172.21.15.79:0/1831810319 >> [v2:172.21.15.79:6800/1904937508,v1:172.21.15.79:6801/1904937508] conn(0x7f5fbc037860 0x7f5fbc039d20 secure :-1 s=READY pgs=20 cs=0 l=1 rev1=1 crypto rx=0x7f5fb80098c0 tx=0x7f5fb8006db0 comp rx=0 tx=0).stop
2024-06-01T00:46:19.772 INFO:teuthology.orchestra.run.smithi079.stdout:/usr/bin/ceph: stderr
2024-06-01T00:46:19.162+0000 7f5fd561e640 1 -- 172.21.15.79:0/1831810319 >> [v2:172.21.15.79:3300/0,v1:172.21.15.79:6789/0] conn(0x7f5fd0106790 msgr2=0x7f5fd0199870 secure :-1 s=STATE_CONNECTION_ESTABLISHED l=1).mark_down
2024-06-01T00:46:19.772 INFO:teuthology.orchestra.run.smithi079.stdout:/usr/bin/ceph: stderr
2024-06-01T00:46:19.162+0000 7f5fd561e640 1 --2- 172.21.15.79:0/1831810319 >> [v2:172.21.15.79:3300/0,v1:172.21.15.79:6789/0] conn(0x7f5fd0106790 0x7f5fd0199870 secure :-1 s=READY pgs=62 cs=0 l=1 rev1=1 crypto rx=0x7f5fc00097f0 tx=0x7f5fc0030e20 comp rx=0 tx=0).stop
2024-06-01T00:46:19.772 INFO:teuthology.orchestra.run.smithi079.stdout:/usr/bin/ceph: stderr
2024-06-01T00:46:19.162+0000 7f5fd561e640 1 -- 172.21.15.79:0/1831810319 shutdown_connections
2024-06-01T00:46:19.772 INFO:teuthology.orchestra.run.smithi079.stdout:/usr/bin/ceph: stderr
2024-06-01T00:46:19.162+0000 7f5fd561e640 1 --2- 172.21.15.79:0/1831810319 >> [v2:172.21.15.79:6800/1904937508,v1:172.21.15.79:6801/1904937508] conn(0x7f5fbc037860 0x7f5fbc039d20 unknown :-1 s=CLOSED pgs=20 cs=0 l=1 rev1=1 crypto rx=0 tx=0 comp rx=0 tx=0).stop
2024-06-01T00:46:19.772 INFO:teuthology.orchestra.run.smithi079.stdout:/usr/bin/ceph: stderr
2024-06-01T00:46:19.162+0000 7f5fd561e640 1 --2- 172.21.15.79:0/1831810319 >> [v2:172.21.15.79:3300/0,v1:172.21.15.79:6789/0] conn(0x7f5fd0106790 0x7f5fd0199870 unknown :-1 s=CLOSED pgs=62 cs=0 l=1 rev1=1 crypto rx=0 tx=0 comp rx=0 tx=0).stop
2024-06-01T00:46:19.772 INFO:teuthology.orchestra.run.smithi079.stdout:/usr/bin/ceph: stderr
2024-06-01T00:46:19.162+0000 7f5fd561e640 1 -- 172.21.15.79:0/1831810319 >> 172.21.15.79:0/1831810319 conn(0x7f5fd01000e0 msgr2=0x7f5fd0100ab0 unknown :-1 s=STATE_NONE l=0).mark_down
2024-06-01T00:46:19.772 INFO:teuthology.orchestra.run.smithi079.stdout:/usr/bin/ceph: stderr
2024-06-01T00:46:19.162+0000 7f5fd561e640 1 -- 172.21.15.79:0/1831810319 shutdown_connections
2024-06-01T00:46:19.772 INFO:teuthology.orchestra.run.smithi079.stdout:/usr/bin/ceph: stderr
2024-06-01T00:46:19.162+0000 7f5fd561e640 1 -- 172.21.15.79:0/1831810319 wait complete.
2024-06-01T00:46:20.606 INFO:journalctl@ceph.mon.smithi079.smithi079.stdout:Jun 01 00:46:20 smithi079 ceph-mon[29356]: from='client.? 172.21.15.79:0/1831810319' entity='client.admin'
2024-06-01T00:46:20.913 INFO:teuthology.orchestra.run.smithi079.stdout:/usr/bin/ceph: stderr
2024-06-01T00:46:20.151+0000 7fb8c5f60640 1 Processor -- start
2024-06-01T00:46:20.913 INFO:teuthology.orchestra.run.smithi079.stdout:/usr/bin/ceph: stderr
2024-06-01T00:46:20.151+0000 7fb8c5f60640 1 -- start start
2024-06-01T00:46:20.913 INFO:teuthology.orchestra.run.smithi079.stdout:/usr/bin/ceph: stderr
2024-06-01T00:46:20.151+0000 7fb8c5f60640 1 --2- >> [v2:172.21.15.79:3300/0,v1:172.21.15.79:6789/0] conn(0x7fb8c0105c40 0x7fb8c0106060 unknown :-1 s=NONE pgs=0 cs=0 l=0 rev1=0 crypto rx=0 tx=0 comp rx=0 tx=0).connect
2024-06-01T00:46:20.914 INFO:teuthology.orchestra.run.smithi079.stdout:/usr/bin/ceph: stderr
2024-06-01T00:46:20.151+0000 7fb8c5f60640 1 -- --> [v2:172.21.15.79:3300/0,v1:172.21.15.79:6789/0] -- mon_getmap magic: 0 v1 -- 0x7fb8c0106630 con 0x7fb8c0105c40
2024-06-01T00:46:20.914 INFO:teuthology.orchestra.run.smithi079.stdout:/usr/bin/ceph: stderr
2024-06-01T00:46:20.151+0000 7fb8bf7fe640 1 --2- >> [v2:172.21.15.79:3300/0,v1:172.21.15.79:6789/0] conn(0x7fb8c0105c40 0x7fb8c0106060 unknown :-1 s=BANNER_CONNECTING pgs=0 cs=0 l=0 rev1=0 crypto rx=0 tx=0 comp rx=0 tx=0)._handle_peer_banner_payload supported=3 required=0
2024-06-01T00:46:20.914 INFO:teuthology.orchestra.run.smithi079.stdout:/usr/bin/ceph: stderr
2024-06-01T00:46:20.151+0000 7fb8bf7fe640 1 --2- >> [v2:172.21.15.79:3300/0,v1:172.21.15.79:6789/0] conn(0x7fb8c0105c40 0x7fb8c0106060 unknown :-1 s=HELLO_CONNECTING pgs=0 cs=0 l=0 rev1=1 crypto rx=0 tx=0 comp rx=0 tx=0).handle_hello peer v2:172.21.15.79:3300/0 says I am v2:172.21.15.79:39658/0 (socket says 172.21.15.79:39658)
2024-06-01T00:46:20.914 INFO:teuthology.orchestra.run.smithi079.stdout:/usr/bin/ceph: stderr
2024-06-01T00:46:20.151+0000 7fb8bf7fe640 1 -- 172.21.15.79:0/4009437821 learned_addr learned my addr 172.21.15.79:0/4009437821 (peer_addr_for_me v2:172.21.15.79:0/0)
2024-06-01T00:46:20.914 INFO:teuthology.orchestra.run.smithi079.stdout:/usr/bin/ceph: stderr
2024-06-01T00:46:20.152+0000 7fb8bf7fe640 1 -- 172.21.15.79:0/4009437821 --> [v2:172.21.15.79:3300/0,v1:172.21.15.79:6789/0] -- mon_subscribe({config=0+,monmap=0+}) v3 -- 0x7fb8c0106e40 con 0x7fb8c0105c40
2024-06-01T00:46:20.914 INFO:teuthology.orchestra.run.smithi079.stdout:/usr/bin/ceph: stderr
2024-06-01T00:46:20.152+0000 7fb8bf7fe640 1 --2- 172.21.15.79:0/4009437821 >> [v2:172.21.15.79:3300/0,v1:172.21.15.79:6789/0] conn(0x7fb8c0105c40 0x7fb8c0106060 secure :-1 s=READY pgs=63 cs=0 l=1 rev1=1 crypto rx=0x7fb8b0009e80 tx=0x7fb8b002a7a0 comp rx=0 tx=0).ready entity=mon.0 client_cookie=af2f4b9ed760f9d9 server_cookie=0 in_seq=0 out_seq=0
2024-06-01T00:46:20.914 INFO:teuthology.orchestra.run.smithi079.stdout:/usr/bin/ceph: stderr
2024-06-01T00:46:20.152+0000 7fb8beffd640 1 -- 172.21.15.79:0/4009437821 <== mon.0 v2:172.21.15.79:3300/0 1 ==== mon_map magic: 0 v1 ==== 229+0+0 (secure 0 0 0) 0x7fb8b0031400 con 0x7fb8c0105c40
2024-06-01T00:46:20.914 INFO:teuthology.orchestra.run.smithi079.stdout:/usr/bin/ceph: stderr
2024-06-01T00:46:20.152+0000 7fb8beffd640 1 -- 172.21.15.79:0/4009437821 <== mon.0 v2:172.21.15.79:3300/0 2 ==== config(27 keys) v1 ==== 1109+0+0 (secure 0 0 0) 0x7fb8b002d050 con 0x7fb8c0105c40
2024-06-01T00:46:20.915 INFO:teuthology.orchestra.run.smithi079.stdout:/usr/bin/ceph: stderr
2024-06-01T00:46:20.152+0000 7fb8beffd640 1 -- 172.21.15.79:0/4009437821 <== mon.0 v2:172.21.15.79:3300/0 3 ==== mon_map magic: 0 v1 ==== 229+0+0 (secure 0 0 0) 0x7fb8b0007930 con 0x7fb8c0105c40
2024-06-01T00:46:20.915 INFO:teuthology.orchestra.run.smithi079.stdout:/usr/bin/ceph: stderr
2024-06-01T00:46:20.153+0000 7fb8c5f60640 1 -- 172.21.15.79:0/4009437821 >> [v2:172.21.15.79:3300/0,v1:172.21.15.79:6789/0] conn(0x7fb8c0105c40 msgr2=0x7fb8c0106060 secure :-1 s=STATE_CONNECTION_ESTABLISHED l=1).mark_down
2024-06-01T00:46:20.915 INFO:teuthology.orchestra.run.smithi079.stdout:/usr/bin/ceph: stderr
2024-06-01T00:46:20.153+0000 7fb8c5f60640 1 --2- 172.21.15.79:0/4009437821 >> [v2:172.21.15.79:3300/0,v1:172.21.15.79:6789/0] conn(0x7fb8c0105c40 0x7fb8c0106060 secure :-1 s=READY pgs=63 cs=0 l=1 rev1=1 crypto rx=0x7fb8b0009e80 tx=0x7fb8b002a7a0 comp rx=0 tx=0).stop
2024-06-01T00:46:20.915 INFO:teuthology.orchestra.run.smithi079.stdout:/usr/bin/ceph: stderr
2024-06-01T00:46:20.153+0000 7fb8c5f60640 1 -- 172.21.15.79:0/4009437821 shutdown_connections
2024-06-01T00:46:20.915 INFO:teuthology.orchestra.run.smithi079.stdout:/usr/bin/ceph: stderr
2024-06-01T00:46:20.153+0000 7fb8c5f60640 1 --2- 172.21.15.79:0/4009437821 >> [v2:172.21.15.79:3300/0,v1:172.21.15.79:6789/0] conn(0x7fb8c0105c40 0x7fb8c0106060 unknown :-1 s=CLOSED pgs=63 cs=0 l=1 rev1=1 crypto rx=0 tx=0 comp rx=0 tx=0).stop
2024-06-01T00:46:20.915 INFO:teuthology.orchestra.run.smithi079.stdout:/usr/bin/ceph: stderr
2024-06-01T00:46:20.153+0000 7fb8c5f60640 1 -- 172.21.15.79:0/4009437821 >> 172.21.15.79:0/4009437821 conn(0x7fb8c01011c0 msgr2=0x7fb8c0103620 unknown :-1 s=STATE_NONE l=0).mark_down
2024-06-01T00:46:20.915 INFO:teuthology.orchestra.run.smithi079.stdout:/usr/bin/ceph: stderr
2024-06-01T00:46:20.153+0000 7fb8c5f60640 1 -- 172.21.15.79:0/4009437821 shutdown_connections
2024-06-01T00:46:20.915 INFO:teuthology.orchestra.run.smithi079.stdout:/usr/bin/ceph: stderr
2024-06-01T00:46:20.153+0000 7fb8c5f60640 1 -- 172.21.15.79:0/4009437821 wait complete.
2024-06-01T00:46:20.915 INFO:teuthology.orchestra.run.smithi079.stdout:/usr/bin/ceph: stderr
2024-06-01T00:46:20.154+0000 7fb8c5f60640 1 Processor -- start
2024-06-01T00:46:20.916 INFO:teuthology.orchestra.run.smithi079.stdout:/usr/bin/ceph: stderr
2024-06-01T00:46:20.154+0000 7fb8c5f60640 1 -- start start
2024-06-01T00:46:20.916 INFO:teuthology.orchestra.run.smithi079.stdout:/usr/bin/ceph: stderr
2024-06-01T00:46:20.154+0000 7fb8c5f60640 1 --2- >> [v2:172.21.15.79:3300/0,v1:172.21.15.79:6789/0] conn(0x7fb8c0105c40 0x7fb8c0199940 unknown :-1 s=NONE pgs=0 cs=0 l=1 rev1=0 crypto rx=0 tx=0 comp rx=0 tx=0).connect
2024-06-01T00:46:20.916 INFO:teuthology.orchestra.run.smithi079.stdout:/usr/bin/ceph: stderr
2024-06-01T00:46:20.154+0000 7fb8c5f60640 1 -- --> [v2:172.21.15.79:3300/0,v1:172.21.15.79:6789/0] -- mon_getmap magic: 0 v1 -- 0x7fb8c0199e80 con 0x7fb8c0105c40
2024-06-01T00:46:20.916 INFO:teuthology.orchestra.run.smithi079.stdout:/usr/bin/ceph: stderr
2024-06-01T00:46:20.154+0000 7fb8bf7fe640 1 --2- >> [v2:172.21.15.79:3300/0,v1:172.21.15.79:6789/0] conn(0x7fb8c0105c40 0x7fb8c0199940 unknown :-1 s=BANNER_CONNECTING pgs=0 cs=0 l=1 rev1=0 crypto rx=0 tx=0 comp rx=0 tx=0)._handle_peer_banner_payload supported=3 required=0
2024-06-01T00:46:20.916 INFO:teuthology.orchestra.run.smithi079.stdout:/usr/bin/ceph: stderr
2024-06-01T00:46:20.154+0000 7fb8bf7fe640 1 --2- >> [v2:172.21.15.79:3300/0,v1:172.21.15.79:6789/0] conn(0x7fb8c0105c40 0x7fb8c0199940 unknown :-1 s=HELLO_CONNECTING pgs=0 cs=0 l=1 rev1=1 crypto rx=0 tx=0 comp rx=0 tx=0).handle_hello peer v2:172.21.15.79:3300/0 says I am v2:172.21.15.79:39670/0 (socket says 172.21.15.79:39670)
2024-06-01T00:46:20.916 INFO:teuthology.orchestra.run.smithi079.stdout:/usr/bin/ceph: stderr
2024-06-01T00:46:20.154+0000 7fb8bf7fe640 1 -- 172.21.15.79:0/624576285 learned_addr learned my addr 172.21.15.79:0/624576285 (peer_addr_for_me v2:172.21.15.79:0/0)
2024-06-01T00:46:20.916 INFO:teuthology.orchestra.run.smithi079.stdout:/usr/bin/ceph: stderr
2024-06-01T00:46:20.154+0000 7fb8bf7fe640 1 -- 172.21.15.79:0/624576285 --> [v2:172.21.15.79:3300/0,v1:172.21.15.79:6789/0] -- mon_subscribe({config=0+,monmap=0+}) v3 -- 0x7fb8b0009b30 con 0x7fb8c0105c40
2024-06-01T00:46:20.916 INFO:teuthology.orchestra.run.smithi079.stdout:/usr/bin/ceph: stderr
2024-06-01T00:46:20.154+0000 7fb8bf7fe640 1 --2- 172.21.15.79:0/624576285 >> [v2:172.21.15.79:3300/0,v1:172.21.15.79:6789/0] conn(0x7fb8c0105c40 0x7fb8c0199940 secure :-1 s=READY pgs=64 cs=0 l=1 rev1=1 crypto rx=0x7fb8b002acc0 tx=0x7fb8b0031a50 comp rx=0 tx=0).ready entity=mon.0 client_cookie=0 server_cookie=0 in_seq=0 out_seq=0
2024-06-01T00:46:20.916 INFO:teuthology.orchestra.run.smithi079.stdout:/usr/bin/ceph: stderr
2024-06-01T00:46:20.155+0000 7fb8bd7fa640 1 -- 172.21.15.79:0/624576285 <== mon.0 v2:172.21.15.79:3300/0 1 ==== mon_map magic: 0 v1 ==== 229+0+0 (secure 0 0 0) 0x7fb8b003a550 con 0x7fb8c0105c40
2024-06-01T00:46:20.916 INFO:teuthology.orchestra.run.smithi079.stdout:/usr/bin/ceph: stderr
2024-06-01T00:46:20.155+0000 7fb8c5f60640 1 -- 172.21.15.79:0/624576285 --> [v2:172.21.15.79:3300/0,v1:172.21.15.79:6789/0] -- mon_subscribe({mgrmap=0+}) v3 -- 0x7fb8c019a080 con 0x7fb8c0105c40
2024-06-01T00:46:20.917 INFO:teuthology.orchestra.run.smithi079.stdout:/usr/bin/ceph: stderr
2024-06-01T00:46:20.155+0000 7fb8bd7fa640 1 -- 172.21.15.79:0/624576285 <== mon.0 v2:172.21.15.79:3300/0 2 ==== config(27 keys) v1 ==== 1109+0+0 (secure 0 0 0) 0x7fb8b003ab70 con 0x7fb8c0105c40
2024-06-01T00:46:20.917 INFO:teuthology.orchestra.run.smithi079.stdout:/usr/bin/ceph: stderr
2024-06-01T00:46:20.155+0000 7fb8bd7fa640 1 -- 172.21.15.79:0/624576285 <== mon.0 v2:172.21.15.79:3300/0 3 ==== mon_map magic: 0 v1 ==== 229+0+0 (secure 0 0 0) 0x7fb8b0039cc0 con 0x7fb8c0105c40
2024-06-01T00:46:20.917 INFO:teuthology.orchestra.run.smithi079.stdout:/usr/bin/ceph: stderr
2024-06-01T00:46:20.155+0000 7fb8c5f60640 1 -- 172.21.15.79:0/624576285 --> [v2:172.21.15.79:3300/0,v1:172.21.15.79:6789/0] -- mon_subscribe({osdmap=0}) v3 -- 0x7fb8c019a520 con 0x7fb8c0105c40
2024-06-01T00:46:20.917 INFO:teuthology.orchestra.run.smithi079.stdout:/usr/bin/ceph: stderr
2024-06-01T00:46:20.155+0000 7fb8bd7fa640 1 -- 172.21.15.79:0/624576285 <== mon.0 v2:172.21.15.79:3300/0 4 ==== mgrmap(e 8) v1 ==== 44866+0+0 (secure 0 0 0) 0x7fb8b0038040 con 0x7fb8c0105c40
2024-06-01T00:46:20.917 INFO:teuthology.orchestra.run.smithi079.stdout:/usr/bin/ceph: stderr
2024-06-01T00:46:20.156+0000 7fb8bd7fa640 1 --2- 172.21.15.79:0/624576285 >> [v2:172.21.15.79:6800/1904937508,v1:172.21.15.79:6801/1904937508] conn(0x7fb8ac037860 0x7fb8ac039d20 unknown :-1 s=NONE pgs=0 cs=0 l=1 rev1=0 crypto rx=0 tx=0 comp rx=0 tx=0).connect
2024-06-01T00:46:20.917 INFO:teuthology.orchestra.run.smithi079.stdout:/usr/bin/ceph: stderr
2024-06-01T00:46:20.156+0000 7fb8bd7fa640 1 -- 172.21.15.79:0/624576285 <== mon.0 v2:172.21.15.79:3300/0 5 ==== osd_map(2..2 src has 1..2) v4 ==== 940+0+0 (secure 0 0 0) 0x7fb8b006a650 con 0x7fb8c0105c40
2024-06-01T00:46:20.917 INFO:teuthology.orchestra.run.smithi079.stdout:/usr/bin/ceph: stderr
2024-06-01T00:46:20.156+0000 7fb8b7fff640 1 --2- 172.21.15.79:0/624576285 >> [v2:172.21.15.79:6800/1904937508,v1:172.21.15.79:6801/1904937508] conn(0x7fb8ac037860 0x7fb8ac039d20 unknown :-1 s=BANNER_CONNECTING pgs=0 cs=0 l=1 rev1=0 crypto rx=0 tx=0 comp rx=0 tx=0)._handle_peer_banner_payload supported=3 required=0
2024-06-01T00:46:20.917 INFO:teuthology.orchestra.run.smithi079.stdout:/usr/bin/ceph: stderr
2024-06-01T00:46:20.156+0000 7fb8c5f60640 1 -- 172.21.15.79:0/624576285 --> [v2:172.21.15.79:3300/0,v1:172.21.15.79:6789/0] -- mon_command({"prefix": "get_command_descriptions"} v 0) v1 -- 0x7fb8c010a070 con 0x7fb8c0105c40
2024-06-01T00:46:20.917 INFO:teuthology.orchestra.run.smithi079.stdout:/usr/bin/ceph: stderr
2024-06-01T00:46:20.156+0000 7fb8b7fff640 1 --2- 172.21.15.79:0/624576285 >> [v2:172.21.15.79:6800/1904937508,v1:172.21.15.79:6801/1904937508] conn(0x7fb8ac037860 0x7fb8ac039d20 secure :-1 s=READY pgs=21 cs=0 l=1 rev1=1 crypto rx=0x7fb8a80098c0 tx=0x7fb8a8006db0 comp rx=0 tx=0).ready entity=mgr.14118 client_cookie=0 server_cookie=0 in_seq=0 out_seq=0
2024-06-01T00:46:20.917 INFO:teuthology.orchestra.run.smithi079.stdout:/usr/bin/ceph: stderr
2024-06-01T00:46:20.160+0000 7fb8bd7fa640 1 -- 172.21.15.79:0/624576285 <== mon.0 v2:172.21.15.79:3300/0 6 ==== mon_command_ack([{"prefix": "get_command_descriptions"}]=0 v0) v1 ==== 72+0+182498 (secure 0 0 0) 0x7fb8b0041070 con 0x7fb8c0105c40
2024-06-01T00:46:20.917 INFO:teuthology.orchestra.run.smithi079.stdout:/usr/bin/ceph: stderr
2024-06-01T00:46:20.334+0000 7fb8c5f60640 1 -- 172.21.15.79:0/624576285 --> [v2:172.21.15.79:3300/0,v1:172.21.15.79:6789/0] -- mon_command([{prefix=config set, name=mgr/dashboard/ssl_server_port}] v 0) v1 -- 0x7fb8c010a230 con 0x7fb8c0105c40
2024-06-01T00:46:20.918 INFO:teuthology.orchestra.run.smithi079.stdout:/usr/bin/ceph: stderr
2024-06-01T00:46:20.338+0000 7fb8bd7fa640 1 -- 172.21.15.79:0/624576285 <== mon.0 v2:172.21.15.79:3300/0 7 ==== mon_command_ack([{prefix=config set, name=mgr/dashboard/ssl_server_port}]=0 v8)=0 v8) v1 ==== 130+0+0 (secure 0 0 0) 0x7fb8b0030be0 con 0x7fb8c0105c40
2024-06-01T00:46:20.918 INFO:teuthology.orchestra.run.smithi079.stdout:/usr/bin/ceph: stderr
2024-06-01T00:46:20.341+0000 7fb8c5f60640 1 -- 172.21.15.79:0/624576285 >> [v2:172.21.15.79:6800/1904937508,v1:172.21.15.79:6801/1904937508] conn(0x7fb8ac037860 msgr2=0x7fb8ac039d20 secure :-1 s=STATE_CONNECTION_ESTABLISHED l=1).mark_down
2024-06-01T00:46:20.918 INFO:teuthology.orchestra.run.smithi079.stdout:/usr/bin/ceph: stderr
2024-06-01T00:46:20.341+0000 7fb8c5f60640 1 --2- 172.21.15.79:0/624576285 >> [v2:172.21.15.79:6800/1904937508,v1:172.21.15.79:6801/1904937508] conn(0x7fb8ac037860 0x7fb8ac039d20 secure :-1 s=READY pgs=21 cs=0 l=1 rev1=1 crypto rx=0x7fb8a80098c0 tx=0x7fb8a8006db0 comp rx=0 tx=0).stop
2024-06-01T00:46:20.918 INFO:teuthology.orchestra.run.smithi079.stdout:/usr/bin/ceph: stderr
2024-06-01T00:46:20.341+0000 7fb8c5f60640 1 -- 172.21.15.79:0/624576285 >> [v2:172.21.15.79:3300/0,v1:172.21.15.79:6789/0] conn(0x7fb8c0105c40 msgr2=0x7fb8c0199940 secure :-1 s=STATE_CONNECTION_ESTABLISHED l=1).mark_down
2024-06-01T00:46:20.918 INFO:teuthology.orchestra.run.smithi079.stdout:/usr/bin/ceph: stderr
2024-06-01T00:46:20.341+0000 7fb8c5f60640 1 --2- 172.21.15.79:0/624576285 >> [v2:172.21.15.79:3300/0,v1:172.21.15.79:6789/0] conn(0x7fb8c0105c40 0x7fb8c0199940 secure :-1 s=READY pgs=64 cs=0 l=1 rev1=1 crypto rx=0x7fb8b002acc0 tx=0x7fb8b0031a50 comp rx=0 tx=0).stop
2024-06-01T00:46:20.918 INFO:teuthology.orchestra.run.smithi079.stdout:/usr/bin/ceph: stderr
2024-06-01T00:46:20.341+0000 7fb8c5f60640 1 -- 172.21.15.79:0/624576285 shutdown_connections
2024-06-01T00:46:20.918 INFO:teuthology.orchestra.run.smithi079.stdout:/usr/bin/ceph: stderr
2024-06-01T00:46:20.341+0000 7fb8c5f60640 1 --2- 172.21.15.79:0/624576285 >> [v2:172.21.15.79:6800/1904937508,v1:172.21.15.79:6801/1904937508] conn(0x7fb8ac037860 0x7fb8ac039d20 unknown :-1 s=CLOSED pgs=21 cs=0 l=1 rev1=1 crypto rx=0 tx=0 comp rx=0 tx=0).stop
2024-06-01T00:46:20.918 INFO:teuthology.orchestra.run.smithi079.stdout:/usr/bin/ceph: stderr
2024-06-01T00:46:20.341+0000 7fb8c5f60640 1 --2- 172.21.15.79:0/624576285 >> [v2:172.21.15.79:3300/0,v1:172.21.15.79:6789/0] conn(0x7fb8c0105c40 0x7fb8c0199940 unknown :-1 s=CLOSED pgs=64 cs=0 l=1 rev1=1 crypto rx=0 tx=0 comp rx=0 tx=0).stop
2024-06-01T00:46:20.918 INFO:teuthology.orchestra.run.smithi079.stdout:/usr/bin/ceph: stderr
2024-06-01T00:46:20.341+0000 7fb8c5f60640 1 -- 172.21.15.79:0/624576285 >> 172.21.15.79:0/624576285 conn(0x7fb8c01011c0 msgr2=0x7fb8c0101c10 unknown :-1 s=STATE_NONE l=0).mark_down
2024-06-01T00:46:20.918 INFO:teuthology.orchestra.run.smithi079.stdout:/usr/bin/ceph: stderr
2024-06-01T00:46:20.341+0000 7fb8c5f60640 1 -- 172.21.15.79:0/624576285 shutdown_connections
2024-06-01T00:46:20.918 INFO:teuthology.orchestra.run.smithi079.stdout:/usr/bin/ceph: stderr
2024-06-01T00:46:20.341+0000 7fb8c5f60640 1 -- 172.21.15.79:0/624576285 wait complete.
2024-06-01T00:46:20.918 INFO:teuthology.orchestra.run.smithi079.stdout:Enabling the dashboard module...
2024-06-01T00:46:21.293 INFO:journalctl@ceph.mon.smithi079.smithi079.stdout:Jun 01 00:46:21 smithi079 ceph-mon[29356]: pgmap v5: 0 pgs: ; 0 B data, 0 B used, 0 B / 0 B avail
2024-06-01T00:46:21.293 INFO:journalctl@ceph.mon.smithi079.smithi079.stdout:Jun 01 00:46:21 smithi079 ceph-mon[29356]: from='client.? 172.21.15.79:0/624576285' entity='client.admin'
2024-06-01T00:46:22.473 INFO:journalctl@ceph.mon.smithi079.smithi079.stdout:Jun 01 00:46:22 smithi079 ceph-mon[29356]: from='client.? 172.21.15.79:0/964056583' entity='client.admin' cmd=[{"prefix": "mgr module enable", "module": "dashboard"}]: dispatch
2024-06-01T00:46:22.832 INFO:teuthology.orchestra.run.smithi079.stdout:/usr/bin/ceph: stderr
2024-06-01T00:46:21.291+0000 7f581aaf2640 1 Processor -- start
2024-06-01T00:46:22.832 INFO:teuthology.orchestra.run.smithi079.stdout:/usr/bin/ceph: stderr
2024-06-01T00:46:21.291+0000 7f581aaf2640 1 -- start start
2024-06-01T00:46:22.832 INFO:teuthology.orchestra.run.smithi079.stdout:/usr/bin/ceph: stderr
2024-06-01T00:46:21.291+0000 7f581aaf2640 1 --2- >> [v2:172.21.15.79:3300/0,v1:172.21.15.79:6789/0] conn(0x7f5814103f30 0x7f5814104350 unknown :-1 s=NONE pgs=0 cs=0 l=0 rev1=0 crypto rx=0 tx=0 comp rx=0 tx=0).connect
2024-06-01T00:46:22.832 INFO:teuthology.orchestra.run.smithi079.stdout:/usr/bin/ceph: stderr
2024-06-01T00:46:21.291+0000 7f581aaf2640 1 -- --> [v2:172.21.15.79:3300/0,v1:172.21.15.79:6789/0] -- mon_getmap magic: 0 v1 -- 0x7f5814104920 con 0x7f5814103f30
2024-06-01T00:46:22.832 INFO:teuthology.orchestra.run.smithi079.stdout:/usr/bin/ceph: stderr
2024-06-01T00:46:21.291+0000 7f581888e640 1 --2- >> [v2:172.21.15.79:3300/0,v1:172.21.15.79:6789/0] conn(0x7f5814103f30 0x7f5814104350 unknown :-1 s=BANNER_CONNECTING pgs=0 cs=0 l=0 rev1=0 crypto rx=0 tx=0 comp rx=0 tx=0)._handle_peer_banner_payload supported=3 required=0
2024-06-01T00:46:22.832 INFO:teuthology.orchestra.run.smithi079.stdout:/usr/bin/ceph: stderr
2024-06-01T00:46:21.291+0000 7f581888e640 1 --2- >> [v2:172.21.15.79:3300/0,v1:172.21.15.79:6789/0] conn(0x7f5814103f30 0x7f5814104350 unknown :-1 s=HELLO_CONNECTING pgs=0 cs=0 l=0 rev1=1 crypto rx=0 tx=0 comp rx=0 tx=0).handle_hello peer v2:172.21.15.79:3300/0 says I am v2:172.21.15.79:39678/0 (socket says 172.21.15.79:39678)
2024-06-01T00:46:22.832 INFO:teuthology.orchestra.run.smithi079.stdout:/usr/bin/ceph: stderr
2024-06-01T00:46:21.291+0000 7f581888e640 1 -- 172.21.15.79:0/3505083880 learned_addr learned my addr 172.21.15.79:0/3505083880 (peer_addr_for_me v2:172.21.15.79:0/0)
2024-06-01T00:46:22.833 INFO:teuthology.orchestra.run.smithi079.stdout:/usr/bin/ceph: stderr
2024-06-01T00:46:21.291+0000 7f581888e640 1 -- 172.21.15.79:0/3505083880 --> [v2:172.21.15.79:3300/0,v1:172.21.15.79:6789/0] -- mon_subscribe({config=0+,monmap=0+}) v3 -- 0x7f5814106ec0 con 0x7f5814103f30
2024-06-01T00:46:22.833 INFO:teuthology.orchestra.run.smithi079.stdout:/usr/bin/ceph: stderr
2024-06-01T00:46:21.292+0000 7f581888e640 1 --2- 172.21.15.79:0/3505083880 >> [v2:172.21.15.79:3300/0,v1:172.21.15.79:6789/0] conn(0x7f5814103f30 0x7f5814104350 secure :-1 s=READY pgs=65 cs=0 l=1 rev1=1 crypto rx=0x7f5810009820 tx=0x7f581002a270 comp rx=0 tx=0).ready entity=mon.0 client_cookie=7a3080b223e250ae server_cookie=0 in_seq=0 out_seq=0
2024-06-01T00:46:22.833 INFO:teuthology.orchestra.run.smithi079.stdout:/usr/bin/ceph: stderr
2024-06-01T00:46:21.292+0000 7f580b7fe640 1 -- 172.21.15.79:0/3505083880 <== mon.0 v2:172.21.15.79:3300/0 1 ==== mon_map magic: 0 v1 ==== 229+0+0 (secure 0 0 0) 0x7f581002ad40 con 0x7f5814103f30
2024-06-01T00:46:22.833 INFO:teuthology.orchestra.run.smithi079.stdout:/usr/bin/ceph: stderr
2024-06-01T00:46:21.292+0000 7f580b7fe640 1 -- 172.21.15.79:0/3505083880 <== mon.0 v2:172.21.15.79:3300/0 2 ==== config(27 keys) v1 ==== 1109+0+0 (secure 0 0 0) 0x7f5810032900 con 0x7f5814103f30
2024-06-01T00:46:22.833 INFO:teuthology.orchestra.run.smithi079.stdout:/usr/bin/ceph: stderr
2024-06-01T00:46:21.292+0000 7f580b7fe640 1 -- 172.21.15.79:0/3505083880 <== mon.0 v2:172.21.15.79:3300/0 3 ==== mon_map magic: 0 v1 ==== 229+0+0 (secure 0 0 0) 0x7f5810030860 con 0x7f5814103f30
2024-06-01T00:46:22.833 INFO:teuthology.orchestra.run.smithi079.stdout:/usr/bin/ceph: stderr
2024-06-01T00:46:21.293+0000 7f581aaf2640 1 -- 172.21.15.79:0/3505083880 >> [v2:172.21.15.79:3300/0,v1:172.21.15.79:6789/0] conn(0x7f5814103f30 msgr2=0x7f5814104350 secure :-1 s=STATE_CONNECTION_ESTABLISHED l=1).mark_down
2024-06-01T00:46:22.833 INFO:teuthology.orchestra.run.smithi079.stdout:/usr/bin/ceph: stderr
2024-06-01T00:46:21.293+0000 7f581aaf2640 1 --2- 172.21.15.79:0/3505083880 >> [v2:172.21.15.79:3300/0,v1:172.21.15.79:6789/0] conn(0x7f5814103f30 0x7f5814104350 secure :-1 s=READY pgs=65 cs=0 l=1 rev1=1 crypto rx=0x7f5810009820 tx=0x7f581002a270 comp rx=0 tx=0).stop
2024-06-01T00:46:22.833 INFO:teuthology.orchestra.run.smithi079.stdout:/usr/bin/ceph: stderr
2024-06-01T00:46:21.293+0000 7f581aaf2640 1 -- 172.21.15.79:0/3505083880 shutdown_connections
2024-06-01T00:46:22.833 INFO:teuthology.orchestra.run.smithi079.stdout:/usr/bin/ceph: stderr
2024-06-01T00:46:21.293+0000 7f581aaf2640 1 --2- 172.21.15.79:0/3505083880 >> [v2:172.21.15.79:3300/0,v1:172.21.15.79:6789/0] conn(0x7f5814103f30 0x7f5814104350 unknown :-1 s=CLOSED pgs=65 cs=0 l=1 rev1=1 crypto rx=0 tx=0 comp rx=0 tx=0).stop
2024-06-01T00:46:22.833 INFO:teuthology.orchestra.run.smithi079.stdout:/usr/bin/ceph: stderr
2024-06-01T00:46:21.293+0000 7f581aaf2640 1 -- 172.21.15.79:0/3505083880 >> 172.21.15.79:0/3505083880 conn(0x7f58140ff860 msgr2=0x7f5814101ca0 unknown :-1 s=STATE_NONE l=0).mark_down
2024-06-01T00:46:22.833 INFO:teuthology.orchestra.run.smithi079.stdout:/usr/bin/ceph: stderr
2024-06-01T00:46:21.293+0000 7f581aaf2640 1 -- 172.21.15.79:0/3505083880 shutdown_connections
2024-06-01T00:46:22.833 INFO:teuthology.orchestra.run.smithi079.stdout:/usr/bin/ceph: stderr
2024-06-01T00:46:21.293+0000 7f581aaf2640 1 -- 172.21.15.79:0/3505083880 wait complete.
2024-06-01T00:46:22.833 INFO:teuthology.orchestra.run.smithi079.stdout:/usr/bin/ceph: stderr
2024-06-01T00:46:21.293+0000 7f581aaf2640 1 Processor -- start
2024-06-01T00:46:22.833 INFO:teuthology.orchestra.run.smithi079.stdout:/usr/bin/ceph: stderr
2024-06-01T00:46:21.294+0000 7f581aaf2640 1 -- start start
2024-06-01T00:46:22.834 INFO:teuthology.orchestra.run.smithi079.stdout:/usr/bin/ceph: stderr
2024-06-01T00:46:21.294+0000 7f581aaf2640 1 --2- >> [v2:172.21.15.79:3300/0,v1:172.21.15.79:6789/0] conn(0x7f5814103f30 0x7f5814199860 unknown :-1 s=NONE pgs=0 cs=0 l=1 rev1=0 crypto rx=0 tx=0 comp rx=0 tx=0).connect
2024-06-01T00:46:22.834 INFO:teuthology.orchestra.run.smithi079.stdout:/usr/bin/ceph: stderr
2024-06-01T00:46:21.294+0000 7f581aaf2640 1 -- --> [v2:172.21.15.79:3300/0,v1:172.21.15.79:6789/0] -- mon_getmap magic: 0 v1 -- 0x7f5814199da0 con 0x7f5814103f30
2024-06-01T00:46:22.834 INFO:teuthology.orchestra.run.smithi079.stdout:/usr/bin/ceph: stderr
2024-06-01T00:46:21.294+0000 7f581888e640 1 --2- >> [v2:172.21.15.79:3300/0,v1:172.21.15.79:6789/0] conn(0x7f5814103f30 0x7f5814199860 unknown :-1 s=BANNER_CONNECTING pgs=0 cs=0 l=1 rev1=0 crypto rx=0 tx=0 comp rx=0 tx=0)._handle_peer_banner_payload supported=3 required=0
2024-06-01T00:46:22.834 INFO:teuthology.orchestra.run.smithi079.stdout:/usr/bin/ceph: stderr
2024-06-01T00:46:21.294+0000 7f581888e640 1 --2- >> [v2:172.21.15.79:3300/0,v1:172.21.15.79:6789/0] conn(0x7f5814103f30 0x7f5814199860 unknown :-1 s=HELLO_CONNECTING pgs=0 cs=0 l=1 rev1=1 crypto rx=0 tx=0 comp rx=0 tx=0).handle_hello peer v2:172.21.15.79:3300/0 says I am v2:172.21.15.79:39688/0 (socket says 172.21.15.79:39688)
2024-06-01T00:46:22.834 INFO:teuthology.orchestra.run.smithi079.stdout:/usr/bin/ceph: stderr
2024-06-01T00:46:21.294+0000 7f581888e640 1 -- 172.21.15.79:0/964056583 learned_addr learned my addr 172.21.15.79:0/964056583 (peer_addr_for_me v2:172.21.15.79:0/0)
2024-06-01T00:46:22.834 INFO:teuthology.orchestra.run.smithi079.stdout:/usr/bin/ceph: stderr
2024-06-01T00:46:21.294+0000 7f581888e640 1 -- 172.21.15.79:0/964056583 --> [v2:172.21.15.79:3300/0,v1:172.21.15.79:6789/0] -- mon_subscribe({config=0+,monmap=0+}) v3 -- 0x7f58100094d0 con 0x7f5814103f30
2024-06-01T00:46:22.834 INFO:teuthology.orchestra.run.smithi079.stdout:/usr/bin/ceph: stderr
2024-06-01T00:46:21.294+0000 7f581888e640 1 --2- 172.21.15.79:0/964056583 >> [v2:172.21.15.79:3300/0,v1:172.21.15.79:6789/0] conn(0x7f5814103f30 0x7f5814199860 secure :-1 s=READY pgs=66 cs=0 l=1 rev1=1 crypto rx=0x7f5810009940 tx=0x7f5810032670 comp rx=0 tx=0).ready entity=mon.0 client_cookie=0 server_cookie=0 in_seq=0 out_seq=0
2024-06-01T00:46:22.834 INFO:teuthology.orchestra.run.smithi079.stdout:/usr/bin/ceph: stderr
2024-06-01T00:46:21.294+0000 7f5809ffb640 1 -- 172.21.15.79:0/964056583 <== mon.0 v2:172.21.15.79:3300/0 1 ==== mon_map magic: 0 v1 ==== 229+0+0 (secure 0 0 0) 0x7f5810032c80 con 0x7f5814103f30
2024-06-01T00:46:22.834 INFO:teuthology.orchestra.run.smithi079.stdout:/usr/bin/ceph: stderr
2024-06-01T00:46:21.294+0000 7f5809ffb640 1 -- 172.21.15.79:0/964056583 <== mon.0 v2:172.21.15.79:3300/0 2 ==== config(27 keys) v1 ==== 1109+0+0 (secure 0 0 0) 0x7f5810032de0 con 0x7f5814103f30
2024-06-01T00:46:22.834 INFO:teuthology.orchestra.run.smithi079.stdout:/usr/bin/ceph: stderr
2024-06-01T00:46:21.294+0000 7f581aaf2640 1 -- 172.21.15.79:0/964056583 --> [v2:172.21.15.79:3300/0,v1:172.21.15.79:6789/0] -- mon_subscribe({mgrmap=0+}) v3 -- 0x7f5814199fa0 con 0x7f5814103f30
2024-06-01T00:46:22.834 INFO:teuthology.orchestra.run.smithi079.stdout:/usr/bin/ceph: stderr
2024-06-01T00:46:21.294+0000 7f5809ffb640 1 -- 172.21.15.79:0/964056583 <== mon.0 v2:172.21.15.79:3300/0 3 ==== mon_map magic: 0 v1 ==== 229+0+0 (secure 0 0 0) 0x7f581003a730 con 0x7f5814103f30
2024-06-01T00:46:22.834 INFO:teuthology.orchestra.run.smithi079.stdout:/usr/bin/ceph: stderr
2024-06-01T00:46:21.295+0000 7f581aaf2640 1 -- 172.21.15.79:0/964056583 --> [v2:172.21.15.79:3300/0,v1:172.21.15.79:6789/0] -- mon_subscribe({osdmap=0}) v3 -- 0x7f581419a440 con 0x7f5814103f30
2024-06-01T00:46:22.834 INFO:teuthology.orchestra.run.smithi079.stdout:/usr/bin/ceph: stderr
2024-06-01T00:46:21.295+0000 7f5809ffb640 1 -- 172.21.15.79:0/964056583 <== mon.0 v2:172.21.15.79:3300/0 4 ==== mgrmap(e 8) v1 ==== 44866+0+0 (secure 0 0 0) 0x7f581003c400 con 0x7f5814103f30
2024-06-01T00:46:22.835 INFO:teuthology.orchestra.run.smithi079.stdout:/usr/bin/ceph: stderr
2024-06-01T00:46:21.295+0000 7f581aaf2640 1 -- 172.21.15.79:0/964056583 --> [v2:172.21.15.79:3300/0,v1:172.21.15.79:6789/0] -- mon_command({"prefix": "get_command_descriptions"} v 0) v1 -- 0x7f581410a0f0 con 0x7f5814103f30
2024-06-01T00:46:22.835 INFO:teuthology.orchestra.run.smithi079.stdout:/usr/bin/ceph: stderr
2024-06-01T00:46:21.295+0000 7f5809ffb640 1 --2- 172.21.15.79:0/964056583 >> [v2:172.21.15.79:6800/1904937508,v1:172.21.15.79:6801/1904937508] conn(0x7f57fc037860 0x7f57fc039d20 unknown :-1 s=NONE pgs=0 cs=0 l=1 rev1=0 crypto rx=0 tx=0 comp rx=0 tx=0).connect
2024-06-01T00:46:22.835 INFO:teuthology.orchestra.run.smithi079.stdout:/usr/bin/ceph: stderr
2024-06-01T00:46:21.296+0000 7f5809ffb640 1 -- 172.21.15.79:0/964056583 <== mon.0 v2:172.21.15.79:3300/0 5 ==== osd_map(2..2 src has 1..2) v4 ==== 940+0+0 (secure 0 0 0) 0x7f581006a950 con 0x7f5814103f30
2024-06-01T00:46:22.835 INFO:teuthology.orchestra.run.smithi079.stdout:/usr/bin/ceph: stderr
2024-06-01T00:46:21.296+0000 7f580bfff640 1 --2- 172.21.15.79:0/964056583 >> [v2:172.21.15.79:6800/1904937508,v1:172.21.15.79:6801/1904937508] conn(0x7f57fc037860 0x7f57fc039d20 unknown :-1 s=BANNER_CONNECTING pgs=0 cs=0 l=1 rev1=0 crypto rx=0 tx=0 comp rx=0 tx=0)._handle_peer_banner_payload supported=3 required=0
2024-06-01T00:46:22.835 INFO:teuthology.orchestra.run.smithi079.stdout:/usr/bin/ceph: stderr
2024-06-01T00:46:21.296+0000 7f580bfff640 1 --2- 172.21.15.79:0/964056583 >> [v2:172.21.15.79:6800/1904937508,v1:172.21.15.79:6801/1904937508] conn(0x7f57fc037860 0x7f57fc039d20 secure :-1 s=READY pgs=22 cs=0 l=1 rev1=1 crypto rx=0x7f58040098c0 tx=0x7f5804006db0 comp rx=0 tx=0).ready entity=mgr.14118 client_cookie=0 server_cookie=0 in_seq=0 out_seq=0
2024-06-01T00:46:22.835 INFO:teuthology.orchestra.run.smithi079.stdout:/usr/bin/ceph: stderr
2024-06-01T00:46:21.300+0000 7f5809ffb640 1 -- 172.21.15.79:0/964056583 <== mon.0 v2:172.21.15.79:3300/0 6 ==== mon_command_ack([{"prefix": "get_command_descriptions"}]=0 v0) v1 ==== 72+0+182498 (secure 0 0 0) 0x7f5810043310 con 0x7f5814103f30
2024-06-01T00:46:22.835 INFO:teuthology.orchestra.run.smithi079.stdout:/usr/bin/ceph: stderr
2024-06-01T00:46:21.518+0000 7f581aaf2640 1 -- 172.21.15.79:0/964056583 --> [v2:172.21.15.79:3300/0,v1:172.21.15.79:6789/0] -- mon_command({"prefix": "mgr module enable", "module": "dashboard"} v 0) v1 -- 0x7f581410a330 con 0x7f5814103f30
2024-06-01T00:46:22.835 INFO:teuthology.orchestra.run.smithi079.stdout:/usr/bin/ceph: stderr
2024-06-01T00:46:22.169+0000 7f5809ffb640 1 -- 172.21.15.79:0/964056583 <== mon.0 v2:172.21.15.79:3300/0 7 ==== mgrmap(e 9) v1 ==== 44879+0+0 (secure 0 0 0) 0x7f581003ad70 con 0x7f5814103f30
2024-06-01T00:46:22.835 INFO:teuthology.orchestra.run.smithi079.stdout:/usr/bin/ceph: stderr
2024-06-01T00:46:22.170+0000 7f5809ffb640 1 -- 172.21.15.79:0/964056583 <== mon.0 v2:172.21.15.79:3300/0 8 ==== mon_command_ack([{"prefix": "mgr module enable", "module": "dashboard"}]=0 v9) v1 ==== 88+0+0 (secure 0 0 0) 0x7f581003cc50 con 0x7f5814103f30
2024-06-01T00:46:22.835 INFO:teuthology.orchestra.run.smithi079.stdout:/usr/bin/ceph: stderr
2024-06-01T00:46:22.173+0000 7f581aaf2640 1 -- 172.21.15.79:0/964056583 >> [v2:172.21.15.79:6800/1904937508,v1:172.21.15.79:6801/1904937508] conn(0x7f57fc037860 msgr2=0x7f57fc039d20 secure :-1 s=STATE_CONNECTION_ESTABLISHED l=1).mark_down
2024-06-01T00:46:22.835 INFO:teuthology.orchestra.run.smithi079.stdout:/usr/bin/ceph: stderr
