2024-06-01T00:45:58.880 INFO:teuthology.orchestra.run.smithi079.stdout:/usr/bin/ceph: stderr
2024-06-01T00:45:58.318+0000 7f2db0dae640 1 --2- 172.21.15.79:0/1545146747 >> [v2:172.21.15.79:6800/1904937508,v1:172.21.15.79:6801/1904937508] conn(0x7f2d98037860 0x7f2d98039d20 secure :-1 s=READY pgs=7 cs=0 l=1 rev1=1 crypto rx=0x7f2d940098c0 tx=0x7f2d94006db0 comp rx=0 tx=0).stop
2024-06-01T00:45:58.880 INFO:teuthology.orchestra.run.smithi079.stdout:/usr/bin/ceph: stderr
2024-06-01T00:45:58.318+0000 7f2db0dae640 1 -- 172.21.15.79:0/1545146747 >> [v2:172.21.15.79:3300/0,v1:172.21.15.79:6789/0] conn(0x7f2dac106740 msgr2=0x7f2dac199830 secure :-1 s=STATE_CONNECTION_ESTABLISHED l=1).mark_down
2024-06-01T00:45:58.881 INFO:teuthology.orchestra.run.smithi079.stdout:/usr/bin/ceph: stderr
2024-06-01T00:45:58.318+0000 7f2db0dae640 1 --2- 172.21.15.79:0/1545146747 >> [v2:172.21.15.79:3300/0,v1:172.21.15.79:6789/0] conn(0x7f2dac106740 0x7f2dac199830 secure :-1 s=READY pgs=36 cs=0 l=1 rev1=1 crypto rx=0x7f2d9c030d30 tx=0x7f2d9c030d60 comp rx=0 tx=0).stop
2024-06-01T00:45:58.881 INFO:teuthology.orchestra.run.smithi079.stdout:/usr/bin/ceph: stderr
2024-06-01T00:45:58.318+0000 7f2db0dae640 1 -- 172.21.15.79:0/1545146747 shutdown_connections
2024-06-01T00:45:58.881 INFO:teuthology.orchestra.run.smithi079.stdout:/usr/bin/ceph: stderr
2024-06-01T00:45:58.318+0000 7f2db0dae640 1 --2- 172.21.15.79:0/1545146747 >> [v2:172.21.15.79:6800/1904937508,v1:172.21.15.79:6801/1904937508] conn(0x7f2d98037860 0x7f2d98039d20 unknown :-1 s=CLOSED pgs=7 cs=0 l=1 rev1=1 crypto rx=0 tx=0 comp rx=0 tx=0).stop
2024-06-01T00:45:58.881 INFO:teuthology.orchestra.run.smithi079.stdout:/usr/bin/ceph: stderr
2024-06-01T00:45:58.318+0000 7f2db0dae640 1 --2- 172.21.15.79:0/1545146747 >> [v2:172.21.15.79:3300/0,v1:172.21.15.79:6789/0] conn(0x7f2dac106740 0x7f2dac199830 unknown :-1 s=CLOSED pgs=36 cs=0 l=1 rev1=1 crypto rx=0 tx=0 comp rx=0 tx=0).stop
2024-06-01T00:45:58.881 INFO:teuthology.orchestra.run.smithi079.stdout:/usr/bin/ceph: stderr
2024-06-01T00:45:58.318+0000 7f2db0dae640 1 -- 172.21.15.79:0/1545146747 >> 172.21.15.79:0/1545146747 conn(0x7f2dac1000d0 msgr2=0x7f2dac100ae0 unknown :-1 s=STATE_NONE l=0).mark_down
2024-06-01T00:45:58.881 INFO:teuthology.orchestra.run.smithi079.stdout:/usr/bin/ceph: stderr
2024-06-01T00:45:58.318+0000 7f2db0dae640 1 -- 172.21.15.79:0/1545146747 shutdown_connections
2024-06-01T00:45:58.881 INFO:teuthology.orchestra.run.smithi079.stdout:/usr/bin/ceph: stderr
2024-06-01T00:45:58.318+0000 7f2db0dae640 1 -- 172.21.15.79:0/1545146747 wait complete.
2024-06-01T00:45:59.286 INFO:journalctl@ceph.mon.smithi079.smithi079.stdout:Jun 01 00:45:59 smithi079 ceph-mon[29356]: [01/Jun/2024:00:45:57] ENGINE Bus STARTING
2024-06-01T00:45:59.286 INFO:journalctl@ceph.mon.smithi079.smithi079.stdout:Jun 01 00:45:59 smithi079 ceph-mon[29356]: [01/Jun/2024:00:45:57] ENGINE Serving on http://172.21.15.79:8765
2024-06-01T00:45:59.286 INFO:journalctl@ceph.mon.smithi079.smithi079.stdout:Jun 01 00:45:59 smithi079 ceph-mon[29356]: [01/Jun/2024:00:45:57] ENGINE Serving on https://172.21.15.79:7150
2024-06-01T00:45:59.286 INFO:journalctl@ceph.mon.smithi079.smithi079.stdout:Jun 01 00:45:59 smithi079 ceph-mon[29356]: [01/Jun/2024:00:45:57] ENGINE Bus STARTED
2024-06-01T00:45:59.286 INFO:journalctl@ceph.mon.smithi079.smithi079.stdout:Jun 01 00:45:59 smithi079 ceph-mon[29356]: [01/Jun/2024:00:45:57] ENGINE Error in HTTPServer.serve
2024-06-01T00:45:59.286 INFO:journalctl@ceph.mon.smithi079.smithi079.stdout: Traceback (most recent call last):
2024-06-01T00:45:59.286 INFO:journalctl@ceph.mon.smithi079.smithi079.stdout: File "/lib/python3.9/site-packages/cheroot/server.py", line 1823, in serve
2024-06-01T00:45:59.287 INFO:journalctl@ceph.mon.smithi079.smithi079.stdout: self._connections.run(self.expiration_interval)
2024-06-01T00:45:59.287 INFO:journalctl@ceph.mon.smithi079.smithi079.stdout: File "/lib/python3.9/site-packages/cheroot/connections.py", line 203, in run
2024-06-01T00:45:59.287 INFO:journalctl@ceph.mon.smithi079.smithi079.stdout: self._run(expiration_interval)
2024-06-01T00:45:59.287 INFO:journalctl@ceph.mon.smithi079.smithi079.stdout: File "/lib/python3.9/site-packages/cheroot/connections.py", line 246, in _run
2024-06-01T00:45:59.287 INFO:journalctl@ceph.mon.smithi079.smithi079.stdout: new_conn = self._from_server_socket(self.server.socket)
2024-06-01T00:45:59.287 INFO:journalctl@ceph.mon.smithi079.smithi079.stdout: File "/lib/python3.9/site-packages/cheroot/connections.py", line 300, in _from_server_socket
2024-06-01T00:45:59.287 INFO:journalctl@ceph.mon.smithi079.smithi079.stdout: s, ssl_env = self.server.ssl_adapter.wrap(s)
2024-06-01T00:45:59.287 INFO:journalctl@ceph.mon.smithi079.smithi079.stdout: File "/lib/python3.9/site-packages/cheroot/ssl/builtin.py", line 277, in wrap
2024-06-01T00:45:59.287 INFO:journalctl@ceph.mon.smithi079.smithi079.stdout: s = self.context.wrap_socket(
2024-06-01T00:45:59.287 INFO:journalctl@ceph.mon.smithi079.smithi079.stdout: File "/lib64/python3.9/ssl.py", line 501, in wrap_socket
2024-06-01T00:45:59.287 INFO:journalctl@ceph.mon.smithi079.smithi079.stdout: return self.sslsocket_class._create(
2024-06-01T00:45:59.288 INFO:journalctl@ceph.mon.smithi079.smithi079.stdout: File "/lib64/python3.9/ssl.py", line 1074, in _create
2024-06-01T00:45:59.288 INFO:journalctl@ceph.mon.smithi079.smithi079.stdout: self.do_handshake()
2024-06-01T00:45:59.288 INFO:journalctl@ceph.mon.smithi079.smithi079.stdout: File "/lib64/python3.9/ssl.py", line 1343, in do_handshake
2024-06-01T00:45:59.288 INFO:journalctl@ceph.mon.smithi079.smithi079.stdout: self._sslobj.do_handshake()
2024-06-01T00:45:59.288 INFO:journalctl@ceph.mon.smithi079.smithi079.stdout: ssl.SSLZeroReturnError: TLS/SSL connection has been closed (EOF) (_ssl.c:1129)
2024-06-01T00:45:59.288 INFO:journalctl@ceph.mon.smithi079.smithi079.stdout:Jun 01 00:45:59 smithi079 ceph-mon[29356]: mgrmap e8: smithi079.emylav(active, since 2s)
2024-06-01T00:45:59.288 INFO:journalctl@ceph.mon.smithi079.smithi079.stdout:Jun 01 00:45:59 smithi079 ceph-mon[29356]: from='mgr.14118 172.21.15.79:0/1136730099' entity='mgr.smithi079.emylav'
2024-06-01T00:45:59.288 INFO:journalctl@ceph.mon.smithi079.smithi079.stdout:Jun 01 00:45:59 smithi079 ceph-mon[29356]: from='mgr.14118 172.21.15.79:0/1136730099' entity='mgr.smithi079.emylav' cmd=[{"prefix": "config dump", "format": "json"}]: dispatch
2024-06-01T00:46:00.096 INFO:teuthology.orchestra.run.smithi079.stdout:/usr/bin/ceph: stdout value unchanged
2024-06-01T00:46:00.096 INFO:teuthology.orchestra.run.smithi079.stdout:/usr/bin/ceph: stderr
2024-06-01T00:45:59.284+0000 7fd8b47e2640 1 Processor -- start
2024-06-01T00:46:00.096 INFO:teuthology.orchestra.run.smithi079.stdout:/usr/bin/ceph: stderr
2024-06-01T00:45:59.284+0000 7fd8b47e2640 1 -- start start
2024-06-01T00:46:00.096 INFO:teuthology.orchestra.run.smithi079.stdout:/usr/bin/ceph: stderr
2024-06-01T00:45:59.285+0000 7fd8b47e2640 1 --2- >> [v2:172.21.15.79:3300/0,v1:172.21.15.79:6789/0] conn(0x7fd8ac104b10 0x7fd8ac104f30 unknown :-1 s=NONE pgs=0 cs=0 l=0 rev1=0 crypto rx=0 tx=0 comp rx=0 tx=0).connect
2024-06-01T00:46:00.097 INFO:teuthology.orchestra.run.smithi079.stdout:/usr/bin/ceph: stderr
2024-06-01T00:45:59.285+0000 7fd8b47e2640 1 -- --> [v2:172.21.15.79:3300/0,v1:172.21.15.79:6789/0] -- mon_getmap magic: 0 v1 -- 0x7fd8ac105500 con 0x7fd8ac104b10
2024-06-01T00:46:00.097 INFO:teuthology.orchestra.run.smithi079.stdout:/usr/bin/ceph: stderr
2024-06-01T00:45:59.285+0000 7fd8b257e640 1 --2- >> [v2:172.21.15.79:3300/0,v1:172.21.15.79:6789/0] conn(0x7fd8ac104b10 0x7fd8ac104f30 unknown :-1 s=BANNER_CONNECTING pgs=0 cs=0 l=0 rev1=0 crypto rx=0 tx=0 comp rx=0 tx=0)._handle_peer_banner_payload supported=3 required=0
2024-06-01T00:46:00.097 INFO:teuthology.orchestra.run.smithi079.stdout:/usr/bin/ceph: stderr
2024-06-01T00:45:59.285+0000 7fd8b257e640 1 --2- >> [v2:172.21.15.79:3300/0,v1:172.21.15.79:6789/0] conn(0x7fd8ac104b10 0x7fd8ac104f30 unknown :-1 s=HELLO_CONNECTING pgs=0 cs=0 l=0 rev1=1 crypto rx=0 tx=0 comp rx=0 tx=0).handle_hello peer v2:172.21.15.79:3300/0 says I am v2:172.21.15.79:48402/0 (socket says 172.21.15.79:48402)
2024-06-01T00:46:00.097 INFO:teuthology.orchestra.run.smithi079.stdout:/usr/bin/ceph: stderr
2024-06-01T00:45:59.285+0000 7fd8b257e640 1 -- 172.21.15.79:0/2043571413 learned_addr learned my addr 172.21.15.79:0/2043571413 (peer_addr_for_me v2:172.21.15.79:0/0)
2024-06-01T00:46:00.097 INFO:teuthology.orchestra.run.smithi079.stdout:/usr/bin/ceph: stderr
2024-06-01T00:45:59.285+0000 7fd8b257e640 1 -- 172.21.15.79:0/2043571413 --> [v2:172.21.15.79:3300/0,v1:172.21.15.79:6789/0] -- mon_subscribe({config=0+,monmap=0+}) v3 -- 0x7fd8ac105d10 con 0x7fd8ac104b10
2024-06-01T00:46:00.098 INFO:teuthology.orchestra.run.smithi079.stdout:/usr/bin/ceph: stderr
2024-06-01T00:45:59.286+0000 7fd8b257e640 1 --2- 172.21.15.79:0/2043571413 >> [v2:172.21.15.79:3300/0,v1:172.21.15.79:6789/0] conn(0x7fd8ac104b10 0x7fd8ac104f30 secure :-1 s=READY pgs=37 cs=0 l=1 rev1=1 crypto rx=0x7fd8a8009820 tx=0x7fd8a802a270 comp rx=0 tx=0).ready entity=mon.0 client_cookie=a24f80bd99dee2f5 server_cookie=0 in_seq=0 out_seq=0
2024-06-01T00:46:00.098 INFO:teuthology.orchestra.run.smithi079.stdout:/usr/bin/ceph: stderr
2024-06-01T00:45:59.286+0000 7fd8b157c640 1 -- 172.21.15.79:0/2043571413 <== mon.0 v2:172.21.15.79:3300/0 1 ==== mon_map magic: 0 v1 ==== 229+0+0 (secure 0 0 0) 0x7fd8a802ad40 con 0x7fd8ac104b10
2024-06-01T00:46:00.098 INFO:teuthology.orchestra.run.smithi079.stdout:/usr/bin/ceph: stderr
2024-06-01T00:45:59.286+0000 7fd8b157c640 1 -- 172.21.15.79:0/2043571413 <== mon.0 v2:172.21.15.79:3300/0 2 ==== config(27 keys) v1 ==== 1042+0+0 (secure 0 0 0) 0x7fd8a80328c0 con 0x7fd8ac104b10
2024-06-01T00:46:00.098 INFO:teuthology.orchestra.run.smithi079.stdout:/usr/bin/ceph: stderr
2024-06-01T00:45:59.286+0000 7fd8b157c640 1 -- 172.21.15.79:0/2043571413 <== mon.0 v2:172.21.15.79:3300/0 3 ==== mon_map magic: 0 v1 ==== 229+0+0 (secure 0 0 0) 0x7fd8a80307f0 con 0x7fd8ac104b10
2024-06-01T00:46:00.098 INFO:teuthology.orchestra.run.smithi079.stdout:/usr/bin/ceph: stderr
2024-06-01T00:45:59.287+0000 7fd8b47e2640 1 -- 172.21.15.79:0/2043571413 >> [v2:172.21.15.79:3300/0,v1:172.21.15.79:6789/0] conn(0x7fd8ac104b10 msgr2=0x7fd8ac104f30 secure :-1 s=STATE_CONNECTION_ESTABLISHED l=1).mark_down
2024-06-01T00:46:00.099 INFO:teuthology.orchestra.run.smithi079.stdout:/usr/bin/ceph: stderr
2024-06-01T00:45:59.287+0000 7fd8b47e2640 1 --2- 172.21.15.79:0/2043571413 >> [v2:172.21.15.79:3300/0,v1:172.21.15.79:6789/0] conn(0x7fd8ac104b10 0x7fd8ac104f30 secure :-1 s=READY pgs=37 cs=0 l=1 rev1=1 crypto rx=0x7fd8a8009820 tx=0x7fd8a802a270 comp rx=0 tx=0).stop
2024-06-01T00:46:00.099 INFO:teuthology.orchestra.run.smithi079.stdout:/usr/bin/ceph: stderr
2024-06-01T00:45:59.287+0000 7fd8b47e2640 1 -- 172.21.15.79:0/2043571413 shutdown_connections
2024-06-01T00:46:00.099 INFO:teuthology.orchestra.run.smithi079.stdout:/usr/bin/ceph: stderr
2024-06-01T00:45:59.287+0000 7fd8b47e2640 1 --2- 172.21.15.79:0/2043571413 >> [v2:172.21.15.79:3300/0,v1:172.21.15.79:6789/0] conn(0x7fd8ac104b10 0x7fd8ac104f30 unknown :-1 s=CLOSED pgs=37 cs=0 l=1 rev1=1 crypto rx=0 tx=0 comp rx=0 tx=0).stop
2024-06-01T00:46:00.099 INFO:teuthology.orchestra.run.smithi079.stdout:/usr/bin/ceph: stderr
2024-06-01T00:45:59.287+0000 7fd8b47e2640 1 -- 172.21.15.79:0/2043571413 >> 172.21.15.79:0/2043571413 conn(0x7fd8ac1000d0 msgr2=0x7fd8ac1024f0 unknown :-1 s=STATE_NONE l=0).mark_down
2024-06-01T00:46:00.099 INFO:teuthology.orchestra.run.smithi079.stdout:/usr/bin/ceph: stderr
2024-06-01T00:45:59.287+0000 7fd8b47e2640 1 -- 172.21.15.79:0/2043571413 shutdown_connections
2024-06-01T00:46:00.099 INFO:teuthology.orchestra.run.smithi079.stdout:/usr/bin/ceph: stderr
2024-06-01T00:45:59.287+0000 7fd8b47e2640 1 -- 172.21.15.79:0/2043571413 wait complete.
2024-06-01T00:46:00.100 INFO:teuthology.orchestra.run.smithi079.stdout:/usr/bin/ceph: stderr
2024-06-01T00:45:59.288+0000 7fd8b47e2640 1 Processor -- start
2024-06-01T00:46:00.100 INFO:teuthology.orchestra.run.smithi079.stdout:/usr/bin/ceph: stderr
2024-06-01T00:45:59.288+0000 7fd8b47e2640 1 -- start start
2024-06-01T00:46:00.100 INFO:teuthology.orchestra.run.smithi079.stdout:/usr/bin/ceph: stderr
2024-06-01T00:45:59.288+0000 7fd8b47e2640 1 --2- >> [v2:172.21.15.79:3300/0,v1:172.21.15.79:6789/0] conn(0x7fd8ac104b10 0x7fd8ac198560 unknown :-1 s=NONE pgs=0 cs=0 l=1 rev1=0 crypto rx=0 tx=0 comp rx=0 tx=0).connect
2024-06-01T00:46:00.100 INFO:teuthology.orchestra.run.smithi079.stdout:/usr/bin/ceph: stderr
2024-06-01T00:45:59.288+0000 7fd8b47e2640 1 -- --> [v2:172.21.15.79:3300/0,v1:172.21.15.79:6789/0] -- mon_getmap magic: 0 v1 -- 0x7fd8ac198aa0 con 0x7fd8ac104b10
2024-06-01T00:46:00.100 INFO:teuthology.orchestra.run.smithi079.stdout:/usr/bin/ceph: stderr
2024-06-01T00:45:59.288+0000 7fd8b257e640 1 --2- >> [v2:172.21.15.79:3300/0,v1:172.21.15.79:6789/0] conn(0x7fd8ac104b10 0x7fd8ac198560 unknown :-1 s=BANNER_CONNECTING pgs=0 cs=0 l=1 rev1=0 crypto rx=0 tx=0 comp rx=0 tx=0)._handle_peer_banner_payload supported=3 required=0
2024-06-01T00:46:00.101 INFO:teuthology.orchestra.run.smithi079.stdout:/usr/bin/ceph: stderr
2024-06-01T00:45:59.288+0000 7fd8b257e640 1 --2- >> [v2:172.21.15.79:3300/0,v1:172.21.15.79:6789/0] conn(0x7fd8ac104b10 0x7fd8ac198560 unknown :-1 s=HELLO_CONNECTING pgs=0 cs=0 l=1 rev1=1 crypto rx=0 tx=0 comp rx=0 tx=0).handle_hello peer v2:172.21.15.79:3300/0 says I am v2:172.21.15.79:48416/0 (socket says 172.21.15.79:48416)
2024-06-01T00:46:00.101 INFO:teuthology.orchestra.run.smithi079.stdout:/usr/bin/ceph: stderr
2024-06-01T00:45:59.288+0000 7fd8b257e640 1 -- 172.21.15.79:0/4213126049 learned_addr learned my addr 172.21.15.79:0/4213126049 (peer_addr_for_me v2:172.21.15.79:0/0)
2024-06-01T00:46:00.101 INFO:teuthology.orchestra.run.smithi079.stdout:/usr/bin/ceph: stderr
2024-06-01T00:45:59.288+0000 7fd8b257e640 1 -- 172.21.15.79:0/4213126049 --> [v2:172.21.15.79:3300/0,v1:172.21.15.79:6789/0] -- mon_subscribe({config=0+,monmap=0+}) v3 -- 0x7fd8a80094d0 con 0x7fd8ac104b10
2024-06-01T00:46:00.101 INFO:teuthology.orchestra.run.smithi079.stdout:/usr/bin/ceph: stderr
2024-06-01T00:45:59.288+0000 7fd8b257e640 1 --2- 172.21.15.79:0/4213126049 >> [v2:172.21.15.79:3300/0,v1:172.21.15.79:6789/0] conn(0x7fd8ac104b10 0x7fd8ac198560 secure :-1 s=READY pgs=38 cs=0 l=1 rev1=1 crypto rx=0x7fd8a802a790 tx=0x7fd8a8030ce0 comp rx=0 tx=0).ready entity=mon.0 client_cookie=0 server_cookie=0 in_seq=0 out_seq=0
2024-06-01T00:46:00.101 INFO:teuthology.orchestra.run.smithi079.stdout:/usr/bin/ceph: stderr
2024-06-01T00:45:59.289+0000 7fd8a37fe640 1 -- 172.21.15.79:0/4213126049 <== mon.0 v2:172.21.15.79:3300/0 1 ==== mon_map magic: 0 v1 ==== 229+0+0 (secure 0 0 0) 0x7fd8a8032740 con 0x7fd8ac104b10
2024-06-01T00:46:00.101 INFO:teuthology.orchestra.run.smithi079.stdout:/usr/bin/ceph: stderr
2024-06-01T00:45:59.289+0000 7fd8a37fe640 1 -- 172.21.15.79:0/4213126049 <== mon.0 v2:172.21.15.79:3300/0 2 ==== config(27 keys) v1 ==== 1042+0+0 (secure 0 0 0) 0x7fd8a802ae00 con 0x7fd8ac104b10
2024-06-01T00:46:00.102 INFO:teuthology.orchestra.run.smithi079.stdout:/usr/bin/ceph: stderr
2024-06-01T00:45:59.289+0000 7fd8b47e2640 1 -- 172.21.15.79:0/4213126049 --> [v2:172.21.15.79:3300/0,v1:172.21.15.79:6789/0] -- mon_subscribe({mgrmap=0+}) v3 -- 0x7fd8ac198ca0 con 0x7fd8ac104b10
2024-06-01T00:46:00.102 INFO:teuthology.orchestra.run.smithi079.stdout:/usr/bin/ceph: stderr
2024-06-01T00:45:59.289+0000 7fd8a37fe640 1 -- 172.21.15.79:0/4213126049 <== mon.0 v2:172.21.15.79:3300/0 3 ==== mon_map magic: 0 v1 ==== 229+0+0 (secure 0 0 0) 0x7fd8a803d8e0 con 0x7fd8ac104b10
2024-06-01T00:46:00.102 INFO:teuthology.orchestra.run.smithi079.stdout:/usr/bin/ceph: stderr
2024-06-01T00:45:59.289+0000 7fd8b47e2640 1 -- 172.21.15.79:0/4213126049 --> [v2:172.21.15.79:3300/0,v1:172.21.15.79:6789/0] -- mon_subscribe({osdmap=0}) v3 -- 0x7fd8ac1990c0 con 0x7fd8ac104b10
2024-06-01T00:46:00.102 INFO:teuthology.orchestra.run.smithi079.stdout:/usr/bin/ceph: stderr
2024-06-01T00:45:59.289+0000 7fd8a37fe640 1 -- 172.21.15.79:0/4213126049 <== mon.0 v2:172.21.15.79:3300/0 4 ==== mgrmap(e 8) v1 ==== 44866+0+0 (secure 0 0 0) 0x7fd8a803da40 con 0x7fd8ac104b10
2024-06-01T00:46:00.102 INFO:teuthology.orchestra.run.smithi079.stdout:/usr/bin/ceph: stderr
2024-06-01T00:45:59.290+0000 7fd8a37fe640 1 --2- 172.21.15.79:0/4213126049 >> [v2:172.21.15.79:6800/1904937508,v1:172.21.15.79:6801/1904937508] conn(0x7fd8980378b0 0x7fd898039d70 unknown :-1 s=NONE pgs=0 cs=0 l=1 rev1=0 crypto rx=0 tx=0 comp rx=0 tx=0).connect
2024-06-01T00:46:00.103 INFO:teuthology.orchestra.run.smithi079.stdout:/usr/bin/ceph: stderr
2024-06-01T00:45:59.290+0000 7fd8a37fe640 1 -- 172.21.15.79:0/4213126049 <== mon.0 v2:172.21.15.79:3300/0 5 ==== osd_map(2..2 src has 1..2) v4 ==== 940+0+0 (secure 0 0 0) 0x7fd8a806aa90 con 0x7fd8ac104b10
2024-06-01T00:46:00.103 INFO:teuthology.orchestra.run.smithi079.stdout:/usr/bin/ceph: stderr
2024-06-01T00:45:59.290+0000 7fd8b47e2640 1 -- 172.21.15.79:0/4213126049 --> [v2:172.21.15.79:3300/0,v1:172.21.15.79:6789/0] -- mon_command({"prefix": "get_command_descriptions"} v 0) v1 -- 0x7fd8ac061ae0 con 0x7fd8ac104b10
2024-06-01T00:46:00.103 INFO:teuthology.orchestra.run.smithi079.stdout:/usr/bin/ceph: stderr
2024-06-01T00:45:59.290+0000 7fd8b1d7d640 1 --2- 172.21.15.79:0/4213126049 >> [v2:172.21.15.79:6800/1904937508,v1:172.21.15.79:6801/1904937508] conn(0x7fd8980378b0 0x7fd898039d70 unknown :-1 s=BANNER_CONNECTING pgs=0 cs=0 l=1 rev1=0 crypto rx=0 tx=0 comp rx=0 tx=0)._handle_peer_banner_payload supported=3 required=0
2024-06-01T00:46:00.103 INFO:teuthology.orchestra.run.smithi079.stdout:/usr/bin/ceph: stderr
2024-06-01T00:45:59.290+0000 7fd8b1d7d640 1 --2- 172.21.15.79:0/4213126049 >> [v2:172.21.15.79:6800/1904937508,v1:172.21.15.79:6801/1904937508] conn(0x7fd8980378b0 0x7fd898039d70 secure :-1 s=READY pgs=8 cs=0 l=1 rev1=1 crypto rx=0x7fd89c0098c0 tx=0x7fd89c006db0 comp rx=0 tx=0).ready entity=mgr.14118 client_cookie=0 server_cookie=0 in_seq=0 out_seq=0
2024-06-01T00:46:00.103 INFO:teuthology.orchestra.run.smithi079.stdout:/usr/bin/ceph: stderr
2024-06-01T00:45:59.295+0000 7fd8a37fe640 1 -- 172.21.15.79:0/4213126049 <== mon.0 v2:172.21.15.79:3300/0 6 ==== mon_command_ack([{"prefix": "get_command_descriptions"}]=0 v0) v1 ==== 72+0+182498 (secure 0 0 0) 0x7fd8a80313a0 con 0x7fd8ac104b10
2024-06-01T00:46:00.104 INFO:teuthology.orchestra.run.smithi079.stdout:/usr/bin/ceph: stderr
2024-06-01T00:45:59.469+0000 7fd8b47e2640 1 -- 172.21.15.79:0/4213126049 --> [v2:172.21.15.79:6800/1904937508,v1:172.21.15.79:6801/1904937508] -- mgr_command(tid 0: {"prefix": "cephadm set-user", "user": "root", "target": ["mon-mgr", ""]}) v1 -- 0x7fd8ac101020 con 0x7fd8980378b0
2024-06-01T00:46:00.104 INFO:teuthology.orchestra.run.smithi079.stdout:/usr/bin/ceph: stderr
2024-06-01T00:45:59.470+0000 7fd8a37fe640 1 -- 172.21.15.79:0/4213126049 <== mgr.14118 v2:172.21.15.79:6800/1904937508 1 ==== mgr_command_reply(tid 0: 0 ) v1 ==== 8+0+16 (secure 0 0 0) 0x7fd8ac101020 con 0x7fd8980378b0
2024-06-01T00:46:00.104 INFO:teuthology.orchestra.run.smithi079.stdout:/usr/bin/ceph: stderr
2024-06-01T00:45:59.471+0000 7fd8b47e2640 1 -- 172.21.15.79:0/4213126049 >> [v2:172.21.15.79:6800/1904937508,v1:172.21.15.79:6801/1904937508] conn(0x7fd8980378b0 msgr2=0x7fd898039d70 secure :-1 s=STATE_CONNECTION_ESTABLISHED l=1).mark_down
2024-06-01T00:46:00.104 INFO:teuthology.orchestra.run.smithi079.stdout:/usr/bin/ceph: stderr
2024-06-01T00:45:59.471+0000 7fd8b47e2640 1 --2- 172.21.15.79:0/4213126049 >> [v2:172.21.15.79:6800/1904937508,v1:172.21.15.79:6801/1904937508] conn(0x7fd8980378b0 0x7fd898039d70 secure :-1 s=READY pgs=8 cs=0 l=1 rev1=1 crypto rx=0x7fd89c0098c0 tx=0x7fd89c006db0 comp rx=0 tx=0).stop
2024-06-01T00:46:00.104 INFO:teuthology.orchestra.run.smithi079.stdout:/usr/bin/ceph: stderr
2024-06-01T00:45:59.472+0000 7fd8b47e2640 1 -- 172.21.15.79:0/4213126049 >> [v2:172.21.15.79:3300/0,v1:172.21.15.79:6789/0] conn(0x7fd8ac104b10 msgr2=0x7fd8ac198560 secure :-1 s=STATE_CONNECTION_ESTABLISHED l=1).mark_down
2024-06-01T00:46:00.104 INFO:teuthology.orchestra.run.smithi079.stdout:/usr/bin/ceph: stderr
2024-06-01T00:45:59.472+0000 7fd8b47e2640 1 --2- 172.21.15.79:0/4213126049 >> [v2:172.21.15.79:3300/0,v1:172.21.15.79:6789/0] conn(0x7fd8ac104b10 0x7fd8ac198560 secure :-1 s=READY pgs=38 cs=0 l=1 rev1=1 crypto rx=0x7fd8a802a790 tx=0x7fd8a8030ce0 comp rx=0 tx=0).stop
2024-06-01T00:46:00.105 INFO:teuthology.orchestra.run.smithi079.stdout:/usr/bin/ceph: stderr
2024-06-01T00:45:59.472+0000 7fd8b47e2640 1 -- 172.21.15.79:0/4213126049 shutdown_connections
2024-06-01T00:46:00.105 INFO:teuthology.orchestra.run.smithi079.stdout:/usr/bin/ceph: stderr
2024-06-01T00:45:59.472+0000 7fd8b47e2640 1 --2- 172.21.15.79:0/4213126049 >> [v2:172.21.15.79:6800/1904937508,v1:172.21.15.79:6801/1904937508] conn(0x7fd8980378b0 0x7fd898039d70 unknown :-1 s=CLOSED pgs=8 cs=0 l=1 rev1=1 crypto rx=0 tx=0 comp rx=0 tx=0).stop
2024-06-01T00:46:00.105 INFO:teuthology.orchestra.run.smithi079.stdout:/usr/bin/ceph: stderr
2024-06-01T00:45:59.472+0000 7fd8b47e2640 1 --2- 172.21.15.79:0/4213126049 >> [v2:172.21.15.79:3300/0,v1:172.21.15.79:6789/0] conn(0x7fd8ac104b10 0x7fd8ac198560 unknown :-1 s=CLOSED pgs=38 cs=0 l=1 rev1=1 crypto rx=0 tx=0 comp rx=0 tx=0).stop
2024-06-01T00:46:00.105 INFO:teuthology.orchestra.run.smithi079.stdout:/usr/bin/ceph: stderr
2024-06-01T00:45:59.472+0000 7fd8b47e2640 1 -- 172.21.15.79:0/4213126049 >> 172.21.15.79:0/4213126049 conn(0x7fd8ac1000d0 msgr2=0x7fd8ac100910 unknown :-1 s=STATE_NONE l=0).mark_down
2024-06-01T00:46:00.105 INFO:teuthology.orchestra.run.smithi079.stdout:/usr/bin/ceph: stderr
2024-06-01T00:45:59.472+0000 7fd8b47e2640 1 -- 172.21.15.79:0/4213126049 shutdown_connections
2024-06-01T00:46:00.106 INFO:teuthology.orchestra.run.smithi079.stdout:/usr/bin/ceph: stderr
2024-06-01T00:45:59.472+0000 7fd8b47e2640 1 -- 172.21.15.79:0/4213126049 wait complete.
2024-06-01T00:46:00.106 INFO:teuthology.orchestra.run.smithi079.stdout:Generating ssh key...
2024-06-01T00:46:00.356 INFO:journalctl@ceph.mon.smithi079.smithi079.stdout:Jun 01 00:46:00 smithi079 ceph-mon[29356]: from='client.14130 -' entity='client.admin' cmd=[{"prefix": "orch set backend", "module_name": "cephadm", "target": ["mon-mgr", ""]}]: dispatch
2024-06-01T00:46:01.239 INFO:journalctl@ceph.mon.smithi079.smithi079.stdout:Jun 01 00:46:01 smithi079 ceph-mon[29356]: from='client.14132 -' entity='client.admin' cmd=[{"prefix": "cephadm set-user", "user": "root", "target": ["mon-mgr", ""]}]: dispatch
2024-06-01T00:46:01.239 INFO:journalctl@ceph.mon.smithi079.smithi079.stdout:Jun 01 00:46:01 smithi079 ceph-mon[29356]: from='mgr.14118 172.21.15.79:0/1136730099' entity='mgr.smithi079.emylav'
2024-06-01T00:46:01.239 INFO:journalctl@ceph.mon.smithi079.smithi079.stdout:Jun 01 00:46:01 smithi079 ceph-mon[29356]: from='mgr.14118 172.21.15.79:0/1136730099' entity='mgr.smithi079.emylav'
2024-06-01T00:46:01.514 INFO:teuthology.orchestra.run.smithi079.stdout:/usr/bin/ceph: stderr
2024-06-01T00:46:00.480+0000 7faaa08c2640 1 Processor -- start
2024-06-01T00:46:01.514 INFO:teuthology.orchestra.run.smithi079.stdout:/usr/bin/ceph: stderr
2024-06-01T00:46:00.480+0000 7faaa08c2640 1 -- start start
2024-06-01T00:46:01.514 INFO:teuthology.orchestra.run.smithi079.stdout:/usr/bin/ceph: stderr
2024-06-01T00:46:00.480+0000 7faaa08c2640 1 --2- >> [v2:172.21.15.79:3300/0,v1:172.21.15.79:6789/0] conn(0x7faa9c104b10 0x7faa9c104f30 unknown :-1 s=NONE pgs=0 cs=0 l=0 rev1=0 crypto rx=0 tx=0 comp rx=0 tx=0).connect
2024-06-01T00:46:01.514 INFO:teuthology.orchestra.run.smithi079.stdout:/usr/bin/ceph: stderr
2024-06-01T00:46:00.480+0000 7faaa08c2640 1 -- --> [v2:172.21.15.79:3300/0,v1:172.21.15.79:6789/0] -- mon_getmap magic: 0 v1 -- 0x7faa9c105500 con 0x7faa9c104b10
2024-06-01T00:46:01.514 INFO:teuthology.orchestra.run.smithi079.stdout:/usr/bin/ceph: stderr
2024-06-01T00:46:00.481+0000 7faa9a59c640 1 --2- >> [v2:172.21.15.79:3300/0,v1:172.21.15.79:6789/0] conn(0x7faa9c104b10 0x7faa9c104f30 unknown :-1 s=BANNER_CONNECTING pgs=0 cs=0 l=0 rev1=0 crypto rx=0 tx=0 comp rx=0 tx=0)._handle_peer_banner_payload supported=3 required=0
2024-06-01T00:46:01.514 INFO:teuthology.orchestra.run.smithi079.stdout:/usr/bin/ceph: stderr
2024-06-01T00:46:00.481+0000 7faa9a59c640 1 --2- >> [v2:172.21.15.79:3300/0,v1:172.21.15.79:6789/0] conn(0x7faa9c104b10 0x7faa9c104f30 unknown :-1 s=HELLO_CONNECTING pgs=0 cs=0 l=0 rev1=1 crypto rx=0 tx=0 comp rx=0 tx=0).handle_hello peer v2:172.21.15.79:3300/0 says I am v2:172.21.15.79:48418/0 (socket says 172.21.15.79:48418)
2024-06-01T00:46:01.514 INFO:teuthology.orchestra.run.smithi079.stdout:/usr/bin/ceph: stderr
2024-06-01T00:46:00.481+0000 7faa9a59c640 1 -- 172.21.15.79:0/1510588376 learned_addr learned my addr 172.21.15.79:0/1510588376 (peer_addr_for_me v2:172.21.15.79:0/0)
2024-06-01T00:46:01.514 INFO:teuthology.orchestra.run.smithi079.stdout:/usr/bin/ceph: stderr
2024-06-01T00:46:00.481+0000 7faa9a59c640 1 -- 172.21.15.79:0/1510588376 --> [v2:172.21.15.79:3300/0,v1:172.21.15.79:6789/0] -- mon_subscribe({config=0+,monmap=0+}) v3 -- 0x7faa9c105d10 con 0x7faa9c104b10
2024-06-01T00:46:01.515 INFO:teuthology.orchestra.run.smithi079.stdout:/usr/bin/ceph: stderr
2024-06-01T00:46:00.482+0000 7faa9a59c640 1 --2- 172.21.15.79:0/1510588376 >> [v2:172.21.15.79:3300/0,v1:172.21.15.79:6789/0] conn(0x7faa9c104b10 0x7faa9c104f30 secure :-1 s=READY pgs=39 cs=0 l=1 rev1=1 crypto rx=0x7faa8c009820 tx=0x7faa8c02a270 comp rx=0 tx=0).ready entity=mon.0 client_cookie=db9c07d2d31eadbf server_cookie=0 in_seq=0 out_seq=0
2024-06-01T00:46:01.515 INFO:teuthology.orchestra.run.smithi079.stdout:/usr/bin/ceph: stderr
2024-06-01T00:46:00.482+0000 7faa99d9b640 1 -- 172.21.15.79:0/1510588376 <== mon.0 v2:172.21.15.79:3300/0 1 ==== mon_map magic: 0 v1 ==== 229+0+0 (secure 0 0 0) 0x7faa8c02ad40 con 0x7faa9c104b10
2024-06-01T00:46:01.515 INFO:teuthology.orchestra.run.smithi079.stdout:/usr/bin/ceph: stderr
2024-06-01T00:46:00.482+0000 7faa99d9b640 1 -- 172.21.15.79:0/1510588376 <== mon.0 v2:172.21.15.79:3300/0 2 ==== config(27 keys) v1 ==== 1042+0+0 (secure 0 0 0) 0x7faa8c0328c0 con 0x7faa9c104b10
2024-06-01T00:46:01.515 INFO:teuthology.orchestra.run.smithi079.stdout:/usr/bin/ceph: stderr
2024-06-01T00:46:00.482+0000 7faa99d9b640 1 -- 172.21.15.79:0/1510588376 <== mon.0 v2:172.21.15.79:3300/0 3 ==== mon_map magic: 0 v1 ==== 229+0+0 (secure 0 0 0) 0x7faa8c0307f0 con 0x7faa9c104b10
2024-06-01T00:46:01.515 INFO:teuthology.orchestra.run.smithi079.stdout:/usr/bin/ceph: stderr
2024-06-01T00:46:00.482+0000 7faaa08c2640 1 -- 172.21.15.79:0/1510588376 >> [v2:172.21.15.79:3300/0,v1:172.21.15.79:6789/0] conn(0x7faa9c104b10 msgr2=0x7faa9c104f30 secure :-1 s=STATE_CONNECTION_ESTABLISHED l=1).mark_down
2024-06-01T00:46:01.515 INFO:teuthology.orchestra.run.smithi079.stdout:/usr/bin/ceph: stderr
2024-06-01T00:46:00.482+0000 7faaa08c2640 1 --2- 172.21.15.79:0/1510588376 >> [v2:172.21.15.79:3300/0,v1:172.21.15.79:6789/0] conn(0x7faa9c104b10 0x7faa9c104f30 secure :-1 s=READY pgs=39 cs=0 l=1 rev1=1 crypto rx=0x7faa8c009820 tx=0x7faa8c02a270 comp rx=0 tx=0).stop
2024-06-01T00:46:01.515 INFO:teuthology.orchestra.run.smithi079.stdout:/usr/bin/ceph: stderr
2024-06-01T00:46:00.482+0000 7faaa08c2640 1 -- 172.21.15.79:0/1510588376 shutdown_connections
2024-06-01T00:46:01.515 INFO:teuthology.orchestra.run.smithi079.stdout:/usr/bin/ceph: stderr
2024-06-01T00:46:00.482+0000 7faaa08c2640 1 --2- 172.21.15.79:0/1510588376 >> [v2:172.21.15.79:3300/0,v1:172.21.15.79:6789/0] conn(0x7faa9c104b10 0x7faa9c104f30 unknown :-1 s=CLOSED pgs=39 cs=0 l=1 rev1=1 crypto rx=0 tx=0 comp rx=0 tx=0).stop
2024-06-01T00:46:01.515 INFO:teuthology.orchestra.run.smithi079.stdout:/usr/bin/ceph: stderr
2024-06-01T00:46:00.482+0000 7faaa08c2640 1 -- 172.21.15.79:0/1510588376 >> 172.21.15.79:0/1510588376 conn(0x7faa9c1000d0 msgr2=0x7faa9c1024f0 unknown :-1 s=STATE_NONE l=0).mark_down
2024-06-01T00:46:01.515 INFO:teuthology.orchestra.run.smithi079.stdout:/usr/bin/ceph: stderr
2024-06-01T00:46:00.482+0000 7faaa08c2640 1 -- 172.21.15.79:0/1510588376 shutdown_connections
2024-06-01T00:46:01.515 INFO:teuthology.orchestra.run.smithi079.stdout:/usr/bin/ceph: stderr
2024-06-01T00:46:00.482+0000 7faaa08c2640 1 -- 172.21.15.79:0/1510588376 wait complete.
2024-06-01T00:46:01.515 INFO:teuthology.orchestra.run.smithi079.stdout:/usr/bin/ceph: stderr
2024-06-01T00:46:00.483+0000 7faaa08c2640 1 Processor -- start
2024-06-01T00:46:01.516 INFO:teuthology.orchestra.run.smithi079.stdout:/usr/bin/ceph: stderr
2024-06-01T00:46:00.483+0000 7faaa08c2640 1 -- start start
2024-06-01T00:46:01.516 INFO:teuthology.orchestra.run.smithi079.stdout:/usr/bin/ceph: stderr
2024-06-01T00:46:00.483+0000 7faaa08c2640 1 --2- >> [v2:172.21.15.79:3300/0,v1:172.21.15.79:6789/0] conn(0x7faa9c104b10 0x7faa9c0799f0 unknown :-1 s=NONE pgs=0 cs=0 l=1 rev1=0 crypto rx=0 tx=0 comp rx=0 tx=0).connect
2024-06-01T00:46:01.516 INFO:teuthology.orchestra.run.smithi079.stdout:/usr/bin/ceph: stderr
2024-06-01T00:46:00.483+0000 7faaa08c2640 1 -- --> [v2:172.21.15.79:3300/0,v1:172.21.15.79:6789/0] -- mon_getmap magic: 0 v1 -- 0x7faa9c079f30 con 0x7faa9c104b10
2024-06-01T00:46:01.516 INFO:teuthology.orchestra.run.smithi079.stdout:/usr/bin/ceph: stderr
2024-06-01T00:46:00.483+0000 7faa9a59c640 1 --2- >> [v2:172.21.15.79:3300/0,v1:172.21.15.79:6789/0] conn(0x7faa9c104b10 0x7faa9c0799f0 unknown :-1 s=BANNER_CONNECTING pgs=0 cs=0 l=1 rev1=0 crypto rx=0 tx=0 comp rx=0 tx=0)._handle_peer_banner_payload supported=3 required=0
2024-06-01T00:46:01.516 INFO:teuthology.orchestra.run.smithi079.stdout:/usr/bin/ceph: stderr
2024-06-01T00:46:00.483+0000 7faa9a59c640 1 --2- >> [v2:172.21.15.79:3300/0,v1:172.21.15.79:6789/0] conn(0x7faa9c104b10 0x7faa9c0799f0 unknown :-1 s=HELLO_CONNECTING pgs=0 cs=0 l=1 rev1=1 crypto rx=0 tx=0 comp rx=0 tx=0).handle_hello peer v2:172.21.15.79:3300/0 says I am v2:172.21.15.79:48426/0 (socket says 172.21.15.79:48426)
2024-06-01T00:46:01.516 INFO:teuthology.orchestra.run.smithi079.stdout:/usr/bin/ceph: stderr
2024-06-01T00:46:00.483+0000 7faa9a59c640 1 -- 172.21.15.79:0/4285300997 learned_addr learned my addr 172.21.15.79:0/4285300997 (peer_addr_for_me v2:172.21.15.79:0/0)
2024-06-01T00:46:01.516 INFO:teuthology.orchestra.run.smithi079.stdout:/usr/bin/ceph: stderr
2024-06-01T00:46:00.483+0000 7faa9a59c640 1 -- 172.21.15.79:0/4285300997 --> [v2:172.21.15.79:3300/0,v1:172.21.15.79:6789/0] -- mon_subscribe({config=0+,monmap=0+}) v3 -- 0x7faa8c0094d0 con 0x7faa9c104b10
2024-06-01T00:46:01.516 INFO:teuthology.orchestra.run.smithi079.stdout:/usr/bin/ceph: stderr
2024-06-01T00:46:00.484+0000 7faa9a59c640 1 --2- 172.21.15.79:0/4285300997 >> [v2:172.21.15.79:3300/0,v1:172.21.15.79:6789/0] conn(0x7faa9c104b10 0x7faa9c0799f0 secure :-1 s=READY pgs=40 cs=0 l=1 rev1=1 crypto rx=0x7faa8c030d30 tx=0x7faa8c030d60 comp rx=0 tx=0).ready entity=mon.0 client_cookie=0 server_cookie=0 in_seq=0 out_seq=0
2024-06-01T00:46:01.516 INFO:teuthology.orchestra.run.smithi079.stdout:/usr/bin/ceph: stderr
2024-06-01T00:46:00.484+0000 7faa937fe640 1 -- 172.21.15.79:0/4285300997 <== mon.0 v2:172.21.15.79:3300/0 1 ==== mon_map magic: 0 v1 ==== 229+0+0 (secure 0 0 0) 0x7faa8c032c40 con 0x7faa9c104b10
2024-06-01T00:46:01.516 INFO:teuthology.orchestra.run.smithi079.stdout:/usr/bin/ceph: stderr
2024-06-01T00:46:00.484+0000 7faaa08c2640 1 -- 172.21.15.79:0/4285300997 --> [v2:172.21.15.79:3300/0,v1:172.21.15.79:6789/0] -- mon_subscribe({mgrmap=0+}) v3 -- 0x7faa9c19c550 con 0x7faa9c104b10
2024-06-01T00:46:01.516 INFO:teuthology.orchestra.run.smithi079.stdout:/usr/bin/ceph: stderr
2024-06-01T00:46:00.484+0000 7faa937fe640 1 -- 172.21.15.79:0/4285300997 <== mon.0 v2:172.21.15.79:3300/0 2 ==== config(27 keys) v1 ==== 1042+0+0 (secure 0 0 0) 0x7faa8c032da0 con 0x7faa9c104b10
2024-06-01T00:46:01.516 INFO:teuthology.orchestra.run.smithi079.stdout:/usr/bin/ceph: stderr
2024-06-01T00:46:00.484+0000 7faaa08c2640 1 -- 172.21.15.79:0/4285300997 --> [v2:172.21.15.79:3300/0,v1:172.21.15.79:6789/0] -- mon_subscribe({osdmap=0}) v3 -- 0x7faa9c19c970 con 0x7faa9c104b10
2024-06-01T00:46:01.517 INFO:teuthology.orchestra.run.smithi079.stdout:/usr/bin/ceph: stderr
2024-06-01T00:46:00.484+0000 7faa937fe640 1 -- 172.21.15.79:0/4285300997 <== mon.0 v2:172.21.15.79:3300/0 3 ==== mon_map magic: 0 v1 ==== 229+0+0 (secure 0 0 0) 0x7faa8c03c6a0 con 0x7faa9c104b10
2024-06-01T00:46:01.517 INFO:teuthology.orchestra.run.smithi079.stdout:/usr/bin/ceph: stderr
2024-06-01T00:46:00.485+0000 7faa937fe640 1 -- 172.21.15.79:0/4285300997 <== mon.0 v2:172.21.15.79:3300/0 4 ==== mgrmap(e 8) v1 ==== 44866+0+0 (secure 0 0 0) 0x7faa8c03d480 con 0x7faa9c104b10
2024-06-01T00:46:01.517 INFO:teuthology.orchestra.run.smithi079.stdout:/usr/bin/ceph: stderr
2024-06-01T00:46:00.485+0000 7faaa08c2640 1 -- 172.21.15.79:0/4285300997 --> [v2:172.21.15.79:3300/0,v1:172.21.15.79:6789/0] -- mon_command({"prefix": "get_command_descriptions"} v 0) v1 -- 0x7faa9c061ae0 con 0x7faa9c104b10
2024-06-01T00:46:01.517 INFO:teuthology.orchestra.run.smithi079.stdout:/usr/bin/ceph: stderr
2024-06-01T00:46:00.485+0000 7faa937fe640 1 --2- 172.21.15.79:0/4285300997 >> [v2:172.21.15.79:6800/1904937508,v1:172.21.15.79:6801/1904937508] conn(0x7faa88037860 0x7faa88039d20 unknown :-1 s=NONE pgs=0 cs=0 l=1 rev1=0 crypto rx=0 tx=0 comp rx=0 tx=0).connect
2024-06-01T00:46:01.517 INFO:teuthology.orchestra.run.smithi079.stdout:/usr/bin/ceph: stderr
2024-06-01T00:46:00.485+0000 7faa937fe640 1 -- 172.21.15.79:0/4285300997 <== mon.0 v2:172.21.15.79:3300/0 5 ==== osd_map(2..2 src has 1..2) v4 ==== 940+0+0 (secure 0 0 0) 0x7faa8c06a9b0 con 0x7faa9c104b10
2024-06-01T00:46:01.517 INFO:teuthology.orchestra.run.smithi079.stdout:/usr/bin/ceph: stderr
2024-06-01T00:46:00.485+0000 7faa93fff640 1 --2- 172.21.15.79:0/4285300997 >> [v2:172.21.15.79:6800/1904937508,v1:172.21.15.79:6801/1904937508] conn(0x7faa88037860 0x7faa88039d20 unknown :-1 s=BANNER_CONNECTING pgs=0 cs=0 l=1 rev1=0 crypto rx=0 tx=0 comp rx=0 tx=0)._handle_peer_banner_payload supported=3 required=0
2024-06-01T00:46:01.517 INFO:teuthology.orchestra.run.smithi079.stdout:/usr/bin/ceph: stderr
2024-06-01T00:46:00.485+0000 7faa93fff640 1 --2- 172.21.15.79:0/4285300997 >> [v2:172.21.15.79:6800/1904937508,v1:172.21.15.79:6801/1904937508] conn(0x7faa88037860 0x7faa88039d20 secure :-1 s=READY pgs=9 cs=0 l=1 rev1=1 crypto rx=0x7faa840098c0 tx=0x7faa84006db0 comp rx=0 tx=0).ready entity=mgr.14118 client_cookie=0 server_cookie=0 in_seq=0 out_seq=0
2024-06-01T00:46:01.517 INFO:teuthology.orchestra.run.smithi079.stdout:/usr/bin/ceph: stderr
2024-06-01T00:46:00.490+0000 7faa937fe640 1 -- 172.21.15.79:0/4285300997 <== mon.0 v2:172.21.15.79:3300/0 6 ==== mon_command_ack([{"prefix": "get_command_descriptions"}]=0 v0) v1 ==== 72+0+182498 (secure 0 0 0) 0x7faa8c03d730 con 0x7faa9c104b10
2024-06-01T00:46:01.517 INFO:teuthology.orchestra.run.smithi079.stdout:/usr/bin/ceph: stderr
2024-06-01T00:46:00.661+0000 7faaa08c2640 1 -- 172.21.15.79:0/4285300997 --> [v2:172.21.15.79:6800/1904937508,v1:172.21.15.79:6801/1904937508] -- mgr_command(tid 0: {"prefix": "cephadm generate-key", "target": ["mon-mgr", ""]}) v1 -- 0x7faa9c108f10 con 0x7faa88037860
2024-06-01T00:46:01.517 INFO:teuthology.orchestra.run.smithi079.stdout:/usr/bin/ceph: stderr
2024-06-01T00:46:00.938+0000 7faa937fe640 1 -- 172.21.15.79:0/4285300997 <== mgr.14118 v2:172.21.15.79:6800/1904937508 1 ==== mgr_command_reply(tid 0: 0 ) v1 ==== 8+0+0 (secure 0 0 0) 0x7faa9c108f10 con 0x7faa88037860
2024-06-01T00:46:01.517 INFO:teuthology.orchestra.run.smithi079.stdout:/usr/bin/ceph: stderr
2024-06-01T00:46:00.940+0000 7faaa08c2640 1 -- 172.21.15.79:0/4285300997 >> [v2:172.21.15.79:6800/1904937508,v1:172.21.15.79:6801/1904937508] conn(0x7faa88037860 msgr2=0x7faa88039d20 secure :-1 s=STATE_CONNECTION_ESTABLISHED l=1).mark_down
2024-06-01T00:46:01.517 INFO:teuthology.orchestra.run.smithi079.stdout:/usr/bin/ceph: stderr
2024-06-01T00:46:00.940+0000 7faaa08c2640 1 --2- 172.21.15.79:0/4285300997 >> [v2:172.21.15.79:6800/1904937508,v1:172.21.15.79:6801/1904937508] conn(0x7faa88037860 0x7faa88039d20 secure :-1 s=READY pgs=9 cs=0 l=1 rev1=1 crypto rx=0x7faa840098c0 tx=0x7faa84006db0 comp rx=0 tx=0).stop
2024-06-01T00:46:01.517 INFO:teuthology.orchestra.run.smithi079.stdout:/usr/bin/ceph: stderr
2024-06-01T00:46:00.940+0000 7faaa08c2640 1 -- 172.21.15.79:0/4285300997 >> [v2:172.21.15.79:3300/0,v1:172.21.15.79:6789/0] conn(0x7faa9c104b10 msgr2=0x7faa9c0799f0 secure :-1 s=STATE_CONNECTION_ESTABLISHED l=1).mark_down
2024-06-01T00:46:01.517 INFO:teuthology.orchestra.run.smithi079.stdout:/usr/bin/ceph: stderr
2024-06-01T00:46:00.940+0000 7faaa08c2640 1 --2- 172.21.15.79:0/4285300997 >> [v2:172.21.15.79:3300/0,v1:172.21.15.79:6789/0] conn(0x7faa9c104b10 0x7faa9c0799f0 secure :-1 s=READY pgs=40 cs=0 l=1 rev1=1 crypto rx=0x7faa8c030d30 tx=0x7faa8c030d60 comp rx=0 tx=0).stop
2024-06-01T00:46:01.518 INFO:teuthology.orchestra.run.smithi079.stdout:/usr/bin/ceph: stderr
2024-06-01T00:46:00.940+0000 7faaa08c2640 1 -- 172.21.15.79:0/4285300997 shutdown_connections
2024-06-01T00:46:01.518 INFO:teuthology.orchestra.run.smithi079.stdout:/usr/bin/ceph: stderr
2024-06-01T00:46:00.940+0000 7faaa08c2640 1 --2- 172.21.15.79:0/4285300997 >> [v2:172.21.15.79:6800/1904937508,v1:172.21.15.79:6801/1904937508] conn(0x7faa88037860 0x7faa88039d20 unknown :-1 s=CLOSED pgs=9 cs=0 l=1 rev1=1 crypto rx=0 tx=0 comp rx=0 tx=0).stop
2024-06-01T00:46:01.518 INFO:teuthology.orchestra.run.smithi079.stdout:/usr/bin/ceph: stderr
2024-06-01T00:46:00.940+0000 7faaa08c2640 1 --2- 172.21.15.79:0/4285300997 >> [v2:172.21.15.79:3300/0,v1:172.21.15.79:6789/0] conn(0x7faa9c104b10 0x7faa9c0799f0 unknown :-1 s=CLOSED pgs=40 cs=0 l=1 rev1=1 crypto rx=0 tx=0 comp rx=0 tx=0).stop
2024-06-01T00:46:01.518 INFO:teuthology.orchestra.run.smithi079.stdout:/usr/bin/ceph: stderr
2024-06-01T00:46:00.940+0000 7faaa08c2640 1 -- 172.21.15.79:0/4285300997 >> 172.21.15.79:0/4285300997 conn(0x7faa9c1000d0 msgr2=0x7faa9c100b10 unknown :-1 s=STATE_NONE l=0).mark_down
2024-06-01T00:46:01.518 INFO:teuthology.orchestra.run.smithi079.stdout:/usr/bin/ceph: stderr
2024-06-01T00:46:00.940+0000 7faaa08c2640 1 -- 172.21.15.79:0/4285300997 shutdown_connections
2024-06-01T00:46:01.518 INFO:teuthology.orchestra.run.smithi079.stdout:/usr/bin/ceph: stderr
2024-06-01T00:46:00.940+0000 7faaa08c2640 1 -- 172.21.15.79:0/4285300997 wait complete.
2024-06-01T00:46:02.356 INFO:journalctl@ceph.mon.smithi079.smithi079.stdout:Jun 01 00:46:02 smithi079 ceph-mon[29356]: from='client.14134 -' entity='client.admin' cmd=[{"prefix": "cephadm generate-key", "target": ["mon-mgr", ""]}]: dispatch
2024-06-01T00:46:02.356 INFO:journalctl@ceph.mon.smithi079.smithi079.stdout:Jun 01 00:46:02 smithi079 ceph-mon[29356]: Generating ssh key...
2024-06-01T00:46:02.636 INFO:teuthology.orchestra.run.smithi079.stdout:/usr/bin/ceph: stdout ssh-rsa AAAAB3NzaC1yc2EAAAADAQABAAABgQDR44OWYFqe2zC5QDBHiEBFZwZ0PrBG3RCk1GPVU/sn/Sbbq4wnAt+LODM/Wr94Wxs9C/5dLJ3LPa+MiYySxqqmTpEzEuT8KxghK/37azfQi3ETtCFRrOxks0BS/070PXUa7eRcxbXucE1qJJXB2xbfmGbjZC43pI0D4g7n0bb7K1/SQNzOeAWTAhJLDrxUFi6wJWj+0Xbi8h10EaatoXC9I9KX9iKv69hAHlbv8uEkd9Tv7MjZzQhAK5+VTG97lAyjUv4+LO5jp8MRAECgV/RXr1aU8YNWUoi6Ohrv1Zeo7DOO9QuFF2MouoCj+6QV9IDHytnQ0t0h4+EKng9HJb6MuSm00u/t49UekfDCXF/bLa0IqMzRRslOGbtgcXy2rm9wXlLqloLR3YjHirxRBQ8G6Vm9xmHS1aTK5HBH+b64IVHBYpE2DVIaS5v2BM3D4+CUMKgtBoX8fw59wNEPqZukm16Jv3FuIsFsPrK8FCD/eaeuwNrP3Bwo2yeh6fk6uYM= ceph-22870f5e-1fb0-11ef-bc9b-c7b262605968
2024-06-01T00:46:02.636 INFO:teuthology.orchestra.run.smithi079.stdout:/usr/bin/ceph: stderr
2024-06-01T00:46:01.886+0000 7fde25d27640 1 Processor -- start
2024-06-01T00:46:02.636 INFO:teuthology.orchestra.run.smithi079.stdout:/usr/bin/ceph: stderr
2024-06-01T00:46:01.886+0000 7fde25d27640 1 -- start start
2024-06-01T00:46:02.637 INFO:teuthology.orchestra.run.smithi079.stdout:/usr/bin/ceph: stderr
2024-06-01T00:46:01.887+0000 7fde25d27640 1 --2- >> [v2:172.21.15.79:3300/0,v1:172.21.15.79:6789/0] conn(0x7fde201044d0 0x7fde201048f0 unknown :-1 s=NONE pgs=0 cs=0 l=0 rev1=0 crypto rx=0 tx=0 comp rx=0 tx=0).connect
2024-06-01T00:46:02.637 INFO:teuthology.orchestra.run.smithi079.stdout:/usr/bin/ceph: stderr
2024-06-01T00:46:01.887+0000 7fde25d27640 1 -- --> [v2:172.21.15.79:3300/0,v1:172.21.15.79:6789/0] -- mon_getmap magic: 0 v1 -- 0x7fde20079de0 con 0x7fde201044d0
2024-06-01T00:46:02.637 INFO:teuthology.orchestra.run.smithi079.stdout:/usr/bin/ceph: stderr
2024-06-01T00:46:01.887+0000 7fde1f7fe640 1 --2- >> [v2:172.21.15.79:3300/0,v1:172.21.15.79:6789/0] conn(0x7fde201044d0 0x7fde201048f0 unknown :-1 s=BANNER_CONNECTING pgs=0 cs=0 l=0 rev1=0 crypto rx=0 tx=0 comp rx=0 tx=0)._handle_peer_banner_payload supported=3 required=0
2024-06-01T00:46:02.637 INFO:teuthology.orchestra.run.smithi079.stdout:/usr/bin/ceph: stderr
2024-06-01T00:46:01.887+0000 7fde1f7fe640 1 --2- >> [v2:172.21.15.79:3300/0,v1:172.21.15.79:6789/0] conn(0x7fde201044d0 0x7fde201048f0 unknown :-1 s=HELLO_CONNECTING pgs=0 cs=0 l=0 rev1=1 crypto rx=0 tx=0 comp rx=0 tx=0).handle_hello peer v2:172.21.15.79:3300/0 says I am v2:172.21.15.79:48440/0 (socket says 172.21.15.79:48440)
2024-06-01T00:46:02.637 INFO:teuthology.orchestra.run.smithi079.stdout:/usr/bin/ceph: stderr
2024-06-01T00:46:01.887+0000 7fde1f7fe640 1 -- 172.21.15.79:0/320697130 learned_addr learned my addr 172.21.15.79:0/320697130 (peer_addr_for_me v2:172.21.15.79:0/0)
2024-06-01T00:46:02.637 INFO:teuthology.orchestra.run.smithi079.stdout:/usr/bin/ceph: stderr
2024-06-01T00:46:01.887+0000 7fde1f7fe640 1 -- 172.21.15.79:0/320697130 --> [v2:172.21.15.79:3300/0,v1:172.21.15.79:6789/0] -- mon_subscribe({config=0+,monmap=0+}) v3 -- 0x7fde20104e30 con 0x7fde201044d0
2024-06-01T00:46:02.637 INFO:teuthology.orchestra.run.smithi079.stdout:/usr/bin/ceph: stderr
2024-06-01T00:46:01.888+0000 7fde1f7fe640 1 --2- 172.21.15.79:0/320697130 >> [v2:172.21.15.79:3300/0,v1:172.21.15.79:6789/0] conn(0x7fde201044d0 0x7fde201048f0 secure :-1 s=READY pgs=41 cs=0 l=1 rev1=1 crypto rx=0x7fde10009820 tx=0x7fde1002a270 comp rx=0 tx=0).ready entity=mon.0 client_cookie=b0517beca9fa99e9 server_cookie=0 in_seq=0 out_seq=0
2024-06-01T00:46:02.637 INFO:teuthology.orchestra.run.smithi079.stdout:/usr/bin/ceph: stderr
2024-06-01T00:46:01.888+0000 7fde1e7fc640 1 -- 172.21.15.79:0/320697130 <== mon.0 v2:172.21.15.79:3300/0 1 ==== mon_map magic: 0 v1 ==== 229+0+0 (secure 0 0 0) 0x7fde1002ad40 con 0x7fde201044d0
2024-06-01T00:46:02.637 INFO:teuthology.orchestra.run.smithi079.stdout:/usr/bin/ceph: stderr
2024-06-01T00:46:01.888+0000 7fde1e7fc640 1 -- 172.21.15.79:0/320697130 <== mon.0 v2:172.21.15.79:3300/0 2 ==== config(27 keys) v1 ==== 1042+0+0 (secure 0 0 0) 0x7fde100328c0 con 0x7fde201044d0
2024-06-01T00:46:02.637 INFO:teuthology.orchestra.run.smithi079.stdout:/usr/bin/ceph: stderr
2024-06-01T00:46:01.888+0000 7fde1e7fc640 1 -- 172.21.15.79:0/320697130 <== mon.0 v2:172.21.15.79:3300/0 3 ==== mon_map magic: 0 v1 ==== 229+0+0 (secure 0 0 0) 0x7fde100307f0 con 0x7fde201044d0
2024-06-01T00:46:02.637 INFO:teuthology.orchestra.run.smithi079.stdout:/usr/bin/ceph: stderr
2024-06-01T00:46:01.888+0000 7fde25d27640 1 -- 172.21.15.79:0/320697130 >> [v2:172.21.15.79:3300/0,v1:172.21.15.79:6789/0] conn(0x7fde201044d0 msgr2=0x7fde201048f0 secure :-1 s=STATE_CONNECTION_ESTABLISHED l=1).mark_down
2024-06-01T00:46:02.637 INFO:teuthology.orchestra.run.smithi079.stdout:/usr/bin/ceph: stderr
2024-06-01T00:46:01.888+0000 7fde25d27640 1 --2- 172.21.15.79:0/320697130 >> [v2:172.21.15.79:3300/0,v1:172.21.15.79:6789/0] conn(0x7fde201044d0 0x7fde201048f0 secure :-1 s=READY pgs=41 cs=0 l=1 rev1=1 crypto rx=0x7fde10009820 tx=0x7fde1002a270 comp rx=0 tx=0).stop
2024-06-01T00:46:02.637 INFO:teuthology.orchestra.run.smithi079.stdout:/usr/bin/ceph: stderr
2024-06-01T00:46:01.889+0000 7fde25d27640 1 -- 172.21.15.79:0/320697130 shutdown_connections
2024-06-01T00:46:02.638 INFO:teuthology.orchestra.run.smithi079.stdout:/usr/bin/ceph: stderr
2024-06-01T00:46:01.889+0000 7fde25d27640 1 --2- 172.21.15.79:0/320697130 >> [v2:172.21.15.79:3300/0,v1:172.21.15.79:6789/0] conn(0x7fde201044d0 0x7fde201048f0 unknown :-1 s=CLOSED pgs=41 cs=0 l=1 rev1=1 crypto rx=0 tx=0 comp rx=0 tx=0).stop
2024-06-01T00:46:02.638 INFO:teuthology.orchestra.run.smithi079.stdout:/usr/bin/ceph: stderr
2024-06-01T00:46:01.889+0000 7fde25d27640 1 -- 172.21.15.79:0/320697130 >> 172.21.15.79:0/320697130 conn(0x7fde201000d0 msgr2=0x7fde201024f0 unknown :-1 s=STATE_NONE l=0).mark_down
2024-06-01T00:46:02.638 INFO:teuthology.orchestra.run.smithi079.stdout:/usr/bin/ceph: stderr
2024-06-01T00:46:01.889+0000 7fde25d27640 1 -- 172.21.15.79:0/320697130 shutdown_connections
2024-06-01T00:46:02.638 INFO:teuthology.orchestra.run.smithi079.stdout:/usr/bin/ceph: stderr
2024-06-01T00:46:01.889+0000 7fde25d27640 1 -- 172.21.15.79:0/320697130 wait complete.
2024-06-01T00:46:02.638 INFO:teuthology.orchestra.run.smithi079.stdout:/usr/bin/ceph: stderr
2024-06-01T00:46:01.889+0000 7fde25d27640 1 Processor -- start
2024-06-01T00:46:02.638 INFO:teuthology.orchestra.run.smithi079.stdout:/usr/bin/ceph: stderr
2024-06-01T00:46:01.889+0000 7fde25d27640 1 -- start start
2024-06-01T00:46:02.638 INFO:teuthology.orchestra.run.smithi079.stdout:/usr/bin/ceph: stderr
2024-06-01T00:46:01.889+0000 7fde25d27640 1 --2- >> [v2:172.21.15.79:3300/0,v1:172.21.15.79:6789/0] conn(0x7fde201044d0 0x7fde2019ba30 unknown :-1 s=NONE pgs=0 cs=0 l=1 rev1=0 crypto rx=0 tx=0 comp rx=0 tx=0).connect
2024-06-01T00:46:02.638 INFO:teuthology.orchestra.run.smithi079.stdout:/usr/bin/ceph: stderr
2024-06-01T00:46:01.890+0000 7fde25d27640 1 -- --> [v2:172.21.15.79:3300/0,v1:172.21.15.79:6789/0] -- mon_getmap magic: 0 v1 -- 0x7fde2019bf70 con 0x7fde201044d0
2024-06-01T00:46:02.638 INFO:teuthology.orchestra.run.smithi079.stdout:/usr/bin/ceph: stderr
2024-06-01T00:46:01.890+0000 7fde1f7fe640 1 --2- >> [v2:172.21.15.79:3300/0,v1:172.21.15.79:6789/0] conn(0x7fde201044d0 0x7fde2019ba30 unknown :-1 s=BANNER_CONNECTING pgs=0 cs=0 l=1 rev1=0 crypto rx=0 tx=0 comp rx=0 tx=0)._handle_peer_banner_payload supported=3 required=0
2024-06-01T00:46:02.638 INFO:teuthology.orchestra.run.smithi079.stdout:/usr/bin/ceph: stderr
2024-06-01T00:46:01.890+0000 7fde1f7fe640 1 --2- >> [v2:172.21.15.79:3300/0,v1:172.21.15.79:6789/0] conn(0x7fde201044d0 0x7fde2019ba30 unknown :-1 s=HELLO_CONNECTING pgs=0 cs=0 l=1 rev1=1 crypto rx=0 tx=0 comp rx=0 tx=0).handle_hello peer v2:172.21.15.79:3300/0 says I am v2:172.21.15.79:48442/0 (socket says 172.21.15.79:48442)
2024-06-01T00:46:02.638 INFO:teuthology.orchestra.run.smithi079.stdout:/usr/bin/ceph: stderr
2024-06-01T00:46:01.890+0000 7fde1f7fe640 1 -- 172.21.15.79:0/2579570594 learned_addr learned my addr 172.21.15.79:0/2579570594 (peer_addr_for_me v2:172.21.15.79:0/0)
2024-06-01T00:46:02.638 INFO:teuthology.orchestra.run.smithi079.stdout:/usr/bin/ceph: stderr
2024-06-01T00:46:01.890+0000 7fde1f7fe640 1 -- 172.21.15.79:0/2579570594 --> [v2:172.21.15.79:3300/0,v1:172.21.15.79:6789/0] -- mon_subscribe({config=0+,monmap=0+}) v3 -- 0x7fde100094d0 con 0x7fde201044d0
2024-06-01T00:46:02.639 INFO:teuthology.orchestra.run.smithi079.stdout:/usr/bin/ceph: stderr
2024-06-01T00:46:01.890+0000 7fde1f7fe640 1 --2- 172.21.15.79:0/2579570594 >> [v2:172.21.15.79:3300/0,v1:172.21.15.79:6789/0] conn(0x7fde201044d0 0x7fde2019ba30 secure :-1 s=READY pgs=42 cs=0 l=1 rev1=1 crypto rx=0x7fde10030d30 tx=0x7fde10030d60 comp rx=0 tx=0).ready entity=mon.0 client_cookie=0 server_cookie=0 in_seq=0 out_seq=0
2024-06-01T00:46:02.639 INFO:teuthology.orchestra.run.smithi079.stdout:/usr/bin/ceph: stderr
2024-06-01T00:46:01.890+0000 7fde1cff9640 1 -- 172.21.15.79:0/2579570594 <== mon.0 v2:172.21.15.79:3300/0 1 ==== mon_map magic: 0 v1 ==== 229+0+0 (secure 0 0 0) 0x7fde10032c40 con 0x7fde201044d0
2024-06-01T00:46:02.639 INFO:teuthology.orchestra.run.smithi079.stdout:/usr/bin/ceph: stderr
2024-06-01T00:46:01.890+0000 7fde1cff9640 1 -- 172.21.15.79:0/2579570594 <== mon.0 v2:172.21.15.79:3300/0 2 ==== config(27 keys) v1 ==== 1042+0+0 (secure 0 0 0) 0x7fde10032da0 con 0x7fde201044d0
2024-06-01T00:46:02.639 INFO:teuthology.orchestra.run.smithi079.stdout:/usr/bin/ceph: stderr
2024-06-01T00:46:01.890+0000 7fde25d27640 1 -- 172.21.15.79:0/2579570594 --> [v2:172.21.15.79:3300/0,v1:172.21.15.79:6789/0] -- mon_subscribe({mgrmap=0+}) v3 -- 0x7fde2019c170 con 0x7fde201044d0
2024-06-01T00:46:02.639 INFO:teuthology.orchestra.run.smithi079.stdout:/usr/bin/ceph: stderr
2024-06-01T00:46:01.890+0000 7fde1cff9640 1 -- 172.21.15.79:0/2579570594 <== mon.0 v2:172.21.15.79:3300/0 3 ==== mon_map magic: 0 v1 ==== 229+0+0 (secure 0 0 0) 0x7fde1003c710 con 0x7fde201044d0
2024-06-01T00:46:02.639 INFO:teuthology.orchestra.run.smithi079.stdout:/usr/bin/ceph: stderr
2024-06-01T00:46:01.890+0000 7fde25d27640 1 -- 172.21.15.79:0/2579570594 --> [v2:172.21.15.79:3300/0,v1:172.21.15.79:6789/0] -- mon_subscribe({osdmap=0}) v3 -- 0x7fde2019c590 con 0x7fde201044d0
2024-06-01T00:46:02.639 INFO:teuthology.orchestra.run.smithi079.stdout:/usr/bin/ceph: stderr
2024-06-01T00:46:01.891+0000 7fde1cff9640 1 -- 172.21.15.79:0/2579570594 <== mon.0 v2:172.21.15.79:3300/0 4 ==== mgrmap(e 8) v1 ==== 44866+0+0 (secure 0 0 0) 0x7fde1003c980 con 0x7fde201044d0
2024-06-01T00:46:02.639 INFO:teuthology.orchestra.run.smithi079.stdout:/usr/bin/ceph: stderr
2024-06-01T00:46:01.891+0000 7fde25d27640 1 -- 172.21.15.79:0/2579570594 --> [v2:172.21.15.79:3300/0,v1:172.21.15.79:6789/0] -- mon_command({"prefix": "get_command_descriptions"} v 0) v1 -- 0x7fde20195720 con 0x7fde201044d0
2024-06-01T00:46:02.639 INFO:teuthology.orchestra.run.smithi079.stdout:/usr/bin/ceph: stderr
2024-06-01T00:46:01.891+0000 7fde1cff9640 1 --2- 172.21.15.79:0/2579570594 >> [v2:172.21.15.79:6800/1904937508,v1:172.21.15.79:6801/1904937508] conn(0x7fde08037860 0x7fde08039d20 unknown :-1 s=NONE pgs=0 cs=0 l=1 rev1=0 crypto rx=0 tx=0 comp rx=0 tx=0).connect
