2024-06-01T00:46:13.384+0000 7f6b1d7fa640 1 -- 172.21.15.79:0/915082221 <== mon.0 v2:172.21.15.79:3300/0 5 ==== osd_map(2..2 src has 1..2) v4 ==== 940+0+0 (secure 0 0 0) 0x7f6b1006a4e0 con 0x7f6b20105c20
2024-06-01T00:46:15.046 INFO:teuthology.orchestra.run.smithi079.stdout:/usr/bin/ceph: stderr
2024-06-01T00:46:13.384+0000 7f6b16ffd640 1 --2- 172.21.15.79:0/915082221 >> [v2:172.21.15.79:6800/1904937508,v1:172.21.15.79:6801/1904937508] conn(0x7f6b0c0378b0 0x7f6b0c039d70 unknown :-1 s=BANNER_CONNECTING pgs=0 cs=0 l=1 rev1=0 crypto rx=0 tx=0 comp rx=0 tx=0)._handle_peer_banner_payload supported=3 required=0
2024-06-01T00:46:15.046 INFO:teuthology.orchestra.run.smithi079.stdout:/usr/bin/ceph: stderr
2024-06-01T00:46:13.384+0000 7f6b16ffd640 1 --2- 172.21.15.79:0/915082221 >> [v2:172.21.15.79:6800/1904937508,v1:172.21.15.79:6801/1904937508] conn(0x7f6b0c0378b0 0x7f6b0c039d70 secure :-1 s=READY pgs=16 cs=0 l=1 rev1=1 crypto rx=0x7f6b080098c0 tx=0x7f6b08006db0 comp rx=0 tx=0).ready entity=mgr.14118 client_cookie=0 server_cookie=0 in_seq=0 out_seq=0
2024-06-01T00:46:15.046 INFO:teuthology.orchestra.run.smithi079.stdout:/usr/bin/ceph: stderr
2024-06-01T00:46:13.388+0000 7f6b1d7fa640 1 -- 172.21.15.79:0/915082221 <== mon.0 v2:172.21.15.79:3300/0 6 ==== mon_command_ack([{"prefix": "get_command_descriptions"}]=0 v0) v1 ==== 72+0+182498 (secure 0 0 0) 0x7f6b10043920 con 0x7f6b20105c20
2024-06-01T00:46:15.046 INFO:teuthology.orchestra.run.smithi079.stdout:/usr/bin/ceph: stderr
2024-06-01T00:46:13.584+0000 7f6b25f4d640 1 -- 172.21.15.79:0/915082221 --> [v2:172.21.15.79:6800/1904937508,v1:172.21.15.79:6801/1904937508] -- mgr_command(tid 0: {"prefix": "orch apply", "service_type": "prometheus", "target": ["mon-mgr", ""]}) v1 -- 0x7f6b20102340 con 0x7f6b0c0378b0
2024-06-01T00:46:15.046 INFO:teuthology.orchestra.run.smithi079.stdout:/usr/bin/ceph: stderr
2024-06-01T00:46:13.589+0000 7f6b1d7fa640 1 -- 172.21.15.79:0/915082221 <== mgr.14118 v2:172.21.15.79:6800/1904937508 1 ==== mgr_command_reply(tid 0: 0 ) v1 ==== 8+0+31 (secure 0 0 0) 0x7f6b20102340 con 0x7f6b0c0378b0
2024-06-01T00:46:15.046 INFO:teuthology.orchestra.run.smithi079.stdout:/usr/bin/ceph: stderr
2024-06-01T00:46:13.590+0000 7f6b25f4d640 1 -- 172.21.15.79:0/915082221 >> [v2:172.21.15.79:6800/1904937508,v1:172.21.15.79:6801/1904937508] conn(0x7f6b0c0378b0 msgr2=0x7f6b0c039d70 secure :-1 s=STATE_CONNECTION_ESTABLISHED l=1).mark_down
2024-06-01T00:46:15.046 INFO:teuthology.orchestra.run.smithi079.stdout:/usr/bin/ceph: stderr
2024-06-01T00:46:13.590+0000 7f6b25f4d640 1 --2- 172.21.15.79:0/915082221 >> [v2:172.21.15.79:6800/1904937508,v1:172.21.15.79:6801/1904937508] conn(0x7f6b0c0378b0 0x7f6b0c039d70 secure :-1 s=READY pgs=16 cs=0 l=1 rev1=1 crypto rx=0x7f6b080098c0 tx=0x7f6b08006db0 comp rx=0 tx=0).stop
2024-06-01T00:46:15.046 INFO:teuthology.orchestra.run.smithi079.stdout:/usr/bin/ceph: stderr
2024-06-01T00:46:13.590+0000 7f6b25f4d640 1 -- 172.21.15.79:0/915082221 >> [v2:172.21.15.79:3300/0,v1:172.21.15.79:6789/0] conn(0x7f6b20105c20 msgr2=0x7f6b201998d0 secure :-1 s=STATE_CONNECTION_ESTABLISHED l=1).mark_down
2024-06-01T00:46:15.047 INFO:teuthology.orchestra.run.smithi079.stdout:/usr/bin/ceph: stderr
2024-06-01T00:46:13.590+0000 7f6b25f4d640 1 --2- 172.21.15.79:0/915082221 >> [v2:172.21.15.79:3300/0,v1:172.21.15.79:6789/0] conn(0x7f6b20105c20 0x7f6b201998d0 secure :-1 s=READY pgs=54 cs=0 l=1 rev1=1 crypto rx=0x7f6b100097f0 tx=0x7f6b10030e90 comp rx=0 tx=0).stop
2024-06-01T00:46:15.047 INFO:teuthology.orchestra.run.smithi079.stdout:/usr/bin/ceph: stderr
2024-06-01T00:46:13.591+0000 7f6b25f4d640 1 -- 172.21.15.79:0/915082221 shutdown_connections
2024-06-01T00:46:15.047 INFO:teuthology.orchestra.run.smithi079.stdout:/usr/bin/ceph: stderr
2024-06-01T00:46:13.591+0000 7f6b25f4d640 1 --2- 172.21.15.79:0/915082221 >> [v2:172.21.15.79:6800/1904937508,v1:172.21.15.79:6801/1904937508] conn(0x7f6b0c0378b0 0x7f6b0c039d70 unknown :-1 s=CLOSED pgs=16 cs=0 l=1 rev1=1 crypto rx=0 tx=0 comp rx=0 tx=0).stop
2024-06-01T00:46:15.047 INFO:teuthology.orchestra.run.smithi079.stdout:/usr/bin/ceph: stderr
2024-06-01T00:46:13.591+0000 7f6b25f4d640 1 --2- 172.21.15.79:0/915082221 >> [v2:172.21.15.79:3300/0,v1:172.21.15.79:6789/0] conn(0x7f6b20105c20 0x7f6b201998d0 unknown :-1 s=CLOSED pgs=54 cs=0 l=1 rev1=1 crypto rx=0 tx=0 comp rx=0 tx=0).stop
2024-06-01T00:46:15.047 INFO:teuthology.orchestra.run.smithi079.stdout:/usr/bin/ceph: stderr
2024-06-01T00:46:13.591+0000 7f6b25f4d640 1 -- 172.21.15.79:0/915082221 >> 172.21.15.79:0/915082221 conn(0x7f6b201011a0 msgr2=0x7f6b20101c30 unknown :-1 s=STATE_NONE l=0).mark_down
2024-06-01T00:46:15.047 INFO:teuthology.orchestra.run.smithi079.stdout:/usr/bin/ceph: stderr
2024-06-01T00:46:13.591+0000 7f6b25f4d640 1 -- 172.21.15.79:0/915082221 shutdown_connections
2024-06-01T00:46:15.047 INFO:teuthology.orchestra.run.smithi079.stdout:/usr/bin/ceph: stderr
2024-06-01T00:46:13.591+0000 7f6b25f4d640 1 -- 172.21.15.79:0/915082221 wait complete.
2024-06-01T00:46:15.047 INFO:teuthology.orchestra.run.smithi079.stdout:Deploying grafana service with default placement...
2024-06-01T00:46:16.338 INFO:teuthology.orchestra.run.smithi079.stdout:/usr/bin/ceph: stdout Scheduled grafana update...
2024-06-01T00:46:16.339 INFO:teuthology.orchestra.run.smithi079.stdout:/usr/bin/ceph: stderr
2024-06-01T00:46:15.451+0000 7f4fc802f640 1 Processor -- start
2024-06-01T00:46:16.339 INFO:teuthology.orchestra.run.smithi079.stdout:/usr/bin/ceph: stderr
2024-06-01T00:46:15.451+0000 7f4fc802f640 1 -- start start
2024-06-01T00:46:16.339 INFO:teuthology.orchestra.run.smithi079.stdout:/usr/bin/ceph: stderr
2024-06-01T00:46:15.451+0000 7f4fc802f640 1 --2- >> [v2:172.21.15.79:3300/0,v1:172.21.15.79:6789/0] conn(0x7f4fc01066c0 0x7f4fc0108ab0 unknown :-1 s=NONE pgs=0 cs=0 l=0 rev1=0 crypto rx=0 tx=0 comp rx=0 tx=0).connect
2024-06-01T00:46:16.339 INFO:teuthology.orchestra.run.smithi079.stdout:/usr/bin/ceph: stderr
2024-06-01T00:46:15.451+0000 7f4fc802f640 1 -- --> [v2:172.21.15.79:3300/0,v1:172.21.15.79:6789/0] -- mon_getmap magic: 0 v1 -- 0x7f4fc0079e00 con 0x7f4fc01066c0
2024-06-01T00:46:16.339 INFO:teuthology.orchestra.run.smithi079.stdout:/usr/bin/ceph: stderr
2024-06-01T00:46:15.452+0000 7f4fc5dcb640 1 --2- >> [v2:172.21.15.79:3300/0,v1:172.21.15.79:6789/0] conn(0x7f4fc01066c0 0x7f4fc0108ab0 unknown :-1 s=BANNER_CONNECTING pgs=0 cs=0 l=0 rev1=0 crypto rx=0 tx=0 comp rx=0 tx=0)._handle_peer_banner_payload supported=3 required=0
2024-06-01T00:46:16.339 INFO:teuthology.orchestra.run.smithi079.stdout:/usr/bin/ceph: stderr
2024-06-01T00:46:15.452+0000 7f4fc5dcb640 1 --2- >> [v2:172.21.15.79:3300/0,v1:172.21.15.79:6789/0] conn(0x7f4fc01066c0 0x7f4fc0108ab0 unknown :-1 s=HELLO_CONNECTING pgs=0 cs=0 l=0 rev1=1 crypto rx=0 tx=0 comp rx=0 tx=0).handle_hello peer v2:172.21.15.79:3300/0 says I am v2:172.21.15.79:39594/0 (socket says 172.21.15.79:39594)
2024-06-01T00:46:16.340 INFO:teuthology.orchestra.run.smithi079.stdout:/usr/bin/ceph: stderr
2024-06-01T00:46:15.452+0000 7f4fc5dcb640 1 -- 172.21.15.79:0/3832022525 learned_addr learned my addr 172.21.15.79:0/3832022525 (peer_addr_for_me v2:172.21.15.79:0/0)
2024-06-01T00:46:16.340 INFO:teuthology.orchestra.run.smithi079.stdout:/usr/bin/ceph: stderr
2024-06-01T00:46:15.452+0000 7f4fc5dcb640 1 -- 172.21.15.79:0/3832022525 --> [v2:172.21.15.79:3300/0,v1:172.21.15.79:6789/0] -- mon_subscribe({config=0+,monmap=0+}) v3 -- 0x7f4fc0108ff0 con 0x7f4fc01066c0
2024-06-01T00:46:16.340 INFO:teuthology.orchestra.run.smithi079.stdout:/usr/bin/ceph: stderr
2024-06-01T00:46:15.453+0000 7f4fc5dcb640 1 --2- 172.21.15.79:0/3832022525 >> [v2:172.21.15.79:3300/0,v1:172.21.15.79:6789/0] conn(0x7f4fc01066c0 0x7f4fc0108ab0 secure :-1 s=READY pgs=55 cs=0 l=1 rev1=1 crypto rx=0x7f4fbc009820 tx=0x7f4fbc02a270 comp rx=0 tx=0).ready entity=mon.0 client_cookie=4e355c0d6988db39 server_cookie=0 in_seq=0 out_seq=0
2024-06-01T00:46:16.340 INFO:teuthology.orchestra.run.smithi079.stdout:/usr/bin/ceph: stderr
2024-06-01T00:46:15.453+0000 7f4fc4dc9640 1 -- 172.21.15.79:0/3832022525 <== mon.0 v2:172.21.15.79:3300/0 1 ==== mon_map magic: 0 v1 ==== 229+0+0 (secure 0 0 0) 0x7f4fbc02ad40 con 0x7f4fc01066c0
2024-06-01T00:46:16.340 INFO:teuthology.orchestra.run.smithi079.stdout:/usr/bin/ceph: stderr
2024-06-01T00:46:15.453+0000 7f4fc4dc9640 1 -- 172.21.15.79:0/3832022525 <== mon.0 v2:172.21.15.79:3300/0 2 ==== config(27 keys) v1 ==== 1109+0+0 (secure 0 0 0) 0x7f4fbc032900 con 0x7f4fc01066c0
2024-06-01T00:46:16.340 INFO:teuthology.orchestra.run.smithi079.stdout:/usr/bin/ceph: stderr
2024-06-01T00:46:15.453+0000 7f4fc4dc9640 1 -- 172.21.15.79:0/3832022525 <== mon.0 v2:172.21.15.79:3300/0 3 ==== mon_map magic: 0 v1 ==== 229+0+0 (secure 0 0 0) 0x7f4fbc030860 con 0x7f4fc01066c0
2024-06-01T00:46:16.341 INFO:teuthology.orchestra.run.smithi079.stdout:/usr/bin/ceph: stderr
2024-06-01T00:46:15.453+0000 7f4fc802f640 1 -- 172.21.15.79:0/3832022525 >> [v2:172.21.15.79:3300/0,v1:172.21.15.79:6789/0] conn(0x7f4fc01066c0 msgr2=0x7f4fc0108ab0 secure :-1 s=STATE_CONNECTION_ESTABLISHED l=1).mark_down
2024-06-01T00:46:16.341 INFO:teuthology.orchestra.run.smithi079.stdout:/usr/bin/ceph: stderr
2024-06-01T00:46:15.453+0000 7f4fc802f640 1 --2- 172.21.15.79:0/3832022525 >> [v2:172.21.15.79:3300/0,v1:172.21.15.79:6789/0] conn(0x7f4fc01066c0 0x7f4fc0108ab0 secure :-1 s=READY pgs=55 cs=0 l=1 rev1=1 crypto rx=0x7f4fbc009820 tx=0x7f4fbc02a270 comp rx=0 tx=0).stop
2024-06-01T00:46:16.341 INFO:teuthology.orchestra.run.smithi079.stdout:/usr/bin/ceph: stderr
2024-06-01T00:46:15.453+0000 7f4fc802f640 1 -- 172.21.15.79:0/3832022525 shutdown_connections
2024-06-01T00:46:16.341 INFO:teuthology.orchestra.run.smithi079.stdout:/usr/bin/ceph: stderr
2024-06-01T00:46:15.453+0000 7f4fc802f640 1 --2- 172.21.15.79:0/3832022525 >> [v2:172.21.15.79:3300/0,v1:172.21.15.79:6789/0] conn(0x7f4fc01066c0 0x7f4fc0108ab0 unknown :-1 s=CLOSED pgs=55 cs=0 l=1 rev1=1 crypto rx=0 tx=0 comp rx=0 tx=0).stop
2024-06-01T00:46:16.341 INFO:teuthology.orchestra.run.smithi079.stdout:/usr/bin/ceph: stderr
2024-06-01T00:46:15.453+0000 7f4fc802f640 1 -- 172.21.15.79:0/3832022525 >> 172.21.15.79:0/3832022525 conn(0x7f4fc01000d0 msgr2=0x7f4fc01024f0 unknown :-1 s=STATE_NONE l=0).mark_down
2024-06-01T00:46:16.341 INFO:teuthology.orchestra.run.smithi079.stdout:/usr/bin/ceph: stderr
2024-06-01T00:46:15.454+0000 7f4fc802f640 1 -- 172.21.15.79:0/3832022525 shutdown_connections
2024-06-01T00:46:16.342 INFO:teuthology.orchestra.run.smithi079.stdout:/usr/bin/ceph: stderr
2024-06-01T00:46:15.454+0000 7f4fc802f640 1 -- 172.21.15.79:0/3832022525 wait complete.
2024-06-01T00:46:16.342 INFO:teuthology.orchestra.run.smithi079.stdout:/usr/bin/ceph: stderr
2024-06-01T00:46:15.454+0000 7f4fc802f640 1 Processor -- start
2024-06-01T00:46:16.342 INFO:teuthology.orchestra.run.smithi079.stdout:/usr/bin/ceph: stderr
2024-06-01T00:46:15.454+0000 7f4fc802f640 1 -- start start
2024-06-01T00:46:16.342 INFO:teuthology.orchestra.run.smithi079.stdout:/usr/bin/ceph: stderr
2024-06-01T00:46:15.454+0000 7f4fc802f640 1 --2- >> [v2:172.21.15.79:3300/0,v1:172.21.15.79:6789/0] conn(0x7f4fc01066c0 0x7f4fc0105ef0 unknown :-1 s=NONE pgs=0 cs=0 l=1 rev1=0 crypto rx=0 tx=0 comp rx=0 tx=0).connect
2024-06-01T00:46:16.342 INFO:teuthology.orchestra.run.smithi079.stdout:/usr/bin/ceph: stderr
2024-06-01T00:46:15.454+0000 7f4fc802f640 1 -- --> [v2:172.21.15.79:3300/0,v1:172.21.15.79:6789/0] -- mon_getmap magic: 0 v1 -- 0x7f4fc0106430 con 0x7f4fc01066c0
2024-06-01T00:46:16.344 INFO:teuthology.orchestra.run.smithi079.stdout:/usr/bin/ceph: stderr
2024-06-01T00:46:15.454+0000 7f4fc5dcb640 1 --2- >> [v2:172.21.15.79:3300/0,v1:172.21.15.79:6789/0] conn(0x7f4fc01066c0 0x7f4fc0105ef0 unknown :-1 s=BANNER_CONNECTING pgs=0 cs=0 l=1 rev1=0 crypto rx=0 tx=0 comp rx=0 tx=0)._handle_peer_banner_payload supported=3 required=0
2024-06-01T00:46:16.344 INFO:teuthology.orchestra.run.smithi079.stdout:/usr/bin/ceph: stderr
2024-06-01T00:46:15.454+0000 7f4fc5dcb640 1 --2- >> [v2:172.21.15.79:3300/0,v1:172.21.15.79:6789/0] conn(0x7f4fc01066c0 0x7f4fc0105ef0 unknown :-1 s=HELLO_CONNECTING pgs=0 cs=0 l=1 rev1=1 crypto rx=0 tx=0 comp rx=0 tx=0).handle_hello peer v2:172.21.15.79:3300/0 says I am v2:172.21.15.79:39606/0 (socket says 172.21.15.79:39606)
2024-06-01T00:46:16.344 INFO:teuthology.orchestra.run.smithi079.stdout:/usr/bin/ceph: stderr
2024-06-01T00:46:15.454+0000 7f4fc5dcb640 1 -- 172.21.15.79:0/847040147 learned_addr learned my addr 172.21.15.79:0/847040147 (peer_addr_for_me v2:172.21.15.79:0/0)
2024-06-01T00:46:16.344 INFO:teuthology.orchestra.run.smithi079.stdout:/usr/bin/ceph: stderr
2024-06-01T00:46:15.455+0000 7f4fc5dcb640 1 -- 172.21.15.79:0/847040147 --> [v2:172.21.15.79:3300/0,v1:172.21.15.79:6789/0] -- mon_subscribe({config=0+,monmap=0+}) v3 -- 0x7f4fbc0094d0 con 0x7f4fc01066c0
2024-06-01T00:46:16.345 INFO:teuthology.orchestra.run.smithi079.stdout:/usr/bin/ceph: stderr
2024-06-01T00:46:15.455+0000 7f4fc5dcb640 1 --2- 172.21.15.79:0/847040147 >> [v2:172.21.15.79:3300/0,v1:172.21.15.79:6789/0] conn(0x7f4fc01066c0 0x7f4fc0105ef0 secure :-1 s=READY pgs=56 cs=0 l=1 rev1=1 crypto rx=0x7f4fbc0097f0 tx=0x7f4fbc030e20 comp rx=0 tx=0).ready entity=mon.0 client_cookie=0 server_cookie=0 in_seq=0 out_seq=0
2024-06-01T00:46:16.345 INFO:teuthology.orchestra.run.smithi079.stdout:/usr/bin/ceph: stderr
2024-06-01T00:46:15.455+0000 7f4fb2ffd640 1 -- 172.21.15.79:0/847040147 <== mon.0 v2:172.21.15.79:3300/0 1 ==== mon_map magic: 0 v1 ==== 229+0+0 (secure 0 0 0) 0x7f4fbc032c80 con 0x7f4fc01066c0
2024-06-01T00:46:16.345 INFO:teuthology.orchestra.run.smithi079.stdout:/usr/bin/ceph: stderr
2024-06-01T00:46:15.455+0000 7f4fb2ffd640 1 -- 172.21.15.79:0/847040147 <== mon.0 v2:172.21.15.79:3300/0 2 ==== config(27 keys) v1 ==== 1109+0+0 (secure 0 0 0) 0x7f4fbc032de0 con 0x7f4fc01066c0
2024-06-01T00:46:16.345 INFO:teuthology.orchestra.run.smithi079.stdout:/usr/bin/ceph: stderr
2024-06-01T00:46:15.455+0000 7f4fc802f640 1 -- 172.21.15.79:0/847040147 --> [v2:172.21.15.79:3300/0,v1:172.21.15.79:6789/0] -- mon_subscribe({mgrmap=0+}) v3 -- 0x7f4fc0104670 con 0x7f4fc01066c0
2024-06-01T00:46:16.345 INFO:teuthology.orchestra.run.smithi079.stdout:/usr/bin/ceph: stderr
2024-06-01T00:46:15.455+0000 7f4fb2ffd640 1 -- 172.21.15.79:0/847040147 <== mon.0 v2:172.21.15.79:3300/0 3 ==== mon_map magic: 0 v1 ==== 229+0+0 (secure 0 0 0) 0x7f4fbc03a7c0 con 0x7f4fc01066c0
2024-06-01T00:46:16.345 INFO:teuthology.orchestra.run.smithi079.stdout:/usr/bin/ceph: stderr
2024-06-01T00:46:15.455+0000 7f4fc802f640 1 -- 172.21.15.79:0/847040147 --> [v2:172.21.15.79:3300/0,v1:172.21.15.79:6789/0] -- mon_subscribe({osdmap=0}) v3 -- 0x7f4fc0104b10 con 0x7f4fc01066c0
2024-06-01T00:46:16.346 INFO:teuthology.orchestra.run.smithi079.stdout:/usr/bin/ceph: stderr
2024-06-01T00:46:15.456+0000 7f4fb2ffd640 1 -- 172.21.15.79:0/847040147 <== mon.0 v2:172.21.15.79:3300/0 4 ==== mgrmap(e 8) v1 ==== 44866+0+0 (secure 0 0 0) 0x7f4fbc03a9c0 con 0x7f4fc01066c0
2024-06-01T00:46:16.346 INFO:teuthology.orchestra.run.smithi079.stdout:/usr/bin/ceph: stderr
2024-06-01T00:46:15.456+0000 7f4fb2ffd640 1 --2- 172.21.15.79:0/847040147 >> [v2:172.21.15.79:6800/1904937508,v1:172.21.15.79:6801/1904937508] conn(0x7f4fac037860 0x7f4fac039d20 unknown :-1 s=NONE pgs=0 cs=0 l=1 rev1=0 crypto rx=0 tx=0 comp rx=0 tx=0).connect
2024-06-01T00:46:16.346 INFO:teuthology.orchestra.run.smithi079.stdout:/usr/bin/ceph: stderr
2024-06-01T00:46:15.456+0000 7f4fb2ffd640 1 -- 172.21.15.79:0/847040147 <== mon.0 v2:172.21.15.79:3300/0 5 ==== osd_map(2..2 src has 1..2) v4 ==== 940+0+0 (secure 0 0 0) 0x7f4fbc06b8e0 con 0x7f4fc01066c0
2024-06-01T00:46:16.346 INFO:teuthology.orchestra.run.smithi079.stdout:/usr/bin/ceph: stderr
2024-06-01T00:46:15.456+0000 7f4fc55ca640 1 --2- 172.21.15.79:0/847040147 >> [v2:172.21.15.79:6800/1904937508,v1:172.21.15.79:6801/1904937508] conn(0x7f4fac037860 0x7f4fac039d20 unknown :-1 s=BANNER_CONNECTING pgs=0 cs=0 l=1 rev1=0 crypto rx=0 tx=0 comp rx=0 tx=0)._handle_peer_banner_payload supported=3 required=0
2024-06-01T00:46:16.346 INFO:teuthology.orchestra.run.smithi079.stdout:/usr/bin/ceph: stderr
2024-06-01T00:46:15.456+0000 7f4fc802f640 1 -- 172.21.15.79:0/847040147 --> [v2:172.21.15.79:3300/0,v1:172.21.15.79:6789/0] -- mon_command({"prefix": "get_command_descriptions"} v 0) v1 -- 0x7f4fc0061ae0 con 0x7f4fc01066c0
2024-06-01T00:46:16.346 INFO:teuthology.orchestra.run.smithi079.stdout:/usr/bin/ceph: stderr
2024-06-01T00:46:15.457+0000 7f4fc55ca640 1 --2- 172.21.15.79:0/847040147 >> [v2:172.21.15.79:6800/1904937508,v1:172.21.15.79:6801/1904937508] conn(0x7f4fac037860 0x7f4fac039d20 secure :-1 s=READY pgs=17 cs=0 l=1 rev1=1 crypto rx=0x7f4fb40098c0 tx=0x7f4fb4006db0 comp rx=0 tx=0).ready entity=mgr.14118 client_cookie=0 server_cookie=0 in_seq=0 out_seq=0
2024-06-01T00:46:16.347 INFO:teuthology.orchestra.run.smithi079.stdout:/usr/bin/ceph: stderr
2024-06-01T00:46:15.461+0000 7f4fb2ffd640 1 -- 172.21.15.79:0/847040147 <== mon.0 v2:172.21.15.79:3300/0 6 ==== mon_command_ack([{"prefix": "get_command_descriptions"}]=0 v0) v1 ==== 72+0+182498 (secure 0 0 0) 0x7f4fbc039d50 con 0x7f4fc01066c0
2024-06-01T00:46:16.347 INFO:teuthology.orchestra.run.smithi079.stdout:/usr/bin/ceph: stderr
2024-06-01T00:46:15.651+0000 7f4fc802f640 1 -- 172.21.15.79:0/847040147 --> [v2:172.21.15.79:6800/1904937508,v1:172.21.15.79:6801/1904937508] -- mgr_command(tid 0: {"prefix": "orch apply", "service_type": "grafana", "target": ["mon-mgr", ""]}) v1 -- 0x7f4fc0104fb0 con 0x7f4fac037860
2024-06-01T00:46:16.347 INFO:teuthology.orchestra.run.smithi079.stdout:/usr/bin/ceph: stderr
2024-06-01T00:46:15.655+0000 7f4fb2ffd640 1 -- 172.21.15.79:0/847040147 <== mgr.14118 v2:172.21.15.79:6800/1904937508 1 ==== mgr_command_reply(tid 0: 0 ) v1 ==== 8+0+28 (secure 0 0 0) 0x7f4fc0104fb0 con 0x7f4fac037860
2024-06-01T00:46:16.348 INFO:teuthology.orchestra.run.smithi079.stdout:/usr/bin/ceph: stderr
2024-06-01T00:46:15.657+0000 7f4fc802f640 1 -- 172.21.15.79:0/847040147 >> [v2:172.21.15.79:6800/1904937508,v1:172.21.15.79:6801/1904937508] conn(0x7f4fac037860 msgr2=0x7f4fac039d20 secure :-1 s=STATE_CONNECTION_ESTABLISHED l=1).mark_down
2024-06-01T00:46:16.348 INFO:teuthology.orchestra.run.smithi079.stdout:/usr/bin/ceph: stderr
2024-06-01T00:46:15.657+0000 7f4fc802f640 1 --2- 172.21.15.79:0/847040147 >> [v2:172.21.15.79:6800/1904937508,v1:172.21.15.79:6801/1904937508] conn(0x7f4fac037860 0x7f4fac039d20 secure :-1 s=READY pgs=17 cs=0 l=1 rev1=1 crypto rx=0x7f4fb40098c0 tx=0x7f4fb4006db0 comp rx=0 tx=0).stop
2024-06-01T00:46:16.348 INFO:teuthology.orchestra.run.smithi079.stdout:/usr/bin/ceph: stderr
2024-06-01T00:46:15.657+0000 7f4fc802f640 1 -- 172.21.15.79:0/847040147 >> [v2:172.21.15.79:3300/0,v1:172.21.15.79:6789/0] conn(0x7f4fc01066c0 msgr2=0x7f4fc0105ef0 secure :-1 s=STATE_CONNECTION_ESTABLISHED l=1).mark_down
2024-06-01T00:46:16.348 INFO:teuthology.orchestra.run.smithi079.stdout:/usr/bin/ceph: stderr
2024-06-01T00:46:15.657+0000 7f4fc802f640 1 --2- 172.21.15.79:0/847040147 >> [v2:172.21.15.79:3300/0,v1:172.21.15.79:6789/0] conn(0x7f4fc01066c0 0x7f4fc0105ef0 secure :-1 s=READY pgs=56 cs=0 l=1 rev1=1 crypto rx=0x7f4fbc0097f0 tx=0x7f4fbc030e20 comp rx=0 tx=0).stop
2024-06-01T00:46:16.348 INFO:teuthology.orchestra.run.smithi079.stdout:/usr/bin/ceph: stderr
2024-06-01T00:46:15.657+0000 7f4fc802f640 1 -- 172.21.15.79:0/847040147 shutdown_connections
2024-06-01T00:46:16.349 INFO:teuthology.orchestra.run.smithi079.stdout:/usr/bin/ceph: stderr
2024-06-01T00:46:15.657+0000 7f4fc802f640 1 --2- 172.21.15.79:0/847040147 >> [v2:172.21.15.79:6800/1904937508,v1:172.21.15.79:6801/1904937508] conn(0x7f4fac037860 0x7f4fac039d20 unknown :-1 s=CLOSED pgs=17 cs=0 l=1 rev1=1 crypto rx=0 tx=0 comp rx=0 tx=0).stop
2024-06-01T00:46:16.349 INFO:teuthology.orchestra.run.smithi079.stdout:/usr/bin/ceph: stderr
2024-06-01T00:46:15.657+0000 7f4fc802f640 1 --2- 172.21.15.79:0/847040147 >> [v2:172.21.15.79:3300/0,v1:172.21.15.79:6789/0] conn(0x7f4fc01066c0 0x7f4fc0105ef0 unknown :-1 s=CLOSED pgs=56 cs=0 l=1 rev1=1 crypto rx=0 tx=0 comp rx=0 tx=0).stop
2024-06-01T00:46:16.349 INFO:teuthology.orchestra.run.smithi079.stdout:/usr/bin/ceph: stderr
2024-06-01T00:46:15.657+0000 7f4fc802f640 1 -- 172.21.15.79:0/847040147 >> 172.21.15.79:0/847040147 conn(0x7f4fc01000d0 msgr2=0x7f4fc0100b00 unknown :-1 s=STATE_NONE l=0).mark_down
2024-06-01T00:46:16.349 INFO:teuthology.orchestra.run.smithi079.stdout:/usr/bin/ceph: stderr
2024-06-01T00:46:15.658+0000 7f4fc802f640 1 -- 172.21.15.79:0/847040147 shutdown_connections
2024-06-01T00:46:16.349 INFO:teuthology.orchestra.run.smithi079.stdout:/usr/bin/ceph: stderr
2024-06-01T00:46:15.658+0000 7f4fc802f640 1 -- 172.21.15.79:0/847040147 wait complete.
2024-06-01T00:46:16.349 INFO:teuthology.orchestra.run.smithi079.stdout:Deploying node-exporter service with default placement...
2024-06-01T00:46:16.858 INFO:journalctl@ceph.mon.smithi079.smithi079.stdout:Jun 01 00:46:16 smithi079 ceph-mon[29356]: from='client.14150 -' entity='client.admin' cmd=[{"prefix": "orch apply", "service_type": "grafana", "target": ["mon-mgr", ""]}]: dispatch
2024-06-01T00:46:16.858 INFO:journalctl@ceph.mon.smithi079.smithi079.stdout:Jun 01 00:46:16 smithi079 ceph-mon[29356]: Saving service grafana spec with placement count:1
2024-06-01T00:46:16.858 INFO:journalctl@ceph.mon.smithi079.smithi079.stdout:Jun 01 00:46:16 smithi079 ceph-mon[29356]: from='mgr.14118 172.21.15.79:0/1136730099' entity='mgr.smithi079.emylav'
2024-06-01T00:46:16.858 INFO:journalctl@ceph.mon.smithi079.smithi079.stdout:Jun 01 00:46:16 smithi079 ceph-mon[29356]: pgmap v3: 0 pgs: ; 0 B data, 0 B used, 0 B / 0 B avail
2024-06-01T00:46:17.406 INFO:teuthology.orchestra.run.smithi079.stdout:/usr/bin/ceph: stdout Scheduled node-exporter update...
2024-06-01T00:46:17.406 INFO:teuthology.orchestra.run.smithi079.stdout:/usr/bin/ceph: stderr
2024-06-01T00:46:16.780+0000 7f4d682d4640 1 Processor -- start
2024-06-01T00:46:17.407 INFO:teuthology.orchestra.run.smithi079.stdout:/usr/bin/ceph: stderr
2024-06-01T00:46:16.780+0000 7f4d682d4640 1 -- start start
2024-06-01T00:46:17.407 INFO:teuthology.orchestra.run.smithi079.stdout:/usr/bin/ceph: stderr
2024-06-01T00:46:16.781+0000 7f4d682d4640 1 --2- >> [v2:172.21.15.79:3300/0,v1:172.21.15.79:6789/0] conn(0x7f4d601066e0 0x7f4d60108ad0 unknown :-1 s=NONE pgs=0 cs=0 l=0 rev1=0 crypto rx=0 tx=0 comp rx=0 tx=0).connect
2024-06-01T00:46:17.407 INFO:teuthology.orchestra.run.smithi079.stdout:/usr/bin/ceph: stderr
2024-06-01T00:46:16.781+0000 7f4d682d4640 1 -- --> [v2:172.21.15.79:3300/0,v1:172.21.15.79:6789/0] -- mon_getmap magic: 0 v1 -- 0x7f4d60079de0 con 0x7f4d601066e0
2024-06-01T00:46:17.407 INFO:teuthology.orchestra.run.smithi079.stdout:/usr/bin/ceph: stderr
2024-06-01T00:46:16.781+0000 7f4d66070640 1 --2- >> [v2:172.21.15.79:3300/0,v1:172.21.15.79:6789/0] conn(0x7f4d601066e0 0x7f4d60108ad0 unknown :-1 s=BANNER_CONNECTING pgs=0 cs=0 l=0 rev1=0 crypto rx=0 tx=0 comp rx=0 tx=0)._handle_peer_banner_payload supported=3 required=0
2024-06-01T00:46:17.407 INFO:teuthology.orchestra.run.smithi079.stdout:/usr/bin/ceph: stderr
2024-06-01T00:46:16.781+0000 7f4d66070640 1 --2- >> [v2:172.21.15.79:3300/0,v1:172.21.15.79:6789/0] conn(0x7f4d601066e0 0x7f4d60108ad0 unknown :-1 s=HELLO_CONNECTING pgs=0 cs=0 l=0 rev1=1 crypto rx=0 tx=0 comp rx=0 tx=0).handle_hello peer v2:172.21.15.79:3300/0 says I am v2:172.21.15.79:39612/0 (socket says 172.21.15.79:39612)
2024-06-01T00:46:17.407 INFO:teuthology.orchestra.run.smithi079.stdout:/usr/bin/ceph: stderr
2024-06-01T00:46:16.781+0000 7f4d66070640 1 -- 172.21.15.79:0/3371868123 learned_addr learned my addr 172.21.15.79:0/3371868123 (peer_addr_for_me v2:172.21.15.79:0/0)
2024-06-01T00:46:17.407 INFO:teuthology.orchestra.run.smithi079.stdout:/usr/bin/ceph: stderr
2024-06-01T00:46:16.781+0000 7f4d66070640 1 -- 172.21.15.79:0/3371868123 --> [v2:172.21.15.79:3300/0,v1:172.21.15.79:6789/0] -- mon_subscribe({config=0+,monmap=0+}) v3 -- 0x7f4d60109010 con 0x7f4d601066e0
2024-06-01T00:46:17.407 INFO:teuthology.orchestra.run.smithi079.stdout:/usr/bin/ceph: stderr
2024-06-01T00:46:16.782+0000 7f4d66070640 1 --2- 172.21.15.79:0/3371868123 >> [v2:172.21.15.79:3300/0,v1:172.21.15.79:6789/0] conn(0x7f4d601066e0 0x7f4d60108ad0 secure :-1 s=READY pgs=57 cs=0 l=1 rev1=1 crypto rx=0x7f4d5c009820 tx=0x7f4d5c02a270 comp rx=0 tx=0).ready entity=mon.0 client_cookie=25607dc6ae419884 server_cookie=0 in_seq=0 out_seq=0
2024-06-01T00:46:17.407 INFO:teuthology.orchestra.run.smithi079.stdout:/usr/bin/ceph: stderr
2024-06-01T00:46:16.782+0000 7f4d6506e640 1 -- 172.21.15.79:0/3371868123 <== mon.0 v2:172.21.15.79:3300/0 1 ==== mon_map magic: 0 v1 ==== 229+0+0 (secure 0 0 0) 0x7f4d5c02ad40 con 0x7f4d601066e0
2024-06-01T00:46:17.407 INFO:teuthology.orchestra.run.smithi079.stdout:/usr/bin/ceph: stderr
2024-06-01T00:46:16.782+0000 7f4d6506e640 1 -- 172.21.15.79:0/3371868123 <== mon.0 v2:172.21.15.79:3300/0 2 ==== config(27 keys) v1 ==== 1109+0+0 (secure 0 0 0) 0x7f4d5c032900 con 0x7f4d601066e0
2024-06-01T00:46:17.407 INFO:teuthology.orchestra.run.smithi079.stdout:/usr/bin/ceph: stderr
2024-06-01T00:46:16.782+0000 7f4d6506e640 1 -- 172.21.15.79:0/3371868123 <== mon.0 v2:172.21.15.79:3300/0 3 ==== mon_map magic: 0 v1 ==== 229+0+0 (secure 0 0 0) 0x7f4d5c030860 con 0x7f4d601066e0
2024-06-01T00:46:17.407 INFO:teuthology.orchestra.run.smithi079.stdout:/usr/bin/ceph: stderr
2024-06-01T00:46:16.783+0000 7f4d682d4640 1 -- 172.21.15.79:0/3371868123 >> [v2:172.21.15.79:3300/0,v1:172.21.15.79:6789/0] conn(0x7f4d601066e0 msgr2=0x7f4d60108ad0 secure :-1 s=STATE_CONNECTION_ESTABLISHED l=1).mark_down
2024-06-01T00:46:17.407 INFO:teuthology.orchestra.run.smithi079.stdout:/usr/bin/ceph: stderr
2024-06-01T00:46:16.783+0000 7f4d682d4640 1 --2- 172.21.15.79:0/3371868123 >> [v2:172.21.15.79:3300/0,v1:172.21.15.79:6789/0] conn(0x7f4d601066e0 0x7f4d60108ad0 secure :-1 s=READY pgs=57 cs=0 l=1 rev1=1 crypto rx=0x7f4d5c009820 tx=0x7f4d5c02a270 comp rx=0 tx=0).stop
2024-06-01T00:46:17.408 INFO:teuthology.orchestra.run.smithi079.stdout:/usr/bin/ceph: stderr
2024-06-01T00:46:16.783+0000 7f4d682d4640 1 -- 172.21.15.79:0/3371868123 shutdown_connections
2024-06-01T00:46:17.408 INFO:teuthology.orchestra.run.smithi079.stdout:/usr/bin/ceph: stderr
2024-06-01T00:46:16.783+0000 7f4d682d4640 1 --2- 172.21.15.79:0/3371868123 >> [v2:172.21.15.79:3300/0,v1:172.21.15.79:6789/0] conn(0x7f4d601066e0 0x7f4d60108ad0 unknown :-1 s=CLOSED pgs=57 cs=0 l=1 rev1=1 crypto rx=0 tx=0 comp rx=0 tx=0).stop
2024-06-01T00:46:17.408 INFO:teuthology.orchestra.run.smithi079.stdout:/usr/bin/ceph: stderr
2024-06-01T00:46:16.783+0000 7f4d682d4640 1 -- 172.21.15.79:0/3371868123 >> 172.21.15.79:0/3371868123 conn(0x7f4d601000d0 msgr2=0x7f4d601024f0 unknown :-1 s=STATE_NONE l=0).mark_down
2024-06-01T00:46:17.408 INFO:teuthology.orchestra.run.smithi079.stdout:/usr/bin/ceph: stderr
2024-06-01T00:46:16.783+0000 7f4d682d4640 1 -- 172.21.15.79:0/3371868123 shutdown_connections
2024-06-01T00:46:17.408 INFO:teuthology.orchestra.run.smithi079.stdout:/usr/bin/ceph: stderr
2024-06-01T00:46:16.783+0000 7f4d682d4640 1 -- 172.21.15.79:0/3371868123 wait complete.
2024-06-01T00:46:17.408 INFO:teuthology.orchestra.run.smithi079.stdout:/usr/bin/ceph: stderr
2024-06-01T00:46:16.783+0000 7f4d682d4640 1 Processor -- start
2024-06-01T00:46:17.408 INFO:teuthology.orchestra.run.smithi079.stdout:/usr/bin/ceph: stderr
2024-06-01T00:46:16.783+0000 7f4d682d4640 1 -- start start
2024-06-01T00:46:17.408 INFO:teuthology.orchestra.run.smithi079.stdout:/usr/bin/ceph: stderr
2024-06-01T00:46:16.784+0000 7f4d682d4640 1 --2- >> [v2:172.21.15.79:3300/0,v1:172.21.15.79:6789/0] conn(0x7f4d601066e0 0x7f4d601998a0 unknown :-1 s=NONE pgs=0 cs=0 l=1 rev1=0 crypto rx=0 tx=0 comp rx=0 tx=0).connect
2024-06-01T00:46:17.408 INFO:teuthology.orchestra.run.smithi079.stdout:/usr/bin/ceph: stderr
2024-06-01T00:46:16.784+0000 7f4d682d4640 1 -- --> [v2:172.21.15.79:3300/0,v1:172.21.15.79:6789/0] -- mon_getmap magic: 0 v1 -- 0x7f4d60199de0 con 0x7f4d601066e0
2024-06-01T00:46:17.408 INFO:teuthology.orchestra.run.smithi079.stdout:/usr/bin/ceph: stderr
2024-06-01T00:46:16.784+0000 7f4d66070640 1 --2- >> [v2:172.21.15.79:3300/0,v1:172.21.15.79:6789/0] conn(0x7f4d601066e0 0x7f4d601998a0 unknown :-1 s=BANNER_CONNECTING pgs=0 cs=0 l=1 rev1=0 crypto rx=0 tx=0 comp rx=0 tx=0)._handle_peer_banner_payload supported=3 required=0
2024-06-01T00:46:17.408 INFO:teuthology.orchestra.run.smithi079.stdout:/usr/bin/ceph: stderr
2024-06-01T00:46:16.784+0000 7f4d66070640 1 --2- >> [v2:172.21.15.79:3300/0,v1:172.21.15.79:6789/0] conn(0x7f4d601066e0 0x7f4d601998a0 unknown :-1 s=HELLO_CONNECTING pgs=0 cs=0 l=1 rev1=1 crypto rx=0 tx=0 comp rx=0 tx=0).handle_hello peer v2:172.21.15.79:3300/0 says I am v2:172.21.15.79:39620/0 (socket says 172.21.15.79:39620)
2024-06-01T00:46:17.408 INFO:teuthology.orchestra.run.smithi079.stdout:/usr/bin/ceph: stderr
2024-06-01T00:46:16.784+0000 7f4d66070640 1 -- 172.21.15.79:0/4184214692 learned_addr learned my addr 172.21.15.79:0/4184214692 (peer_addr_for_me v2:172.21.15.79:0/0)
2024-06-01T00:46:17.408 INFO:teuthology.orchestra.run.smithi079.stdout:/usr/bin/ceph: stderr
2024-06-01T00:46:16.784+0000 7f4d66070640 1 -- 172.21.15.79:0/4184214692 --> [v2:172.21.15.79:3300/0,v1:172.21.15.79:6789/0] -- mon_subscribe({config=0+,monmap=0+}) v3 -- 0x7f4d5c0094d0 con 0x7f4d601066e0
2024-06-01T00:46:17.409 INFO:teuthology.orchestra.run.smithi079.stdout:/usr/bin/ceph: stderr
2024-06-01T00:46:16.784+0000 7f4d66070640 1 --2- 172.21.15.79:0/4184214692 >> [v2:172.21.15.79:3300/0,v1:172.21.15.79:6789/0] conn(0x7f4d601066e0 0x7f4d601998a0 secure :-1 s=READY pgs=58 cs=0 l=1 rev1=1 crypto rx=0x7f4d5c0097f0 tx=0x7f4d5c030e90 comp rx=0 tx=0).ready entity=mon.0 client_cookie=0 server_cookie=0 in_seq=0 out_seq=0
2024-06-01T00:46:17.409 INFO:teuthology.orchestra.run.smithi079.stdout:/usr/bin/ceph: stderr
2024-06-01T00:46:16.784+0000 7f4d537fe640 1 -- 172.21.15.79:0/4184214692 <== mon.0 v2:172.21.15.79:3300/0 1 ==== mon_map magic: 0 v1 ==== 229+0+0 (secure 0 0 0) 0x7f4d5c040070 con 0x7f4d601066e0
2024-06-01T00:46:17.409 INFO:teuthology.orchestra.run.smithi079.stdout:/usr/bin/ceph: stderr
2024-06-01T00:46:16.784+0000 7f4d682d4640 1 -- 172.21.15.79:0/4184214692 --> [v2:172.21.15.79:3300/0,v1:172.21.15.79:6789/0] -- mon_subscribe({mgrmap=0+}) v3 -- 0x7f4d60199fe0 con 0x7f4d601066e0
2024-06-01T00:46:17.409 INFO:teuthology.orchestra.run.smithi079.stdout:/usr/bin/ceph: stderr
2024-06-01T00:46:16.784+0000 7f4d537fe640 1 -- 172.21.15.79:0/4184214692 <== mon.0 v2:172.21.15.79:3300/0 2 ==== config(27 keys) v1 ==== 1109+0+0 (secure 0 0 0) 0x7f4d5c032dd0 con 0x7f4d601066e0
2024-06-01T00:46:17.409 INFO:teuthology.orchestra.run.smithi079.stdout:/usr/bin/ceph: stderr
2024-06-01T00:46:16.784+0000 7f4d537fe640 1 -- 172.21.15.79:0/4184214692 <== mon.0 v2:172.21.15.79:3300/0 3 ==== mon_map magic: 0 v1 ==== 229+0+0 (secure 0 0 0) 0x7f4d5c03a800 con 0x7f4d601066e0
2024-06-01T00:46:17.409 INFO:teuthology.orchestra.run.smithi079.stdout:/usr/bin/ceph: stderr
2024-06-01T00:46:16.784+0000 7f4d682d4640 1 -- 172.21.15.79:0/4184214692 --> [v2:172.21.15.79:3300/0,v1:172.21.15.79:6789/0] -- mon_subscribe({osdmap=0}) v3 -- 0x7f4d6019a480 con 0x7f4d601066e0
2024-06-01T00:46:17.409 INFO:teuthology.orchestra.run.smithi079.stdout:/usr/bin/ceph: stderr
2024-06-01T00:46:16.785+0000 7f4d537fe640 1 -- 172.21.15.79:0/4184214692 <== mon.0 v2:172.21.15.79:3300/0 4 ==== mgrmap(e 8) v1 ==== 44866+0+0 (secure 0 0 0) 0x7f4d5c03c400 con 0x7f4d601066e0
2024-06-01T00:46:17.409 INFO:teuthology.orchestra.run.smithi079.stdout:/usr/bin/ceph: stderr
2024-06-01T00:46:16.785+0000 7f4d682d4640 1 -- 172.21.15.79:0/4184214692 --> [v2:172.21.15.79:3300/0,v1:172.21.15.79:6789/0] -- mon_command({"prefix": "get_command_descriptions"} v 0) v1 -- 0x7f4d60109e10 con 0x7f4d601066e0
2024-06-01T00:46:17.409 INFO:teuthology.orchestra.run.smithi079.stdout:/usr/bin/ceph: stderr
2024-06-01T00:46:16.785+0000 7f4d537fe640 1 --2- 172.21.15.79:0/4184214692 >> [v2:172.21.15.79:6800/1904937508,v1:172.21.15.79:6801/1904937508] conn(0x7f4d4c037860 0x7f4d4c039d20 unknown :-1 s=NONE pgs=0 cs=0 l=1 rev1=0 crypto rx=0 tx=0 comp rx=0 tx=0).connect
2024-06-01T00:46:17.409 INFO:teuthology.orchestra.run.smithi079.stdout:/usr/bin/ceph: stderr
2024-06-01T00:46:16.785+0000 7f4d537fe640 1 -- 172.21.15.79:0/4184214692 <== mon.0 v2:172.21.15.79:3300/0 5 ==== osd_map(2..2 src has 1..2) v4 ==== 940+0+0 (secure 0 0 0) 0x7f4d5c06a530 con 0x7f4d601066e0
2024-06-01T00:46:17.409 INFO:teuthology.orchestra.run.smithi079.stdout:/usr/bin/ceph: stderr
2024-06-01T00:46:16.786+0000 7f4d6586f640 1 --2- 172.21.15.79:0/4184214692 >> [v2:172.21.15.79:6800/1904937508,v1:172.21.15.79:6801/1904937508] conn(0x7f4d4c037860 0x7f4d4c039d20 unknown :-1 s=BANNER_CONNECTING pgs=0 cs=0 l=1 rev1=0 crypto rx=0 tx=0 comp rx=0 tx=0)._handle_peer_banner_payload supported=3 required=0
2024-06-01T00:46:17.409 INFO:teuthology.orchestra.run.smithi079.stdout:/usr/bin/ceph: stderr
2024-06-01T00:46:16.786+0000 7f4d6586f640 1 --2- 172.21.15.79:0/4184214692 >> [v2:172.21.15.79:6800/1904937508,v1:172.21.15.79:6801/1904937508] conn(0x7f4d4c037860 0x7f4d4c039d20 secure :-1 s=READY pgs=18 cs=0 l=1 rev1=1 crypto rx=0x7f4d540098c0 tx=0x7f4d54006db0 comp rx=0 tx=0).ready entity=mgr.14118 client_cookie=0 server_cookie=0 in_seq=0 out_seq=0
2024-06-01T00:46:17.409 INFO:teuthology.orchestra.run.smithi079.stdout:/usr/bin/ceph: stderr
2024-06-01T00:46:16.790+0000 7f4d537fe640 1 -- 172.21.15.79:0/4184214692 <== mon.0 v2:172.21.15.79:3300/0 6 ==== mon_command_ack([{"prefix": "get_command_descriptions"}]=0 v0) v1 ==== 72+0+182498 (secure 0 0 0) 0x7f4d5c043ac0 con 0x7f4d601066e0
2024-06-01T00:46:17.410 INFO:teuthology.orchestra.run.smithi079.stdout:/usr/bin/ceph: stderr
2024-06-01T00:46:16.974+0000 7f4d682d4640 1 -- 172.21.15.79:0/4184214692 --> [v2:172.21.15.79:6800/1904937508,v1:172.21.15.79:6801/1904937508] -- mgr_command(tid 0: {"prefix": "orch apply", "service_type": "node-exporter", "target": ["mon-mgr", ""]}) v1 -- 0x7f4d60101240 con 0x7f4d4c037860
2024-06-01T00:46:17.410 INFO:teuthology.orchestra.run.smithi079.stdout:/usr/bin/ceph: stderr
2024-06-01T00:46:16.979+0000 7f4d537fe640 1 -- 172.21.15.79:0/4184214692 <== mgr.14118 v2:172.21.15.79:6800/1904937508 1 ==== mgr_command_reply(tid 0: 0 ) v1 ==== 8+0+34 (secure 0 0 0) 0x7f4d60101240 con 0x7f4d4c037860
2024-06-01T00:46:17.410 INFO:teuthology.orchestra.run.smithi079.stdout:/usr/bin/ceph: stderr
2024-06-01T00:46:16.981+0000 7f4d682d4640 1 -- 172.21.15.79:0/4184214692 >> [v2:172.21.15.79:6800/1904937508,v1:172.21.15.79:6801/1904937508] conn(0x7f4d4c037860 msgr2=0x7f4d4c039d20 secure :-1 s=STATE_CONNECTION_ESTABLISHED l=1).mark_down
2024-06-01T00:46:17.410 INFO:teuthology.orchestra.run.smithi079.stdout:/usr/bin/ceph: stderr
2024-06-01T00:46:16.981+0000 7f4d682d4640 1 --2- 172.21.15.79:0/4184214692 >> [v2:172.21.15.79:6800/1904937508,v1:172.21.15.79:6801/1904937508] conn(0x7f4d4c037860 0x7f4d4c039d20 secure :-1 s=READY pgs=18 cs=0 l=1 rev1=1 crypto rx=0x7f4d540098c0 tx=0x7f4d54006db0 comp rx=0 tx=0).stop
2024-06-01T00:46:17.410 INFO:teuthology.orchestra.run.smithi079.stdout:/usr/bin/ceph: stderr
2024-06-01T00:46:16.981+0000 7f4d682d4640 1 -- 172.21.15.79:0/4184214692 >> [v2:172.21.15.79:3300/0,v1:172.21.15.79:6789/0] conn(0x7f4d601066e0 msgr2=0x7f4d601998a0 secure :-1 s=STATE_CONNECTION_ESTABLISHED l=1).mark_down
2024-06-01T00:46:17.410 INFO:teuthology.orchestra.run.smithi079.stdout:/usr/bin/ceph: stderr
2024-06-01T00:46:16.981+0000 7f4d682d4640 1 --2- 172.21.15.79:0/4184214692 >> [v2:172.21.15.79:3300/0,v1:172.21.15.79:6789/0] conn(0x7f4d601066e0 0x7f4d601998a0 secure :-1 s=READY pgs=58 cs=0 l=1 rev1=1 crypto rx=0x7f4d5c0097f0 tx=0x7f4d5c030e90 comp rx=0 tx=0).stop
2024-06-01T00:46:17.410 INFO:teuthology.orchestra.run.smithi079.stdout:/usr/bin/ceph: stderr
2024-06-01T00:46:16.982+0000 7f4d682d4640 1 -- 172.21.15.79:0/4184214692 shutdown_connections
2024-06-01T00:46:17.410 INFO:teuthology.orchestra.run.smithi079.stdout:/usr/bin/ceph: stderr
2024-06-01T00:46:16.982+0000 7f4d682d4640 1 --2- 172.21.15.79:0/4184214692 >> [v2:172.21.15.79:6800/1904937508,v1:172.21.15.79:6801/1904937508] conn(0x7f4d4c037860 0x7f4d4c039d20 unknown :-1 s=CLOSED pgs=18 cs=0 l=1 rev1=1 crypto rx=0 tx=0 comp rx=0 tx=0).stop
2024-06-01T00:46:17.410 INFO:teuthology.orchestra.run.smithi079.stdout:/usr/bin/ceph: stderr
2024-06-01T00:46:16.982+0000 7f4d682d4640 1 --2- 172.21.15.79:0/4184214692 >> [v2:172.21.15.79:3300/0,v1:172.21.15.79:6789/0] conn(0x7f4d601066e0 0x7f4d601998a0 unknown :-1 s=CLOSED pgs=58 cs=0 l=1 rev1=1 crypto rx=0 tx=0 comp rx=0 tx=0).stop
2024-06-01T00:46:17.410 INFO:teuthology.orchestra.run.smithi079.stdout:/usr/bin/ceph: stderr
2024-06-01T00:46:16.982+0000 7f4d682d4640 1 -- 172.21.15.79:0/4184214692 >> 172.21.15.79:0/4184214692 conn(0x7f4d601000d0 msgr2=0x7f4d60100b30 unknown :-1 s=STATE_NONE l=0).mark_down
2024-06-01T00:46:17.410 INFO:teuthology.orchestra.run.smithi079.stdout:/usr/bin/ceph: stderr
2024-06-01T00:46:16.982+0000 7f4d682d4640 1 -- 172.21.15.79:0/4184214692 shutdown_connections
2024-06-01T00:46:17.410 INFO:teuthology.orchestra.run.smithi079.stdout:/usr/bin/ceph: stderr
2024-06-01T00:46:16.982+0000 7f4d682d4640 1 -- 172.21.15.79:0/4184214692 wait complete.
2024-06-01T00:46:17.410 INFO:teuthology.orchestra.run.smithi079.stdout:Deploying alertmanager service with default placement...
2024-06-01T00:46:18.015 INFO:journalctl@ceph.mon.smithi079.smithi079.stdout:Jun 01 00:46:17 smithi079 ceph-mon[29356]: from='client.14152 -' entity='client.admin' cmd=[{"prefix": "orch apply", "service_type": "node-exporter", "target": ["mon-mgr", ""]}]: dispatch
2024-06-01T00:46:18.016 INFO:journalctl@ceph.mon.smithi079.smithi079.stdout:Jun 01 00:46:17 smithi079 ceph-mon[29356]: Saving service node-exporter spec with placement *
2024-06-01T00:46:18.016 INFO:journalctl@ceph.mon.smithi079.smithi079.stdout:Jun 01 00:46:17 smithi079 ceph-mon[29356]: from='mgr.14118 172.21.15.79:0/1136730099' entity='mgr.smithi079.emylav'
2024-06-01T00:46:18.579 INFO:teuthology.orchestra.run.smithi079.stdout:/usr/bin/ceph: stdout Scheduled alertmanager update...
2024-06-01T00:46:18.579 INFO:teuthology.orchestra.run.smithi079.stdout:/usr/bin/ceph: stderr
2024-06-01T00:46:17.820+0000 7fed47063640 1 Processor -- start
2024-06-01T00:46:18.579 INFO:teuthology.orchestra.run.smithi079.stdout:/usr/bin/ceph: stderr
2024-06-01T00:46:17.820+0000 7fed47063640 1 -- start start
2024-06-01T00:46:18.580 INFO:teuthology.orchestra.run.smithi079.stdout:/usr/bin/ceph: stderr
2024-06-01T00:46:17.820+0000 7fed47063640 1 --2- >> [v2:172.21.15.79:3300/0,v1:172.21.15.79:6789/0] conn(0x7fed40105c40 0x7fed40106060 unknown :-1 s=NONE pgs=0 cs=0 l=0 rev1=0 crypto rx=0 tx=0 comp rx=0 tx=0).connect
2024-06-01T00:46:18.580 INFO:teuthology.orchestra.run.smithi079.stdout:/usr/bin/ceph: stderr
2024-06-01T00:46:17.820+0000 7fed47063640 1 -- --> [v2:172.21.15.79:3300/0,v1:172.21.15.79:6789/0] -- mon_getmap magic: 0 v1 -- 0x7fed40106630 con 0x7fed40105c40
2024-06-01T00:46:18.580 INFO:teuthology.orchestra.run.smithi079.stdout:/usr/bin/ceph: stderr
2024-06-01T00:46:17.821+0000 7fed44dff640 1 --2- >> [v2:172.21.15.79:3300/0,v1:172.21.15.79:6789/0] conn(0x7fed40105c40 0x7fed40106060 unknown :-1 s=BANNER_CONNECTING pgs=0 cs=0 l=0 rev1=0 crypto rx=0 tx=0 comp rx=0 tx=0)._handle_peer_banner_payload supported=3 required=0
2024-06-01T00:46:18.580 INFO:teuthology.orchestra.run.smithi079.stdout:/usr/bin/ceph: stderr
2024-06-01T00:46:17.821+0000 7fed44dff640 1 --2- >> [v2:172.21.15.79:3300/0,v1:172.21.15.79:6789/0] conn(0x7fed40105c40 0x7fed40106060 unknown :-1 s=HELLO_CONNECTING pgs=0 cs=0 l=0 rev1=1 crypto rx=0 tx=0 comp rx=0 tx=0).handle_hello peer v2:172.21.15.79:3300/0 says I am v2:172.21.15.79:39622/0 (socket says 172.21.15.79:39622)
2024-06-01T00:46:18.580 INFO:teuthology.orchestra.run.smithi079.stdout:/usr/bin/ceph: stderr
2024-06-01T00:46:17.821+0000 7fed44dff640 1 -- 172.21.15.79:0/176150709 learned_addr learned my addr 172.21.15.79:0/176150709 (peer_addr_for_me v2:172.21.15.79:0/0)
2024-06-01T00:46:18.580 INFO:teuthology.orchestra.run.smithi079.stdout:/usr/bin/ceph: stderr
2024-06-01T00:46:17.821+0000 7fed44dff640 1 -- 172.21.15.79:0/176150709 --> [v2:172.21.15.79:3300/0,v1:172.21.15.79:6789/0] -- mon_subscribe({config=0+,monmap=0+}) v3 -- 0x7fed40106e40 con 0x7fed40105c40
2024-06-01T00:46:18.580 INFO:teuthology.orchestra.run.smithi079.stdout:/usr/bin/ceph: stderr
2024-06-01T00:46:17.822+0000 7fed44dff640 1 --2- 172.21.15.79:0/176150709 >> [v2:172.21.15.79:3300/0,v1:172.21.15.79:6789/0] conn(0x7fed40105c40 0x7fed40106060 secure :-1 s=READY pgs=59 cs=0 l=1 rev1=1 crypto rx=0x7fed34009820 tx=0x7fed3402a270 comp rx=0 tx=0).ready entity=mon.0 client_cookie=52032cdc54e127f6 server_cookie=0 in_seq=0 out_seq=0
2024-06-01T00:46:18.580 INFO:teuthology.orchestra.run.smithi079.stdout:/usr/bin/ceph: stderr
2024-06-01T00:46:17.822+0000 7fed3f7fe640 1 -- 172.21.15.79:0/176150709 <== mon.0 v2:172.21.15.79:3300/0 1 ==== mon_map magic: 0 v1 ==== 229+0+0 (secure 0 0 0) 0x7fed3402ad40 con 0x7fed40105c40
2024-06-01T00:46:18.580 INFO:teuthology.orchestra.run.smithi079.stdout:/usr/bin/ceph: stderr
2024-06-01T00:46:17.822+0000 7fed3f7fe640 1 -- 172.21.15.79:0/176150709 <== mon.0 v2:172.21.15.79:3300/0 2 ==== config(27 keys) v1 ==== 1109+0+0 (secure 0 0 0) 0x7fed34032900 con 0x7fed40105c40
2024-06-01T00:46:18.580 INFO:teuthology.orchestra.run.smithi079.stdout:/usr/bin/ceph: stderr
2024-06-01T00:46:17.822+0000 7fed3f7fe640 1 -- 172.21.15.79:0/176150709 <== mon.0 v2:172.21.15.79:3300/0 3 ==== mon_map magic: 0 v1 ==== 229+0+0 (secure 0 0 0) 0x7fed34030860 con 0x7fed40105c40
2024-06-01T00:46:18.580 INFO:teuthology.orchestra.run.smithi079.stdout:/usr/bin/ceph: stderr
2024-06-01T00:46:17.822+0000 7fed47063640 1 -- 172.21.15.79:0/176150709 >> [v2:172.21.15.79:3300/0,v1:172.21.15.79:6789/0] conn(0x7fed40105c40 msgr2=0x7fed40106060 secure :-1 s=STATE_CONNECTION_ESTABLISHED l=1).mark_down
2024-06-01T00:46:18.581 INFO:teuthology.orchestra.run.smithi079.stdout:/usr/bin/ceph: stderr
2024-06-01T00:46:17.822+0000 7fed47063640 1 --2- 172.21.15.79:0/176150709 >> [v2:172.21.15.79:3300/0,v1:172.21.15.79:6789/0] conn(0x7fed40105c40 0x7fed40106060 secure :-1 s=READY pgs=59 cs=0 l=1 rev1=1 crypto rx=0x7fed34009820 tx=0x7fed3402a270 comp rx=0 tx=0).stop
2024-06-01T00:46:18.581 INFO:teuthology.orchestra.run.smithi079.stdout:/usr/bin/ceph: stderr
2024-06-01T00:46:17.823+0000 7fed47063640 1 -- 172.21.15.79:0/176150709 shutdown_connections
2024-06-01T00:46:18.581 INFO:teuthology.orchestra.run.smithi079.stdout:/usr/bin/ceph: stderr
2024-06-01T00:46:17.823+0000 7fed47063640 1 --2- 172.21.15.79:0/176150709 >> [v2:172.21.15.79:3300/0,v1:172.21.15.79:6789/0] conn(0x7fed40105c40 0x7fed40106060 unknown :-1 s=CLOSED pgs=59 cs=0 l=1 rev1=1 crypto rx=0 tx=0 comp rx=0 tx=0).stop
2024-06-01T00:46:18.581 INFO:teuthology.orchestra.run.smithi079.stdout:/usr/bin/ceph: stderr
2024-06-01T00:46:17.823+0000 7fed47063640 1 -- 172.21.15.79:0/176150709 >> 172.21.15.79:0/176150709 conn(0x7fed401011c0 msgr2=0x7fed40103620 unknown :-1 s=STATE_NONE l=0).mark_down
2024-06-01T00:46:18.581 INFO:teuthology.orchestra.run.smithi079.stdout:/usr/bin/ceph: stderr
2024-06-01T00:46:17.823+0000 7fed47063640 1 -- 172.21.15.79:0/176150709 shutdown_connections
2024-06-01T00:46:18.581 INFO:teuthology.orchestra.run.smithi079.stdout:/usr/bin/ceph: stderr
2024-06-01T00:46:17.823+0000 7fed47063640 1 -- 172.21.15.79:0/176150709 wait complete.
2024-06-01T00:46:18.581 INFO:teuthology.orchestra.run.smithi079.stdout:/usr/bin/ceph: stderr
2024-06-01T00:46:17.823+0000 7fed47063640 1 Processor -- start
2024-06-01T00:46:18.581 INFO:teuthology.orchestra.run.smithi079.stdout:/usr/bin/ceph: stderr
2024-06-01T00:46:17.823+0000 7fed47063640 1 -- start start
2024-06-01T00:46:18.581 INFO:teuthology.orchestra.run.smithi079.stdout:/usr/bin/ceph: stderr
2024-06-01T00:46:17.823+0000 7fed47063640 1 --2- >> [v2:172.21.15.79:3300/0,v1:172.21.15.79:6789/0] conn(0x7fed40105c40 0x7fed401998a0 unknown :-1 s=NONE pgs=0 cs=0 l=1 rev1=0 crypto rx=0 tx=0 comp rx=0 tx=0).connect
2024-06-01T00:46:18.581 INFO:teuthology.orchestra.run.smithi079.stdout:/usr/bin/ceph: stderr
2024-06-01T00:46:17.823+0000 7fed47063640 1 -- --> [v2:172.21.15.79:3300/0,v1:172.21.15.79:6789/0] -- mon_getmap magic: 0 v1 -- 0x7fed40199de0 con 0x7fed40105c40
2024-06-01T00:46:18.581 INFO:teuthology.orchestra.run.smithi079.stdout:/usr/bin/ceph: stderr
2024-06-01T00:46:17.823+0000 7fed44dff640 1 --2- >> [v2:172.21.15.79:3300/0,v1:172.21.15.79:6789/0] conn(0x7fed40105c40 0x7fed401998a0 unknown :-1 s=BANNER_CONNECTING pgs=0 cs=0 l=1 rev1=0 crypto rx=0 tx=0 comp rx=0 tx=0)._handle_peer_banner_payload supported=3 required=0
2024-06-01T00:46:18.582 INFO:teuthology.orchestra.run.smithi079.stdout:/usr/bin/ceph: stderr
2024-06-01T00:46:17.823+0000 7fed44dff640 1 --2- >> [v2:172.21.15.79:3300/0,v1:172.21.15.79:6789/0] conn(0x7fed40105c40 0x7fed401998a0 unknown :-1 s=HELLO_CONNECTING pgs=0 cs=0 l=1 rev1=1 crypto rx=0 tx=0 comp rx=0 tx=0).handle_hello peer v2:172.21.15.79:3300/0 says I am v2:172.21.15.79:39636/0 (socket says 172.21.15.79:39636)
2024-06-01T00:46:18.582 INFO:teuthology.orchestra.run.smithi079.stdout:/usr/bin/ceph: stderr
2024-06-01T00:46:17.823+0000 7fed44dff640 1 -- 172.21.15.79:0/1492923357 learned_addr learned my addr 172.21.15.79:0/1492923357 (peer_addr_for_me v2:172.21.15.79:0/0)
2024-06-01T00:46:18.582 INFO:teuthology.orchestra.run.smithi079.stdout:/usr/bin/ceph: stderr
2024-06-01T00:46:17.824+0000 7fed44dff640 1 -- 172.21.15.79:0/1492923357 --> [v2:172.21.15.79:3300/0,v1:172.21.15.79:6789/0] -- mon_subscribe({config=0+,monmap=0+}) v3 -- 0x7fed340094d0 con 0x7fed40105c40
2024-06-01T00:46:18.582 INFO:teuthology.orchestra.run.smithi079.stdout:/usr/bin/ceph: stderr
2024-06-01T00:46:17.824+0000 7fed44dff640 1 --2- 172.21.15.79:0/1492923357 >> [v2:172.21.15.79:3300/0,v1:172.21.15.79:6789/0] conn(0x7fed40105c40 0x7fed401998a0 secure :-1 s=READY pgs=60 cs=0 l=1 rev1=1 crypto rx=0x7fed340097f0 tx=0x7fed34030e90 comp rx=0 tx=0).ready entity=mon.0 client_cookie=0 server_cookie=0 in_seq=0 out_seq=0
2024-06-01T00:46:18.582 INFO:teuthology.orchestra.run.smithi079.stdout:/usr/bin/ceph: stderr
2024-06-01T00:46:17.824+0000 7fed3dffb640 1 -- 172.21.15.79:0/1492923357 <== mon.0 v2:172.21.15.79:3300/0 1 ==== mon_map magic: 0 v1 ==== 229+0+0 (secure 0 0 0) 0x7fed34040070 con 0x7fed40105c40
2024-06-01T00:46:18.582 INFO:teuthology.orchestra.run.smithi079.stdout:/usr/bin/ceph: stderr
2024-06-01T00:46:17.824+0000 7fed47063640 1 -- 172.21.15.79:0/1492923357 --> [v2:172.21.15.79:3300/0,v1:172.21.15.79:6789/0] -- mon_subscribe({mgrmap=0+}) v3 -- 0x7fed40199fe0 con 0x7fed40105c40
2024-06-01T00:46:18.582 INFO:teuthology.orchestra.run.smithi079.stdout:/usr/bin/ceph: stderr
2024-06-01T00:46:17.824+0000 7fed3dffb640 1 -- 172.21.15.79:0/1492923357 <== mon.0 v2:172.21.15.79:3300/0 2 ==== config(27 keys) v1 ==== 1109+0+0 (secure 0 0 0) 0x7fed34032dd0 con 0x7fed40105c40
2024-06-01T00:46:18.582 INFO:teuthology.orchestra.run.smithi079.stdout:/usr/bin/ceph: stderr
2024-06-01T00:46:17.824+0000 7fed3dffb640 1 -- 172.21.15.79:0/1492923357 <== mon.0 v2:172.21.15.79:3300/0 3 ==== mon_map magic: 0 v1 ==== 229+0+0 (secure 0 0 0) 0x7fed3403a800 con 0x7fed40105c40
2024-06-01T00:46:18.582 INFO:teuthology.orchestra.run.smithi079.stdout:/usr/bin/ceph: stderr
2024-06-01T00:46:17.824+0000 7fed47063640 1 -- 172.21.15.79:0/1492923357 --> [v2:172.21.15.79:3300/0,v1:172.21.15.79:6789/0] -- mon_subscribe({osdmap=0}) v3 -- 0x7fed4019a480 con 0x7fed40105c40
2024-06-01T00:46:18.582 INFO:teuthology.orchestra.run.smithi079.stdout:/usr/bin/ceph: stderr
2024-06-01T00:46:17.825+0000 7fed3dffb640 1 -- 172.21.15.79:0/1492923357 <== mon.0 v2:172.21.15.79:3300/0 4 ==== mgrmap(e 8) v1 ==== 44866+0+0 (secure 0 0 0) 0x7fed3403a960 con 0x7fed40105c40
2024-06-01T00:46:18.582 INFO:teuthology.orchestra.run.smithi079.stdout:/usr/bin/ceph: stderr
2024-06-01T00:46:17.825+0000 7fed3dffb640 1 --2- 172.21.15.79:0/1492923357 >> [v2:172.21.15.79:6800/1904937508,v1:172.21.15.79:6801/1904937508] conn(0x7fed30037860 0x7fed30039d20 unknown :-1 s=NONE pgs=0 cs=0 l=1 rev1=0 crypto rx=0 tx=0 comp rx=0 tx=0).connect
2024-06-01T00:46:18.582 INFO:teuthology.orchestra.run.smithi079.stdout:/usr/bin/ceph: stderr
2024-06-01T00:46:17.825+0000 7fed3dffb640 1 -- 172.21.15.79:0/1492923357 <== mon.0 v2:172.21.15.79:3300/0 5 ==== osd_map(2..2 src has 1..2) v4 ==== 940+0+0 (secure 0 0 0) 0x7fed3406a540 con 0x7fed40105c40
2024-06-01T00:46:18.583 INFO:teuthology.orchestra.run.smithi079.stdout:/usr/bin/ceph: stderr
2024-06-01T00:46:17.825+0000 7fed47063640 1 -- 172.21.15.79:0/1492923357 --> [v2:172.21.15.79:3300/0,v1:172.21.15.79:6789/0] -- mon_command({"prefix": "get_command_descriptions"} v 0) v1 -- 0x7fed4010a070 con 0x7fed40105c40
2024-06-01T00:46:18.583 INFO:teuthology.orchestra.run.smithi079.stdout:/usr/bin/ceph: stderr
2024-06-01T00:46:17.825+0000 7fed3ffff640 1 --2- 172.21.15.79:0/1492923357 >> [v2:172.21.15.79:6800/1904937508,v1:172.21.15.79:6801/1904937508] conn(0x7fed30037860 0x7fed30039d20 unknown :-1 s=BANNER_CONNECTING pgs=0 cs=0 l=1 rev1=0 crypto rx=0 tx=0 comp rx=0 tx=0)._handle_peer_banner_payload supported=3 required=0
2024-06-01T00:46:18.583 INFO:teuthology.orchestra.run.smithi079.stdout:/usr/bin/ceph: stderr
2024-06-01T00:46:17.826+0000 7fed3ffff640 1 --2- 172.21.15.79:0/1492923357 >> [v2:172.21.15.79:6800/1904937508,v1:172.21.15.79:6801/1904937508] conn(0x7fed30037860 0x7fed30039d20 secure :-1 s=READY pgs=19 cs=0 l=1 rev1=1 crypto rx=0x7fed2c0098c0 tx=0x7fed2c006db0 comp rx=0 tx=0).ready entity=mgr.14118 client_cookie=0 server_cookie=0 in_seq=0 out_seq=0
2024-06-01T00:46:18.583 INFO:teuthology.orchestra.run.smithi079.stdout:/usr/bin/ceph: stderr
