2024-06-01T00:46:29.357+0000 7fb578b6b640 1 --2- 172.21.15.79:0/554158799 >> [v2:172.21.15.79:3300/0,v1:172.21.15.79:6789/0] conn(0x7fb574105020 0x7fb574105440 unknown :-1 s=CLOSED pgs=80 cs=0 l=1 rev1=1 crypto rx=0 tx=0 comp rx=0 tx=0).stop
2024-06-01T00:46:30.275 INFO:teuthology.orchestra.run.smithi079.stdout:/usr/bin/ceph: stderr
2024-06-01T00:46:29.357+0000 7fb578b6b640 1 -- 172.21.15.79:0/554158799 >> 172.21.15.79:0/554158799 conn(0x7fb5740ff820 msgr2=0x7fb574101c80 unknown :-1 s=STATE_NONE l=0).mark_down
2024-06-01T00:46:30.275 INFO:teuthology.orchestra.run.smithi079.stdout:/usr/bin/ceph: stderr
2024-06-01T00:46:29.357+0000 7fb578b6b640 1 -- 172.21.15.79:0/554158799 shutdown_connections
2024-06-01T00:46:30.275 INFO:teuthology.orchestra.run.smithi079.stdout:/usr/bin/ceph: stderr
2024-06-01T00:46:29.357+0000 7fb578b6b640 1 -- 172.21.15.79:0/554158799 wait complete.
2024-06-01T00:46:30.275 INFO:teuthology.orchestra.run.smithi079.stdout:/usr/bin/ceph: stderr
2024-06-01T00:46:29.358+0000 7fb578b6b640 1 Processor -- start
2024-06-01T00:46:30.275 INFO:teuthology.orchestra.run.smithi079.stdout:/usr/bin/ceph: stderr
2024-06-01T00:46:29.358+0000 7fb578b6b640 1 -- start start
2024-06-01T00:46:30.276 INFO:teuthology.orchestra.run.smithi079.stdout:/usr/bin/ceph: stderr
2024-06-01T00:46:29.358+0000 7fb578b6b640 1 --2- >> [v2:172.21.15.79:3300/0,v1:172.21.15.79:6789/0] conn(0x7fb574105020 0x7fb574198730 unknown :-1 s=NONE pgs=0 cs=0 l=1 rev1=0 crypto rx=0 tx=0 comp rx=0 tx=0).connect
2024-06-01T00:46:30.276 INFO:teuthology.orchestra.run.smithi079.stdout:/usr/bin/ceph: stderr
2024-06-01T00:46:29.358+0000 7fb578b6b640 1 -- --> [v2:172.21.15.79:3300/0,v1:172.21.15.79:6789/0] -- mon_getmap magic: 0 v1 -- 0x7fb574198c70 con 0x7fb574105020
2024-06-01T00:46:30.276 INFO:teuthology.orchestra.run.smithi079.stdout:/usr/bin/ceph: stderr
2024-06-01T00:46:29.358+0000 7fb57259c640 1 --2- >> [v2:172.21.15.79:3300/0,v1:172.21.15.79:6789/0] conn(0x7fb574105020 0x7fb574198730 unknown :-1 s=BANNER_CONNECTING pgs=0 cs=0 l=1 rev1=0 crypto rx=0 tx=0 comp rx=0 tx=0)._handle_peer_banner_payload supported=3 required=0
2024-06-01T00:46:30.276 INFO:teuthology.orchestra.run.smithi079.stdout:/usr/bin/ceph: stderr
2024-06-01T00:46:29.358+0000 7fb57259c640 1 --2- >> [v2:172.21.15.79:3300/0,v1:172.21.15.79:6789/0] conn(0x7fb574105020 0x7fb574198730 unknown :-1 s=HELLO_CONNECTING pgs=0 cs=0 l=1 rev1=1 crypto rx=0 tx=0 comp rx=0 tx=0).handle_hello peer v2:172.21.15.79:3300/0 says I am v2:172.21.15.79:36754/0 (socket says 172.21.15.79:36754)
2024-06-01T00:46:30.276 INFO:teuthology.orchestra.run.smithi079.stdout:/usr/bin/ceph: stderr
2024-06-01T00:46:29.358+0000 7fb57259c640 1 -- 172.21.15.79:0/1237746018 learned_addr learned my addr 172.21.15.79:0/1237746018 (peer_addr_for_me v2:172.21.15.79:0/0)
2024-06-01T00:46:30.276 INFO:teuthology.orchestra.run.smithi079.stdout:/usr/bin/ceph: stderr
2024-06-01T00:46:29.358+0000 7fb57259c640 1 -- 172.21.15.79:0/1237746018 --> [v2:172.21.15.79:3300/0,v1:172.21.15.79:6789/0] -- mon_subscribe({config=0+,monmap=0+}) v3 -- 0x7fb5640094d0 con 0x7fb574105020
2024-06-01T00:46:30.276 INFO:teuthology.orchestra.run.smithi079.stdout:/usr/bin/ceph: stderr
2024-06-01T00:46:29.359+0000 7fb57259c640 1 --2- 172.21.15.79:0/1237746018 >> [v2:172.21.15.79:3300/0,v1:172.21.15.79:6789/0] conn(0x7fb574105020 0x7fb574198730 secure :-1 s=READY pgs=81 cs=0 l=1 rev1=1 crypto rx=0x7fb564032670 tx=0x7fb5640326a0 comp rx=0 tx=0).ready entity=mon.0 client_cookie=0 server_cookie=0 in_seq=0 out_seq=0
2024-06-01T00:46:30.276 INFO:teuthology.orchestra.run.smithi079.stdout:/usr/bin/ceph: stderr
2024-06-01T00:46:29.359+0000 7fb5637fe640 1 -- 172.21.15.79:0/1237746018 <== mon.0 v2:172.21.15.79:3300/0 1 ==== mon_map magic: 0 v1 ==== 229+0+0 (secure 0 0 0) 0x7fb564032c80 con 0x7fb574105020
2024-06-01T00:46:30.276 INFO:teuthology.orchestra.run.smithi079.stdout:/usr/bin/ceph: stderr
2024-06-01T00:46:29.359+0000 7fb578b6b640 1 -- 172.21.15.79:0/1237746018 --> [v2:172.21.15.79:3300/0,v1:172.21.15.79:6789/0] -- mon_subscribe({mgrmap=0+}) v3 -- 0x7fb574198e70 con 0x7fb574105020
2024-06-01T00:46:30.276 INFO:teuthology.orchestra.run.smithi079.stdout:/usr/bin/ceph: stderr
2024-06-01T00:46:29.359+0000 7fb5637fe640 1 -- 172.21.15.79:0/1237746018 <== mon.0 v2:172.21.15.79:3300/0 2 ==== config(27 keys) v1 ==== 1109+0+0 (secure 0 0 0) 0x7fb564032de0 con 0x7fb574105020
2024-06-01T00:46:30.276 INFO:teuthology.orchestra.run.smithi079.stdout:/usr/bin/ceph: stderr
2024-06-01T00:46:29.359+0000 7fb5637fe640 1 -- 172.21.15.79:0/1237746018 <== mon.0 v2:172.21.15.79:3300/0 3 ==== mon_map magic: 0 v1 ==== 229+0+0 (secure 0 0 0) 0x7fb56403a800 con 0x7fb574105020
2024-06-01T00:46:30.276 INFO:teuthology.orchestra.run.smithi079.stdout:/usr/bin/ceph: stderr
2024-06-01T00:46:29.359+0000 7fb578b6b640 1 -- 172.21.15.79:0/1237746018 --> [v2:172.21.15.79:3300/0,v1:172.21.15.79:6789/0] -- mon_subscribe({osdmap=0}) v3 -- 0x7fb574199290 con 0x7fb574105020
2024-06-01T00:46:30.276 INFO:teuthology.orchestra.run.smithi079.stdout:/usr/bin/ceph: stderr
2024-06-01T00:46:29.360+0000 7fb5637fe640 1 -- 172.21.15.79:0/1237746018 <== mon.0 v2:172.21.15.79:3300/0 4 ==== mgrmap(e 11) v1 ==== 44773+0+0 (secure 0 0 0) 0x7fb56403aa70 con 0x7fb574105020
2024-06-01T00:46:30.276 INFO:teuthology.orchestra.run.smithi079.stdout:/usr/bin/ceph: stderr
2024-06-01T00:46:29.360+0000 7fb578b6b640 1 -- 172.21.15.79:0/1237746018 --> [v2:172.21.15.79:3300/0,v1:172.21.15.79:6789/0] -- mon_command({"prefix": "get_command_descriptions"} v 0) v1 -- 0x7fb574108f70 con 0x7fb574105020
2024-06-01T00:46:30.277 INFO:teuthology.orchestra.run.smithi079.stdout:/usr/bin/ceph: stderr
2024-06-01T00:46:29.360+0000 7fb5637fe640 1 --2- 172.21.15.79:0/1237746018 >> [v2:172.21.15.79:6800/3983389754,v1:172.21.15.79:6801/3983389754] conn(0x7fb55c0399a0 0x7fb55c03be60 unknown :-1 s=NONE pgs=0 cs=0 l=1 rev1=0 crypto rx=0 tx=0 comp rx=0 tx=0).connect
2024-06-01T00:46:30.277 INFO:teuthology.orchestra.run.smithi079.stdout:/usr/bin/ceph: stderr
2024-06-01T00:46:29.360+0000 7fb5637fe640 1 -- 172.21.15.79:0/1237746018 <== mon.0 v2:172.21.15.79:3300/0 5 ==== osd_map(3..3 src has 1..3) v4 ==== 1155+0+0 (secure 0 0 0) 0x7fb56406aa60 con 0x7fb574105020
2024-06-01T00:46:30.277 INFO:teuthology.orchestra.run.smithi079.stdout:/usr/bin/ceph: stderr
2024-06-01T00:46:29.360+0000 7fb571d9b640 1 --2- 172.21.15.79:0/1237746018 >> [v2:172.21.15.79:6800/3983389754,v1:172.21.15.79:6801/3983389754] conn(0x7fb55c0399a0 0x7fb55c03be60 unknown :-1 s=BANNER_CONNECTING pgs=0 cs=0 l=1 rev1=0 crypto rx=0 tx=0 comp rx=0 tx=0)._handle_peer_banner_payload supported=3 required=0
2024-06-01T00:46:30.277 INFO:teuthology.orchestra.run.smithi079.stdout:/usr/bin/ceph: stderr
2024-06-01T00:46:29.360+0000 7fb571d9b640 1 --2- 172.21.15.79:0/1237746018 >> [v2:172.21.15.79:6800/3983389754,v1:172.21.15.79:6801/3983389754] conn(0x7fb55c0399a0 0x7fb55c03be60 secure :-1 s=READY pgs=7 cs=0 l=1 rev1=1 crypto rx=0x7fb5680098c0 tx=0x7fb568006db0 comp rx=0 tx=0).ready entity=mgr.14162 client_cookie=0 server_cookie=0 in_seq=0 out_seq=0
2024-06-01T00:46:30.277 INFO:teuthology.orchestra.run.smithi079.stdout:/usr/bin/ceph: stderr
2024-06-01T00:46:29.365+0000 7fb5637fe640 1 -- 172.21.15.79:0/1237746018 <== mon.0 v2:172.21.15.79:3300/0 6 ==== mon_command_ack([{"prefix": "get_command_descriptions"}]=0 v0) v1 ==== 72+0+182498 (secure 0 0 0) 0x7fb564039c60 con 0x7fb574105020
2024-06-01T00:46:30.277 INFO:teuthology.orchestra.run.smithi079.stdout:/usr/bin/ceph: stderr
2024-06-01T00:46:29.561+0000 7fb578b6b640 1 -- 172.21.15.79:0/1237746018 --> [v2:172.21.15.79:6800/3983389754,v1:172.21.15.79:6801/3983389754] -- mgr_command(tid 0: {"prefix": "dashboard create-self-signed-cert", "target": ["mon-mgr", ""]}) v1 -- 0x7fb574100910 con 0x7fb55c0399a0
2024-06-01T00:46:30.277 INFO:teuthology.orchestra.run.smithi079.stdout:/usr/bin/ceph: stderr
2024-06-01T00:46:29.655+0000 7fb5637fe640 1 -- 172.21.15.79:0/1237746018 <== mgr.14162 v2:172.21.15.79:6800/3983389754 1 ==== mgr_command_reply(tid 0: 0 ) v1 ==== 8+0+32 (secure 0 0 0) 0x7fb574100910 con 0x7fb55c0399a0
2024-06-01T00:46:30.277 INFO:teuthology.orchestra.run.smithi079.stdout:/usr/bin/ceph: stderr
2024-06-01T00:46:29.657+0000 7fb578b6b640 1 -- 172.21.15.79:0/1237746018 >> [v2:172.21.15.79:6800/3983389754,v1:172.21.15.79:6801/3983389754] conn(0x7fb55c0399a0 msgr2=0x7fb55c03be60 secure :-1 s=STATE_CONNECTION_ESTABLISHED l=1).mark_down
2024-06-01T00:46:30.277 INFO:teuthology.orchestra.run.smithi079.stdout:/usr/bin/ceph: stderr
2024-06-01T00:46:29.657+0000 7fb578b6b640 1 --2- 172.21.15.79:0/1237746018 >> [v2:172.21.15.79:6800/3983389754,v1:172.21.15.79:6801/3983389754] conn(0x7fb55c0399a0 0x7fb55c03be60 secure :-1 s=READY pgs=7 cs=0 l=1 rev1=1 crypto rx=0x7fb5680098c0 tx=0x7fb568006db0 comp rx=0 tx=0).stop
2024-06-01T00:46:30.278 INFO:teuthology.orchestra.run.smithi079.stdout:/usr/bin/ceph: stderr
2024-06-01T00:46:29.657+0000 7fb578b6b640 1 -- 172.21.15.79:0/1237746018 >> [v2:172.21.15.79:3300/0,v1:172.21.15.79:6789/0] conn(0x7fb574105020 msgr2=0x7fb574198730 secure :-1 s=STATE_CONNECTION_ESTABLISHED l=1).mark_down
2024-06-01T00:46:30.278 INFO:teuthology.orchestra.run.smithi079.stdout:/usr/bin/ceph: stderr
2024-06-01T00:46:29.657+0000 7fb578b6b640 1 --2- 172.21.15.79:0/1237746018 >> [v2:172.21.15.79:3300/0,v1:172.21.15.79:6789/0] conn(0x7fb574105020 0x7fb574198730 secure :-1 s=READY pgs=81 cs=0 l=1 rev1=1 crypto rx=0x7fb564032670 tx=0x7fb5640326a0 comp rx=0 tx=0).stop
2024-06-01T00:46:30.278 INFO:teuthology.orchestra.run.smithi079.stdout:/usr/bin/ceph: stderr
2024-06-01T00:46:29.657+0000 7fb578b6b640 1 -- 172.21.15.79:0/1237746018 shutdown_connections
2024-06-01T00:46:30.278 INFO:teuthology.orchestra.run.smithi079.stdout:/usr/bin/ceph: stderr
2024-06-01T00:46:29.657+0000 7fb578b6b640 1 --2- 172.21.15.79:0/1237746018 >> [v2:172.21.15.79:6800/3983389754,v1:172.21.15.79:6801/3983389754] conn(0x7fb55c0399a0 0x7fb55c03be60 unknown :-1 s=CLOSED pgs=7 cs=0 l=1 rev1=1 crypto rx=0 tx=0 comp rx=0 tx=0).stop
2024-06-01T00:46:30.278 INFO:teuthology.orchestra.run.smithi079.stdout:/usr/bin/ceph: stderr
2024-06-01T00:46:29.657+0000 7fb578b6b640 1 --2- 172.21.15.79:0/1237746018 >> [v2:172.21.15.79:3300/0,v1:172.21.15.79:6789/0] conn(0x7fb574105020 0x7fb574198730 unknown :-1 s=CLOSED pgs=81 cs=0 l=1 rev1=1 crypto rx=0 tx=0 comp rx=0 tx=0).stop
2024-06-01T00:46:30.278 INFO:teuthology.orchestra.run.smithi079.stdout:/usr/bin/ceph: stderr
2024-06-01T00:46:29.657+0000 7fb578b6b640 1 -- 172.21.15.79:0/1237746018 >> 172.21.15.79:0/1237746018 conn(0x7fb5740ff820 msgr2=0x7fb574100200 unknown :-1 s=STATE_NONE l=0).mark_down
2024-06-01T00:46:30.278 INFO:teuthology.orchestra.run.smithi079.stdout:/usr/bin/ceph: stderr
2024-06-01T00:46:29.657+0000 7fb578b6b640 1 -- 172.21.15.79:0/1237746018 shutdown_connections
2024-06-01T00:46:30.278 INFO:teuthology.orchestra.run.smithi079.stdout:/usr/bin/ceph: stderr
2024-06-01T00:46:29.657+0000 7fb578b6b640 1 -- 172.21.15.79:0/1237746018 wait complete.
2024-06-01T00:46:30.278 INFO:teuthology.orchestra.run.smithi079.stdout:Creating initial admin user...
2024-06-01T00:46:30.356 INFO:journalctl@ceph.mon.smithi079.smithi079.stdout:Jun 01 00:46:30 smithi079 ceph-mon[29356]: [01/Jun/2024:00:46:28] ENGINE Bus STARTING
2024-06-01T00:46:30.356 INFO:journalctl@ceph.mon.smithi079.smithi079.stdout:Jun 01 00:46:30 smithi079 ceph-mon[29356]: [01/Jun/2024:00:46:28] ENGINE Serving on http://172.21.15.79:8765
2024-06-01T00:46:30.356 INFO:journalctl@ceph.mon.smithi079.smithi079.stdout:Jun 01 00:46:30 smithi079 ceph-mon[29356]: [01/Jun/2024:00:46:28] ENGINE Serving on https://172.21.15.79:7150
2024-06-01T00:46:30.356 INFO:journalctl@ceph.mon.smithi079.smithi079.stdout:Jun 01 00:46:30 smithi079 ceph-mon[29356]: [01/Jun/2024:00:46:28] ENGINE Bus STARTED
2024-06-01T00:46:30.356 INFO:journalctl@ceph.mon.smithi079.smithi079.stdout:Jun 01 00:46:30 smithi079 ceph-mon[29356]: [01/Jun/2024:00:46:28] ENGINE Error in HTTPServer.serve
2024-06-01T00:46:30.357 INFO:journalctl@ceph.mon.smithi079.smithi079.stdout: Traceback (most recent call last):
2024-06-01T00:46:30.357 INFO:journalctl@ceph.mon.smithi079.smithi079.stdout: File "/lib/python3.9/site-packages/cheroot/server.py", line 1823, in serve
2024-06-01T00:46:30.357 INFO:journalctl@ceph.mon.smithi079.smithi079.stdout: self._connections.run(self.expiration_interval)
2024-06-01T00:46:30.357 INFO:journalctl@ceph.mon.smithi079.smithi079.stdout: File "/lib/python3.9/site-packages/cheroot/connections.py", line 203, in run
2024-06-01T00:46:30.357 INFO:journalctl@ceph.mon.smithi079.smithi079.stdout: self._run(expiration_interval)
2024-06-01T00:46:30.357 INFO:journalctl@ceph.mon.smithi079.smithi079.stdout: File "/lib/python3.9/site-packages/cheroot/connections.py", line 246, in _run
2024-06-01T00:46:30.357 INFO:journalctl@ceph.mon.smithi079.smithi079.stdout: new_conn = self._from_server_socket(self.server.socket)
2024-06-01T00:46:30.357 INFO:journalctl@ceph.mon.smithi079.smithi079.stdout: File "/lib/python3.9/site-packages/cheroot/connections.py", line 300, in _from_server_socket
2024-06-01T00:46:30.357 INFO:journalctl@ceph.mon.smithi079.smithi079.stdout: s, ssl_env = self.server.ssl_adapter.wrap(s)
2024-06-01T00:46:30.357 INFO:journalctl@ceph.mon.smithi079.smithi079.stdout: File "/lib/python3.9/site-packages/cheroot/ssl/builtin.py", line 277, in wrap
2024-06-01T00:46:30.357 INFO:journalctl@ceph.mon.smithi079.smithi079.stdout: s = self.context.wrap_socket(
2024-06-01T00:46:30.357 INFO:journalctl@ceph.mon.smithi079.smithi079.stdout: File "/lib64/python3.9/ssl.py", line 501, in wrap_socket
2024-06-01T00:46:30.357 INFO:journalctl@ceph.mon.smithi079.smithi079.stdout: return self.sslsocket_class._create(
2024-06-01T00:46:30.358 INFO:journalctl@ceph.mon.smithi079.smithi079.stdout: File "/lib64/python3.9/ssl.py", line 1074, in _create
2024-06-01T00:46:30.358 INFO:journalctl@ceph.mon.smithi079.smithi079.stdout: self.do_handshake()
2024-06-01T00:46:30.358 INFO:journalctl@ceph.mon.smithi079.smithi079.stdout: File "/lib64/python3.9/ssl.py", line 1343, in do_handshake
2024-06-01T00:46:30.358 INFO:journalctl@ceph.mon.smithi079.smithi079.stdout: self._sslobj.do_handshake()
2024-06-01T00:46:30.358 INFO:journalctl@ceph.mon.smithi079.smithi079.stdout: ssl.SSLZeroReturnError: TLS/SSL connection has been closed (EOF) (_ssl.c:1129)
2024-06-01T00:46:30.358 INFO:journalctl@ceph.mon.smithi079.smithi079.stdout:Jun 01 00:46:30 smithi079 ceph-mon[29356]: from='mgr.14162 172.21.15.79:0/3006235589' entity='mgr.smithi079.emylav'
2024-06-01T00:46:30.358 INFO:journalctl@ceph.mon.smithi079.smithi079.stdout:Jun 01 00:46:30 smithi079 ceph-mon[29356]: from='mgr.14162 172.21.15.79:0/3006235589' entity='mgr.smithi079.emylav'
2024-06-01T00:46:30.358 INFO:journalctl@ceph.mon.smithi079.smithi079.stdout:Jun 01 00:46:30 smithi079 ceph-mon[29356]: mgrmap e12: smithi079.emylav(active, since 2s)
2024-06-01T00:46:31.356 INFO:journalctl@ceph.mon.smithi079.smithi079.stdout:Jun 01 00:46:31 smithi079 ceph-mon[29356]: from='client.14174 -' entity='client.admin' cmd=[{"prefix": "dashboard create-self-signed-cert", "target": ["mon-mgr", ""]}]: dispatch
2024-06-01T00:46:31.356 INFO:journalctl@ceph.mon.smithi079.smithi079.stdout:Jun 01 00:46:31 smithi079 ceph-mon[29356]: from='mgr.14162 172.21.15.79:0/3006235589' entity='mgr.smithi079.emylav'
2024-06-01T00:46:31.676 INFO:teuthology.orchestra.run.smithi079.stdout:/usr/bin/ceph: stdout {"username": "admin", "password": "$2b$12$PYp81CfZsM/xZcHf.JH3YeCbWpbjO/FUbMPR7LKNL79ie7Uzcn23O", "roles": ["administrator"], "name": null, "email": null, "lastUpdate": 1717202791, "enabled": true, "pwdExpirationDate": null, "pwdUpdateRequired": true}
2024-06-01T00:46:31.676 INFO:teuthology.orchestra.run.smithi079.stdout:/usr/bin/ceph: stderr
2024-06-01T00:46:30.666+0000 7f63cd2d3640 1 Processor -- start
2024-06-01T00:46:31.677 INFO:teuthology.orchestra.run.smithi079.stdout:/usr/bin/ceph: stderr
2024-06-01T00:46:30.666+0000 7f63cd2d3640 1 -- start start
2024-06-01T00:46:31.677 INFO:teuthology.orchestra.run.smithi079.stdout:/usr/bin/ceph: stderr
2024-06-01T00:46:30.666+0000 7f63cd2d3640 1 --2- >> [v2:172.21.15.79:3300/0,v1:172.21.15.79:6789/0] conn(0x7f63c8106680 0x7f63c8108a70 unknown :-1 s=NONE pgs=0 cs=0 l=0 rev1=0 crypto rx=0 tx=0 comp rx=0 tx=0).connect
2024-06-01T00:46:31.677 INFO:teuthology.orchestra.run.smithi079.stdout:/usr/bin/ceph: stderr
2024-06-01T00:46:30.666+0000 7f63cd2d3640 1 -- --> [v2:172.21.15.79:3300/0,v1:172.21.15.79:6789/0] -- mon_getmap magic: 0 v1 -- 0x7f63c8079e40 con 0x7f63c8106680
2024-06-01T00:46:31.677 INFO:teuthology.orchestra.run.smithi079.stdout:/usr/bin/ceph: stderr
2024-06-01T00:46:30.667+0000 7f63c6ffd640 1 --2- >> [v2:172.21.15.79:3300/0,v1:172.21.15.79:6789/0] conn(0x7f63c8106680 0x7f63c8108a70 unknown :-1 s=BANNER_CONNECTING pgs=0 cs=0 l=0 rev1=0 crypto rx=0 tx=0 comp rx=0 tx=0)._handle_peer_banner_payload supported=3 required=0
2024-06-01T00:46:31.677 INFO:teuthology.orchestra.run.smithi079.stdout:/usr/bin/ceph: stderr
2024-06-01T00:46:30.667+0000 7f63c6ffd640 1 --2- >> [v2:172.21.15.79:3300/0,v1:172.21.15.79:6789/0] conn(0x7f63c8106680 0x7f63c8108a70 unknown :-1 s=HELLO_CONNECTING pgs=0 cs=0 l=0 rev1=1 crypto rx=0 tx=0 comp rx=0 tx=0).handle_hello peer v2:172.21.15.79:3300/0 says I am v2:172.21.15.79:36756/0 (socket says 172.21.15.79:36756)
2024-06-01T00:46:31.677 INFO:teuthology.orchestra.run.smithi079.stdout:/usr/bin/ceph: stderr
2024-06-01T00:46:30.667+0000 7f63c6ffd640 1 -- 172.21.15.79:0/3118109553 learned_addr learned my addr 172.21.15.79:0/3118109553 (peer_addr_for_me v2:172.21.15.79:0/0)
2024-06-01T00:46:31.677 INFO:teuthology.orchestra.run.smithi079.stdout:/usr/bin/ceph: stderr
2024-06-01T00:46:30.667+0000 7f63c6ffd640 1 -- 172.21.15.79:0/3118109553 --> [v2:172.21.15.79:3300/0,v1:172.21.15.79:6789/0] -- mon_subscribe({config=0+,monmap=0+}) v3 -- 0x7f63c8108fb0 con 0x7f63c8106680
2024-06-01T00:46:31.677 INFO:teuthology.orchestra.run.smithi079.stdout:/usr/bin/ceph: stderr
2024-06-01T00:46:30.668+0000 7f63c6ffd640 1 --2- 172.21.15.79:0/3118109553 >> [v2:172.21.15.79:3300/0,v1:172.21.15.79:6789/0] conn(0x7f63c8106680 0x7f63c8108a70 secure :-1 s=READY pgs=82 cs=0 l=1 rev1=1 crypto rx=0x7f63b8009820 tx=0x7f63b802a270 comp rx=0 tx=0).ready entity=mon.0 client_cookie=bcf931b3a47a4910 server_cookie=0 in_seq=0 out_seq=0
2024-06-01T00:46:31.677 INFO:teuthology.orchestra.run.smithi079.stdout:/usr/bin/ceph: stderr
2024-06-01T00:46:30.668+0000 7f63c5ffb640 1 -- 172.21.15.79:0/3118109553 <== mon.0 v2:172.21.15.79:3300/0 1 ==== mon_map magic: 0 v1 ==== 229+0+0 (secure 0 0 0) 0x7f63b802ad40 con 0x7f63c8106680
2024-06-01T00:46:31.677 INFO:teuthology.orchestra.run.smithi079.stdout:/usr/bin/ceph: stderr
2024-06-01T00:46:30.668+0000 7f63c5ffb640 1 -- 172.21.15.79:0/3118109553 <== mon.0 v2:172.21.15.79:3300/0 2 ==== config(27 keys) v1 ==== 1109+0+0 (secure 0 0 0) 0x7f63b8032900 con 0x7f63c8106680
2024-06-01T00:46:31.677 INFO:teuthology.orchestra.run.smithi079.stdout:/usr/bin/ceph: stderr
2024-06-01T00:46:30.668+0000 7f63c5ffb640 1 -- 172.21.15.79:0/3118109553 <== mon.0 v2:172.21.15.79:3300/0 3 ==== mon_map magic: 0 v1 ==== 229+0+0 (secure 0 0 0) 0x7f63b8030860 con 0x7f63c8106680
2024-06-01T00:46:31.677 INFO:teuthology.orchestra.run.smithi079.stdout:/usr/bin/ceph: stderr
2024-06-01T00:46:30.668+0000 7f63cd2d3640 1 -- 172.21.15.79:0/3118109553 >> [v2:172.21.15.79:3300/0,v1:172.21.15.79:6789/0] conn(0x7f63c8106680 msgr2=0x7f63c8108a70 secure :-1 s=STATE_CONNECTION_ESTABLISHED l=1).mark_down
2024-06-01T00:46:31.677 INFO:teuthology.orchestra.run.smithi079.stdout:/usr/bin/ceph: stderr
2024-06-01T00:46:30.668+0000 7f63cd2d3640 1 --2- 172.21.15.79:0/3118109553 >> [v2:172.21.15.79:3300/0,v1:172.21.15.79:6789/0] conn(0x7f63c8106680 0x7f63c8108a70 secure :-1 s=READY pgs=82 cs=0 l=1 rev1=1 crypto rx=0x7f63b8009820 tx=0x7f63b802a270 comp rx=0 tx=0).stop
2024-06-01T00:46:31.678 INFO:teuthology.orchestra.run.smithi079.stdout:/usr/bin/ceph: stderr
2024-06-01T00:46:30.668+0000 7f63cd2d3640 1 -- 172.21.15.79:0/3118109553 shutdown_connections
2024-06-01T00:46:31.678 INFO:teuthology.orchestra.run.smithi079.stdout:/usr/bin/ceph: stderr
2024-06-01T00:46:30.668+0000 7f63cd2d3640 1 --2- 172.21.15.79:0/3118109553 >> [v2:172.21.15.79:3300/0,v1:172.21.15.79:6789/0] conn(0x7f63c8106680 0x7f63c8108a70 unknown :-1 s=CLOSED pgs=82 cs=0 l=1 rev1=1 crypto rx=0 tx=0 comp rx=0 tx=0).stop
2024-06-01T00:46:31.678 INFO:teuthology.orchestra.run.smithi079.stdout:/usr/bin/ceph: stderr
2024-06-01T00:46:30.668+0000 7f63cd2d3640 1 -- 172.21.15.79:0/3118109553 >> 172.21.15.79:0/3118109553 conn(0x7f63c81000d0 msgr2=0x7f63c81024f0 unknown :-1 s=STATE_NONE l=0).mark_down
2024-06-01T00:46:31.678 INFO:teuthology.orchestra.run.smithi079.stdout:/usr/bin/ceph: stderr
2024-06-01T00:46:30.668+0000 7f63cd2d3640 1 -- 172.21.15.79:0/3118109553 shutdown_connections
2024-06-01T00:46:31.678 INFO:teuthology.orchestra.run.smithi079.stdout:/usr/bin/ceph: stderr
2024-06-01T00:46:30.668+0000 7f63cd2d3640 1 -- 172.21.15.79:0/3118109553 wait complete.
2024-06-01T00:46:31.678 INFO:teuthology.orchestra.run.smithi079.stdout:/usr/bin/ceph: stderr
2024-06-01T00:46:30.669+0000 7f63cd2d3640 1 Processor -- start
2024-06-01T00:46:31.678 INFO:teuthology.orchestra.run.smithi079.stdout:/usr/bin/ceph: stderr
2024-06-01T00:46:30.669+0000 7f63cd2d3640 1 -- start start
2024-06-01T00:46:31.678 INFO:teuthology.orchestra.run.smithi079.stdout:/usr/bin/ceph: stderr
2024-06-01T00:46:30.669+0000 7f63cd2d3640 1 --2- >> [v2:172.21.15.79:3300/0,v1:172.21.15.79:6789/0] conn(0x7f63c8106680 0x7f63c8199870 unknown :-1 s=NONE pgs=0 cs=0 l=1 rev1=0 crypto rx=0 tx=0 comp rx=0 tx=0).connect
2024-06-01T00:46:31.678 INFO:teuthology.orchestra.run.smithi079.stdout:/usr/bin/ceph: stderr
2024-06-01T00:46:30.669+0000 7f63cd2d3640 1 -- --> [v2:172.21.15.79:3300/0,v1:172.21.15.79:6789/0] -- mon_getmap magic: 0 v1 -- 0x7f63c8199db0 con 0x7f63c8106680
2024-06-01T00:46:31.678 INFO:teuthology.orchestra.run.smithi079.stdout:/usr/bin/ceph: stderr
2024-06-01T00:46:30.669+0000 7f63c6ffd640 1 --2- >> [v2:172.21.15.79:3300/0,v1:172.21.15.79:6789/0] conn(0x7f63c8106680 0x7f63c8199870 unknown :-1 s=BANNER_CONNECTING pgs=0 cs=0 l=1 rev1=0 crypto rx=0 tx=0 comp rx=0 tx=0)._handle_peer_banner_payload supported=3 required=0
2024-06-01T00:46:31.679 INFO:teuthology.orchestra.run.smithi079.stdout:/usr/bin/ceph: stderr
2024-06-01T00:46:30.669+0000 7f63c6ffd640 1 --2- >> [v2:172.21.15.79:3300/0,v1:172.21.15.79:6789/0] conn(0x7f63c8106680 0x7f63c8199870 unknown :-1 s=HELLO_CONNECTING pgs=0 cs=0 l=1 rev1=1 crypto rx=0 tx=0 comp rx=0 tx=0).handle_hello peer v2:172.21.15.79:3300/0 says I am v2:172.21.15.79:36766/0 (socket says 172.21.15.79:36766)
2024-06-01T00:46:31.679 INFO:teuthology.orchestra.run.smithi079.stdout:/usr/bin/ceph: stderr
2024-06-01T00:46:30.669+0000 7f63c6ffd640 1 -- 172.21.15.79:0/2410158460 learned_addr learned my addr 172.21.15.79:0/2410158460 (peer_addr_for_me v2:172.21.15.79:0/0)
2024-06-01T00:46:31.679 INFO:teuthology.orchestra.run.smithi079.stdout:/usr/bin/ceph: stderr
2024-06-01T00:46:30.670+0000 7f63c6ffd640 1 -- 172.21.15.79:0/2410158460 --> [v2:172.21.15.79:3300/0,v1:172.21.15.79:6789/0] -- mon_subscribe({config=0+,monmap=0+}) v3 -- 0x7f63b80094d0 con 0x7f63c8106680
2024-06-01T00:46:31.679 INFO:teuthology.orchestra.run.smithi079.stdout:/usr/bin/ceph: stderr
2024-06-01T00:46:30.670+0000 7f63c6ffd640 1 --2- 172.21.15.79:0/2410158460 >> [v2:172.21.15.79:3300/0,v1:172.21.15.79:6789/0] conn(0x7f63c8106680 0x7f63c8199870 secure :-1 s=READY pgs=83 cs=0 l=1 rev1=1 crypto rx=0x7f63b8032670 tx=0x7f63b80326a0 comp rx=0 tx=0).ready entity=mon.0 client_cookie=0 server_cookie=0 in_seq=0 out_seq=0
2024-06-01T00:46:31.679 INFO:teuthology.orchestra.run.smithi079.stdout:/usr/bin/ceph: stderr
2024-06-01T00:46:30.670+0000 7f63affff640 1 -- 172.21.15.79:0/2410158460 <== mon.0 v2:172.21.15.79:3300/0 1 ==== mon_map magic: 0 v1 ==== 229+0+0 (secure 0 0 0) 0x7f63b8032c80 con 0x7f63c8106680
2024-06-01T00:46:31.679 INFO:teuthology.orchestra.run.smithi079.stdout:/usr/bin/ceph: stderr
2024-06-01T00:46:30.670+0000 7f63cd2d3640 1 -- 172.21.15.79:0/2410158460 --> [v2:172.21.15.79:3300/0,v1:172.21.15.79:6789/0] -- mon_subscribe({mgrmap=0+}) v3 -- 0x7f63c8199fb0 con 0x7f63c8106680
2024-06-01T00:46:31.679 INFO:teuthology.orchestra.run.smithi079.stdout:/usr/bin/ceph: stderr
2024-06-01T00:46:30.670+0000 7f63affff640 1 -- 172.21.15.79:0/2410158460 <== mon.0 v2:172.21.15.79:3300/0 2 ==== config(27 keys) v1 ==== 1109+0+0 (secure 0 0 0) 0x7f63b8032de0 con 0x7f63c8106680
2024-06-01T00:46:31.679 INFO:teuthology.orchestra.run.smithi079.stdout:/usr/bin/ceph: stderr
2024-06-01T00:46:30.670+0000 7f63affff640 1 -- 172.21.15.79:0/2410158460 <== mon.0 v2:172.21.15.79:3300/0 3 ==== mon_map magic: 0 v1 ==== 229+0+0 (secure 0 0 0) 0x7f63b803a7c0 con 0x7f63c8106680
2024-06-01T00:46:31.679 INFO:teuthology.orchestra.run.smithi079.stdout:/usr/bin/ceph: stderr
2024-06-01T00:46:30.670+0000 7f63cd2d3640 1 -- 172.21.15.79:0/2410158460 --> [v2:172.21.15.79:3300/0,v1:172.21.15.79:6789/0] -- mon_subscribe({osdmap=0}) v3 -- 0x7f63c819a450 con 0x7f63c8106680
2024-06-01T00:46:31.679 INFO:teuthology.orchestra.run.smithi079.stdout:/usr/bin/ceph: stderr
2024-06-01T00:46:30.671+0000 7f63affff640 1 -- 172.21.15.79:0/2410158460 <== mon.0 v2:172.21.15.79:3300/0 4 ==== mgrmap(e 12) v1 ==== 44879+0+0 (secure 0 0 0) 0x7f63b803aa00 con 0x7f63c8106680
2024-06-01T00:46:31.680 INFO:teuthology.orchestra.run.smithi079.stdout:/usr/bin/ceph: stderr
2024-06-01T00:46:30.671+0000 7f63cd2d3640 1 -- 172.21.15.79:0/2410158460 --> [v2:172.21.15.79:3300/0,v1:172.21.15.79:6789/0] -- mon_command({"prefix": "get_command_descriptions"} v 0) v1 -- 0x7f63c8109e10 con 0x7f63c8106680
2024-06-01T00:46:31.680 INFO:teuthology.orchestra.run.smithi079.stdout:/usr/bin/ceph: stderr
2024-06-01T00:46:30.671+0000 7f63affff640 1 --2- 172.21.15.79:0/2410158460 >> [v2:172.21.15.79:6800/3983389754,v1:172.21.15.79:6801/3983389754] conn(0x7f63b00378b0 0x7f63b0039d70 unknown :-1 s=NONE pgs=0 cs=0 l=1 rev1=0 crypto rx=0 tx=0 comp rx=0 tx=0).connect
2024-06-01T00:46:31.680 INFO:teuthology.orchestra.run.smithi079.stdout:/usr/bin/ceph: stderr
2024-06-01T00:46:30.671+0000 7f63affff640 1 -- 172.21.15.79:0/2410158460 <== mon.0 v2:172.21.15.79:3300/0 5 ==== osd_map(3..3 src has 1..3) v4 ==== 1155+0+0 (secure 0 0 0) 0x7f63b806a9f0 con 0x7f63c8106680
2024-06-01T00:46:31.680 INFO:teuthology.orchestra.run.smithi079.stdout:/usr/bin/ceph: stderr
2024-06-01T00:46:30.671+0000 7f63c67fc640 1 --2- 172.21.15.79:0/2410158460 >> [v2:172.21.15.79:6800/3983389754,v1:172.21.15.79:6801/3983389754] conn(0x7f63b00378b0 0x7f63b0039d70 unknown :-1 s=BANNER_CONNECTING pgs=0 cs=0 l=1 rev1=0 crypto rx=0 tx=0 comp rx=0 tx=0)._handle_peer_banner_payload supported=3 required=0
2024-06-01T00:46:31.680 INFO:teuthology.orchestra.run.smithi079.stdout:/usr/bin/ceph: stderr
2024-06-01T00:46:30.671+0000 7f63c67fc640 1 --2- 172.21.15.79:0/2410158460 >> [v2:172.21.15.79:6800/3983389754,v1:172.21.15.79:6801/3983389754] conn(0x7f63b00378b0 0x7f63b0039d70 secure :-1 s=READY pgs=8 cs=0 l=1 rev1=1 crypto rx=0x7f63bc0098c0 tx=0x7f63bc006db0 comp rx=0 tx=0).ready entity=mgr.14162 client_cookie=0 server_cookie=0 in_seq=0 out_seq=0
2024-06-01T00:46:31.680 INFO:teuthology.orchestra.run.smithi079.stdout:/usr/bin/ceph: stderr
2024-06-01T00:46:30.676+0000 7f63affff640 1 -- 172.21.15.79:0/2410158460 <== mon.0 v2:172.21.15.79:3300/0 6 ==== mon_command_ack([{"prefix": "get_command_descriptions"}]=0 v0) v1 ==== 72+0+182498 (secure 0 0 0) 0x7f63b8039ca0 con 0x7f63c8106680
2024-06-01T00:46:31.680 INFO:teuthology.orchestra.run.smithi079.stdout:/usr/bin/ceph: stderr
2024-06-01T00:46:30.874+0000 7f63cd2d3640 1 -- 172.21.15.79:0/2410158460 --> [v2:172.21.15.79:6800/3983389754,v1:172.21.15.79:6801/3983389754] -- mgr_command(tid 0: {"prefix": "dashboard ac-user-create", "username": "admin", "rolename": "administrator", "force_password": true, "pwd_update_required": true, "target": ["mon-mgr", ""]}) v1 -- 0x7f63c8061900 con 0x7f63b00378b0
2024-06-01T00:46:31.680 INFO:teuthology.orchestra.run.smithi079.stdout:/usr/bin/ceph: stderr
2024-06-01T00:46:31.098+0000 7f63affff640 1 -- 172.21.15.79:0/2410158460 <== mgr.14162 v2:172.21.15.79:6800/3983389754 1 ==== mgr_command_reply(tid 0: 0 ) v1 ==== 8+0+252 (secure 0 0 0) 0x7f63c8061900 con 0x7f63b00378b0
2024-06-01T00:46:31.680 INFO:teuthology.orchestra.run.smithi079.stdout:/usr/bin/ceph: stderr
2024-06-01T00:46:31.100+0000 7f63cd2d3640 1 -- 172.21.15.79:0/2410158460 >> [v2:172.21.15.79:6800/3983389754,v1:172.21.15.79:6801/3983389754] conn(0x7f63b00378b0 msgr2=0x7f63b0039d70 secure :-1 s=STATE_CONNECTION_ESTABLISHED l=1).mark_down
2024-06-01T00:46:31.681 INFO:teuthology.orchestra.run.smithi079.stdout:/usr/bin/ceph: stderr
2024-06-01T00:46:31.100+0000 7f63cd2d3640 1 --2- 172.21.15.79:0/2410158460 >> [v2:172.21.15.79:6800/3983389754,v1:172.21.15.79:6801/3983389754] conn(0x7f63b00378b0 0x7f63b0039d70 secure :-1 s=READY pgs=8 cs=0 l=1 rev1=1 crypto rx=0x7f63bc0098c0 tx=0x7f63bc006db0 comp rx=0 tx=0).stop
2024-06-01T00:46:31.681 INFO:teuthology.orchestra.run.smithi079.stdout:/usr/bin/ceph: stderr
2024-06-01T00:46:31.100+0000 7f63cd2d3640 1 -- 172.21.15.79:0/2410158460 >> [v2:172.21.15.79:3300/0,v1:172.21.15.79:6789/0] conn(0x7f63c8106680 msgr2=0x7f63c8199870 secure :-1 s=STATE_CONNECTION_ESTABLISHED l=1).mark_down
2024-06-01T00:46:31.681 INFO:teuthology.orchestra.run.smithi079.stdout:/usr/bin/ceph: stderr
2024-06-01T00:46:31.100+0000 7f63cd2d3640 1 --2- 172.21.15.79:0/2410158460 >> [v2:172.21.15.79:3300/0,v1:172.21.15.79:6789/0] conn(0x7f63c8106680 0x7f63c8199870 secure :-1 s=READY pgs=83 cs=0 l=1 rev1=1 crypto rx=0x7f63b8032670 tx=0x7f63b80326a0 comp rx=0 tx=0).stop
2024-06-01T00:46:31.681 INFO:teuthology.orchestra.run.smithi079.stdout:/usr/bin/ceph: stderr
2024-06-01T00:46:31.100+0000 7f63cd2d3640 1 -- 172.21.15.79:0/2410158460 shutdown_connections
2024-06-01T00:46:31.681 INFO:teuthology.orchestra.run.smithi079.stdout:/usr/bin/ceph: stderr
2024-06-01T00:46:31.100+0000 7f63cd2d3640 1 --2- 172.21.15.79:0/2410158460 >> [v2:172.21.15.79:6800/3983389754,v1:172.21.15.79:6801/3983389754] conn(0x7f63b00378b0 0x7f63b0039d70 unknown :-1 s=CLOSED pgs=8 cs=0 l=1 rev1=1 crypto rx=0 tx=0 comp rx=0 tx=0).stop
2024-06-01T00:46:31.681 INFO:teuthology.orchestra.run.smithi079.stdout:/usr/bin/ceph: stderr
2024-06-01T00:46:31.100+0000 7f63cd2d3640 1 --2- 172.21.15.79:0/2410158460 >> [v2:172.21.15.79:3300/0,v1:172.21.15.79:6789/0] conn(0x7f63c8106680 0x7f63c8199870 unknown :-1 s=CLOSED pgs=83 cs=0 l=1 rev1=1 crypto rx=0 tx=0 comp rx=0 tx=0).stop
2024-06-01T00:46:31.681 INFO:teuthology.orchestra.run.smithi079.stdout:/usr/bin/ceph: stderr
2024-06-01T00:46:31.101+0000 7f63cd2d3640 1 -- 172.21.15.79:0/2410158460 >> 172.21.15.79:0/2410158460 conn(0x7f63c81000d0 msgr2=0x7f63c8100a40 unknown :-1 s=STATE_NONE l=0).mark_down
2024-06-01T00:46:31.681 INFO:teuthology.orchestra.run.smithi079.stdout:/usr/bin/ceph: stderr
2024-06-01T00:46:31.101+0000 7f63cd2d3640 1 -- 172.21.15.79:0/2410158460 shutdown_connections
2024-06-01T00:46:31.681 INFO:teuthology.orchestra.run.smithi079.stdout:/usr/bin/ceph: stderr
2024-06-01T00:46:31.101+0000 7f63cd2d3640 1 -- 172.21.15.79:0/2410158460 wait complete.
2024-06-01T00:46:31.681 INFO:teuthology.orchestra.run.smithi079.stdout:Fetching dashboard port number...
2024-06-01T00:46:32.356 INFO:journalctl@ceph.mon.smithi079.smithi079.stdout:Jun 01 00:46:32 smithi079 ceph-mon[29356]: from='client.14176 -' entity='client.admin' cmd=[{"prefix": "dashboard ac-user-create", "username": "admin", "rolename": "administrator", "force_password": true, "pwd_update_required": true, "target": ["mon-mgr", ""]}]: dispatch
2024-06-01T00:46:33.285 INFO:journalctl@ceph.mon.smithi079.smithi079.stdout:Jun 01 00:46:33 smithi079 ceph-mon[29356]: from='client.? 172.21.15.79:0/1586750193' entity='client.admin' cmd=[{"prefix": "config get", "who": "mgr", "key": "mgr/dashboard/ssl_server_port"}]: dispatch
2024-06-01T00:46:33.292 INFO:teuthology.orchestra.run.smithi079.stdout:/usr/bin/ceph: stdout 8443
2024-06-01T00:46:33.292 INFO:teuthology.orchestra.run.smithi079.stdout:/usr/bin/ceph: stderr
2024-06-01T00:46:32.517+0000 7fe39e22b640 1 Processor -- start
2024-06-01T00:46:33.293 INFO:teuthology.orchestra.run.smithi079.stdout:/usr/bin/ceph: stderr
2024-06-01T00:46:32.517+0000 7fe39e22b640 1 -- start start
2024-06-01T00:46:33.293 INFO:teuthology.orchestra.run.smithi079.stdout:/usr/bin/ceph: stderr
2024-06-01T00:46:32.517+0000 7fe39e22b640 1 --2- >> [v2:172.21.15.79:3300/0,v1:172.21.15.79:6789/0] conn(0x7fe398105c40 0x7fe398106060 unknown :-1 s=NONE pgs=0 cs=0 l=0 rev1=0 crypto rx=0 tx=0 comp rx=0 tx=0).connect
2024-06-01T00:46:33.293 INFO:teuthology.orchestra.run.smithi079.stdout:/usr/bin/ceph: stderr
2024-06-01T00:46:32.517+0000 7fe39e22b640 1 -- --> [v2:172.21.15.79:3300/0,v1:172.21.15.79:6789/0] -- mon_getmap magic: 0 v1 -- 0x7fe398106630 con 0x7fe398105c40
2024-06-01T00:46:33.293 INFO:teuthology.orchestra.run.smithi079.stdout:/usr/bin/ceph: stderr
2024-06-01T00:46:32.517+0000 7fe3977fe640 1 --2- >> [v2:172.21.15.79:3300/0,v1:172.21.15.79:6789/0] conn(0x7fe398105c40 0x7fe398106060 unknown :-1 s=BANNER_CONNECTING pgs=0 cs=0 l=0 rev1=0 crypto rx=0 tx=0 comp rx=0 tx=0)._handle_peer_banner_payload supported=3 required=0
2024-06-01T00:46:33.293 INFO:teuthology.orchestra.run.smithi079.stdout:/usr/bin/ceph: stderr
2024-06-01T00:46:32.517+0000 7fe3977fe640 1 --2- >> [v2:172.21.15.79:3300/0,v1:172.21.15.79:6789/0] conn(0x7fe398105c40 0x7fe398106060 unknown :-1 s=HELLO_CONNECTING pgs=0 cs=0 l=0 rev1=1 crypto rx=0 tx=0 comp rx=0 tx=0).handle_hello peer v2:172.21.15.79:3300/0 says I am v2:172.21.15.79:51350/0 (socket says 172.21.15.79:51350)
2024-06-01T00:46:33.293 INFO:teuthology.orchestra.run.smithi079.stdout:/usr/bin/ceph: stderr
2024-06-01T00:46:32.517+0000 7fe3977fe640 1 -- 172.21.15.79:0/367106839 learned_addr learned my addr 172.21.15.79:0/367106839 (peer_addr_for_me v2:172.21.15.79:0/0)
2024-06-01T00:46:33.293 INFO:teuthology.orchestra.run.smithi079.stdout:/usr/bin/ceph: stderr
2024-06-01T00:46:32.517+0000 7fe3977fe640 1 -- 172.21.15.79:0/367106839 --> [v2:172.21.15.79:3300/0,v1:172.21.15.79:6789/0] -- mon_subscribe({config=0+,monmap=0+}) v3 -- 0x7fe398106e40 con 0x7fe398105c40
2024-06-01T00:46:33.293 INFO:teuthology.orchestra.run.smithi079.stdout:/usr/bin/ceph: stderr
2024-06-01T00:46:32.518+0000 7fe3977fe640 1 --2- 172.21.15.79:0/367106839 >> [v2:172.21.15.79:3300/0,v1:172.21.15.79:6789/0] conn(0x7fe398105c40 0x7fe398106060 secure :-1 s=READY pgs=84 cs=0 l=1 rev1=1 crypto rx=0x7fe388009820 tx=0x7fe38802a270 comp rx=0 tx=0).ready entity=mon.0 client_cookie=1f0358f7ad82d9f server_cookie=0 in_seq=0 out_seq=0
2024-06-01T00:46:33.293 INFO:teuthology.orchestra.run.smithi079.stdout:/usr/bin/ceph: stderr
2024-06-01T00:46:32.518+0000 7fe396ffd640 1 -- 172.21.15.79:0/367106839 <== mon.0 v2:172.21.15.79:3300/0 1 ==== mon_map magic: 0 v1 ==== 229+0+0 (secure 0 0 0) 0x7fe38802ad40 con 0x7fe398105c40
2024-06-01T00:46:33.293 INFO:teuthology.orchestra.run.smithi079.stdout:/usr/bin/ceph: stderr
2024-06-01T00:46:32.518+0000 7fe396ffd640 1 -- 172.21.15.79:0/367106839 <== mon.0 v2:172.21.15.79:3300/0 2 ==== config(27 keys) v1 ==== 1109+0+0 (secure 0 0 0) 0x7fe388032900 con 0x7fe398105c40
2024-06-01T00:46:33.293 INFO:teuthology.orchestra.run.smithi079.stdout:/usr/bin/ceph: stderr
2024-06-01T00:46:32.518+0000 7fe396ffd640 1 -- 172.21.15.79:0/367106839 <== mon.0 v2:172.21.15.79:3300/0 3 ==== mon_map magic: 0 v1 ==== 229+0+0 (secure 0 0 0) 0x7fe388030860 con 0x7fe398105c40
2024-06-01T00:46:33.293 INFO:teuthology.orchestra.run.smithi079.stdout:/usr/bin/ceph: stderr
2024-06-01T00:46:32.519+0000 7fe39e22b640 1 -- 172.21.15.79:0/367106839 >> [v2:172.21.15.79:3300/0,v1:172.21.15.79:6789/0] conn(0x7fe398105c40 msgr2=0x7fe398106060 secure :-1 s=STATE_CONNECTION_ESTABLISHED l=1).mark_down
2024-06-01T00:46:33.294 INFO:teuthology.orchestra.run.smithi079.stdout:/usr/bin/ceph: stderr
2024-06-01T00:46:32.519+0000 7fe39e22b640 1 --2- 172.21.15.79:0/367106839 >> [v2:172.21.15.79:3300/0,v1:172.21.15.79:6789/0] conn(0x7fe398105c40 0x7fe398106060 secure :-1 s=READY pgs=84 cs=0 l=1 rev1=1 crypto rx=0x7fe388009820 tx=0x7fe38802a270 comp rx=0 tx=0).stop
2024-06-01T00:46:33.294 INFO:teuthology.orchestra.run.smithi079.stdout:/usr/bin/ceph: stderr
2024-06-01T00:46:32.519+0000 7fe39e22b640 1 -- 172.21.15.79:0/367106839 shutdown_connections
2024-06-01T00:46:33.294 INFO:teuthology.orchestra.run.smithi079.stdout:/usr/bin/ceph: stderr
2024-06-01T00:46:32.519+0000 7fe39e22b640 1 --2- 172.21.15.79:0/367106839 >> [v2:172.21.15.79:3300/0,v1:172.21.15.79:6789/0] conn(0x7fe398105c40 0x7fe398106060 unknown :-1 s=CLOSED pgs=84 cs=0 l=1 rev1=1 crypto rx=0 tx=0 comp rx=0 tx=0).stop
2024-06-01T00:46:33.294 INFO:teuthology.orchestra.run.smithi079.stdout:/usr/bin/ceph: stderr
2024-06-01T00:46:32.519+0000 7fe39e22b640 1 -- 172.21.15.79:0/367106839 >> 172.21.15.79:0/367106839 conn(0x7fe3981011c0 msgr2=0x7fe398103620 unknown :-1 s=STATE_NONE l=0).mark_down
2024-06-01T00:46:33.294 INFO:teuthology.orchestra.run.smithi079.stdout:/usr/bin/ceph: stderr
2024-06-01T00:46:32.519+0000 7fe39e22b640 1 -- 172.21.15.79:0/367106839 shutdown_connections
2024-06-01T00:46:33.294 INFO:teuthology.orchestra.run.smithi079.stdout:/usr/bin/ceph: stderr
2024-06-01T00:46:32.519+0000 7fe39e22b640 1 -- 172.21.15.79:0/367106839 wait complete.
2024-06-01T00:46:33.294 INFO:teuthology.orchestra.run.smithi079.stdout:/usr/bin/ceph: stderr
2024-06-01T00:46:32.519+0000 7fe39e22b640 1 Processor -- start
2024-06-01T00:46:33.294 INFO:teuthology.orchestra.run.smithi079.stdout:/usr/bin/ceph: stderr
2024-06-01T00:46:32.519+0000 7fe39e22b640 1 -- start start
2024-06-01T00:46:33.294 INFO:teuthology.orchestra.run.smithi079.stdout:/usr/bin/ceph: stderr
2024-06-01T00:46:32.519+0000 7fe39e22b640 1 --2- >> [v2:172.21.15.79:3300/0,v1:172.21.15.79:6789/0] conn(0x7fe398105c40 0x7fe3981998a0 unknown :-1 s=NONE pgs=0 cs=0 l=1 rev1=0 crypto rx=0 tx=0 comp rx=0 tx=0).connect
2024-06-01T00:46:33.294 INFO:teuthology.orchestra.run.smithi079.stdout:/usr/bin/ceph: stderr
2024-06-01T00:46:32.519+0000 7fe39e22b640 1 -- --> [v2:172.21.15.79:3300/0,v1:172.21.15.79:6789/0] -- mon_getmap magic: 0 v1 -- 0x7fe398199de0 con 0x7fe398105c40
2024-06-01T00:46:33.294 INFO:teuthology.orchestra.run.smithi079.stdout:/usr/bin/ceph: stderr
2024-06-01T00:46:32.520+0000 7fe3977fe640 1 --2- >> [v2:172.21.15.79:3300/0,v1:172.21.15.79:6789/0] conn(0x7fe398105c40 0x7fe3981998a0 unknown :-1 s=BANNER_CONNECTING pgs=0 cs=0 l=1 rev1=0 crypto rx=0 tx=0 comp rx=0 tx=0)._handle_peer_banner_payload supported=3 required=0
2024-06-01T00:46:33.294 INFO:teuthology.orchestra.run.smithi079.stdout:/usr/bin/ceph: stderr
2024-06-01T00:46:32.520+0000 7fe3977fe640 1 --2- >> [v2:172.21.15.79:3300/0,v1:172.21.15.79:6789/0] conn(0x7fe398105c40 0x7fe3981998a0 unknown :-1 s=HELLO_CONNECTING pgs=0 cs=0 l=1 rev1=1 crypto rx=0 tx=0 comp rx=0 tx=0).handle_hello peer v2:172.21.15.79:3300/0 says I am v2:172.21.15.79:51356/0 (socket says 172.21.15.79:51356)
2024-06-01T00:46:33.295 INFO:teuthology.orchestra.run.smithi079.stdout:/usr/bin/ceph: stderr
2024-06-01T00:46:32.520+0000 7fe3977fe640 1 -- 172.21.15.79:0/1586750193 learned_addr learned my addr 172.21.15.79:0/1586750193 (peer_addr_for_me v2:172.21.15.79:0/0)
2024-06-01T00:46:33.295 INFO:teuthology.orchestra.run.smithi079.stdout:/usr/bin/ceph: stderr
2024-06-01T00:46:32.520+0000 7fe3977fe640 1 -- 172.21.15.79:0/1586750193 --> [v2:172.21.15.79:3300/0,v1:172.21.15.79:6789/0] -- mon_subscribe({config=0+,monmap=0+}) v3 -- 0x7fe3880094d0 con 0x7fe398105c40
2024-06-01T00:46:33.295 INFO:teuthology.orchestra.run.smithi079.stdout:/usr/bin/ceph: stderr
2024-06-01T00:46:32.520+0000 7fe3977fe640 1 --2- 172.21.15.79:0/1586750193 >> [v2:172.21.15.79:3300/0,v1:172.21.15.79:6789/0] conn(0x7fe398105c40 0x7fe3981998a0 secure :-1 s=READY pgs=85 cs=0 l=1 rev1=1 crypto rx=0x7fe3880097f0 tx=0x7fe388030e90 comp rx=0 tx=0).ready entity=mon.0 client_cookie=0 server_cookie=0 in_seq=0 out_seq=0
2024-06-01T00:46:33.295 INFO:teuthology.orchestra.run.smithi079.stdout:/usr/bin/ceph: stderr
2024-06-01T00:46:32.520+0000 7fe3957fa640 1 -- 172.21.15.79:0/1586750193 <== mon.0 v2:172.21.15.79:3300/0 1 ==== mon_map magic: 0 v1 ==== 229+0+0 (secure 0 0 0) 0x7fe388040070 con 0x7fe398105c40
2024-06-01T00:46:33.295 INFO:teuthology.orchestra.run.smithi079.stdout:/usr/bin/ceph: stderr
2024-06-01T00:46:32.520+0000 7fe39e22b640 1 -- 172.21.15.79:0/1586750193 --> [v2:172.21.15.79:3300/0,v1:172.21.15.79:6789/0] -- mon_subscribe({mgrmap=0+}) v3 -- 0x7fe398199fe0 con 0x7fe398105c40
2024-06-01T00:46:33.295 INFO:teuthology.orchestra.run.smithi079.stdout:/usr/bin/ceph: stderr
2024-06-01T00:46:32.520+0000 7fe3957fa640 1 -- 172.21.15.79:0/1586750193 <== mon.0 v2:172.21.15.79:3300/0 2 ==== config(27 keys) v1 ==== 1109+0+0 (secure 0 0 0) 0x7fe388032dd0 con 0x7fe398105c40
2024-06-01T00:46:33.295 INFO:teuthology.orchestra.run.smithi079.stdout:/usr/bin/ceph: stderr
2024-06-01T00:46:32.520+0000 7fe3957fa640 1 -- 172.21.15.79:0/1586750193 <== mon.0 v2:172.21.15.79:3300/0 3 ==== mon_map magic: 0 v1 ==== 229+0+0 (secure 0 0 0) 0x7fe38803a800 con 0x7fe398105c40
2024-06-01T00:46:33.295 INFO:teuthology.orchestra.run.smithi079.stdout:/usr/bin/ceph: stderr
2024-06-01T00:46:32.520+0000 7fe39e22b640 1 -- 172.21.15.79:0/1586750193 --> [v2:172.21.15.79:3300/0,v1:172.21.15.79:6789/0] -- mon_subscribe({osdmap=0}) v3 -- 0x7fe39819a480 con 0x7fe398105c40
2024-06-01T00:46:33.295 INFO:teuthology.orchestra.run.smithi079.stdout:/usr/bin/ceph: stderr
2024-06-01T00:46:32.521+0000 7fe3957fa640 1 -- 172.21.15.79:0/1586750193 <== mon.0 v2:172.21.15.79:3300/0 4 ==== mgrmap(e 12) v1 ==== 44879+0+0 (secure 0 0 0) 0x7fe38803a960 con 0x7fe398105c40
2024-06-01T00:46:33.295 INFO:teuthology.orchestra.run.smithi079.stdout:/usr/bin/ceph: stderr
2024-06-01T00:46:32.521+0000 7fe3957fa640 1 --2- 172.21.15.79:0/1586750193 >> [v2:172.21.15.79:6800/3983389754,v1:172.21.15.79:6801/3983389754] conn(0x7fe3840378b0 0x7fe384039d70 unknown :-1 s=NONE pgs=0 cs=0 l=1 rev1=0 crypto rx=0 tx=0 comp rx=0 tx=0).connect
2024-06-01T00:46:33.295 INFO:teuthology.orchestra.run.smithi079.stdout:/usr/bin/ceph: stderr
2024-06-01T00:46:32.521+0000 7fe3957fa640 1 -- 172.21.15.79:0/1586750193 <== mon.0 v2:172.21.15.79:3300/0 5 ==== osd_map(3..3 src has 1..3) v4 ==== 1155+0+0 (secure 0 0 0) 0x7fe38806a700 con 0x7fe398105c40
2024-06-01T00:46:33.295 INFO:teuthology.orchestra.run.smithi079.stdout:/usr/bin/ceph: stderr
2024-06-01T00:46:32.521+0000 7fe38ffff640 1 --2- 172.21.15.79:0/1586750193 >> [v2:172.21.15.79:6800/3983389754,v1:172.21.15.79:6801/3983389754] conn(0x7fe3840378b0 0x7fe384039d70 unknown :-1 s=BANNER_CONNECTING pgs=0 cs=0 l=1 rev1=0 crypto rx=0 tx=0 comp rx=0 tx=0)._handle_peer_banner_payload supported=3 required=0
2024-06-01T00:46:33.295 INFO:teuthology.orchestra.run.smithi079.stdout:/usr/bin/ceph: stderr
2024-06-01T00:46:32.521+0000 7fe39e22b640 1 -- 172.21.15.79:0/1586750193 --> [v2:172.21.15.79:3300/0,v1:172.21.15.79:6789/0] -- mon_command({"prefix": "get_command_descriptions"} v 0) v1 -- 0x7fe398061ae0 con 0x7fe398105c40
2024-06-01T00:46:33.295 INFO:teuthology.orchestra.run.smithi079.stdout:/usr/bin/ceph: stderr
2024-06-01T00:46:32.521+0000 7fe38ffff640 1 --2- 172.21.15.79:0/1586750193 >> [v2:172.21.15.79:6800/3983389754,v1:172.21.15.79:6801/3983389754] conn(0x7fe3840378b0 0x7fe384039d70 secure :-1 s=READY pgs=9 cs=0 l=1 rev1=1 crypto rx=0x7fe3800098c0 tx=0x7fe380006db0 comp rx=0 tx=0).ready entity=mgr.14162 client_cookie=0 server_cookie=0 in_seq=0 out_seq=0
2024-06-01T00:46:33.296 INFO:teuthology.orchestra.run.smithi079.stdout:/usr/bin/ceph: stderr
2024-06-01T00:46:32.526+0000 7fe3957fa640 1 -- 172.21.15.79:0/1586750193 <== mon.0 v2:172.21.15.79:3300/0 6 ==== mon_command_ack([{"prefix": "get_command_descriptions"}]=0 v0) v1 ==== 72+0+182498 (secure 0 0 0) 0x7fe388039b40 con 0x7fe398105c40
2024-06-01T00:46:33.296 INFO:teuthology.orchestra.run.smithi079.stdout:/usr/bin/ceph: stderr
2024-06-01T00:46:32.696+0000 7fe39e22b640 1 -- 172.21.15.79:0/1586750193 --> [v2:172.21.15.79:3300/0,v1:172.21.15.79:6789/0] -- mon_command({"prefix": "config get", "who": "mgr", "key": "mgr/dashboard/ssl_server_port"} v 0) v1 -- 0x7fe39810a070 con 0x7fe398105c40
2024-06-01T00:46:33.296 INFO:teuthology.orchestra.run.smithi079.stdout:/usr/bin/ceph: stderr
2024-06-01T00:46:32.696+0000 7fe3957fa640 1 -- 172.21.15.79:0/1586750193 <== mon.0 v2:172.21.15.79:3300/0 7 ==== mon_command_ack([{"prefix": "config get", "who": "mgr", "key": "mgr/dashboard/ssl_server_port"}]=0 v8) v1 ==== 112+0+5 (secure 0 0 0) 0x7fe388031e70 con 0x7fe398105c40
2024-06-01T00:46:33.296 INFO:teuthology.orchestra.run.smithi079.stdout:/usr/bin/ceph: stderr
2024-06-01T00:46:32.698+0000 7fe39e22b640 1 -- 172.21.15.79:0/1586750193 >> [v2:172.21.15.79:6800/3983389754,v1:172.21.15.79:6801/3983389754] conn(0x7fe3840378b0 msgr2=0x7fe384039d70 secure :-1 s=STATE_CONNECTION_ESTABLISHED l=1).mark_down
2024-06-01T00:46:33.296 INFO:teuthology.orchestra.run.smithi079.stdout:/usr/bin/ceph: stderr
2024-06-01T00:46:32.698+0000 7fe39e22b640 1 --2- 172.21.15.79:0/1586750193 >> [v2:172.21.15.79:6800/3983389754,v1:172.21.15.79:6801/3983389754] conn(0x7fe3840378b0 0x7fe384039d70 secure :-1 s=READY pgs=9 cs=0 l=1 rev1=1 crypto rx=0x7fe3800098c0 tx=0x7fe380006db0 comp rx=0 tx=0).stop
2024-06-01T00:46:33.296 INFO:teuthology.orchestra.run.smithi079.stdout:/usr/bin/ceph: stderr
2024-06-01T00:46:32.698+0000 7fe39e22b640 1 -- 172.21.15.79:0/1586750193 >> [v2:172.21.15.79:3300/0,v1:172.21.15.79:6789/0] conn(0x7fe398105c40 msgr2=0x7fe3981998a0 secure :-1 s=STATE_CONNECTION_ESTABLISHED l=1).mark_down
2024-06-01T00:46:33.296 INFO:teuthology.orchestra.run.smithi079.stdout:/usr/bin/ceph: stderr
2024-06-01T00:46:32.698+0000 7fe39e22b640 1 --2- 172.21.15.79:0/1586750193 >> [v2:172.21.15.79:3300/0,v1:172.21.15.79:6789/0] conn(0x7fe398105c40 0x7fe3981998a0 secure :-1 s=READY pgs=85 cs=0 l=1 rev1=1 crypto rx=0x7fe3880097f0 tx=0x7fe388030e90 comp rx=0 tx=0).stop
2024-06-01T00:46:33.296 INFO:teuthology.orchestra.run.smithi079.stdout:/usr/bin/ceph: stderr
2024-06-01T00:46:32.698+0000 7fe39e22b640 1 -- 172.21.15.79:0/1586750193 shutdown_connections
2024-06-01T00:46:33.296 INFO:teuthology.orchestra.run.smithi079.stdout:/usr/bin/ceph: stderr
2024-06-01T00:46:32.698+0000 7fe39e22b640 1 --2- 172.21.15.79:0/1586750193 >> [v2:172.21.15.79:6800/3983389754,v1:172.21.15.79:6801/3983389754] conn(0x7fe3840378b0 0x7fe384039d70 unknown :-1 s=CLOSED pgs=9 cs=0 l=1 rev1=1 crypto rx=0 tx=0 comp rx=0 tx=0).stop
2024-06-01T00:46:33.296 INFO:teuthology.orchestra.run.smithi079.stdout:/usr/bin/ceph: stderr
2024-06-01T00:46:32.698+0000 7fe39e22b640 1 --2- 172.21.15.79:0/1586750193 >> [v2:172.21.15.79:3300/0,v1:172.21.15.79:6789/0] conn(0x7fe398105c40 0x7fe3981998a0 unknown :-1 s=CLOSED pgs=85 cs=0 l=1 rev1=1 crypto rx=0 tx=0 comp rx=0 tx=0).stop
2024-06-01T00:46:33.296 INFO:teuthology.orchestra.run.smithi079.stdout:/usr/bin/ceph: stderr
2024-06-01T00:46:32.698+0000 7fe39e22b640 1 -- 172.21.15.79:0/1586750193 >> 172.21.15.79:0/1586750193 conn(0x7fe3981011c0 msgr2=0x7fe398101b90 unknown :-1 s=STATE_NONE l=0).mark_down
2024-06-01T00:46:33.296 INFO:teuthology.orchestra.run.smithi079.stdout:/usr/bin/ceph: stderr
2024-06-01T00:46:32.699+0000 7fe39e22b640 1 -- 172.21.15.79:0/1586750193 shutdown_connections
2024-06-01T00:46:33.296 INFO:teuthology.orchestra.run.smithi079.stdout:/usr/bin/ceph: stderr
2024-06-01T00:46:32.699+0000 7fe39e22b640 1 -- 172.21.15.79:0/1586750193 wait complete.
2024-06-01T00:46:33.299 INFO:teuthology.orchestra.run.smithi079.stdout:Non-zero exit code 1 from systemctl is-enabled firewalld.service
2024-06-01T00:46:33.299 INFO:teuthology.orchestra.run.smithi079.stdout:systemctl: stdout disabled
2024-06-01T00:46:33.306 INFO:teuthology.orchestra.run.smithi079.stdout:Non-zero exit code 3 from systemctl is-active firewalld.service
2024-06-01T00:46:33.307 INFO:teuthology.orchestra.run.smithi079.stdout:systemctl: stdout inactive
2024-06-01T00:46:33.307 INFO:teuthology.orchestra.run.smithi079.stdout:firewalld.service is not enabled
2024-06-01T00:46:33.307 INFO:teuthology.orchestra.run.smithi079.stdout:Not possible to open ports <[8443]>. firewalld.service is not available
2024-06-01T00:46:33.309 INFO:teuthology.orchestra.run.smithi079.stdout:Ceph Dashboard is now available at:
2024-06-01T00:46:33.309 INFO:teuthology.orchestra.run.smithi079.stdout:
2024-06-01T00:46:33.309 INFO:teuthology.orchestra.run.smithi079.stdout: URL: https://smithi079.front.sepia.ceph.com:8443/
2024-06-01T00:46:33.309 INFO:teuthology.orchestra.run.smithi079.stdout: User: admin
2024-06-01T00:46:33.309 INFO:teuthology.orchestra.run.smithi079.stdout: Password: f3eg8lseqp
2024-06-01T00:46:33.309 INFO:teuthology.orchestra.run.smithi079.stdout:
2024-06-01T00:46:33.309 INFO:teuthology.orchestra.run.smithi079.stdout:Saving cluster configuration to /var/lib/ceph/22870f5e-1fb0-11ef-bc9b-c7b262605968/config directory
2024-06-01T00:46:33.309 INFO:teuthology.orchestra.run.smithi079.stdout:Enabling autotune for osd_memory_target
2024-06-01T00:46:34.356 INFO:journalctl@ceph.mon.smithi079.smithi079.stdout:Jun 01 00:46:34 smithi079 ceph-mon[29356]: mgrmap e13: smithi079.emylav(active, since 6s)
2024-06-01T00:46:34.486 INFO:teuthology.orchestra.run.smithi079.stdout:/usr/bin/ceph: stderr
2024-06-01T00:46:33.717+0000 7f5c31894640 1 Processor -- start
2024-06-01T00:46:34.487 INFO:teuthology.orchestra.run.smithi079.stdout:/usr/bin/ceph: stderr
2024-06-01T00:46:33.717+0000 7f5c31894640 1 -- start start
2024-06-01T00:46:34.487 INFO:teuthology.orchestra.run.smithi079.stdout:/usr/bin/ceph: stderr
2024-06-01T00:46:33.717+0000 7f5c31894640 1 --2- >> [v2:172.21.15.79:3300/0,v1:172.21.15.79:6789/0] conn(0x7f5c2c1066e0 0x7f5c2c108ad0 unknown :-1 s=NONE pgs=0 cs=0 l=0 rev1=0 crypto rx=0 tx=0 comp rx=0 tx=0).connect
