2024-06-02T22:22:01.852+0000 7f3b2a600700 1 -- 172.21.15.31:0/51985786 >> 172.21.15.31:0/51985786 conn(0x7f3b24103560 msgr2=0x7f3b241040b0 unknown :-1 s=STATE_NONE l=0).mark_down
2024-06-02T22:22:02.547 INFO:teuthology.orchestra.run.smithi031.stdout:/usr/bin/ceph: stderr
2024-06-02T22:22:01.852+0000 7f3b2a600700 1 -- 172.21.15.31:0/51985786 shutdown_connections
2024-06-02T22:22:02.547 INFO:teuthology.orchestra.run.smithi031.stdout:/usr/bin/ceph: stderr
2024-06-02T22:22:01.852+0000 7f3b2a600700 1 -- 172.21.15.31:0/51985786 wait complete.
2024-06-02T22:22:02.547 INFO:teuthology.orchestra.run.smithi031.stdout:mgr not available, waiting (3/15)...
2024-06-02T22:22:02.870 INFO:journalctl@ceph.mgr.x.smithi031.stdout:Jun 02 22:22:02 smithi031 ceph-52c9257e-212e-11ef-bc9b-c7b262605968-mgr-x[31996]:
2024-06-02T22:22:02.630+0000 7f1ab69d5200 -1 mgr[py] Module status has missing NOTIFY_TYPES member
2024-06-02T22:22:03.371 INFO:journalctl@ceph.mgr.x.smithi031.stdout:Jun 02 22:22:02 smithi031 ceph-52c9257e-212e-11ef-bc9b-c7b262605968-mgr-x[31996]:
2024-06-02T22:22:02.928+0000 7f1ab69d5200 -1 mgr[py] Module nfs has missing NOTIFY_TYPES member
2024-06-02T22:22:03.371 INFO:journalctl@ceph.mon.a.smithi031.stdout:Jun 02 22:22:02 smithi031 ceph-mon[31767]: Activating manager daemon x
2024-06-02T22:22:03.371 INFO:journalctl@ceph.mon.a.smithi031.stdout:Jun 02 22:22:02 smithi031 ceph-mon[31767]: mgrmap e2: x(active, starting, since 0.0110273s)
2024-06-02T22:22:03.371 INFO:journalctl@ceph.mon.a.smithi031.stdout:Jun 02 22:22:02 smithi031 ceph-mon[31767]: from='mgr.14100 172.21.15.31:0/3961915930' entity='mgr.x' cmd=[{"prefix": "mds metadata"}]: dispatch
2024-06-02T22:22:03.371 INFO:journalctl@ceph.mon.a.smithi031.stdout:Jun 02 22:22:02 smithi031 ceph-mon[31767]: from='mgr.14100 172.21.15.31:0/3961915930' entity='mgr.x' cmd=[{"prefix": "osd metadata"}]: dispatch
2024-06-02T22:22:03.372 INFO:journalctl@ceph.mon.a.smithi031.stdout:Jun 02 22:22:02 smithi031 ceph-mon[31767]: from='mgr.14100 172.21.15.31:0/3961915930' entity='mgr.x' cmd=[{"prefix": "mon metadata"}]: dispatch
2024-06-02T22:22:03.372 INFO:journalctl@ceph.mon.a.smithi031.stdout:Jun 02 22:22:02 smithi031 ceph-mon[31767]: from='mgr.14100 172.21.15.31:0/3961915930' entity='mgr.x' cmd=[{"prefix": "mds metadata"}]: dispatch
2024-06-02T22:22:03.372 INFO:journalctl@ceph.mon.a.smithi031.stdout:Jun 02 22:22:02 smithi031 ceph-mon[31767]: from='mgr.14100 172.21.15.31:0/3961915930' entity='mgr.x' cmd=[{"prefix": "osd metadata"}]: dispatch
2024-06-02T22:22:03.372 INFO:journalctl@ceph.mon.a.smithi031.stdout:Jun 02 22:22:02 smithi031 ceph-mon[31767]: from='mgr.14100 172.21.15.31:0/3961915930' entity='mgr.x' cmd=[{"prefix": "mon metadata"}]: dispatch
2024-06-02T22:22:03.372 INFO:journalctl@ceph.mon.a.smithi031.stdout:Jun 02 22:22:02 smithi031 ceph-mon[31767]: from='mgr.14100 172.21.15.31:0/3961915930' entity='mgr.x' cmd=[{"prefix": "mon metadata", "id": "a"}]: dispatch
2024-06-02T22:22:03.372 INFO:journalctl@ceph.mon.a.smithi031.stdout:Jun 02 22:22:02 smithi031 ceph-mon[31767]: from='mgr.14100 172.21.15.31:0/3961915930' entity='mgr.x' cmd=[{"prefix": "mgr metadata", "who": "x", "id": "x"}]: dispatch
2024-06-02T22:22:03.372 INFO:journalctl@ceph.mon.a.smithi031.stdout:Jun 02 22:22:02 smithi031 ceph-mon[31767]: Manager daemon x is now available
2024-06-02T22:22:03.372 INFO:journalctl@ceph.mon.a.smithi031.stdout:Jun 02 22:22:02 smithi031 ceph-mon[31767]: from='mgr.14100 172.21.15.31:0/3961915930' entity='mgr.x' cmd=[{"prefix":"config rm","who":"mgr","name":"mgr/rbd_support/x/mirror_snapshot_schedule"}]: dispatch
2024-06-02T22:22:03.372 INFO:journalctl@ceph.mon.a.smithi031.stdout:Jun 02 22:22:02 smithi031 ceph-mon[31767]: from='mgr.14100 172.21.15.31:0/3961915930' entity='mgr.x' cmd=[{"prefix":"config rm","who":"mgr","name":"mgr/rbd_support/x/trash_purge_schedule"}]: dispatch
2024-06-02T22:22:03.372 INFO:journalctl@ceph.mon.a.smithi031.stdout:Jun 02 22:22:02 smithi031 ceph-mon[31767]: from='mgr.14100 172.21.15.31:0/3961915930' entity='mgr.x'
2024-06-02T22:22:03.372 INFO:journalctl@ceph.mon.a.smithi031.stdout:Jun 02 22:22:02 smithi031 ceph-mon[31767]: from='mgr.14100 172.21.15.31:0/3961915930' entity='mgr.x'
2024-06-02T22:22:03.372 INFO:journalctl@ceph.mon.a.smithi031.stdout:Jun 02 22:22:02 smithi031 ceph-mon[31767]: from='mgr.14100 172.21.15.31:0/3961915930' entity='mgr.x'
2024-06-02T22:22:05.371 INFO:journalctl@ceph.mon.a.smithi031.stdout:Jun 02 22:22:04 smithi031 ceph-mon[31767]: mgrmap e3: x(active, since 1.02108s)
2024-06-02T22:22:06.176 INFO:journalctl@ceph.mon.a.smithi031.stdout:Jun 02 22:22:05 smithi031 ceph-mon[31767]: mgrmap e4: x(active, since 2s)
2024-06-02T22:22:06.176 INFO:journalctl@ceph.mon.a.smithi031.stdout:Jun 02 22:22:05 smithi031 ceph-mon[31767]: from='client.? 172.21.15.31:0/226149943' entity='client.admin' cmd=[{"prefix": "status", "format": "json-pretty"}]: dispatch
2024-06-02T22:22:06.186 INFO:teuthology.orchestra.run.smithi031.stdout:/usr/bin/ceph: stdout
2024-06-02T22:22:06.186 INFO:teuthology.orchestra.run.smithi031.stdout:/usr/bin/ceph: stdout {
2024-06-02T22:22:06.186 INFO:teuthology.orchestra.run.smithi031.stdout:/usr/bin/ceph: stdout "fsid": "52c9257e-212e-11ef-bc9b-c7b262605968",
2024-06-02T22:22:06.186 INFO:teuthology.orchestra.run.smithi031.stdout:/usr/bin/ceph: stdout "health": {
2024-06-02T22:22:06.186 INFO:teuthology.orchestra.run.smithi031.stdout:/usr/bin/ceph: stdout "status": "HEALTH_OK",
2024-06-02T22:22:06.186 INFO:teuthology.orchestra.run.smithi031.stdout:/usr/bin/ceph: stdout "checks": {},
2024-06-02T22:22:06.186 INFO:teuthology.orchestra.run.smithi031.stdout:/usr/bin/ceph: stdout "mutes": []
2024-06-02T22:22:06.186 INFO:teuthology.orchestra.run.smithi031.stdout:/usr/bin/ceph: stdout },
2024-06-02T22:22:06.186 INFO:teuthology.orchestra.run.smithi031.stdout:/usr/bin/ceph: stdout "election_epoch": 5,
2024-06-02T22:22:06.186 INFO:teuthology.orchestra.run.smithi031.stdout:/usr/bin/ceph: stdout "quorum": [
2024-06-02T22:22:06.187 INFO:teuthology.orchestra.run.smithi031.stdout:/usr/bin/ceph: stdout 0
2024-06-02T22:22:06.187 INFO:teuthology.orchestra.run.smithi031.stdout:/usr/bin/ceph: stdout ],
2024-06-02T22:22:06.187 INFO:teuthology.orchestra.run.smithi031.stdout:/usr/bin/ceph: stdout "quorum_names": [
2024-06-02T22:22:06.187 INFO:teuthology.orchestra.run.smithi031.stdout:/usr/bin/ceph: stdout "a"
2024-06-02T22:22:06.187 INFO:teuthology.orchestra.run.smithi031.stdout:/usr/bin/ceph: stdout ],
2024-06-02T22:22:06.187 INFO:teuthology.orchestra.run.smithi031.stdout:/usr/bin/ceph: stdout "quorum_age": 15,
2024-06-02T22:22:06.187 INFO:teuthology.orchestra.run.smithi031.stdout:/usr/bin/ceph: stdout "monmap": {
2024-06-02T22:22:06.187 INFO:teuthology.orchestra.run.smithi031.stdout:/usr/bin/ceph: stdout "epoch": 1,
2024-06-02T22:22:06.187 INFO:teuthology.orchestra.run.smithi031.stdout:/usr/bin/ceph: stdout "min_mon_release_name": "squid",
2024-06-02T22:22:06.187 INFO:teuthology.orchestra.run.smithi031.stdout:/usr/bin/ceph: stdout "num_mons": 1
2024-06-02T22:22:06.187 INFO:teuthology.orchestra.run.smithi031.stdout:/usr/bin/ceph: stdout },
2024-06-02T22:22:06.187 INFO:teuthology.orchestra.run.smithi031.stdout:/usr/bin/ceph: stdout "osdmap": {
2024-06-02T22:22:06.188 INFO:teuthology.orchestra.run.smithi031.stdout:/usr/bin/ceph: stdout "epoch": 1,
2024-06-02T22:22:06.188 INFO:teuthology.orchestra.run.smithi031.stdout:/usr/bin/ceph: stdout "num_osds": 0,
2024-06-02T22:22:06.188 INFO:teuthology.orchestra.run.smithi031.stdout:/usr/bin/ceph: stdout "num_up_osds": 0,
2024-06-02T22:22:06.196 INFO:teuthology.orchestra.run.smithi031.stdout:/usr/bin/ceph: stdout "osd_up_since": 0,
2024-06-02T22:22:06.196 INFO:teuthology.orchestra.run.smithi031.stdout:/usr/bin/ceph: stdout "num_in_osds": 0,
2024-06-02T22:22:06.197 INFO:teuthology.orchestra.run.smithi031.stdout:/usr/bin/ceph: stdout "osd_in_since": 0,
2024-06-02T22:22:06.197 INFO:teuthology.orchestra.run.smithi031.stdout:/usr/bin/ceph: stdout "num_remapped_pgs": 0
2024-06-02T22:22:06.197 INFO:teuthology.orchestra.run.smithi031.stdout:/usr/bin/ceph: stdout },
2024-06-02T22:22:06.197 INFO:teuthology.orchestra.run.smithi031.stdout:/usr/bin/ceph: stdout "pgmap": {
2024-06-02T22:22:06.197 INFO:teuthology.orchestra.run.smithi031.stdout:/usr/bin/ceph: stdout "pgs_by_state": [],
2024-06-02T22:22:06.197 INFO:teuthology.orchestra.run.smithi031.stdout:/usr/bin/ceph: stdout "num_pgs": 0,
2024-06-02T22:22:06.197 INFO:teuthology.orchestra.run.smithi031.stdout:/usr/bin/ceph: stdout "num_pools": 0,
2024-06-02T22:22:06.197 INFO:teuthology.orchestra.run.smithi031.stdout:/usr/bin/ceph: stdout "num_objects": 0,
2024-06-02T22:22:06.197 INFO:teuthology.orchestra.run.smithi031.stdout:/usr/bin/ceph: stdout "data_bytes": 0,
2024-06-02T22:22:06.197 INFO:teuthology.orchestra.run.smithi031.stdout:/usr/bin/ceph: stdout "bytes_used": 0,
2024-06-02T22:22:06.197 INFO:teuthology.orchestra.run.smithi031.stdout:/usr/bin/ceph: stdout "bytes_avail": 0,
2024-06-02T22:22:06.197 INFO:teuthology.orchestra.run.smithi031.stdout:/usr/bin/ceph: stdout "bytes_total": 0
2024-06-02T22:22:06.197 INFO:teuthology.orchestra.run.smithi031.stdout:/usr/bin/ceph: stdout },
2024-06-02T22:22:06.198 INFO:teuthology.orchestra.run.smithi031.stdout:/usr/bin/ceph: stdout "fsmap": {
2024-06-02T22:22:06.198 INFO:teuthology.orchestra.run.smithi031.stdout:/usr/bin/ceph: stdout "epoch": 1,
2024-06-02T22:22:06.198 INFO:teuthology.orchestra.run.smithi031.stdout:/usr/bin/ceph: stdout "by_rank": [],
2024-06-02T22:22:06.198 INFO:teuthology.orchestra.run.smithi031.stdout:/usr/bin/ceph: stdout "up:standby": 0
2024-06-02T22:22:06.198 INFO:teuthology.orchestra.run.smithi031.stdout:/usr/bin/ceph: stdout },
2024-06-02T22:22:06.198 INFO:teuthology.orchestra.run.smithi031.stdout:/usr/bin/ceph: stdout "mgrmap": {
2024-06-02T22:22:06.198 INFO:teuthology.orchestra.run.smithi031.stdout:/usr/bin/ceph: stdout "available": true,
2024-06-02T22:22:06.198 INFO:teuthology.orchestra.run.smithi031.stdout:/usr/bin/ceph: stdout "num_standbys": 0,
2024-06-02T22:22:06.198 INFO:teuthology.orchestra.run.smithi031.stdout:/usr/bin/ceph: stdout "modules": [
2024-06-02T22:22:06.198 INFO:teuthology.orchestra.run.smithi031.stdout:/usr/bin/ceph: stdout "iostat",
2024-06-02T22:22:06.198 INFO:teuthology.orchestra.run.smithi031.stdout:/usr/bin/ceph: stdout "nfs",
2024-06-02T22:22:06.198 INFO:teuthology.orchestra.run.smithi031.stdout:/usr/bin/ceph: stdout "restful"
2024-06-02T22:22:06.199 INFO:teuthology.orchestra.run.smithi031.stdout:/usr/bin/ceph: stdout ],
2024-06-02T22:22:06.199 INFO:teuthology.orchestra.run.smithi031.stdout:/usr/bin/ceph: stdout "services": {}
2024-06-02T22:22:06.199 INFO:teuthology.orchestra.run.smithi031.stdout:/usr/bin/ceph: stdout },
2024-06-02T22:22:06.199 INFO:teuthology.orchestra.run.smithi031.stdout:/usr/bin/ceph: stdout "servicemap": {
2024-06-02T22:22:06.199 INFO:teuthology.orchestra.run.smithi031.stdout:/usr/bin/ceph: stdout "epoch": 1,
2024-06-02T22:22:06.199 INFO:teuthology.orchestra.run.smithi031.stdout:/usr/bin/ceph: stdout "modified": "2024-06-02T22:21:34.835857+0000",
2024-06-02T22:22:06.199 INFO:teuthology.orchestra.run.smithi031.stdout:/usr/bin/ceph: stdout "services": {}
2024-06-02T22:22:06.199 INFO:teuthology.orchestra.run.smithi031.stdout:/usr/bin/ceph: stdout },
2024-06-02T22:22:06.199 INFO:teuthology.orchestra.run.smithi031.stdout:/usr/bin/ceph: stdout "progress_events": {}
2024-06-02T22:22:06.199 INFO:teuthology.orchestra.run.smithi031.stdout:/usr/bin/ceph: stdout }
2024-06-02T22:22:06.199 INFO:teuthology.orchestra.run.smithi031.stdout:/usr/bin/ceph: stderr
2024-06-02T22:22:05.182+0000 7fbcf7e00700 1 Processor -- start
2024-06-02T22:22:06.199 INFO:teuthology.orchestra.run.smithi031.stdout:/usr/bin/ceph: stderr
2024-06-02T22:22:05.182+0000 7fbcf7e00700 1 -- start start
2024-06-02T22:22:06.199 INFO:teuthology.orchestra.run.smithi031.stdout:/usr/bin/ceph: stderr
2024-06-02T22:22:05.183+0000 7fbcf7e00700 1 --2- >> [v2:172.21.15.31:3300/0,v1:172.21.15.31:6789/0] conn(0x7fbcf0108070 0x7fbcf0108490 unknown :-1 s=NONE pgs=0 cs=0 l=0 rev1=0 crypto rx=0 tx=0 comp rx=0 tx=0).connect
2024-06-02T22:22:06.200 INFO:teuthology.orchestra.run.smithi031.stdout:/usr/bin/ceph: stderr
2024-06-02T22:22:05.183+0000 7fbcf7e00700 1 -- --> [v2:172.21.15.31:3300/0,v1:172.21.15.31:6789/0] -- mon_getmap magic: 0 -- 0x7fbcf0108a60 con 0x7fbcf0108070
2024-06-02T22:22:06.200 INFO:teuthology.orchestra.run.smithi031.stdout:/usr/bin/ceph: stderr
2024-06-02T22:22:05.183+0000 7fbcf5400700 1 --2- >> [v2:172.21.15.31:3300/0,v1:172.21.15.31:6789/0] conn(0x7fbcf0108070 0x7fbcf0108490 unknown :-1 s=BANNER_CONNECTING pgs=0 cs=0 l=0 rev1=0 crypto rx=0 tx=0 comp rx=0 tx=0)._handle_peer_banner_payload supported=3 required=0
2024-06-02T22:22:06.200 INFO:teuthology.orchestra.run.smithi031.stdout:/usr/bin/ceph: stderr
2024-06-02T22:22:05.183+0000 7fbcf5400700 1 --2- >> [v2:172.21.15.31:3300/0,v1:172.21.15.31:6789/0] conn(0x7fbcf0108070 0x7fbcf0108490 unknown :-1 s=HELLO_CONNECTING pgs=0 cs=0 l=0 rev1=1 crypto rx=0 tx=0 comp rx=0 tx=0).handle_hello peer v2:172.21.15.31:3300/0 says I am v2:172.21.15.31:44264/0 (socket says 172.21.15.31:44264)
2024-06-02T22:22:06.200 INFO:teuthology.orchestra.run.smithi031.stdout:/usr/bin/ceph: stderr
2024-06-02T22:22:05.183+0000 7fbcf5400700 1 -- 172.21.15.31:0/3484999781 learned_addr learned my addr 172.21.15.31:0/3484999781 (peer_addr_for_me v2:172.21.15.31:0/0)
2024-06-02T22:22:06.200 INFO:teuthology.orchestra.run.smithi031.stdout:/usr/bin/ceph: stderr
2024-06-02T22:22:05.184+0000 7fbcf5400700 1 -- 172.21.15.31:0/3484999781 --> [v2:172.21.15.31:3300/0,v1:172.21.15.31:6789/0] -- mon_subscribe({config=0+,monmap=0+}) -- 0x7fbcf01091d0 con 0x7fbcf0108070
2024-06-02T22:22:06.200 INFO:teuthology.orchestra.run.smithi031.stdout:/usr/bin/ceph: stderr
2024-06-02T22:22:05.184+0000 7fbcf5400700 1 --2- 172.21.15.31:0/3484999781 >> [v2:172.21.15.31:3300/0,v1:172.21.15.31:6789/0] conn(0x7fbcf0108070 0x7fbcf0108490 secure :-1 s=READY pgs=18 cs=0 l=1 rev1=1 crypto rx=0x7fbce40098a0 tx=0x7fbce4009bb0 comp rx=0 tx=0).ready entity=mon.0 client_cookie=1a4f31a1214a59d3 server_cookie=0 in_seq=0 out_seq=0
2024-06-02T22:22:06.200 INFO:teuthology.orchestra.run.smithi031.stdout:/usr/bin/ceph: stderr
2024-06-02T22:22:05.184+0000 7fbcefe00700 1 -- 172.21.15.31:0/3484999781 <== mon.0 v2:172.21.15.31:3300/0 1 ==== mon_map magic: 0 ==== 205+0+0 (secure 0 0 0) 0x7fbce4004160 con 0x7fbcf0108070
2024-06-02T22:22:06.200 INFO:teuthology.orchestra.run.smithi031.stdout:/usr/bin/ceph: stderr
2024-06-02T22:22:05.184+0000 7fbcefe00700 1 -- 172.21.15.31:0/3484999781 <== mon.0 v2:172.21.15.31:3300/0 2 ==== config(27 keys) ==== 1109+0+0 (secure 0 0 0) 0x7fbce4004300 con 0x7fbcf0108070
2024-06-02T22:22:06.200 INFO:teuthology.orchestra.run.smithi031.stdout:/usr/bin/ceph: stderr
2024-06-02T22:22:05.184+0000 7fbcefe00700 1 -- 172.21.15.31:0/3484999781 <== mon.0 v2:172.21.15.31:3300/0 3 ==== mon_map magic: 0 ==== 205+0+0 (secure 0 0 0) 0x7fbce4011b50 con 0x7fbcf0108070
2024-06-02T22:22:06.200 INFO:teuthology.orchestra.run.smithi031.stdout:/usr/bin/ceph: stderr
2024-06-02T22:22:05.185+0000 7fbcf7e00700 1 -- 172.21.15.31:0/3484999781 >> [v2:172.21.15.31:3300/0,v1:172.21.15.31:6789/0] conn(0x7fbcf0108070 msgr2=0x7fbcf0108490 secure :-1 s=STATE_CONNECTION_ESTABLISHED l=1).mark_down
2024-06-02T22:22:06.200 INFO:teuthology.orchestra.run.smithi031.stdout:/usr/bin/ceph: stderr
2024-06-02T22:22:05.185+0000 7fbcf7e00700 1 --2- 172.21.15.31:0/3484999781 >> [v2:172.21.15.31:3300/0,v1:172.21.15.31:6789/0] conn(0x7fbcf0108070 0x7fbcf0108490 secure :-1 s=READY pgs=18 cs=0 l=1 rev1=1 crypto rx=0x7fbce40098a0 tx=0x7fbce4009bb0 comp rx=0 tx=0).stop
2024-06-02T22:22:06.200 INFO:teuthology.orchestra.run.smithi031.stdout:/usr/bin/ceph: stderr
2024-06-02T22:22:05.185+0000 7fbcf7e00700 1 -- 172.21.15.31:0/3484999781 shutdown_connections
2024-06-02T22:22:06.201 INFO:teuthology.orchestra.run.smithi031.stdout:/usr/bin/ceph: stderr
2024-06-02T22:22:05.185+0000 7fbcf7e00700 1 --2- 172.21.15.31:0/3484999781 >> [v2:172.21.15.31:3300/0,v1:172.21.15.31:6789/0] conn(0x7fbcf0108070 0x7fbcf0108490 unknown :-1 s=CLOSED pgs=18 cs=0 l=1 rev1=1 crypto rx=0 tx=0 comp rx=0 tx=0).stop
2024-06-02T22:22:06.201 INFO:teuthology.orchestra.run.smithi031.stdout:/usr/bin/ceph: stderr
2024-06-02T22:22:05.185+0000 7fbcf7e00700 1 -- 172.21.15.31:0/3484999781 >> 172.21.15.31:0/3484999781 conn(0x7fbcf01035f0 msgr2=0x7fbcf0105a50 unknown :-1 s=STATE_NONE l=0).mark_down
2024-06-02T22:22:06.201 INFO:teuthology.orchestra.run.smithi031.stdout:/usr/bin/ceph: stderr
2024-06-02T22:22:05.185+0000 7fbcf7e00700 1 -- 172.21.15.31:0/3484999781 shutdown_connections
2024-06-02T22:22:06.201 INFO:teuthology.orchestra.run.smithi031.stdout:/usr/bin/ceph: stderr
2024-06-02T22:22:05.185+0000 7fbcf7e00700 1 -- 172.21.15.31:0/3484999781 wait complete.
2024-06-02T22:22:06.201 INFO:teuthology.orchestra.run.smithi031.stdout:/usr/bin/ceph: stderr
2024-06-02T22:22:05.187+0000 7fbcf7e00700 1 Processor -- start
2024-06-02T22:22:06.201 INFO:teuthology.orchestra.run.smithi031.stdout:/usr/bin/ceph: stderr
2024-06-02T22:22:05.187+0000 7fbcf7e00700 1 -- start start
2024-06-02T22:22:06.201 INFO:teuthology.orchestra.run.smithi031.stdout:/usr/bin/ceph: stderr
2024-06-02T22:22:05.187+0000 7fbcf7e00700 1 --2- >> [v2:172.21.15.31:3300/0,v1:172.21.15.31:6789/0] conn(0x7fbcf0108070 0x7fbcf019bf10 unknown :-1 s=NONE pgs=0 cs=0 l=1 rev1=0 crypto rx=0 tx=0 comp rx=0 tx=0).connect
2024-06-02T22:22:06.201 INFO:teuthology.orchestra.run.smithi031.stdout:/usr/bin/ceph: stderr
2024-06-02T22:22:05.187+0000 7fbcf7e00700 1 -- --> [v2:172.21.15.31:3300/0,v1:172.21.15.31:6789/0] -- mon_getmap magic: 0 -- 0x7fbcf010c580 con 0x7fbcf0108070
2024-06-02T22:22:06.201 INFO:teuthology.orchestra.run.smithi031.stdout:/usr/bin/ceph: stderr
2024-06-02T22:22:05.187+0000 7fbcf5400700 1 --2- >> [v2:172.21.15.31:3300/0,v1:172.21.15.31:6789/0] conn(0x7fbcf0108070 0x7fbcf019bf10 unknown :-1 s=BANNER_CONNECTING pgs=0 cs=0 l=1 rev1=0 crypto rx=0 tx=0 comp rx=0 tx=0)._handle_peer_banner_payload supported=3 required=0
2024-06-02T22:22:06.201 INFO:teuthology.orchestra.run.smithi031.stdout:/usr/bin/ceph: stderr
2024-06-02T22:22:05.187+0000 7fbcf5400700 1 --2- >> [v2:172.21.15.31:3300/0,v1:172.21.15.31:6789/0] conn(0x7fbcf0108070 0x7fbcf019bf10 unknown :-1 s=HELLO_CONNECTING pgs=0 cs=0 l=1 rev1=1 crypto rx=0 tx=0 comp rx=0 tx=0).handle_hello peer v2:172.21.15.31:3300/0 says I am v2:172.21.15.31:44272/0 (socket says 172.21.15.31:44272)
2024-06-02T22:22:06.201 INFO:teuthology.orchestra.run.smithi031.stdout:/usr/bin/ceph: stderr
2024-06-02T22:22:05.187+0000 7fbcf5400700 1 -- 172.21.15.31:0/226149943 learned_addr learned my addr 172.21.15.31:0/226149943 (peer_addr_for_me v2:172.21.15.31:0/0)
2024-06-02T22:22:06.202 INFO:teuthology.orchestra.run.smithi031.stdout:/usr/bin/ceph: stderr
2024-06-02T22:22:05.188+0000 7fbcf5400700 1 -- 172.21.15.31:0/226149943 --> [v2:172.21.15.31:3300/0,v1:172.21.15.31:6789/0] -- mon_subscribe({config=0+,monmap=0+}) -- 0x7fbcf019c450 con 0x7fbcf0108070
2024-06-02T22:22:06.202 INFO:teuthology.orchestra.run.smithi031.stdout:/usr/bin/ceph: stderr
2024-06-02T22:22:05.188+0000 7fbcf5400700 1 --2- 172.21.15.31:0/226149943 >> [v2:172.21.15.31:3300/0,v1:172.21.15.31:6789/0] conn(0x7fbcf0108070 0x7fbcf019bf10 secure :-1 s=READY pgs=19 cs=0 l=1 rev1=1 crypto rx=0x7fbce4000c00 tx=0x7fbce4011c10 comp rx=0 tx=0).ready entity=mon.0 client_cookie=0 server_cookie=0 in_seq=0 out_seq=0
2024-06-02T22:22:06.202 INFO:teuthology.orchestra.run.smithi031.stdout:/usr/bin/ceph: stderr
2024-06-02T22:22:05.188+0000 7fbcee000700 1 -- 172.21.15.31:0/226149943 <== mon.0 v2:172.21.15.31:3300/0 1 ==== mon_map magic: 0 ==== 205+0+0 (secure 0 0 0) 0x7fbce4003b20 con 0x7fbcf0108070
2024-06-02T22:22:06.202 INFO:teuthology.orchestra.run.smithi031.stdout:/usr/bin/ceph: stderr
2024-06-02T22:22:05.188+0000 7fbcee000700 1 -- 172.21.15.31:0/226149943 <== mon.0 v2:172.21.15.31:3300/0 2 ==== config(27 keys) ==== 1109+0+0 (secure 0 0 0) 0x7fbce4003cc0 con 0x7fbcf0108070
2024-06-02T22:22:06.202 INFO:teuthology.orchestra.run.smithi031.stdout:/usr/bin/ceph: stderr
2024-06-02T22:22:05.188+0000 7fbcf7e00700 1 -- 172.21.15.31:0/226149943 --> [v2:172.21.15.31:3300/0,v1:172.21.15.31:6789/0] -- mon_subscribe({mgrmap=0+}) -- 0x7fbcf019c6e0 con 0x7fbcf0108070
2024-06-02T22:22:06.202 INFO:teuthology.orchestra.run.smithi031.stdout:/usr/bin/ceph: stderr
2024-06-02T22:22:05.188+0000 7fbcee000700 1 -- 172.21.15.31:0/226149943 <== mon.0 v2:172.21.15.31:3300/0 3 ==== mon_map magic: 0 ==== 205+0+0 (secure 0 0 0) 0x7fbce4024910 con 0x7fbcf0108070
2024-06-02T22:22:06.202 INFO:teuthology.orchestra.run.smithi031.stdout:/usr/bin/ceph: stderr
2024-06-02T22:22:05.189+0000 7fbcf7e00700 1 -- 172.21.15.31:0/226149943 --> [v2:172.21.15.31:3300/0,v1:172.21.15.31:6789/0] -- mon_subscribe({osdmap=0}) -- 0x7fbcf019f3d0 con 0x7fbcf0108070
2024-06-02T22:22:06.202 INFO:teuthology.orchestra.run.smithi031.stdout:/usr/bin/ceph: stderr
2024-06-02T22:22:05.190+0000 7fbcee000700 1 -- 172.21.15.31:0/226149943 <== mon.0 v2:172.21.15.31:3300/0 4 ==== mgrmap(e 4) ==== 46276+0+0 (secure 0 0 0) 0x7fbce4022020 con 0x7fbcf0108070
2024-06-02T22:22:06.202 INFO:teuthology.orchestra.run.smithi031.stdout:/usr/bin/ceph: stderr
2024-06-02T22:22:05.190+0000 7fbcf7e00700 1 -- 172.21.15.31:0/226149943 --> [v2:172.21.15.31:3300/0,v1:172.21.15.31:6789/0] -- mon_command({"prefix": "get_command_descriptions"} v 0) -- 0x7fbcf0063af0 con 0x7fbcf0108070
2024-06-02T22:22:06.202 INFO:teuthology.orchestra.run.smithi031.stdout:/usr/bin/ceph: stderr
2024-06-02T22:22:05.190+0000 7fbcee000700 1 --2- 172.21.15.31:0/226149943 >> [v2:172.21.15.31:6800/3345202686,v1:172.21.15.31:6801/3345202686] conn(0x7fbcd8039050 0x7fbcd803b510 unknown :-1 s=NONE pgs=0 cs=0 l=1 rev1=0 crypto rx=0 tx=0 comp rx=0 tx=0).connect
2024-06-02T22:22:06.202 INFO:teuthology.orchestra.run.smithi031.stdout:/usr/bin/ceph: stderr
2024-06-02T22:22:05.190+0000 7fbcee000700 1 -- 172.21.15.31:0/226149943 <== mon.0 v2:172.21.15.31:3300/0 5 ==== osd_map(1..1 src has 1..1) ==== 725+0+0 (secure 0 0 0) 0x7fbce4011e00 con 0x7fbcf0108070
2024-06-02T22:22:06.202 INFO:teuthology.orchestra.run.smithi031.stdout:/usr/bin/ceph: stderr
2024-06-02T22:22:05.191+0000 7fbcf4a00700 1 --2- 172.21.15.31:0/226149943 >> [v2:172.21.15.31:6800/3345202686,v1:172.21.15.31:6801/3345202686] conn(0x7fbcd8039050 0x7fbcd803b510 unknown :-1 s=BANNER_CONNECTING pgs=0 cs=0 l=1 rev1=0 crypto rx=0 tx=0 comp rx=0 tx=0)._handle_peer_banner_payload supported=3 required=0
2024-06-02T22:22:06.203 INFO:teuthology.orchestra.run.smithi031.stdout:/usr/bin/ceph: stderr
2024-06-02T22:22:05.191+0000 7fbcf4a00700 1 --2- 172.21.15.31:0/226149943 >> [v2:172.21.15.31:6800/3345202686,v1:172.21.15.31:6801/3345202686] conn(0x7fbcd8039050 0x7fbcd803b510 secure :-1 s=READY pgs=6 cs=0 l=1 rev1=1 crypto rx=0x7fbcdc006fd0 tx=0x7fbcdc006e40 comp rx=0 tx=0).ready entity=mgr.14100 client_cookie=0 server_cookie=0 in_seq=0 out_seq=0
2024-06-02T22:22:06.203 INFO:teuthology.orchestra.run.smithi031.stdout:/usr/bin/ceph: stderr
2024-06-02T22:22:05.197+0000 7fbcee000700 1 -- 172.21.15.31:0/226149943 <== mon.0 v2:172.21.15.31:3300/0 6 ==== mon_command_ack([{"prefix": "get_command_descriptions"}]=0 v0) ==== 72+0+186418 (secure 0 0 0) 0x7fbce404ca90 con 0x7fbcf0108070
2024-06-02T22:22:06.203 INFO:teuthology.orchestra.run.smithi031.stdout:/usr/bin/ceph: stderr
2024-06-02T22:22:05.517+0000 7fbcf7e00700 1 -- 172.21.15.31:0/226149943 --> [v2:172.21.15.31:3300/0,v1:172.21.15.31:6789/0] -- mon_command({"prefix": "status", "format": "json-pretty"} v 0) -- 0x7fbcf019f5a0 con 0x7fbcf0108070
2024-06-02T22:22:06.203 INFO:teuthology.orchestra.run.smithi031.stdout:/usr/bin/ceph: stderr
2024-06-02T22:22:05.518+0000 7fbcee000700 1 -- 172.21.15.31:0/226149943 <== mon.0 v2:172.21.15.31:3300/0 7 ==== mon_command_ack([{"prefix": "status", "format": "json-pretty"}]=0 v0) ==== 79+0+1239 (secure 0 0 0) 0x7fbcf019f5a0 con 0x7fbcf0108070
2024-06-02T22:22:06.203 INFO:teuthology.orchestra.run.smithi031.stdout:/usr/bin/ceph: stderr
2024-06-02T22:22:05.521+0000 7fbcf7e00700 1 -- 172.21.15.31:0/226149943 >> [v2:172.21.15.31:6800/3345202686,v1:172.21.15.31:6801/3345202686] conn(0x7fbcd8039050 msgr2=0x7fbcd803b510 secure :-1 s=STATE_CONNECTION_ESTABLISHED l=1).mark_down
2024-06-02T22:22:06.203 INFO:teuthology.orchestra.run.smithi031.stdout:/usr/bin/ceph: stderr
2024-06-02T22:22:05.521+0000 7fbcf7e00700 1 --2- 172.21.15.31:0/226149943 >> [v2:172.21.15.31:6800/3345202686,v1:172.21.15.31:6801/3345202686] conn(0x7fbcd8039050 0x7fbcd803b510 secure :-1 s=READY pgs=6 cs=0 l=1 rev1=1 crypto rx=0x7fbcdc006fd0 tx=0x7fbcdc006e40 comp rx=0 tx=0).stop
2024-06-02T22:22:06.203 INFO:teuthology.orchestra.run.smithi031.stdout:/usr/bin/ceph: stderr
2024-06-02T22:22:05.521+0000 7fbcf7e00700 1 -- 172.21.15.31:0/226149943 >> [v2:172.21.15.31:3300/0,v1:172.21.15.31:6789/0] conn(0x7fbcf0108070 msgr2=0x7fbcf019bf10 secure :-1 s=STATE_CONNECTION_ESTABLISHED l=1).mark_down
2024-06-02T22:22:06.203 INFO:teuthology.orchestra.run.smithi031.stdout:/usr/bin/ceph: stderr
2024-06-02T22:22:05.521+0000 7fbcf7e00700 1 --2- 172.21.15.31:0/226149943 >> [v2:172.21.15.31:3300/0,v1:172.21.15.31:6789/0] conn(0x7fbcf0108070 0x7fbcf019bf10 secure :-1 s=READY pgs=19 cs=0 l=1 rev1=1 crypto rx=0x7fbce4000c00 tx=0x7fbce4011c10 comp rx=0 tx=0).stop
2024-06-02T22:22:06.203 INFO:teuthology.orchestra.run.smithi031.stdout:/usr/bin/ceph: stderr
2024-06-02T22:22:05.522+0000 7fbcf7e00700 1 -- 172.21.15.31:0/226149943 shutdown_connections
2024-06-02T22:22:06.203 INFO:teuthology.orchestra.run.smithi031.stdout:/usr/bin/ceph: stderr
2024-06-02T22:22:05.522+0000 7fbcf7e00700 1 --2- 172.21.15.31:0/226149943 >> [v2:172.21.15.31:6800/3345202686,v1:172.21.15.31:6801/3345202686] conn(0x7fbcd8039050 0x7fbcd803b510 unknown :-1 s=CLOSED pgs=6 cs=0 l=1 rev1=1 crypto rx=0 tx=0 comp rx=0 tx=0).stop
2024-06-02T22:22:06.203 INFO:teuthology.orchestra.run.smithi031.stdout:/usr/bin/ceph: stderr
2024-06-02T22:22:05.522+0000 7fbcf7e00700 1 --2- 172.21.15.31:0/226149943 >> [v2:172.21.15.31:3300/0,v1:172.21.15.31:6789/0] conn(0x7fbcf0108070 0x7fbcf019bf10 unknown :-1 s=CLOSED pgs=19 cs=0 l=1 rev1=1 crypto rx=0 tx=0 comp rx=0 tx=0).stop
2024-06-02T22:22:06.203 INFO:teuthology.orchestra.run.smithi031.stdout:/usr/bin/ceph: stderr
2024-06-02T22:22:05.522+0000 7fbcf7e00700 1 -- 172.21.15.31:0/226149943 >> 172.21.15.31:0/226149943 conn(0x7fbcf01035f0 msgr2=0x7fbcf0104150 unknown :-1 s=STATE_NONE l=0).mark_down
2024-06-02T22:22:06.203 INFO:teuthology.orchestra.run.smithi031.stdout:/usr/bin/ceph: stderr
2024-06-02T22:22:05.522+0000 7fbcf7e00700 1 -- 172.21.15.31:0/226149943 shutdown_connections
2024-06-02T22:22:06.204 INFO:teuthology.orchestra.run.smithi031.stdout:/usr/bin/ceph: stderr
2024-06-02T22:22:05.522+0000 7fbcf7e00700 1 -- 172.21.15.31:0/226149943 wait complete.
2024-06-02T22:22:06.204 INFO:teuthology.orchestra.run.smithi031.stdout:mgr is available
2024-06-02T22:22:07.371 INFO:journalctl@ceph.mon.a.smithi031.stdout:Jun 02 22:22:07 smithi031 ceph-mon[31767]: from='client.? 172.21.15.31:0/2909555403' entity='client.admin' cmd=[{"prefix": "config assimilate-conf"}]: dispatch
2024-06-02T22:22:07.831 INFO:teuthology.orchestra.run.smithi031.stdout:/usr/bin/ceph: stdout
2024-06-02T22:22:07.832 INFO:teuthology.orchestra.run.smithi031.stdout:/usr/bin/ceph: stdout [global]
2024-06-02T22:22:07.832 INFO:teuthology.orchestra.run.smithi031.stdout:/usr/bin/ceph: stdout fsid = 52c9257e-212e-11ef-bc9b-c7b262605968
2024-06-02T22:22:07.832 INFO:teuthology.orchestra.run.smithi031.stdout:/usr/bin/ceph: stdout mon_osd_allow_pg_remap = true
2024-06-02T22:22:07.832 INFO:teuthology.orchestra.run.smithi031.stdout:/usr/bin/ceph: stdout mon_osd_allow_primary_affinity = true
2024-06-02T22:22:07.832 INFO:teuthology.orchestra.run.smithi031.stdout:/usr/bin/ceph: stdout mon_warn_on_no_sortbitwise = false
2024-06-02T22:22:07.832 INFO:teuthology.orchestra.run.smithi031.stdout:/usr/bin/ceph: stdout osd_crush_chooseleaf_type = 0
2024-06-02T22:22:07.832 INFO:teuthology.orchestra.run.smithi031.stdout:/usr/bin/ceph: stdout
2024-06-02T22:22:07.832 INFO:teuthology.orchestra.run.smithi031.stdout:/usr/bin/ceph: stdout [mgr]
2024-06-02T22:22:07.832 INFO:teuthology.orchestra.run.smithi031.stdout:/usr/bin/ceph: stdout mgr/telemetry/nag = false
2024-06-02T22:22:07.832 INFO:teuthology.orchestra.run.smithi031.stdout:/usr/bin/ceph: stdout
2024-06-02T22:22:07.832 INFO:teuthology.orchestra.run.smithi031.stdout:/usr/bin/ceph: stdout [osd]
2024-06-02T22:22:07.838 INFO:teuthology.orchestra.run.smithi031.stdout:/usr/bin/ceph: stdout mon_osd_backfillfull_ratio = 0.85
2024-06-02T22:22:07.838 INFO:teuthology.orchestra.run.smithi031.stdout:/usr/bin/ceph: stdout mon_osd_full_ratio = 0.9
2024-06-02T22:22:07.838 INFO:teuthology.orchestra.run.smithi031.stdout:/usr/bin/ceph: stdout mon_osd_nearfull_ratio = 0.8
2024-06-02T22:22:07.838 INFO:teuthology.orchestra.run.smithi031.stdout:/usr/bin/ceph: stdout osd_map_max_advance = 10
2024-06-02T22:22:07.838 INFO:teuthology.orchestra.run.smithi031.stdout:/usr/bin/ceph: stdout osd_sloppy_crc = true
2024-06-02T22:22:07.839 INFO:teuthology.orchestra.run.smithi031.stdout:/usr/bin/ceph: stderr
2024-06-02T22:22:06.832+0000 7fe01e800700 1 Processor -- start
2024-06-02T22:22:07.839 INFO:teuthology.orchestra.run.smithi031.stdout:/usr/bin/ceph: stderr
2024-06-02T22:22:06.833+0000 7fe01e800700 1 -- start start
2024-06-02T22:22:07.839 INFO:teuthology.orchestra.run.smithi031.stdout:/usr/bin/ceph: stderr
2024-06-02T22:22:06.833+0000 7fe01e800700 1 --2- >> [v2:172.21.15.31:3300/0,v1:172.21.15.31:6789/0] conn(0x7fe01810a170 0x7fe01810a590 unknown :-1 s=NONE pgs=0 cs=0 l=0 rev1=0 crypto rx=0 tx=0 comp rx=0 tx=0).connect
2024-06-02T22:22:07.839 INFO:teuthology.orchestra.run.smithi031.stdout:/usr/bin/ceph: stderr
2024-06-02T22:22:06.833+0000 7fe01e800700 1 -- --> [v2:172.21.15.31:3300/0,v1:172.21.15.31:6789/0] -- mon_getmap magic: 0 -- 0x7fe01810ab60 con 0x7fe01810a170
2024-06-02T22:22:07.839 INFO:teuthology.orchestra.run.smithi031.stdout:/usr/bin/ceph: stderr
2024-06-02T22:22:06.833+0000 7fe017400700 1 --2- >> [v2:172.21.15.31:3300/0,v1:172.21.15.31:6789/0] conn(0x7fe01810a170 0x7fe01810a590 unknown :-1 s=BANNER_CONNECTING pgs=0 cs=0 l=0 rev1=0 crypto rx=0 tx=0 comp rx=0 tx=0)._handle_peer_banner_payload supported=3 required=0
2024-06-02T22:22:07.839 INFO:teuthology.orchestra.run.smithi031.stdout:/usr/bin/ceph: stderr
2024-06-02T22:22:06.834+0000 7fe017400700 1 --2- >> [v2:172.21.15.31:3300/0,v1:172.21.15.31:6789/0] conn(0x7fe01810a170 0x7fe01810a590 unknown :-1 s=HELLO_CONNECTING pgs=0 cs=0 l=0 rev1=1 crypto rx=0 tx=0 comp rx=0 tx=0).handle_hello peer v2:172.21.15.31:3300/0 says I am v2:172.21.15.31:44282/0 (socket says 172.21.15.31:44282)
2024-06-02T22:22:07.839 INFO:teuthology.orchestra.run.smithi031.stdout:/usr/bin/ceph: stderr
2024-06-02T22:22:06.834+0000 7fe017400700 1 -- 172.21.15.31:0/2739090068 learned_addr learned my addr 172.21.15.31:0/2739090068 (peer_addr_for_me v2:172.21.15.31:0/0)
2024-06-02T22:22:07.839 INFO:teuthology.orchestra.run.smithi031.stdout:/usr/bin/ceph: stderr
2024-06-02T22:22:06.834+0000 7fe017400700 1 -- 172.21.15.31:0/2739090068 --> [v2:172.21.15.31:3300/0,v1:172.21.15.31:6789/0] -- mon_subscribe({config=0+,monmap=0+}) -- 0x7fe01810b380 con 0x7fe01810a170
2024-06-02T22:22:07.839 INFO:teuthology.orchestra.run.smithi031.stdout:/usr/bin/ceph: stderr
2024-06-02T22:22:06.834+0000 7fe017400700 1 --2- 172.21.15.31:0/2739090068 >> [v2:172.21.15.31:3300/0,v1:172.21.15.31:6789/0] conn(0x7fe01810a170 0x7fe01810a590 secure :-1 s=READY pgs=20 cs=0 l=1 rev1=1 crypto rx=0x7fe008009e80 tx=0x7fe00800b330 comp rx=0 tx=0).ready entity=mon.0 client_cookie=3197c452ff55ef29 server_cookie=0 in_seq=0 out_seq=0
2024-06-02T22:22:07.840 INFO:teuthology.orchestra.run.smithi031.stdout:/usr/bin/ceph: stderr
2024-06-02T22:22:06.835+0000 7fe016a00700 1 -- 172.21.15.31:0/2739090068 <== mon.0 v2:172.21.15.31:3300/0 1 ==== mon_map magic: 0 ==== 205+0+0 (secure 0 0 0) 0x7fe008017070 con 0x7fe01810a170
2024-06-02T22:22:07.840 INFO:teuthology.orchestra.run.smithi031.stdout:/usr/bin/ceph: stderr
2024-06-02T22:22:06.835+0000 7fe016a00700 1 -- 172.21.15.31:0/2739090068 <== mon.0 v2:172.21.15.31:3300/0 2 ==== config(27 keys) ==== 1109+0+0 (secure 0 0 0) 0x7fe00800b8c0 con 0x7fe01810a170
2024-06-02T22:22:07.840 INFO:teuthology.orchestra.run.smithi031.stdout:/usr/bin/ceph: stderr
2024-06-02T22:22:06.835+0000 7fe016a00700 1 -- 172.21.15.31:0/2739090068 <== mon.0 v2:172.21.15.31:3300/0 3 ==== mon_map magic: 0 ==== 205+0+0 (secure 0 0 0) 0x7fe0080045c0 con 0x7fe01810a170
2024-06-02T22:22:07.840 INFO:teuthology.orchestra.run.smithi031.stdout:/usr/bin/ceph: stderr
2024-06-02T22:22:06.835+0000 7fe01e800700 1 -- 172.21.15.31:0/2739090068 >> [v2:172.21.15.31:3300/0,v1:172.21.15.31:6789/0] conn(0x7fe01810a170 msgr2=0x7fe01810a590 secure :-1 s=STATE_CONNECTION_ESTABLISHED l=1).mark_down
2024-06-02T22:22:07.840 INFO:teuthology.orchestra.run.smithi031.stdout:/usr/bin/ceph: stderr
2024-06-02T22:22:06.835+0000 7fe01e800700 1 --2- 172.21.15.31:0/2739090068 >> [v2:172.21.15.31:3300/0,v1:172.21.15.31:6789/0] conn(0x7fe01810a170 0x7fe01810a590 secure :-1 s=READY pgs=20 cs=0 l=1 rev1=1 crypto rx=0x7fe008009e80 tx=0x7fe00800b330 comp rx=0 tx=0).stop
2024-06-02T22:22:07.840 INFO:teuthology.orchestra.run.smithi031.stdout:/usr/bin/ceph: stderr
2024-06-02T22:22:06.835+0000 7fe01e800700 1 -- 172.21.15.31:0/2739090068 shutdown_connections
2024-06-02T22:22:07.840 INFO:teuthology.orchestra.run.smithi031.stdout:/usr/bin/ceph: stderr
2024-06-02T22:22:06.835+0000 7fe01e800700 1 --2- 172.21.15.31:0/2739090068 >> [v2:172.21.15.31:3300/0,v1:172.21.15.31:6789/0] conn(0x7fe01810a170 0x7fe01810a590 unknown :-1 s=CLOSED pgs=20 cs=0 l=1 rev1=1 crypto rx=0 tx=0 comp rx=0 tx=0).stop
2024-06-02T22:22:07.840 INFO:teuthology.orchestra.run.smithi031.stdout:/usr/bin/ceph: stderr
2024-06-02T22:22:06.835+0000 7fe01e800700 1 -- 172.21.15.31:0/2739090068 >> 172.21.15.31:0/2739090068 conn(0x7fe01807d640 msgr2=0x7fe01807da50 unknown :-1 s=STATE_NONE l=0).mark_down
2024-06-02T22:22:07.840 INFO:teuthology.orchestra.run.smithi031.stdout:/usr/bin/ceph: stderr
2024-06-02T22:22:06.835+0000 7fe01e800700 1 -- 172.21.15.31:0/2739090068 shutdown_connections
2024-06-02T22:22:07.840 INFO:teuthology.orchestra.run.smithi031.stdout:/usr/bin/ceph: stderr
2024-06-02T22:22:06.836+0000 7fe01e800700 1 -- 172.21.15.31:0/2739090068 wait complete.
2024-06-02T22:22:07.840 INFO:teuthology.orchestra.run.smithi031.stdout:/usr/bin/ceph: stderr
2024-06-02T22:22:06.836+0000 7fe01e800700 1 Processor -- start
2024-06-02T22:22:07.841 INFO:teuthology.orchestra.run.smithi031.stdout:/usr/bin/ceph: stderr
2024-06-02T22:22:06.837+0000 7fe01e800700 1 -- start start
2024-06-02T22:22:07.841 INFO:teuthology.orchestra.run.smithi031.stdout:/usr/bin/ceph: stderr
2024-06-02T22:22:06.837+0000 7fe01e800700 1 --2- >> [v2:172.21.15.31:3300/0,v1:172.21.15.31:6789/0] conn(0x7fe01810a170 0x7fe01819e0e0 unknown :-1 s=NONE pgs=0 cs=0 l=1 rev1=0 crypto rx=0 tx=0 comp rx=0 tx=0).connect
2024-06-02T22:22:07.841 INFO:teuthology.orchestra.run.smithi031.stdout:/usr/bin/ceph: stderr
2024-06-02T22:22:06.837+0000 7fe01e800700 1 -- --> [v2:172.21.15.31:3300/0,v1:172.21.15.31:6789/0] -- mon_getmap magic: 0 -- 0x7fe01810e730 con 0x7fe01810a170
2024-06-02T22:22:07.841 INFO:teuthology.orchestra.run.smithi031.stdout:/usr/bin/ceph: stderr
2024-06-02T22:22:06.837+0000 7fe017400700 1 --2- >> [v2:172.21.15.31:3300/0,v1:172.21.15.31:6789/0] conn(0x7fe01810a170 0x7fe01819e0e0 unknown :-1 s=BANNER_CONNECTING pgs=0 cs=0 l=1 rev1=0 crypto rx=0 tx=0 comp rx=0 tx=0)._handle_peer_banner_payload supported=3 required=0
2024-06-02T22:22:07.841 INFO:teuthology.orchestra.run.smithi031.stdout:/usr/bin/ceph: stderr
2024-06-02T22:22:06.837+0000 7fe017400700 1 --2- >> [v2:172.21.15.31:3300/0,v1:172.21.15.31:6789/0] conn(0x7fe01810a170 0x7fe01819e0e0 unknown :-1 s=HELLO_CONNECTING pgs=0 cs=0 l=1 rev1=1 crypto rx=0 tx=0 comp rx=0 tx=0).handle_hello peer v2:172.21.15.31:3300/0 says I am v2:172.21.15.31:44284/0 (socket says 172.21.15.31:44284)
2024-06-02T22:22:07.841 INFO:teuthology.orchestra.run.smithi031.stdout:/usr/bin/ceph: stderr
2024-06-02T22:22:06.837+0000 7fe017400700 1 -- 172.21.15.31:0/2909555403 learned_addr learned my addr 172.21.15.31:0/2909555403 (peer_addr_for_me v2:172.21.15.31:0/0)
2024-06-02T22:22:07.841 INFO:teuthology.orchestra.run.smithi031.stdout:/usr/bin/ceph: stderr
2024-06-02T22:22:06.838+0000 7fe017400700 1 -- 172.21.15.31:0/2909555403 --> [v2:172.21.15.31:3300/0,v1:172.21.15.31:6789/0] -- mon_subscribe({config=0+,monmap=0+}) -- 0x7fe01819e620 con 0x7fe01810a170
2024-06-02T22:22:07.841 INFO:teuthology.orchestra.run.smithi031.stdout:/usr/bin/ceph: stderr
2024-06-02T22:22:06.838+0000 7fe017400700 1 --2- 172.21.15.31:0/2909555403 >> [v2:172.21.15.31:3300/0,v1:172.21.15.31:6789/0] conn(0x7fe01810a170 0x7fe01819e0e0 secure :-1 s=READY pgs=21 cs=0 l=1 rev1=1 crypto rx=0x7fe008004210 tx=0x7fe00800bd50 comp rx=0 tx=0).ready entity=mon.0 client_cookie=0 server_cookie=0 in_seq=0 out_seq=0
2024-06-02T22:22:07.841 INFO:teuthology.orchestra.run.smithi031.stdout:/usr/bin/ceph: stderr
2024-06-02T22:22:06.838+0000 7fe014c00700 1 -- 172.21.15.31:0/2909555403 <== mon.0 v2:172.21.15.31:3300/0 1 ==== mon_map magic: 0 ==== 205+0+0 (secure 0 0 0) 0x7fe008020020 con 0x7fe01810a170
2024-06-02T22:22:07.841 INFO:teuthology.orchestra.run.smithi031.stdout:/usr/bin/ceph: stderr
2024-06-02T22:22:06.838+0000 7fe014c00700 1 -- 172.21.15.31:0/2909555403 <== mon.0 v2:172.21.15.31:3300/0 2 ==== config(27 keys) ==== 1109+0+0 (secure 0 0 0) 0x7fe008003b50 con 0x7fe01810a170
2024-06-02T22:22:07.842 INFO:teuthology.orchestra.run.smithi031.stdout:/usr/bin/ceph: stderr
2024-06-02T22:22:06.838+0000 7fe01e800700 1 -- 172.21.15.31:0/2909555403 --> [v2:172.21.15.31:3300/0,v1:172.21.15.31:6789/0] -- mon_subscribe({mgrmap=0+}) -- 0x7fe01819e8b0 con 0x7fe01810a170
2024-06-02T22:22:07.842 INFO:teuthology.orchestra.run.smithi031.stdout:/usr/bin/ceph: stderr
2024-06-02T22:22:06.838+0000 7fe014c00700 1 -- 172.21.15.31:0/2909555403 <== mon.0 v2:172.21.15.31:3300/0 3 ==== mon_map magic: 0 ==== 205+0+0 (secure 0 0 0) 0x7fe008017040 con 0x7fe01810a170
2024-06-02T22:22:07.842 INFO:teuthology.orchestra.run.smithi031.stdout:/usr/bin/ceph: stderr
2024-06-02T22:22:06.838+0000 7fe01e800700 1 -- 172.21.15.31:0/2909555403 --> [v2:172.21.15.31:3300/0,v1:172.21.15.31:6789/0] -- mon_subscribe({osdmap=0}) -- 0x7fe0181a15a0 con 0x7fe01810a170
2024-06-02T22:22:07.842 INFO:teuthology.orchestra.run.smithi031.stdout:/usr/bin/ceph: stderr
2024-06-02T22:22:06.840+0000 7fe01e800700 1 -- 172.21.15.31:0/2909555403 --> [v2:172.21.15.31:3300/0,v1:172.21.15.31:6789/0] -- mon_command({"prefix": "get_command_descriptions"} v 0) -- 0x7fe018063af0 con 0x7fe01810a170
2024-06-02T22:22:07.842 INFO:teuthology.orchestra.run.smithi031.stdout:/usr/bin/ceph: stderr
2024-06-02T22:22:06.840+0000 7fe014c00700 1 -- 172.21.15.31:0/2909555403 <== mon.0 v2:172.21.15.31:3300/0 4 ==== mgrmap(e 4) ==== 46276+0+0 (secure 0 0 0) 0x7fe008023020 con 0x7fe01810a170
2024-06-02T22:22:07.842 INFO:teuthology.orchestra.run.smithi031.stdout:/usr/bin/ceph: stderr
2024-06-02T22:22:06.840+0000 7fe014c00700 1 --2- 172.21.15.31:0/2909555403 >> [v2:172.21.15.31:6800/3345202686,v1:172.21.15.31:6801/3345202686] conn(0x7fdffc039050 0x7fdffc03b510 unknown :-1 s=NONE pgs=0 cs=0 l=1 rev1=0 crypto rx=0 tx=0 comp rx=0 tx=0).connect
2024-06-02T22:22:07.842 INFO:teuthology.orchestra.run.smithi031.stdout:/usr/bin/ceph: stderr
2024-06-02T22:22:06.841+0000 7fe014c00700 1 -- 172.21.15.31:0/2909555403 <== mon.0 v2:172.21.15.31:3300/0 5 ==== osd_map(1..1 src has 1..1) ==== 725+0+0 (secure 0 0 0) 0x7fe00800f050 con 0x7fe01810a170
2024-06-02T22:22:07.842 INFO:teuthology.orchestra.run.smithi031.stdout:/usr/bin/ceph: stderr
2024-06-02T22:22:06.841+0000 7fe00fe00700 1 --2- 172.21.15.31:0/2909555403 >> [v2:172.21.15.31:6800/3345202686,v1:172.21.15.31:6801/3345202686] conn(0x7fdffc039050 0x7fdffc03b510 unknown :-1 s=BANNER_CONNECTING pgs=0 cs=0 l=1 rev1=0 crypto rx=0 tx=0 comp rx=0 tx=0)._handle_peer_banner_payload supported=3 required=0
2024-06-02T22:22:07.842 INFO:teuthology.orchestra.run.smithi031.stdout:/usr/bin/ceph: stderr
2024-06-02T22:22:06.842+0000 7fe00fe00700 1 --2- 172.21.15.31:0/2909555403 >> [v2:172.21.15.31:6800/3345202686,v1:172.21.15.31:6801/3345202686] conn(0x7fdffc039050 0x7fdffc03b510 secure :-1 s=READY pgs=7 cs=0 l=1 rev1=1 crypto rx=0x7fe000006fd0 tx=0x7fe000006e40 comp rx=0 tx=0).ready entity=mgr.14100 client_cookie=0 server_cookie=0 in_seq=0 out_seq=0
2024-06-02T22:22:07.842 INFO:teuthology.orchestra.run.smithi031.stdout:/usr/bin/ceph: stderr
2024-06-02T22:22:06.846+0000 7fe014c00700 1 -- 172.21.15.31:0/2909555403 <== mon.0 v2:172.21.15.31:3300/0 6 ==== mon_command_ack([{"prefix": "get_command_descriptions"}]=0 v0) ==== 72+0+186418 (secure 0 0 0) 0x7fe00802a020 con 0x7fe01810a170
2024-06-02T22:22:07.843 INFO:teuthology.orchestra.run.smithi031.stdout:/usr/bin/ceph: stderr
2024-06-02T22:22:07.074+0000 7fe01e800700 1 -- 172.21.15.31:0/2909555403 --> [v2:172.21.15.31:3300/0,v1:172.21.15.31:6789/0] -- mon_command({"prefix": "config assimilate-conf"} v 0) -- 0x7fe0181a1770 con 0x7fe01810a170
2024-06-02T22:22:07.843 INFO:teuthology.orchestra.run.smithi031.stdout:/usr/bin/ceph: stderr
2024-06-02T22:22:07.076+0000 7fe014c00700 1 -- 172.21.15.31:0/2909555403 <== mon.0 v2:172.21.15.31:3300/0 7 ==== mon_command_ack([{"prefix": "config assimilate-conf"}]=0 v3) ==== 70+0+373 (secure 0 0 0) 0x7fe0181a1770 con 0x7fe01810a170
2024-06-02T22:22:07.843 INFO:teuthology.orchestra.run.smithi031.stdout:/usr/bin/ceph: stderr
2024-06-02T22:22:07.080+0000 7fe01e800700 1 -- 172.21.15.31:0/2909555403 >> [v2:172.21.15.31:6800/3345202686,v1:172.21.15.31:6801/3345202686] conn(0x7fdffc039050 msgr2=0x7fdffc03b510 secure :-1 s=STATE_CONNECTION_ESTABLISHED l=1).mark_down
2024-06-02T22:22:07.843 INFO:teuthology.orchestra.run.smithi031.stdout:/usr/bin/ceph: stderr
2024-06-02T22:22:07.080+0000 7fe01e800700 1 --2- 172.21.15.31:0/2909555403 >> [v2:172.21.15.31:6800/3345202686,v1:172.21.15.31:6801/3345202686] conn(0x7fdffc039050 0x7fdffc03b510 secure :-1 s=READY pgs=7 cs=0 l=1 rev1=1 crypto rx=0x7fe000006fd0 tx=0x7fe000006e40 comp rx=0 tx=0).stop
2024-06-02T22:22:07.843 INFO:teuthology.orchestra.run.smithi031.stdout:/usr/bin/ceph: stderr
2024-06-02T22:22:07.081+0000 7fe01e800700 1 -- 172.21.15.31:0/2909555403 >> [v2:172.21.15.31:3300/0,v1:172.21.15.31:6789/0] conn(0x7fe01810a170 msgr2=0x7fe01819e0e0 secure :-1 s=STATE_CONNECTION_ESTABLISHED l=1).mark_down
2024-06-02T22:22:07.843 INFO:teuthology.orchestra.run.smithi031.stdout:/usr/bin/ceph: stderr
2024-06-02T22:22:07.081+0000 7fe01e800700 1 --2- 172.21.15.31:0/2909555403 >> [v2:172.21.15.31:3300/0,v1:172.21.15.31:6789/0] conn(0x7fe01810a170 0x7fe01819e0e0 secure :-1 s=READY pgs=21 cs=0 l=1 rev1=1 crypto rx=0x7fe008004210 tx=0x7fe00800bd50 comp rx=0 tx=0).stop
2024-06-02T22:22:07.843 INFO:teuthology.orchestra.run.smithi031.stdout:/usr/bin/ceph: stderr
2024-06-02T22:22:07.081+0000 7fe01e800700 1 -- 172.21.15.31:0/2909555403 shutdown_connections
2024-06-02T22:22:07.843 INFO:teuthology.orchestra.run.smithi031.stdout:/usr/bin/ceph: stderr
2024-06-02T22:22:07.081+0000 7fe01e800700 1 --2- 172.21.15.31:0/2909555403 >> [v2:172.21.15.31:6800/3345202686,v1:172.21.15.31:6801/3345202686] conn(0x7fdffc039050 0x7fdffc03b510 unknown :-1 s=CLOSED pgs=7 cs=0 l=1 rev1=1 crypto rx=0 tx=0 comp rx=0 tx=0).stop
2024-06-02T22:22:07.843 INFO:teuthology.orchestra.run.smithi031.stdout:/usr/bin/ceph: stderr
2024-06-02T22:22:07.081+0000 7fe01e800700 1 --2- 172.21.15.31:0/2909555403 >> [v2:172.21.15.31:3300/0,v1:172.21.15.31:6789/0] conn(0x7fe01810a170 0x7fe01819e0e0 unknown :-1 s=CLOSED pgs=21 cs=0 l=1 rev1=1 crypto rx=0 tx=0 comp rx=0 tx=0).stop
2024-06-02T22:22:07.843 INFO:teuthology.orchestra.run.smithi031.stdout:/usr/bin/ceph: stderr
2024-06-02T22:22:07.081+0000 7fe01e800700 1 -- 172.21.15.31:0/2909555403 >> 172.21.15.31:0/2909555403 conn(0x7fe01807d640 msgr2=0x7fe018107cf0 unknown :-1 s=STATE_NONE l=0).mark_down
2024-06-02T22:22:07.843 INFO:teuthology.orchestra.run.smithi031.stdout:/usr/bin/ceph: stderr
2024-06-02T22:22:07.081+0000 7fe01e800700 1 -- 172.21.15.31:0/2909555403 shutdown_connections
2024-06-02T22:22:07.843 INFO:teuthology.orchestra.run.smithi031.stdout:/usr/bin/ceph: stderr
2024-06-02T22:22:07.081+0000 7fe01e800700 1 -- 172.21.15.31:0/2909555403 wait complete.
2024-06-02T22:22:07.844 INFO:teuthology.orchestra.run.smithi031.stdout:Enabling cephadm module...
2024-06-02T22:22:09.121 INFO:journalctl@ceph.mon.a.smithi031.stdout:Jun 02 22:22:08 smithi031 ceph-mon[31767]: from='client.? 172.21.15.31:0/1370662651' entity='client.admin' cmd=[{"prefix": "mgr module enable", "module": "cephadm"}]: dispatch
2024-06-02T22:22:09.121 INFO:journalctl@ceph.mgr.x.smithi031.stdout:Jun 02 22:22:08 smithi031 ceph-52c9257e-212e-11ef-bc9b-c7b262605968-mgr-x[31996]: ignoring --setuser ceph since I am not root
2024-06-02T22:22:09.121 INFO:journalctl@ceph.mgr.x.smithi031.stdout:Jun 02 22:22:08 smithi031 ceph-52c9257e-212e-11ef-bc9b-c7b262605968-mgr-x[31996]: ignoring --setgroup ceph since I am not root
2024-06-02T22:22:09.513 INFO:journalctl@ceph.mgr.x.smithi031.stdout:Jun 02 22:22:09 smithi031 ceph-52c9257e-212e-11ef-bc9b-c7b262605968-mgr-x[31996]:
2024-06-02T22:22:09.156+0000 7efeace65200 -1 mgr[py] Module balancer has missing NOTIFY_TYPES member
2024-06-02T22:22:09.513 INFO:journalctl@ceph.mgr.x.smithi031.stdout:Jun 02 22:22:09 smithi031 ceph-52c9257e-212e-11ef-bc9b-c7b262605968-mgr-x[31996]:
2024-06-02T22:22:09.404+0000 7efeace65200 -1 mgr[py] Module orchestrator has missing NOTIFY_TYPES member
2024-06-02T22:22:09.525 INFO:teuthology.orchestra.run.smithi031.stdout:/usr/bin/ceph: stderr
2024-06-02T22:22:08.499+0000 7f8e93600700 1 Processor -- start
2024-06-02T22:22:09.525 INFO:teuthology.orchestra.run.smithi031.stdout:/usr/bin/ceph: stderr
2024-06-02T22:22:08.500+0000 7f8e93600700 1 -- start start
2024-06-02T22:22:09.526 INFO:teuthology.orchestra.run.smithi031.stdout:/usr/bin/ceph: stderr
2024-06-02T22:22:08.500+0000 7f8e93600700 1 --2- >> [v2:172.21.15.31:3300/0,v1:172.21.15.31:6789/0] conn(0x7f8e8c107fb0 0x7f8e8c1083f0 unknown :-1 s=NONE pgs=0 cs=0 l=0 rev1=0 crypto rx=0 tx=0 comp rx=0 tx=0).connect
2024-06-02T22:22:09.526 INFO:teuthology.orchestra.run.smithi031.stdout:/usr/bin/ceph: stderr
2024-06-02T22:22:08.500+0000 7f8e93600700 1 -- --> [v2:172.21.15.31:3300/0,v1:172.21.15.31:6789/0] -- mon_getmap magic: 0 -- 0x7f8e8c108930 con 0x7f8e8c107fb0
2024-06-02T22:22:09.526 INFO:teuthology.orchestra.run.smithi031.stdout:/usr/bin/ceph: stderr
2024-06-02T22:22:08.500+0000 7f8e90c00700 1 --2- >> [v2:172.21.15.31:3300/0,v1:172.21.15.31:6789/0] conn(0x7f8e8c107fb0 0x7f8e8c1083f0 unknown :-1 s=BANNER_CONNECTING pgs=0 cs=0 l=0 rev1=0 crypto rx=0 tx=0 comp rx=0 tx=0)._handle_peer_banner_payload supported=3 required=0
2024-06-02T22:22:09.526 INFO:teuthology.orchestra.run.smithi031.stdout:/usr/bin/ceph: stderr
2024-06-02T22:22:08.500+0000 7f8e90c00700 1 --2- >> [v2:172.21.15.31:3300/0,v1:172.21.15.31:6789/0] conn(0x7f8e8c107fb0 0x7f8e8c1083f0 unknown :-1 s=HELLO_CONNECTING pgs=0 cs=0 l=0 rev1=1 crypto rx=0 tx=0 comp rx=0 tx=0).handle_hello peer v2:172.21.15.31:3300/0 says I am v2:172.21.15.31:44292/0 (socket says 172.21.15.31:44292)
2024-06-02T22:22:09.526 INFO:teuthology.orchestra.run.smithi031.stdout:/usr/bin/ceph: stderr
2024-06-02T22:22:08.500+0000 7f8e90c00700 1 -- 172.21.15.31:0/3762909292 learned_addr learned my addr 172.21.15.31:0/3762909292 (peer_addr_for_me v2:172.21.15.31:0/0)
2024-06-02T22:22:09.526 INFO:teuthology.orchestra.run.smithi031.stdout:/usr/bin/ceph: stderr
2024-06-02T22:22:08.501+0000 7f8e90c00700 1 -- 172.21.15.31:0/3762909292 --> [v2:172.21.15.31:3300/0,v1:172.21.15.31:6789/0] -- mon_subscribe({config=0+,monmap=0+}) -- 0x7f8e8c1090f0 con 0x7f8e8c107fb0
2024-06-02T22:22:09.526 INFO:teuthology.orchestra.run.smithi031.stdout:/usr/bin/ceph: stderr
2024-06-02T22:22:08.501+0000 7f8e90c00700 1 --2- 172.21.15.31:0/3762909292 >> [v2:172.21.15.31:3300/0,v1:172.21.15.31:6789/0] conn(0x7f8e8c107fb0 0x7f8e8c1083f0 secure :-1 s=READY pgs=22 cs=0 l=1 rev1=1 crypto rx=0x7f8e800098a0 tx=0x7f8e80009bb0 comp rx=0 tx=0).ready entity=mon.0 client_cookie=3acd4a070c39baa3 server_cookie=0 in_seq=0 out_seq=0
2024-06-02T22:22:09.526 INFO:teuthology.orchestra.run.smithi031.stdout:/usr/bin/ceph: stderr
2024-06-02T22:22:08.501+0000 7f8e8b400700 1 -- 172.21.15.31:0/3762909292 <== mon.0 v2:172.21.15.31:3300/0 1 ==== mon_map magic: 0 ==== 205+0+0 (secure 0 0 0) 0x7f8e80004160 con 0x7f8e8c107fb0
2024-06-02T22:22:09.526 INFO:teuthology.orchestra.run.smithi031.stdout:/usr/bin/ceph: stderr
2024-06-02T22:22:08.502+0000 7f8e8b400700 1 -- 172.21.15.31:0/3762909292 <== mon.0 v2:172.21.15.31:3300/0 2 ==== config(27 keys) ==== 1109+0+0 (secure 0 0 0) 0x7f8e80004300 con 0x7f8e8c107fb0
2024-06-02T22:22:09.526 INFO:teuthology.orchestra.run.smithi031.stdout:/usr/bin/ceph: stderr
2024-06-02T22:22:08.502+0000 7f8e8b400700 1 -- 172.21.15.31:0/3762909292 <== mon.0 v2:172.21.15.31:3300/0 3 ==== mon_map magic: 0 ==== 205+0+0 (secure 0 0 0) 0x7f8e80011b50 con 0x7f8e8c107fb0
2024-06-02T22:22:09.526 INFO:teuthology.orchestra.run.smithi031.stdout:/usr/bin/ceph: stderr
2024-06-02T22:22:08.502+0000 7f8e93600700 1 -- 172.21.15.31:0/3762909292 >> [v2:172.21.15.31:3300/0,v1:172.21.15.31:6789/0] conn(0x7f8e8c107fb0 msgr2=0x7f8e8c1083f0 secure :-1 s=STATE_CONNECTION_ESTABLISHED l=1).mark_down
2024-06-02T22:22:09.526 INFO:teuthology.orchestra.run.smithi031.stdout:/usr/bin/ceph: stderr
2024-06-02T22:22:08.502+0000 7f8e93600700 1 --2- 172.21.15.31:0/3762909292 >> [v2:172.21.15.31:3300/0,v1:172.21.15.31:6789/0] conn(0x7f8e8c107fb0 0x7f8e8c1083f0 secure :-1 s=READY pgs=22 cs=0 l=1 rev1=1 crypto rx=0x7f8e800098a0 tx=0x7f8e80009bb0 comp rx=0 tx=0).stop
