2024-06-02T22:59:36.877+0000 7fd491373700 1 -- start start
2024-06-02T22:59:37.736 INFO:teuthology.orchestra.run.smithi052.stdout:/usr/bin/ceph: stderr
2024-06-02T22:59:36.878+0000 7fd491373700 1 --2- >> [v2:172.21.15.52:3300/0,v1:172.21.15.52:6789/0] conn(0x7fd48c107c90 0x7fd48c1080b0 unknown :-1 s=NONE pgs=0 cs=0 l=0 rev1=0 crypto rx=0 tx=0 comp rx=0 tx=0).connect
2024-06-02T22:59:37.736 INFO:teuthology.orchestra.run.smithi052.stdout:/usr/bin/ceph: stderr
2024-06-02T22:59:36.878+0000 7fd491373700 1 -- --> [v2:172.21.15.52:3300/0,v1:172.21.15.52:6789/0] -- mon_getmap magic: 0 -- 0x7fd48c108680 con 0x7fd48c107c90
2024-06-02T22:59:37.736 INFO:teuthology.orchestra.run.smithi052.stdout:/usr/bin/ceph: stderr
2024-06-02T22:59:36.878+0000 7fd48affd700 1 --2- >> [v2:172.21.15.52:3300/0,v1:172.21.15.52:6789/0] conn(0x7fd48c107c90 0x7fd48c1080b0 unknown :-1 s=BANNER_CONNECTING pgs=0 cs=0 l=0 rev1=0 crypto rx=0 tx=0 comp rx=0 tx=0)._handle_peer_banner_payload supported=3 required=0
2024-06-02T22:59:37.736 INFO:teuthology.orchestra.run.smithi052.stdout:/usr/bin/ceph: stderr
2024-06-02T22:59:36.878+0000 7fd48affd700 1 --2- >> [v2:172.21.15.52:3300/0,v1:172.21.15.52:6789/0] conn(0x7fd48c107c90 0x7fd48c1080b0 unknown :-1 s=HELLO_CONNECTING pgs=0 cs=0 l=0 rev1=1 crypto rx=0 tx=0 comp rx=0 tx=0).handle_hello peer v2:172.21.15.52:3300/0 says I am v2:172.21.15.52:38256/0 (socket says 172.21.15.52:38256)
2024-06-02T22:59:37.736 INFO:teuthology.orchestra.run.smithi052.stdout:/usr/bin/ceph: stderr
2024-06-02T22:59:36.878+0000 7fd48affd700 1 -- 172.21.15.52:0/1644042067 learned_addr learned my addr 172.21.15.52:0/1644042067 (peer_addr_for_me v2:172.21.15.52:0/0)
2024-06-02T22:59:37.736 INFO:teuthology.orchestra.run.smithi052.stdout:/usr/bin/ceph: stderr
2024-06-02T22:59:36.878+0000 7fd48affd700 1 -- 172.21.15.52:0/1644042067 --> [v2:172.21.15.52:3300/0,v1:172.21.15.52:6789/0] -- mon_subscribe({config=0+,monmap=0+}) -- 0x7fd48c108e90 con 0x7fd48c107c90
2024-06-02T22:59:37.736 INFO:teuthology.orchestra.run.smithi052.stdout:/usr/bin/ceph: stderr
2024-06-02T22:59:36.878+0000 7fd48affd700 1 --2- 172.21.15.52:0/1644042067 >> [v2:172.21.15.52:3300/0,v1:172.21.15.52:6789/0] conn(0x7fd48c107c90 0x7fd48c1080b0 secure :-1 s=READY pgs=24 cs=0 l=1 rev1=1 crypto rx=0x7fd47c0098a0 tx=0x7fd47c009bb0 comp rx=0 tx=0).ready entity=mon.0 client_cookie=fec4baad5068961e server_cookie=0 in_seq=0 out_seq=0
2024-06-02T22:59:37.736 INFO:teuthology.orchestra.run.smithi052.stdout:/usr/bin/ceph: stderr
2024-06-02T22:59:36.879+0000 7fd489ffb700 1 -- 172.21.15.52:0/1644042067 <== mon.0 v2:172.21.15.52:3300/0 1 ==== mon_map magic: 0 ==== 205+0+0 (secure 0 0 0) 0x7fd47c004160 con 0x7fd48c107c90
2024-06-02T22:59:37.736 INFO:teuthology.orchestra.run.smithi052.stdout:/usr/bin/ceph: stderr
2024-06-02T22:59:36.879+0000 7fd489ffb700 1 -- 172.21.15.52:0/1644042067 <== mon.0 v2:172.21.15.52:3300/0 2 ==== config(26 keys) ==== 1071+0+0 (secure 0 0 0) 0x7fd47c004300 con 0x7fd48c107c90
2024-06-02T22:59:37.736 INFO:teuthology.orchestra.run.smithi052.stdout:/usr/bin/ceph: stderr
2024-06-02T22:59:36.879+0000 7fd489ffb700 1 -- 172.21.15.52:0/1644042067 <== mon.0 v2:172.21.15.52:3300/0 3 ==== mon_map magic: 0 ==== 205+0+0 (secure 0 0 0) 0x7fd47c011a80 con 0x7fd48c107c90
2024-06-02T22:59:37.736 INFO:teuthology.orchestra.run.smithi052.stdout:/usr/bin/ceph: stderr
2024-06-02T22:59:36.879+0000 7fd491373700 1 -- 172.21.15.52:0/1644042067 >> [v2:172.21.15.52:3300/0,v1:172.21.15.52:6789/0] conn(0x7fd48c107c90 msgr2=0x7fd48c1080b0 secure :-1 s=STATE_CONNECTION_ESTABLISHED l=1).mark_down
2024-06-02T22:59:37.736 INFO:teuthology.orchestra.run.smithi052.stdout:/usr/bin/ceph: stderr
2024-06-02T22:59:36.879+0000 7fd491373700 1 --2- 172.21.15.52:0/1644042067 >> [v2:172.21.15.52:3300/0,v1:172.21.15.52:6789/0] conn(0x7fd48c107c90 0x7fd48c1080b0 secure :-1 s=READY pgs=24 cs=0 l=1 rev1=1 crypto rx=0x7fd47c0098a0 tx=0x7fd47c009bb0 comp rx=0 tx=0).stop
2024-06-02T22:59:37.736 INFO:teuthology.orchestra.run.smithi052.stdout:/usr/bin/ceph: stderr
2024-06-02T22:59:36.879+0000 7fd491373700 1 -- 172.21.15.52:0/1644042067 shutdown_connections
2024-06-02T22:59:37.736 INFO:teuthology.orchestra.run.smithi052.stdout:/usr/bin/ceph: stderr
2024-06-02T22:59:36.879+0000 7fd491373700 1 --2- 172.21.15.52:0/1644042067 >> [v2:172.21.15.52:3300/0,v1:172.21.15.52:6789/0] conn(0x7fd48c107c90 0x7fd48c1080b0 unknown :-1 s=CLOSED pgs=24 cs=0 l=1 rev1=1 crypto rx=0 tx=0 comp rx=0 tx=0).stop
2024-06-02T22:59:37.736 INFO:teuthology.orchestra.run.smithi052.stdout:/usr/bin/ceph: stderr
2024-06-02T22:59:36.879+0000 7fd491373700 1 -- 172.21.15.52:0/1644042067 >> 172.21.15.52:0/1644042067 conn(0x7fd48c103290 msgr2=0x7fd48c1056b0 unknown :-1 s=STATE_NONE l=0).mark_down
2024-06-02T22:59:37.737 INFO:teuthology.orchestra.run.smithi052.stdout:/usr/bin/ceph: stderr
2024-06-02T22:59:36.879+0000 7fd491373700 1 -- 172.21.15.52:0/1644042067 shutdown_connections
2024-06-02T22:59:37.737 INFO:teuthology.orchestra.run.smithi052.stdout:/usr/bin/ceph: stderr
2024-06-02T22:59:36.879+0000 7fd491373700 1 -- 172.21.15.52:0/1644042067 wait complete.
2024-06-02T22:59:37.737 INFO:teuthology.orchestra.run.smithi052.stdout:/usr/bin/ceph: stderr
2024-06-02T22:59:36.880+0000 7fd491373700 1 Processor -- start
2024-06-02T22:59:37.737 INFO:teuthology.orchestra.run.smithi052.stdout:/usr/bin/ceph: stderr
2024-06-02T22:59:36.880+0000 7fd491373700 1 -- start start
2024-06-02T22:59:37.737 INFO:teuthology.orchestra.run.smithi052.stdout:/usr/bin/ceph: stderr
2024-06-02T22:59:36.880+0000 7fd491373700 1 --2- >> [v2:172.21.15.52:3300/0,v1:172.21.15.52:6789/0] conn(0x7fd48c107c90 0x7fd48c19bc70 unknown :-1 s=NONE pgs=0 cs=0 l=1 rev1=0 crypto rx=0 tx=0 comp rx=0 tx=0).connect
2024-06-02T22:59:37.737 INFO:teuthology.orchestra.run.smithi052.stdout:/usr/bin/ceph: stderr
2024-06-02T22:59:36.880+0000 7fd491373700 1 -- --> [v2:172.21.15.52:3300/0,v1:172.21.15.52:6789/0] -- mon_getmap magic: 0 -- 0x7fd48c10c240 con 0x7fd48c107c90
2024-06-02T22:59:37.737 INFO:teuthology.orchestra.run.smithi052.stdout:/usr/bin/ceph: stderr
2024-06-02T22:59:36.881+0000 7fd48affd700 1 --2- >> [v2:172.21.15.52:3300/0,v1:172.21.15.52:6789/0] conn(0x7fd48c107c90 0x7fd48c19bc70 unknown :-1 s=BANNER_CONNECTING pgs=0 cs=0 l=1 rev1=0 crypto rx=0 tx=0 comp rx=0 tx=0)._handle_peer_banner_payload supported=3 required=0
2024-06-02T22:59:37.737 INFO:teuthology.orchestra.run.smithi052.stdout:/usr/bin/ceph: stderr
2024-06-02T22:59:36.881+0000 7fd48affd700 1 --2- >> [v2:172.21.15.52:3300/0,v1:172.21.15.52:6789/0] conn(0x7fd48c107c90 0x7fd48c19bc70 unknown :-1 s=HELLO_CONNECTING pgs=0 cs=0 l=1 rev1=1 crypto rx=0 tx=0 comp rx=0 tx=0).handle_hello peer v2:172.21.15.52:3300/0 says I am v2:172.21.15.52:38270/0 (socket says 172.21.15.52:38270)
2024-06-02T22:59:37.737 INFO:teuthology.orchestra.run.smithi052.stdout:/usr/bin/ceph: stderr
2024-06-02T22:59:36.881+0000 7fd48affd700 1 -- 172.21.15.52:0/4160267480 learned_addr learned my addr 172.21.15.52:0/4160267480 (peer_addr_for_me v2:172.21.15.52:0/0)
2024-06-02T22:59:37.737 INFO:teuthology.orchestra.run.smithi052.stdout:/usr/bin/ceph: stderr
2024-06-02T22:59:36.881+0000 7fd48affd700 1 -- 172.21.15.52:0/4160267480 --> [v2:172.21.15.52:3300/0,v1:172.21.15.52:6789/0] -- mon_subscribe({config=0+,monmap=0+}) -- 0x7fd48c19c1b0 con 0x7fd48c107c90
2024-06-02T22:59:37.737 INFO:teuthology.orchestra.run.smithi052.stdout:/usr/bin/ceph: stderr
2024-06-02T22:59:36.881+0000 7fd48affd700 1 --2- 172.21.15.52:0/4160267480 >> [v2:172.21.15.52:3300/0,v1:172.21.15.52:6789/0] conn(0x7fd48c107c90 0x7fd48c19bc70 secure :-1 s=READY pgs=25 cs=0 l=1 rev1=1 crypto rx=0x7fd47c006af0 tx=0x7fd47c011b70 comp rx=0 tx=0).ready entity=mon.0 client_cookie=0 server_cookie=0 in_seq=0 out_seq=0
2024-06-02T22:59:37.738 INFO:teuthology.orchestra.run.smithi052.stdout:/usr/bin/ceph: stderr
2024-06-02T22:59:36.881+0000 7fd483fff700 1 -- 172.21.15.52:0/4160267480 <== mon.0 v2:172.21.15.52:3300/0 1 ==== mon_map magic: 0 ==== 205+0+0 (secure 0 0 0) 0x7fd47c003930 con 0x7fd48c107c90
2024-06-02T22:59:37.738 INFO:teuthology.orchestra.run.smithi052.stdout:/usr/bin/ceph: stderr
2024-06-02T22:59:36.881+0000 7fd483fff700 1 -- 172.21.15.52:0/4160267480 <== mon.0 v2:172.21.15.52:3300/0 2 ==== config(26 keys) ==== 1071+0+0 (secure 0 0 0) 0x7fd47c003ad0 con 0x7fd48c107c90
2024-06-02T22:59:37.738 INFO:teuthology.orchestra.run.smithi052.stdout:/usr/bin/ceph: stderr
2024-06-02T22:59:36.881+0000 7fd491373700 1 -- 172.21.15.52:0/4160267480 --> [v2:172.21.15.52:3300/0,v1:172.21.15.52:6789/0] -- mon_subscribe({mgrmap=0+}) -- 0x7fd48c19c440 con 0x7fd48c107c90
2024-06-02T22:59:37.738 INFO:teuthology.orchestra.run.smithi052.stdout:/usr/bin/ceph: stderr
2024-06-02T22:59:36.881+0000 7fd483fff700 1 -- 172.21.15.52:0/4160267480 <== mon.0 v2:172.21.15.52:3300/0 3 ==== mon_map magic: 0 ==== 205+0+0 (secure 0 0 0) 0x7fd47c0195e0 con 0x7fd48c107c90
2024-06-02T22:59:37.738 INFO:teuthology.orchestra.run.smithi052.stdout:/usr/bin/ceph: stderr
2024-06-02T22:59:36.881+0000 7fd491373700 1 -- 172.21.15.52:0/4160267480 --> [v2:172.21.15.52:3300/0,v1:172.21.15.52:6789/0] -- mon_subscribe({osdmap=0}) -- 0x7fd48c19f130 con 0x7fd48c107c90
2024-06-02T22:59:37.738 INFO:teuthology.orchestra.run.smithi052.stdout:/usr/bin/ceph: stderr
2024-06-02T22:59:36.882+0000 7fd483fff700 1 -- 172.21.15.52:0/4160267480 <== mon.0 v2:172.21.15.52:3300/0 4 ==== mgrmap(e 5) ==== 46287+0+0 (secure 0 0 0) 0x7fd47c019890 con 0x7fd48c107c90
2024-06-02T22:59:37.738 INFO:teuthology.orchestra.run.smithi052.stdout:/usr/bin/ceph: stderr
2024-06-02T22:59:36.882+0000 7fd491373700 1 -- 172.21.15.52:0/4160267480 --> [v2:172.21.15.52:3300/0,v1:172.21.15.52:6789/0] -- mon_command({"prefix": "get_command_descriptions"} v 0) -- 0x7fd48c063af0 con 0x7fd48c107c90
2024-06-02T22:59:37.738 INFO:teuthology.orchestra.run.smithi052.stdout:/usr/bin/ceph: stderr
2024-06-02T22:59:36.883+0000 7fd483fff700 1 --2- 172.21.15.52:0/4160267480 >> [v2:172.21.15.52:6800/2620214668,v1:172.21.15.52:6801/2620214668] conn(0x7fd478039050 0x7fd47803b510 unknown :-1 s=NONE pgs=0 cs=0 l=1 rev1=0 crypto rx=0 tx=0 comp rx=0 tx=0).connect
2024-06-02T22:59:37.738 INFO:teuthology.orchestra.run.smithi052.stdout:/usr/bin/ceph: stderr
2024-06-02T22:59:36.883+0000 7fd483fff700 1 -- 172.21.15.52:0/4160267480 <== mon.0 v2:172.21.15.52:3300/0 5 ==== osd_map(1..1 src has 1..1) ==== 725+0+0 (secure 0 0 0) 0x7fd47c04d7a0 con 0x7fd48c107c90
2024-06-02T22:59:37.738 INFO:teuthology.orchestra.run.smithi052.stdout:/usr/bin/ceph: stderr
2024-06-02T22:59:36.883+0000 7fd48a7fc700 1 -- 172.21.15.52:0/4160267480 >> [v2:172.21.15.52:6800/2620214668,v1:172.21.15.52:6801/2620214668] conn(0x7fd478039050 msgr2=0x7fd47803b510 unknown :-1 s=STATE_CONNECTING_RE l=1).process reconnect failed to v2:172.21.15.52:6800/2620214668
2024-06-02T22:59:37.738 INFO:teuthology.orchestra.run.smithi052.stdout:/usr/bin/ceph: stderr
2024-06-02T22:59:36.883+0000 7fd48a7fc700 1 --2- 172.21.15.52:0/4160267480 >> [v2:172.21.15.52:6800/2620214668,v1:172.21.15.52:6801/2620214668] conn(0x7fd478039050 0x7fd47803b510 unknown :-1 s=START_CONNECT pgs=0 cs=0 l=1 rev1=0 crypto rx=0 tx=0 comp rx=0 tx=0)._fault waiting 0.200000
2024-06-02T22:59:37.738 INFO:teuthology.orchestra.run.smithi052.stdout:/usr/bin/ceph: stderr
2024-06-02T22:59:36.888+0000 7fd483fff700 1 -- 172.21.15.52:0/4160267480 <== mon.0 v2:172.21.15.52:3300/0 6 ==== mon_command_ack([{"prefix": "get_command_descriptions"}]=0 v0) ==== 72+0+186418 (secure 0 0 0) 0x7fd47c04d1c0 con 0x7fd48c107c90
2024-06-02T22:59:37.739 INFO:teuthology.orchestra.run.smithi052.stdout:/usr/bin/ceph: stderr
2024-06-02T22:59:37.084+0000 7fd48a7fc700 1 -- 172.21.15.52:0/4160267480 >> [v2:172.21.15.52:6800/2620214668,v1:172.21.15.52:6801/2620214668] conn(0x7fd478039050 msgr2=0x7fd47803b510 unknown :-1 s=STATE_CONNECTING_RE l=1).process reconnect failed to v2:172.21.15.52:6800/2620214668
2024-06-02T22:59:37.739 INFO:teuthology.orchestra.run.smithi052.stdout:/usr/bin/ceph: stderr
2024-06-02T22:59:37.084+0000 7fd48a7fc700 1 --2- 172.21.15.52:0/4160267480 >> [v2:172.21.15.52:6800/2620214668,v1:172.21.15.52:6801/2620214668] conn(0x7fd478039050 0x7fd47803b510 unknown :-1 s=START_CONNECT pgs=0 cs=0 l=1 rev1=0 crypto rx=0 tx=0 comp rx=0 tx=0)._fault waiting 0.400000
2024-06-02T22:59:37.739 INFO:teuthology.orchestra.run.smithi052.stdout:/usr/bin/ceph: stderr
2024-06-02T22:59:37.200+0000 7fd491373700 1 -- 172.21.15.52:0/4160267480 --> [v2:172.21.15.52:3300/0,v1:172.21.15.52:6789/0] -- mon_command({"prefix": "mgr stat"} v 0) -- 0x7fd48c19f300 con 0x7fd48c107c90
2024-06-02T22:59:37.739 INFO:teuthology.orchestra.run.smithi052.stdout:/usr/bin/ceph: stderr
2024-06-02T22:59:37.200+0000 7fd483fff700 1 -- 172.21.15.52:0/4160267480 <== mon.0 v2:172.21.15.52:3300/0 7 ==== mon_command_ack([{"prefix": "mgr stat"}]=0 v5) ==== 56+0+88 (secure 0 0 0) 0x7fd48c19f300 con 0x7fd48c107c90
2024-06-02T22:59:37.739 INFO:teuthology.orchestra.run.smithi052.stdout:/usr/bin/ceph: stderr
2024-06-02T22:59:37.202+0000 7fd491373700 1 -- 172.21.15.52:0/4160267480 >> [v2:172.21.15.52:6800/2620214668,v1:172.21.15.52:6801/2620214668] conn(0x7fd478039050 msgr2=0x7fd47803b510 unknown :-1 s=STATE_CONNECTING l=1).mark_down
2024-06-02T22:59:37.739 INFO:teuthology.orchestra.run.smithi052.stdout:/usr/bin/ceph: stderr
2024-06-02T22:59:37.202+0000 7fd491373700 1 --2- 172.21.15.52:0/4160267480 >> [v2:172.21.15.52:6800/2620214668,v1:172.21.15.52:6801/2620214668] conn(0x7fd478039050 0x7fd47803b510 unknown :-1 s=START_CONNECT pgs=0 cs=0 l=1 rev1=0 crypto rx=0 tx=0 comp rx=0 tx=0).stop
2024-06-02T22:59:37.739 INFO:teuthology.orchestra.run.smithi052.stdout:/usr/bin/ceph: stderr
2024-06-02T22:59:37.202+0000 7fd491373700 1 -- 172.21.15.52:0/4160267480 >> [v2:172.21.15.52:3300/0,v1:172.21.15.52:6789/0] conn(0x7fd48c107c90 msgr2=0x7fd48c19bc70 secure :-1 s=STATE_CONNECTION_ESTABLISHED l=1).mark_down
2024-06-02T22:59:37.739 INFO:teuthology.orchestra.run.smithi052.stdout:/usr/bin/ceph: stderr
2024-06-02T22:59:37.202+0000 7fd491373700 1 --2- 172.21.15.52:0/4160267480 >> [v2:172.21.15.52:3300/0,v1:172.21.15.52:6789/0] conn(0x7fd48c107c90 0x7fd48c19bc70 secure :-1 s=READY pgs=25 cs=0 l=1 rev1=1 crypto rx=0x7fd47c006af0 tx=0x7fd47c011b70 comp rx=0 tx=0).stop
2024-06-02T22:59:37.739 INFO:teuthology.orchestra.run.smithi052.stdout:/usr/bin/ceph: stderr
2024-06-02T22:59:37.202+0000 7fd491373700 1 -- 172.21.15.52:0/4160267480 shutdown_connections
2024-06-02T22:59:37.739 INFO:teuthology.orchestra.run.smithi052.stdout:/usr/bin/ceph: stderr
2024-06-02T22:59:37.202+0000 7fd491373700 1 --2- 172.21.15.52:0/4160267480 >> [v2:172.21.15.52:6800/2620214668,v1:172.21.15.52:6801/2620214668] conn(0x7fd478039050 0x7fd47803b510 unknown :-1 s=CLOSED pgs=0 cs=0 l=1 rev1=0 crypto rx=0 tx=0 comp rx=0 tx=0).stop
2024-06-02T22:59:37.739 INFO:teuthology.orchestra.run.smithi052.stdout:/usr/bin/ceph: stderr
2024-06-02T22:59:37.202+0000 7fd491373700 1 --2- 172.21.15.52:0/4160267480 >> [v2:172.21.15.52:3300/0,v1:172.21.15.52:6789/0] conn(0x7fd48c107c90 0x7fd48c19bc70 unknown :-1 s=CLOSED pgs=25 cs=0 l=1 rev1=1 crypto rx=0 tx=0 comp rx=0 tx=0).stop
2024-06-02T22:59:37.740 INFO:teuthology.orchestra.run.smithi052.stdout:/usr/bin/ceph: stderr
2024-06-02T22:59:37.202+0000 7fd491373700 1 -- 172.21.15.52:0/4160267480 >> 172.21.15.52:0/4160267480 conn(0x7fd48c103290 msgr2=0x7fd48c103dd0 unknown :-1 s=STATE_NONE l=0).mark_down
2024-06-02T22:59:37.740 INFO:teuthology.orchestra.run.smithi052.stdout:/usr/bin/ceph: stderr
2024-06-02T22:59:37.202+0000 7fd491373700 1 -- 172.21.15.52:0/4160267480 shutdown_connections
2024-06-02T22:59:37.740 INFO:teuthology.orchestra.run.smithi052.stdout:/usr/bin/ceph: stderr
2024-06-02T22:59:37.202+0000 7fd491373700 1 -- 172.21.15.52:0/4160267480 wait complete.
2024-06-02T22:59:37.740 INFO:teuthology.orchestra.run.smithi052.stdout:Waiting for the mgr to restart...
2024-06-02T22:59:37.740 INFO:teuthology.orchestra.run.smithi052.stdout:Waiting for mgr epoch 5...
2024-06-02T22:59:38.113 INFO:journalctl@ceph.mon.a.smithi052.stdout:Jun 02 22:59:37 smithi052 ceph-mon[32340]: from='client.? 172.21.15.52:0/4160267480' entity='client.admin' cmd=[{"prefix": "mgr stat"}]: dispatch
2024-06-02T22:59:38.113 INFO:journalctl@ceph.mgr.x.smithi052.stdout:Jun 02 22:59:37 smithi052 ceph-9d9fe36c-2133-11ef-bc9b-c7b262605968-mgr-x[32570]:
2024-06-02T22:59:37.996+0000 7f6170d41200 -1 mgr[py] Module telegraf has missing NOTIFY_TYPES member
2024-06-02T22:59:38.399 INFO:journalctl@ceph.mgr.x.smithi052.stdout:Jun 02 22:59:38 smithi052 ceph-9d9fe36c-2133-11ef-bc9b-c7b262605968-mgr-x[32570]:
2024-06-02T22:59:38.175+0000 7f6170d41200 -1 mgr[py] Module osd_support has missing NOTIFY_TYPES member
2024-06-02T22:59:38.399 INFO:journalctl@ceph.mgr.x.smithi052.stdout:Jun 02 22:59:38 smithi052 ceph-9d9fe36c-2133-11ef-bc9b-c7b262605968-mgr-x[32570]:
2024-06-02T22:59:38.354+0000 7f6170d41200 -1 mgr[py] Module iostat has missing NOTIFY_TYPES member
2024-06-02T22:59:38.754 INFO:journalctl@ceph.mgr.x.smithi052.stdout:Jun 02 22:59:38 smithi052 ceph-9d9fe36c-2133-11ef-bc9b-c7b262605968-mgr-x[32570]:
2024-06-02T22:59:38.659+0000 7f6170d41200 -1 mgr[py] Module alerts has missing NOTIFY_TYPES member
2024-06-02T22:59:38.754 INFO:journalctl@ceph.mgr.x.smithi052.stdout:Jun 02 22:59:38 smithi052 ceph-9d9fe36c-2133-11ef-bc9b-c7b262605968-mgr-x[32570]:
2024-06-02T22:59:38.755+0000 7f6170d41200 -1 mgr[py] Module selftest has missing NOTIFY_TYPES member
2024-06-02T22:59:39.127 INFO:journalctl@ceph.mgr.x.smithi052.stdout:Jun 02 22:59:38 smithi052 ceph-9d9fe36c-2133-11ef-bc9b-c7b262605968-mgr-x[32570]:
2024-06-02T22:59:38.966+0000 7f6170d41200 -1 mgr[py] Module pg_autoscaler has missing NOTIFY_TYPES member
2024-06-02T22:59:39.391 INFO:journalctl@ceph.mgr.x.smithi052.stdout:Jun 02 22:59:39 smithi052 ceph-9d9fe36c-2133-11ef-bc9b-c7b262605968-mgr-x[32570]:
2024-06-02T22:59:39.171+0000 7f6170d41200 -1 mgr[py] Module test_orchestrator has missing NOTIFY_TYPES member
2024-06-02T22:59:40.149 INFO:journalctl@ceph.mgr.x.smithi052.stdout:Jun 02 22:59:39 smithi052 ceph-9d9fe36c-2133-11ef-bc9b-c7b262605968-mgr-x[32570]:
2024-06-02T22:59:39.817+0000 7f6170d41200 -1 mgr[py] Module rook has missing NOTIFY_TYPES member
2024-06-02T22:59:40.575 INFO:journalctl@ceph.mgr.x.smithi052.stdout:Jun 02 22:59:40 smithi052 ceph-9d9fe36c-2133-11ef-bc9b-c7b262605968-mgr-x[32570]:
2024-06-02T22:59:40.262+0000 7f6170d41200 -1 mgr[py] Module volumes has missing NOTIFY_TYPES member
2024-06-02T22:59:40.575 INFO:journalctl@ceph.mgr.x.smithi052.stdout:Jun 02 22:59:40 smithi052 ceph-9d9fe36c-2133-11ef-bc9b-c7b262605968-mgr-x[32570]:
2024-06-02T22:59:40.365+0000 7f6170d41200 -1 mgr[py] Module crash has missing NOTIFY_TYPES member
2024-06-02T22:59:40.575 INFO:journalctl@ceph.mgr.x.smithi052.stdout:Jun 02 22:59:40 smithi052 ceph-9d9fe36c-2133-11ef-bc9b-c7b262605968-mgr-x[32570]:
2024-06-02T22:59:40.576+0000 7f6170d41200 -1 mgr[py] Module rgw has missing NOTIFY_TYPES member
2024-06-02T22:59:41.399 INFO:journalctl@ceph.mgr.x.smithi052.stdout:Jun 02 22:59:41 smithi052 ceph-9d9fe36c-2133-11ef-bc9b-c7b262605968-mgr-x[32570]:
2024-06-02T22:59:41.140+0000 7f6170d41200 -1 mgr[py] Module prometheus has missing NOTIFY_TYPES member
2024-06-02T22:59:41.399 INFO:journalctl@ceph.mgr.x.smithi052.stdout:Jun 02 22:59:41 smithi052 ceph-9d9fe36c-2133-11ef-bc9b-c7b262605968-mgr-x[32570]:
2024-06-02T22:59:41.237+0000 7f6170d41200 -1 mgr[py] Module devicehealth has missing NOTIFY_TYPES member
2024-06-02T22:59:41.856 INFO:journalctl@ceph.mgr.x.smithi052.stdout:Jun 02 22:59:41 smithi052 ceph-9d9fe36c-2133-11ef-bc9b-c7b262605968-mgr-x[32570]:
2024-06-02T22:59:41.495+0000 7f6170d41200 -1 mgr[py] Module telemetry has missing NOTIFY_TYPES member
2024-06-02T22:59:41.856 INFO:journalctl@ceph.mgr.x.smithi052.stdout:Jun 02 22:59:41 smithi052 ceph-9d9fe36c-2133-11ef-bc9b-c7b262605968-mgr-x[32570]:
2024-06-02T22:59:41.636+0000 7f6170d41200 -1 mgr[py] Module diskprediction_local has missing NOTIFY_TYPES member
2024-06-02T22:59:41.857 INFO:journalctl@ceph.mgr.x.smithi052.stdout:Jun 02 22:59:41 smithi052 ceph-9d9fe36c-2133-11ef-bc9b-c7b262605968-mgr-x[32570]:
2024-06-02T22:59:41.735+0000 7f6170d41200 -1 mgr[py] Module osd_perf_query has missing NOTIFY_TYPES member
2024-06-02T22:59:41.857 INFO:journalctl@ceph.mgr.x.smithi052.stdout:Jun 02 22:59:41 smithi052 ceph-9d9fe36c-2133-11ef-bc9b-c7b262605968-mgr-x[32570]:
2024-06-02T22:59:41.857+0000 7f6170d41200 -1 mgr[py] Module rbd_support has missing NOTIFY_TYPES member
2024-06-02T22:59:42.649 INFO:journalctl@ceph.mgr.x.smithi052.stdout:Jun 02 22:59:42 smithi052 ceph-9d9fe36c-2133-11ef-bc9b-c7b262605968-mgr-x[32570]:
2024-06-02T22:59:42.167+0000 7f6170d41200 -1 mgr[py] Module zabbix has missing NOTIFY_TYPES member
2024-06-02T22:59:43.074 INFO:journalctl@ceph.mgr.x.smithi052.stdout:Jun 02 22:59:42 smithi052 ceph-9d9fe36c-2133-11ef-bc9b-c7b262605968-mgr-x[32570]:
2024-06-02T22:59:42.795+0000 7f6170d41200 -1 mgr[py] Module status has missing NOTIFY_TYPES member
2024-06-02T22:59:43.075 INFO:journalctl@ceph.mgr.x.smithi052.stdout:Jun 02 22:59:43 smithi052 ceph-9d9fe36c-2133-11ef-bc9b-c7b262605968-mgr-x[32570]:
2024-06-02T22:59:43.022+0000 7f6170d41200 -1 mgr[py] Module nfs has missing NOTIFY_TYPES member
2024-06-02T22:59:43.399 INFO:journalctl@ceph.mon.a.smithi052.stdout:Jun 02 22:59:43 smithi052 ceph-mon[32340]: Active manager daemon x restarted
2024-06-02T22:59:43.399 INFO:journalctl@ceph.mon.a.smithi052.stdout:Jun 02 22:59:43 smithi052 ceph-mon[32340]: Activating manager daemon x
2024-06-02T22:59:43.399 INFO:journalctl@ceph.mon.a.smithi052.stdout:Jun 02 22:59:43 smithi052 ceph-mon[32340]: osdmap e2: 0 total, 0 up, 0 in
2024-06-02T22:59:43.400 INFO:journalctl@ceph.mon.a.smithi052.stdout:Jun 02 22:59:43 smithi052 ceph-mon[32340]: mgrmap e6: x(active, starting, since 0.0032683s)
2024-06-02T22:59:43.400 INFO:journalctl@ceph.mon.a.smithi052.stdout:Jun 02 22:59:43 smithi052 ceph-mon[32340]: from='mgr.14118 172.21.15.52:0/2188194298' entity='mgr.x' cmd=[{"prefix": "mon metadata", "id": "a"}]: dispatch
2024-06-02T22:59:43.400 INFO:journalctl@ceph.mon.a.smithi052.stdout:Jun 02 22:59:43 smithi052 ceph-mon[32340]: from='mgr.14118 172.21.15.52:0/2188194298' entity='mgr.x' cmd=[{"prefix": "mgr metadata", "who": "x", "id": "x"}]: dispatch
2024-06-02T22:59:43.400 INFO:journalctl@ceph.mon.a.smithi052.stdout:Jun 02 22:59:43 smithi052 ceph-mon[32340]: from='mgr.14118 172.21.15.52:0/2188194298' entity='mgr.x' cmd=[{"prefix": "mds metadata"}]: dispatch
2024-06-02T22:59:43.400 INFO:journalctl@ceph.mon.a.smithi052.stdout:Jun 02 22:59:43 smithi052 ceph-mon[32340]: from='mgr.14118 172.21.15.52:0/2188194298' entity='mgr.x' cmd=[{"prefix": "osd metadata"}]: dispatch
2024-06-02T22:59:43.400 INFO:journalctl@ceph.mon.a.smithi052.stdout:Jun 02 22:59:43 smithi052 ceph-mon[32340]: from='mgr.14118 172.21.15.52:0/2188194298' entity='mgr.x' cmd=[{"prefix": "mon metadata"}]: dispatch
2024-06-02T22:59:43.400 INFO:journalctl@ceph.mon.a.smithi052.stdout:Jun 02 22:59:43 smithi052 ceph-mon[32340]: Manager daemon x is now available
2024-06-02T22:59:43.400 INFO:journalctl@ceph.mon.a.smithi052.stdout:Jun 02 22:59:43 smithi052 ceph-mon[32340]: from='mgr.14118 172.21.15.52:0/2188194298' entity='mgr.x'
2024-06-02T22:59:43.400 INFO:journalctl@ceph.mon.a.smithi052.stdout:Jun 02 22:59:43 smithi052 ceph-mon[32340]: from='mgr.14118 172.21.15.52:0/2188194298' entity='mgr.x'
2024-06-02T22:59:43.400 INFO:journalctl@ceph.mon.a.smithi052.stdout:Jun 02 22:59:43 smithi052 ceph-mon[32340]: from='mgr.14118 172.21.15.52:0/2188194298' entity='mgr.x' cmd=[{"prefix": "config dump", "format": "json"}]: dispatch
2024-06-02T22:59:43.400 INFO:journalctl@ceph.mon.a.smithi052.stdout:Jun 02 22:59:43 smithi052 ceph-mon[32340]: from='mgr.14118 172.21.15.52:0/2188194298' entity='mgr.x' cmd=[{"prefix": "config dump", "format": "json"}]: dispatch
2024-06-02T22:59:43.400 INFO:journalctl@ceph.mon.a.smithi052.stdout:Jun 02 22:59:43 smithi052 ceph-mon[32340]: from='mgr.14118 172.21.15.52:0/2188194298' entity='mgr.x' cmd=[{"prefix":"config rm","who":"mgr","name":"mgr/rbd_support/x/mirror_snapshot_schedule"}]: dispatch
2024-06-02T22:59:44.280 INFO:journalctl@ceph.mon.a.smithi052.stdout:Jun 02 22:59:44 smithi052 ceph-mon[32340]: Found migration_current of "None". Setting to last migration.
2024-06-02T22:59:44.281 INFO:journalctl@ceph.mon.a.smithi052.stdout:Jun 02 22:59:44 smithi052 ceph-mon[32340]: from='mgr.14118 172.21.15.52:0/2188194298' entity='mgr.x' cmd=[{"prefix":"config rm","who":"mgr","name":"mgr/rbd_support/x/trash_purge_schedule"}]: dispatch
2024-06-02T22:59:44.281 INFO:journalctl@ceph.mon.a.smithi052.stdout:Jun 02 22:59:44 smithi052 ceph-mon[32340]: from='mgr.14118 172.21.15.52:0/2188194298' entity='mgr.x'
2024-06-02T22:59:44.281 INFO:journalctl@ceph.mon.a.smithi052.stdout:Jun 02 22:59:44 smithi052 ceph-mon[32340]: from='mgr.14118 172.21.15.52:0/2188194298' entity='mgr.x'
2024-06-02T22:59:44.281 INFO:journalctl@ceph.mon.a.smithi052.stdout:Jun 02 22:59:44 smithi052 ceph-mon[32340]: [02/Jun/2024:22:59:43] ENGINE Bus STARTING
2024-06-02T22:59:44.281 INFO:journalctl@ceph.mon.a.smithi052.stdout:Jun 02 22:59:44 smithi052 ceph-mon[32340]: [02/Jun/2024:22:59:43] ENGINE Serving on http://172.21.15.52:8765
2024-06-02T22:59:44.281 INFO:journalctl@ceph.mon.a.smithi052.stdout:Jun 02 22:59:44 smithi052 ceph-mon[32340]: from='mgr.14118 172.21.15.52:0/2188194298' entity='mgr.x' cmd=[{"prefix": "config dump", "format": "json"}]: dispatch
2024-06-02T22:59:44.281 INFO:journalctl@ceph.mon.a.smithi052.stdout:Jun 02 22:59:44 smithi052 ceph-mon[32340]: mgrmap e7: x(active, since 1.00611s)
2024-06-02T22:59:44.574 INFO:teuthology.orchestra.run.smithi052.stdout:/usr/bin/ceph: stdout {
2024-06-02T22:59:44.575 INFO:teuthology.orchestra.run.smithi052.stdout:/usr/bin/ceph: stdout "mgrmap_epoch": 7,
2024-06-02T22:59:44.575 INFO:teuthology.orchestra.run.smithi052.stdout:/usr/bin/ceph: stdout "initialized": true
2024-06-02T22:59:44.575 INFO:teuthology.orchestra.run.smithi052.stdout:/usr/bin/ceph: stdout }
2024-06-02T22:59:44.575 INFO:teuthology.orchestra.run.smithi052.stdout:/usr/bin/ceph: stderr
2024-06-02T22:59:38.220+0000 7f525873b700 1 Processor -- start
2024-06-02T22:59:44.575 INFO:teuthology.orchestra.run.smithi052.stdout:/usr/bin/ceph: stderr
2024-06-02T22:59:38.220+0000 7f525873b700 1 -- start start
2024-06-02T22:59:44.575 INFO:teuthology.orchestra.run.smithi052.stdout:/usr/bin/ceph: stderr
2024-06-02T22:59:38.220+0000 7f525873b700 1 --2- >> [v2:172.21.15.52:3300/0,v1:172.21.15.52:6789/0] conn(0x7f5250107080 0x7f52501074a0 unknown :-1 s=NONE pgs=0 cs=0 l=0 rev1=0 crypto rx=0 tx=0 comp rx=0 tx=0).connect
2024-06-02T22:59:44.575 INFO:teuthology.orchestra.run.smithi052.stdout:/usr/bin/ceph: stderr
2024-06-02T22:59:38.220+0000 7f525873b700 1 -- --> [v2:172.21.15.52:3300/0,v1:172.21.15.52:6789/0] -- mon_getmap magic: 0 -- 0x7f5250107a70 con 0x7f5250107080
2024-06-02T22:59:44.575 INFO:teuthology.orchestra.run.smithi052.stdout:/usr/bin/ceph: stderr
2024-06-02T22:59:38.221+0000 7f52564d7700 1 --2- >> [v2:172.21.15.52:3300/0,v1:172.21.15.52:6789/0] conn(0x7f5250107080 0x7f52501074a0 unknown :-1 s=BANNER_CONNECTING pgs=0 cs=0 l=0 rev1=0 crypto rx=0 tx=0 comp rx=0 tx=0)._handle_peer_banner_payload supported=3 required=0
2024-06-02T22:59:44.575 INFO:teuthology.orchestra.run.smithi052.stdout:/usr/bin/ceph: stderr
2024-06-02T22:59:38.221+0000 7f52564d7700 1 --2- >> [v2:172.21.15.52:3300/0,v1:172.21.15.52:6789/0] conn(0x7f5250107080 0x7f52501074a0 unknown :-1 s=HELLO_CONNECTING pgs=0 cs=0 l=0 rev1=1 crypto rx=0 tx=0 comp rx=0 tx=0).handle_hello peer v2:172.21.15.52:3300/0 says I am v2:172.21.15.52:38286/0 (socket says 172.21.15.52:38286)
2024-06-02T22:59:44.575 INFO:teuthology.orchestra.run.smithi052.stdout:/usr/bin/ceph: stderr
2024-06-02T22:59:38.221+0000 7f52564d7700 1 -- 172.21.15.52:0/3604532023 learned_addr learned my addr 172.21.15.52:0/3604532023 (peer_addr_for_me v2:172.21.15.52:0/0)
2024-06-02T22:59:44.576 INFO:teuthology.orchestra.run.smithi052.stdout:/usr/bin/ceph: stderr
2024-06-02T22:59:38.221+0000 7f52564d7700 1 -- 172.21.15.52:0/3604532023 --> [v2:172.21.15.52:3300/0,v1:172.21.15.52:6789/0] -- mon_subscribe({config=0+,monmap=0+}) -- 0x7f5250107da0 con 0x7f5250107080
2024-06-02T22:59:44.576 INFO:teuthology.orchestra.run.smithi052.stdout:/usr/bin/ceph: stderr
2024-06-02T22:59:38.221+0000 7f52564d7700 1 --2- 172.21.15.52:0/3604532023 >> [v2:172.21.15.52:3300/0,v1:172.21.15.52:6789/0] conn(0x7f5250107080 0x7f52501074a0 secure :-1 s=READY pgs=26 cs=0 l=1 rev1=1 crypto rx=0x7f52440098a0 tx=0x7f5244009bb0 comp rx=0 tx=0).ready entity=mon.0 client_cookie=64a6089b0e677d4a server_cookie=0 in_seq=0 out_seq=0
2024-06-02T22:59:44.576 INFO:teuthology.orchestra.run.smithi052.stdout:/usr/bin/ceph: stderr
2024-06-02T22:59:38.221+0000 7f52554d5700 1 -- 172.21.15.52:0/3604532023 <== mon.0 v2:172.21.15.52:3300/0 1 ==== mon_map magic: 0 ==== 205+0+0 (secure 0 0 0) 0x7f5244004160 con 0x7f5250107080
2024-06-02T22:59:44.576 INFO:teuthology.orchestra.run.smithi052.stdout:/usr/bin/ceph: stderr
2024-06-02T22:59:38.221+0000 7f52554d5700 1 -- 172.21.15.52:0/3604532023 <== mon.0 v2:172.21.15.52:3300/0 2 ==== config(26 keys) ==== 1071+0+0 (secure 0 0 0) 0x7f5244004300 con 0x7f5250107080
2024-06-02T22:59:44.576 INFO:teuthology.orchestra.run.smithi052.stdout:/usr/bin/ceph: stderr
2024-06-02T22:59:38.221+0000 7f52554d5700 1 -- 172.21.15.52:0/3604532023 <== mon.0 v2:172.21.15.52:3300/0 3 ==== mon_map magic: 0 ==== 205+0+0 (secure 0 0 0) 0x7f5244011a80 con 0x7f5250107080
2024-06-02T22:59:44.576 INFO:teuthology.orchestra.run.smithi052.stdout:/usr/bin/ceph: stderr
2024-06-02T22:59:38.222+0000 7f525873b700 1 -- 172.21.15.52:0/3604532023 >> [v2:172.21.15.52:3300/0,v1:172.21.15.52:6789/0] conn(0x7f5250107080 msgr2=0x7f52501074a0 secure :-1 s=STATE_CONNECTION_ESTABLISHED l=1).mark_down
2024-06-02T22:59:44.576 INFO:teuthology.orchestra.run.smithi052.stdout:/usr/bin/ceph: stderr
2024-06-02T22:59:38.222+0000 7f525873b700 1 --2- 172.21.15.52:0/3604532023 >> [v2:172.21.15.52:3300/0,v1:172.21.15.52:6789/0] conn(0x7f5250107080 0x7f52501074a0 secure :-1 s=READY pgs=26 cs=0 l=1 rev1=1 crypto rx=0x7f52440098a0 tx=0x7f5244009bb0 comp rx=0 tx=0).stop
2024-06-02T22:59:44.576 INFO:teuthology.orchestra.run.smithi052.stdout:/usr/bin/ceph: stderr
2024-06-02T22:59:38.222+0000 7f525873b700 1 -- 172.21.15.52:0/3604532023 shutdown_connections
2024-06-02T22:59:44.576 INFO:teuthology.orchestra.run.smithi052.stdout:/usr/bin/ceph: stderr
2024-06-02T22:59:38.222+0000 7f525873b700 1 --2- 172.21.15.52:0/3604532023 >> [v2:172.21.15.52:3300/0,v1:172.21.15.52:6789/0] conn(0x7f5250107080 0x7f52501074a0 unknown :-1 s=CLOSED pgs=26 cs=0 l=1 rev1=1 crypto rx=0 tx=0 comp rx=0 tx=0).stop
2024-06-02T22:59:44.576 INFO:teuthology.orchestra.run.smithi052.stdout:/usr/bin/ceph: stderr
2024-06-02T22:59:38.222+0000 7f525873b700 1 -- 172.21.15.52:0/3604532023 >> 172.21.15.52:0/3604532023 conn(0x7f52501018a0 msgr2=0x7f5250103ce0 unknown :-1 s=STATE_NONE l=0).mark_down
2024-06-02T22:59:44.576 INFO:teuthology.orchestra.run.smithi052.stdout:/usr/bin/ceph: stderr
2024-06-02T22:59:38.222+0000 7f525873b700 1 -- 172.21.15.52:0/3604532023 shutdown_connections
2024-06-02T22:59:44.576 INFO:teuthology.orchestra.run.smithi052.stdout:/usr/bin/ceph: stderr
2024-06-02T22:59:38.222+0000 7f525873b700 1 -- 172.21.15.52:0/3604532023 wait complete.
2024-06-02T22:59:44.577 INFO:teuthology.orchestra.run.smithi052.stdout:/usr/bin/ceph: stderr
2024-06-02T22:59:38.223+0000 7f525873b700 1 Processor -- start
2024-06-02T22:59:44.577 INFO:teuthology.orchestra.run.smithi052.stdout:/usr/bin/ceph: stderr
2024-06-02T22:59:38.223+0000 7f525873b700 1 -- start start
2024-06-02T22:59:44.577 INFO:teuthology.orchestra.run.smithi052.stdout:/usr/bin/ceph: stderr
2024-06-02T22:59:38.223+0000 7f525873b700 1 --2- >> [v2:172.21.15.52:3300/0,v1:172.21.15.52:6789/0] conn(0x7f5250107080 0x7f525010ca10 unknown :-1 s=NONE pgs=0 cs=0 l=1 rev1=0 crypto rx=0 tx=0 comp rx=0 tx=0).connect
2024-06-02T22:59:44.577 INFO:teuthology.orchestra.run.smithi052.stdout:/usr/bin/ceph: stderr
2024-06-02T22:59:38.223+0000 7f525873b700 1 -- --> [v2:172.21.15.52:3300/0,v1:172.21.15.52:6789/0] -- mon_getmap magic: 0 -- 0x7f5250105be0 con 0x7f5250107080
2024-06-02T22:59:44.577 INFO:teuthology.orchestra.run.smithi052.stdout:/usr/bin/ceph: stderr
2024-06-02T22:59:38.223+0000 7f52564d7700 1 --2- >> [v2:172.21.15.52:3300/0,v1:172.21.15.52:6789/0] conn(0x7f5250107080 0x7f525010ca10 unknown :-1 s=BANNER_CONNECTING pgs=0 cs=0 l=1 rev1=0 crypto rx=0 tx=0 comp rx=0 tx=0)._handle_peer_banner_payload supported=3 required=0
2024-06-02T22:59:44.577 INFO:teuthology.orchestra.run.smithi052.stdout:/usr/bin/ceph: stderr
2024-06-02T22:59:38.223+0000 7f52564d7700 1 --2- >> [v2:172.21.15.52:3300/0,v1:172.21.15.52:6789/0] conn(0x7f5250107080 0x7f525010ca10 unknown :-1 s=HELLO_CONNECTING pgs=0 cs=0 l=1 rev1=1 crypto rx=0 tx=0 comp rx=0 tx=0).handle_hello peer v2:172.21.15.52:3300/0 says I am v2:172.21.15.52:38296/0 (socket says 172.21.15.52:38296)
2024-06-02T22:59:44.577 INFO:teuthology.orchestra.run.smithi052.stdout:/usr/bin/ceph: stderr
2024-06-02T22:59:38.223+0000 7f52564d7700 1 -- 172.21.15.52:0/1146683380 learned_addr learned my addr 172.21.15.52:0/1146683380 (peer_addr_for_me v2:172.21.15.52:0/0)
2024-06-02T22:59:44.577 INFO:teuthology.orchestra.run.smithi052.stdout:/usr/bin/ceph: stderr
2024-06-02T22:59:38.224+0000 7f52564d7700 1 -- 172.21.15.52:0/1146683380 --> [v2:172.21.15.52:3300/0,v1:172.21.15.52:6789/0] -- mon_subscribe({config=0+,monmap=0+}) -- 0x7f525010cf50 con 0x7f5250107080
2024-06-02T22:59:44.577 INFO:teuthology.orchestra.run.smithi052.stdout:/usr/bin/ceph: stderr
2024-06-02T22:59:38.224+0000 7f52564d7700 1 --2- 172.21.15.52:0/1146683380 >> [v2:172.21.15.52:3300/0,v1:172.21.15.52:6789/0] conn(0x7f5250107080 0x7f525010ca10 secure :-1 s=READY pgs=27 cs=0 l=1 rev1=1 crypto rx=0x7f5244011a50 tx=0x7f5244011b30 comp rx=0 tx=0).ready entity=mon.0 client_cookie=0 server_cookie=0 in_seq=0 out_seq=0
2024-06-02T22:59:44.577 INFO:teuthology.orchestra.run.smithi052.stdout:/usr/bin/ceph: stderr
2024-06-02T22:59:38.224+0000 7f52437fe700 1 -- 172.21.15.52:0/1146683380 <== mon.0 v2:172.21.15.52:3300/0 1 ==== mon_map magic: 0 ==== 205+0+0 (secure 0 0 0) 0x7f5244003a80 con 0x7f5250107080
2024-06-02T22:59:44.578 INFO:teuthology.orchestra.run.smithi052.stdout:/usr/bin/ceph: stderr
2024-06-02T22:59:38.224+0000 7f525873b700 1 -- 172.21.15.52:0/1146683380 --> [v2:172.21.15.52:3300/0,v1:172.21.15.52:6789/0] -- mon_subscribe({mgrmap=0+}) -- 0x7f525010b190 con 0x7f5250107080
2024-06-02T22:59:44.578 INFO:teuthology.orchestra.run.smithi052.stdout:/usr/bin/ceph: stderr
2024-06-02T22:59:38.224+0000 7f525873b700 1 -- 172.21.15.52:0/1146683380 --> [v2:172.21.15.52:3300/0,v1:172.21.15.52:6789/0] -- mon_subscribe({osdmap=0}) -- 0x7f525010b670 con 0x7f5250107080
2024-06-02T22:59:44.578 INFO:teuthology.orchestra.run.smithi052.stdout:/usr/bin/ceph: stderr
2024-06-02T22:59:38.224+0000 7f52437fe700 1 -- 172.21.15.52:0/1146683380 <== mon.0 v2:172.21.15.52:3300/0 2 ==== config(26 keys) ==== 1071+0+0 (secure 0 0 0) 0x7f5244003c20 con 0x7f5250107080
2024-06-02T22:59:44.578 INFO:teuthology.orchestra.run.smithi052.stdout:/usr/bin/ceph: stderr
2024-06-02T22:59:38.224+0000 7f52437fe700 1 -- 172.21.15.52:0/1146683380 <== mon.0 v2:172.21.15.52:3300/0 3 ==== mon_map magic: 0 ==== 205+0+0 (secure 0 0 0) 0x7f524401a650 con 0x7f5250107080
2024-06-02T22:59:44.578 INFO:teuthology.orchestra.run.smithi052.stdout:/usr/bin/ceph: stderr
2024-06-02T22:59:38.225+0000 7f52437fe700 1 -- 172.21.15.52:0/1146683380 <== mon.0 v2:172.21.15.52:3300/0 4 ==== mgrmap(e 5) ==== 46287+0+0 (secure 0 0 0) 0x7f524401a9f0 con 0x7f5250107080
2024-06-02T22:59:44.578 INFO:teuthology.orchestra.run.smithi052.stdout:/usr/bin/ceph: stderr
2024-06-02T22:59:38.225+0000 7f52437fe700 1 --2- 172.21.15.52:0/1146683380 >> [v2:172.21.15.52:6800/2620214668,v1:172.21.15.52:6801/2620214668] conn(0x7f523c039050 0x7f523c03b510 unknown :-1 s=NONE pgs=0 cs=0 l=1 rev1=0 crypto rx=0 tx=0 comp rx=0 tx=0).connect
2024-06-02T22:59:44.578 INFO:teuthology.orchestra.run.smithi052.stdout:/usr/bin/ceph: stderr
2024-06-02T22:59:38.225+0000 7f52437fe700 1 -- 172.21.15.52:0/1146683380 --> [v2:172.21.15.52:6800/2620214668,v1:172.21.15.52:6801/2620214668] -- command(tid 0: {"prefix": "get_command_descriptions"}) -- 0x7f523c03bc20 con 0x7f523c039050
2024-06-02T22:59:44.578 INFO:teuthology.orchestra.run.smithi052.stdout:/usr/bin/ceph: stderr
2024-06-02T22:59:38.225+0000 7f52437fe700 1 -- 172.21.15.52:0/1146683380 <== mon.0 v2:172.21.15.52:3300/0 5 ==== osd_map(1..1 src has 1..1) ==== 725+0+0 (secure 0 0 0) 0x7f524404d5b0 con 0x7f5250107080
2024-06-02T22:59:44.578 INFO:teuthology.orchestra.run.smithi052.stdout:/usr/bin/ceph: stderr
2024-06-02T22:59:38.225+0000 7f5255cd6700 1 -- 172.21.15.52:0/1146683380 >> [v2:172.21.15.52:6800/2620214668,v1:172.21.15.52:6801/2620214668] conn(0x7f523c039050 msgr2=0x7f523c03b510 unknown :-1 s=STATE_CONNECTING_RE l=1).process reconnect failed to v2:172.21.15.52:6800/2620214668
2024-06-02T22:59:44.578 INFO:teuthology.orchestra.run.smithi052.stdout:/usr/bin/ceph: stderr
2024-06-02T22:59:38.226+0000 7f5255cd6700 1 --2- 172.21.15.52:0/1146683380 >> [v2:172.21.15.52:6800/2620214668,v1:172.21.15.52:6801/2620214668] conn(0x7f523c039050 0x7f523c03b510 unknown :-1 s=START_CONNECT pgs=0 cs=0 l=1 rev1=0 crypto rx=0 tx=0 comp rx=0 tx=0)._fault waiting 0.200000
2024-06-02T22:59:44.578 INFO:teuthology.orchestra.run.smithi052.stdout:/usr/bin/ceph: stderr
2024-06-02T22:59:38.427+0000 7f5255cd6700 1 -- 172.21.15.52:0/1146683380 >> [v2:172.21.15.52:6800/2620214668,v1:172.21.15.52:6801/2620214668] conn(0x7f523c039050 msgr2=0x7f523c03b510 unknown :-1 s=STATE_CONNECTING_RE l=1).process reconnect failed to v2:172.21.15.52:6800/2620214668
2024-06-02T22:59:44.578 INFO:teuthology.orchestra.run.smithi052.stdout:/usr/bin/ceph: stderr
2024-06-02T22:59:38.427+0000 7f5255cd6700 1 --2- 172.21.15.52:0/1146683380 >> [v2:172.21.15.52:6800/2620214668,v1:172.21.15.52:6801/2620214668] conn(0x7f523c039050 0x7f523c03b510 unknown :-1 s=START_CONNECT pgs=0 cs=0 l=1 rev1=0 crypto rx=0 tx=0 comp rx=0 tx=0)._fault waiting 0.400000
2024-06-02T22:59:44.579 INFO:teuthology.orchestra.run.smithi052.stdout:/usr/bin/ceph: stderr
2024-06-02T22:59:38.828+0000 7f5255cd6700 1 -- 172.21.15.52:0/1146683380 >> [v2:172.21.15.52:6800/2620214668,v1:172.21.15.52:6801/2620214668] conn(0x7f523c039050 msgr2=0x7f523c03b510 unknown :-1 s=STATE_CONNECTING_RE l=1).process reconnect failed to v2:172.21.15.52:6800/2620214668
2024-06-02T22:59:44.579 INFO:teuthology.orchestra.run.smithi052.stdout:/usr/bin/ceph: stderr
2024-06-02T22:59:38.828+0000 7f5255cd6700 1 --2- 172.21.15.52:0/1146683380 >> [v2:172.21.15.52:6800/2620214668,v1:172.21.15.52:6801/2620214668] conn(0x7f523c039050 0x7f523c03b510 unknown :-1 s=START_CONNECT pgs=0 cs=0 l=1 rev1=0 crypto rx=0 tx=0 comp rx=0 tx=0)._fault waiting 0.800000
2024-06-02T22:59:44.579 INFO:teuthology.orchestra.run.smithi052.stdout:/usr/bin/ceph: stderr
2024-06-02T22:59:39.629+0000 7f5255cd6700 1 -- 172.21.15.52:0/1146683380 >> [v2:172.21.15.52:6800/2620214668,v1:172.21.15.52:6801/2620214668] conn(0x7f523c039050 msgr2=0x7f523c03b510 unknown :-1 s=STATE_CONNECTING_RE l=1).process reconnect failed to v2:172.21.15.52:6800/2620214668
2024-06-02T22:59:44.579 INFO:teuthology.orchestra.run.smithi052.stdout:/usr/bin/ceph: stderr
2024-06-02T22:59:39.629+0000 7f5255cd6700 1 --2- 172.21.15.52:0/1146683380 >> [v2:172.21.15.52:6800/2620214668,v1:172.21.15.52:6801/2620214668] conn(0x7f523c039050 0x7f523c03b510 unknown :-1 s=START_CONNECT pgs=0 cs=0 l=1 rev1=0 crypto rx=0 tx=0 comp rx=0 tx=0)._fault waiting 1.600000
2024-06-02T22:59:44.579 INFO:teuthology.orchestra.run.smithi052.stdout:/usr/bin/ceph: stderr
2024-06-02T22:59:41.230+0000 7f5255cd6700 1 -- 172.21.15.52:0/1146683380 >> [v2:172.21.15.52:6800/2620214668,v1:172.21.15.52:6801/2620214668] conn(0x7f523c039050 msgr2=0x7f523c03b510 unknown :-1 s=STATE_CONNECTING_RE l=1).process reconnect failed to v2:172.21.15.52:6800/2620214668
2024-06-02T22:59:44.579 INFO:teuthology.orchestra.run.smithi052.stdout:/usr/bin/ceph: stderr
2024-06-02T22:59:41.231+0000 7f5255cd6700 1 --2- 172.21.15.52:0/1146683380 >> [v2:172.21.15.52:6800/2620214668,v1:172.21.15.52:6801/2620214668] conn(0x7f523c039050 0x7f523c03b510 unknown :-1 s=START_CONNECT pgs=0 cs=0 l=1 rev1=0 crypto rx=0 tx=0 comp rx=0 tx=0)._fault waiting 3.200000
2024-06-02T22:59:44.579 INFO:teuthology.orchestra.run.smithi052.stdout:/usr/bin/ceph: stderr
2024-06-02T22:59:43.025+0000 7f52437fe700 1 -- 172.21.15.52:0/1146683380 <== mon.0 v2:172.21.15.52:3300/0 6 ==== mgrmap(e 6) ==== 46054+0+0 (secure 0 0 0) 0x7f5244024ad0 con 0x7f5250107080
2024-06-02T22:59:44.579 INFO:teuthology.orchestra.run.smithi052.stdout:/usr/bin/ceph: stderr
2024-06-02T22:59:43.026+0000 7f52437fe700 1 -- 172.21.15.52:0/1146683380 >> [v2:172.21.15.52:6800/2620214668,v1:172.21.15.52:6801/2620214668] conn(0x7f523c039050 msgr2=0x7f523c03b510 unknown :-1 s=STATE_CONNECTING l=1).mark_down
2024-06-02T22:59:44.579 INFO:teuthology.orchestra.run.smithi052.stdout:/usr/bin/ceph: stderr
2024-06-02T22:59:43.026+0000 7f52437fe700 1 --2- 172.21.15.52:0/1146683380 >> [v2:172.21.15.52:6800/2620214668,v1:172.21.15.52:6801/2620214668] conn(0x7f523c039050 0x7f523c03b510 unknown :-1 s=START_CONNECT pgs=0 cs=0 l=1 rev1=0 crypto rx=0 tx=0 comp rx=0 tx=0).stop
2024-06-02T22:59:44.579 INFO:teuthology.orchestra.run.smithi052.stdout:/usr/bin/ceph: stderr
2024-06-02T22:59:44.027+0000 7f52437fe700 1 -- 172.21.15.52:0/1146683380 <== mon.0 v2:172.21.15.52:3300/0 7 ==== mgrmap(e 7) ==== 46181+0+0 (secure 0 0 0) 0x7f524404f600 con 0x7f5250107080
2024-06-02T22:59:44.579 INFO:teuthology.orchestra.run.smithi052.stdout:/usr/bin/ceph: stderr
2024-06-02T22:59:44.027+0000 7f52437fe700 1 --2- 172.21.15.52:0/1146683380 >> [v2:172.21.15.52:6800/540942425,v1:172.21.15.52:6801/540942425] conn(0x7f523c03c980 0x7f523c03ed70 unknown :-1 s=NONE pgs=0 cs=0 l=1 rev1=0 crypto rx=0 tx=0 comp rx=0 tx=0).connect
2024-06-02T22:59:44.579 INFO:teuthology.orchestra.run.smithi052.stdout:/usr/bin/ceph: stderr
2024-06-02T22:59:44.028+0000 7f52437fe700 1 -- 172.21.15.52:0/1146683380 --> [v2:172.21.15.52:6800/540942425,v1:172.21.15.52:6801/540942425] -- command(tid 0: {"prefix": "get_command_descriptions"}) -- 0x7f523c03bc20 con 0x7f523c03c980
2024-06-02T22:59:44.579 INFO:teuthology.orchestra.run.smithi052.stdout:/usr/bin/ceph: stderr
2024-06-02T22:59:44.028+0000 7f5255cd6700 1 --2- 172.21.15.52:0/1146683380 >> [v2:172.21.15.52:6800/540942425,v1:172.21.15.52:6801/540942425] conn(0x7f523c03c980 0x7f523c03ed70 unknown :-1 s=BANNER_CONNECTING pgs=0 cs=0 l=1 rev1=0 crypto rx=0 tx=0 comp rx=0 tx=0)._handle_peer_banner_payload supported=3 required=0
2024-06-02T22:59:44.580 INFO:teuthology.orchestra.run.smithi052.stdout:/usr/bin/ceph: stderr
2024-06-02T22:59:44.028+0000 7f5255cd6700 1 --2- 172.21.15.52:0/1146683380 >> [v2:172.21.15.52:6800/540942425,v1:172.21.15.52:6801/540942425] conn(0x7f523c03c980 0x7f523c03ed70 secure :-1 s=READY pgs=2 cs=0 l=1 rev1=1 crypto rx=0x7f524c003a10 tx=0x7f524c009290 comp rx=0 tx=0).ready entity=mgr.14118 client_cookie=0 server_cookie=0 in_seq=0 out_seq=0
2024-06-02T22:59:44.580 INFO:teuthology.orchestra.run.smithi052.stdout:/usr/bin/ceph: stderr
2024-06-02T22:59:44.029+0000 7f52437fe700 1 -- 172.21.15.52:0/1146683380 <== mgr.14118 v2:172.21.15.52:6800/540942425 1 ==== command_reply(tid 0: 0 ) ==== 8+0+7774 (secure 0 0 0) 0x7f523c03bc20 con 0x7f523c03c980
2024-06-02T22:59:44.580 INFO:teuthology.orchestra.run.smithi052.stdout:/usr/bin/ceph: stderr
2024-06-02T22:59:44.036+0000 7f525873b700 1 -- 172.21.15.52:0/1146683380 --> [v2:172.21.15.52:6800/540942425,v1:172.21.15.52:6801/540942425] -- command(tid 1: {"prefix": "mgr_status"}) -- 0x7f5234002630 con 0x7f523c03c980
2024-06-02T22:59:44.580 INFO:teuthology.orchestra.run.smithi052.stdout:/usr/bin/ceph: stderr
2024-06-02T22:59:44.036+0000 7f52437fe700 1 -- 172.21.15.52:0/1146683380 <== mgr.14118 v2:172.21.15.52:6800/540942425 2 ==== command_reply(tid 1: 0 ) ==== 8+0+51 (secure 0 0 0) 0x7f5234002630 con 0x7f523c03c980
2024-06-02T22:59:44.580 INFO:teuthology.orchestra.run.smithi052.stdout:/usr/bin/ceph: stderr
2024-06-02T22:59:44.037+0000 7f525873b700 1 -- 172.21.15.52:0/1146683380 >> [v2:172.21.15.52:6800/540942425,v1:172.21.15.52:6801/540942425] conn(0x7f523c03c980 msgr2=0x7f523c03ed70 secure :-1 s=STATE_CONNECTION_ESTABLISHED l=1).mark_down
2024-06-02T22:59:44.580 INFO:teuthology.orchestra.run.smithi052.stdout:/usr/bin/ceph: stderr
2024-06-02T22:59:44.037+0000 7f525873b700 1 --2- 172.21.15.52:0/1146683380 >> [v2:172.21.15.52:6800/540942425,v1:172.21.15.52:6801/540942425] conn(0x7f523c03c980 0x7f523c03ed70 secure :-1 s=READY pgs=2 cs=0 l=1 rev1=1 crypto rx=0x7f524c003a10 tx=0x7f524c009290 comp rx=0 tx=0).stop
2024-06-02T22:59:44.580 INFO:teuthology.orchestra.run.smithi052.stdout:/usr/bin/ceph: stderr
2024-06-02T22:59:44.037+0000 7f525873b700 1 -- 172.21.15.52:0/1146683380 >> [v2:172.21.15.52:3300/0,v1:172.21.15.52:6789/0] conn(0x7f5250107080 msgr2=0x7f525010ca10 secure :-1 s=STATE_CONNECTION_ESTABLISHED l=1).mark_down
2024-06-02T22:59:44.580 INFO:teuthology.orchestra.run.smithi052.stdout:/usr/bin/ceph: stderr
2024-06-02T22:59:44.037+0000 7f525873b700 1 --2- 172.21.15.52:0/1146683380 >> [v2:172.21.15.52:3300/0,v1:172.21.15.52:6789/0] conn(0x7f5250107080 0x7f525010ca10 secure :-1 s=READY pgs=27 cs=0 l=1 rev1=1 crypto rx=0x7f5244011a50 tx=0x7f5244011b30 comp rx=0 tx=0).stop
2024-06-02T22:59:44.580 INFO:teuthology.orchestra.run.smithi052.stdout:/usr/bin/ceph: stderr
2024-06-02T22:59:44.037+0000 7f525873b700 1 -- 172.21.15.52:0/1146683380 shutdown_connections
2024-06-02T22:59:44.580 INFO:teuthology.orchestra.run.smithi052.stdout:/usr/bin/ceph: stderr
2024-06-02T22:59:44.037+0000 7f525873b700 1 --2- 172.21.15.52:0/1146683380 >> [v2:172.21.15.52:3300/0,v1:172.21.15.52:6789/0] conn(0x7f5250107080 0x7f525010ca10 unknown :-1 s=CLOSED pgs=27 cs=0 l=1 rev1=1 crypto rx=0 tx=0 comp rx=0 tx=0).stop
2024-06-02T22:59:44.580 INFO:teuthology.orchestra.run.smithi052.stdout:/usr/bin/ceph: stderr
2024-06-02T22:59:44.037+0000 7f525873b700 1 --2- 172.21.15.52:0/1146683380 >> [v2:172.21.15.52:6800/540942425,v1:172.21.15.52:6801/540942425] conn(0x7f523c03c980 0x7f523c03ed70 unknown :-1 s=CLOSED pgs=2 cs=0 l=1 rev1=1 crypto rx=0 tx=0 comp rx=0 tx=0).stop
2024-06-02T22:59:44.581 INFO:teuthology.orchestra.run.smithi052.stdout:/usr/bin/ceph: stderr
2024-06-02T22:59:44.037+0000 7f525873b700 1 --2- 172.21.15.52:0/1146683380 >> [v2:172.21.15.52:6800/2620214668,v1:172.21.15.52:6801/2620214668] conn(0x7f523c039050 0x7f523c03b510 unknown :-1 s=CLOSED pgs=0 cs=0 l=1 rev1=0 crypto rx=0 tx=0 comp rx=0 tx=0).stop
2024-06-02T22:59:44.581 INFO:teuthology.orchestra.run.smithi052.stdout:/usr/bin/ceph: stderr
2024-06-02T22:59:44.037+0000 7f525873b700 1 -- 172.21.15.52:0/1146683380 >> 172.21.15.52:0/1146683380 conn(0x7f52501018a0 msgr2=0x7f5250102030 unknown :-1 s=STATE_NONE l=0).mark_down
2024-06-02T22:59:44.581 INFO:teuthology.orchestra.run.smithi052.stdout:/usr/bin/ceph: stderr
2024-06-02T22:59:44.037+0000 7f525873b700 1 -- 172.21.15.52:0/1146683380 shutdown_connections
2024-06-02T22:59:44.581 INFO:teuthology.orchestra.run.smithi052.stdout:/usr/bin/ceph: stderr
2024-06-02T22:59:44.037+0000 7f525873b700 1 -- 172.21.15.52:0/1146683380 wait complete.
2024-06-02T22:59:44.581 INFO:teuthology.orchestra.run.smithi052.stdout:mgr epoch 5 is available
2024-06-02T22:59:44.581 INFO:teuthology.orchestra.run.smithi052.stdout:Setting orchestrator backend to cephadm...
2024-06-02T22:59:45.149 INFO:journalctl@ceph.mon.a.smithi052.stdout:Jun 02 22:59:45 smithi052 ceph-mon[32340]: [02/Jun/2024:22:59:43] ENGINE Serving on https://172.21.15.52:7150
2024-06-02T22:59:45.149 INFO:journalctl@ceph.mon.a.smithi052.stdout:Jun 02 22:59:45 smithi052 ceph-mon[32340]: [02/Jun/2024:22:59:43] ENGINE Bus STARTED
2024-06-02T22:59:45.150 INFO:journalctl@ceph.mon.a.smithi052.stdout:Jun 02 22:59:45 smithi052 ceph-mon[32340]: from='client.14122 -' entity='client.admin' cmd=[{"prefix": "get_command_descriptions"}]: dispatch
2024-06-02T22:59:45.150 INFO:journalctl@ceph.mon.a.smithi052.stdout:Jun 02 22:59:45 smithi052 ceph-mon[32340]: from='client.14122 -' entity='client.admin' cmd=[{"prefix": "mgr_status"}]: dispatch
2024-06-02T22:59:45.786 INFO:teuthology.orchestra.run.smithi052.stdout:/usr/bin/ceph: stderr
2024-06-02T22:59:44.998+0000 7f20749f4700 1 Processor -- start
2024-06-02T22:59:45.787 INFO:teuthology.orchestra.run.smithi052.stdout:/usr/bin/ceph: stderr
2024-06-02T22:59:44.998+0000 7f20749f4700 1 -- start start
2024-06-02T22:59:45.787 INFO:teuthology.orchestra.run.smithi052.stdout:/usr/bin/ceph: stderr
2024-06-02T22:59:44.999+0000 7f20749f4700 1 --2- >> [v2:172.21.15.52:3300/0,v1:172.21.15.52:6789/0] conn(0x7f2070108750 0x7f207010ab40 unknown :-1 s=NONE pgs=0 cs=0 l=0 rev1=0 crypto rx=0 tx=0 comp rx=0 tx=0).connect
2024-06-02T22:59:45.787 INFO:teuthology.orchestra.run.smithi052.stdout:/usr/bin/ceph: stderr
2024-06-02T22:59:44.999+0000 7f20749f4700 1 -- --> [v2:172.21.15.52:3300/0,v1:172.21.15.52:6789/0] -- mon_getmap magic: 0 -- 0x7f207007be70 con 0x7f2070108750
2024-06-02T22:59:45.787 INFO:teuthology.orchestra.run.smithi052.stdout:/usr/bin/ceph: stderr
2024-06-02T22:59:44.999+0000 7f206e59c700 1 --2- >> [v2:172.21.15.52:3300/0,v1:172.21.15.52:6789/0] conn(0x7f2070108750 0x7f207010ab40 unknown :-1 s=BANNER_CONNECTING pgs=0 cs=0 l=0 rev1=0 crypto rx=0 tx=0 comp rx=0 tx=0)._handle_peer_banner_payload supported=3 required=0
2024-06-02T22:59:45.787 INFO:teuthology.orchestra.run.smithi052.stdout:/usr/bin/ceph: stderr
2024-06-02T22:59:44.999+0000 7f206e59c700 1 --2- >> [v2:172.21.15.52:3300/0,v1:172.21.15.52:6789/0] conn(0x7f2070108750 0x7f207010ab40 unknown :-1 s=HELLO_CONNECTING pgs=0 cs=0 l=0 rev1=1 crypto rx=0 tx=0 comp rx=0 tx=0).handle_hello peer v2:172.21.15.52:3300/0 says I am v2:172.21.15.52:34428/0 (socket says 172.21.15.52:34428)
