2024-06-02T22:59:58.593 INFO:teuthology.orchestra.run.smithi052.stdout:/usr/bin/ceph: stderr
2024-06-02T22:59:57.140+0000 7ff0d9b92700 1 --2- >> [v2:172.21.15.52:3300/0,v1:172.21.15.52:6789/0] conn(0x7ff0d4107c70 0x7ff0d4108090 unknown :-1 s=NONE pgs=0 cs=0 l=0 rev1=0 crypto rx=0 tx=0 comp rx=0 tx=0).connect
2024-06-02T22:59:58.593 INFO:teuthology.orchestra.run.smithi052.stdout:/usr/bin/ceph: stderr
2024-06-02T22:59:57.140+0000 7ff0d9b92700 1 -- --> [v2:172.21.15.52:3300/0,v1:172.21.15.52:6789/0] -- mon_getmap magic: 0 -- 0x7ff0d4108660 con 0x7ff0d4107c70
2024-06-02T22:59:58.593 INFO:teuthology.orchestra.run.smithi052.stdout:/usr/bin/ceph: stderr
2024-06-02T22:59:57.140+0000 7ff0d37fe700 1 --2- >> [v2:172.21.15.52:3300/0,v1:172.21.15.52:6789/0] conn(0x7ff0d4107c70 0x7ff0d4108090 unknown :-1 s=BANNER_CONNECTING pgs=0 cs=0 l=0 rev1=0 crypto rx=0 tx=0 comp rx=0 tx=0)._handle_peer_banner_payload supported=3 required=0
2024-06-02T22:59:58.594 INFO:teuthology.orchestra.run.smithi052.stdout:/usr/bin/ceph: stderr
2024-06-02T22:59:57.140+0000 7ff0d37fe700 1 --2- >> [v2:172.21.15.52:3300/0,v1:172.21.15.52:6789/0] conn(0x7ff0d4107c70 0x7ff0d4108090 unknown :-1 s=HELLO_CONNECTING pgs=0 cs=0 l=0 rev1=1 crypto rx=0 tx=0 comp rx=0 tx=0).handle_hello peer v2:172.21.15.52:3300/0 says I am v2:172.21.15.52:42596/0 (socket says 172.21.15.52:42596)
2024-06-02T22:59:58.594 INFO:teuthology.orchestra.run.smithi052.stdout:/usr/bin/ceph: stderr
2024-06-02T22:59:57.140+0000 7ff0d37fe700 1 -- 172.21.15.52:0/3566054431 learned_addr learned my addr 172.21.15.52:0/3566054431 (peer_addr_for_me v2:172.21.15.52:0/0)
2024-06-02T22:59:58.594 INFO:teuthology.orchestra.run.smithi052.stdout:/usr/bin/ceph: stderr
2024-06-02T22:59:57.140+0000 7ff0d37fe700 1 -- 172.21.15.52:0/3566054431 --> [v2:172.21.15.52:3300/0,v1:172.21.15.52:6789/0] -- mon_subscribe({config=0+,monmap=0+}) -- 0x7ff0d4108e70 con 0x7ff0d4107c70
2024-06-02T22:59:58.594 INFO:teuthology.orchestra.run.smithi052.stdout:/usr/bin/ceph: stderr
2024-06-02T22:59:57.140+0000 7ff0d37fe700 1 --2- 172.21.15.52:0/3566054431 >> [v2:172.21.15.52:3300/0,v1:172.21.15.52:6789/0] conn(0x7ff0d4107c70 0x7ff0d4108090 secure :-1 s=READY pgs=47 cs=0 l=1 rev1=1 crypto rx=0x7ff0c40098a0 tx=0x7ff0c4009bb0 comp rx=0 tx=0).ready entity=mon.0 client_cookie=2a693a191b264507 server_cookie=0 in_seq=0 out_seq=0
2024-06-02T22:59:58.594 INFO:teuthology.orchestra.run.smithi052.stdout:/usr/bin/ceph: stderr
2024-06-02T22:59:57.141+0000 7ff0d2ffd700 1 -- 172.21.15.52:0/3566054431 <== mon.0 v2:172.21.15.52:3300/0 1 ==== mon_map magic: 0 ==== 205+0+0 (secure 0 0 0) 0x7ff0c4004160 con 0x7ff0d4107c70
2024-06-02T22:59:58.594 INFO:teuthology.orchestra.run.smithi052.stdout:/usr/bin/ceph: stderr
2024-06-02T22:59:57.141+0000 7ff0d2ffd700 1 -- 172.21.15.52:0/3566054431 <== mon.0 v2:172.21.15.52:3300/0 2 ==== config(26 keys) ==== 1071+0+0 (secure 0 0 0) 0x7ff0c4004300 con 0x7ff0d4107c70
2024-06-02T22:59:58.594 INFO:teuthology.orchestra.run.smithi052.stdout:/usr/bin/ceph: stderr
2024-06-02T22:59:57.141+0000 7ff0d2ffd700 1 -- 172.21.15.52:0/3566054431 <== mon.0 v2:172.21.15.52:3300/0 3 ==== mon_map magic: 0 ==== 205+0+0 (secure 0 0 0) 0x7ff0c4011a80 con 0x7ff0d4107c70
2024-06-02T22:59:58.594 INFO:teuthology.orchestra.run.smithi052.stdout:/usr/bin/ceph: stderr
2024-06-02T22:59:57.141+0000 7ff0d9b92700 1 -- 172.21.15.52:0/3566054431 >> [v2:172.21.15.52:3300/0,v1:172.21.15.52:6789/0] conn(0x7ff0d4107c70 msgr2=0x7ff0d4108090 secure :-1 s=STATE_CONNECTION_ESTABLISHED l=1).mark_down
2024-06-02T22:59:58.594 INFO:teuthology.orchestra.run.smithi052.stdout:/usr/bin/ceph: stderr
2024-06-02T22:59:57.141+0000 7ff0d9b92700 1 --2- 172.21.15.52:0/3566054431 >> [v2:172.21.15.52:3300/0,v1:172.21.15.52:6789/0] conn(0x7ff0d4107c70 0x7ff0d4108090 secure :-1 s=READY pgs=47 cs=0 l=1 rev1=1 crypto rx=0x7ff0c40098a0 tx=0x7ff0c4009bb0 comp rx=0 tx=0).stop
2024-06-02T22:59:58.594 INFO:teuthology.orchestra.run.smithi052.stdout:/usr/bin/ceph: stderr
2024-06-02T22:59:57.141+0000 7ff0d9b92700 1 -- 172.21.15.52:0/3566054431 shutdown_connections
2024-06-02T22:59:58.594 INFO:teuthology.orchestra.run.smithi052.stdout:/usr/bin/ceph: stderr
2024-06-02T22:59:57.141+0000 7ff0d9b92700 1 --2- 172.21.15.52:0/3566054431 >> [v2:172.21.15.52:3300/0,v1:172.21.15.52:6789/0] conn(0x7ff0d4107c70 0x7ff0d4108090 unknown :-1 s=CLOSED pgs=47 cs=0 l=1 rev1=1 crypto rx=0 tx=0 comp rx=0 tx=0).stop
2024-06-02T22:59:58.594 INFO:teuthology.orchestra.run.smithi052.stdout:/usr/bin/ceph: stderr
2024-06-02T22:59:57.141+0000 7ff0d9b92700 1 -- 172.21.15.52:0/3566054431 >> 172.21.15.52:0/3566054431 conn(0x7ff0d4103290 msgr2=0x7ff0d41056b0 unknown :-1 s=STATE_NONE l=0).mark_down
2024-06-02T22:59:58.594 INFO:teuthology.orchestra.run.smithi052.stdout:/usr/bin/ceph: stderr
2024-06-02T22:59:57.141+0000 7ff0d9b92700 1 -- 172.21.15.52:0/3566054431 shutdown_connections
2024-06-02T22:59:58.595 INFO:teuthology.orchestra.run.smithi052.stdout:/usr/bin/ceph: stderr
2024-06-02T22:59:57.141+0000 7ff0d9b92700 1 -- 172.21.15.52:0/3566054431 wait complete.
2024-06-02T22:59:58.595 INFO:teuthology.orchestra.run.smithi052.stdout:/usr/bin/ceph: stderr
2024-06-02T22:59:57.142+0000 7ff0d9b92700 1 Processor -- start
2024-06-02T22:59:58.595 INFO:teuthology.orchestra.run.smithi052.stdout:/usr/bin/ceph: stderr
2024-06-02T22:59:57.142+0000 7ff0d9b92700 1 -- start start
2024-06-02T22:59:58.595 INFO:teuthology.orchestra.run.smithi052.stdout:/usr/bin/ceph: stderr
2024-06-02T22:59:57.142+0000 7ff0d9b92700 1 --2- >> [v2:172.21.15.52:3300/0,v1:172.21.15.52:6789/0] conn(0x7ff0d4107c70 0x7ff0d419bc20 unknown :-1 s=NONE pgs=0 cs=0 l=1 rev1=0 crypto rx=0 tx=0 comp rx=0 tx=0).connect
2024-06-02T22:59:58.595 INFO:teuthology.orchestra.run.smithi052.stdout:/usr/bin/ceph: stderr
2024-06-02T22:59:57.142+0000 7ff0d9b92700 1 -- --> [v2:172.21.15.52:3300/0,v1:172.21.15.52:6789/0] -- mon_getmap magic: 0 -- 0x7ff0d410c220 con 0x7ff0d4107c70
2024-06-02T22:59:58.595 INFO:teuthology.orchestra.run.smithi052.stdout:/usr/bin/ceph: stderr
2024-06-02T22:59:57.142+0000 7ff0d37fe700 1 --2- >> [v2:172.21.15.52:3300/0,v1:172.21.15.52:6789/0] conn(0x7ff0d4107c70 0x7ff0d419bc20 unknown :-1 s=BANNER_CONNECTING pgs=0 cs=0 l=1 rev1=0 crypto rx=0 tx=0 comp rx=0 tx=0)._handle_peer_banner_payload supported=3 required=0
2024-06-02T22:59:58.595 INFO:teuthology.orchestra.run.smithi052.stdout:/usr/bin/ceph: stderr
2024-06-02T22:59:57.142+0000 7ff0d37fe700 1 --2- >> [v2:172.21.15.52:3300/0,v1:172.21.15.52:6789/0] conn(0x7ff0d4107c70 0x7ff0d419bc20 unknown :-1 s=HELLO_CONNECTING pgs=0 cs=0 l=1 rev1=1 crypto rx=0 tx=0 comp rx=0 tx=0).handle_hello peer v2:172.21.15.52:3300/0 says I am v2:172.21.15.52:42598/0 (socket says 172.21.15.52:42598)
2024-06-02T22:59:58.595 INFO:teuthology.orchestra.run.smithi052.stdout:/usr/bin/ceph: stderr
2024-06-02T22:59:57.142+0000 7ff0d37fe700 1 -- 172.21.15.52:0/4223458358 learned_addr learned my addr 172.21.15.52:0/4223458358 (peer_addr_for_me v2:172.21.15.52:0/0)
2024-06-02T22:59:58.595 INFO:teuthology.orchestra.run.smithi052.stdout:/usr/bin/ceph: stderr
2024-06-02T22:59:57.143+0000 7ff0d37fe700 1 -- 172.21.15.52:0/4223458358 --> [v2:172.21.15.52:3300/0,v1:172.21.15.52:6789/0] -- mon_subscribe({config=0+,monmap=0+}) -- 0x7ff0d419c160 con 0x7ff0d4107c70
2024-06-02T22:59:58.595 INFO:teuthology.orchestra.run.smithi052.stdout:/usr/bin/ceph: stderr
2024-06-02T22:59:57.143+0000 7ff0d37fe700 1 --2- 172.21.15.52:0/4223458358 >> [v2:172.21.15.52:3300/0,v1:172.21.15.52:6789/0] conn(0x7ff0d4107c70 0x7ff0d419bc20 secure :-1 s=READY pgs=48 cs=0 l=1 rev1=1 crypto rx=0x7ff0c4000c00 tx=0x7ff0c4004290 comp rx=0 tx=0).ready entity=mon.0 client_cookie=0 server_cookie=0 in_seq=0 out_seq=0
2024-06-02T22:59:58.595 INFO:teuthology.orchestra.run.smithi052.stdout:/usr/bin/ceph: stderr
2024-06-02T22:59:57.143+0000 7ff0d17fa700 1 -- 172.21.15.52:0/4223458358 <== mon.0 v2:172.21.15.52:3300/0 1 ==== mon_map magic: 0 ==== 205+0+0 (secure 0 0 0) 0x7ff0c40039c0 con 0x7ff0d4107c70
2024-06-02T22:59:58.595 INFO:teuthology.orchestra.run.smithi052.stdout:/usr/bin/ceph: stderr
2024-06-02T22:59:57.143+0000 7ff0d9b92700 1 -- 172.21.15.52:0/4223458358 --> [v2:172.21.15.52:3300/0,v1:172.21.15.52:6789/0] -- mon_subscribe({mgrmap=0+}) -- 0x7ff0d419c3f0 con 0x7ff0d4107c70
2024-06-02T22:59:58.595 INFO:teuthology.orchestra.run.smithi052.stdout:/usr/bin/ceph: stderr
2024-06-02T22:59:57.143+0000 7ff0d17fa700 1 -- 172.21.15.52:0/4223458358 <== mon.0 v2:172.21.15.52:3300/0 2 ==== config(26 keys) ==== 1071+0+0 (secure 0 0 0) 0x7ff0c4003b60 con 0x7ff0d4107c70
2024-06-02T22:59:58.595 INFO:teuthology.orchestra.run.smithi052.stdout:/usr/bin/ceph: stderr
2024-06-02T22:59:57.143+0000 7ff0d17fa700 1 -- 172.21.15.52:0/4223458358 <== mon.0 v2:172.21.15.52:3300/0 3 ==== mon_map magic: 0 ==== 205+0+0 (secure 0 0 0) 0x7ff0c401a6f0 con 0x7ff0d4107c70
2024-06-02T22:59:58.596 INFO:teuthology.orchestra.run.smithi052.stdout:/usr/bin/ceph: stderr
2024-06-02T22:59:57.143+0000 7ff0d9b92700 1 -- 172.21.15.52:0/4223458358 --> [v2:172.21.15.52:3300/0,v1:172.21.15.52:6789/0] -- mon_subscribe({osdmap=0}) -- 0x7ff0d419f0e0 con 0x7ff0d4107c70
2024-06-02T22:59:58.596 INFO:teuthology.orchestra.run.smithi052.stdout:/usr/bin/ceph: stderr
2024-06-02T22:59:57.144+0000 7ff0d17fa700 1 -- 172.21.15.52:0/4223458358 <== mon.0 v2:172.21.15.52:3300/0 4 ==== mgrmap(e 8) ==== 46287+0+0 (secure 0 0 0) 0x7ff0c401a9a0 con 0x7ff0d4107c70
2024-06-02T22:59:58.596 INFO:teuthology.orchestra.run.smithi052.stdout:/usr/bin/ceph: stderr
2024-06-02T22:59:57.144+0000 7ff0d9b92700 1 -- 172.21.15.52:0/4223458358 --> [v2:172.21.15.52:3300/0,v1:172.21.15.52:6789/0] -- mon_command({"prefix": "get_command_descriptions"} v 0) -- 0x7ff0d4063af0 con 0x7ff0d4107c70
2024-06-02T22:59:58.596 INFO:teuthology.orchestra.run.smithi052.stdout:/usr/bin/ceph: stderr
2024-06-02T22:59:57.144+0000 7ff0d17fa700 1 --2- 172.21.15.52:0/4223458358 >> [v2:172.21.15.52:6800/540942425,v1:172.21.15.52:6801/540942425] conn(0x7ff0c0039050 0x7ff0c003b510 unknown :-1 s=NONE pgs=0 cs=0 l=1 rev1=0 crypto rx=0 tx=0 comp rx=0 tx=0).connect
2024-06-02T22:59:58.596 INFO:teuthology.orchestra.run.smithi052.stdout:/usr/bin/ceph: stderr
2024-06-02T22:59:57.144+0000 7ff0d17fa700 1 -- 172.21.15.52:0/4223458358 <== mon.0 v2:172.21.15.52:3300/0 5 ==== osd_map(2..2 src has 1..2) ==== 940+0+0 (secure 0 0 0) 0x7ff0c404d3c0 con 0x7ff0d4107c70
2024-06-02T22:59:58.596 INFO:teuthology.orchestra.run.smithi052.stdout:/usr/bin/ceph: stderr
2024-06-02T22:59:57.145+0000 7ff0caffd700 1 --2- 172.21.15.52:0/4223458358 >> [v2:172.21.15.52:6800/540942425,v1:172.21.15.52:6801/540942425] conn(0x7ff0c0039050 0x7ff0c003b510 unknown :-1 s=BANNER_CONNECTING pgs=0 cs=0 l=1 rev1=0 crypto rx=0 tx=0 comp rx=0 tx=0)._handle_peer_banner_payload supported=3 required=0
2024-06-02T22:59:58.596 INFO:teuthology.orchestra.run.smithi052.stdout:/usr/bin/ceph: stderr
2024-06-02T22:59:57.145+0000 7ff0caffd700 1 --2- 172.21.15.52:0/4223458358 >> [v2:172.21.15.52:6800/540942425,v1:172.21.15.52:6801/540942425] conn(0x7ff0c0039050 0x7ff0c003b510 secure :-1 s=READY pgs=13 cs=0 l=1 rev1=1 crypto rx=0x7ff0bc006fd0 tx=0x7ff0bc006e40 comp rx=0 tx=0).ready entity=mgr.14118 client_cookie=0 server_cookie=0 in_seq=0 out_seq=0
2024-06-02T22:59:58.596 INFO:teuthology.orchestra.run.smithi052.stdout:/usr/bin/ceph: stderr
2024-06-02T22:59:57.150+0000 7ff0d17fa700 1 -- 172.21.15.52:0/4223458358 <== mon.0 v2:172.21.15.52:3300/0 6 ==== mon_command_ack([{"prefix": "get_command_descriptions"}]=0 v0) ==== 72+0+186418 (secure 0 0 0) 0x7ff0c4020240 con 0x7ff0d4107c70
2024-06-02T22:59:58.596 INFO:teuthology.orchestra.run.smithi052.stdout:/usr/bin/ceph: stderr
2024-06-02T22:59:57.375+0000 7ff0d9b92700 1 -- 172.21.15.52:0/4223458358 --> [v2:172.21.15.52:6800/540942425,v1:172.21.15.52:6801/540942425] -- mgr_command(tid 0: {"prefix": "orch apply", "service_type": "mgr", "unmanaged": true, "target": ["mon-mgr", ""]}) -- 0x7ff0d4104510 con 0x7ff0c0039050
2024-06-02T22:59:58.596 INFO:teuthology.orchestra.run.smithi052.stdout:/usr/bin/ceph: stderr
2024-06-02T22:59:57.379+0000 7ff0d17fa700 1 -- 172.21.15.52:0/4223458358 <== mgr.14118 v2:172.21.15.52:6800/540942425 1 ==== mgr_command_reply(tid 0: 0 ) ==== 8+0+24 (secure 0 0 0) 0x7ff0d4104510 con 0x7ff0c0039050
2024-06-02T22:59:58.596 INFO:teuthology.orchestra.run.smithi052.stdout:/usr/bin/ceph: stderr
2024-06-02T22:59:57.381+0000 7ff0d9b92700 1 -- 172.21.15.52:0/4223458358 >> [v2:172.21.15.52:6800/540942425,v1:172.21.15.52:6801/540942425] conn(0x7ff0c0039050 msgr2=0x7ff0c003b510 secure :-1 s=STATE_CONNECTION_ESTABLISHED l=1).mark_down
2024-06-02T22:59:58.596 INFO:teuthology.orchestra.run.smithi052.stdout:/usr/bin/ceph: stderr
2024-06-02T22:59:57.381+0000 7ff0d9b92700 1 --2- 172.21.15.52:0/4223458358 >> [v2:172.21.15.52:6800/540942425,v1:172.21.15.52:6801/540942425] conn(0x7ff0c0039050 0x7ff0c003b510 secure :-1 s=READY pgs=13 cs=0 l=1 rev1=1 crypto rx=0x7ff0bc006fd0 tx=0x7ff0bc006e40 comp rx=0 tx=0).stop
2024-06-02T22:59:58.596 INFO:teuthology.orchestra.run.smithi052.stdout:/usr/bin/ceph: stderr
2024-06-02T22:59:57.381+0000 7ff0d9b92700 1 -- 172.21.15.52:0/4223458358 >> [v2:172.21.15.52:3300/0,v1:172.21.15.52:6789/0] conn(0x7ff0d4107c70 msgr2=0x7ff0d419bc20 secure :-1 s=STATE_CONNECTION_ESTABLISHED l=1).mark_down
2024-06-02T22:59:58.596 INFO:teuthology.orchestra.run.smithi052.stdout:/usr/bin/ceph: stderr
2024-06-02T22:59:57.381+0000 7ff0d9b92700 1 --2- 172.21.15.52:0/4223458358 >> [v2:172.21.15.52:3300/0,v1:172.21.15.52:6789/0] conn(0x7ff0d4107c70 0x7ff0d419bc20 secure :-1 s=READY pgs=48 cs=0 l=1 rev1=1 crypto rx=0x7ff0c4000c00 tx=0x7ff0c4004290 comp rx=0 tx=0).stop
2024-06-02T22:59:58.597 INFO:teuthology.orchestra.run.smithi052.stdout:/usr/bin/ceph: stderr
2024-06-02T22:59:57.381+0000 7ff0d9b92700 1 -- 172.21.15.52:0/4223458358 shutdown_connections
2024-06-02T22:59:58.597 INFO:teuthology.orchestra.run.smithi052.stdout:/usr/bin/ceph: stderr
2024-06-02T22:59:57.381+0000 7ff0d9b92700 1 --2- 172.21.15.52:0/4223458358 >> [v2:172.21.15.52:6800/540942425,v1:172.21.15.52:6801/540942425] conn(0x7ff0c0039050 0x7ff0c003b510 unknown :-1 s=CLOSED pgs=13 cs=0 l=1 rev1=1 crypto rx=0 tx=0 comp rx=0 tx=0).stop
2024-06-02T22:59:58.597 INFO:teuthology.orchestra.run.smithi052.stdout:/usr/bin/ceph: stderr
2024-06-02T22:59:57.381+0000 7ff0d9b92700 1 --2- 172.21.15.52:0/4223458358 >> [v2:172.21.15.52:3300/0,v1:172.21.15.52:6789/0] conn(0x7ff0d4107c70 0x7ff0d419bc20 unknown :-1 s=CLOSED pgs=48 cs=0 l=1 rev1=1 crypto rx=0 tx=0 comp rx=0 tx=0).stop
2024-06-02T22:59:58.597 INFO:teuthology.orchestra.run.smithi052.stdout:/usr/bin/ceph: stderr
2024-06-02T22:59:57.381+0000 7ff0d9b92700 1 -- 172.21.15.52:0/4223458358 >> 172.21.15.52:0/4223458358 conn(0x7ff0d4103290 msgr2=0x7ff0d4103e00 unknown :-1 s=STATE_NONE l=0).mark_down
2024-06-02T22:59:58.597 INFO:teuthology.orchestra.run.smithi052.stdout:/usr/bin/ceph: stderr
2024-06-02T22:59:57.381+0000 7ff0d9b92700 1 -- 172.21.15.52:0/4223458358 shutdown_connections
2024-06-02T22:59:58.597 INFO:teuthology.orchestra.run.smithi052.stdout:/usr/bin/ceph: stderr
2024-06-02T22:59:57.382+0000 7ff0d9b92700 1 -- 172.21.15.52:0/4223458358 wait complete.
2024-06-02T22:59:58.649 INFO:journalctl@ceph.mon.a.smithi052.stdout:Jun 02 22:59:58 smithi052 ceph-mon[32340]: from='client.14142 -' entity='client.admin' cmd=[{"prefix": "orch apply", "service_type": "mgr", "unmanaged": true, "target": ["mon-mgr", ""]}]: dispatch
2024-06-02T22:59:58.649 INFO:journalctl@ceph.mon.a.smithi052.stdout:Jun 02 22:59:58 smithi052 ceph-mon[32340]: Saving service mgr spec with placement count:2
2024-06-02T22:59:58.649 INFO:journalctl@ceph.mon.a.smithi052.stdout:Jun 02 22:59:58 smithi052 ceph-mon[32340]: from='mgr.14118 172.21.15.52:0/2188194298' entity='mgr.x'
2024-06-02T22:59:58.649 INFO:journalctl@ceph.mon.a.smithi052.stdout:Jun 02 22:59:58 smithi052 ceph-mon[32340]: from='mgr.14118 172.21.15.52:0/2188194298' entity='mgr.x'
2024-06-02T22:59:59.817 INFO:teuthology.orchestra.run.smithi052.stdout:/usr/bin/ceph: stderr
2024-06-02T22:59:59.041+0000 7f469aac0700 1 Processor -- start
2024-06-02T22:59:59.818 INFO:teuthology.orchestra.run.smithi052.stdout:/usr/bin/ceph: stderr
2024-06-02T22:59:59.041+0000 7f469aac0700 1 -- start start
2024-06-02T22:59:59.818 INFO:teuthology.orchestra.run.smithi052.stdout:/usr/bin/ceph: stderr
2024-06-02T22:59:59.041+0000 7f469aac0700 1 --2- >> [v2:172.21.15.52:3300/0,v1:172.21.15.52:6789/0] conn(0x7f4694106510 0x7f4694106930 unknown :-1 s=NONE pgs=0 cs=0 l=0 rev1=0 crypto rx=0 tx=0 comp rx=0 tx=0).connect
2024-06-02T22:59:59.818 INFO:teuthology.orchestra.run.smithi052.stdout:/usr/bin/ceph: stderr
2024-06-02T22:59:59.041+0000 7f469aac0700 1 -- --> [v2:172.21.15.52:3300/0,v1:172.21.15.52:6789/0] -- mon_getmap magic: 0 -- 0x7f469407be50 con 0x7f4694106510
2024-06-02T22:59:59.818 INFO:teuthology.orchestra.run.smithi052.stdout:/usr/bin/ceph: stderr
2024-06-02T22:59:59.041+0000 7f469885c700 1 --2- >> [v2:172.21.15.52:3300/0,v1:172.21.15.52:6789/0] conn(0x7f4694106510 0x7f4694106930 unknown :-1 s=BANNER_CONNECTING pgs=0 cs=0 l=0 rev1=0 crypto rx=0 tx=0 comp rx=0 tx=0)._handle_peer_banner_payload supported=3 required=0
2024-06-02T22:59:59.818 INFO:teuthology.orchestra.run.smithi052.stdout:/usr/bin/ceph: stderr
2024-06-02T22:59:59.041+0000 7f469885c700 1 --2- >> [v2:172.21.15.52:3300/0,v1:172.21.15.52:6789/0] conn(0x7f4694106510 0x7f4694106930 unknown :-1 s=HELLO_CONNECTING pgs=0 cs=0 l=0 rev1=1 crypto rx=0 tx=0 comp rx=0 tx=0).handle_hello peer v2:172.21.15.52:3300/0 says I am v2:172.21.15.52:42606/0 (socket says 172.21.15.52:42606)
2024-06-02T22:59:59.818 INFO:teuthology.orchestra.run.smithi052.stdout:/usr/bin/ceph: stderr
2024-06-02T22:59:59.041+0000 7f469885c700 1 -- 172.21.15.52:0/1394047838 learned_addr learned my addr 172.21.15.52:0/1394047838 (peer_addr_for_me v2:172.21.15.52:0/0)
2024-06-02T22:59:59.818 INFO:teuthology.orchestra.run.smithi052.stdout:/usr/bin/ceph: stderr
2024-06-02T22:59:59.041+0000 7f469885c700 1 -- 172.21.15.52:0/1394047838 --> [v2:172.21.15.52:3300/0,v1:172.21.15.52:6789/0] -- mon_subscribe({config=0+,monmap=0+}) -- 0x7f4694106e70 con 0x7f4694106510
2024-06-02T22:59:59.818 INFO:teuthology.orchestra.run.smithi052.stdout:/usr/bin/ceph: stderr
2024-06-02T22:59:59.042+0000 7f469885c700 1 --2- 172.21.15.52:0/1394047838 >> [v2:172.21.15.52:3300/0,v1:172.21.15.52:6789/0] conn(0x7f4694106510 0x7f4694106930 secure :-1 s=READY pgs=49 cs=0 l=1 rev1=1 crypto rx=0x7f46880098a0 tx=0x7f4688009bb0 comp rx=0 tx=0).ready entity=mon.0 client_cookie=7afb9a77ccc7d515 server_cookie=0 in_seq=0 out_seq=0
2024-06-02T22:59:59.819 INFO:teuthology.orchestra.run.smithi052.stdout:/usr/bin/ceph: stderr
2024-06-02T22:59:59.042+0000 7f46937fe700 1 -- 172.21.15.52:0/1394047838 <== mon.0 v2:172.21.15.52:3300/0 1 ==== mon_map magic: 0 ==== 205+0+0 (secure 0 0 0) 0x7f4688004160 con 0x7f4694106510
2024-06-02T22:59:59.819 INFO:teuthology.orchestra.run.smithi052.stdout:/usr/bin/ceph: stderr
2024-06-02T22:59:59.042+0000 7f46937fe700 1 -- 172.21.15.52:0/1394047838 <== mon.0 v2:172.21.15.52:3300/0 2 ==== config(26 keys) ==== 1102+0+0 (secure 0 0 0) 0x7f4688004300 con 0x7f4694106510
2024-06-02T22:59:59.819 INFO:teuthology.orchestra.run.smithi052.stdout:/usr/bin/ceph: stderr
2024-06-02T22:59:59.042+0000 7f46937fe700 1 -- 172.21.15.52:0/1394047838 <== mon.0 v2:172.21.15.52:3300/0 3 ==== mon_map magic: 0 ==== 205+0+0 (secure 0 0 0) 0x7f4688011a50 con 0x7f4694106510
2024-06-02T22:59:59.819 INFO:teuthology.orchestra.run.smithi052.stdout:/usr/bin/ceph: stderr
2024-06-02T22:59:59.043+0000 7f469aac0700 1 -- 172.21.15.52:0/1394047838 >> [v2:172.21.15.52:3300/0,v1:172.21.15.52:6789/0] conn(0x7f4694106510 msgr2=0x7f4694106930 secure :-1 s=STATE_CONNECTION_ESTABLISHED l=1).mark_down
2024-06-02T22:59:59.819 INFO:teuthology.orchestra.run.smithi052.stdout:/usr/bin/ceph: stderr
2024-06-02T22:59:59.043+0000 7f469aac0700 1 --2- 172.21.15.52:0/1394047838 >> [v2:172.21.15.52:3300/0,v1:172.21.15.52:6789/0] conn(0x7f4694106510 0x7f4694106930 secure :-1 s=READY pgs=49 cs=0 l=1 rev1=1 crypto rx=0x7f46880098a0 tx=0x7f4688009bb0 comp rx=0 tx=0).stop
2024-06-02T22:59:59.819 INFO:teuthology.orchestra.run.smithi052.stdout:/usr/bin/ceph: stderr
2024-06-02T22:59:59.043+0000 7f469aac0700 1 -- 172.21.15.52:0/1394047838 shutdown_connections
2024-06-02T22:59:59.819 INFO:teuthology.orchestra.run.smithi052.stdout:/usr/bin/ceph: stderr
2024-06-02T22:59:59.043+0000 7f469aac0700 1 --2- 172.21.15.52:0/1394047838 >> [v2:172.21.15.52:3300/0,v1:172.21.15.52:6789/0] conn(0x7f4694106510 0x7f4694106930 unknown :-1 s=CLOSED pgs=49 cs=0 l=1 rev1=1 crypto rx=0 tx=0 comp rx=0 tx=0).stop
2024-06-02T22:59:59.819 INFO:teuthology.orchestra.run.smithi052.stdout:/usr/bin/ceph: stderr
2024-06-02T22:59:59.043+0000 7f469aac0700 1 -- 172.21.15.52:0/1394047838 >> 172.21.15.52:0/1394047838 conn(0x7f4694102130 msgr2=0x7f4694104550 unknown :-1 s=STATE_NONE l=0).mark_down
2024-06-02T22:59:59.819 INFO:teuthology.orchestra.run.smithi052.stdout:/usr/bin/ceph: stderr
2024-06-02T22:59:59.043+0000 7f469aac0700 1 -- 172.21.15.52:0/1394047838 shutdown_connections
2024-06-02T22:59:59.819 INFO:teuthology.orchestra.run.smithi052.stdout:/usr/bin/ceph: stderr
2024-06-02T22:59:59.043+0000 7f469aac0700 1 -- 172.21.15.52:0/1394047838 wait complete.
2024-06-02T22:59:59.819 INFO:teuthology.orchestra.run.smithi052.stdout:/usr/bin/ceph: stderr
2024-06-02T22:59:59.043+0000 7f469aac0700 1 Processor -- start
2024-06-02T22:59:59.820 INFO:teuthology.orchestra.run.smithi052.stdout:/usr/bin/ceph: stderr
2024-06-02T22:59:59.043+0000 7f469aac0700 1 -- start start
2024-06-02T22:59:59.820 INFO:teuthology.orchestra.run.smithi052.stdout:/usr/bin/ceph: stderr
2024-06-02T22:59:59.044+0000 7f469aac0700 1 --2- >> [v2:172.21.15.52:3300/0,v1:172.21.15.52:6789/0] conn(0x7f4694106510 0x7f469419dd10 unknown :-1 s=NONE pgs=0 cs=0 l=1 rev1=0 crypto rx=0 tx=0 comp rx=0 tx=0).connect
2024-06-02T22:59:59.820 INFO:teuthology.orchestra.run.smithi052.stdout:/usr/bin/ceph: stderr
2024-06-02T22:59:59.044+0000 7f469aac0700 1 -- --> [v2:172.21.15.52:3300/0,v1:172.21.15.52:6789/0] -- mon_getmap magic: 0 -- 0x7f4694107ee0 con 0x7f4694106510
2024-06-02T22:59:59.820 INFO:teuthology.orchestra.run.smithi052.stdout:/usr/bin/ceph: stderr
2024-06-02T22:59:59.044+0000 7f469885c700 1 --2- >> [v2:172.21.15.52:3300/0,v1:172.21.15.52:6789/0] conn(0x7f4694106510 0x7f469419dd10 unknown :-1 s=BANNER_CONNECTING pgs=0 cs=0 l=1 rev1=0 crypto rx=0 tx=0 comp rx=0 tx=0)._handle_peer_banner_payload supported=3 required=0
2024-06-02T22:59:59.820 INFO:teuthology.orchestra.run.smithi052.stdout:/usr/bin/ceph: stderr
2024-06-02T22:59:59.044+0000 7f469885c700 1 --2- >> [v2:172.21.15.52:3300/0,v1:172.21.15.52:6789/0] conn(0x7f4694106510 0x7f469419dd10 unknown :-1 s=HELLO_CONNECTING pgs=0 cs=0 l=1 rev1=1 crypto rx=0 tx=0 comp rx=0 tx=0).handle_hello peer v2:172.21.15.52:3300/0 says I am v2:172.21.15.52:42616/0 (socket says 172.21.15.52:42616)
2024-06-02T22:59:59.820 INFO:teuthology.orchestra.run.smithi052.stdout:/usr/bin/ceph: stderr
2024-06-02T22:59:59.044+0000 7f469885c700 1 -- 172.21.15.52:0/1594069723 learned_addr learned my addr 172.21.15.52:0/1594069723 (peer_addr_for_me v2:172.21.15.52:0/0)
2024-06-02T22:59:59.820 INFO:teuthology.orchestra.run.smithi052.stdout:/usr/bin/ceph: stderr
2024-06-02T22:59:59.044+0000 7f469885c700 1 -- 172.21.15.52:0/1594069723 --> [v2:172.21.15.52:3300/0,v1:172.21.15.52:6789/0] -- mon_subscribe({config=0+,monmap=0+}) -- 0x7f469419e250 con 0x7f4694106510
2024-06-02T22:59:59.820 INFO:teuthology.orchestra.run.smithi052.stdout:/usr/bin/ceph: stderr
2024-06-02T22:59:59.044+0000 7f469885c700 1 --2- 172.21.15.52:0/1594069723 >> [v2:172.21.15.52:3300/0,v1:172.21.15.52:6789/0] conn(0x7f4694106510 0x7f469419dd10 secure :-1 s=READY pgs=50 cs=0 l=1 rev1=1 crypto rx=0x7f4688011a20 tx=0x7f4688011b00 comp rx=0 tx=0).ready entity=mon.0 client_cookie=0 server_cookie=0 in_seq=0 out_seq=0
2024-06-02T22:59:59.820 INFO:teuthology.orchestra.run.smithi052.stdout:/usr/bin/ceph: stderr
2024-06-02T22:59:59.044+0000 7f4691ffb700 1 -- 172.21.15.52:0/1594069723 <== mon.0 v2:172.21.15.52:3300/0 1 ==== mon_map magic: 0 ==== 205+0+0 (secure 0 0 0) 0x7f4688003b70 con 0x7f4694106510
2024-06-02T22:59:59.820 INFO:teuthology.orchestra.run.smithi052.stdout:/usr/bin/ceph: stderr
2024-06-02T22:59:59.044+0000 7f4691ffb700 1 -- 172.21.15.52:0/1594069723 <== mon.0 v2:172.21.15.52:3300/0 2 ==== config(26 keys) ==== 1102+0+0 (secure 0 0 0) 0x7f468801a8e0 con 0x7f4694106510
2024-06-02T22:59:59.820 INFO:teuthology.orchestra.run.smithi052.stdout:/usr/bin/ceph: stderr
2024-06-02T22:59:59.044+0000 7f469aac0700 1 -- 172.21.15.52:0/1594069723 --> [v2:172.21.15.52:3300/0,v1:172.21.15.52:6789/0] -- mon_subscribe({mgrmap=0+}) -- 0x7f469419e4e0 con 0x7f4694106510
2024-06-02T22:59:59.820 INFO:teuthology.orchestra.run.smithi052.stdout:/usr/bin/ceph: stderr
2024-06-02T22:59:59.044+0000 7f4691ffb700 1 -- 172.21.15.52:0/1594069723 <== mon.0 v2:172.21.15.52:3300/0 3 ==== mon_map magic: 0 ==== 205+0+0 (secure 0 0 0) 0x7f4688024990 con 0x7f4694106510
2024-06-02T22:59:59.820 INFO:teuthology.orchestra.run.smithi052.stdout:/usr/bin/ceph: stderr
2024-06-02T22:59:59.045+0000 7f469aac0700 1 -- 172.21.15.52:0/1594069723 --> [v2:172.21.15.52:3300/0,v1:172.21.15.52:6789/0] -- mon_subscribe({osdmap=0}) -- 0x7f46941a11c0 con 0x7f4694106510
2024-06-02T22:59:59.821 INFO:teuthology.orchestra.run.smithi052.stdout:/usr/bin/ceph: stderr
2024-06-02T22:59:59.045+0000 7f4691ffb700 1 -- 172.21.15.52:0/1594069723 <== mon.0 v2:172.21.15.52:3300/0 4 ==== mgrmap(e 8) ==== 46287+0+0 (secure 0 0 0) 0x7f4688022020 con 0x7f4694106510
2024-06-02T22:59:59.821 INFO:teuthology.orchestra.run.smithi052.stdout:/usr/bin/ceph: stderr
2024-06-02T22:59:59.046+0000 7f469aac0700 1 -- 172.21.15.52:0/1594069723 --> [v2:172.21.15.52:3300/0,v1:172.21.15.52:6789/0] -- mon_command({"prefix": "get_command_descriptions"} v 0) -- 0x7f4694063af0 con 0x7f4694106510
2024-06-02T22:59:59.821 INFO:teuthology.orchestra.run.smithi052.stdout:/usr/bin/ceph: stderr
2024-06-02T22:59:59.046+0000 7f4691ffb700 1 --2- 172.21.15.52:0/1594069723 >> [v2:172.21.15.52:6800/540942425,v1:172.21.15.52:6801/540942425] conn(0x7f4684039000 0x7f468403b4c0 unknown :-1 s=NONE pgs=0 cs=0 l=1 rev1=0 crypto rx=0 tx=0 comp rx=0 tx=0).connect
2024-06-02T22:59:59.821 INFO:teuthology.orchestra.run.smithi052.stdout:/usr/bin/ceph: stderr
2024-06-02T22:59:59.046+0000 7f4691ffb700 1 -- 172.21.15.52:0/1594069723 <== mon.0 v2:172.21.15.52:3300/0 5 ==== osd_map(2..2 src has 1..2) ==== 940+0+0 (secure 0 0 0) 0x7f468804d5d0 con 0x7f4694106510
2024-06-02T22:59:59.821 INFO:teuthology.orchestra.run.smithi052.stdout:/usr/bin/ceph: stderr
2024-06-02T22:59:59.046+0000 7f4693fff700 1 --2- 172.21.15.52:0/1594069723 >> [v2:172.21.15.52:6800/540942425,v1:172.21.15.52:6801/540942425] conn(0x7f4684039000 0x7f468403b4c0 unknown :-1 s=BANNER_CONNECTING pgs=0 cs=0 l=1 rev1=0 crypto rx=0 tx=0 comp rx=0 tx=0)._handle_peer_banner_payload supported=3 required=0
2024-06-02T22:59:59.821 INFO:teuthology.orchestra.run.smithi052.stdout:/usr/bin/ceph: stderr
2024-06-02T22:59:59.046+0000 7f4693fff700 1 --2- 172.21.15.52:0/1594069723 >> [v2:172.21.15.52:6800/540942425,v1:172.21.15.52:6801/540942425] conn(0x7f4684039000 0x7f468403b4c0 secure :-1 s=READY pgs=14 cs=0 l=1 rev1=1 crypto rx=0x7f4680006fd0 tx=0x7f4680006e40 comp rx=0 tx=0).ready entity=mgr.14118 client_cookie=0 server_cookie=0 in_seq=0 out_seq=0
2024-06-02T22:59:59.821 INFO:teuthology.orchestra.run.smithi052.stdout:/usr/bin/ceph: stderr
2024-06-02T22:59:59.055+0000 7f4691ffb700 1 -- 172.21.15.52:0/1594069723 <== mon.0 v2:172.21.15.52:3300/0 6 ==== mon_command_ack([{"prefix": "get_command_descriptions"}]=0 v0) ==== 72+0+186418 (secure 0 0 0) 0x7f468800fdd0 con 0x7f4694106510
2024-06-02T22:59:59.821 INFO:teuthology.orchestra.run.smithi052.stdout:/usr/bin/ceph: stderr
2024-06-02T22:59:59.263+0000 7f469aac0700 1 -- 172.21.15.52:0/1594069723 --> [v2:172.21.15.52:3300/0,v1:172.21.15.52:6789/0] -- mon_command([{prefix=config set, name=mgr/cephadm/container_init}] v 0) -- 0x7f469402df30 con 0x7f4694106510
2024-06-02T22:59:59.821 INFO:teuthology.orchestra.run.smithi052.stdout:/usr/bin/ceph: stderr
2024-06-02T22:59:59.266+0000 7f4691ffb700 1 -- 172.21.15.52:0/1594069723 <== mon.0 v2:172.21.15.52:3300/0 7 ==== mon_command_ack([{prefix=config set, name=mgr/cephadm/container_init}]=0 v7)=0 v7) ==== 142+0+0 (secure 0 0 0) 0x7f468802d910 con 0x7f4694106510
2024-06-02T22:59:59.821 INFO:teuthology.orchestra.run.smithi052.stdout:/usr/bin/ceph: stderr
2024-06-02T22:59:59.268+0000 7f469aac0700 1 -- 172.21.15.52:0/1594069723 >> [v2:172.21.15.52:6800/540942425,v1:172.21.15.52:6801/540942425] conn(0x7f4684039000 msgr2=0x7f468403b4c0 secure :-1 s=STATE_CONNECTION_ESTABLISHED l=1).mark_down
2024-06-02T22:59:59.821 INFO:teuthology.orchestra.run.smithi052.stdout:/usr/bin/ceph: stderr
2024-06-02T22:59:59.268+0000 7f469aac0700 1 --2- 172.21.15.52:0/1594069723 >> [v2:172.21.15.52:6800/540942425,v1:172.21.15.52:6801/540942425] conn(0x7f4684039000 0x7f468403b4c0 secure :-1 s=READY pgs=14 cs=0 l=1 rev1=1 crypto rx=0x7f4680006fd0 tx=0x7f4680006e40 comp rx=0 tx=0).stop
2024-06-02T22:59:59.821 INFO:teuthology.orchestra.run.smithi052.stdout:/usr/bin/ceph: stderr
2024-06-02T22:59:59.268+0000 7f469aac0700 1 -- 172.21.15.52:0/1594069723 >> [v2:172.21.15.52:3300/0,v1:172.21.15.52:6789/0] conn(0x7f4694106510 msgr2=0x7f469419dd10 secure :-1 s=STATE_CONNECTION_ESTABLISHED l=1).mark_down
2024-06-02T22:59:59.821 INFO:teuthology.orchestra.run.smithi052.stdout:/usr/bin/ceph: stderr
2024-06-02T22:59:59.268+0000 7f469aac0700 1 --2- 172.21.15.52:0/1594069723 >> [v2:172.21.15.52:3300/0,v1:172.21.15.52:6789/0] conn(0x7f4694106510 0x7f469419dd10 secure :-1 s=READY pgs=50 cs=0 l=1 rev1=1 crypto rx=0x7f4688011a20 tx=0x7f4688011b00 comp rx=0 tx=0).stop
2024-06-02T22:59:59.822 INFO:teuthology.orchestra.run.smithi052.stdout:/usr/bin/ceph: stderr
2024-06-02T22:59:59.268+0000 7f469aac0700 1 -- 172.21.15.52:0/1594069723 shutdown_connections
2024-06-02T22:59:59.822 INFO:teuthology.orchestra.run.smithi052.stdout:/usr/bin/ceph: stderr
2024-06-02T22:59:59.268+0000 7f469aac0700 1 --2- 172.21.15.52:0/1594069723 >> [v2:172.21.15.52:6800/540942425,v1:172.21.15.52:6801/540942425] conn(0x7f4684039000 0x7f468403b4c0 unknown :-1 s=CLOSED pgs=14 cs=0 l=1 rev1=1 crypto rx=0 tx=0 comp rx=0 tx=0).stop
2024-06-02T22:59:59.822 INFO:teuthology.orchestra.run.smithi052.stdout:/usr/bin/ceph: stderr
2024-06-02T22:59:59.268+0000 7f469aac0700 1 --2- 172.21.15.52:0/1594069723 >> [v2:172.21.15.52:3300/0,v1:172.21.15.52:6789/0] conn(0x7f4694106510 0x7f469419dd10 unknown :-1 s=CLOSED pgs=50 cs=0 l=1 rev1=1 crypto rx=0 tx=0 comp rx=0 tx=0).stop
2024-06-02T22:59:59.822 INFO:teuthology.orchestra.run.smithi052.stdout:/usr/bin/ceph: stderr
2024-06-02T22:59:59.268+0000 7f469aac0700 1 -- 172.21.15.52:0/1594069723 >> 172.21.15.52:0/1594069723 conn(0x7f4694102130 msgr2=0x7f4694194930 unknown :-1 s=STATE_NONE l=0).mark_down
2024-06-02T22:59:59.822 INFO:teuthology.orchestra.run.smithi052.stdout:/usr/bin/ceph: stderr
2024-06-02T22:59:59.269+0000 7f469aac0700 1 -- 172.21.15.52:0/1594069723 shutdown_connections
2024-06-02T22:59:59.822 INFO:teuthology.orchestra.run.smithi052.stdout:/usr/bin/ceph: stderr
2024-06-02T22:59:59.269+0000 7f469aac0700 1 -- 172.21.15.52:0/1594069723 wait complete.
2024-06-02T23:00:00.204 INFO:journalctl@ceph.mon.a.smithi052.stdout:Jun 02 22:59:59 smithi052 ceph-mon[32340]: from='mgr.14118 172.21.15.52:0/2188194298' entity='mgr.x'
2024-06-02T23:00:00.205 INFO:journalctl@ceph.mon.a.smithi052.stdout:Jun 02 22:59:59 smithi052 ceph-mon[32340]: from='client.? 172.21.15.52:0/1594069723' entity='client.admin'
2024-06-02T23:00:01.101 INFO:teuthology.orchestra.run.smithi052.stdout:/usr/bin/ceph: stderr
2024-06-02T23:00:00.226+0000 7f69652a4700 1 Processor -- start
2024-06-02T23:00:01.101 INFO:teuthology.orchestra.run.smithi052.stdout:/usr/bin/ceph: stderr
2024-06-02T23:00:00.226+0000 7f69652a4700 1 -- start start
2024-06-02T23:00:01.101 INFO:teuthology.orchestra.run.smithi052.stdout:/usr/bin/ceph: stderr
2024-06-02T23:00:00.226+0000 7f69652a4700 1 --2- >> [v2:172.21.15.52:3300/0,v1:172.21.15.52:6789/0] conn(0x7f6960106bb0 0x7f6960106fd0 unknown :-1 s=NONE pgs=0 cs=0 l=0 rev1=0 crypto rx=0 tx=0 comp rx=0 tx=0).connect
2024-06-02T23:00:01.101 INFO:teuthology.orchestra.run.smithi052.stdout:/usr/bin/ceph: stderr
2024-06-02T23:00:00.226+0000 7f69652a4700 1 -- --> [v2:172.21.15.52:3300/0,v1:172.21.15.52:6789/0] -- mon_getmap magic: 0 -- 0x7f69601075a0 con 0x7f6960106bb0
2024-06-02T23:00:01.101 INFO:teuthology.orchestra.run.smithi052.stdout:/usr/bin/ceph: stderr
2024-06-02T23:00:00.226+0000 7f695effd700 1 --2- >> [v2:172.21.15.52:3300/0,v1:172.21.15.52:6789/0] conn(0x7f6960106bb0 0x7f6960106fd0 unknown :-1 s=BANNER_CONNECTING pgs=0 cs=0 l=0 rev1=0 crypto rx=0 tx=0 comp rx=0 tx=0)._handle_peer_banner_payload supported=3 required=0
2024-06-02T23:00:01.102 INFO:teuthology.orchestra.run.smithi052.stdout:/usr/bin/ceph: stderr
2024-06-02T23:00:00.226+0000 7f695effd700 1 --2- >> [v2:172.21.15.52:3300/0,v1:172.21.15.52:6789/0] conn(0x7f6960106bb0 0x7f6960106fd0 unknown :-1 s=HELLO_CONNECTING pgs=0 cs=0 l=0 rev1=1 crypto rx=0 tx=0 comp rx=0 tx=0).handle_hello peer v2:172.21.15.52:3300/0 says I am v2:172.21.15.52:42632/0 (socket says 172.21.15.52:42632)
2024-06-02T23:00:01.102 INFO:teuthology.orchestra.run.smithi052.stdout:/usr/bin/ceph: stderr
2024-06-02T23:00:00.226+0000 7f695effd700 1 -- 172.21.15.52:0/1145428330 learned_addr learned my addr 172.21.15.52:0/1145428330 (peer_addr_for_me v2:172.21.15.52:0/0)
2024-06-02T23:00:01.102 INFO:teuthology.orchestra.run.smithi052.stdout:/usr/bin/ceph: stderr
2024-06-02T23:00:00.227+0000 7f695effd700 1 -- 172.21.15.52:0/1145428330 --> [v2:172.21.15.52:3300/0,v1:172.21.15.52:6789/0] -- mon_subscribe({config=0+,monmap=0+}) -- 0x7f6960107db0 con 0x7f6960106bb0
2024-06-02T23:00:01.102 INFO:teuthology.orchestra.run.smithi052.stdout:/usr/bin/ceph: stderr
2024-06-02T23:00:00.227+0000 7f695effd700 1 --2- 172.21.15.52:0/1145428330 >> [v2:172.21.15.52:3300/0,v1:172.21.15.52:6789/0] conn(0x7f6960106bb0 0x7f6960106fd0 secure :-1 s=READY pgs=51 cs=0 l=1 rev1=1 crypto rx=0x7f69500098a0 tx=0x7f6950009bb0 comp rx=0 tx=0).ready entity=mon.0 client_cookie=113aa6767e231514 server_cookie=0 in_seq=0 out_seq=0
2024-06-02T23:00:01.102 INFO:teuthology.orchestra.run.smithi052.stdout:/usr/bin/ceph: stderr
2024-06-02T23:00:00.227+0000 7f695dffb700 1 -- 172.21.15.52:0/1145428330 <== mon.0 v2:172.21.15.52:3300/0 1 ==== mon_map magic: 0 ==== 205+0+0 (secure 0 0 0) 0x7f6950004160 con 0x7f6960106bb0
2024-06-02T23:00:01.102 INFO:teuthology.orchestra.run.smithi052.stdout:/usr/bin/ceph: stderr
2024-06-02T23:00:00.227+0000 7f695dffb700 1 -- 172.21.15.52:0/1145428330 <== mon.0 v2:172.21.15.52:3300/0 2 ==== config(26 keys) ==== 1102+0+0 (secure 0 0 0) 0x7f6950004300 con 0x7f6960106bb0
2024-06-02T23:00:01.102 INFO:teuthology.orchestra.run.smithi052.stdout:/usr/bin/ceph: stderr
2024-06-02T23:00:00.227+0000 7f695dffb700 1 -- 172.21.15.52:0/1145428330 <== mon.0 v2:172.21.15.52:3300/0 3 ==== mon_map magic: 0 ==== 205+0+0 (secure 0 0 0) 0x7f6950011a50 con 0x7f6960106bb0
2024-06-02T23:00:01.102 INFO:teuthology.orchestra.run.smithi052.stdout:/usr/bin/ceph: stderr
2024-06-02T23:00:00.228+0000 7f69652a4700 1 -- 172.21.15.52:0/1145428330 >> [v2:172.21.15.52:3300/0,v1:172.21.15.52:6789/0] conn(0x7f6960106bb0 msgr2=0x7f6960106fd0 secure :-1 s=STATE_CONNECTION_ESTABLISHED l=1).mark_down
2024-06-02T23:00:01.102 INFO:teuthology.orchestra.run.smithi052.stdout:/usr/bin/ceph: stderr
2024-06-02T23:00:00.228+0000 7f69652a4700 1 --2- 172.21.15.52:0/1145428330 >> [v2:172.21.15.52:3300/0,v1:172.21.15.52:6789/0] conn(0x7f6960106bb0 0x7f6960106fd0 secure :-1 s=READY pgs=51 cs=0 l=1 rev1=1 crypto rx=0x7f69500098a0 tx=0x7f6950009bb0 comp rx=0 tx=0).stop
2024-06-02T23:00:01.102 INFO:teuthology.orchestra.run.smithi052.stdout:/usr/bin/ceph: stderr
2024-06-02T23:00:00.228+0000 7f69652a4700 1 -- 172.21.15.52:0/1145428330 shutdown_connections
2024-06-02T23:00:01.102 INFO:teuthology.orchestra.run.smithi052.stdout:/usr/bin/ceph: stderr
2024-06-02T23:00:00.228+0000 7f69652a4700 1 --2- 172.21.15.52:0/1145428330 >> [v2:172.21.15.52:3300/0,v1:172.21.15.52:6789/0] conn(0x7f6960106bb0 0x7f6960106fd0 unknown :-1 s=CLOSED pgs=51 cs=0 l=1 rev1=1 crypto rx=0 tx=0 comp rx=0 tx=0).stop
2024-06-02T23:00:01.102 INFO:teuthology.orchestra.run.smithi052.stdout:/usr/bin/ceph: stderr
2024-06-02T23:00:00.228+0000 7f69652a4700 1 -- 172.21.15.52:0/1145428330 >> 172.21.15.52:0/1145428330 conn(0x7f6960102170 msgr2=0x7f6960104590 unknown :-1 s=STATE_NONE l=0).mark_down
2024-06-02T23:00:01.102 INFO:teuthology.orchestra.run.smithi052.stdout:/usr/bin/ceph: stderr
2024-06-02T23:00:00.228+0000 7f69652a4700 1 -- 172.21.15.52:0/1145428330 shutdown_connections
2024-06-02T23:00:01.103 INFO:teuthology.orchestra.run.smithi052.stdout:/usr/bin/ceph: stderr
2024-06-02T23:00:00.228+0000 7f69652a4700 1 -- 172.21.15.52:0/1145428330 wait complete.
2024-06-02T23:00:01.103 INFO:teuthology.orchestra.run.smithi052.stdout:/usr/bin/ceph: stderr
2024-06-02T23:00:00.228+0000 7f69652a4700 1 Processor -- start
2024-06-02T23:00:01.103 INFO:teuthology.orchestra.run.smithi052.stdout:/usr/bin/ceph: stderr
2024-06-02T23:00:00.229+0000 7f69652a4700 1 -- start start
2024-06-02T23:00:01.103 INFO:teuthology.orchestra.run.smithi052.stdout:/usr/bin/ceph: stderr
2024-06-02T23:00:00.229+0000 7f69652a4700 1 --2- >> [v2:172.21.15.52:3300/0,v1:172.21.15.52:6789/0] conn(0x7f6960106bb0 0x7f6960191d20 unknown :-1 s=NONE pgs=0 cs=0 l=1 rev1=0 crypto rx=0 tx=0 comp rx=0 tx=0).connect
2024-06-02T23:00:01.103 INFO:teuthology.orchestra.run.smithi052.stdout:/usr/bin/ceph: stderr
2024-06-02T23:00:00.229+0000 7f69652a4700 1 -- --> [v2:172.21.15.52:3300/0,v1:172.21.15.52:6789/0] -- mon_getmap magic: 0 -- 0x7f696010b160 con 0x7f6960106bb0
2024-06-02T23:00:01.103 INFO:teuthology.orchestra.run.smithi052.stdout:/usr/bin/ceph: stderr
2024-06-02T23:00:00.229+0000 7f695effd700 1 --2- >> [v2:172.21.15.52:3300/0,v1:172.21.15.52:6789/0] conn(0x7f6960106bb0 0x7f6960191d20 unknown :-1 s=BANNER_CONNECTING pgs=0 cs=0 l=1 rev1=0 crypto rx=0 tx=0 comp rx=0 tx=0)._handle_peer_banner_payload supported=3 required=0
2024-06-02T23:00:01.103 INFO:teuthology.orchestra.run.smithi052.stdout:/usr/bin/ceph: stderr
2024-06-02T23:00:00.229+0000 7f695effd700 1 --2- >> [v2:172.21.15.52:3300/0,v1:172.21.15.52:6789/0] conn(0x7f6960106bb0 0x7f6960191d20 unknown :-1 s=HELLO_CONNECTING pgs=0 cs=0 l=1 rev1=1 crypto rx=0 tx=0 comp rx=0 tx=0).handle_hello peer v2:172.21.15.52:3300/0 says I am v2:172.21.15.52:42642/0 (socket says 172.21.15.52:42642)
2024-06-02T23:00:01.103 INFO:teuthology.orchestra.run.smithi052.stdout:/usr/bin/ceph: stderr
2024-06-02T23:00:00.229+0000 7f695effd700 1 -- 172.21.15.52:0/2366012508 learned_addr learned my addr 172.21.15.52:0/2366012508 (peer_addr_for_me v2:172.21.15.52:0/0)
2024-06-02T23:00:01.103 INFO:teuthology.orchestra.run.smithi052.stdout:/usr/bin/ceph: stderr
2024-06-02T23:00:00.229+0000 7f695effd700 1 -- 172.21.15.52:0/2366012508 --> [v2:172.21.15.52:3300/0,v1:172.21.15.52:6789/0] -- mon_subscribe({config=0+,monmap=0+}) -- 0x7f6960192260 con 0x7f6960106bb0
2024-06-02T23:00:01.103 INFO:teuthology.orchestra.run.smithi052.stdout:/usr/bin/ceph: stderr
2024-06-02T23:00:00.229+0000 7f695effd700 1 --2- 172.21.15.52:0/2366012508 >> [v2:172.21.15.52:3300/0,v1:172.21.15.52:6789/0] conn(0x7f6960106bb0 0x7f6960191d20 secure :-1 s=READY pgs=52 cs=0 l=1 rev1=1 crypto rx=0x7f6950011710 tx=0x7f6950011ad0 comp rx=0 tx=0).ready entity=mon.0 client_cookie=0 server_cookie=0 in_seq=0 out_seq=0
2024-06-02T23:00:01.103 INFO:teuthology.orchestra.run.smithi052.stdout:/usr/bin/ceph: stderr
2024-06-02T23:00:00.229+0000 7f6947fff700 1 -- 172.21.15.52:0/2366012508 <== mon.0 v2:172.21.15.52:3300/0 1 ==== mon_map magic: 0 ==== 205+0+0 (secure 0 0 0) 0x7f69500039c0 con 0x7f6960106bb0
2024-06-02T23:00:01.103 INFO:teuthology.orchestra.run.smithi052.stdout:/usr/bin/ceph: stderr
2024-06-02T23:00:00.229+0000 7f6947fff700 1 -- 172.21.15.52:0/2366012508 <== mon.0 v2:172.21.15.52:3300/0 2 ==== config(26 keys) ==== 1102+0+0 (secure 0 0 0) 0x7f6950003b60 con 0x7f6960106bb0
2024-06-02T23:00:01.103 INFO:teuthology.orchestra.run.smithi052.stdout:/usr/bin/ceph: stderr
2024-06-02T23:00:00.229+0000 7f69652a4700 1 -- 172.21.15.52:0/2366012508 --> [v2:172.21.15.52:3300/0,v1:172.21.15.52:6789/0] -- mon_subscribe({mgrmap=0+}) -- 0x7f6960190450 con 0x7f6960106bb0
2024-06-02T23:00:01.103 INFO:teuthology.orchestra.run.smithi052.stdout:/usr/bin/ceph: stderr
2024-06-02T23:00:00.229+0000 7f6947fff700 1 -- 172.21.15.52:0/2366012508 <== mon.0 v2:172.21.15.52:3300/0 3 ==== mon_map magic: 0 ==== 205+0+0 (secure 0 0 0) 0x7f695001a690 con 0x7f6960106bb0
2024-06-02T23:00:01.104 INFO:teuthology.orchestra.run.smithi052.stdout:/usr/bin/ceph: stderr
2024-06-02T23:00:00.230+0000 7f69652a4700 1 -- 172.21.15.52:0/2366012508 --> [v2:172.21.15.52:3300/0,v1:172.21.15.52:6789/0] -- mon_subscribe({osdmap=0}) -- 0x7f6960190990 con 0x7f6960106bb0
2024-06-02T23:00:01.104 INFO:teuthology.orchestra.run.smithi052.stdout:/usr/bin/ceph: stderr
2024-06-02T23:00:00.231+0000 7f6947fff700 1 -- 172.21.15.52:0/2366012508 <== mon.0 v2:172.21.15.52:3300/0 4 ==== mgrmap(e 8) ==== 46287+0+0 (secure 0 0 0) 0x7f695001a940 con 0x7f6960106bb0
2024-06-02T23:00:01.104 INFO:teuthology.orchestra.run.smithi052.stdout:/usr/bin/ceph: stderr
2024-06-02T23:00:00.231+0000 7f69652a4700 1 -- 172.21.15.52:0/2366012508 --> [v2:172.21.15.52:3300/0,v1:172.21.15.52:6789/0] -- mon_command({"prefix": "get_command_descriptions"} v 0) -- 0x7f6960063af0 con 0x7f6960106bb0
2024-06-02T23:00:01.104 INFO:teuthology.orchestra.run.smithi052.stdout:/usr/bin/ceph: stderr
2024-06-02T23:00:00.231+0000 7f6947fff700 1 --2- 172.21.15.52:0/2366012508 >> [v2:172.21.15.52:6800/540942425,v1:172.21.15.52:6801/540942425] conn(0x7f6948039050 0x7f694803b510 unknown :-1 s=NONE pgs=0 cs=0 l=1 rev1=0 crypto rx=0 tx=0 comp rx=0 tx=0).connect
2024-06-02T23:00:01.104 INFO:teuthology.orchestra.run.smithi052.stdout:/usr/bin/ceph: stderr
2024-06-02T23:00:00.231+0000 7f6947fff700 1 -- 172.21.15.52:0/2366012508 <== mon.0 v2:172.21.15.52:3300/0 5 ==== osd_map(2..2 src has 1..2) ==== 940+0+0 (secure 0 0 0) 0x7f695004d7c0 con 0x7f6960106bb0
2024-06-02T23:00:01.104 INFO:teuthology.orchestra.run.smithi052.stdout:/usr/bin/ceph: stderr
2024-06-02T23:00:00.231+0000 7f695e7fc700 1 --2- 172.21.15.52:0/2366012508 >> [v2:172.21.15.52:6800/540942425,v1:172.21.15.52:6801/540942425] conn(0x7f6948039050 0x7f694803b510 unknown :-1 s=BANNER_CONNECTING pgs=0 cs=0 l=1 rev1=0 crypto rx=0 tx=0 comp rx=0 tx=0)._handle_peer_banner_payload supported=3 required=0
2024-06-02T23:00:01.104 INFO:teuthology.orchestra.run.smithi052.stdout:/usr/bin/ceph: stderr
2024-06-02T23:00:00.231+0000 7f695e7fc700 1 --2- 172.21.15.52:0/2366012508 >> [v2:172.21.15.52:6800/540942425,v1:172.21.15.52:6801/540942425] conn(0x7f6948039050 0x7f694803b510 secure :-1 s=READY pgs=15 cs=0 l=1 rev1=1 crypto rx=0x7f6954006fd0 tx=0x7f6954006e40 comp rx=0 tx=0).ready entity=mgr.14118 client_cookie=0 server_cookie=0 in_seq=0 out_seq=0
2024-06-02T23:00:01.104 INFO:teuthology.orchestra.run.smithi052.stdout:/usr/bin/ceph: stderr
2024-06-02T23:00:00.236+0000 7f6947fff700 1 -- 172.21.15.52:0/2366012508 <== mon.0 v2:172.21.15.52:3300/0 6 ==== mon_command_ack([{"prefix": "get_command_descriptions"}]=0 v0) ==== 72+0+186418 (secure 0 0 0) 0x7f6950019c70 con 0x7f6960106bb0
2024-06-02T23:00:01.104 INFO:teuthology.orchestra.run.smithi052.stdout:/usr/bin/ceph: stderr
2024-06-02T23:00:00.449+0000 7f69652a4700 1 -- 172.21.15.52:0/2366012508 --> [v2:172.21.15.52:3300/0,v1:172.21.15.52:6789/0] -- mon_command([{prefix=config set, name=mgr/dashboard/ssl_server_port}] v 0) -- 0x7f6960195a80 con 0x7f6960106bb0
2024-06-02T23:00:01.104 INFO:teuthology.orchestra.run.smithi052.stdout:/usr/bin/ceph: stderr
2024-06-02T23:00:00.452+0000 7f6947fff700 1 -- 172.21.15.52:0/2366012508 <== mon.0 v2:172.21.15.52:3300/0 7 ==== mon_command_ack([{prefix=config set, name=mgr/dashboard/ssl_server_port}]=0 v8)=0 v8) ==== 130+0+0 (secure 0 0 0) 0x7f695002cde0 con 0x7f6960106bb0
2024-06-02T23:00:01.104 INFO:teuthology.orchestra.run.smithi052.stdout:/usr/bin/ceph: stderr
2024-06-02T23:00:00.454+0000 7f69652a4700 1 -- 172.21.15.52:0/2366012508 >> [v2:172.21.15.52:6800/540942425,v1:172.21.15.52:6801/540942425] conn(0x7f6948039050 msgr2=0x7f694803b510 secure :-1 s=STATE_CONNECTION_ESTABLISHED l=1).mark_down
2024-06-02T23:00:01.104 INFO:teuthology.orchestra.run.smithi052.stdout:/usr/bin/ceph: stderr
2024-06-02T23:00:00.454+0000 7f69652a4700 1 --2- 172.21.15.52:0/2366012508 >> [v2:172.21.15.52:6800/540942425,v1:172.21.15.52:6801/540942425] conn(0x7f6948039050 0x7f694803b510 secure :-1 s=READY pgs=15 cs=0 l=1 rev1=1 crypto rx=0x7f6954006fd0 tx=0x7f6954006e40 comp rx=0 tx=0).stop
2024-06-02T23:00:01.105 INFO:teuthology.orchestra.run.smithi052.stdout:/usr/bin/ceph: stderr
2024-06-02T23:00:00.454+0000 7f69652a4700 1 -- 172.21.15.52:0/2366012508 >> [v2:172.21.15.52:3300/0,v1:172.21.15.52:6789/0] conn(0x7f6960106bb0 msgr2=0x7f6960191d20 secure :-1 s=STATE_CONNECTION_ESTABLISHED l=1).mark_down
2024-06-02T23:00:01.105 INFO:teuthology.orchestra.run.smithi052.stdout:/usr/bin/ceph: stderr
2024-06-02T23:00:00.454+0000 7f69652a4700 1 --2- 172.21.15.52:0/2366012508 >> [v2:172.21.15.52:3300/0,v1:172.21.15.52:6789/0] conn(0x7f6960106bb0 0x7f6960191d20 secure :-1 s=READY pgs=52 cs=0 l=1 rev1=1 crypto rx=0x7f6950011710 tx=0x7f6950011ad0 comp rx=0 tx=0).stop
2024-06-02T23:00:01.105 INFO:teuthology.orchestra.run.smithi052.stdout:/usr/bin/ceph: stderr
2024-06-02T23:00:00.454+0000 7f69652a4700 1 -- 172.21.15.52:0/2366012508 shutdown_connections
2024-06-02T23:00:01.105 INFO:teuthology.orchestra.run.smithi052.stdout:/usr/bin/ceph: stderr
2024-06-02T23:00:00.454+0000 7f69652a4700 1 --2- 172.21.15.52:0/2366012508 >> [v2:172.21.15.52:6800/540942425,v1:172.21.15.52:6801/540942425] conn(0x7f6948039050 0x7f694803b510 unknown :-1 s=CLOSED pgs=15 cs=0 l=1 rev1=1 crypto rx=0 tx=0 comp rx=0 tx=0).stop
2024-06-02T23:00:01.105 INFO:teuthology.orchestra.run.smithi052.stdout:/usr/bin/ceph: stderr
2024-06-02T23:00:00.454+0000 7f69652a4700 1 --2- 172.21.15.52:0/2366012508 >> [v2:172.21.15.52:3300/0,v1:172.21.15.52:6789/0] conn(0x7f6960106bb0 0x7f6960191d20 unknown :-1 s=CLOSED pgs=52 cs=0 l=1 rev1=1 crypto rx=0 tx=0 comp rx=0 tx=0).stop
2024-06-02T23:00:01.105 INFO:teuthology.orchestra.run.smithi052.stdout:/usr/bin/ceph: stderr
2024-06-02T23:00:00.454+0000 7f69652a4700 1 -- 172.21.15.52:0/2366012508 >> 172.21.15.52:0/2366012508 conn(0x7f6960102170 msgr2=0x7f6960102fe0 unknown :-1 s=STATE_NONE l=0).mark_down
2024-06-02T23:00:01.105 INFO:teuthology.orchestra.run.smithi052.stdout:/usr/bin/ceph: stderr
2024-06-02T23:00:00.455+0000 7f69652a4700 1 -- 172.21.15.52:0/2366012508 shutdown_connections
2024-06-02T23:00:01.105 INFO:teuthology.orchestra.run.smithi052.stdout:/usr/bin/ceph: stderr
2024-06-02T23:00:00.455+0000 7f69652a4700 1 -- 172.21.15.52:0/2366012508 wait complete.
2024-06-02T23:00:01.105 INFO:teuthology.orchestra.run.smithi052.stdout:Enabling the dashboard module...
2024-06-02T23:00:01.772 INFO:journalctl@ceph.mon.a.smithi052.stdout:Jun 02 23:00:01 smithi052 ceph-mon[32340]: from='client.? 172.21.15.52:0/2366012508' entity='client.admin'
2024-06-02T23:00:02.707 INFO:journalctl@ceph.mon.a.smithi052.stdout:Jun 02 23:00:02 smithi052 ceph-mon[32340]: from='client.? 172.21.15.52:0/2075831505' entity='client.admin' cmd=[{"prefix": "mgr module enable", "module": "dashboard"}]: dispatch
2024-06-02T23:00:02.707 INFO:journalctl@ceph.mon.a.smithi052.stdout:Jun 02 23:00:02 smithi052 ceph-mon[32340]: from='mgr.14118 172.21.15.52:0/2188194298' entity='mgr.x'
2024-06-02T23:00:02.708 INFO:journalctl@ceph.mgr.x.smithi052.stdout:Jun 02 23:00:02 smithi052 ceph-9d9fe36c-2133-11ef-bc9b-c7b262605968-mgr-x[32570]: ignoring --setuser ceph since I am not root
2024-06-02T23:00:02.708 INFO:journalctl@ceph.mgr.x.smithi052.stdout:Jun 02 23:00:02 smithi052 ceph-9d9fe36c-2133-11ef-bc9b-c7b262605968-mgr-x[32570]: ignoring --setgroup ceph since I am not root
2024-06-02T23:00:02.708 INFO:journalctl@ceph.mgr.x.smithi052.stdout:Jun 02 23:00:02 smithi052 ceph-9d9fe36c-2133-11ef-bc9b-c7b262605968-mgr-x[32570]:
2024-06-02T23:00:02.643+0000 7f28c4d91200 -1 mgr[py] Module balancer has missing NOTIFY_TYPES member
2024-06-02T23:00:03.060 INFO:journalctl@ceph.mgr.x.smithi052.stdout:Jun 02 23:00:02 smithi052 ceph-9d9fe36c-2133-11ef-bc9b-c7b262605968-mgr-x[32570]:
2024-06-02T23:00:02.844+0000 7f28c4d91200 -1 mgr[py] Module orchestrator has missing NOTIFY_TYPES member
2024-06-02T23:00:03.060 INFO:journalctl@ceph.mgr.x.smithi052.stdout:Jun 02 23:00:02 smithi052 ceph-9d9fe36c-2133-11ef-bc9b-c7b262605968-mgr-x[32570]:
2024-06-02T23:00:02.952+0000 7f28c4d91200 -1 mgr[py] Module snap_schedule has missing NOTIFY_TYPES member
2024-06-02T23:00:03.067 INFO:teuthology.orchestra.run.smithi052.stdout:/usr/bin/ceph: stderr
2024-06-02T23:00:01.637+0000 7f6969605700 1 Processor -- start
2024-06-02T23:00:03.067 INFO:teuthology.orchestra.run.smithi052.stdout:/usr/bin/ceph: stderr
2024-06-02T23:00:01.637+0000 7f6969605700 1 -- start start
2024-06-02T23:00:03.067 INFO:teuthology.orchestra.run.smithi052.stdout:/usr/bin/ceph: stderr
2024-06-02T23:00:01.637+0000 7f6969605700 1 --2- >> [v2:172.21.15.52:3300/0,v1:172.21.15.52:6789/0] conn(0x7f6964108740 0x7f696410ab30 unknown :-1 s=NONE pgs=0 cs=0 l=0 rev1=0 crypto rx=0 tx=0 comp rx=0 tx=0).connect
2024-06-02T23:00:03.068 INFO:teuthology.orchestra.run.smithi052.stdout:/usr/bin/ceph: stderr
2024-06-02T23:00:01.637+0000 7f6969605700 1 -- --> [v2:172.21.15.52:3300/0,v1:172.21.15.52:6789/0] -- mon_getmap magic: 0 -- 0x7f696407be70 con 0x7f6964108740
2024-06-02T23:00:03.068 INFO:teuthology.orchestra.run.smithi052.stdout:/usr/bin/ceph: stderr
