2024-06-02T22:59:45.787 INFO:teuthology.orchestra.run.smithi052.stdout:/usr/bin/ceph: stderr
2024-06-02T22:59:44.999+0000 7f206e59c700 1 -- 172.21.15.52:0/3437739590 learned_addr learned my addr 172.21.15.52:0/3437739590 (peer_addr_for_me v2:172.21.15.52:0/0)
2024-06-02T22:59:45.787 INFO:teuthology.orchestra.run.smithi052.stdout:/usr/bin/ceph: stderr
2024-06-02T22:59:44.999+0000 7f206e59c700 1 -- 172.21.15.52:0/3437739590 --> [v2:172.21.15.52:3300/0,v1:172.21.15.52:6789/0] -- mon_subscribe({config=0+,monmap=0+}) -- 0x7f207010b080 con 0x7f2070108750
2024-06-02T22:59:45.787 INFO:teuthology.orchestra.run.smithi052.stdout:/usr/bin/ceph: stderr
2024-06-02T22:59:44.999+0000 7f206e59c700 1 --2- 172.21.15.52:0/3437739590 >> [v2:172.21.15.52:3300/0,v1:172.21.15.52:6789/0] conn(0x7f2070108750 0x7f207010ab40 secure :-1 s=READY pgs=35 cs=0 l=1 rev1=1 crypto rx=0x7f20600098a0 tx=0x7f2060009bb0 comp rx=0 tx=0).ready entity=mon.0 client_cookie=977504422903a9a0 server_cookie=0 in_seq=0 out_seq=0
2024-06-02T22:59:45.787 INFO:teuthology.orchestra.run.smithi052.stdout:/usr/bin/ceph: stderr
2024-06-02T22:59:44.999+0000 7f206dd9b700 1 -- 172.21.15.52:0/3437739590 <== mon.0 v2:172.21.15.52:3300/0 1 ==== mon_map magic: 0 ==== 205+0+0 (secure 0 0 0) 0x7f2060004160 con 0x7f2070108750
2024-06-02T22:59:45.787 INFO:teuthology.orchestra.run.smithi052.stdout:/usr/bin/ceph: stderr
2024-06-02T22:59:44.999+0000 7f206dd9b700 1 -- 172.21.15.52:0/3437739590 <== mon.0 v2:172.21.15.52:3300/0 2 ==== config(26 keys) ==== 1071+0+0 (secure 0 0 0) 0x7f2060004300 con 0x7f2070108750
2024-06-02T22:59:45.787 INFO:teuthology.orchestra.run.smithi052.stdout:/usr/bin/ceph: stderr
2024-06-02T22:59:44.999+0000 7f206dd9b700 1 -- 172.21.15.52:0/3437739590 <== mon.0 v2:172.21.15.52:3300/0 3 ==== mon_map magic: 0 ==== 205+0+0 (secure 0 0 0) 0x7f2060011a80 con 0x7f2070108750
2024-06-02T22:59:45.787 INFO:teuthology.orchestra.run.smithi052.stdout:/usr/bin/ceph: stderr
2024-06-02T22:59:45.000+0000 7f20749f4700 1 -- 172.21.15.52:0/3437739590 >> [v2:172.21.15.52:3300/0,v1:172.21.15.52:6789/0] conn(0x7f2070108750 msgr2=0x7f207010ab40 secure :-1 s=STATE_CONNECTION_ESTABLISHED l=1).mark_down
2024-06-02T22:59:45.788 INFO:teuthology.orchestra.run.smithi052.stdout:/usr/bin/ceph: stderr
2024-06-02T22:59:45.000+0000 7f20749f4700 1 --2- 172.21.15.52:0/3437739590 >> [v2:172.21.15.52:3300/0,v1:172.21.15.52:6789/0] conn(0x7f2070108750 0x7f207010ab40 secure :-1 s=READY pgs=35 cs=0 l=1 rev1=1 crypto rx=0x7f20600098a0 tx=0x7f2060009bb0 comp rx=0 tx=0).stop
2024-06-02T22:59:45.788 INFO:teuthology.orchestra.run.smithi052.stdout:/usr/bin/ceph: stderr
2024-06-02T22:59:45.000+0000 7f20749f4700 1 -- 172.21.15.52:0/3437739590 shutdown_connections
2024-06-02T22:59:45.788 INFO:teuthology.orchestra.run.smithi052.stdout:/usr/bin/ceph: stderr
2024-06-02T22:59:45.000+0000 7f20749f4700 1 --2- 172.21.15.52:0/3437739590 >> [v2:172.21.15.52:3300/0,v1:172.21.15.52:6789/0] conn(0x7f2070108750 0x7f207010ab40 unknown :-1 s=CLOSED pgs=35 cs=0 l=1 rev1=1 crypto rx=0 tx=0 comp rx=0 tx=0).stop
2024-06-02T22:59:45.788 INFO:teuthology.orchestra.run.smithi052.stdout:/usr/bin/ceph: stderr
2024-06-02T22:59:45.000+0000 7f20749f4700 1 -- 172.21.15.52:0/3437739590 >> 172.21.15.52:0/3437739590 conn(0x7f2070102160 msgr2=0x7f2070104580 unknown :-1 s=STATE_NONE l=0).mark_down
2024-06-02T22:59:45.788 INFO:teuthology.orchestra.run.smithi052.stdout:/usr/bin/ceph: stderr
2024-06-02T22:59:45.000+0000 7f20749f4700 1 -- 172.21.15.52:0/3437739590 shutdown_connections
2024-06-02T22:59:45.788 INFO:teuthology.orchestra.run.smithi052.stdout:/usr/bin/ceph: stderr
2024-06-02T22:59:45.000+0000 7f20749f4700 1 -- 172.21.15.52:0/3437739590 wait complete.
2024-06-02T22:59:45.788 INFO:teuthology.orchestra.run.smithi052.stdout:/usr/bin/ceph: stderr
2024-06-02T22:59:45.001+0000 7f20749f4700 1 Processor -- start
2024-06-02T22:59:45.788 INFO:teuthology.orchestra.run.smithi052.stdout:/usr/bin/ceph: stderr
2024-06-02T22:59:45.001+0000 7f20749f4700 1 -- start start
2024-06-02T22:59:45.788 INFO:teuthology.orchestra.run.smithi052.stdout:/usr/bin/ceph: stderr
2024-06-02T22:59:45.001+0000 7f20749f4700 1 --2- >> [v2:172.21.15.52:3300/0,v1:172.21.15.52:6789/0] conn(0x7f2070108750 0x7f207019bbb0 unknown :-1 s=NONE pgs=0 cs=0 l=1 rev1=0 crypto rx=0 tx=0 comp rx=0 tx=0).connect
2024-06-02T22:59:45.788 INFO:teuthology.orchestra.run.smithi052.stdout:/usr/bin/ceph: stderr
2024-06-02T22:59:45.001+0000 7f20749f4700 1 -- --> [v2:172.21.15.52:3300/0,v1:172.21.15.52:6789/0] -- mon_getmap magic: 0 -- 0x7f207010c040 con 0x7f2070108750
2024-06-02T22:59:45.788 INFO:teuthology.orchestra.run.smithi052.stdout:/usr/bin/ceph: stderr
2024-06-02T22:59:45.001+0000 7f206e59c700 1 --2- >> [v2:172.21.15.52:3300/0,v1:172.21.15.52:6789/0] conn(0x7f2070108750 0x7f207019bbb0 unknown :-1 s=BANNER_CONNECTING pgs=0 cs=0 l=1 rev1=0 crypto rx=0 tx=0 comp rx=0 tx=0)._handle_peer_banner_payload supported=3 required=0
2024-06-02T22:59:45.788 INFO:teuthology.orchestra.run.smithi052.stdout:/usr/bin/ceph: stderr
2024-06-02T22:59:45.001+0000 7f206e59c700 1 --2- >> [v2:172.21.15.52:3300/0,v1:172.21.15.52:6789/0] conn(0x7f2070108750 0x7f207019bbb0 unknown :-1 s=HELLO_CONNECTING pgs=0 cs=0 l=1 rev1=1 crypto rx=0 tx=0 comp rx=0 tx=0).handle_hello peer v2:172.21.15.52:3300/0 says I am v2:172.21.15.52:34438/0 (socket says 172.21.15.52:34438)
2024-06-02T22:59:45.788 INFO:teuthology.orchestra.run.smithi052.stdout:/usr/bin/ceph: stderr
2024-06-02T22:59:45.001+0000 7f206e59c700 1 -- 172.21.15.52:0/2701009293 learned_addr learned my addr 172.21.15.52:0/2701009293 (peer_addr_for_me v2:172.21.15.52:0/0)
2024-06-02T22:59:45.788 INFO:teuthology.orchestra.run.smithi052.stdout:/usr/bin/ceph: stderr
2024-06-02T22:59:45.002+0000 7f206e59c700 1 -- 172.21.15.52:0/2701009293 --> [v2:172.21.15.52:3300/0,v1:172.21.15.52:6789/0] -- mon_subscribe({config=0+,monmap=0+}) -- 0x7f207019c0f0 con 0x7f2070108750
2024-06-02T22:59:45.789 INFO:teuthology.orchestra.run.smithi052.stdout:/usr/bin/ceph: stderr
2024-06-02T22:59:45.002+0000 7f206e59c700 1 --2- 172.21.15.52:0/2701009293 >> [v2:172.21.15.52:3300/0,v1:172.21.15.52:6789/0] conn(0x7f2070108750 0x7f207019bbb0 secure :-1 s=READY pgs=36 cs=0 l=1 rev1=1 crypto rx=0x7f2060011a50 tx=0x7f2060011b30 comp rx=0 tx=0).ready entity=mon.0 client_cookie=0 server_cookie=0 in_seq=0 out_seq=0
2024-06-02T22:59:45.789 INFO:teuthology.orchestra.run.smithi052.stdout:/usr/bin/ceph: stderr
2024-06-02T22:59:45.002+0000 7f20677fe700 1 -- 172.21.15.52:0/2701009293 <== mon.0 v2:172.21.15.52:3300/0 1 ==== mon_map magic: 0 ==== 205+0+0 (secure 0 0 0) 0x7f2060003a80 con 0x7f2070108750
2024-06-02T22:59:45.789 INFO:teuthology.orchestra.run.smithi052.stdout:/usr/bin/ceph: stderr
2024-06-02T22:59:45.002+0000 7f20677fe700 1 -- 172.21.15.52:0/2701009293 <== mon.0 v2:172.21.15.52:3300/0 2 ==== config(26 keys) ==== 1071+0+0 (secure 0 0 0) 0x7f2060003c20 con 0x7f2070108750
2024-06-02T22:59:45.789 INFO:teuthology.orchestra.run.smithi052.stdout:/usr/bin/ceph: stderr
2024-06-02T22:59:45.002+0000 7f20749f4700 1 -- 172.21.15.52:0/2701009293 --> [v2:172.21.15.52:3300/0,v1:172.21.15.52:6789/0] -- mon_subscribe({mgrmap=0+}) -- 0x7f207019c380 con 0x7f2070108750
2024-06-02T22:59:45.789 INFO:teuthology.orchestra.run.smithi052.stdout:/usr/bin/ceph: stderr
2024-06-02T22:59:45.002+0000 7f20677fe700 1 -- 172.21.15.52:0/2701009293 <== mon.0 v2:172.21.15.52:3300/0 3 ==== mon_map magic: 0 ==== 205+0+0 (secure 0 0 0) 0x7f206001a650 con 0x7f2070108750
2024-06-02T22:59:45.789 INFO:teuthology.orchestra.run.smithi052.stdout:/usr/bin/ceph: stderr
2024-06-02T22:59:45.002+0000 7f20749f4700 1 -- 172.21.15.52:0/2701009293 --> [v2:172.21.15.52:3300/0,v1:172.21.15.52:6789/0] -- mon_subscribe({osdmap=0}) -- 0x7f207019f070 con 0x7f2070108750
2024-06-02T22:59:45.789 INFO:teuthology.orchestra.run.smithi052.stdout:/usr/bin/ceph: stderr
2024-06-02T22:59:45.003+0000 7f20677fe700 1 -- 172.21.15.52:0/2701009293 <== mon.0 v2:172.21.15.52:3300/0 4 ==== mgrmap(e 7) ==== 46181+0+0 (secure 0 0 0) 0x7f2060024440 con 0x7f2070108750
2024-06-02T22:59:45.789 INFO:teuthology.orchestra.run.smithi052.stdout:/usr/bin/ceph: stderr
2024-06-02T22:59:45.003+0000 7f20749f4700 1 -- 172.21.15.52:0/2701009293 --> [v2:172.21.15.52:3300/0,v1:172.21.15.52:6789/0] -- mon_command({"prefix": "get_command_descriptions"} v 0) -- 0x7f2070063af0 con 0x7f2070108750
2024-06-02T22:59:45.789 INFO:teuthology.orchestra.run.smithi052.stdout:/usr/bin/ceph: stderr
2024-06-02T22:59:45.003+0000 7f20677fe700 1 --2- 172.21.15.52:0/2701009293 >> [v2:172.21.15.52:6800/540942425,v1:172.21.15.52:6801/540942425] conn(0x7f205c038f30 0x7f205c03b3f0 unknown :-1 s=NONE pgs=0 cs=0 l=1 rev1=0 crypto rx=0 tx=0 comp rx=0 tx=0).connect
2024-06-02T22:59:45.789 INFO:teuthology.orchestra.run.smithi052.stdout:/usr/bin/ceph: stderr
2024-06-02T22:59:45.003+0000 7f20677fe700 1 -- 172.21.15.52:0/2701009293 <== mon.0 v2:172.21.15.52:3300/0 5 ==== osd_map(2..2 src has 1..2) ==== 940+0+0 (secure 0 0 0) 0x7f206004d360 con 0x7f2070108750
2024-06-02T22:59:45.789 INFO:teuthology.orchestra.run.smithi052.stdout:/usr/bin/ceph: stderr
2024-06-02T22:59:45.003+0000 7f2067fff700 1 --2- 172.21.15.52:0/2701009293 >> [v2:172.21.15.52:6800/540942425,v1:172.21.15.52:6801/540942425] conn(0x7f205c038f30 0x7f205c03b3f0 unknown :-1 s=BANNER_CONNECTING pgs=0 cs=0 l=1 rev1=0 crypto rx=0 tx=0 comp rx=0 tx=0)._handle_peer_banner_payload supported=3 required=0
2024-06-02T22:59:45.789 INFO:teuthology.orchestra.run.smithi052.stdout:/usr/bin/ceph: stderr
2024-06-02T22:59:45.004+0000 7f2067fff700 1 --2- 172.21.15.52:0/2701009293 >> [v2:172.21.15.52:6800/540942425,v1:172.21.15.52:6801/540942425] conn(0x7f205c038f30 0x7f205c03b3f0 secure :-1 s=READY pgs=7 cs=0 l=1 rev1=1 crypto rx=0x7f2058006fd0 tx=0x7f2058006e40 comp rx=0 tx=0).ready entity=mgr.14118 client_cookie=0 server_cookie=0 in_seq=0 out_seq=0
2024-06-02T22:59:45.789 INFO:teuthology.orchestra.run.smithi052.stdout:/usr/bin/ceph: stderr
2024-06-02T22:59:45.009+0000 7f20677fe700 1 -- 172.21.15.52:0/2701009293 <== mon.0 v2:172.21.15.52:3300/0 6 ==== mon_command_ack([{"prefix": "get_command_descriptions"}]=0 v0) ==== 72+0+186418 (secure 0 0 0) 0x7f206000e260 con 0x7f2070108750
2024-06-02T22:59:45.790 INFO:teuthology.orchestra.run.smithi052.stdout:/usr/bin/ceph: stderr
2024-06-02T22:59:45.080+0000 7f20677fe700 1 -- 172.21.15.52:0/2701009293 <== mon.0 v2:172.21.15.52:3300/0 7 ==== mgrmap(e 8) ==== 46287+0+0 (secure 0 0 0) 0x7f2060024ad0 con 0x7f2070108750
2024-06-02T22:59:45.790 INFO:teuthology.orchestra.run.smithi052.stdout:/usr/bin/ceph: stderr
2024-06-02T22:59:45.237+0000 7f20749f4700 1 -- 172.21.15.52:0/2701009293 --> [v2:172.21.15.52:6800/540942425,v1:172.21.15.52:6801/540942425] -- mgr_command(tid 0: {"prefix": "orch set backend", "module_name": "cephadm", "target": ["mon-mgr", ""]}) -- 0x7f2070103340 con 0x7f205c038f30
2024-06-02T22:59:45.790 INFO:teuthology.orchestra.run.smithi052.stdout:/usr/bin/ceph: stderr
2024-06-02T22:59:45.242+0000 7f20677fe700 1 -- 172.21.15.52:0/2701009293 <== mgr.14118 v2:172.21.15.52:6800/540942425 1 ==== mgr_command_reply(tid 0: 0 ) ==== 8+0+0 (secure 0 0 0) 0x7f2070103340 con 0x7f205c038f30
2024-06-02T22:59:45.790 INFO:teuthology.orchestra.run.smithi052.stdout:/usr/bin/ceph: stderr
2024-06-02T22:59:45.244+0000 7f20749f4700 1 -- 172.21.15.52:0/2701009293 >> [v2:172.21.15.52:6800/540942425,v1:172.21.15.52:6801/540942425] conn(0x7f205c038f30 msgr2=0x7f205c03b3f0 secure :-1 s=STATE_CONNECTION_ESTABLISHED l=1).mark_down
2024-06-02T22:59:45.790 INFO:teuthology.orchestra.run.smithi052.stdout:/usr/bin/ceph: stderr
2024-06-02T22:59:45.244+0000 7f20749f4700 1 --2- 172.21.15.52:0/2701009293 >> [v2:172.21.15.52:6800/540942425,v1:172.21.15.52:6801/540942425] conn(0x7f205c038f30 0x7f205c03b3f0 secure :-1 s=READY pgs=7 cs=0 l=1 rev1=1 crypto rx=0x7f2058006fd0 tx=0x7f2058006e40 comp rx=0 tx=0).stop
2024-06-02T22:59:45.790 INFO:teuthology.orchestra.run.smithi052.stdout:/usr/bin/ceph: stderr
2024-06-02T22:59:45.244+0000 7f20749f4700 1 -- 172.21.15.52:0/2701009293 >> [v2:172.21.15.52:3300/0,v1:172.21.15.52:6789/0] conn(0x7f2070108750 msgr2=0x7f207019bbb0 secure :-1 s=STATE_CONNECTION_ESTABLISHED l=1).mark_down
2024-06-02T22:59:45.790 INFO:teuthology.orchestra.run.smithi052.stdout:/usr/bin/ceph: stderr
2024-06-02T22:59:45.244+0000 7f20749f4700 1 --2- 172.21.15.52:0/2701009293 >> [v2:172.21.15.52:3300/0,v1:172.21.15.52:6789/0] conn(0x7f2070108750 0x7f207019bbb0 secure :-1 s=READY pgs=36 cs=0 l=1 rev1=1 crypto rx=0x7f2060011a50 tx=0x7f2060011b30 comp rx=0 tx=0).stop
2024-06-02T22:59:45.790 INFO:teuthology.orchestra.run.smithi052.stdout:/usr/bin/ceph: stderr
2024-06-02T22:59:45.244+0000 7f20749f4700 1 -- 172.21.15.52:0/2701009293 shutdown_connections
2024-06-02T22:59:45.790 INFO:teuthology.orchestra.run.smithi052.stdout:/usr/bin/ceph: stderr
2024-06-02T22:59:45.244+0000 7f20749f4700 1 --2- 172.21.15.52:0/2701009293 >> [v2:172.21.15.52:6800/540942425,v1:172.21.15.52:6801/540942425] conn(0x7f205c038f30 0x7f205c03b3f0 unknown :-1 s=CLOSED pgs=7 cs=0 l=1 rev1=1 crypto rx=0 tx=0 comp rx=0 tx=0).stop
2024-06-02T22:59:45.790 INFO:teuthology.orchestra.run.smithi052.stdout:/usr/bin/ceph: stderr
2024-06-02T22:59:45.244+0000 7f20749f4700 1 --2- 172.21.15.52:0/2701009293 >> [v2:172.21.15.52:3300/0,v1:172.21.15.52:6789/0] conn(0x7f2070108750 0x7f207019bbb0 unknown :-1 s=CLOSED pgs=36 cs=0 l=1 rev1=1 crypto rx=0 tx=0 comp rx=0 tx=0).stop
2024-06-02T22:59:45.790 INFO:teuthology.orchestra.run.smithi052.stdout:/usr/bin/ceph: stderr
2024-06-02T22:59:45.244+0000 7f20749f4700 1 -- 172.21.15.52:0/2701009293 >> 172.21.15.52:0/2701009293 conn(0x7f2070102160 msgr2=0x7f2070102c30 unknown :-1 s=STATE_NONE l=0).mark_down
2024-06-02T22:59:45.790 INFO:teuthology.orchestra.run.smithi052.stdout:/usr/bin/ceph: stderr
2024-06-02T22:59:45.244+0000 7f20749f4700 1 -- 172.21.15.52:0/2701009293 shutdown_connections
2024-06-02T22:59:45.790 INFO:teuthology.orchestra.run.smithi052.stdout:/usr/bin/ceph: stderr
2024-06-02T22:59:45.244+0000 7f20749f4700 1 -- 172.21.15.52:0/2701009293 wait complete.
2024-06-02T22:59:46.181 INFO:journalctl@ceph.mon.a.smithi052.stdout:Jun 02 22:59:46 smithi052 ceph-mon[32340]: mgrmap e8: x(active, since 2s)
2024-06-02T22:59:46.182 INFO:journalctl@ceph.mon.a.smithi052.stdout:Jun 02 22:59:46 smithi052 ceph-mon[32340]: from='client.14130 -' entity='client.admin' cmd=[{"prefix": "orch set backend", "module_name": "cephadm", "target": ["mon-mgr", ""]}]: dispatch
2024-06-02T22:59:46.182 INFO:journalctl@ceph.mon.a.smithi052.stdout:Jun 02 22:59:46 smithi052 ceph-mon[32340]: from='mgr.14118 172.21.15.52:0/2188194298' entity='mgr.x'
2024-06-02T22:59:46.182 INFO:journalctl@ceph.mon.a.smithi052.stdout:Jun 02 22:59:46 smithi052 ceph-mon[32340]: from='mgr.14118 172.21.15.52:0/2188194298' entity='mgr.x' cmd=[{"prefix": "config dump", "format": "json"}]: dispatch
2024-06-02T22:59:47.143 INFO:journalctl@ceph.mon.a.smithi052.stdout:Jun 02 22:59:47 smithi052 ceph-mon[32340]: from='client.14132 -' entity='client.admin' cmd=[{"prefix": "cephadm set-user", "user": "root", "target": ["mon-mgr", ""]}]: dispatch
2024-06-02T22:59:47.152 INFO:teuthology.orchestra.run.smithi052.stdout:/usr/bin/ceph: stdout value unchanged
2024-06-02T22:59:47.152 INFO:teuthology.orchestra.run.smithi052.stdout:/usr/bin/ceph: stderr
2024-06-02T22:59:46.219+0000 7fb1c7340700 1 Processor -- start
2024-06-02T22:59:47.152 INFO:teuthology.orchestra.run.smithi052.stdout:/usr/bin/ceph: stderr
2024-06-02T22:59:46.219+0000 7fb1c7340700 1 -- start start
2024-06-02T22:59:47.152 INFO:teuthology.orchestra.run.smithi052.stdout:/usr/bin/ceph: stderr
2024-06-02T22:59:46.220+0000 7fb1c7340700 1 --2- >> [v2:172.21.15.52:3300/0,v1:172.21.15.52:6789/0] conn(0x7fb1c0108760 0x7fb1c010ab50 unknown :-1 s=NONE pgs=0 cs=0 l=0 rev1=0 crypto rx=0 tx=0 comp rx=0 tx=0).connect
2024-06-02T22:59:47.152 INFO:teuthology.orchestra.run.smithi052.stdout:/usr/bin/ceph: stderr
2024-06-02T22:59:46.220+0000 7fb1c7340700 1 -- --> [v2:172.21.15.52:3300/0,v1:172.21.15.52:6789/0] -- mon_getmap magic: 0 -- 0x7fb1c007be50 con 0x7fb1c0108760
2024-06-02T22:59:47.152 INFO:teuthology.orchestra.run.smithi052.stdout:/usr/bin/ceph: stderr
2024-06-02T22:59:46.220+0000 7fb1c50dc700 1 --2- >> [v2:172.21.15.52:3300/0,v1:172.21.15.52:6789/0] conn(0x7fb1c0108760 0x7fb1c010ab50 unknown :-1 s=BANNER_CONNECTING pgs=0 cs=0 l=0 rev1=0 crypto rx=0 tx=0 comp rx=0 tx=0)._handle_peer_banner_payload supported=3 required=0
2024-06-02T22:59:47.152 INFO:teuthology.orchestra.run.smithi052.stdout:/usr/bin/ceph: stderr
2024-06-02T22:59:46.220+0000 7fb1c50dc700 1 --2- >> [v2:172.21.15.52:3300/0,v1:172.21.15.52:6789/0] conn(0x7fb1c0108760 0x7fb1c010ab50 unknown :-1 s=HELLO_CONNECTING pgs=0 cs=0 l=0 rev1=1 crypto rx=0 tx=0 comp rx=0 tx=0).handle_hello peer v2:172.21.15.52:3300/0 says I am v2:172.21.15.52:34444/0 (socket says 172.21.15.52:34444)
2024-06-02T22:59:47.152 INFO:teuthology.orchestra.run.smithi052.stdout:/usr/bin/ceph: stderr
2024-06-02T22:59:46.220+0000 7fb1c50dc700 1 -- 172.21.15.52:0/2902131280 learned_addr learned my addr 172.21.15.52:0/2902131280 (peer_addr_for_me v2:172.21.15.52:0/0)
2024-06-02T22:59:47.152 INFO:teuthology.orchestra.run.smithi052.stdout:/usr/bin/ceph: stderr
2024-06-02T22:59:46.220+0000 7fb1c50dc700 1 -- 172.21.15.52:0/2902131280 --> [v2:172.21.15.52:3300/0,v1:172.21.15.52:6789/0] -- mon_subscribe({config=0+,monmap=0+}) -- 0x7fb1c010b090 con 0x7fb1c0108760
2024-06-02T22:59:47.152 INFO:teuthology.orchestra.run.smithi052.stdout:/usr/bin/ceph: stderr
2024-06-02T22:59:46.220+0000 7fb1c50dc700 1 --2- 172.21.15.52:0/2902131280 >> [v2:172.21.15.52:3300/0,v1:172.21.15.52:6789/0] conn(0x7fb1c0108760 0x7fb1c010ab50 secure :-1 s=READY pgs=37 cs=0 l=1 rev1=1 crypto rx=0x7fb1bc0098a0 tx=0x7fb1bc009bb0 comp rx=0 tx=0).ready entity=mon.0 client_cookie=7abf5161e1f4727b server_cookie=0 in_seq=0 out_seq=0
2024-06-02T22:59:47.152 INFO:teuthology.orchestra.run.smithi052.stdout:/usr/bin/ceph: stderr
2024-06-02T22:59:46.221+0000 7fb1b7fff700 1 -- 172.21.15.52:0/2902131280 <== mon.0 v2:172.21.15.52:3300/0 1 ==== mon_map magic: 0 ==== 205+0+0 (secure 0 0 0) 0x7fb1bc004160 con 0x7fb1c0108760
2024-06-02T22:59:47.152 INFO:teuthology.orchestra.run.smithi052.stdout:/usr/bin/ceph: stderr
2024-06-02T22:59:46.221+0000 7fb1b7fff700 1 -- 172.21.15.52:0/2902131280 <== mon.0 v2:172.21.15.52:3300/0 2 ==== config(26 keys) ==== 1071+0+0 (secure 0 0 0) 0x7fb1bc004300 con 0x7fb1c0108760
2024-06-02T22:59:47.153 INFO:teuthology.orchestra.run.smithi052.stdout:/usr/bin/ceph: stderr
2024-06-02T22:59:46.221+0000 7fb1b7fff700 1 -- 172.21.15.52:0/2902131280 <== mon.0 v2:172.21.15.52:3300/0 3 ==== mon_map magic: 0 ==== 205+0+0 (secure 0 0 0) 0x7fb1bc011a80 con 0x7fb1c0108760
2024-06-02T22:59:47.153 INFO:teuthology.orchestra.run.smithi052.stdout:/usr/bin/ceph: stderr
2024-06-02T22:59:46.221+0000 7fb1c7340700 1 -- 172.21.15.52:0/2902131280 >> [v2:172.21.15.52:3300/0,v1:172.21.15.52:6789/0] conn(0x7fb1c0108760 msgr2=0x7fb1c010ab50 secure :-1 s=STATE_CONNECTION_ESTABLISHED l=1).mark_down
2024-06-02T22:59:47.153 INFO:teuthology.orchestra.run.smithi052.stdout:/usr/bin/ceph: stderr
2024-06-02T22:59:46.221+0000 7fb1c7340700 1 --2- 172.21.15.52:0/2902131280 >> [v2:172.21.15.52:3300/0,v1:172.21.15.52:6789/0] conn(0x7fb1c0108760 0x7fb1c010ab50 secure :-1 s=READY pgs=37 cs=0 l=1 rev1=1 crypto rx=0x7fb1bc0098a0 tx=0x7fb1bc009bb0 comp rx=0 tx=0).stop
2024-06-02T22:59:47.153 INFO:teuthology.orchestra.run.smithi052.stdout:/usr/bin/ceph: stderr
2024-06-02T22:59:46.221+0000 7fb1c7340700 1 -- 172.21.15.52:0/2902131280 shutdown_connections
2024-06-02T22:59:47.153 INFO:teuthology.orchestra.run.smithi052.stdout:/usr/bin/ceph: stderr
2024-06-02T22:59:46.221+0000 7fb1c7340700 1 --2- 172.21.15.52:0/2902131280 >> [v2:172.21.15.52:3300/0,v1:172.21.15.52:6789/0] conn(0x7fb1c0108760 0x7fb1c010ab50 unknown :-1 s=CLOSED pgs=37 cs=0 l=1 rev1=1 crypto rx=0 tx=0 comp rx=0 tx=0).stop
2024-06-02T22:59:47.153 INFO:teuthology.orchestra.run.smithi052.stdout:/usr/bin/ceph: stderr
2024-06-02T22:59:46.221+0000 7fb1c7340700 1 -- 172.21.15.52:0/2902131280 >> 172.21.15.52:0/2902131280 conn(0x7fb1c0102150 msgr2=0x7fb1c0104570 unknown :-1 s=STATE_NONE l=0).mark_down
2024-06-02T22:59:47.153 INFO:teuthology.orchestra.run.smithi052.stdout:/usr/bin/ceph: stderr
2024-06-02T22:59:46.221+0000 7fb1c7340700 1 -- 172.21.15.52:0/2902131280 shutdown_connections
2024-06-02T22:59:47.153 INFO:teuthology.orchestra.run.smithi052.stdout:/usr/bin/ceph: stderr
2024-06-02T22:59:46.221+0000 7fb1c7340700 1 -- 172.21.15.52:0/2902131280 wait complete.
2024-06-02T22:59:47.153 INFO:teuthology.orchestra.run.smithi052.stdout:/usr/bin/ceph: stderr
2024-06-02T22:59:46.222+0000 7fb1c7340700 1 Processor -- start
2024-06-02T22:59:47.153 INFO:teuthology.orchestra.run.smithi052.stdout:/usr/bin/ceph: stderr
2024-06-02T22:59:46.222+0000 7fb1c7340700 1 -- start start
2024-06-02T22:59:47.153 INFO:teuthology.orchestra.run.smithi052.stdout:/usr/bin/ceph: stderr
2024-06-02T22:59:46.222+0000 7fb1c7340700 1 --2- >> [v2:172.21.15.52:3300/0,v1:172.21.15.52:6789/0] conn(0x7fb1c0108760 0x7fb1c019bbc0 unknown :-1 s=NONE pgs=0 cs=0 l=1 rev1=0 crypto rx=0 tx=0 comp rx=0 tx=0).connect
2024-06-02T22:59:47.153 INFO:teuthology.orchestra.run.smithi052.stdout:/usr/bin/ceph: stderr
2024-06-02T22:59:46.222+0000 7fb1c7340700 1 -- --> [v2:172.21.15.52:3300/0,v1:172.21.15.52:6789/0] -- mon_getmap magic: 0 -- 0x7fb1c010c000 con 0x7fb1c0108760
2024-06-02T22:59:47.153 INFO:teuthology.orchestra.run.smithi052.stdout:/usr/bin/ceph: stderr
2024-06-02T22:59:46.222+0000 7fb1c50dc700 1 --2- >> [v2:172.21.15.52:3300/0,v1:172.21.15.52:6789/0] conn(0x7fb1c0108760 0x7fb1c019bbc0 unknown :-1 s=BANNER_CONNECTING pgs=0 cs=0 l=1 rev1=0 crypto rx=0 tx=0 comp rx=0 tx=0)._handle_peer_banner_payload supported=3 required=0
2024-06-02T22:59:47.153 INFO:teuthology.orchestra.run.smithi052.stdout:/usr/bin/ceph: stderr
2024-06-02T22:59:46.222+0000 7fb1c50dc700 1 --2- >> [v2:172.21.15.52:3300/0,v1:172.21.15.52:6789/0] conn(0x7fb1c0108760 0x7fb1c019bbc0 unknown :-1 s=HELLO_CONNECTING pgs=0 cs=0 l=1 rev1=1 crypto rx=0 tx=0 comp rx=0 tx=0).handle_hello peer v2:172.21.15.52:3300/0 says I am v2:172.21.15.52:34460/0 (socket says 172.21.15.52:34460)
2024-06-02T22:59:47.154 INFO:teuthology.orchestra.run.smithi052.stdout:/usr/bin/ceph: stderr
2024-06-02T22:59:46.222+0000 7fb1c50dc700 1 -- 172.21.15.52:0/2836033408 learned_addr learned my addr 172.21.15.52:0/2836033408 (peer_addr_for_me v2:172.21.15.52:0/0)
2024-06-02T22:59:47.154 INFO:teuthology.orchestra.run.smithi052.stdout:/usr/bin/ceph: stderr
2024-06-02T22:59:46.223+0000 7fb1c50dc700 1 -- 172.21.15.52:0/2836033408 --> [v2:172.21.15.52:3300/0,v1:172.21.15.52:6789/0] -- mon_subscribe({config=0+,monmap=0+}) -- 0x7fb1c019c100 con 0x7fb1c0108760
2024-06-02T22:59:47.154 INFO:teuthology.orchestra.run.smithi052.stdout:/usr/bin/ceph: stderr
2024-06-02T22:59:46.223+0000 7fb1c50dc700 1 --2- 172.21.15.52:0/2836033408 >> [v2:172.21.15.52:3300/0,v1:172.21.15.52:6789/0] conn(0x7fb1c0108760 0x7fb1c019bbc0 secure :-1 s=READY pgs=38 cs=0 l=1 rev1=1 crypto rx=0x7fb1bc006af0 tx=0x7fb1bc011c40 comp rx=0 tx=0).ready entity=mon.0 client_cookie=0 server_cookie=0 in_seq=0 out_seq=0
2024-06-02T22:59:47.154 INFO:teuthology.orchestra.run.smithi052.stdout:/usr/bin/ceph: stderr
2024-06-02T22:59:46.223+0000 7fb1b67fc700 1 -- 172.21.15.52:0/2836033408 <== mon.0 v2:172.21.15.52:3300/0 1 ==== mon_map magic: 0 ==== 205+0+0 (secure 0 0 0) 0x7fb1bc0039e0 con 0x7fb1c0108760
2024-06-02T22:59:47.154 INFO:teuthology.orchestra.run.smithi052.stdout:/usr/bin/ceph: stderr
2024-06-02T22:59:46.223+0000 7fb1b67fc700 1 -- 172.21.15.52:0/2836033408 <== mon.0 v2:172.21.15.52:3300/0 2 ==== config(26 keys) ==== 1071+0+0 (secure 0 0 0) 0x7fb1bc003b80 con 0x7fb1c0108760
2024-06-02T22:59:47.154 INFO:teuthology.orchestra.run.smithi052.stdout:/usr/bin/ceph: stderr
2024-06-02T22:59:46.223+0000 7fb1c7340700 1 -- 172.21.15.52:0/2836033408 --> [v2:172.21.15.52:3300/0,v1:172.21.15.52:6789/0] -- mon_subscribe({mgrmap=0+}) -- 0x7fb1c019c390 con 0x7fb1c0108760
2024-06-02T22:59:47.154 INFO:teuthology.orchestra.run.smithi052.stdout:/usr/bin/ceph: stderr
2024-06-02T22:59:46.223+0000 7fb1b67fc700 1 -- 172.21.15.52:0/2836033408 <== mon.0 v2:172.21.15.52:3300/0 3 ==== mon_map magic: 0 ==== 205+0+0 (secure 0 0 0) 0x7fb1bc0196a0 con 0x7fb1c0108760
2024-06-02T22:59:47.154 INFO:teuthology.orchestra.run.smithi052.stdout:/usr/bin/ceph: stderr
2024-06-02T22:59:46.223+0000 7fb1c7340700 1 -- 172.21.15.52:0/2836033408 --> [v2:172.21.15.52:3300/0,v1:172.21.15.52:6789/0] -- mon_subscribe({osdmap=0}) -- 0x7fb1c019f080 con 0x7fb1c0108760
2024-06-02T22:59:47.154 INFO:teuthology.orchestra.run.smithi052.stdout:/usr/bin/ceph: stderr
2024-06-02T22:59:46.224+0000 7fb1b67fc700 1 -- 172.21.15.52:0/2836033408 <== mon.0 v2:172.21.15.52:3300/0 4 ==== mgrmap(e 8) ==== 46287+0+0 (secure 0 0 0) 0x7fb1bc019950 con 0x7fb1c0108760
2024-06-02T22:59:47.154 INFO:teuthology.orchestra.run.smithi052.stdout:/usr/bin/ceph: stderr
2024-06-02T22:59:46.224+0000 7fb1c7340700 1 -- 172.21.15.52:0/2836033408 --> [v2:172.21.15.52:3300/0,v1:172.21.15.52:6789/0] -- mon_command({"prefix": "get_command_descriptions"} v 0) -- 0x7fb1c0063af0 con 0x7fb1c0108760
2024-06-02T22:59:47.154 INFO:teuthology.orchestra.run.smithi052.stdout:/usr/bin/ceph: stderr
2024-06-02T22:59:46.224+0000 7fb1b67fc700 1 --2- 172.21.15.52:0/2836033408 >> [v2:172.21.15.52:6800/540942425,v1:172.21.15.52:6801/540942425] conn(0x7fb1ac039050 0x7fb1ac03b510 unknown :-1 s=NONE pgs=0 cs=0 l=1 rev1=0 crypto rx=0 tx=0 comp rx=0 tx=0).connect
2024-06-02T22:59:47.154 INFO:teuthology.orchestra.run.smithi052.stdout:/usr/bin/ceph: stderr
2024-06-02T22:59:46.224+0000 7fb1b67fc700 1 -- 172.21.15.52:0/2836033408 <== mon.0 v2:172.21.15.52:3300/0 5 ==== osd_map(2..2 src has 1..2) ==== 940+0+0 (secure 0 0 0) 0x7fb1bc04d620 con 0x7fb1c0108760
2024-06-02T22:59:47.154 INFO:teuthology.orchestra.run.smithi052.stdout:/usr/bin/ceph: stderr
2024-06-02T22:59:46.224+0000 7fb1c48db700 1 --2- 172.21.15.52:0/2836033408 >> [v2:172.21.15.52:6800/540942425,v1:172.21.15.52:6801/540942425] conn(0x7fb1ac039050 0x7fb1ac03b510 unknown :-1 s=BANNER_CONNECTING pgs=0 cs=0 l=1 rev1=0 crypto rx=0 tx=0 comp rx=0 tx=0)._handle_peer_banner_payload supported=3 required=0
2024-06-02T22:59:47.155 INFO:teuthology.orchestra.run.smithi052.stdout:/usr/bin/ceph: stderr
2024-06-02T22:59:46.225+0000 7fb1c48db700 1 --2- 172.21.15.52:0/2836033408 >> [v2:172.21.15.52:6800/540942425,v1:172.21.15.52:6801/540942425] conn(0x7fb1ac039050 0x7fb1ac03b510 secure :-1 s=READY pgs=8 cs=0 l=1 rev1=1 crypto rx=0x7fb1b0006fd0 tx=0x7fb1b0006e40 comp rx=0 tx=0).ready entity=mgr.14118 client_cookie=0 server_cookie=0 in_seq=0 out_seq=0
2024-06-02T22:59:47.155 INFO:teuthology.orchestra.run.smithi052.stdout:/usr/bin/ceph: stderr
2024-06-02T22:59:46.229+0000 7fb1b67fc700 1 -- 172.21.15.52:0/2836033408 <== mon.0 v2:172.21.15.52:3300/0 6 ==== mon_command_ack([{"prefix": "get_command_descriptions"}]=0 v0) ==== 72+0+186418 (secure 0 0 0) 0x7fb1bc023e20 con 0x7fb1c0108760
2024-06-02T22:59:47.155 INFO:teuthology.orchestra.run.smithi052.stdout:/usr/bin/ceph: stderr
2024-06-02T22:59:46.436+0000 7fb1c7340700 1 -- 172.21.15.52:0/2836033408 --> [v2:172.21.15.52:6800/540942425,v1:172.21.15.52:6801/540942425] -- mgr_command(tid 0: {"prefix": "cephadm set-user", "user": "root", "target": ["mon-mgr", ""]}) -- 0x7fb1c0103390 con 0x7fb1ac039050
2024-06-02T22:59:47.155 INFO:teuthology.orchestra.run.smithi052.stdout:/usr/bin/ceph: stderr
2024-06-02T22:59:46.437+0000 7fb1b67fc700 1 -- 172.21.15.52:0/2836033408 <== mgr.14118 v2:172.21.15.52:6800/540942425 1 ==== mgr_command_reply(tid 0: 0 ) ==== 8+0+16 (secure 0 0 0) 0x7fb1c0103390 con 0x7fb1ac039050
2024-06-02T22:59:47.155 INFO:teuthology.orchestra.run.smithi052.stdout:/usr/bin/ceph: stderr
2024-06-02T22:59:46.439+0000 7fb1c7340700 1 -- 172.21.15.52:0/2836033408 >> [v2:172.21.15.52:6800/540942425,v1:172.21.15.52:6801/540942425] conn(0x7fb1ac039050 msgr2=0x7fb1ac03b510 secure :-1 s=STATE_CONNECTION_ESTABLISHED l=1).mark_down
2024-06-02T22:59:47.155 INFO:teuthology.orchestra.run.smithi052.stdout:/usr/bin/ceph: stderr
2024-06-02T22:59:46.439+0000 7fb1c7340700 1 --2- 172.21.15.52:0/2836033408 >> [v2:172.21.15.52:6800/540942425,v1:172.21.15.52:6801/540942425] conn(0x7fb1ac039050 0x7fb1ac03b510 secure :-1 s=READY pgs=8 cs=0 l=1 rev1=1 crypto rx=0x7fb1b0006fd0 tx=0x7fb1b0006e40 comp rx=0 tx=0).stop
2024-06-02T22:59:47.155 INFO:teuthology.orchestra.run.smithi052.stdout:/usr/bin/ceph: stderr
2024-06-02T22:59:46.439+0000 7fb1c7340700 1 -- 172.21.15.52:0/2836033408 >> [v2:172.21.15.52:3300/0,v1:172.21.15.52:6789/0] conn(0x7fb1c0108760 msgr2=0x7fb1c019bbc0 secure :-1 s=STATE_CONNECTION_ESTABLISHED l=1).mark_down
2024-06-02T22:59:47.155 INFO:teuthology.orchestra.run.smithi052.stdout:/usr/bin/ceph: stderr
2024-06-02T22:59:46.439+0000 7fb1c7340700 1 --2- 172.21.15.52:0/2836033408 >> [v2:172.21.15.52:3300/0,v1:172.21.15.52:6789/0] conn(0x7fb1c0108760 0x7fb1c019bbc0 secure :-1 s=READY pgs=38 cs=0 l=1 rev1=1 crypto rx=0x7fb1bc006af0 tx=0x7fb1bc011c40 comp rx=0 tx=0).stop
2024-06-02T22:59:47.155 INFO:teuthology.orchestra.run.smithi052.stdout:/usr/bin/ceph: stderr
2024-06-02T22:59:46.439+0000 7fb1c7340700 1 -- 172.21.15.52:0/2836033408 shutdown_connections
2024-06-02T22:59:47.155 INFO:teuthology.orchestra.run.smithi052.stdout:/usr/bin/ceph: stderr
2024-06-02T22:59:46.439+0000 7fb1c7340700 1 --2- 172.21.15.52:0/2836033408 >> [v2:172.21.15.52:6800/540942425,v1:172.21.15.52:6801/540942425] conn(0x7fb1ac039050 0x7fb1ac03b510 unknown :-1 s=CLOSED pgs=8 cs=0 l=1 rev1=1 crypto rx=0 tx=0 comp rx=0 tx=0).stop
2024-06-02T22:59:47.155 INFO:teuthology.orchestra.run.smithi052.stdout:/usr/bin/ceph: stderr
2024-06-02T22:59:46.439+0000 7fb1c7340700 1 --2- 172.21.15.52:0/2836033408 >> [v2:172.21.15.52:3300/0,v1:172.21.15.52:6789/0] conn(0x7fb1c0108760 0x7fb1c019bbc0 unknown :-1 s=CLOSED pgs=38 cs=0 l=1 rev1=1 crypto rx=0 tx=0 comp rx=0 tx=0).stop
2024-06-02T22:59:47.155 INFO:teuthology.orchestra.run.smithi052.stdout:/usr/bin/ceph: stderr
2024-06-02T22:59:46.439+0000 7fb1c7340700 1 -- 172.21.15.52:0/2836033408 >> 172.21.15.52:0/2836033408 conn(0x7fb1c0102150 msgr2=0x7fb1c0102c80 unknown :-1 s=STATE_NONE l=0).mark_down
2024-06-02T22:59:47.155 INFO:teuthology.orchestra.run.smithi052.stdout:/usr/bin/ceph: stderr
2024-06-02T22:59:46.439+0000 7fb1c7340700 1 -- 172.21.15.52:0/2836033408 shutdown_connections
2024-06-02T22:59:47.156 INFO:teuthology.orchestra.run.smithi052.stdout:/usr/bin/ceph: stderr
2024-06-02T22:59:46.439+0000 7fb1c7340700 1 -- 172.21.15.52:0/2836033408 wait complete.
2024-06-02T22:59:47.156 INFO:teuthology.orchestra.run.smithi052.stdout:Generating ssh key...
2024-06-02T22:59:48.391 INFO:journalctl@ceph.mon.a.smithi052.stdout:Jun 02 22:59:48 smithi052 ceph-mon[32340]: from='client.14134 -' entity='client.admin' cmd=[{"prefix": "cephadm generate-key", "target": ["mon-mgr", ""]}]: dispatch
2024-06-02T22:59:48.391 INFO:journalctl@ceph.mon.a.smithi052.stdout:Jun 02 22:59:48 smithi052 ceph-mon[32340]: Generating ssh key...
2024-06-02T22:59:48.392 INFO:journalctl@ceph.mgr.x.smithi052.stdout:Jun 02 22:59:48 smithi052 ceph-9d9fe36c-2133-11ef-bc9b-c7b262605968-mgr-x[32570]: Generating public/private rsa key pair.
2024-06-02T22:59:48.392 INFO:journalctl@ceph.mgr.x.smithi052.stdout:Jun 02 22:59:48 smithi052 ceph-9d9fe36c-2133-11ef-bc9b-c7b262605968-mgr-x[32570]: Your identification has been saved in /tmp/tmp1_d8rjn5/key.
2024-06-02T22:59:48.392 INFO:journalctl@ceph.mgr.x.smithi052.stdout:Jun 02 22:59:48 smithi052 ceph-9d9fe36c-2133-11ef-bc9b-c7b262605968-mgr-x[32570]: Your public key has been saved in /tmp/tmp1_d8rjn5/key.pub.
2024-06-02T22:59:48.392 INFO:journalctl@ceph.mgr.x.smithi052.stdout:Jun 02 22:59:48 smithi052 ceph-9d9fe36c-2133-11ef-bc9b-c7b262605968-mgr-x[32570]: The key fingerprint is:
2024-06-02T22:59:48.392 INFO:journalctl@ceph.mgr.x.smithi052.stdout:Jun 02 22:59:48 smithi052 ceph-9d9fe36c-2133-11ef-bc9b-c7b262605968-mgr-x[32570]: SHA256:4dLqnKs7SMIgcie30k7v/bdRXjfScDz1feo1E68YWlk ceph-9d9fe36c-2133-11ef-bc9b-c7b262605968
2024-06-02T22:59:48.392 INFO:journalctl@ceph.mgr.x.smithi052.stdout:Jun 02 22:59:48 smithi052 ceph-9d9fe36c-2133-11ef-bc9b-c7b262605968-mgr-x[32570]: The key's randomart image is:
2024-06-02T22:59:48.392 INFO:journalctl@ceph.mgr.x.smithi052.stdout:Jun 02 22:59:48 smithi052 ceph-9d9fe36c-2133-11ef-bc9b-c7b262605968-mgr-x[32570]: +---[RSA 3072]----+
2024-06-02T22:59:48.392 INFO:journalctl@ceph.mgr.x.smithi052.stdout:Jun 02 22:59:48 smithi052 ceph-9d9fe36c-2133-11ef-bc9b-c7b262605968-mgr-x[32570]: | .|
2024-06-02T22:59:48.392 INFO:journalctl@ceph.mgr.x.smithi052.stdout:Jun 02 22:59:48 smithi052 ceph-9d9fe36c-2133-11ef-bc9b-c7b262605968-mgr-x[32570]: | . +|
2024-06-02T22:59:48.392 INFO:journalctl@ceph.mgr.x.smithi052.stdout:Jun 02 22:59:48 smithi052 ceph-9d9fe36c-2133-11ef-bc9b-c7b262605968-mgr-x[32570]: | . .E=+|
2024-06-02T22:59:48.393 INFO:journalctl@ceph.mgr.x.smithi052.stdout:Jun 02 22:59:48 smithi052 ceph-9d9fe36c-2133-11ef-bc9b-c7b262605968-mgr-x[32570]: |+ o o o . o+.=|
2024-06-02T22:59:48.393 INFO:journalctl@ceph.mgr.x.smithi052.stdout:Jun 02 22:59:48 smithi052 ceph-9d9fe36c-2133-11ef-bc9b-c7b262605968-mgr-x[32570]: |=. = .. S +.o==|
2024-06-02T22:59:48.393 INFO:journalctl@ceph.mgr.x.smithi052.stdout:Jun 02 22:59:48 smithi052 ceph-9d9fe36c-2133-11ef-bc9b-c7b262605968-mgr-x[32570]: |..o + o o *.+=|
2024-06-02T22:59:48.393 INFO:journalctl@ceph.mgr.x.smithi052.stdout:Jun 02 22:59:48 smithi052 ceph-9d9fe36c-2133-11ef-bc9b-c7b262605968-mgr-x[32570]: | o = .. . o + |
2024-06-02T22:59:48.393 INFO:journalctl@ceph.mgr.x.smithi052.stdout:Jun 02 22:59:48 smithi052 ceph-9d9fe36c-2133-11ef-bc9b-c7b262605968-mgr-x[32570]: | . oo.o .. |
2024-06-02T22:59:48.393 INFO:journalctl@ceph.mgr.x.smithi052.stdout:Jun 02 22:59:48 smithi052 ceph-9d9fe36c-2133-11ef-bc9b-c7b262605968-mgr-x[32570]: | o=*....... |
2024-06-02T22:59:48.393 INFO:journalctl@ceph.mgr.x.smithi052.stdout:Jun 02 22:59:48 smithi052 ceph-9d9fe36c-2133-11ef-bc9b-c7b262605968-mgr-x[32570]: +----[SHA256]-----+
2024-06-02T22:59:48.660 INFO:teuthology.orchestra.run.smithi052.stdout:/usr/bin/ceph: stderr
2024-06-02T22:59:47.583+0000 7fa8a6eac700 1 Processor -- start
2024-06-02T22:59:48.660 INFO:teuthology.orchestra.run.smithi052.stdout:/usr/bin/ceph: stderr
2024-06-02T22:59:47.583+0000 7fa8a6eac700 1 -- start start
2024-06-02T22:59:48.660 INFO:teuthology.orchestra.run.smithi052.stdout:/usr/bin/ceph: stderr
2024-06-02T22:59:47.583+0000 7fa8a6eac700 1 --2- >> [v2:172.21.15.52:3300/0,v1:172.21.15.52:6789/0] conn(0x7fa8a007de80 0x7fa8a007c2e0 unknown :-1 s=NONE pgs=0 cs=0 l=0 rev1=0 crypto rx=0 tx=0 comp rx=0 tx=0).connect
2024-06-02T22:59:48.660 INFO:teuthology.orchestra.run.smithi052.stdout:/usr/bin/ceph: stderr
2024-06-02T22:59:47.583+0000 7fa8a6eac700 1 -- --> [v2:172.21.15.52:3300/0,v1:172.21.15.52:6789/0] -- mon_getmap magic: 0 -- 0x7fa8a007c8b0 con 0x7fa8a007de80
2024-06-02T22:59:48.660 INFO:teuthology.orchestra.run.smithi052.stdout:/usr/bin/ceph: stderr
2024-06-02T22:59:47.583+0000 7fa8a4c48700 1 --2- >> [v2:172.21.15.52:3300/0,v1:172.21.15.52:6789/0] conn(0x7fa8a007de80 0x7fa8a007c2e0 unknown :-1 s=BANNER_CONNECTING pgs=0 cs=0 l=0 rev1=0 crypto rx=0 tx=0 comp rx=0 tx=0)._handle_peer_banner_payload supported=3 required=0
2024-06-02T22:59:48.660 INFO:teuthology.orchestra.run.smithi052.stdout:/usr/bin/ceph: stderr
2024-06-02T22:59:47.583+0000 7fa8a4c48700 1 --2- >> [v2:172.21.15.52:3300/0,v1:172.21.15.52:6789/0] conn(0x7fa8a007de80 0x7fa8a007c2e0 unknown :-1 s=HELLO_CONNECTING pgs=0 cs=0 l=0 rev1=1 crypto rx=0 tx=0 comp rx=0 tx=0).handle_hello peer v2:172.21.15.52:3300/0 says I am v2:172.21.15.52:34472/0 (socket says 172.21.15.52:34472)
2024-06-02T22:59:48.660 INFO:teuthology.orchestra.run.smithi052.stdout:/usr/bin/ceph: stderr
2024-06-02T22:59:47.583+0000 7fa8a4c48700 1 -- 172.21.15.52:0/2367841360 learned_addr learned my addr 172.21.15.52:0/2367841360 (peer_addr_for_me v2:172.21.15.52:0/0)
2024-06-02T22:59:48.661 INFO:teuthology.orchestra.run.smithi052.stdout:/usr/bin/ceph: stderr
2024-06-02T22:59:47.584+0000 7fa8a4c48700 1 -- 172.21.15.52:0/2367841360 --> [v2:172.21.15.52:3300/0,v1:172.21.15.52:6789/0] -- mon_subscribe({config=0+,monmap=0+}) -- 0x7fa8a007ca30 con 0x7fa8a007de80
2024-06-02T22:59:48.661 INFO:teuthology.orchestra.run.smithi052.stdout:/usr/bin/ceph: stderr
2024-06-02T22:59:47.584+0000 7fa8a4c48700 1 --2- 172.21.15.52:0/2367841360 >> [v2:172.21.15.52:3300/0,v1:172.21.15.52:6789/0] conn(0x7fa8a007de80 0x7fa8a007c2e0 secure :-1 s=READY pgs=39 cs=0 l=1 rev1=1 crypto rx=0x7fa8940098a0 tx=0x7fa894009bb0 comp rx=0 tx=0).ready entity=mon.0 client_cookie=86bd54c6551e28fc server_cookie=0 in_seq=0 out_seq=0
2024-06-02T22:59:48.661 INFO:teuthology.orchestra.run.smithi052.stdout:/usr/bin/ceph: stderr
2024-06-02T22:59:47.584+0000 7fa89f7fe700 1 -- 172.21.15.52:0/2367841360 <== mon.0 v2:172.21.15.52:3300/0 1 ==== mon_map magic: 0 ==== 205+0+0 (secure 0 0 0) 0x7fa894004160 con 0x7fa8a007de80
2024-06-02T22:59:48.661 INFO:teuthology.orchestra.run.smithi052.stdout:/usr/bin/ceph: stderr
2024-06-02T22:59:47.584+0000 7fa89f7fe700 1 -- 172.21.15.52:0/2367841360 <== mon.0 v2:172.21.15.52:3300/0 2 ==== config(26 keys) ==== 1071+0+0 (secure 0 0 0) 0x7fa894004300 con 0x7fa8a007de80
2024-06-02T22:59:48.661 INFO:teuthology.orchestra.run.smithi052.stdout:/usr/bin/ceph: stderr
2024-06-02T22:59:47.584+0000 7fa89f7fe700 1 -- 172.21.15.52:0/2367841360 <== mon.0 v2:172.21.15.52:3300/0 3 ==== mon_map magic: 0 ==== 205+0+0 (secure 0 0 0) 0x7fa894011a80 con 0x7fa8a007de80
2024-06-02T22:59:48.661 INFO:teuthology.orchestra.run.smithi052.stdout:/usr/bin/ceph: stderr
2024-06-02T22:59:47.585+0000 7fa8a6eac700 1 -- 172.21.15.52:0/2367841360 >> [v2:172.21.15.52:3300/0,v1:172.21.15.52:6789/0] conn(0x7fa8a007de80 msgr2=0x7fa8a007c2e0 secure :-1 s=STATE_CONNECTION_ESTABLISHED l=1).mark_down
2024-06-02T22:59:48.661 INFO:teuthology.orchestra.run.smithi052.stdout:/usr/bin/ceph: stderr
2024-06-02T22:59:47.585+0000 7fa8a6eac700 1 --2- 172.21.15.52:0/2367841360 >> [v2:172.21.15.52:3300/0,v1:172.21.15.52:6789/0] conn(0x7fa8a007de80 0x7fa8a007c2e0 secure :-1 s=READY pgs=39 cs=0 l=1 rev1=1 crypto rx=0x7fa8940098a0 tx=0x7fa894009bb0 comp rx=0 tx=0).stop
2024-06-02T22:59:48.661 INFO:teuthology.orchestra.run.smithi052.stdout:/usr/bin/ceph: stderr
2024-06-02T22:59:47.585+0000 7fa8a6eac700 1 -- 172.21.15.52:0/2367841360 shutdown_connections
2024-06-02T22:59:48.661 INFO:teuthology.orchestra.run.smithi052.stdout:/usr/bin/ceph: stderr
2024-06-02T22:59:47.585+0000 7fa8a6eac700 1 --2- 172.21.15.52:0/2367841360 >> [v2:172.21.15.52:3300/0,v1:172.21.15.52:6789/0] conn(0x7fa8a007de80 0x7fa8a007c2e0 unknown :-1 s=CLOSED pgs=39 cs=0 l=1 rev1=1 crypto rx=0 tx=0 comp rx=0 tx=0).stop
2024-06-02T22:59:48.661 INFO:teuthology.orchestra.run.smithi052.stdout:/usr/bin/ceph: stderr
2024-06-02T22:59:47.585+0000 7fa8a6eac700 1 -- 172.21.15.52:0/2367841360 >> 172.21.15.52:0/2367841360 conn(0x7fa8a0103290 msgr2=0x7fa8a01056b0 unknown :-1 s=STATE_NONE l=0).mark_down
2024-06-02T22:59:48.662 INFO:teuthology.orchestra.run.smithi052.stdout:/usr/bin/ceph: stderr
2024-06-02T22:59:47.585+0000 7fa8a6eac700 1 -- 172.21.15.52:0/2367841360 shutdown_connections
2024-06-02T22:59:48.662 INFO:teuthology.orchestra.run.smithi052.stdout:/usr/bin/ceph: stderr
2024-06-02T22:59:47.585+0000 7fa8a6eac700 1 -- 172.21.15.52:0/2367841360 wait complete.
2024-06-02T22:59:48.662 INFO:teuthology.orchestra.run.smithi052.stdout:/usr/bin/ceph: stderr
2024-06-02T22:59:47.585+0000 7fa8a6eac700 1 Processor -- start
2024-06-02T22:59:48.662 INFO:teuthology.orchestra.run.smithi052.stdout:/usr/bin/ceph: stderr
2024-06-02T22:59:47.585+0000 7fa8a6eac700 1 -- start start
2024-06-02T22:59:48.662 INFO:teuthology.orchestra.run.smithi052.stdout:/usr/bin/ceph: stderr
2024-06-02T22:59:47.586+0000 7fa8a6eac700 1 --2- >> [v2:172.21.15.52:3300/0,v1:172.21.15.52:6789/0] conn(0x7fa8a007de80 0x7fa8a019ddf0 unknown :-1 s=NONE pgs=0 cs=0 l=1 rev1=0 crypto rx=0 tx=0 comp rx=0 tx=0).connect
2024-06-02T22:59:48.662 INFO:teuthology.orchestra.run.smithi052.stdout:/usr/bin/ceph: stderr
2024-06-02T22:59:47.586+0000 7fa8a6eac700 1 -- --> [v2:172.21.15.52:3300/0,v1:172.21.15.52:6789/0] -- mon_getmap magic: 0 -- 0x7fa8a010e260 con 0x7fa8a007de80
2024-06-02T22:59:48.662 INFO:teuthology.orchestra.run.smithi052.stdout:/usr/bin/ceph: stderr
2024-06-02T22:59:47.586+0000 7fa8a4c48700 1 --2- >> [v2:172.21.15.52:3300/0,v1:172.21.15.52:6789/0] conn(0x7fa8a007de80 0x7fa8a019ddf0 unknown :-1 s=BANNER_CONNECTING pgs=0 cs=0 l=1 rev1=0 crypto rx=0 tx=0 comp rx=0 tx=0)._handle_peer_banner_payload supported=3 required=0
2024-06-02T22:59:48.662 INFO:teuthology.orchestra.run.smithi052.stdout:/usr/bin/ceph: stderr
2024-06-02T22:59:47.586+0000 7fa8a4c48700 1 --2- >> [v2:172.21.15.52:3300/0,v1:172.21.15.52:6789/0] conn(0x7fa8a007de80 0x7fa8a019ddf0 unknown :-1 s=HELLO_CONNECTING pgs=0 cs=0 l=1 rev1=1 crypto rx=0 tx=0 comp rx=0 tx=0).handle_hello peer v2:172.21.15.52:3300/0 says I am v2:172.21.15.52:34486/0 (socket says 172.21.15.52:34486)
2024-06-02T22:59:48.662 INFO:teuthology.orchestra.run.smithi052.stdout:/usr/bin/ceph: stderr
2024-06-02T22:59:47.586+0000 7fa8a4c48700 1 -- 172.21.15.52:0/372529241 learned_addr learned my addr 172.21.15.52:0/372529241 (peer_addr_for_me v2:172.21.15.52:0/0)
2024-06-02T22:59:48.663 INFO:teuthology.orchestra.run.smithi052.stdout:/usr/bin/ceph: stderr
2024-06-02T22:59:47.586+0000 7fa8a4c48700 1 -- 172.21.15.52:0/372529241 --> [v2:172.21.15.52:3300/0,v1:172.21.15.52:6789/0] -- mon_subscribe({config=0+,monmap=0+}) -- 0x7fa8a019e330 con 0x7fa8a007de80
2024-06-02T22:59:48.663 INFO:teuthology.orchestra.run.smithi052.stdout:/usr/bin/ceph: stderr
2024-06-02T22:59:47.586+0000 7fa8a4c48700 1 --2- 172.21.15.52:0/372529241 >> [v2:172.21.15.52:3300/0,v1:172.21.15.52:6789/0] conn(0x7fa8a007de80 0x7fa8a019ddf0 secure :-1 s=READY pgs=40 cs=0 l=1 rev1=1 crypto rx=0x7fa894006af0 tx=0x7fa894011b70 comp rx=0 tx=0).ready entity=mon.0 client_cookie=0 server_cookie=0 in_seq=0 out_seq=0
2024-06-02T22:59:48.663 INFO:teuthology.orchestra.run.smithi052.stdout:/usr/bin/ceph: stderr
2024-06-02T22:59:47.586+0000 7fa89dffb700 1 -- 172.21.15.52:0/372529241 <== mon.0 v2:172.21.15.52:3300/0 1 ==== mon_map magic: 0 ==== 205+0+0 (secure 0 0 0) 0x7fa894003930 con 0x7fa8a007de80
2024-06-02T22:59:48.663 INFO:teuthology.orchestra.run.smithi052.stdout:/usr/bin/ceph: stderr
2024-06-02T22:59:47.586+0000 7fa89dffb700 1 -- 172.21.15.52:0/372529241 <== mon.0 v2:172.21.15.52:3300/0 2 ==== config(26 keys) ==== 1071+0+0 (secure 0 0 0) 0x7fa894003ad0 con 0x7fa8a007de80
2024-06-02T22:59:48.663 INFO:teuthology.orchestra.run.smithi052.stdout:/usr/bin/ceph: stderr
2024-06-02T22:59:47.586+0000 7fa8a6eac700 1 -- 172.21.15.52:0/372529241 --> [v2:172.21.15.52:3300/0,v1:172.21.15.52:6789/0] -- mon_subscribe({mgrmap=0+}) -- 0x7fa8a019e5c0 con 0x7fa8a007de80
2024-06-02T22:59:48.663 INFO:teuthology.orchestra.run.smithi052.stdout:/usr/bin/ceph: stderr
2024-06-02T22:59:47.586+0000 7fa89dffb700 1 -- 172.21.15.52:0/372529241 <== mon.0 v2:172.21.15.52:3300/0 3 ==== mon_map magic: 0 ==== 205+0+0 (secure 0 0 0) 0x7fa8940195e0 con 0x7fa8a007de80
2024-06-02T22:59:48.663 INFO:teuthology.orchestra.run.smithi052.stdout:/usr/bin/ceph: stderr
2024-06-02T22:59:47.587+0000 7fa8a6eac700 1 -- 172.21.15.52:0/372529241 --> [v2:172.21.15.52:3300/0,v1:172.21.15.52:6789/0] -- mon_subscribe({osdmap=0}) -- 0x7fa8a01a12b0 con 0x7fa8a007de80
2024-06-02T22:59:48.663 INFO:teuthology.orchestra.run.smithi052.stdout:/usr/bin/ceph: stderr
2024-06-02T22:59:47.587+0000 7fa89dffb700 1 -- 172.21.15.52:0/372529241 <== mon.0 v2:172.21.15.52:3300/0 4 ==== mgrmap(e 8) ==== 46287+0+0 (secure 0 0 0) 0x7fa8940198e0 con 0x7fa8a007de80
2024-06-02T22:59:48.663 INFO:teuthology.orchestra.run.smithi052.stdout:/usr/bin/ceph: stderr
2024-06-02T22:59:47.587+0000 7fa8a6eac700 1 -- 172.21.15.52:0/372529241 --> [v2:172.21.15.52:3300/0,v1:172.21.15.52:6789/0] -- mon_command({"prefix": "get_command_descriptions"} v 0) -- 0x7fa8a0063af0 con 0x7fa8a007de80
2024-06-02T22:59:48.663 INFO:teuthology.orchestra.run.smithi052.stdout:/usr/bin/ceph: stderr
2024-06-02T22:59:47.588+0000 7fa89dffb700 1 --2- 172.21.15.52:0/372529241 >> [v2:172.21.15.52:6800/540942425,v1:172.21.15.52:6801/540942425] conn(0x7fa890039000 0x7fa89003b4c0 unknown :-1 s=NONE pgs=0 cs=0 l=1 rev1=0 crypto rx=0 tx=0 comp rx=0 tx=0).connect
2024-06-02T22:59:48.663 INFO:teuthology.orchestra.run.smithi052.stdout:/usr/bin/ceph: stderr
2024-06-02T22:59:47.588+0000 7fa89dffb700 1 -- 172.21.15.52:0/372529241 <== mon.0 v2:172.21.15.52:3300/0 5 ==== osd_map(2..2 src has 1..2) ==== 940+0+0 (secure 0 0 0) 0x7fa89404d710 con 0x7fa8a007de80
2024-06-02T22:59:48.664 INFO:teuthology.orchestra.run.smithi052.stdout:/usr/bin/ceph: stderr
2024-06-02T22:59:47.588+0000 7fa89ffff700 1 --2- 172.21.15.52:0/372529241 >> [v2:172.21.15.52:6800/540942425,v1:172.21.15.52:6801/540942425] conn(0x7fa890039000 0x7fa89003b4c0 unknown :-1 s=BANNER_CONNECTING pgs=0 cs=0 l=1 rev1=0 crypto rx=0 tx=0 comp rx=0 tx=0)._handle_peer_banner_payload supported=3 required=0
2024-06-02T22:59:48.664 INFO:teuthology.orchestra.run.smithi052.stdout:/usr/bin/ceph: stderr
2024-06-02T22:59:47.588+0000 7fa89ffff700 1 --2- 172.21.15.52:0/372529241 >> [v2:172.21.15.52:6800/540942425,v1:172.21.15.52:6801/540942425] conn(0x7fa890039000 0x7fa89003b4c0 secure :-1 s=READY pgs=9 cs=0 l=1 rev1=1 crypto rx=0x7fa88c006fd0 tx=0x7fa88c006e40 comp rx=0 tx=0).ready entity=mgr.14118 client_cookie=0 server_cookie=0 in_seq=0 out_seq=0
2024-06-02T22:59:48.664 INFO:teuthology.orchestra.run.smithi052.stdout:/usr/bin/ceph: stderr
2024-06-02T22:59:47.593+0000 7fa89dffb700 1 -- 172.21.15.52:0/372529241 <== mon.0 v2:172.21.15.52:3300/0 6 ==== mon_command_ack([{"prefix": "get_command_descriptions"}]=0 v0) ==== 72+0+186418 (secure 0 0 0) 0x7fa894019cd0 con 0x7fa8a007de80
2024-06-02T22:59:48.664 INFO:teuthology.orchestra.run.smithi052.stdout:/usr/bin/ceph: stderr
2024-06-02T22:59:47.799+0000 7fa8a6eac700 1 -- 172.21.15.52:0/372529241 --> [v2:172.21.15.52:6800/540942425,v1:172.21.15.52:6801/540942425] -- mgr_command(tid 0: {"prefix": "cephadm generate-key", "target": ["mon-mgr", ""]}) -- 0x7fa8a0104560 con 0x7fa890039000
2024-06-02T22:59:48.664 INFO:teuthology.orchestra.run.smithi052.stdout:/usr/bin/ceph: stderr
2024-06-02T22:59:48.142+0000 7fa89dffb700 1 -- 172.21.15.52:0/372529241 <== mgr.14118 v2:172.21.15.52:6800/540942425 1 ==== mgr_command_reply(tid 0: 0 ) ==== 8+0+0 (secure 0 0 0) 0x7fa8a0104560 con 0x7fa890039000
2024-06-02T22:59:48.664 INFO:teuthology.orchestra.run.smithi052.stdout:/usr/bin/ceph: stderr
2024-06-02T22:59:48.145+0000 7fa8a6eac700 1 -- 172.21.15.52:0/372529241 >> [v2:172.21.15.52:6800/540942425,v1:172.21.15.52:6801/540942425] conn(0x7fa890039000 msgr2=0x7fa89003b4c0 secure :-1 s=STATE_CONNECTION_ESTABLISHED l=1).mark_down
2024-06-02T22:59:48.664 INFO:teuthology.orchestra.run.smithi052.stdout:/usr/bin/ceph: stderr
2024-06-02T22:59:48.145+0000 7fa8a6eac700 1 --2- 172.21.15.52:0/372529241 >> [v2:172.21.15.52:6800/540942425,v1:172.21.15.52:6801/540942425] conn(0x7fa890039000 0x7fa89003b4c0 secure :-1 s=READY pgs=9 cs=0 l=1 rev1=1 crypto rx=0x7fa88c006fd0 tx=0x7fa88c006e40 comp rx=0 tx=0).stop
2024-06-02T22:59:48.664 INFO:teuthology.orchestra.run.smithi052.stdout:/usr/bin/ceph: stderr
2024-06-02T22:59:48.145+0000 7fa8a6eac700 1 -- 172.21.15.52:0/372529241 >> [v2:172.21.15.52:3300/0,v1:172.21.15.52:6789/0] conn(0x7fa8a007de80 msgr2=0x7fa8a019ddf0 secure :-1 s=STATE_CONNECTION_ESTABLISHED l=1).mark_down
2024-06-02T22:59:48.664 INFO:teuthology.orchestra.run.smithi052.stdout:/usr/bin/ceph: stderr
2024-06-02T22:59:48.145+0000 7fa8a6eac700 1 --2- 172.21.15.52:0/372529241 >> [v2:172.21.15.52:3300/0,v1:172.21.15.52:6789/0] conn(0x7fa8a007de80 0x7fa8a019ddf0 secure :-1 s=READY pgs=40 cs=0 l=1 rev1=1 crypto rx=0x7fa894006af0 tx=0x7fa894011b70 comp rx=0 tx=0).stop
2024-06-02T22:59:48.664 INFO:teuthology.orchestra.run.smithi052.stdout:/usr/bin/ceph: stderr
2024-06-02T22:59:48.145+0000 7fa8a6eac700 1 -- 172.21.15.52:0/372529241 shutdown_connections
2024-06-02T22:59:48.664 INFO:teuthology.orchestra.run.smithi052.stdout:/usr/bin/ceph: stderr
2024-06-02T22:59:48.145+0000 7fa8a6eac700 1 --2- 172.21.15.52:0/372529241 >> [v2:172.21.15.52:6800/540942425,v1:172.21.15.52:6801/540942425] conn(0x7fa890039000 0x7fa89003b4c0 unknown :-1 s=CLOSED pgs=9 cs=0 l=1 rev1=1 crypto rx=0 tx=0 comp rx=0 tx=0).stop
2024-06-02T22:59:48.665 INFO:teuthology.orchestra.run.smithi052.stdout:/usr/bin/ceph: stderr
2024-06-02T22:59:48.145+0000 7fa8a6eac700 1 --2- 172.21.15.52:0/372529241 >> [v2:172.21.15.52:3300/0,v1:172.21.15.52:6789/0] conn(0x7fa8a007de80 0x7fa8a019ddf0 unknown :-1 s=CLOSED pgs=40 cs=0 l=1 rev1=1 crypto rx=0 tx=0 comp rx=0 tx=0).stop
2024-06-02T22:59:48.665 INFO:teuthology.orchestra.run.smithi052.stdout:/usr/bin/ceph: stderr
2024-06-02T22:59:48.145+0000 7fa8a6eac700 1 -- 172.21.15.52:0/372529241 >> 172.21.15.52:0/372529241 conn(0x7fa8a0103290 msgr2=0x7fa8a0103e50 unknown :-1 s=STATE_NONE l=0).mark_down
2024-06-02T22:59:48.665 INFO:teuthology.orchestra.run.smithi052.stdout:/usr/bin/ceph: stderr
2024-06-02T22:59:48.145+0000 7fa8a6eac700 1 -- 172.21.15.52:0/372529241 shutdown_connections
2024-06-02T22:59:48.665 INFO:teuthology.orchestra.run.smithi052.stdout:/usr/bin/ceph: stderr
2024-06-02T22:59:48.145+0000 7fa8a6eac700 1 -- 172.21.15.52:0/372529241 wait complete.
2024-06-02T22:59:49.289 INFO:journalctl@ceph.mon.a.smithi052.stdout:Jun 02 22:59:49 smithi052 ceph-mon[32340]: from='mgr.14118 172.21.15.52:0/2188194298' entity='mgr.x'
2024-06-02T22:59:49.289 INFO:journalctl@ceph.mon.a.smithi052.stdout:Jun 02 22:59:49 smithi052 ceph-mon[32340]: from='mgr.14118 172.21.15.52:0/2188194298' entity='mgr.x'
