2024-06-02T23:07:31.495+0000 7fbca2ffd700 1 --2- 172.21.15.73:0/1633818926 >> [v2:172.21.15.73:3300/0,v1:172.21.15.73:6789/0] conn(0x7fbca4101750 0x7fbca4101b60 secure :-1 s=READY pgs=43 cs=0 l=1 rev1=1 crypto rx=0x7fbc940098e0 tx=0x7fbc94009250 comp rx=0 tx=0).ready entity=mon.0 client_cookie=7abba69980807b02 server_cookie=0 in_seq=0 out_seq=0
2024-06-02T23:07:34.083 INFO:teuthology.orchestra.run.smithi073.stdout:/usr/bin/ceph: stderr
2024-06-02T23:07:31.495+0000 7fbca27fc700 1 -- 172.21.15.73:0/1633818926 <== mon.0 v2:172.21.15.73:3300/0 1 ==== mon_map magic: 0 v1 ==== 229+0+0 (secure 0 0 0) 0x7fbc9400b860 con 0x7fbca4101750
2024-06-02T23:07:34.083 INFO:teuthology.orchestra.run.smithi073.stdout:/usr/bin/ceph: stderr
2024-06-02T23:07:31.495+0000 7fbca27fc700 1 -- 172.21.15.73:0/1633818926 <== mon.0 v2:172.21.15.73:3300/0 2 ==== config(27 keys) v1 ==== 1044+0+0 (secure 0 0 0) 0x7fbc9400be50 con 0x7fbca4101750
2024-06-02T23:07:34.083 INFO:teuthology.orchestra.run.smithi073.stdout:/usr/bin/ceph: stderr
2024-06-02T23:07:31.495+0000 7fbca27fc700 1 -- 172.21.15.73:0/1633818926 <== mon.0 v2:172.21.15.73:3300/0 3 ==== mon_map magic: 0 v1 ==== 229+0+0 (secure 0 0 0) 0x7fbc94010380 con 0x7fbca4101750
2024-06-02T23:07:34.083 INFO:teuthology.orchestra.run.smithi073.stdout:/usr/bin/ceph: stderr
2024-06-02T23:07:31.495+0000 7fbca99ca700 1 -- 172.21.15.73:0/1633818926 >> [v2:172.21.15.73:3300/0,v1:172.21.15.73:6789/0] conn(0x7fbca4101750 msgr2=0x7fbca4101b60 secure :-1 s=STATE_CONNECTION_ESTABLISHED l=1).mark_down
2024-06-02T23:07:34.083 INFO:teuthology.orchestra.run.smithi073.stdout:/usr/bin/ceph: stderr
2024-06-02T23:07:31.495+0000 7fbca99ca700 1 --2- 172.21.15.73:0/1633818926 >> [v2:172.21.15.73:3300/0,v1:172.21.15.73:6789/0] conn(0x7fbca4101750 0x7fbca4101b60 secure :-1 s=READY pgs=43 cs=0 l=1 rev1=1 crypto rx=0x7fbc940098e0 tx=0x7fbc94009250 comp rx=0 tx=0).stop
2024-06-02T23:07:34.083 INFO:teuthology.orchestra.run.smithi073.stdout:/usr/bin/ceph: stderr
2024-06-02T23:07:31.496+0000 7fbca99ca700 1 -- 172.21.15.73:0/1633818926 shutdown_connections
2024-06-02T23:07:34.083 INFO:teuthology.orchestra.run.smithi073.stdout:/usr/bin/ceph: stderr
2024-06-02T23:07:31.496+0000 7fbca99ca700 1 --2- 172.21.15.73:0/1633818926 >> [v2:172.21.15.73:3300/0,v1:172.21.15.73:6789/0] conn(0x7fbca4101750 0x7fbca4101b60 unknown :-1 s=CLOSED pgs=43 cs=0 l=1 rev1=1 crypto rx=0 tx=0 comp rx=0 tx=0).stop
2024-06-02T23:07:34.083 INFO:teuthology.orchestra.run.smithi073.stdout:/usr/bin/ceph: stderr
2024-06-02T23:07:31.496+0000 7fbca99ca700 1 -- 172.21.15.73:0/1633818926 >> 172.21.15.73:0/1633818926 conn(0x7fbca40fcef0 msgr2=0x7fbca40ff300 unknown :-1 s=STATE_NONE l=0).mark_down
2024-06-02T23:07:34.083 INFO:teuthology.orchestra.run.smithi073.stdout:/usr/bin/ceph: stderr
2024-06-02T23:07:31.496+0000 7fbca99ca700 1 -- 172.21.15.73:0/1633818926 shutdown_connections
2024-06-02T23:07:34.083 INFO:teuthology.orchestra.run.smithi073.stdout:/usr/bin/ceph: stderr
2024-06-02T23:07:31.496+0000 7fbca99ca700 1 -- 172.21.15.73:0/1633818926 wait complete.
2024-06-02T23:07:34.083 INFO:teuthology.orchestra.run.smithi073.stdout:/usr/bin/ceph: stderr
2024-06-02T23:07:31.496+0000 7fbca99ca700 1 Processor -- start
2024-06-02T23:07:34.083 INFO:teuthology.orchestra.run.smithi073.stdout:/usr/bin/ceph: stderr
2024-06-02T23:07:31.496+0000 7fbca99ca700 1 -- start start
2024-06-02T23:07:34.083 INFO:teuthology.orchestra.run.smithi073.stdout:/usr/bin/ceph: stderr
2024-06-02T23:07:31.496+0000 7fbca99ca700 1 --2- >> [v2:172.21.15.73:3300/0,v1:172.21.15.73:6789/0] conn(0x7fbca4101750 0x7fbca4076b60 unknown :-1 s=NONE pgs=0 cs=0 l=1 rev1=0 crypto rx=0 tx=0 comp rx=0 tx=0).connect
2024-06-02T23:07:34.084 INFO:teuthology.orchestra.run.smithi073.stdout:/usr/bin/ceph: stderr
2024-06-02T23:07:31.496+0000 7fbca99ca700 1 -- --> [v2:172.21.15.73:3300/0,v1:172.21.15.73:6789/0] -- mon_getmap magic: 0 v1 -- 0x7fbca4114240 con 0x7fbca4101750
2024-06-02T23:07:34.084 INFO:teuthology.orchestra.run.smithi073.stdout:/usr/bin/ceph: stderr
2024-06-02T23:07:31.497+0000 7fbca2ffd700 1 --2- >> [v2:172.21.15.73:3300/0,v1:172.21.15.73:6789/0] conn(0x7fbca4101750 0x7fbca4076b60 unknown :-1 s=BANNER_CONNECTING pgs=0 cs=0 l=1 rev1=0 crypto rx=0 tx=0 comp rx=0 tx=0)._handle_peer_banner_payload supported=3 required=0
2024-06-02T23:07:34.084 INFO:teuthology.orchestra.run.smithi073.stdout:/usr/bin/ceph: stderr
2024-06-02T23:07:31.497+0000 7fbca2ffd700 1 --2- >> [v2:172.21.15.73:3300/0,v1:172.21.15.73:6789/0] conn(0x7fbca4101750 0x7fbca4076b60 unknown :-1 s=HELLO_CONNECTING pgs=0 cs=0 l=1 rev1=1 crypto rx=0 tx=0 comp rx=0 tx=0).handle_hello peer v2:172.21.15.73:3300/0 says I am v2:172.21.15.73:39932/0 (socket says 172.21.15.73:39932)
2024-06-02T23:07:34.084 INFO:teuthology.orchestra.run.smithi073.stdout:/usr/bin/ceph: stderr
2024-06-02T23:07:31.497+0000 7fbca2ffd700 1 -- 172.21.15.73:0/1667086668 learned_addr learned my addr 172.21.15.73:0/1667086668 (peer_addr_for_me v2:172.21.15.73:0/0)
2024-06-02T23:07:34.084 INFO:teuthology.orchestra.run.smithi073.stdout:/usr/bin/ceph: stderr
2024-06-02T23:07:31.497+0000 7fbca2ffd700 1 -- 172.21.15.73:0/1667086668 --> [v2:172.21.15.73:3300/0,v1:172.21.15.73:6789/0] -- mon_subscribe({config=0+,monmap=0+}) v3 -- 0x7fbc940094f0 con 0x7fbca4101750
2024-06-02T23:07:34.084 INFO:teuthology.orchestra.run.smithi073.stdout:/usr/bin/ceph: stderr
2024-06-02T23:07:31.497+0000 7fbca2ffd700 1 --2- 172.21.15.73:0/1667086668 >> [v2:172.21.15.73:3300/0,v1:172.21.15.73:6789/0] conn(0x7fbca4101750 0x7fbca4076b60 secure :-1 s=READY pgs=44 cs=0 l=1 rev1=1 crypto rx=0x7fbc9400b440 tx=0x7fbc94009250 comp rx=0 tx=0).ready entity=mon.0 client_cookie=0 server_cookie=0 in_seq=0 out_seq=0
2024-06-02T23:07:34.084 INFO:teuthology.orchestra.run.smithi073.stdout:/usr/bin/ceph: stderr
2024-06-02T23:07:31.497+0000 7fbc9bfff700 1 -- 172.21.15.73:0/1667086668 <== mon.0 v2:172.21.15.73:3300/0 1 ==== mon_map magic: 0 v1 ==== 229+0+0 (secure 0 0 0) 0x7fbc94010760 con 0x7fbca4101750
2024-06-02T23:07:34.084 INFO:teuthology.orchestra.run.smithi073.stdout:/usr/bin/ceph: stderr
2024-06-02T23:07:31.497+0000 7fbc9bfff700 1 -- 172.21.15.73:0/1667086668 <== mon.0 v2:172.21.15.73:3300/0 2 ==== config(27 keys) v1 ==== 1044+0+0 (secure 0 0 0) 0x7fbc94010d50 con 0x7fbca4101750
2024-06-02T23:07:34.084 INFO:teuthology.orchestra.run.smithi073.stdout:/usr/bin/ceph: stderr
2024-06-02T23:07:31.497+0000 7fbc9bfff700 1 -- 172.21.15.73:0/1667086668 <== mon.0 v2:172.21.15.73:3300/0 3 ==== mon_map magic: 0 v1 ==== 229+0+0 (secure 0 0 0) 0x7fbc9401ae20 con 0x7fbca4101750
2024-06-02T23:07:34.084 INFO:teuthology.orchestra.run.smithi073.stdout:/usr/bin/ceph: stderr
2024-06-02T23:07:31.497+0000 7fbca99ca700 1 -- 172.21.15.73:0/1667086668 --> [v2:172.21.15.73:3300/0,v1:172.21.15.73:6789/0] -- mon_subscribe({mgrmap=0+}) v3 -- 0x7fbca4114380 con 0x7fbca4101750
2024-06-02T23:07:34.084 INFO:teuthology.orchestra.run.smithi073.stdout:/usr/bin/ceph: stderr
2024-06-02T23:07:31.497+0000 7fbca99ca700 1 -- 172.21.15.73:0/1667086668 --> [v2:172.21.15.73:3300/0,v1:172.21.15.73:6789/0] -- mon_subscribe({osdmap=0}) v3 -- 0x7fbca4114870 con 0x7fbca4101750
2024-06-02T23:07:34.084 INFO:teuthology.orchestra.run.smithi073.stdout:/usr/bin/ceph: stderr
2024-06-02T23:07:31.498+0000 7fbc9bfff700 1 -- 172.21.15.73:0/1667086668 <== mon.0 v2:172.21.15.73:3300/0 4 ==== mgrmap(e 8) v1 ==== 43376+0+0 (secure 0 0 0) 0x7fbc9402e440 con 0x7fbca4101750
2024-06-02T23:07:34.084 INFO:teuthology.orchestra.run.smithi073.stdout:/usr/bin/ceph: stderr
2024-06-02T23:07:31.498+0000 7fbca99ca700 1 -- 172.21.15.73:0/1667086668 --> [v2:172.21.15.73:3300/0,v1:172.21.15.73:6789/0] -- mon_command({"prefix": "get_command_descriptions"} v 0) v1 -- 0x7fbca404bed0 con 0x7fbca4101750
2024-06-02T23:07:34.084 INFO:teuthology.orchestra.run.smithi073.stdout:/usr/bin/ceph: stderr
2024-06-02T23:07:31.498+0000 7fbc9bfff700 1 --2- 172.21.15.73:0/1667086668 >> [v2:172.21.15.73:6800/2209693107,v1:172.21.15.73:6801/2209693107] conn(0x7fbc90036830 0x7fbc90038ce0 unknown :-1 s=NONE pgs=0 cs=0 l=1 rev1=0 crypto rx=0 tx=0 comp rx=0 tx=0).connect
2024-06-02T23:07:34.085 INFO:teuthology.orchestra.run.smithi073.stdout:/usr/bin/ceph: stderr
2024-06-02T23:07:31.498+0000 7fbc9bfff700 1 -- 172.21.15.73:0/1667086668 <== mon.0 v2:172.21.15.73:3300/0 5 ==== osd_map(2..2 src has 1..2) v4 ==== 936+0+0 (secure 0 0 0) 0x7fbc9404a5c0 con 0x7fbca4101750
2024-06-02T23:07:34.085 INFO:teuthology.orchestra.run.smithi073.stdout:/usr/bin/ceph: stderr
2024-06-02T23:07:31.498+0000 7fbc9a7fc700 1 --2- 172.21.15.73:0/1667086668 >> [v2:172.21.15.73:6800/2209693107,v1:172.21.15.73:6801/2209693107] conn(0x7fbc90036830 0x7fbc90038ce0 unknown :-1 s=BANNER_CONNECTING pgs=0 cs=0 l=1 rev1=0 crypto rx=0 tx=0 comp rx=0 tx=0)._handle_peer_banner_payload supported=3 required=0
2024-06-02T23:07:34.085 INFO:teuthology.orchestra.run.smithi073.stdout:/usr/bin/ceph: stderr
2024-06-02T23:07:31.498+0000 7fbc9a7fc700 1 --2- 172.21.15.73:0/1667086668 >> [v2:172.21.15.73:6800/2209693107,v1:172.21.15.73:6801/2209693107] conn(0x7fbc90036830 0x7fbc90038ce0 secure :-1 s=READY pgs=11 cs=0 l=1 rev1=1 crypto rx=0x7fbc8c009990 tx=0x7fbc8c006e40 comp rx=0 tx=0).ready entity=mgr.14118 client_cookie=0 server_cookie=0 in_seq=0 out_seq=0
2024-06-02T23:07:34.085 INFO:teuthology.orchestra.run.smithi073.stdout:/usr/bin/ceph: stderr
2024-06-02T23:07:31.503+0000 7fbc9bfff700 1 -- 172.21.15.73:0/1667086668 <== mon.0 v2:172.21.15.73:3300/0 6 ==== mon_command_ack([{"prefix": "get_command_descriptions"}]=0 v0) v1 ==== 72+0+176702 (secure 0 0 0) 0x7fbc94018940 con 0x7fbca4101750
2024-06-02T23:07:34.085 INFO:teuthology.orchestra.run.smithi073.stdout:/usr/bin/ceph: stderr
2024-06-02T23:07:31.692+0000 7fbca99ca700 1 -- 172.21.15.73:0/1667086668 --> [v2:172.21.15.73:6800/2209693107,v1:172.21.15.73:6801/2209693107] -- mgr_command(tid 0: {"prefix": "orch host add", "hostname": "smithi073", "addr": "172.21.15.73", "target": ["mon-mgr", ""]}) v1 -- 0x7fbca4114ab0 con 0x7fbc90036830
2024-06-02T23:07:34.085 INFO:teuthology.orchestra.run.smithi073.stdout:/usr/bin/ceph: stderr
2024-06-02T23:07:33.519+0000 7fbc9bfff700 1 -- 172.21.15.73:0/1667086668 <== mgr.14118 v2:172.21.15.73:6800/2209693107 1 ==== mgr_command_reply(tid 0: 0 ) v1 ==== 8+0+48 (secure 0 0 0) 0x7fbca4114ab0 con 0x7fbc90036830
2024-06-02T23:07:34.085 INFO:teuthology.orchestra.run.smithi073.stdout:/usr/bin/ceph: stderr
2024-06-02T23:07:33.521+0000 7fbca99ca700 1 -- 172.21.15.73:0/1667086668 >> [v2:172.21.15.73:6800/2209693107,v1:172.21.15.73:6801/2209693107] conn(0x7fbc90036830 msgr2=0x7fbc90038ce0 secure :-1 s=STATE_CONNECTION_ESTABLISHED l=1).mark_down
2024-06-02T23:07:34.085 INFO:teuthology.orchestra.run.smithi073.stdout:/usr/bin/ceph: stderr
2024-06-02T23:07:33.521+0000 7fbca99ca700 1 --2- 172.21.15.73:0/1667086668 >> [v2:172.21.15.73:6800/2209693107,v1:172.21.15.73:6801/2209693107] conn(0x7fbc90036830 0x7fbc90038ce0 secure :-1 s=READY pgs=11 cs=0 l=1 rev1=1 crypto rx=0x7fbc8c009990 tx=0x7fbc8c006e40 comp rx=0 tx=0).stop
2024-06-02T23:07:34.085 INFO:teuthology.orchestra.run.smithi073.stdout:/usr/bin/ceph: stderr
2024-06-02T23:07:33.521+0000 7fbca99ca700 1 -- 172.21.15.73:0/1667086668 >> [v2:172.21.15.73:3300/0,v1:172.21.15.73:6789/0] conn(0x7fbca4101750 msgr2=0x7fbca4076b60 secure :-1 s=STATE_CONNECTION_ESTABLISHED l=1).mark_down
2024-06-02T23:07:34.085 INFO:teuthology.orchestra.run.smithi073.stdout:/usr/bin/ceph: stderr
2024-06-02T23:07:33.521+0000 7fbca99ca700 1 --2- 172.21.15.73:0/1667086668 >> [v2:172.21.15.73:3300/0,v1:172.21.15.73:6789/0] conn(0x7fbca4101750 0x7fbca4076b60 secure :-1 s=READY pgs=44 cs=0 l=1 rev1=1 crypto rx=0x7fbc9400b440 tx=0x7fbc94009250 comp rx=0 tx=0).stop
2024-06-02T23:07:34.085 INFO:teuthology.orchestra.run.smithi073.stdout:/usr/bin/ceph: stderr
2024-06-02T23:07:33.522+0000 7fbca99ca700 1 -- 172.21.15.73:0/1667086668 shutdown_connections
2024-06-02T23:07:34.085 INFO:teuthology.orchestra.run.smithi073.stdout:/usr/bin/ceph: stderr
2024-06-02T23:07:33.522+0000 7fbca99ca700 1 --2- 172.21.15.73:0/1667086668 >> [v2:172.21.15.73:6800/2209693107,v1:172.21.15.73:6801/2209693107] conn(0x7fbc90036830 0x7fbc90038ce0 unknown :-1 s=CLOSED pgs=11 cs=0 l=1 rev1=1 crypto rx=0 tx=0 comp rx=0 tx=0).stop
2024-06-02T23:07:34.085 INFO:teuthology.orchestra.run.smithi073.stdout:/usr/bin/ceph: stderr
2024-06-02T23:07:33.522+0000 7fbca99ca700 1 --2- 172.21.15.73:0/1667086668 >> [v2:172.21.15.73:3300/0,v1:172.21.15.73:6789/0] conn(0x7fbca4101750 0x7fbca4076b60 unknown :-1 s=CLOSED pgs=44 cs=0 l=1 rev1=1 crypto rx=0 tx=0 comp rx=0 tx=0).stop
2024-06-02T23:07:34.085 INFO:teuthology.orchestra.run.smithi073.stdout:/usr/bin/ceph: stderr
2024-06-02T23:07:33.522+0000 7fbca99ca700 1 -- 172.21.15.73:0/1667086668 >> 172.21.15.73:0/1667086668 conn(0x7fbca40fcef0 msgr2=0x7fbca40fd980 unknown :-1 s=STATE_NONE l=0).mark_down
2024-06-02T23:07:34.086 INFO:teuthology.orchestra.run.smithi073.stdout:/usr/bin/ceph: stderr
2024-06-02T23:07:33.522+0000 7fbca99ca700 1 -- 172.21.15.73:0/1667086668 shutdown_connections
2024-06-02T23:07:34.086 INFO:teuthology.orchestra.run.smithi073.stdout:/usr/bin/ceph: stderr
2024-06-02T23:07:33.522+0000 7fbca99ca700 1 -- 172.21.15.73:0/1667086668 wait complete.
2024-06-02T23:07:34.086 INFO:teuthology.orchestra.run.smithi073.stdout:Deploying mon service with default placement...
2024-06-02T23:07:34.792 INFO:journalctl@ceph.mon.smithi073.smithi073.stdout:Jun 02 23:07:34 smithi073 ceph-mon[29169]: from='mgr.14118 172.21.15.73:0/2890781445' entity='mgr.smithi073.ychjga'
2024-06-02T23:07:34.792 INFO:journalctl@ceph.mon.smithi073.smithi073.stdout:Jun 02 23:07:34 smithi073 ceph-mon[29169]: Added host smithi073
2024-06-02T23:07:34.792 INFO:journalctl@ceph.mon.smithi073.smithi073.stdout:Jun 02 23:07:34 smithi073 ceph-mon[29169]: from='mgr.14118 172.21.15.73:0/2890781445' entity='mgr.smithi073.ychjga' cmd=[{"prefix": "config dump", "format": "json"}]: dispatch
2024-06-02T23:07:36.179 INFO:journalctl@ceph.mon.smithi073.smithi073.stdout:Jun 02 23:07:35 smithi073 ceph-mon[29169]: from='client.14140 -' entity='client.admin' cmd=[{"prefix": "orch apply", "service_type": "mon", "target": ["mon-mgr", ""]}]: dispatch
2024-06-02T23:07:36.179 INFO:journalctl@ceph.mon.smithi073.smithi073.stdout:Jun 02 23:07:35 smithi073 ceph-mon[29169]: Saving service mon spec with placement count:5
2024-06-02T23:07:36.179 INFO:journalctl@ceph.mon.smithi073.smithi073.stdout:Jun 02 23:07:35 smithi073 ceph-mon[29169]: from='mgr.14118 172.21.15.73:0/2890781445' entity='mgr.smithi073.ychjga'
2024-06-02T23:07:36.431 INFO:teuthology.orchestra.run.smithi073.stdout:/usr/bin/ceph: stdout Scheduled mon update...
2024-06-02T23:07:36.431 INFO:teuthology.orchestra.run.smithi073.stdout:/usr/bin/ceph: stderr
2024-06-02T23:07:34.584+0000 7f9b8d90a700 1 Processor -- start
2024-06-02T23:07:36.431 INFO:teuthology.orchestra.run.smithi073.stdout:/usr/bin/ceph: stderr
2024-06-02T23:07:34.584+0000 7f9b8d90a700 1 -- start start
2024-06-02T23:07:36.431 INFO:teuthology.orchestra.run.smithi073.stdout:/usr/bin/ceph: stderr
2024-06-02T23:07:34.584+0000 7f9b8d90a700 1 --2- >> [v2:172.21.15.73:3300/0,v1:172.21.15.73:6789/0] conn(0x7f9b880712d0 0x7f9b88105470 unknown :-1 s=NONE pgs=0 cs=0 l=0 rev1=0 crypto rx=0 tx=0 comp rx=0 tx=0).connect
2024-06-02T23:07:36.432 INFO:teuthology.orchestra.run.smithi073.stdout:/usr/bin/ceph: stderr
2024-06-02T23:07:34.584+0000 7f9b8d90a700 1 -- --> [v2:172.21.15.73:3300/0,v1:172.21.15.73:6789/0] -- mon_getmap magic: 0 v1 -- 0x7f9b881059b0 con 0x7f9b880712d0
2024-06-02T23:07:36.432 INFO:teuthology.orchestra.run.smithi073.stdout:/usr/bin/ceph: stderr
2024-06-02T23:07:34.585+0000 7f9b86ffd700 1 --2- >> [v2:172.21.15.73:3300/0,v1:172.21.15.73:6789/0] conn(0x7f9b880712d0 0x7f9b88105470 unknown :-1 s=BANNER_CONNECTING pgs=0 cs=0 l=0 rev1=0 crypto rx=0 tx=0 comp rx=0 tx=0)._handle_peer_banner_payload supported=3 required=0
2024-06-02T23:07:36.432 INFO:teuthology.orchestra.run.smithi073.stdout:/usr/bin/ceph: stderr
2024-06-02T23:07:34.585+0000 7f9b86ffd700 1 --2- >> [v2:172.21.15.73:3300/0,v1:172.21.15.73:6789/0] conn(0x7f9b880712d0 0x7f9b88105470 unknown :-1 s=HELLO_CONNECTING pgs=0 cs=0 l=0 rev1=1 crypto rx=0 tx=0 comp rx=0 tx=0).handle_hello peer v2:172.21.15.73:3300/0 says I am v2:172.21.15.73:39936/0 (socket says 172.21.15.73:39936)
2024-06-02T23:07:36.432 INFO:teuthology.orchestra.run.smithi073.stdout:/usr/bin/ceph: stderr
2024-06-02T23:07:34.585+0000 7f9b86ffd700 1 -- 172.21.15.73:0/2312044186 learned_addr learned my addr 172.21.15.73:0/2312044186 (peer_addr_for_me v2:172.21.15.73:0/0)
2024-06-02T23:07:36.432 INFO:teuthology.orchestra.run.smithi073.stdout:/usr/bin/ceph: stderr
2024-06-02T23:07:34.585+0000 7f9b86ffd700 1 -- 172.21.15.73:0/2312044186 --> [v2:172.21.15.73:3300/0,v1:172.21.15.73:6789/0] -- mon_subscribe({config=0+,monmap=0+}) v3 -- 0x7f9b88105af0 con 0x7f9b880712d0
2024-06-02T23:07:36.432 INFO:teuthology.orchestra.run.smithi073.stdout:/usr/bin/ceph: stderr
2024-06-02T23:07:34.585+0000 7f9b86ffd700 1 --2- 172.21.15.73:0/2312044186 >> [v2:172.21.15.73:3300/0,v1:172.21.15.73:6789/0] conn(0x7f9b880712d0 0x7f9b88105470 secure :-1 s=READY pgs=45 cs=0 l=1 rev1=1 crypto rx=0x7f9b780098e0 tx=0x7f9b78009250 comp rx=0 tx=0).ready entity=mon.0 client_cookie=476c1510f40719c6 server_cookie=0 in_seq=0 out_seq=0
2024-06-02T23:07:36.432 INFO:teuthology.orchestra.run.smithi073.stdout:/usr/bin/ceph: stderr
2024-06-02T23:07:34.585+0000 7f9b85ffb700 1 -- 172.21.15.73:0/2312044186 <== mon.0 v2:172.21.15.73:3300/0 1 ==== mon_map magic: 0 v1 ==== 229+0+0 (secure 0 0 0) 0x7f9b7800b860 con 0x7f9b880712d0
2024-06-02T23:07:36.432 INFO:teuthology.orchestra.run.smithi073.stdout:/usr/bin/ceph: stderr
2024-06-02T23:07:34.585+0000 7f9b85ffb700 1 -- 172.21.15.73:0/2312044186 <== mon.0 v2:172.21.15.73:3300/0 2 ==== config(27 keys) v1 ==== 1044+0+0 (secure 0 0 0) 0x7f9b7800be50 con 0x7f9b880712d0
2024-06-02T23:07:36.432 INFO:teuthology.orchestra.run.smithi073.stdout:/usr/bin/ceph: stderr
2024-06-02T23:07:34.585+0000 7f9b85ffb700 1 -- 172.21.15.73:0/2312044186 <== mon.0 v2:172.21.15.73:3300/0 3 ==== mon_map magic: 0 v1 ==== 229+0+0 (secure 0 0 0) 0x7f9b78010380 con 0x7f9b880712d0
2024-06-02T23:07:36.432 INFO:teuthology.orchestra.run.smithi073.stdout:/usr/bin/ceph: stderr
2024-06-02T23:07:34.586+0000 7f9b8d90a700 1 -- 172.21.15.73:0/2312044186 >> [v2:172.21.15.73:3300/0,v1:172.21.15.73:6789/0] conn(0x7f9b880712d0 msgr2=0x7f9b88105470 secure :-1 s=STATE_CONNECTION_ESTABLISHED l=1).mark_down
2024-06-02T23:07:36.432 INFO:teuthology.orchestra.run.smithi073.stdout:/usr/bin/ceph: stderr
2024-06-02T23:07:34.586+0000 7f9b8d90a700 1 --2- 172.21.15.73:0/2312044186 >> [v2:172.21.15.73:3300/0,v1:172.21.15.73:6789/0] conn(0x7f9b880712d0 0x7f9b88105470 secure :-1 s=READY pgs=45 cs=0 l=1 rev1=1 crypto rx=0x7f9b780098e0 tx=0x7f9b78009250 comp rx=0 tx=0).stop
2024-06-02T23:07:36.432 INFO:teuthology.orchestra.run.smithi073.stdout:/usr/bin/ceph: stderr
2024-06-02T23:07:34.586+0000 7f9b8d90a700 1 -- 172.21.15.73:0/2312044186 shutdown_connections
2024-06-02T23:07:36.432 INFO:teuthology.orchestra.run.smithi073.stdout:/usr/bin/ceph: stderr
2024-06-02T23:07:34.586+0000 7f9b8d90a700 1 --2- 172.21.15.73:0/2312044186 >> [v2:172.21.15.73:3300/0,v1:172.21.15.73:6789/0] conn(0x7f9b880712d0 0x7f9b88105470 unknown :-1 s=CLOSED pgs=45 cs=0 l=1 rev1=1 crypto rx=0 tx=0 comp rx=0 tx=0).stop
2024-06-02T23:07:36.432 INFO:teuthology.orchestra.run.smithi073.stdout:/usr/bin/ceph: stderr
2024-06-02T23:07:34.586+0000 7f9b8d90a700 1 -- 172.21.15.73:0/2312044186 >> 172.21.15.73:0/2312044186 conn(0x7f9b880fcea0 msgr2=0x7f9b880ff2f0 unknown :-1 s=STATE_NONE l=0).mark_down
2024-06-02T23:07:36.432 INFO:teuthology.orchestra.run.smithi073.stdout:/usr/bin/ceph: stderr
2024-06-02T23:07:34.586+0000 7f9b8d90a700 1 -- 172.21.15.73:0/2312044186 shutdown_connections
2024-06-02T23:07:36.433 INFO:teuthology.orchestra.run.smithi073.stdout:/usr/bin/ceph: stderr
2024-06-02T23:07:34.586+0000 7f9b8d90a700 1 -- 172.21.15.73:0/2312044186 wait complete.
2024-06-02T23:07:36.433 INFO:teuthology.orchestra.run.smithi073.stdout:/usr/bin/ceph: stderr
2024-06-02T23:07:34.587+0000 7f9b8d90a700 1 Processor -- start
2024-06-02T23:07:36.433 INFO:teuthology.orchestra.run.smithi073.stdout:/usr/bin/ceph: stderr
2024-06-02T23:07:34.587+0000 7f9b8d90a700 1 -- start start
2024-06-02T23:07:36.433 INFO:teuthology.orchestra.run.smithi073.stdout:/usr/bin/ceph: stderr
2024-06-02T23:07:34.587+0000 7f9b8d90a700 1 --2- >> [v2:172.21.15.73:3300/0,v1:172.21.15.73:6789/0] conn(0x7f9b880712d0 0x7f9b88102dc0 unknown :-1 s=NONE pgs=0 cs=0 l=1 rev1=0 crypto rx=0 tx=0 comp rx=0 tx=0).connect
2024-06-02T23:07:36.433 INFO:teuthology.orchestra.run.smithi073.stdout:/usr/bin/ceph: stderr
2024-06-02T23:07:34.587+0000 7f9b8d90a700 1 -- --> [v2:172.21.15.73:3300/0,v1:172.21.15.73:6789/0] -- mon_getmap magic: 0 v1 -- 0x7f9b88103300 con 0x7f9b880712d0
2024-06-02T23:07:36.433 INFO:teuthology.orchestra.run.smithi073.stdout:/usr/bin/ceph: stderr
2024-06-02T23:07:34.587+0000 7f9b86ffd700 1 --2- >> [v2:172.21.15.73:3300/0,v1:172.21.15.73:6789/0] conn(0x7f9b880712d0 0x7f9b88102dc0 unknown :-1 s=BANNER_CONNECTING pgs=0 cs=0 l=1 rev1=0 crypto rx=0 tx=0 comp rx=0 tx=0)._handle_peer_banner_payload supported=3 required=0
2024-06-02T23:07:36.433 INFO:teuthology.orchestra.run.smithi073.stdout:/usr/bin/ceph: stderr
2024-06-02T23:07:34.587+0000 7f9b86ffd700 1 --2- >> [v2:172.21.15.73:3300/0,v1:172.21.15.73:6789/0] conn(0x7f9b880712d0 0x7f9b88102dc0 unknown :-1 s=HELLO_CONNECTING pgs=0 cs=0 l=1 rev1=1 crypto rx=0 tx=0 comp rx=0 tx=0).handle_hello peer v2:172.21.15.73:3300/0 says I am v2:172.21.15.73:39952/0 (socket says 172.21.15.73:39952)
2024-06-02T23:07:36.433 INFO:teuthology.orchestra.run.smithi073.stdout:/usr/bin/ceph: stderr
2024-06-02T23:07:34.587+0000 7f9b86ffd700 1 -- 172.21.15.73:0/1102107564 learned_addr learned my addr 172.21.15.73:0/1102107564 (peer_addr_for_me v2:172.21.15.73:0/0)
2024-06-02T23:07:36.433 INFO:teuthology.orchestra.run.smithi073.stdout:/usr/bin/ceph: stderr
2024-06-02T23:07:34.587+0000 7f9b86ffd700 1 -- 172.21.15.73:0/1102107564 --> [v2:172.21.15.73:3300/0,v1:172.21.15.73:6789/0] -- mon_subscribe({config=0+,monmap=0+}) v3 -- 0x7f9b780094f0 con 0x7f9b880712d0
2024-06-02T23:07:36.433 INFO:teuthology.orchestra.run.smithi073.stdout:/usr/bin/ceph: stderr
2024-06-02T23:07:34.587+0000 7f9b86ffd700 1 --2- 172.21.15.73:0/1102107564 >> [v2:172.21.15.73:3300/0,v1:172.21.15.73:6789/0] conn(0x7f9b880712d0 0x7f9b88102dc0 secure :-1 s=READY pgs=46 cs=0 l=1 rev1=1 crypto rx=0x7f9b78006b00 tx=0x7f9b78009250 comp rx=0 tx=0).ready entity=mon.0 client_cookie=0 server_cookie=0 in_seq=0 out_seq=0
2024-06-02T23:07:36.433 INFO:teuthology.orchestra.run.smithi073.stdout:/usr/bin/ceph: stderr
2024-06-02T23:07:34.588+0000 7f9b6f7fe700 1 -- 172.21.15.73:0/1102107564 <== mon.0 v2:172.21.15.73:3300/0 1 ==== mon_map magic: 0 v1 ==== 229+0+0 (secure 0 0 0) 0x7f9b780107c0 con 0x7f9b880712d0
2024-06-02T23:07:36.433 INFO:teuthology.orchestra.run.smithi073.stdout:/usr/bin/ceph: stderr
2024-06-02T23:07:34.588+0000 7f9b6f7fe700 1 -- 172.21.15.73:0/1102107564 <== mon.0 v2:172.21.15.73:3300/0 2 ==== config(27 keys) v1 ==== 1044+0+0 (secure 0 0 0) 0x7f9b78010db0 con 0x7f9b880712d0
2024-06-02T23:07:36.433 INFO:teuthology.orchestra.run.smithi073.stdout:/usr/bin/ceph: stderr
2024-06-02T23:07:34.588+0000 7f9b8d90a700 1 -- 172.21.15.73:0/1102107564 --> [v2:172.21.15.73:3300/0,v1:172.21.15.73:6789/0] -- mon_subscribe({mgrmap=0+}) v3 -- 0x7f9b88101370 con 0x7f9b880712d0
2024-06-02T23:07:36.434 INFO:teuthology.orchestra.run.smithi073.stdout:/usr/bin/ceph: stderr
2024-06-02T23:07:34.588+0000 7f9b6f7fe700 1 -- 172.21.15.73:0/1102107564 <== mon.0 v2:172.21.15.73:3300/0 3 ==== mon_map magic: 0 v1 ==== 229+0+0 (secure 0 0 0) 0x7f9b7801acf0 con 0x7f9b880712d0
2024-06-02T23:07:36.434 INFO:teuthology.orchestra.run.smithi073.stdout:/usr/bin/ceph: stderr
2024-06-02T23:07:34.588+0000 7f9b8d90a700 1 -- 172.21.15.73:0/1102107564 --> [v2:172.21.15.73:3300/0,v1:172.21.15.73:6789/0] -- mon_subscribe({osdmap=0}) v3 -- 0x7f9b88101860 con 0x7f9b880712d0
2024-06-02T23:07:36.434 INFO:teuthology.orchestra.run.smithi073.stdout:/usr/bin/ceph: stderr
2024-06-02T23:07:34.588+0000 7f9b6f7fe700 1 -- 172.21.15.73:0/1102107564 <== mon.0 v2:172.21.15.73:3300/0 4 ==== mgrmap(e 8) v1 ==== 43376+0+0 (secure 0 0 0) 0x7f9b780193c0 con 0x7f9b880712d0
2024-06-02T23:07:36.434 INFO:teuthology.orchestra.run.smithi073.stdout:/usr/bin/ceph: stderr
2024-06-02T23:07:34.589+0000 7f9b6f7fe700 1 --2- 172.21.15.73:0/1102107564 >> [v2:172.21.15.73:6800/2209693107,v1:172.21.15.73:6801/2209693107] conn(0x7f9b700368a0 0x7f9b70038d50 unknown :-1 s=NONE pgs=0 cs=0 l=1 rev1=0 crypto rx=0 tx=0 comp rx=0 tx=0).connect
2024-06-02T23:07:36.434 INFO:teuthology.orchestra.run.smithi073.stdout:/usr/bin/ceph: stderr
2024-06-02T23:07:34.589+0000 7f9b6f7fe700 1 -- 172.21.15.73:0/1102107564 <== mon.0 v2:172.21.15.73:3300/0 5 ==== osd_map(2..2 src has 1..2) v4 ==== 936+0+0 (secure 0 0 0) 0x7f9b7804b670 con 0x7f9b880712d0
2024-06-02T23:07:36.434 INFO:teuthology.orchestra.run.smithi073.stdout:/usr/bin/ceph: stderr
2024-06-02T23:07:34.589+0000 7f9b867fc700 1 --2- 172.21.15.73:0/1102107564 >> [v2:172.21.15.73:6800/2209693107,v1:172.21.15.73:6801/2209693107] conn(0x7f9b700368a0 0x7f9b70038d50 unknown :-1 s=BANNER_CONNECTING pgs=0 cs=0 l=1 rev1=0 crypto rx=0 tx=0 comp rx=0 tx=0)._handle_peer_banner_payload supported=3 required=0
2024-06-02T23:07:36.434 INFO:teuthology.orchestra.run.smithi073.stdout:/usr/bin/ceph: stderr
2024-06-02T23:07:34.589+0000 7f9b8d90a700 1 -- 172.21.15.73:0/1102107564 --> [v2:172.21.15.73:3300/0,v1:172.21.15.73:6789/0] -- mon_command({"prefix": "get_command_descriptions"} v 0) v1 -- 0x7f9b8804bed0 con 0x7f9b880712d0
2024-06-02T23:07:36.434 INFO:teuthology.orchestra.run.smithi073.stdout:/usr/bin/ceph: stderr
2024-06-02T23:07:34.589+0000 7f9b867fc700 1 --2- 172.21.15.73:0/1102107564 >> [v2:172.21.15.73:6800/2209693107,v1:172.21.15.73:6801/2209693107] conn(0x7f9b700368a0 0x7f9b70038d50 secure :-1 s=READY pgs=12 cs=0 l=1 rev1=1 crypto rx=0x7f9b7c009990 tx=0x7f9b7c006e40 comp rx=0 tx=0).ready entity=mgr.14118 client_cookie=0 server_cookie=0 in_seq=0 out_seq=0
2024-06-02T23:07:36.434 INFO:teuthology.orchestra.run.smithi073.stdout:/usr/bin/ceph: stderr
2024-06-02T23:07:34.594+0000 7f9b6f7fe700 1 -- 172.21.15.73:0/1102107564 <== mon.0 v2:172.21.15.73:3300/0 6 ==== mon_command_ack([{"prefix": "get_command_descriptions"}]=0 v0) v1 ==== 72+0+176702 (secure 0 0 0) 0x7f9b78022930 con 0x7f9b880712d0
2024-06-02T23:07:36.434 INFO:teuthology.orchestra.run.smithi073.stdout:/usr/bin/ceph: stderr
2024-06-02T23:07:34.791+0000 7f9b8d90a700 1 -- 172.21.15.73:0/1102107564 --> [v2:172.21.15.73:6800/2209693107,v1:172.21.15.73:6801/2209693107] -- mgr_command(tid 0: {"prefix": "orch apply", "service_type": "mon", "target": ["mon-mgr", ""]}) v1 -- 0x7f9b88101d10 con 0x7f9b700368a0
2024-06-02T23:07:36.434 INFO:teuthology.orchestra.run.smithi073.stdout:/usr/bin/ceph: stderr
2024-06-02T23:07:34.796+0000 7f9b6f7fe700 1 -- 172.21.15.73:0/1102107564 <== mgr.14118 v2:172.21.15.73:6800/2209693107 1 ==== mgr_command_reply(tid 0: 0 ) v1 ==== 8+0+24 (secure 0 0 0) 0x7f9b88101d10 con 0x7f9b700368a0
2024-06-02T23:07:36.434 INFO:teuthology.orchestra.run.smithi073.stdout:/usr/bin/ceph: stderr
2024-06-02T23:07:34.798+0000 7f9b8d90a700 1 -- 172.21.15.73:0/1102107564 >> [v2:172.21.15.73:6800/2209693107,v1:172.21.15.73:6801/2209693107] conn(0x7f9b700368a0 msgr2=0x7f9b70038d50 secure :-1 s=STATE_CONNECTION_ESTABLISHED l=1).mark_down
2024-06-02T23:07:36.435 INFO:teuthology.orchestra.run.smithi073.stdout:/usr/bin/ceph: stderr
2024-06-02T23:07:34.798+0000 7f9b8d90a700 1 --2- 172.21.15.73:0/1102107564 >> [v2:172.21.15.73:6800/2209693107,v1:172.21.15.73:6801/2209693107] conn(0x7f9b700368a0 0x7f9b70038d50 secure :-1 s=READY pgs=12 cs=0 l=1 rev1=1 crypto rx=0x7f9b7c009990 tx=0x7f9b7c006e40 comp rx=0 tx=0).stop
2024-06-02T23:07:36.435 INFO:teuthology.orchestra.run.smithi073.stdout:/usr/bin/ceph: stderr
2024-06-02T23:07:34.798+0000 7f9b8d90a700 1 -- 172.21.15.73:0/1102107564 >> [v2:172.21.15.73:3300/0,v1:172.21.15.73:6789/0] conn(0x7f9b880712d0 msgr2=0x7f9b88102dc0 secure :-1 s=STATE_CONNECTION_ESTABLISHED l=1).mark_down
2024-06-02T23:07:36.435 INFO:teuthology.orchestra.run.smithi073.stdout:/usr/bin/ceph: stderr
2024-06-02T23:07:34.798+0000 7f9b8d90a700 1 --2- 172.21.15.73:0/1102107564 >> [v2:172.21.15.73:3300/0,v1:172.21.15.73:6789/0] conn(0x7f9b880712d0 0x7f9b88102dc0 secure :-1 s=READY pgs=46 cs=0 l=1 rev1=1 crypto rx=0x7f9b78006b00 tx=0x7f9b78009250 comp rx=0 tx=0).stop
2024-06-02T23:07:36.435 INFO:teuthology.orchestra.run.smithi073.stdout:/usr/bin/ceph: stderr
2024-06-02T23:07:34.798+0000 7f9b8d90a700 1 -- 172.21.15.73:0/1102107564 shutdown_connections
2024-06-02T23:07:36.435 INFO:teuthology.orchestra.run.smithi073.stdout:/usr/bin/ceph: stderr
2024-06-02T23:07:34.798+0000 7f9b8d90a700 1 --2- 172.21.15.73:0/1102107564 >> [v2:172.21.15.73:6800/2209693107,v1:172.21.15.73:6801/2209693107] conn(0x7f9b700368a0 0x7f9b70038d50 unknown :-1 s=CLOSED pgs=12 cs=0 l=1 rev1=1 crypto rx=0 tx=0 comp rx=0 tx=0).stop
2024-06-02T23:07:36.435 INFO:teuthology.orchestra.run.smithi073.stdout:/usr/bin/ceph: stderr
2024-06-02T23:07:34.798+0000 7f9b8d90a700 1 --2- 172.21.15.73:0/1102107564 >> [v2:172.21.15.73:3300/0,v1:172.21.15.73:6789/0] conn(0x7f9b880712d0 0x7f9b88102dc0 unknown :-1 s=CLOSED pgs=46 cs=0 l=1 rev1=1 crypto rx=0 tx=0 comp rx=0 tx=0).stop
2024-06-02T23:07:36.435 INFO:teuthology.orchestra.run.smithi073.stdout:/usr/bin/ceph: stderr
2024-06-02T23:07:34.798+0000 7f9b8d90a700 1 -- 172.21.15.73:0/1102107564 >> 172.21.15.73:0/1102107564 conn(0x7f9b880fcea0 msgr2=0x7f9b880fda10 unknown :-1 s=STATE_NONE l=0).mark_down
2024-06-02T23:07:36.435 INFO:teuthology.orchestra.run.smithi073.stdout:/usr/bin/ceph: stderr
2024-06-02T23:07:34.798+0000 7f9b8d90a700 1 -- 172.21.15.73:0/1102107564 shutdown_connections
2024-06-02T23:07:36.435 INFO:teuthology.orchestra.run.smithi073.stdout:/usr/bin/ceph: stderr
2024-06-02T23:07:34.798+0000 7f9b8d90a700 1 -- 172.21.15.73:0/1102107564 wait complete.
2024-06-02T23:07:36.435 INFO:teuthology.orchestra.run.smithi073.stdout:Deploying mgr service with default placement...
2024-06-02T23:07:37.179 INFO:journalctl@ceph.mon.smithi073.smithi073.stdout:Jun 02 23:07:37 smithi073 ceph-mon[29169]: from='mgr.14118 172.21.15.73:0/2890781445' entity='mgr.smithi073.ychjga'
2024-06-02T23:07:37.179 INFO:journalctl@ceph.mon.smithi073.smithi073.stdout:Jun 02 23:07:37 smithi073 ceph-mon[29169]: from='mgr.14118 172.21.15.73:0/2890781445' entity='mgr.smithi073.ychjga'
2024-06-02T23:07:38.126 INFO:journalctl@ceph.mon.smithi073.smithi073.stdout:Jun 02 23:07:38 smithi073 ceph-mon[29169]: from='client.14142 -' entity='client.admin' cmd=[{"prefix": "orch apply", "service_type": "mgr", "target": ["mon-mgr", ""]}]: dispatch
2024-06-02T23:07:38.126 INFO:journalctl@ceph.mon.smithi073.smithi073.stdout:Jun 02 23:07:38 smithi073 ceph-mon[29169]: Saving service mgr spec with placement count:2
2024-06-02T23:07:38.126 INFO:journalctl@ceph.mon.smithi073.smithi073.stdout:Jun 02 23:07:38 smithi073 ceph-mon[29169]: from='mgr.14118 172.21.15.73:0/2890781445' entity='mgr.smithi073.ychjga'
2024-06-02T23:07:38.134 INFO:teuthology.orchestra.run.smithi073.stdout:/usr/bin/ceph: stdout Scheduled mgr update...
2024-06-02T23:07:38.134 INFO:teuthology.orchestra.run.smithi073.stdout:/usr/bin/ceph: stderr
2024-06-02T23:07:36.839+0000 7fe42878c700 1 Processor -- start
2024-06-02T23:07:38.134 INFO:teuthology.orchestra.run.smithi073.stdout:/usr/bin/ceph: stderr
2024-06-02T23:07:36.839+0000 7fe42878c700 1 -- start start
2024-06-02T23:07:38.134 INFO:teuthology.orchestra.run.smithi073.stdout:/usr/bin/ceph: stderr
2024-06-02T23:07:36.839+0000 7fe42878c700 1 --2- >> [v2:172.21.15.73:3300/0,v1:172.21.15.73:6789/0] conn(0x7fe420102810 0x7fe420102c20 unknown :-1 s=NONE pgs=0 cs=0 l=0 rev1=0 crypto rx=0 tx=0 comp rx=0 tx=0).connect
2024-06-02T23:07:38.134 INFO:teuthology.orchestra.run.smithi073.stdout:/usr/bin/ceph: stderr
2024-06-02T23:07:36.839+0000 7fe42878c700 1 -- --> [v2:172.21.15.73:3300/0,v1:172.21.15.73:6789/0] -- mon_getmap magic: 0 v1 -- 0x7fe420103160 con 0x7fe420102810
2024-06-02T23:07:38.134 INFO:teuthology.orchestra.run.smithi073.stdout:/usr/bin/ceph: stderr
2024-06-02T23:07:36.840+0000 7fe426528700 1 --2- >> [v2:172.21.15.73:3300/0,v1:172.21.15.73:6789/0] conn(0x7fe420102810 0x7fe420102c20 unknown :-1 s=BANNER_CONNECTING pgs=0 cs=0 l=0 rev1=0 crypto rx=0 tx=0 comp rx=0 tx=0)._handle_peer_banner_payload supported=3 required=0
2024-06-02T23:07:38.135 INFO:teuthology.orchestra.run.smithi073.stdout:/usr/bin/ceph: stderr
2024-06-02T23:07:36.840+0000 7fe426528700 1 --2- >> [v2:172.21.15.73:3300/0,v1:172.21.15.73:6789/0] conn(0x7fe420102810 0x7fe420102c20 unknown :-1 s=HELLO_CONNECTING pgs=0 cs=0 l=0 rev1=1 crypto rx=0 tx=0 comp rx=0 tx=0).handle_hello peer v2:172.21.15.73:3300/0 says I am v2:172.21.15.73:39954/0 (socket says 172.21.15.73:39954)
2024-06-02T23:07:38.135 INFO:teuthology.orchestra.run.smithi073.stdout:/usr/bin/ceph: stderr
2024-06-02T23:07:36.840+0000 7fe426528700 1 -- 172.21.15.73:0/1259404998 learned_addr learned my addr 172.21.15.73:0/1259404998 (peer_addr_for_me v2:172.21.15.73:0/0)
2024-06-02T23:07:38.135 INFO:teuthology.orchestra.run.smithi073.stdout:/usr/bin/ceph: stderr
2024-06-02T23:07:36.840+0000 7fe426528700 1 -- 172.21.15.73:0/1259404998 --> [v2:172.21.15.73:3300/0,v1:172.21.15.73:6789/0] -- mon_subscribe({config=0+,monmap=0+}) v3 -- 0x7fe4201032a0 con 0x7fe420102810
2024-06-02T23:07:38.135 INFO:teuthology.orchestra.run.smithi073.stdout:/usr/bin/ceph: stderr
2024-06-02T23:07:36.840+0000 7fe426528700 1 --2- 172.21.15.73:0/1259404998 >> [v2:172.21.15.73:3300/0,v1:172.21.15.73:6789/0] conn(0x7fe420102810 0x7fe420102c20 secure :-1 s=READY pgs=47 cs=0 l=1 rev1=1 crypto rx=0x7fe4100098e0 tx=0x7fe410009250 comp rx=0 tx=0).ready entity=mon.0 client_cookie=b3d7b9bae06926b8 server_cookie=0 in_seq=0 out_seq=0
2024-06-02T23:07:38.135 INFO:teuthology.orchestra.run.smithi073.stdout:/usr/bin/ceph: stderr
2024-06-02T23:07:36.840+0000 7fe425526700 1 -- 172.21.15.73:0/1259404998 <== mon.0 v2:172.21.15.73:3300/0 1 ==== mon_map magic: 0 v1 ==== 229+0+0 (secure 0 0 0) 0x7fe41000b860 con 0x7fe420102810
2024-06-02T23:07:38.135 INFO:teuthology.orchestra.run.smithi073.stdout:/usr/bin/ceph: stderr
2024-06-02T23:07:36.840+0000 7fe425526700 1 -- 172.21.15.73:0/1259404998 <== mon.0 v2:172.21.15.73:3300/0 2 ==== config(27 keys) v1 ==== 1109+0+0 (secure 0 0 0) 0x7fe41000be90 con 0x7fe420102810
2024-06-02T23:07:38.135 INFO:teuthology.orchestra.run.smithi073.stdout:/usr/bin/ceph: stderr
2024-06-02T23:07:36.840+0000 7fe425526700 1 -- 172.21.15.73:0/1259404998 <== mon.0 v2:172.21.15.73:3300/0 3 ==== mon_map magic: 0 v1 ==== 229+0+0 (secure 0 0 0) 0x7fe4100103c0 con 0x7fe420102810
2024-06-02T23:07:38.135 INFO:teuthology.orchestra.run.smithi073.stdout:/usr/bin/ceph: stderr
2024-06-02T23:07:36.841+0000 7fe42878c700 1 -- 172.21.15.73:0/1259404998 >> [v2:172.21.15.73:3300/0,v1:172.21.15.73:6789/0] conn(0x7fe420102810 msgr2=0x7fe420102c20 secure :-1 s=STATE_CONNECTION_ESTABLISHED l=1).mark_down
2024-06-02T23:07:38.135 INFO:teuthology.orchestra.run.smithi073.stdout:/usr/bin/ceph: stderr
2024-06-02T23:07:36.841+0000 7fe42878c700 1 --2- 172.21.15.73:0/1259404998 >> [v2:172.21.15.73:3300/0,v1:172.21.15.73:6789/0] conn(0x7fe420102810 0x7fe420102c20 secure :-1 s=READY pgs=47 cs=0 l=1 rev1=1 crypto rx=0x7fe4100098e0 tx=0x7fe410009250 comp rx=0 tx=0).stop
2024-06-02T23:07:38.135 INFO:teuthology.orchestra.run.smithi073.stdout:/usr/bin/ceph: stderr
2024-06-02T23:07:36.841+0000 7fe42878c700 1 -- 172.21.15.73:0/1259404998 shutdown_connections
2024-06-02T23:07:38.135 INFO:teuthology.orchestra.run.smithi073.stdout:/usr/bin/ceph: stderr
2024-06-02T23:07:36.841+0000 7fe42878c700 1 --2- 172.21.15.73:0/1259404998 >> [v2:172.21.15.73:3300/0,v1:172.21.15.73:6789/0] conn(0x7fe420102810 0x7fe420102c20 unknown :-1 s=CLOSED pgs=47 cs=0 l=1 rev1=1 crypto rx=0 tx=0 comp rx=0 tx=0).stop
2024-06-02T23:07:38.135 INFO:teuthology.orchestra.run.smithi073.stdout:/usr/bin/ceph: stderr
2024-06-02T23:07:36.841+0000 7fe42878c700 1 -- 172.21.15.73:0/1259404998 >> 172.21.15.73:0/1259404998 conn(0x7fe4200fdfd0 msgr2=0x7fe4201003e0 unknown :-1 s=STATE_NONE l=0).mark_down
2024-06-02T23:07:38.135 INFO:teuthology.orchestra.run.smithi073.stdout:/usr/bin/ceph: stderr
2024-06-02T23:07:36.841+0000 7fe42878c700 1 -- 172.21.15.73:0/1259404998 shutdown_connections
2024-06-02T23:07:38.136 INFO:teuthology.orchestra.run.smithi073.stdout:/usr/bin/ceph: stderr
2024-06-02T23:07:36.841+0000 7fe42878c700 1 -- 172.21.15.73:0/1259404998 wait complete.
2024-06-02T23:07:38.136 INFO:teuthology.orchestra.run.smithi073.stdout:/usr/bin/ceph: stderr
2024-06-02T23:07:36.841+0000 7fe42878c700 1 Processor -- start
2024-06-02T23:07:38.136 INFO:teuthology.orchestra.run.smithi073.stdout:/usr/bin/ceph: stderr
2024-06-02T23:07:36.841+0000 7fe42878c700 1 -- start start
2024-06-02T23:07:38.136 INFO:teuthology.orchestra.run.smithi073.stdout:/usr/bin/ceph: stderr
2024-06-02T23:07:36.841+0000 7fe42878c700 1 --2- >> [v2:172.21.15.73:3300/0,v1:172.21.15.73:6789/0] conn(0x7fe420102810 0x7fe4201116c0 unknown :-1 s=NONE pgs=0 cs=0 l=1 rev1=0 crypto rx=0 tx=0 comp rx=0 tx=0).connect
2024-06-02T23:07:38.136 INFO:teuthology.orchestra.run.smithi073.stdout:/usr/bin/ceph: stderr
2024-06-02T23:07:36.842+0000 7fe42878c700 1 -- --> [v2:172.21.15.73:3300/0,v1:172.21.15.73:6789/0] -- mon_getmap magic: 0 v1 -- 0x7fe420111c00 con 0x7fe420102810
2024-06-02T23:07:38.136 INFO:teuthology.orchestra.run.smithi073.stdout:/usr/bin/ceph: stderr
2024-06-02T23:07:36.842+0000 7fe426528700 1 --2- >> [v2:172.21.15.73:3300/0,v1:172.21.15.73:6789/0] conn(0x7fe420102810 0x7fe4201116c0 unknown :-1 s=BANNER_CONNECTING pgs=0 cs=0 l=1 rev1=0 crypto rx=0 tx=0 comp rx=0 tx=0)._handle_peer_banner_payload supported=3 required=0
2024-06-02T23:07:38.136 INFO:teuthology.orchestra.run.smithi073.stdout:/usr/bin/ceph: stderr
2024-06-02T23:07:36.842+0000 7fe426528700 1 --2- >> [v2:172.21.15.73:3300/0,v1:172.21.15.73:6789/0] conn(0x7fe420102810 0x7fe4201116c0 unknown :-1 s=HELLO_CONNECTING pgs=0 cs=0 l=1 rev1=1 crypto rx=0 tx=0 comp rx=0 tx=0).handle_hello peer v2:172.21.15.73:3300/0 says I am v2:172.21.15.73:39956/0 (socket says 172.21.15.73:39956)
2024-06-02T23:07:38.136 INFO:teuthology.orchestra.run.smithi073.stdout:/usr/bin/ceph: stderr
2024-06-02T23:07:36.842+0000 7fe426528700 1 -- 172.21.15.73:0/1667767019 learned_addr learned my addr 172.21.15.73:0/1667767019 (peer_addr_for_me v2:172.21.15.73:0/0)
2024-06-02T23:07:38.136 INFO:teuthology.orchestra.run.smithi073.stdout:/usr/bin/ceph: stderr
2024-06-02T23:07:36.842+0000 7fe426528700 1 -- 172.21.15.73:0/1667767019 --> [v2:172.21.15.73:3300/0,v1:172.21.15.73:6789/0] -- mon_subscribe({config=0+,monmap=0+}) v3 -- 0x7fe4100094f0 con 0x7fe420102810
2024-06-02T23:07:38.136 INFO:teuthology.orchestra.run.smithi073.stdout:/usr/bin/ceph: stderr
2024-06-02T23:07:36.842+0000 7fe426528700 1 --2- 172.21.15.73:0/1667767019 >> [v2:172.21.15.73:3300/0,v1:172.21.15.73:6789/0] conn(0x7fe420102810 0x7fe4201116c0 secure :-1 s=READY pgs=48 cs=0 l=1 rev1=1 crypto rx=0x7fe410006b00 tx=0x7fe410009250 comp rx=0 tx=0).ready entity=mon.0 client_cookie=0 server_cookie=0 in_seq=0 out_seq=0
2024-06-02T23:07:38.136 INFO:teuthology.orchestra.run.smithi073.stdout:/usr/bin/ceph: stderr
2024-06-02T23:07:36.842+0000 7fe416ffd700 1 -- 172.21.15.73:0/1667767019 <== mon.0 v2:172.21.15.73:3300/0 1 ==== mon_map magic: 0 v1 ==== 229+0+0 (secure 0 0 0) 0x7fe410010840 con 0x7fe420102810
2024-06-02T23:07:38.136 INFO:teuthology.orchestra.run.smithi073.stdout:/usr/bin/ceph: stderr
2024-06-02T23:07:36.842+0000 7fe42878c700 1 -- 172.21.15.73:0/1667767019 --> [v2:172.21.15.73:3300/0,v1:172.21.15.73:6789/0] -- mon_subscribe({mgrmap=0+}) v3 -- 0x7fe420111e00 con 0x7fe420102810
2024-06-02T23:07:38.136 INFO:teuthology.orchestra.run.smithi073.stdout:/usr/bin/ceph: stderr
2024-06-02T23:07:36.842+0000 7fe416ffd700 1 -- 172.21.15.73:0/1667767019 <== mon.0 v2:172.21.15.73:3300/0 2 ==== config(27 keys) v1 ==== 1109+0+0 (secure 0 0 0) 0x7fe410010e70 con 0x7fe420102810
2024-06-02T23:07:38.137 INFO:teuthology.orchestra.run.smithi073.stdout:/usr/bin/ceph: stderr
2024-06-02T23:07:36.842+0000 7fe416ffd700 1 -- 172.21.15.73:0/1667767019 <== mon.0 v2:172.21.15.73:3300/0 3 ==== mon_map magic: 0 v1 ==== 229+0+0 (secure 0 0 0) 0x7fe41001ae70 con 0x7fe420102810
2024-06-02T23:07:38.137 INFO:teuthology.orchestra.run.smithi073.stdout:/usr/bin/ceph: stderr
2024-06-02T23:07:36.842+0000 7fe42878c700 1 -- 172.21.15.73:0/1667767019 --> [v2:172.21.15.73:3300/0,v1:172.21.15.73:6789/0] -- mon_subscribe({osdmap=0}) v3 -- 0x7fe420112970 con 0x7fe420102810
2024-06-02T23:07:38.137 INFO:teuthology.orchestra.run.smithi073.stdout:/usr/bin/ceph: stderr
2024-06-02T23:07:36.843+0000 7fe416ffd700 1 -- 172.21.15.73:0/1667767019 <== mon.0 v2:172.21.15.73:3300/0 4 ==== mgrmap(e 8) v1 ==== 43376+0+0 (secure 0 0 0) 0x7fe4100244d0 con 0x7fe420102810
2024-06-02T23:07:38.137 INFO:teuthology.orchestra.run.smithi073.stdout:/usr/bin/ceph: stderr
2024-06-02T23:07:36.843+0000 7fe416ffd700 1 --2- 172.21.15.73:0/1667767019 >> [v2:172.21.15.73:6800/2209693107,v1:172.21.15.73:6801/2209693107] conn(0x7fe40c036850 0x7fe40c038d00 unknown :-1 s=NONE pgs=0 cs=0 l=1 rev1=0 crypto rx=0 tx=0 comp rx=0 tx=0).connect
2024-06-02T23:07:38.137 INFO:teuthology.orchestra.run.smithi073.stdout:/usr/bin/ceph: stderr
2024-06-02T23:07:36.843+0000 7fe42878c700 1 -- 172.21.15.73:0/1667767019 --> [v2:172.21.15.73:3300/0,v1:172.21.15.73:6789/0] -- mon_command({"prefix": "get_command_descriptions"} v 0) v1 -- 0x7fe42005f5c0 con 0x7fe420102810
2024-06-02T23:07:38.137 INFO:teuthology.orchestra.run.smithi073.stdout:/usr/bin/ceph: stderr
2024-06-02T23:07:36.843+0000 7fe416ffd700 1 -- 172.21.15.73:0/1667767019 <== mon.0 v2:172.21.15.73:3300/0 5 ==== osd_map(2..2 src has 1..2) v4 ==== 936+0+0 (secure 0 0 0) 0x7fe41004ad40 con 0x7fe420102810
2024-06-02T23:07:38.137 INFO:teuthology.orchestra.run.smithi073.stdout:/usr/bin/ceph: stderr
2024-06-02T23:07:36.843+0000 7fe425d27700 1 --2- 172.21.15.73:0/1667767019 >> [v2:172.21.15.73:6800/2209693107,v1:172.21.15.73:6801/2209693107] conn(0x7fe40c036850 0x7fe40c038d00 unknown :-1 s=BANNER_CONNECTING pgs=0 cs=0 l=1 rev1=0 crypto rx=0 tx=0 comp rx=0 tx=0)._handle_peer_banner_payload supported=3 required=0
2024-06-02T23:07:38.137 INFO:teuthology.orchestra.run.smithi073.stdout:/usr/bin/ceph: stderr
2024-06-02T23:07:36.844+0000 7fe425d27700 1 --2- 172.21.15.73:0/1667767019 >> [v2:172.21.15.73:6800/2209693107,v1:172.21.15.73:6801/2209693107] conn(0x7fe40c036850 0x7fe40c038d00 secure :-1 s=READY pgs=13 cs=0 l=1 rev1=1 crypto rx=0x7fe41c009990 tx=0x7fe41c006e40 comp rx=0 tx=0).ready entity=mgr.14118 client_cookie=0 server_cookie=0 in_seq=0 out_seq=0
2024-06-02T23:07:38.137 INFO:teuthology.orchestra.run.smithi073.stdout:/usr/bin/ceph: stderr
2024-06-02T23:07:36.848+0000 7fe416ffd700 1 -- 172.21.15.73:0/1667767019 <== mon.0 v2:172.21.15.73:3300/0 6 ==== mon_command_ack([{"prefix": "get_command_descriptions"}]=0 v0) v1 ==== 72+0+176702 (secure 0 0 0) 0x7fe41002e440 con 0x7fe420102810
2024-06-02T23:07:38.137 INFO:teuthology.orchestra.run.smithi073.stdout:/usr/bin/ceph: stderr
2024-06-02T23:07:37.066+0000 7fe42878c700 1 -- 172.21.15.73:0/1667767019 --> [v2:172.21.15.73:6800/2209693107,v1:172.21.15.73:6801/2209693107] -- mgr_command(tid 0: {"prefix": "orch apply", "service_type": "mgr", "target": ["mon-mgr", ""]}) v1 -- 0x7fe4200ff230 con 0x7fe40c036850
2024-06-02T23:07:38.137 INFO:teuthology.orchestra.run.smithi073.stdout:/usr/bin/ceph: stderr
2024-06-02T23:07:37.070+0000 7fe416ffd700 1 -- 172.21.15.73:0/1667767019 <== mgr.14118 v2:172.21.15.73:6800/2209693107 1 ==== mgr_command_reply(tid 0: 0 ) v1 ==== 8+0+24 (secure 0 0 0) 0x7fe4200ff230 con 0x7fe40c036850
2024-06-02T23:07:38.137 INFO:teuthology.orchestra.run.smithi073.stdout:/usr/bin/ceph: stderr
2024-06-02T23:07:37.072+0000 7fe42878c700 1 -- 172.21.15.73:0/1667767019 >> [v2:172.21.15.73:6800/2209693107,v1:172.21.15.73:6801/2209693107] conn(0x7fe40c036850 msgr2=0x7fe40c038d00 secure :-1 s=STATE_CONNECTION_ESTABLISHED l=1).mark_down
2024-06-02T23:07:38.138 INFO:teuthology.orchestra.run.smithi073.stdout:/usr/bin/ceph: stderr
2024-06-02T23:07:37.072+0000 7fe42878c700 1 --2- 172.21.15.73:0/1667767019 >> [v2:172.21.15.73:6800/2209693107,v1:172.21.15.73:6801/2209693107] conn(0x7fe40c036850 0x7fe40c038d00 secure :-1 s=READY pgs=13 cs=0 l=1 rev1=1 crypto rx=0x7fe41c009990 tx=0x7fe41c006e40 comp rx=0 tx=0).stop
2024-06-02T23:07:38.138 INFO:teuthology.orchestra.run.smithi073.stdout:/usr/bin/ceph: stderr
2024-06-02T23:07:37.072+0000 7fe42878c700 1 -- 172.21.15.73:0/1667767019 >> [v2:172.21.15.73:3300/0,v1:172.21.15.73:6789/0] conn(0x7fe420102810 msgr2=0x7fe4201116c0 secure :-1 s=STATE_CONNECTION_ESTABLISHED l=1).mark_down
2024-06-02T23:07:38.138 INFO:teuthology.orchestra.run.smithi073.stdout:/usr/bin/ceph: stderr
2024-06-02T23:07:37.072+0000 7fe42878c700 1 --2- 172.21.15.73:0/1667767019 >> [v2:172.21.15.73:3300/0,v1:172.21.15.73:6789/0] conn(0x7fe420102810 0x7fe4201116c0 secure :-1 s=READY pgs=48 cs=0 l=1 rev1=1 crypto rx=0x7fe410006b00 tx=0x7fe410009250 comp rx=0 tx=0).stop
2024-06-02T23:07:38.138 INFO:teuthology.orchestra.run.smithi073.stdout:/usr/bin/ceph: stderr
2024-06-02T23:07:37.072+0000 7fe42878c700 1 -- 172.21.15.73:0/1667767019 shutdown_connections
2024-06-02T23:07:38.138 INFO:teuthology.orchestra.run.smithi073.stdout:/usr/bin/ceph: stderr
2024-06-02T23:07:37.072+0000 7fe42878c700 1 --2- 172.21.15.73:0/1667767019 >> [v2:172.21.15.73:6800/2209693107,v1:172.21.15.73:6801/2209693107] conn(0x7fe40c036850 0x7fe40c038d00 unknown :-1 s=CLOSED pgs=13 cs=0 l=1 rev1=1 crypto rx=0 tx=0 comp rx=0 tx=0).stop
2024-06-02T23:07:38.138 INFO:teuthology.orchestra.run.smithi073.stdout:/usr/bin/ceph: stderr
2024-06-02T23:07:37.072+0000 7fe42878c700 1 --2- 172.21.15.73:0/1667767019 >> [v2:172.21.15.73:3300/0,v1:172.21.15.73:6789/0] conn(0x7fe420102810 0x7fe4201116c0 unknown :-1 s=CLOSED pgs=48 cs=0 l=1 rev1=1 crypto rx=0 tx=0 comp rx=0 tx=0).stop
2024-06-02T23:07:38.138 INFO:teuthology.orchestra.run.smithi073.stdout:/usr/bin/ceph: stderr
2024-06-02T23:07:37.072+0000 7fe42878c700 1 -- 172.21.15.73:0/1667767019 >> 172.21.15.73:0/1667767019 conn(0x7fe4200fdfd0 msgr2=0x7fe4200feb20 unknown :-1 s=STATE_NONE l=0).mark_down
2024-06-02T23:07:38.138 INFO:teuthology.orchestra.run.smithi073.stdout:/usr/bin/ceph: stderr
2024-06-02T23:07:37.072+0000 7fe42878c700 1 -- 172.21.15.73:0/1667767019 shutdown_connections
2024-06-02T23:07:38.138 INFO:teuthology.orchestra.run.smithi073.stdout:/usr/bin/ceph: stderr
2024-06-02T23:07:37.072+0000 7fe42878c700 1 -- 172.21.15.73:0/1667767019 wait complete.
2024-06-02T23:07:38.138 INFO:teuthology.orchestra.run.smithi073.stdout:Deploying crash service with default placement...
2024-06-02T23:07:39.408 INFO:journalctl@ceph.mon.smithi073.smithi073.stdout:Jun 02 23:07:39 smithi073 ceph-mon[29169]: from='mgr.14118 172.21.15.73:0/2890781445' entity='mgr.smithi073.ychjga'
2024-06-02T23:07:39.408 INFO:journalctl@ceph.mon.smithi073.smithi073.stdout:Jun 02 23:07:39 smithi073 ceph-mon[29169]: from='client.14144 -' entity='client.admin' cmd=[{"prefix": "orch apply", "service_type": "crash", "target": ["mon-mgr", ""]}]: dispatch
2024-06-02T23:07:39.408 INFO:journalctl@ceph.mon.smithi073.smithi073.stdout:Jun 02 23:07:39 smithi073 ceph-mon[29169]: Saving service crash spec with placement *
2024-06-02T23:07:39.409 INFO:journalctl@ceph.mon.smithi073.smithi073.stdout:Jun 02 23:07:39 smithi073 ceph-mon[29169]: from='mgr.14118 172.21.15.73:0/2890781445' entity='mgr.smithi073.ychjga'
2024-06-02T23:07:39.415 INFO:teuthology.orchestra.run.smithi073.stdout:/usr/bin/ceph: stdout Scheduled crash update...
2024-06-02T23:07:39.415 INFO:teuthology.orchestra.run.smithi073.stdout:/usr/bin/ceph: stderr
2024-06-02T23:07:38.585+0000 7f6af31b6700 1 Processor -- start
2024-06-02T23:07:39.415 INFO:teuthology.orchestra.run.smithi073.stdout:/usr/bin/ceph: stderr
2024-06-02T23:07:38.586+0000 7f6af31b6700 1 -- start start
2024-06-02T23:07:39.415 INFO:teuthology.orchestra.run.smithi073.stdout:/usr/bin/ceph: stderr
2024-06-02T23:07:38.586+0000 7f6af31b6700 1 --2- >> [v2:172.21.15.73:3300/0,v1:172.21.15.73:6789/0] conn(0x7f6aec101d80 0x7f6aec102190 unknown :-1 s=NONE pgs=0 cs=0 l=0 rev1=0 crypto rx=0 tx=0 comp rx=0 tx=0).connect
2024-06-02T23:07:39.415 INFO:teuthology.orchestra.run.smithi073.stdout:/usr/bin/ceph: stderr
2024-06-02T23:07:38.586+0000 7f6af31b6700 1 -- --> [v2:172.21.15.73:3300/0,v1:172.21.15.73:6789/0] -- mon_getmap magic: 0 v1 -- 0x7f6aec1026d0 con 0x7f6aec101d80
2024-06-02T23:07:39.416 INFO:teuthology.orchestra.run.smithi073.stdout:/usr/bin/ceph: stderr
2024-06-02T23:07:38.586+0000 7f6af0f52700 1 --2- >> [v2:172.21.15.73:3300/0,v1:172.21.15.73:6789/0] conn(0x7f6aec101d80 0x7f6aec102190 unknown :-1 s=BANNER_CONNECTING pgs=0 cs=0 l=0 rev1=0 crypto rx=0 tx=0 comp rx=0 tx=0)._handle_peer_banner_payload supported=3 required=0
2024-06-02T23:07:39.416 INFO:teuthology.orchestra.run.smithi073.stdout:/usr/bin/ceph: stderr
2024-06-02T23:07:38.586+0000 7f6af0f52700 1 --2- >> [v2:172.21.15.73:3300/0,v1:172.21.15.73:6789/0] conn(0x7f6aec101d80 0x7f6aec102190 unknown :-1 s=HELLO_CONNECTING pgs=0 cs=0 l=0 rev1=1 crypto rx=0 tx=0 comp rx=0 tx=0).handle_hello peer v2:172.21.15.73:3300/0 says I am v2:172.21.15.73:39958/0 (socket says 172.21.15.73:39958)
2024-06-02T23:07:39.416 INFO:teuthology.orchestra.run.smithi073.stdout:/usr/bin/ceph: stderr
2024-06-02T23:07:38.586+0000 7f6af0f52700 1 -- 172.21.15.73:0/797835039 learned_addr learned my addr 172.21.15.73:0/797835039 (peer_addr_for_me v2:172.21.15.73:0/0)
2024-06-02T23:07:39.416 INFO:teuthology.orchestra.run.smithi073.stdout:/usr/bin/ceph: stderr
