2024-06-02T23:07:27.795+0000 7f7192ffd700 1 -- 172.21.15.73:0/894683090 learned_addr learned my addr 172.21.15.73:0/894683090 (peer_addr_for_me v2:172.21.15.73:0/0)
2024-06-02T23:07:28.594 INFO:teuthology.orchestra.run.smithi073.stdout:/usr/bin/ceph: stderr
2024-06-02T23:07:27.796+0000 7f7192ffd700 1 -- 172.21.15.73:0/894683090 --> [v2:172.21.15.73:3300/0,v1:172.21.15.73:6789/0] -- mon_subscribe({config=0+,monmap=0+}) v3 -- 0x7f7194077770 con 0x7f7194078d20
2024-06-02T23:07:28.594 INFO:teuthology.orchestra.run.smithi073.stdout:/usr/bin/ceph: stderr
2024-06-02T23:07:27.796+0000 7f7192ffd700 1 --2- 172.21.15.73:0/894683090 >> [v2:172.21.15.73:3300/0,v1:172.21.15.73:6789/0] conn(0x7f7194078d20 0x7f7194077230 secure :-1 s=READY pgs=37 cs=0 l=1 rev1=1 crypto rx=0x7f71840098e0 tx=0x7f7184009250 comp rx=0 tx=0).ready entity=mon.0 client_cookie=6ae2da18fb2f8c1c server_cookie=0 in_seq=0 out_seq=0
2024-06-02T23:07:28.595 INFO:teuthology.orchestra.run.smithi073.stdout:/usr/bin/ceph: stderr
2024-06-02T23:07:27.796+0000 7f7191ffb700 1 -- 172.21.15.73:0/894683090 <== mon.0 v2:172.21.15.73:3300/0 1 ==== mon_map magic: 0 v1 ==== 229+0+0 (secure 0 0 0) 0x7f718400b860 con 0x7f7194078d20
2024-06-02T23:07:28.595 INFO:teuthology.orchestra.run.smithi073.stdout:/usr/bin/ceph: stderr
2024-06-02T23:07:27.796+0000 7f7191ffb700 1 -- 172.21.15.73:0/894683090 <== mon.0 v2:172.21.15.73:3300/0 2 ==== config(27 keys) v1 ==== 1044+0+0 (secure 0 0 0) 0x7f718400be50 con 0x7f7194078d20
2024-06-02T23:07:28.595 INFO:teuthology.orchestra.run.smithi073.stdout:/usr/bin/ceph: stderr
2024-06-02T23:07:27.796+0000 7f7191ffb700 1 -- 172.21.15.73:0/894683090 <== mon.0 v2:172.21.15.73:3300/0 3 ==== mon_map magic: 0 v1 ==== 229+0+0 (secure 0 0 0) 0x7f7184010380 con 0x7f7194078d20
2024-06-02T23:07:28.595 INFO:teuthology.orchestra.run.smithi073.stdout:/usr/bin/ceph: stderr
2024-06-02T23:07:27.796+0000 7f7199342700 1 -- 172.21.15.73:0/894683090 >> [v2:172.21.15.73:3300/0,v1:172.21.15.73:6789/0] conn(0x7f7194078d20 msgr2=0x7f7194077230 secure :-1 s=STATE_CONNECTION_ESTABLISHED l=1).mark_down
2024-06-02T23:07:28.595 INFO:teuthology.orchestra.run.smithi073.stdout:/usr/bin/ceph: stderr
2024-06-02T23:07:27.796+0000 7f7199342700 1 --2- 172.21.15.73:0/894683090 >> [v2:172.21.15.73:3300/0,v1:172.21.15.73:6789/0] conn(0x7f7194078d20 0x7f7194077230 secure :-1 s=READY pgs=37 cs=0 l=1 rev1=1 crypto rx=0x7f71840098e0 tx=0x7f7184009250 comp rx=0 tx=0).stop
2024-06-02T23:07:28.595 INFO:teuthology.orchestra.run.smithi073.stdout:/usr/bin/ceph: stderr
2024-06-02T23:07:27.796+0000 7f7199342700 1 -- 172.21.15.73:0/894683090 shutdown_connections
2024-06-02T23:07:28.595 INFO:teuthology.orchestra.run.smithi073.stdout:/usr/bin/ceph: stderr
2024-06-02T23:07:27.796+0000 7f7199342700 1 --2- 172.21.15.73:0/894683090 >> [v2:172.21.15.73:3300/0,v1:172.21.15.73:6789/0] conn(0x7f7194078d20 0x7f7194077230 unknown :-1 s=CLOSED pgs=37 cs=0 l=1 rev1=1 crypto rx=0 tx=0 comp rx=0 tx=0).stop
2024-06-02T23:07:28.595 INFO:teuthology.orchestra.run.smithi073.stdout:/usr/bin/ceph: stderr
2024-06-02T23:07:27.796+0000 7f7199342700 1 -- 172.21.15.73:0/894683090 >> 172.21.15.73:0/894683090 conn(0x7f71940fdfd0 msgr2=0x7f71941003e0 unknown :-1 s=STATE_NONE l=0).mark_down
2024-06-02T23:07:28.595 INFO:teuthology.orchestra.run.smithi073.stdout:/usr/bin/ceph: stderr
2024-06-02T23:07:27.796+0000 7f7199342700 1 -- 172.21.15.73:0/894683090 shutdown_connections
2024-06-02T23:07:28.595 INFO:teuthology.orchestra.run.smithi073.stdout:/usr/bin/ceph: stderr
2024-06-02T23:07:27.797+0000 7f7199342700 1 -- 172.21.15.73:0/894683090 wait complete.
2024-06-02T23:07:28.595 INFO:teuthology.orchestra.run.smithi073.stdout:/usr/bin/ceph: stderr
2024-06-02T23:07:27.797+0000 7f7199342700 1 Processor -- start
2024-06-02T23:07:28.595 INFO:teuthology.orchestra.run.smithi073.stdout:/usr/bin/ceph: stderr
2024-06-02T23:07:27.797+0000 7f7199342700 1 -- start start
2024-06-02T23:07:28.596 INFO:teuthology.orchestra.run.smithi073.stdout:/usr/bin/ceph: stderr
2024-06-02T23:07:27.797+0000 7f7199342700 1 --2- >> [v2:172.21.15.73:3300/0,v1:172.21.15.73:6789/0] conn(0x7f7194078d20 0x7f71941138b0 unknown :-1 s=NONE pgs=0 cs=0 l=1 rev1=0 crypto rx=0 tx=0 comp rx=0 tx=0).connect
2024-06-02T23:07:28.596 INFO:teuthology.orchestra.run.smithi073.stdout:/usr/bin/ceph: stderr
2024-06-02T23:07:27.797+0000 7f7199342700 1 -- --> [v2:172.21.15.73:3300/0,v1:172.21.15.73:6789/0] -- mon_getmap magic: 0 v1 -- 0x7f7194113df0 con 0x7f7194078d20
2024-06-02T23:07:28.596 INFO:teuthology.orchestra.run.smithi073.stdout:/usr/bin/ceph: stderr
2024-06-02T23:07:27.798+0000 7f7192ffd700 1 --2- >> [v2:172.21.15.73:3300/0,v1:172.21.15.73:6789/0] conn(0x7f7194078d20 0x7f71941138b0 unknown :-1 s=BANNER_CONNECTING pgs=0 cs=0 l=1 rev1=0 crypto rx=0 tx=0 comp rx=0 tx=0)._handle_peer_banner_payload supported=3 required=0
2024-06-02T23:07:28.596 INFO:teuthology.orchestra.run.smithi073.stdout:/usr/bin/ceph: stderr
2024-06-02T23:07:27.798+0000 7f7192ffd700 1 --2- >> [v2:172.21.15.73:3300/0,v1:172.21.15.73:6789/0] conn(0x7f7194078d20 0x7f71941138b0 unknown :-1 s=HELLO_CONNECTING pgs=0 cs=0 l=1 rev1=1 crypto rx=0 tx=0 comp rx=0 tx=0).handle_hello peer v2:172.21.15.73:3300/0 says I am v2:172.21.15.73:44416/0 (socket says 172.21.15.73:44416)
2024-06-02T23:07:28.596 INFO:teuthology.orchestra.run.smithi073.stdout:/usr/bin/ceph: stderr
2024-06-02T23:07:27.798+0000 7f7192ffd700 1 -- 172.21.15.73:0/328884303 learned_addr learned my addr 172.21.15.73:0/328884303 (peer_addr_for_me v2:172.21.15.73:0/0)
2024-06-02T23:07:28.596 INFO:teuthology.orchestra.run.smithi073.stdout:/usr/bin/ceph: stderr
2024-06-02T23:07:27.798+0000 7f7192ffd700 1 -- 172.21.15.73:0/328884303 --> [v2:172.21.15.73:3300/0,v1:172.21.15.73:6789/0] -- mon_subscribe({config=0+,monmap=0+}) v3 -- 0x7f71840094f0 con 0x7f7194078d20
2024-06-02T23:07:28.596 INFO:teuthology.orchestra.run.smithi073.stdout:/usr/bin/ceph: stderr
2024-06-02T23:07:27.798+0000 7f7192ffd700 1 --2- 172.21.15.73:0/328884303 >> [v2:172.21.15.73:3300/0,v1:172.21.15.73:6789/0] conn(0x7f7194078d20 0x7f71941138b0 secure :-1 s=READY pgs=38 cs=0 l=1 rev1=1 crypto rx=0x7f7184011bd0 tx=0x7f7184009250 comp rx=0 tx=0).ready entity=mon.0 client_cookie=0 server_cookie=0 in_seq=0 out_seq=0
2024-06-02T23:07:28.596 INFO:teuthology.orchestra.run.smithi073.stdout:/usr/bin/ceph: stderr
2024-06-02T23:07:27.798+0000 7f717b7fe700 1 -- 172.21.15.73:0/328884303 <== mon.0 v2:172.21.15.73:3300/0 1 ==== mon_map magic: 0 v1 ==== 229+0+0 (secure 0 0 0) 0x7f71840107c0 con 0x7f7194078d20
2024-06-02T23:07:28.596 INFO:teuthology.orchestra.run.smithi073.stdout:/usr/bin/ceph: stderr
2024-06-02T23:07:27.798+0000 7f717b7fe700 1 -- 172.21.15.73:0/328884303 <== mon.0 v2:172.21.15.73:3300/0 2 ==== config(27 keys) v1 ==== 1044+0+0 (secure 0 0 0) 0x7f7184010db0 con 0x7f7194078d20
2024-06-02T23:07:28.596 INFO:teuthology.orchestra.run.smithi073.stdout:/usr/bin/ceph: stderr
2024-06-02T23:07:27.798+0000 7f7199342700 1 -- 172.21.15.73:0/328884303 --> [v2:172.21.15.73:3300/0,v1:172.21.15.73:6789/0] -- mon_subscribe({mgrmap=0+}) v3 -- 0x7f7194113ff0 con 0x7f7194078d20
2024-06-02T23:07:28.596 INFO:teuthology.orchestra.run.smithi073.stdout:/usr/bin/ceph: stderr
2024-06-02T23:07:27.798+0000 7f717b7fe700 1 -- 172.21.15.73:0/328884303 <== mon.0 v2:172.21.15.73:3300/0 3 ==== mon_map magic: 0 v1 ==== 229+0+0 (secure 0 0 0) 0x7f718401ad00 con 0x7f7194078d20
2024-06-02T23:07:28.596 INFO:teuthology.orchestra.run.smithi073.stdout:/usr/bin/ceph: stderr
2024-06-02T23:07:27.798+0000 7f7199342700 1 -- 172.21.15.73:0/328884303 --> [v2:172.21.15.73:3300/0,v1:172.21.15.73:6789/0] -- mon_subscribe({osdmap=0}) v3 -- 0x7f7194114b60 con 0x7f7194078d20
2024-06-02T23:07:28.596 INFO:teuthology.orchestra.run.smithi073.stdout:/usr/bin/ceph: stderr
2024-06-02T23:07:27.799+0000 7f717b7fe700 1 -- 172.21.15.73:0/328884303 <== mon.0 v2:172.21.15.73:3300/0 4 ==== mgrmap(e 8) v1 ==== 43376+0+0 (secure 0 0 0) 0x7f71840193c0 con 0x7f7194078d20
2024-06-02T23:07:28.597 INFO:teuthology.orchestra.run.smithi073.stdout:/usr/bin/ceph: stderr
2024-06-02T23:07:27.799+0000 7f7199342700 1 -- 172.21.15.73:0/328884303 --> [v2:172.21.15.73:3300/0,v1:172.21.15.73:6789/0] -- mon_command({"prefix": "get_command_descriptions"} v 0) v1 -- 0x7f719405f5c0 con 0x7f7194078d20
2024-06-02T23:07:28.597 INFO:teuthology.orchestra.run.smithi073.stdout:/usr/bin/ceph: stderr
2024-06-02T23:07:27.799+0000 7f717b7fe700 1 --2- 172.21.15.73:0/328884303 >> [v2:172.21.15.73:6800/2209693107,v1:172.21.15.73:6801/2209693107] conn(0x7f717c0368a0 0x7f717c038d50 unknown :-1 s=NONE pgs=0 cs=0 l=1 rev1=0 crypto rx=0 tx=0 comp rx=0 tx=0).connect
2024-06-02T23:07:28.597 INFO:teuthology.orchestra.run.smithi073.stdout:/usr/bin/ceph: stderr
2024-06-02T23:07:27.799+0000 7f717b7fe700 1 -- 172.21.15.73:0/328884303 <== mon.0 v2:172.21.15.73:3300/0 5 ==== osd_map(2..2 src has 1..2) v4 ==== 936+0+0 (secure 0 0 0) 0x7f718404a0d0 con 0x7f7194078d20
2024-06-02T23:07:28.597 INFO:teuthology.orchestra.run.smithi073.stdout:/usr/bin/ceph: stderr
2024-06-02T23:07:27.799+0000 7f71927fc700 1 --2- 172.21.15.73:0/328884303 >> [v2:172.21.15.73:6800/2209693107,v1:172.21.15.73:6801/2209693107] conn(0x7f717c0368a0 0x7f717c038d50 unknown :-1 s=BANNER_CONNECTING pgs=0 cs=0 l=1 rev1=0 crypto rx=0 tx=0 comp rx=0 tx=0)._handle_peer_banner_payload supported=3 required=0
2024-06-02T23:07:28.597 INFO:teuthology.orchestra.run.smithi073.stdout:/usr/bin/ceph: stderr
2024-06-02T23:07:27.800+0000 7f71927fc700 1 --2- 172.21.15.73:0/328884303 >> [v2:172.21.15.73:6800/2209693107,v1:172.21.15.73:6801/2209693107] conn(0x7f717c0368a0 0x7f717c038d50 secure :-1 s=READY pgs=8 cs=0 l=1 rev1=1 crypto rx=0x7f7188009990 tx=0x7f7188006e40 comp rx=0 tx=0).ready entity=mgr.14118 client_cookie=0 server_cookie=0 in_seq=0 out_seq=0
2024-06-02T23:07:28.597 INFO:teuthology.orchestra.run.smithi073.stdout:/usr/bin/ceph: stderr
2024-06-02T23:07:27.804+0000 7f717b7fe700 1 -- 172.21.15.73:0/328884303 <== mon.0 v2:172.21.15.73:3300/0 6 ==== mon_command_ack([{"prefix": "get_command_descriptions"}]=0 v0) v1 ==== 72+0+176702 (secure 0 0 0) 0x7f7184024b50 con 0x7f7194078d20
2024-06-02T23:07:28.597 INFO:teuthology.orchestra.run.smithi073.stdout:/usr/bin/ceph: stderr
2024-06-02T23:07:27.990+0000 7f7199342700 1 -- 172.21.15.73:0/328884303 --> [v2:172.21.15.73:6800/2209693107,v1:172.21.15.73:6801/2209693107] -- mgr_command(tid 0: {"prefix": "cephadm set-user", "user": "root", "target": ["mon-mgr", ""]}) v1 -- 0x7f71940ff230 con 0x7f717c0368a0
2024-06-02T23:07:28.597 INFO:teuthology.orchestra.run.smithi073.stdout:/usr/bin/ceph: stderr
2024-06-02T23:07:27.990+0000 7f717b7fe700 1 -- 172.21.15.73:0/328884303 <== mgr.14118 v2:172.21.15.73:6800/2209693107 1 ==== mgr_command_reply(tid 0: 0 ) v1 ==== 8+0+16 (secure 0 0 0) 0x7f71940ff230 con 0x7f717c0368a0
2024-06-02T23:07:28.597 INFO:teuthology.orchestra.run.smithi073.stdout:/usr/bin/ceph: stderr
2024-06-02T23:07:27.992+0000 7f7199342700 1 -- 172.21.15.73:0/328884303 >> [v2:172.21.15.73:6800/2209693107,v1:172.21.15.73:6801/2209693107] conn(0x7f717c0368a0 msgr2=0x7f717c038d50 secure :-1 s=STATE_CONNECTION_ESTABLISHED l=1).mark_down
2024-06-02T23:07:28.597 INFO:teuthology.orchestra.run.smithi073.stdout:/usr/bin/ceph: stderr
2024-06-02T23:07:27.992+0000 7f7199342700 1 --2- 172.21.15.73:0/328884303 >> [v2:172.21.15.73:6800/2209693107,v1:172.21.15.73:6801/2209693107] conn(0x7f717c0368a0 0x7f717c038d50 secure :-1 s=READY pgs=8 cs=0 l=1 rev1=1 crypto rx=0x7f7188009990 tx=0x7f7188006e40 comp rx=0 tx=0).stop
2024-06-02T23:07:28.597 INFO:teuthology.orchestra.run.smithi073.stdout:/usr/bin/ceph: stderr
2024-06-02T23:07:27.992+0000 7f7199342700 1 -- 172.21.15.73:0/328884303 >> [v2:172.21.15.73:3300/0,v1:172.21.15.73:6789/0] conn(0x7f7194078d20 msgr2=0x7f71941138b0 secure :-1 s=STATE_CONNECTION_ESTABLISHED l=1).mark_down
2024-06-02T23:07:28.597 INFO:teuthology.orchestra.run.smithi073.stdout:/usr/bin/ceph: stderr
2024-06-02T23:07:27.992+0000 7f7199342700 1 --2- 172.21.15.73:0/328884303 >> [v2:172.21.15.73:3300/0,v1:172.21.15.73:6789/0] conn(0x7f7194078d20 0x7f71941138b0 secure :-1 s=READY pgs=38 cs=0 l=1 rev1=1 crypto rx=0x7f7184011bd0 tx=0x7f7184009250 comp rx=0 tx=0).stop
2024-06-02T23:07:28.597 INFO:teuthology.orchestra.run.smithi073.stdout:/usr/bin/ceph: stderr
2024-06-02T23:07:27.993+0000 7f7199342700 1 -- 172.21.15.73:0/328884303 shutdown_connections
2024-06-02T23:07:28.598 INFO:teuthology.orchestra.run.smithi073.stdout:/usr/bin/ceph: stderr
2024-06-02T23:07:27.993+0000 7f7199342700 1 --2- 172.21.15.73:0/328884303 >> [v2:172.21.15.73:6800/2209693107,v1:172.21.15.73:6801/2209693107] conn(0x7f717c0368a0 0x7f717c038d50 unknown :-1 s=CLOSED pgs=8 cs=0 l=1 rev1=1 crypto rx=0 tx=0 comp rx=0 tx=0).stop
2024-06-02T23:07:28.598 INFO:teuthology.orchestra.run.smithi073.stdout:/usr/bin/ceph: stderr
2024-06-02T23:07:27.993+0000 7f7199342700 1 --2- 172.21.15.73:0/328884303 >> [v2:172.21.15.73:3300/0,v1:172.21.15.73:6789/0] conn(0x7f7194078d20 0x7f71941138b0 unknown :-1 s=CLOSED pgs=38 cs=0 l=1 rev1=1 crypto rx=0 tx=0 comp rx=0 tx=0).stop
2024-06-02T23:07:28.598 INFO:teuthology.orchestra.run.smithi073.stdout:/usr/bin/ceph: stderr
2024-06-02T23:07:27.993+0000 7f7199342700 1 -- 172.21.15.73:0/328884303 >> 172.21.15.73:0/328884303 conn(0x7f71940fdfd0 msgr2=0x7f71940feb20 unknown :-1 s=STATE_NONE l=0).mark_down
2024-06-02T23:07:28.598 INFO:teuthology.orchestra.run.smithi073.stdout:/usr/bin/ceph: stderr
2024-06-02T23:07:27.993+0000 7f7199342700 1 -- 172.21.15.73:0/328884303 shutdown_connections
2024-06-02T23:07:28.598 INFO:teuthology.orchestra.run.smithi073.stdout:/usr/bin/ceph: stderr
2024-06-02T23:07:27.993+0000 7f7199342700 1 -- 172.21.15.73:0/328884303 wait complete.
2024-06-02T23:07:28.598 INFO:teuthology.orchestra.run.smithi073.stdout:Generating ssh key...
2024-06-02T23:07:28.906 INFO:journalctl@ceph.mon.smithi073.smithi073.stdout:Jun 02 23:07:28 smithi073 ceph-mon[29169]: from='client.14132 -' entity='client.admin' cmd=[{"prefix": "cephadm set-user", "user": "root", "target": ["mon-mgr", ""]}]: dispatch
2024-06-02T23:07:29.950 INFO:teuthology.orchestra.run.smithi073.stdout:/usr/bin/ceph: stderr
2024-06-02T23:07:29.005+0000 7f002806e700 1 Processor -- start
2024-06-02T23:07:29.950 INFO:teuthology.orchestra.run.smithi073.stdout:/usr/bin/ceph: stderr
2024-06-02T23:07:29.005+0000 7f002806e700 1 -- start start
2024-06-02T23:07:29.950 INFO:teuthology.orchestra.run.smithi073.stdout:/usr/bin/ceph: stderr
2024-06-02T23:07:29.005+0000 7f002806e700 1 --2- >> [v2:172.21.15.73:3300/0,v1:172.21.15.73:6789/0] conn(0x7f0020076b90 0x7f00201054c0 unknown :-1 s=NONE pgs=0 cs=0 l=0 rev1=0 crypto rx=0 tx=0 comp rx=0 tx=0).connect
2024-06-02T23:07:29.950 INFO:teuthology.orchestra.run.smithi073.stdout:/usr/bin/ceph: stderr
2024-06-02T23:07:29.005+0000 7f002806e700 1 -- --> [v2:172.21.15.73:3300/0,v1:172.21.15.73:6789/0] -- mon_getmap magic: 0 v1 -- 0x7f0020105a00 con 0x7f0020076b90
2024-06-02T23:07:29.950 INFO:teuthology.orchestra.run.smithi073.stdout:/usr/bin/ceph: stderr
2024-06-02T23:07:29.006+0000 7f0025e0a700 1 --2- >> [v2:172.21.15.73:3300/0,v1:172.21.15.73:6789/0] conn(0x7f0020076b90 0x7f00201054c0 unknown :-1 s=BANNER_CONNECTING pgs=0 cs=0 l=0 rev1=0 crypto rx=0 tx=0 comp rx=0 tx=0)._handle_peer_banner_payload supported=3 required=0
2024-06-02T23:07:29.950 INFO:teuthology.orchestra.run.smithi073.stdout:/usr/bin/ceph: stderr
2024-06-02T23:07:29.006+0000 7f0025e0a700 1 --2- >> [v2:172.21.15.73:3300/0,v1:172.21.15.73:6789/0] conn(0x7f0020076b90 0x7f00201054c0 unknown :-1 s=HELLO_CONNECTING pgs=0 cs=0 l=0 rev1=1 crypto rx=0 tx=0 comp rx=0 tx=0).handle_hello peer v2:172.21.15.73:3300/0 says I am v2:172.21.15.73:44426/0 (socket says 172.21.15.73:44426)
2024-06-02T23:07:29.950 INFO:teuthology.orchestra.run.smithi073.stdout:/usr/bin/ceph: stderr
2024-06-02T23:07:29.006+0000 7f0025e0a700 1 -- 172.21.15.73:0/2670253893 learned_addr learned my addr 172.21.15.73:0/2670253893 (peer_addr_for_me v2:172.21.15.73:0/0)
2024-06-02T23:07:29.950 INFO:teuthology.orchestra.run.smithi073.stdout:/usr/bin/ceph: stderr
2024-06-02T23:07:29.006+0000 7f0025e0a700 1 -- 172.21.15.73:0/2670253893 --> [v2:172.21.15.73:3300/0,v1:172.21.15.73:6789/0] -- mon_subscribe({config=0+,monmap=0+}) v3 -- 0x7f0020105b40 con 0x7f0020076b90
2024-06-02T23:07:29.950 INFO:teuthology.orchestra.run.smithi073.stdout:/usr/bin/ceph: stderr
2024-06-02T23:07:29.006+0000 7f0025e0a700 1 --2- 172.21.15.73:0/2670253893 >> [v2:172.21.15.73:3300/0,v1:172.21.15.73:6789/0] conn(0x7f0020076b90 0x7f00201054c0 secure :-1 s=READY pgs=39 cs=0 l=1 rev1=1 crypto rx=0x7f001c0098e0 tx=0x7f001c009250 comp rx=0 tx=0).ready entity=mon.0 client_cookie=5af774e3ec59d9d0 server_cookie=0 in_seq=0 out_seq=0
2024-06-02T23:07:29.950 INFO:teuthology.orchestra.run.smithi073.stdout:/usr/bin/ceph: stderr
2024-06-02T23:07:29.006+0000 7f0024e08700 1 -- 172.21.15.73:0/2670253893 <== mon.0 v2:172.21.15.73:3300/0 1 ==== mon_map magic: 0 v1 ==== 229+0+0 (secure 0 0 0) 0x7f001c00b860 con 0x7f0020076b90
2024-06-02T23:07:29.951 INFO:teuthology.orchestra.run.smithi073.stdout:/usr/bin/ceph: stderr
2024-06-02T23:07:29.006+0000 7f0024e08700 1 -- 172.21.15.73:0/2670253893 <== mon.0 v2:172.21.15.73:3300/0 2 ==== config(27 keys) v1 ==== 1044+0+0 (secure 0 0 0) 0x7f001c00be50 con 0x7f0020076b90
2024-06-02T23:07:29.951 INFO:teuthology.orchestra.run.smithi073.stdout:/usr/bin/ceph: stderr
2024-06-02T23:07:29.006+0000 7f0024e08700 1 -- 172.21.15.73:0/2670253893 <== mon.0 v2:172.21.15.73:3300/0 3 ==== mon_map magic: 0 v1 ==== 229+0+0 (secure 0 0 0) 0x7f001c010380 con 0x7f0020076b90
2024-06-02T23:07:29.951 INFO:teuthology.orchestra.run.smithi073.stdout:/usr/bin/ceph: stderr
2024-06-02T23:07:29.007+0000 7f002806e700 1 -- 172.21.15.73:0/2670253893 >> [v2:172.21.15.73:3300/0,v1:172.21.15.73:6789/0] conn(0x7f0020076b90 msgr2=0x7f00201054c0 secure :-1 s=STATE_CONNECTION_ESTABLISHED l=1).mark_down
2024-06-02T23:07:29.951 INFO:teuthology.orchestra.run.smithi073.stdout:/usr/bin/ceph: stderr
2024-06-02T23:07:29.007+0000 7f002806e700 1 --2- 172.21.15.73:0/2670253893 >> [v2:172.21.15.73:3300/0,v1:172.21.15.73:6789/0] conn(0x7f0020076b90 0x7f00201054c0 secure :-1 s=READY pgs=39 cs=0 l=1 rev1=1 crypto rx=0x7f001c0098e0 tx=0x7f001c009250 comp rx=0 tx=0).stop
2024-06-02T23:07:29.951 INFO:teuthology.orchestra.run.smithi073.stdout:/usr/bin/ceph: stderr
2024-06-02T23:07:29.007+0000 7f002806e700 1 -- 172.21.15.73:0/2670253893 shutdown_connections
2024-06-02T23:07:29.951 INFO:teuthology.orchestra.run.smithi073.stdout:/usr/bin/ceph: stderr
2024-06-02T23:07:29.007+0000 7f002806e700 1 --2- 172.21.15.73:0/2670253893 >> [v2:172.21.15.73:3300/0,v1:172.21.15.73:6789/0] conn(0x7f0020076b90 0x7f00201054c0 unknown :-1 s=CLOSED pgs=39 cs=0 l=1 rev1=1 crypto rx=0 tx=0 comp rx=0 tx=0).stop
2024-06-02T23:07:29.951 INFO:teuthology.orchestra.run.smithi073.stdout:/usr/bin/ceph: stderr
2024-06-02T23:07:29.007+0000 7f002806e700 1 -- 172.21.15.73:0/2670253893 >> 172.21.15.73:0/2670253893 conn(0x7f00200fcef0 msgr2=0x7f00200ff300 unknown :-1 s=STATE_NONE l=0).mark_down
2024-06-02T23:07:29.951 INFO:teuthology.orchestra.run.smithi073.stdout:/usr/bin/ceph: stderr
2024-06-02T23:07:29.007+0000 7f002806e700 1 -- 172.21.15.73:0/2670253893 shutdown_connections
2024-06-02T23:07:29.951 INFO:teuthology.orchestra.run.smithi073.stdout:/usr/bin/ceph: stderr
2024-06-02T23:07:29.007+0000 7f002806e700 1 -- 172.21.15.73:0/2670253893 wait complete.
2024-06-02T23:07:29.951 INFO:teuthology.orchestra.run.smithi073.stdout:/usr/bin/ceph: stderr
2024-06-02T23:07:29.007+0000 7f002806e700 1 Processor -- start
2024-06-02T23:07:29.951 INFO:teuthology.orchestra.run.smithi073.stdout:/usr/bin/ceph: stderr
2024-06-02T23:07:29.007+0000 7f002806e700 1 -- start start
2024-06-02T23:07:29.951 INFO:teuthology.orchestra.run.smithi073.stdout:/usr/bin/ceph: stderr
2024-06-02T23:07:29.007+0000 7f002806e700 1 --2- >> [v2:172.21.15.73:3300/0,v1:172.21.15.73:6789/0] conn(0x7f0020076b90 0x7f00201115e0 unknown :-1 s=NONE pgs=0 cs=0 l=1 rev1=0 crypto rx=0 tx=0 comp rx=0 tx=0).connect
2024-06-02T23:07:29.951 INFO:teuthology.orchestra.run.smithi073.stdout:/usr/bin/ceph: stderr
2024-06-02T23:07:29.007+0000 7f002806e700 1 -- --> [v2:172.21.15.73:3300/0,v1:172.21.15.73:6789/0] -- mon_getmap magic: 0 v1 -- 0x7f0020111b20 con 0x7f0020076b90
2024-06-02T23:07:29.952 INFO:teuthology.orchestra.run.smithi073.stdout:/usr/bin/ceph: stderr
2024-06-02T23:07:29.008+0000 7f0025e0a700 1 --2- >> [v2:172.21.15.73:3300/0,v1:172.21.15.73:6789/0] conn(0x7f0020076b90 0x7f00201115e0 unknown :-1 s=BANNER_CONNECTING pgs=0 cs=0 l=1 rev1=0 crypto rx=0 tx=0 comp rx=0 tx=0)._handle_peer_banner_payload supported=3 required=0
2024-06-02T23:07:29.952 INFO:teuthology.orchestra.run.smithi073.stdout:/usr/bin/ceph: stderr
2024-06-02T23:07:29.008+0000 7f0025e0a700 1 --2- >> [v2:172.21.15.73:3300/0,v1:172.21.15.73:6789/0] conn(0x7f0020076b90 0x7f00201115e0 unknown :-1 s=HELLO_CONNECTING pgs=0 cs=0 l=1 rev1=1 crypto rx=0 tx=0 comp rx=0 tx=0).handle_hello peer v2:172.21.15.73:3300/0 says I am v2:172.21.15.73:44434/0 (socket says 172.21.15.73:44434)
2024-06-02T23:07:29.952 INFO:teuthology.orchestra.run.smithi073.stdout:/usr/bin/ceph: stderr
2024-06-02T23:07:29.008+0000 7f0025e0a700 1 -- 172.21.15.73:0/205176854 learned_addr learned my addr 172.21.15.73:0/205176854 (peer_addr_for_me v2:172.21.15.73:0/0)
2024-06-02T23:07:29.952 INFO:teuthology.orchestra.run.smithi073.stdout:/usr/bin/ceph: stderr
2024-06-02T23:07:29.008+0000 7f0025e0a700 1 -- 172.21.15.73:0/205176854 --> [v2:172.21.15.73:3300/0,v1:172.21.15.73:6789/0] -- mon_subscribe({config=0+,monmap=0+}) v3 -- 0x7f001c0094f0 con 0x7f0020076b90
2024-06-02T23:07:29.952 INFO:teuthology.orchestra.run.smithi073.stdout:/usr/bin/ceph: stderr
2024-06-02T23:07:29.008+0000 7f0025e0a700 1 --2- 172.21.15.73:0/205176854 >> [v2:172.21.15.73:3300/0,v1:172.21.15.73:6789/0] conn(0x7f0020076b90 0x7f00201115e0 secure :-1 s=READY pgs=40 cs=0 l=1 rev1=1 crypto rx=0x7f001c003050 tx=0x7f001c009250 comp rx=0 tx=0).ready entity=mon.0 client_cookie=0 server_cookie=0 in_seq=0 out_seq=0
2024-06-02T23:07:29.952 INFO:teuthology.orchestra.run.smithi073.stdout:/usr/bin/ceph: stderr
2024-06-02T23:07:29.008+0000 7f00167fc700 1 -- 172.21.15.73:0/205176854 <== mon.0 v2:172.21.15.73:3300/0 1 ==== mon_map magic: 0 v1 ==== 229+0+0 (secure 0 0 0) 0x7f001c010760 con 0x7f0020076b90
2024-06-02T23:07:29.952 INFO:teuthology.orchestra.run.smithi073.stdout:/usr/bin/ceph: stderr
2024-06-02T23:07:29.008+0000 7f00167fc700 1 -- 172.21.15.73:0/205176854 <== mon.0 v2:172.21.15.73:3300/0 2 ==== config(27 keys) v1 ==== 1044+0+0 (secure 0 0 0) 0x7f001c010d50 con 0x7f0020076b90
2024-06-02T23:07:29.952 INFO:teuthology.orchestra.run.smithi073.stdout:/usr/bin/ceph: stderr
2024-06-02T23:07:29.008+0000 7f002806e700 1 -- 172.21.15.73:0/205176854 --> [v2:172.21.15.73:3300/0,v1:172.21.15.73:6789/0] -- mon_subscribe({mgrmap=0+}) v3 -- 0x7f0020111d20 con 0x7f0020076b90
2024-06-02T23:07:29.952 INFO:teuthology.orchestra.run.smithi073.stdout:/usr/bin/ceph: stderr
2024-06-02T23:07:29.008+0000 7f00167fc700 1 -- 172.21.15.73:0/205176854 <== mon.0 v2:172.21.15.73:3300/0 3 ==== mon_map magic: 0 v1 ==== 229+0+0 (secure 0 0 0) 0x7f001c01ae20 con 0x7f0020076b90
2024-06-02T23:07:29.952 INFO:teuthology.orchestra.run.smithi073.stdout:/usr/bin/ceph: stderr
2024-06-02T23:07:29.008+0000 7f002806e700 1 -- 172.21.15.73:0/205176854 --> [v2:172.21.15.73:3300/0,v1:172.21.15.73:6789/0] -- mon_subscribe({osdmap=0}) v3 -- 0x7f0020112890 con 0x7f0020076b90
2024-06-02T23:07:29.953 INFO:teuthology.orchestra.run.smithi073.stdout:/usr/bin/ceph: stderr
2024-06-02T23:07:29.009+0000 7f00167fc700 1 -- 172.21.15.73:0/205176854 <== mon.0 v2:172.21.15.73:3300/0 4 ==== mgrmap(e 8) v1 ==== 43376+0+0 (secure 0 0 0) 0x7f001c02e440 con 0x7f0020076b90
2024-06-02T23:07:29.953 INFO:teuthology.orchestra.run.smithi073.stdout:/usr/bin/ceph: stderr
2024-06-02T23:07:29.009+0000 7f002806e700 1 -- 172.21.15.73:0/205176854 --> [v2:172.21.15.73:3300/0,v1:172.21.15.73:6789/0] -- mon_command({"prefix": "get_command_descriptions"} v 0) v1 -- 0x7f002005f5c0 con 0x7f0020076b90
2024-06-02T23:07:29.953 INFO:teuthology.orchestra.run.smithi073.stdout:/usr/bin/ceph: stderr
2024-06-02T23:07:29.009+0000 7f00167fc700 1 --2- 172.21.15.73:0/205176854 >> [v2:172.21.15.73:6800/2209693107,v1:172.21.15.73:6801/2209693107] conn(0x7f000c0368a0 0x7f000c038d50 unknown :-1 s=NONE pgs=0 cs=0 l=1 rev1=0 crypto rx=0 tx=0 comp rx=0 tx=0).connect
2024-06-02T23:07:29.953 INFO:teuthology.orchestra.run.smithi073.stdout:/usr/bin/ceph: stderr
2024-06-02T23:07:29.009+0000 7f00167fc700 1 -- 172.21.15.73:0/205176854 <== mon.0 v2:172.21.15.73:3300/0 5 ==== osd_map(2..2 src has 1..2) v4 ==== 936+0+0 (secure 0 0 0) 0x7f001c04a700 con 0x7f0020076b90
2024-06-02T23:07:29.953 INFO:teuthology.orchestra.run.smithi073.stdout:/usr/bin/ceph: stderr
2024-06-02T23:07:29.009+0000 7f0025609700 1 --2- 172.21.15.73:0/205176854 >> [v2:172.21.15.73:6800/2209693107,v1:172.21.15.73:6801/2209693107] conn(0x7f000c0368a0 0x7f000c038d50 unknown :-1 s=BANNER_CONNECTING pgs=0 cs=0 l=1 rev1=0 crypto rx=0 tx=0 comp rx=0 tx=0)._handle_peer_banner_payload supported=3 required=0
2024-06-02T23:07:29.953 INFO:teuthology.orchestra.run.smithi073.stdout:/usr/bin/ceph: stderr
2024-06-02T23:07:29.010+0000 7f0025609700 1 --2- 172.21.15.73:0/205176854 >> [v2:172.21.15.73:6800/2209693107,v1:172.21.15.73:6801/2209693107] conn(0x7f000c0368a0 0x7f000c038d50 secure :-1 s=READY pgs=9 cs=0 l=1 rev1=1 crypto rx=0x7f0010009990 tx=0x7f0010006e40 comp rx=0 tx=0).ready entity=mgr.14118 client_cookie=0 server_cookie=0 in_seq=0 out_seq=0
2024-06-02T23:07:29.953 INFO:teuthology.orchestra.run.smithi073.stdout:/usr/bin/ceph: stderr
2024-06-02T23:07:29.014+0000 7f00167fc700 1 -- 172.21.15.73:0/205176854 <== mon.0 v2:172.21.15.73:3300/0 6 ==== mon_command_ack([{"prefix": "get_command_descriptions"}]=0 v0) v1 ==== 72+0+176702 (secure 0 0 0) 0x7f001c018940 con 0x7f0020076b90
2024-06-02T23:07:29.953 INFO:teuthology.orchestra.run.smithi073.stdout:/usr/bin/ceph: stderr
2024-06-02T23:07:29.201+0000 7f002806e700 1 -- 172.21.15.73:0/205176854 --> [v2:172.21.15.73:6800/2209693107,v1:172.21.15.73:6801/2209693107] -- mgr_command(tid 0: {"prefix": "cephadm generate-key", "target": ["mon-mgr", ""]}) v1 -- 0x7f00200fe0e0 con 0x7f000c0368a0
2024-06-02T23:07:29.953 INFO:teuthology.orchestra.run.smithi073.stdout:/usr/bin/ceph: stderr
2024-06-02T23:07:29.362+0000 7f00167fc700 1 -- 172.21.15.73:0/205176854 <== mgr.14118 v2:172.21.15.73:6800/2209693107 1 ==== mgr_command_reply(tid 0: 0 ) v1 ==== 8+0+0 (secure 0 0 0) 0x7f00200fe0e0 con 0x7f000c0368a0
2024-06-02T23:07:29.953 INFO:teuthology.orchestra.run.smithi073.stdout:/usr/bin/ceph: stderr
2024-06-02T23:07:29.364+0000 7f002806e700 1 -- 172.21.15.73:0/205176854 >> [v2:172.21.15.73:6800/2209693107,v1:172.21.15.73:6801/2209693107] conn(0x7f000c0368a0 msgr2=0x7f000c038d50 secure :-1 s=STATE_CONNECTION_ESTABLISHED l=1).mark_down
2024-06-02T23:07:29.953 INFO:teuthology.orchestra.run.smithi073.stdout:/usr/bin/ceph: stderr
2024-06-02T23:07:29.364+0000 7f002806e700 1 --2- 172.21.15.73:0/205176854 >> [v2:172.21.15.73:6800/2209693107,v1:172.21.15.73:6801/2209693107] conn(0x7f000c0368a0 0x7f000c038d50 secure :-1 s=READY pgs=9 cs=0 l=1 rev1=1 crypto rx=0x7f0010009990 tx=0x7f0010006e40 comp rx=0 tx=0).stop
2024-06-02T23:07:29.953 INFO:teuthology.orchestra.run.smithi073.stdout:/usr/bin/ceph: stderr
2024-06-02T23:07:29.364+0000 7f002806e700 1 -- 172.21.15.73:0/205176854 >> [v2:172.21.15.73:3300/0,v1:172.21.15.73:6789/0] conn(0x7f0020076b90 msgr2=0x7f00201115e0 secure :-1 s=STATE_CONNECTION_ESTABLISHED l=1).mark_down
2024-06-02T23:07:29.953 INFO:teuthology.orchestra.run.smithi073.stdout:/usr/bin/ceph: stderr
2024-06-02T23:07:29.364+0000 7f002806e700 1 --2- 172.21.15.73:0/205176854 >> [v2:172.21.15.73:3300/0,v1:172.21.15.73:6789/0] conn(0x7f0020076b90 0x7f00201115e0 secure :-1 s=READY pgs=40 cs=0 l=1 rev1=1 crypto rx=0x7f001c003050 tx=0x7f001c009250 comp rx=0 tx=0).stop
2024-06-02T23:07:29.954 INFO:teuthology.orchestra.run.smithi073.stdout:/usr/bin/ceph: stderr
2024-06-02T23:07:29.364+0000 7f002806e700 1 -- 172.21.15.73:0/205176854 shutdown_connections
2024-06-02T23:07:29.954 INFO:teuthology.orchestra.run.smithi073.stdout:/usr/bin/ceph: stderr
2024-06-02T23:07:29.364+0000 7f002806e700 1 --2- 172.21.15.73:0/205176854 >> [v2:172.21.15.73:6800/2209693107,v1:172.21.15.73:6801/2209693107] conn(0x7f000c0368a0 0x7f000c038d50 unknown :-1 s=CLOSED pgs=9 cs=0 l=1 rev1=1 crypto rx=0 tx=0 comp rx=0 tx=0).stop
2024-06-02T23:07:29.954 INFO:teuthology.orchestra.run.smithi073.stdout:/usr/bin/ceph: stderr
2024-06-02T23:07:29.364+0000 7f002806e700 1 --2- 172.21.15.73:0/205176854 >> [v2:172.21.15.73:3300/0,v1:172.21.15.73:6789/0] conn(0x7f0020076b90 0x7f00201115e0 unknown :-1 s=CLOSED pgs=40 cs=0 l=1 rev1=1 crypto rx=0 tx=0 comp rx=0 tx=0).stop
2024-06-02T23:07:29.954 INFO:teuthology.orchestra.run.smithi073.stdout:/usr/bin/ceph: stderr
2024-06-02T23:07:29.364+0000 7f002806e700 1 -- 172.21.15.73:0/205176854 >> 172.21.15.73:0/205176854 conn(0x7f00200fcef0 msgr2=0x7f00200fd9d0 unknown :-1 s=STATE_NONE l=0).mark_down
2024-06-02T23:07:29.954 INFO:teuthology.orchestra.run.smithi073.stdout:/usr/bin/ceph: stderr
2024-06-02T23:07:29.364+0000 7f002806e700 1 -- 172.21.15.73:0/205176854 shutdown_connections
2024-06-02T23:07:29.954 INFO:teuthology.orchestra.run.smithi073.stdout:/usr/bin/ceph: stderr
2024-06-02T23:07:29.365+0000 7f002806e700 1 -- 172.21.15.73:0/205176854 wait complete.
2024-06-02T23:07:30.429 INFO:journalctl@ceph.mon.smithi073.smithi073.stdout:Jun 02 23:07:30 smithi073 ceph-mon[29169]: from='client.14134 -' entity='client.admin' cmd=[{"prefix": "cephadm generate-key", "target": ["mon-mgr", ""]}]: dispatch
2024-06-02T23:07:30.429 INFO:journalctl@ceph.mon.smithi073.smithi073.stdout:Jun 02 23:07:30 smithi073 ceph-mon[29169]: Generating ssh key...
2024-06-02T23:07:30.429 INFO:journalctl@ceph.mon.smithi073.smithi073.stdout:Jun 02 23:07:30 smithi073 ceph-mon[29169]: from='mgr.14118 172.21.15.73:0/2890781445' entity='mgr.smithi073.ychjga'
2024-06-02T23:07:30.429 INFO:journalctl@ceph.mon.smithi073.smithi073.stdout:Jun 02 23:07:30 smithi073 ceph-mon[29169]: from='mgr.14118 172.21.15.73:0/2890781445' entity='mgr.smithi073.ychjga'
2024-06-02T23:07:31.098 INFO:teuthology.orchestra.run.smithi073.stdout:/usr/bin/ceph: stdout ssh-rsa AAAAB3NzaC1yc2EAAAADAQABAAABgQDBvwiA7grpcF1Nc5LEwY81+V3uuEPkJgvQOKVcbx/21pvMOuf8qzT0oUeBdJ3qwAskSuigSHxmN7ntWywXhmOV8SUvQwxhvhJw5k052vfwXEtC3l3/Dh1ZuFghpaDmjIIEkFSG6yaW38mnBz7EHpKA6uGV8QDu+aMLzgpfkZGXzJN/C1VTjrrwyGOZd5Fs2XZjPQAzhpSe00AimCu8bfa0wa8w02uVEVkAkghjYd59ekg1w9kystx5nu4G0Zl8C9/B3E8Vo3cJX5v0rFMcDftJE3hiCmaVZHcmZDDkJm/PrHLpf7MZzeomABpKBhwri4FQLHQFX0Ny8VrWWr4fVnAAwpUSp4rVUfum0Nfj8bRDNYKaNsly/zIBn8hjT3tCZQLFbai14l85sqa/HLy/7wW48YNG/WKzp5QrF94ZwdY1P2oE/SC+9gAHRfxv5jL3aLcOV/Pn6ZGFd2qjR2Y/oMJejK6U/FkAM9YyuakYPX160bZu82QjJrEph3BMVB3pItc= ceph-a86ab9a6-2134-11ef-bc9b-c7b262605968
2024-06-02T23:07:31.099 INFO:teuthology.orchestra.run.smithi073.stdout:/usr/bin/ceph: stderr
2024-06-02T23:07:30.348+0000 7f0381950700 1 Processor -- start
2024-06-02T23:07:31.099 INFO:teuthology.orchestra.run.smithi073.stdout:/usr/bin/ceph: stderr
2024-06-02T23:07:30.348+0000 7f0381950700 1 -- start start
2024-06-02T23:07:31.099 INFO:teuthology.orchestra.run.smithi073.stdout:/usr/bin/ceph: stderr
2024-06-02T23:07:30.348+0000 7f0381950700 1 --2- >> [v2:172.21.15.73:3300/0,v1:172.21.15.73:6789/0] conn(0x7f037c100c30 0x7f037c101040 unknown :-1 s=NONE pgs=0 cs=0 l=0 rev1=0 crypto rx=0 tx=0 comp rx=0 tx=0).connect
2024-06-02T23:07:31.099 INFO:teuthology.orchestra.run.smithi073.stdout:/usr/bin/ceph: stderr
2024-06-02T23:07:30.348+0000 7f0381950700 1 -- --> [v2:172.21.15.73:3300/0,v1:172.21.15.73:6789/0] -- mon_getmap magic: 0 v1 -- 0x7f037c101580 con 0x7f037c100c30
2024-06-02T23:07:31.099 INFO:teuthology.orchestra.run.smithi073.stdout:/usr/bin/ceph: stderr
2024-06-02T23:07:30.348+0000 7f037affd700 1 --2- >> [v2:172.21.15.73:3300/0,v1:172.21.15.73:6789/0] conn(0x7f037c100c30 0x7f037c101040 unknown :-1 s=BANNER_CONNECTING pgs=0 cs=0 l=0 rev1=0 crypto rx=0 tx=0 comp rx=0 tx=0)._handle_peer_banner_payload supported=3 required=0
2024-06-02T23:07:31.099 INFO:teuthology.orchestra.run.smithi073.stdout:/usr/bin/ceph: stderr
2024-06-02T23:07:30.348+0000 7f037affd700 1 --2- >> [v2:172.21.15.73:3300/0,v1:172.21.15.73:6789/0] conn(0x7f037c100c30 0x7f037c101040 unknown :-1 s=HELLO_CONNECTING pgs=0 cs=0 l=0 rev1=1 crypto rx=0 tx=0 comp rx=0 tx=0).handle_hello peer v2:172.21.15.73:3300/0 says I am v2:172.21.15.73:39914/0 (socket says 172.21.15.73:39914)
2024-06-02T23:07:31.099 INFO:teuthology.orchestra.run.smithi073.stdout:/usr/bin/ceph: stderr
2024-06-02T23:07:30.348+0000 7f037affd700 1 -- 172.21.15.73:0/2438472862 learned_addr learned my addr 172.21.15.73:0/2438472862 (peer_addr_for_me v2:172.21.15.73:0/0)
2024-06-02T23:07:31.099 INFO:teuthology.orchestra.run.smithi073.stdout:/usr/bin/ceph: stderr
2024-06-02T23:07:30.349+0000 7f037affd700 1 -- 172.21.15.73:0/2438472862 --> [v2:172.21.15.73:3300/0,v1:172.21.15.73:6789/0] -- mon_subscribe({config=0+,monmap=0+}) v3 -- 0x7f037c1016c0 con 0x7f037c100c30
2024-06-02T23:07:31.099 INFO:teuthology.orchestra.run.smithi073.stdout:/usr/bin/ceph: stderr
2024-06-02T23:07:30.349+0000 7f037affd700 1 --2- 172.21.15.73:0/2438472862 >> [v2:172.21.15.73:3300/0,v1:172.21.15.73:6789/0] conn(0x7f037c100c30 0x7f037c101040 secure :-1 s=READY pgs=41 cs=0 l=1 rev1=1 crypto rx=0x7f036c0098e0 tx=0x7f036c009250 comp rx=0 tx=0).ready entity=mon.0 client_cookie=e18e8d16a56b0581 server_cookie=0 in_seq=0 out_seq=0
2024-06-02T23:07:31.099 INFO:teuthology.orchestra.run.smithi073.stdout:/usr/bin/ceph: stderr
2024-06-02T23:07:30.349+0000 7f037a7fc700 1 -- 172.21.15.73:0/2438472862 <== mon.0 v2:172.21.15.73:3300/0 1 ==== mon_map magic: 0 v1 ==== 229+0+0 (secure 0 0 0) 0x7f036c00b860 con 0x7f037c100c30
2024-06-02T23:07:31.099 INFO:teuthology.orchestra.run.smithi073.stdout:/usr/bin/ceph: stderr
2024-06-02T23:07:30.349+0000 7f037a7fc700 1 -- 172.21.15.73:0/2438472862 <== mon.0 v2:172.21.15.73:3300/0 2 ==== config(27 keys) v1 ==== 1044+0+0 (secure 0 0 0) 0x7f036c00be50 con 0x7f037c100c30
2024-06-02T23:07:31.100 INFO:teuthology.orchestra.run.smithi073.stdout:/usr/bin/ceph: stderr
2024-06-02T23:07:30.349+0000 7f037a7fc700 1 -- 172.21.15.73:0/2438472862 <== mon.0 v2:172.21.15.73:3300/0 3 ==== mon_map magic: 0 v1 ==== 229+0+0 (secure 0 0 0) 0x7f036c010380 con 0x7f037c100c30
2024-06-02T23:07:31.100 INFO:teuthology.orchestra.run.smithi073.stdout:/usr/bin/ceph: stderr
2024-06-02T23:07:30.350+0000 7f0381950700 1 -- 172.21.15.73:0/2438472862 >> [v2:172.21.15.73:3300/0,v1:172.21.15.73:6789/0] conn(0x7f037c100c30 msgr2=0x7f037c101040 secure :-1 s=STATE_CONNECTION_ESTABLISHED l=1).mark_down
2024-06-02T23:07:31.100 INFO:teuthology.orchestra.run.smithi073.stdout:/usr/bin/ceph: stderr
2024-06-02T23:07:30.350+0000 7f0381950700 1 --2- 172.21.15.73:0/2438472862 >> [v2:172.21.15.73:3300/0,v1:172.21.15.73:6789/0] conn(0x7f037c100c30 0x7f037c101040 secure :-1 s=READY pgs=41 cs=0 l=1 rev1=1 crypto rx=0x7f036c0098e0 tx=0x7f036c009250 comp rx=0 tx=0).stop
2024-06-02T23:07:31.100 INFO:teuthology.orchestra.run.smithi073.stdout:/usr/bin/ceph: stderr
2024-06-02T23:07:30.350+0000 7f0381950700 1 -- 172.21.15.73:0/2438472862 shutdown_connections
2024-06-02T23:07:31.100 INFO:teuthology.orchestra.run.smithi073.stdout:/usr/bin/ceph: stderr
2024-06-02T23:07:30.350+0000 7f0381950700 1 --2- 172.21.15.73:0/2438472862 >> [v2:172.21.15.73:3300/0,v1:172.21.15.73:6789/0] conn(0x7f037c100c30 0x7f037c101040 unknown :-1 s=CLOSED pgs=41 cs=0 l=1 rev1=1 crypto rx=0 tx=0 comp rx=0 tx=0).stop
2024-06-02T23:07:31.100 INFO:teuthology.orchestra.run.smithi073.stdout:/usr/bin/ceph: stderr
2024-06-02T23:07:30.350+0000 7f0381950700 1 -- 172.21.15.73:0/2438472862 >> 172.21.15.73:0/2438472862 conn(0x7f037c0fc6f0 msgr2=0x7f037c0feb00 unknown :-1 s=STATE_NONE l=0).mark_down
2024-06-02T23:07:31.100 INFO:teuthology.orchestra.run.smithi073.stdout:/usr/bin/ceph: stderr
2024-06-02T23:07:30.350+0000 7f0381950700 1 -- 172.21.15.73:0/2438472862 shutdown_connections
2024-06-02T23:07:31.100 INFO:teuthology.orchestra.run.smithi073.stdout:/usr/bin/ceph: stderr
2024-06-02T23:07:30.350+0000 7f0381950700 1 -- 172.21.15.73:0/2438472862 wait complete.
2024-06-02T23:07:31.100 INFO:teuthology.orchestra.run.smithi073.stdout:/usr/bin/ceph: stderr
2024-06-02T23:07:30.350+0000 7f0381950700 1 Processor -- start
2024-06-02T23:07:31.100 INFO:teuthology.orchestra.run.smithi073.stdout:/usr/bin/ceph: stderr
2024-06-02T23:07:30.350+0000 7f0381950700 1 -- start start
2024-06-02T23:07:31.100 INFO:teuthology.orchestra.run.smithi073.stdout:/usr/bin/ceph: stderr
2024-06-02T23:07:30.351+0000 7f0381950700 1 --2- >> [v2:172.21.15.73:3300/0,v1:172.21.15.73:6789/0] conn(0x7f037c100c30 0x7f037c1115f0 unknown :-1 s=NONE pgs=0 cs=0 l=1 rev1=0 crypto rx=0 tx=0 comp rx=0 tx=0).connect
2024-06-02T23:07:31.100 INFO:teuthology.orchestra.run.smithi073.stdout:/usr/bin/ceph: stderr
2024-06-02T23:07:30.351+0000 7f0381950700 1 -- --> [v2:172.21.15.73:3300/0,v1:172.21.15.73:6789/0] -- mon_getmap magic: 0 v1 -- 0x7f037c111b30 con 0x7f037c100c30
2024-06-02T23:07:31.100 INFO:teuthology.orchestra.run.smithi073.stdout:/usr/bin/ceph: stderr
2024-06-02T23:07:30.351+0000 7f037affd700 1 --2- >> [v2:172.21.15.73:3300/0,v1:172.21.15.73:6789/0] conn(0x7f037c100c30 0x7f037c1115f0 unknown :-1 s=BANNER_CONNECTING pgs=0 cs=0 l=1 rev1=0 crypto rx=0 tx=0 comp rx=0 tx=0)._handle_peer_banner_payload supported=3 required=0
2024-06-02T23:07:31.101 INFO:teuthology.orchestra.run.smithi073.stdout:/usr/bin/ceph: stderr
2024-06-02T23:07:30.351+0000 7f037affd700 1 --2- >> [v2:172.21.15.73:3300/0,v1:172.21.15.73:6789/0] conn(0x7f037c100c30 0x7f037c1115f0 unknown :-1 s=HELLO_CONNECTING pgs=0 cs=0 l=1 rev1=1 crypto rx=0 tx=0 comp rx=0 tx=0).handle_hello peer v2:172.21.15.73:3300/0 says I am v2:172.21.15.73:39918/0 (socket says 172.21.15.73:39918)
2024-06-02T23:07:31.101 INFO:teuthology.orchestra.run.smithi073.stdout:/usr/bin/ceph: stderr
2024-06-02T23:07:30.351+0000 7f037affd700 1 -- 172.21.15.73:0/2670817377 learned_addr learned my addr 172.21.15.73:0/2670817377 (peer_addr_for_me v2:172.21.15.73:0/0)
2024-06-02T23:07:31.101 INFO:teuthology.orchestra.run.smithi073.stdout:/usr/bin/ceph: stderr
2024-06-02T23:07:30.351+0000 7f037affd700 1 -- 172.21.15.73:0/2670817377 --> [v2:172.21.15.73:3300/0,v1:172.21.15.73:6789/0] -- mon_subscribe({config=0+,monmap=0+}) v3 -- 0x7f036c0094f0 con 0x7f037c100c30
2024-06-02T23:07:31.101 INFO:teuthology.orchestra.run.smithi073.stdout:/usr/bin/ceph: stderr
2024-06-02T23:07:30.351+0000 7f037affd700 1 --2- 172.21.15.73:0/2670817377 >> [v2:172.21.15.73:3300/0,v1:172.21.15.73:6789/0] conn(0x7f037c100c30 0x7f037c1115f0 secure :-1 s=READY pgs=42 cs=0 l=1 rev1=1 crypto rx=0x7f036c006b00 tx=0x7f036c009250 comp rx=0 tx=0).ready entity=mon.0 client_cookie=0 server_cookie=0 in_seq=0 out_seq=0
2024-06-02T23:07:31.101 INFO:teuthology.orchestra.run.smithi073.stdout:/usr/bin/ceph: stderr
2024-06-02T23:07:30.351+0000 7f0373fff700 1 -- 172.21.15.73:0/2670817377 <== mon.0 v2:172.21.15.73:3300/0 1 ==== mon_map magic: 0 v1 ==== 229+0+0 (secure 0 0 0) 0x7f036c0107c0 con 0x7f037c100c30
2024-06-02T23:07:31.101 INFO:teuthology.orchestra.run.smithi073.stdout:/usr/bin/ceph: stderr
2024-06-02T23:07:30.351+0000 7f0373fff700 1 -- 172.21.15.73:0/2670817377 <== mon.0 v2:172.21.15.73:3300/0 2 ==== config(27 keys) v1 ==== 1044+0+0 (secure 0 0 0) 0x7f036c010db0 con 0x7f037c100c30
2024-06-02T23:07:31.101 INFO:teuthology.orchestra.run.smithi073.stdout:/usr/bin/ceph: stderr
2024-06-02T23:07:30.351+0000 7f0373fff700 1 -- 172.21.15.73:0/2670817377 <== mon.0 v2:172.21.15.73:3300/0 3 ==== mon_map magic: 0 v1 ==== 229+0+0 (secure 0 0 0) 0x7f036c01acf0 con 0x7f037c100c30
2024-06-02T23:07:31.101 INFO:teuthology.orchestra.run.smithi073.stdout:/usr/bin/ceph: stderr
2024-06-02T23:07:30.351+0000 7f0381950700 1 -- 172.21.15.73:0/2670817377 --> [v2:172.21.15.73:3300/0,v1:172.21.15.73:6789/0] -- mon_subscribe({mgrmap=0+}) v3 -- 0x7f037c111d30 con 0x7f037c100c30
2024-06-02T23:07:31.101 INFO:teuthology.orchestra.run.smithi073.stdout:/usr/bin/ceph: stderr
2024-06-02T23:07:30.351+0000 7f0381950700 1 -- 172.21.15.73:0/2670817377 --> [v2:172.21.15.73:3300/0,v1:172.21.15.73:6789/0] -- mon_subscribe({osdmap=0}) v3 -- 0x7f037c1128a0 con 0x7f037c100c30
2024-06-02T23:07:31.101 INFO:teuthology.orchestra.run.smithi073.stdout:/usr/bin/ceph: stderr
2024-06-02T23:07:30.352+0000 7f0373fff700 1 -- 172.21.15.73:0/2670817377 <== mon.0 v2:172.21.15.73:3300/0 4 ==== mgrmap(e 8) v1 ==== 43376+0+0 (secure 0 0 0) 0x7f036c0193c0 con 0x7f037c100c30
2024-06-02T23:07:31.101 INFO:teuthology.orchestra.run.smithi073.stdout:/usr/bin/ceph: stderr
2024-06-02T23:07:30.352+0000 7f0373fff700 1 --2- 172.21.15.73:0/2670817377 >> [v2:172.21.15.73:6800/2209693107,v1:172.21.15.73:6801/2209693107] conn(0x7f03680368a0 0x7f0368038d50 unknown :-1 s=NONE pgs=0 cs=0 l=1 rev1=0 crypto rx=0 tx=0 comp rx=0 tx=0).connect
2024-06-02T23:07:31.101 INFO:teuthology.orchestra.run.smithi073.stdout:/usr/bin/ceph: stderr
2024-06-02T23:07:30.352+0000 7f0381950700 1 -- 172.21.15.73:0/2670817377 --> [v2:172.21.15.73:3300/0,v1:172.21.15.73:6789/0] -- mon_command({"prefix": "get_command_descriptions"} v 0) v1 -- 0x7f037c05f5c0 con 0x7f037c100c30
2024-06-02T23:07:31.102 INFO:teuthology.orchestra.run.smithi073.stdout:/usr/bin/ceph: stderr
2024-06-02T23:07:30.352+0000 7f0373fff700 1 -- 172.21.15.73:0/2670817377 <== mon.0 v2:172.21.15.73:3300/0 5 ==== osd_map(2..2 src has 1..2) v4 ==== 936+0+0 (secure 0 0 0) 0x7f036c04a5b0 con 0x7f037c100c30
2024-06-02T23:07:31.102 INFO:teuthology.orchestra.run.smithi073.stdout:/usr/bin/ceph: stderr
2024-06-02T23:07:30.352+0000 7f03727fc700 1 --2- 172.21.15.73:0/2670817377 >> [v2:172.21.15.73:6800/2209693107,v1:172.21.15.73:6801/2209693107] conn(0x7f03680368a0 0x7f0368038d50 unknown :-1 s=BANNER_CONNECTING pgs=0 cs=0 l=1 rev1=0 crypto rx=0 tx=0 comp rx=0 tx=0)._handle_peer_banner_payload supported=3 required=0
2024-06-02T23:07:31.102 INFO:teuthology.orchestra.run.smithi073.stdout:/usr/bin/ceph: stderr
2024-06-02T23:07:30.353+0000 7f03727fc700 1 --2- 172.21.15.73:0/2670817377 >> [v2:172.21.15.73:6800/2209693107,v1:172.21.15.73:6801/2209693107] conn(0x7f03680368a0 0x7f0368038d50 secure :-1 s=READY pgs=10 cs=0 l=1 rev1=1 crypto rx=0x7f0364009990 tx=0x7f0364006e40 comp rx=0 tx=0).ready entity=mgr.14118 client_cookie=0 server_cookie=0 in_seq=0 out_seq=0
2024-06-02T23:07:31.102 INFO:teuthology.orchestra.run.smithi073.stdout:/usr/bin/ceph: stderr
2024-06-02T23:07:30.357+0000 7f0373fff700 1 -- 172.21.15.73:0/2670817377 <== mon.0 v2:172.21.15.73:3300/0 6 ==== mon_command_ack([{"prefix": "get_command_descriptions"}]=0 v0) v1 ==== 72+0+176702 (secure 0 0 0) 0x7f036c01a530 con 0x7f037c100c30
2024-06-02T23:07:31.102 INFO:teuthology.orchestra.run.smithi073.stdout:/usr/bin/ceph: stderr
2024-06-02T23:07:30.544+0000 7f0381950700 1 -- 172.21.15.73:0/2670817377 --> [v2:172.21.15.73:6800/2209693107,v1:172.21.15.73:6801/2209693107] -- mgr_command(tid 0: {"prefix": "cephadm get-pub-key", "target": ["mon-mgr", ""]}) v1 -- 0x7f037c0fd8b0 con 0x7f03680368a0
2024-06-02T23:07:31.102 INFO:teuthology.orchestra.run.smithi073.stdout:/usr/bin/ceph: stderr
2024-06-02T23:07:30.544+0000 7f0373fff700 1 -- 172.21.15.73:0/2670817377 <== mgr.14118 v2:172.21.15.73:6800/2209693107 1 ==== mgr_command_reply(tid 0: 0 ) v1 ==== 8+0+595 (secure 0 0 0) 0x7f037c0fd8b0 con 0x7f03680368a0
2024-06-02T23:07:31.102 INFO:teuthology.orchestra.run.smithi073.stdout:/usr/bin/ceph: stderr
2024-06-02T23:07:30.547+0000 7f0381950700 1 -- 172.21.15.73:0/2670817377 >> [v2:172.21.15.73:6800/2209693107,v1:172.21.15.73:6801/2209693107] conn(0x7f03680368a0 msgr2=0x7f0368038d50 secure :-1 s=STATE_CONNECTION_ESTABLISHED l=1).mark_down
2024-06-02T23:07:31.102 INFO:teuthology.orchestra.run.smithi073.stdout:/usr/bin/ceph: stderr
2024-06-02T23:07:30.547+0000 7f0381950700 1 --2- 172.21.15.73:0/2670817377 >> [v2:172.21.15.73:6800/2209693107,v1:172.21.15.73:6801/2209693107] conn(0x7f03680368a0 0x7f0368038d50 secure :-1 s=READY pgs=10 cs=0 l=1 rev1=1 crypto rx=0x7f0364009990 tx=0x7f0364006e40 comp rx=0 tx=0).stop
2024-06-02T23:07:31.102 INFO:teuthology.orchestra.run.smithi073.stdout:/usr/bin/ceph: stderr
2024-06-02T23:07:30.547+0000 7f0381950700 1 -- 172.21.15.73:0/2670817377 >> [v2:172.21.15.73:3300/0,v1:172.21.15.73:6789/0] conn(0x7f037c100c30 msgr2=0x7f037c1115f0 secure :-1 s=STATE_CONNECTION_ESTABLISHED l=1).mark_down
2024-06-02T23:07:31.102 INFO:teuthology.orchestra.run.smithi073.stdout:/usr/bin/ceph: stderr
2024-06-02T23:07:30.547+0000 7f0381950700 1 --2- 172.21.15.73:0/2670817377 >> [v2:172.21.15.73:3300/0,v1:172.21.15.73:6789/0] conn(0x7f037c100c30 0x7f037c1115f0 secure :-1 s=READY pgs=42 cs=0 l=1 rev1=1 crypto rx=0x7f036c006b00 tx=0x7f036c009250 comp rx=0 tx=0).stop
2024-06-02T23:07:31.102 INFO:teuthology.orchestra.run.smithi073.stdout:/usr/bin/ceph: stderr
2024-06-02T23:07:30.547+0000 7f0381950700 1 -- 172.21.15.73:0/2670817377 shutdown_connections
2024-06-02T23:07:31.102 INFO:teuthology.orchestra.run.smithi073.stdout:/usr/bin/ceph: stderr
2024-06-02T23:07:30.547+0000 7f0381950700 1 --2- 172.21.15.73:0/2670817377 >> [v2:172.21.15.73:6800/2209693107,v1:172.21.15.73:6801/2209693107] conn(0x7f03680368a0 0x7f0368038d50 unknown :-1 s=CLOSED pgs=10 cs=0 l=1 rev1=1 crypto rx=0 tx=0 comp rx=0 tx=0).stop
2024-06-02T23:07:31.102 INFO:teuthology.orchestra.run.smithi073.stdout:/usr/bin/ceph: stderr
2024-06-02T23:07:30.547+0000 7f0381950700 1 --2- 172.21.15.73:0/2670817377 >> [v2:172.21.15.73:3300/0,v1:172.21.15.73:6789/0] conn(0x7f037c100c30 0x7f037c1115f0 unknown :-1 s=CLOSED pgs=42 cs=0 l=1 rev1=1 crypto rx=0 tx=0 comp rx=0 tx=0).stop
2024-06-02T23:07:31.103 INFO:teuthology.orchestra.run.smithi073.stdout:/usr/bin/ceph: stderr
2024-06-02T23:07:30.547+0000 7f0381950700 1 -- 172.21.15.73:0/2670817377 >> 172.21.15.73:0/2670817377 conn(0x7f037c0fc6f0 msgr2=0x7f037c0fd1a0 unknown :-1 s=STATE_NONE l=0).mark_down
2024-06-02T23:07:31.103 INFO:teuthology.orchestra.run.smithi073.stdout:/usr/bin/ceph: stderr
2024-06-02T23:07:30.547+0000 7f0381950700 1 -- 172.21.15.73:0/2670817377 shutdown_connections
2024-06-02T23:07:31.103 INFO:teuthology.orchestra.run.smithi073.stdout:/usr/bin/ceph: stderr
2024-06-02T23:07:30.547+0000 7f0381950700 1 -- 172.21.15.73:0/2670817377 wait complete.
2024-06-02T23:07:31.103 INFO:teuthology.orchestra.run.smithi073.stdout:Wrote public SSH key to /home/ubuntu/cephtest/ceph.pub
2024-06-02T23:07:31.103 INFO:teuthology.orchestra.run.smithi073.stdout:Adding key to root@localhost authorized_keys...
2024-06-02T23:07:31.103 INFO:teuthology.orchestra.run.smithi073.stdout:Adding host smithi073...
2024-06-02T23:07:31.468 INFO:journalctl@ceph.mon.smithi073.smithi073.stdout:Jun 02 23:07:31 smithi073 ceph-mon[29169]: from='client.14136 -' entity='client.admin' cmd=[{"prefix": "cephadm get-pub-key", "target": ["mon-mgr", ""]}]: dispatch
2024-06-02T23:07:32.565 INFO:journalctl@ceph.mon.smithi073.smithi073.stdout:Jun 02 23:07:32 smithi073 ceph-mon[29169]: from='client.14138 -' entity='client.admin' cmd=[{"prefix": "orch host add", "hostname": "smithi073", "addr": "172.21.15.73", "target": ["mon-mgr", ""]}]: dispatch
2024-06-02T23:07:33.679 INFO:journalctl@ceph.mon.smithi073.smithi073.stdout:Jun 02 23:07:33 smithi073 ceph-mon[29169]: Deploying cephadm binary to smithi073
2024-06-02T23:07:34.081 INFO:teuthology.orchestra.run.smithi073.stdout:/usr/bin/ceph: stdout Added host 'smithi073' with addr '172.21.15.73'
2024-06-02T23:07:34.082 INFO:teuthology.orchestra.run.smithi073.stdout:/usr/bin/ceph: stderr
2024-06-02T23:07:31.494+0000 7fbca99ca700 1 Processor -- start
2024-06-02T23:07:34.082 INFO:teuthology.orchestra.run.smithi073.stdout:/usr/bin/ceph: stderr
2024-06-02T23:07:31.494+0000 7fbca99ca700 1 -- start start
2024-06-02T23:07:34.082 INFO:teuthology.orchestra.run.smithi073.stdout:/usr/bin/ceph: stderr
2024-06-02T23:07:31.494+0000 7fbca99ca700 1 --2- >> [v2:172.21.15.73:3300/0,v1:172.21.15.73:6789/0] conn(0x7fbca4101750 0x7fbca4101b60 unknown :-1 s=NONE pgs=0 cs=0 l=0 rev1=0 crypto rx=0 tx=0 comp rx=0 tx=0).connect
2024-06-02T23:07:34.082 INFO:teuthology.orchestra.run.smithi073.stdout:/usr/bin/ceph: stderr
2024-06-02T23:07:31.494+0000 7fbca99ca700 1 -- --> [v2:172.21.15.73:3300/0,v1:172.21.15.73:6789/0] -- mon_getmap magic: 0 v1 -- 0x7fbca41020a0 con 0x7fbca4101750
2024-06-02T23:07:34.082 INFO:teuthology.orchestra.run.smithi073.stdout:/usr/bin/ceph: stderr
2024-06-02T23:07:31.494+0000 7fbca2ffd700 1 --2- >> [v2:172.21.15.73:3300/0,v1:172.21.15.73:6789/0] conn(0x7fbca4101750 0x7fbca4101b60 unknown :-1 s=BANNER_CONNECTING pgs=0 cs=0 l=0 rev1=0 crypto rx=0 tx=0 comp rx=0 tx=0)._handle_peer_banner_payload supported=3 required=0
2024-06-02T23:07:34.082 INFO:teuthology.orchestra.run.smithi073.stdout:/usr/bin/ceph: stderr
2024-06-02T23:07:31.494+0000 7fbca2ffd700 1 --2- >> [v2:172.21.15.73:3300/0,v1:172.21.15.73:6789/0] conn(0x7fbca4101750 0x7fbca4101b60 unknown :-1 s=HELLO_CONNECTING pgs=0 cs=0 l=0 rev1=1 crypto rx=0 tx=0 comp rx=0 tx=0).handle_hello peer v2:172.21.15.73:3300/0 says I am v2:172.21.15.73:39928/0 (socket says 172.21.15.73:39928)
2024-06-02T23:07:34.082 INFO:teuthology.orchestra.run.smithi073.stdout:/usr/bin/ceph: stderr
2024-06-02T23:07:31.494+0000 7fbca2ffd700 1 -- 172.21.15.73:0/1633818926 learned_addr learned my addr 172.21.15.73:0/1633818926 (peer_addr_for_me v2:172.21.15.73:0/0)
2024-06-02T23:07:34.082 INFO:teuthology.orchestra.run.smithi073.stdout:/usr/bin/ceph: stderr
2024-06-02T23:07:31.495+0000 7fbca2ffd700 1 -- 172.21.15.73:0/1633818926 --> [v2:172.21.15.73:3300/0,v1:172.21.15.73:6789/0] -- mon_subscribe({config=0+,monmap=0+}) v3 -- 0x7fbca41021e0 con 0x7fbca4101750
2024-06-02T23:07:34.083 INFO:teuthology.orchestra.run.smithi073.stdout:/usr/bin/ceph: stderr
