2024-06-02T23:23:22.766+0000 7f1a277fe700 1 --2- 172.21.15.64:0/3942574316 >> [v2:172.21.15.64:3300/0,v1:172.21.15.64:6789/0] conn(0x7f1a28106210 0x7f1a2819d3c0 secure :-1 s=READY pgs=73 cs=0 l=1 rev1=1 crypto rx=0x7f1a1800d650 tx=0x7f1a18003fb0 comp rx=0 tx=0).ready entity=mon.0 client_cookie=0 server_cookie=0 in_seq=0 out_seq=0
2024-06-02T23:23:23.824 INFO:teuthology.orchestra.run.smithi064.stdout:/usr/bin/ceph: stderr
2024-06-02T23:23:22.767+0000 7f1a24ff9700 1 -- 172.21.15.64:0/3942574316 <== mon.0 v2:172.21.15.64:3300/0 1 ==== mon_map magic: 0 ==== 205+0+0 (secure 0 0 0) 0x7f1a180108a0 con 0x7f1a28106210
2024-06-02T23:23:23.824 INFO:teuthology.orchestra.run.smithi064.stdout:/usr/bin/ceph: stderr
2024-06-02T23:23:22.767+0000 7f1a24ff9700 1 -- 172.21.15.64:0/3942574316 <== mon.0 v2:172.21.15.64:3300/0 2 ==== config(26 keys) ==== 1102+0+0 (secure 0 0 0) 0x7f1a1801d070 con 0x7f1a28106210
2024-06-02T23:23:23.824 INFO:teuthology.orchestra.run.smithi064.stdout:/usr/bin/ceph: stderr
2024-06-02T23:23:22.767+0000 7f1a2e085700 1 -- 172.21.15.64:0/3942574316 --> [v2:172.21.15.64:3300/0,v1:172.21.15.64:6789/0] -- mon_subscribe({mgrmap=0+}) -- 0x7f1a2819db90 con 0x7f1a28106210
2024-06-02T23:23:23.825 INFO:teuthology.orchestra.run.smithi064.stdout:/usr/bin/ceph: stderr
2024-06-02T23:23:22.767+0000 7f1a24ff9700 1 -- 172.21.15.64:0/3942574316 <== mon.0 v2:172.21.15.64:3300/0 3 ==== mon_map magic: 0 ==== 205+0+0 (secure 0 0 0) 0x7f1a18021c60 con 0x7f1a28106210
2024-06-02T23:23:23.825 INFO:teuthology.orchestra.run.smithi064.stdout:/usr/bin/ceph: stderr
2024-06-02T23:23:22.767+0000 7f1a2e085700 1 -- 172.21.15.64:0/3942574316 --> [v2:172.21.15.64:3300/0,v1:172.21.15.64:6789/0] -- mon_subscribe({osdmap=0}) -- 0x7f1a2819df90 con 0x7f1a28106210
2024-06-02T23:23:23.825 INFO:teuthology.orchestra.run.smithi064.stdout:/usr/bin/ceph: stderr
2024-06-02T23:23:22.768+0000 7f1a24ff9700 1 -- 172.21.15.64:0/3942574316 <== mon.0 v2:172.21.15.64:3300/0 4 ==== mgrmap(e 12) ==== 46300+0+0 (secure 0 0 0) 0x7f1a1801f030 con 0x7f1a28106210
2024-06-02T23:23:23.825 INFO:teuthology.orchestra.run.smithi064.stdout:/usr/bin/ceph: stderr
2024-06-02T23:23:22.768+0000 7f1a2e085700 1 -- 172.21.15.64:0/3942574316 --> [v2:172.21.15.64:3300/0,v1:172.21.15.64:6789/0] -- mon_command({"prefix": "get_command_descriptions"} v 0) -- 0x7f1a28063af0 con 0x7f1a28106210
2024-06-02T23:23:23.825 INFO:teuthology.orchestra.run.smithi064.stdout:/usr/bin/ceph: stderr
2024-06-02T23:23:22.768+0000 7f1a24ff9700 1 --2- 172.21.15.64:0/3942574316 >> [v2:172.21.15.64:6800/3624165882,v1:172.21.15.64:6801/3624165882] conn(0x7f1a10039110 0x7f1a1003b5d0 unknown :-1 s=NONE pgs=0 cs=0 l=1 rev1=0 crypto rx=0 tx=0 comp rx=0 tx=0).connect
2024-06-02T23:23:23.825 INFO:teuthology.orchestra.run.smithi064.stdout:/usr/bin/ceph: stderr
2024-06-02T23:23:22.768+0000 7f1a24ff9700 1 -- 172.21.15.64:0/3942574316 <== mon.0 v2:172.21.15.64:3300/0 5 ==== osd_map(3..3 src has 1..3) ==== 1155+0+0 (secure 0 0 0) 0x7f1a1804d750 con 0x7f1a28106210
2024-06-02T23:23:23.825 INFO:teuthology.orchestra.run.smithi064.stdout:/usr/bin/ceph: stderr
2024-06-02T23:23:22.768+0000 7f1a26ffd700 1 --2- 172.21.15.64:0/3942574316 >> [v2:172.21.15.64:6800/3624165882,v1:172.21.15.64:6801/3624165882] conn(0x7f1a10039110 0x7f1a1003b5d0 unknown :-1 s=BANNER_CONNECTING pgs=0 cs=0 l=1 rev1=0 crypto rx=0 tx=0 comp rx=0 tx=0)._handle_peer_banner_payload supported=3 required=0
2024-06-02T23:23:23.825 INFO:teuthology.orchestra.run.smithi064.stdout:/usr/bin/ceph: stderr
2024-06-02T23:23:22.768+0000 7f1a26ffd700 1 --2- 172.21.15.64:0/3942574316 >> [v2:172.21.15.64:6800/3624165882,v1:172.21.15.64:6801/3624165882] conn(0x7f1a10039110 0x7f1a1003b5d0 secure :-1 s=READY pgs=8 cs=0 l=1 rev1=1 crypto rx=0x7f1a1c006fd0 tx=0x7f1a1c006e40 comp rx=0 tx=0).ready entity=mgr.14152 client_cookie=0 server_cookie=0 in_seq=0 out_seq=0
2024-06-02T23:23:23.825 INFO:teuthology.orchestra.run.smithi064.stdout:/usr/bin/ceph: stderr
2024-06-02T23:23:22.773+0000 7f1a24ff9700 1 -- 172.21.15.64:0/3942574316 <== mon.0 v2:172.21.15.64:3300/0 6 ==== mon_command_ack([{"prefix": "get_command_descriptions"}]=0 v0) ==== 72+0+186418 (secure 0 0 0) 0x7f1a18015070 con 0x7f1a28106210
2024-06-02T23:23:23.825 INFO:teuthology.orchestra.run.smithi064.stdout:/usr/bin/ceph: stderr
2024-06-02T23:23:23.003+0000 7f1a2e085700 1 -- 172.21.15.64:0/3942574316 --> [v2:172.21.15.64:6800/3624165882,v1:172.21.15.64:6801/3624165882] -- mgr_command(tid 0: {"prefix": "dashboard ac-user-create", "username": "admin", "rolename": "administrator", "force_password": true, "pwd_update_required": true, "target": ["mon-mgr", ""]}) -- 0x7f1a281a0950 con 0x7f1a10039110
2024-06-02T23:23:23.825 INFO:teuthology.orchestra.run.smithi064.stdout:/usr/bin/ceph: stderr
2024-06-02T23:23:23.249+0000 7f1a24ff9700 1 -- 172.21.15.64:0/3942574316 <== mgr.14152 v2:172.21.15.64:6800/3624165882 1 ==== mgr_command_reply(tid 0: 0 ) ==== 8+0+252 (secure 0 0 0) 0x7f1a281a0950 con 0x7f1a10039110
2024-06-02T23:23:23.825 INFO:teuthology.orchestra.run.smithi064.stdout:/usr/bin/ceph: stderr
2024-06-02T23:23:23.251+0000 7f1a2e085700 1 -- 172.21.15.64:0/3942574316 >> [v2:172.21.15.64:6800/3624165882,v1:172.21.15.64:6801/3624165882] conn(0x7f1a10039110 msgr2=0x7f1a1003b5d0 secure :-1 s=STATE_CONNECTION_ESTABLISHED l=1).mark_down
2024-06-02T23:23:23.825 INFO:teuthology.orchestra.run.smithi064.stdout:/usr/bin/ceph: stderr
2024-06-02T23:23:23.251+0000 7f1a2e085700 1 --2- 172.21.15.64:0/3942574316 >> [v2:172.21.15.64:6800/3624165882,v1:172.21.15.64:6801/3624165882] conn(0x7f1a10039110 0x7f1a1003b5d0 secure :-1 s=READY pgs=8 cs=0 l=1 rev1=1 crypto rx=0x7f1a1c006fd0 tx=0x7f1a1c006e40 comp rx=0 tx=0).stop
2024-06-02T23:23:23.826 INFO:teuthology.orchestra.run.smithi064.stdout:/usr/bin/ceph: stderr
2024-06-02T23:23:23.251+0000 7f1a2e085700 1 -- 172.21.15.64:0/3942574316 >> [v2:172.21.15.64:3300/0,v1:172.21.15.64:6789/0] conn(0x7f1a28106210 msgr2=0x7f1a2819d3c0 secure :-1 s=STATE_CONNECTION_ESTABLISHED l=1).mark_down
2024-06-02T23:23:23.826 INFO:teuthology.orchestra.run.smithi064.stdout:/usr/bin/ceph: stderr
2024-06-02T23:23:23.251+0000 7f1a2e085700 1 --2- 172.21.15.64:0/3942574316 >> [v2:172.21.15.64:3300/0,v1:172.21.15.64:6789/0] conn(0x7f1a28106210 0x7f1a2819d3c0 secure :-1 s=READY pgs=73 cs=0 l=1 rev1=1 crypto rx=0x7f1a1800d650 tx=0x7f1a18003fb0 comp rx=0 tx=0).stop
2024-06-02T23:23:23.826 INFO:teuthology.orchestra.run.smithi064.stdout:/usr/bin/ceph: stderr
2024-06-02T23:23:23.251+0000 7f1a2e085700 1 -- 172.21.15.64:0/3942574316 shutdown_connections
2024-06-02T23:23:23.826 INFO:teuthology.orchestra.run.smithi064.stdout:/usr/bin/ceph: stderr
2024-06-02T23:23:23.251+0000 7f1a2e085700 1 --2- 172.21.15.64:0/3942574316 >> [v2:172.21.15.64:6800/3624165882,v1:172.21.15.64:6801/3624165882] conn(0x7f1a10039110 0x7f1a1003b5d0 unknown :-1 s=CLOSED pgs=8 cs=0 l=1 rev1=1 crypto rx=0 tx=0 comp rx=0 tx=0).stop
2024-06-02T23:23:23.826 INFO:teuthology.orchestra.run.smithi064.stdout:/usr/bin/ceph: stderr
2024-06-02T23:23:23.251+0000 7f1a2e085700 1 --2- 172.21.15.64:0/3942574316 >> [v2:172.21.15.64:3300/0,v1:172.21.15.64:6789/0] conn(0x7f1a28106210 0x7f1a2819d3c0 unknown :-1 s=CLOSED pgs=73 cs=0 l=1 rev1=1 crypto rx=0 tx=0 comp rx=0 tx=0).stop
2024-06-02T23:23:23.826 INFO:teuthology.orchestra.run.smithi064.stdout:/usr/bin/ceph: stderr
2024-06-02T23:23:23.251+0000 7f1a2e085700 1 -- 172.21.15.64:0/3942574316 >> 172.21.15.64:0/3942574316 conn(0x7f1a281017d0 msgr2=0x7f1a2818f5d0 unknown :-1 s=STATE_NONE l=0).mark_down
2024-06-02T23:23:23.826 INFO:teuthology.orchestra.run.smithi064.stdout:/usr/bin/ceph: stderr
2024-06-02T23:23:23.252+0000 7f1a2e085700 1 -- 172.21.15.64:0/3942574316 shutdown_connections
2024-06-02T23:23:23.826 INFO:teuthology.orchestra.run.smithi064.stdout:/usr/bin/ceph: stderr
2024-06-02T23:23:23.252+0000 7f1a2e085700 1 -- 172.21.15.64:0/3942574316 wait complete.
2024-06-02T23:23:23.826 INFO:teuthology.orchestra.run.smithi064.stdout:Fetching dashboard port number...
2024-06-02T23:23:24.066 INFO:journalctl@ceph.mon.a.smithi064.stdout:Jun 02 23:23:23 smithi064 ceph-mon[29449]: from='mgr.14152 172.21.15.64:0/1156502741' entity='mgr.x'
2024-06-02T23:23:24.066 INFO:journalctl@ceph.mon.a.smithi064.stdout:Jun 02 23:23:23 smithi064 ceph-mon[29449]: from='client.14166 -' entity='client.admin' cmd=[{"prefix": "dashboard ac-user-create", "username": "admin", "rolename": "administrator", "force_password": true, "pwd_update_required": true, "target": ["mon-mgr", ""]}]: dispatch
2024-06-02T23:23:24.066 INFO:journalctl@ceph.mon.a.smithi064.stdout:Jun 02 23:23:23 smithi064 ceph-mon[29449]: from='mgr.14152 172.21.15.64:0/1156502741' entity='mgr.x'
2024-06-02T23:23:25.146 INFO:journalctl@ceph.mon.a.smithi064.stdout:Jun 02 23:23:24 smithi064 ceph-mon[29449]: from='client.? 172.21.15.64:0/2506205408' entity='client.admin' cmd=[{"prefix": "config get", "who": "mgr", "key": "mgr/dashboard/ssl_server_port"}]: dispatch
2024-06-02T23:23:25.146 INFO:journalctl@ceph.mon.a.smithi064.stdout:Jun 02 23:23:24 smithi064 ceph-mon[29449]: from='mgr.14152 172.21.15.64:0/1156502741' entity='mgr.x'
2024-06-02T23:23:25.154 INFO:teuthology.orchestra.run.smithi064.stdout:/usr/bin/ceph: stdout 8443
2024-06-02T23:23:25.154 INFO:teuthology.orchestra.run.smithi064.stdout:/usr/bin/ceph: stderr
2024-06-02T23:23:24.273+0000 7fef4c82b700 1 Processor -- start
2024-06-02T23:23:25.154 INFO:teuthology.orchestra.run.smithi064.stdout:/usr/bin/ceph: stderr
2024-06-02T23:23:24.273+0000 7fef4c82b700 1 -- start start
2024-06-02T23:23:25.154 INFO:teuthology.orchestra.run.smithi064.stdout:/usr/bin/ceph: stderr
2024-06-02T23:23:24.273+0000 7fef4c82b700 1 --2- >> [v2:172.21.15.64:3300/0,v1:172.21.15.64:6789/0] conn(0x7fef48106710 0x7fef48106b30 unknown :-1 s=NONE pgs=0 cs=0 l=0 rev1=0 crypto rx=0 tx=0 comp rx=0 tx=0).connect
2024-06-02T23:23:25.154 INFO:teuthology.orchestra.run.smithi064.stdout:/usr/bin/ceph: stderr
2024-06-02T23:23:24.273+0000 7fef4c82b700 1 -- --> [v2:172.21.15.64:3300/0,v1:172.21.15.64:6789/0] -- mon_getmap magic: 0 -- 0x7fef48107100 con 0x7fef48106710
2024-06-02T23:23:25.154 INFO:teuthology.orchestra.run.smithi064.stdout:/usr/bin/ceph: stderr
2024-06-02T23:23:24.274+0000 7fef4659c700 1 --2- >> [v2:172.21.15.64:3300/0,v1:172.21.15.64:6789/0] conn(0x7fef48106710 0x7fef48106b30 unknown :-1 s=BANNER_CONNECTING pgs=0 cs=0 l=0 rev1=0 crypto rx=0 tx=0 comp rx=0 tx=0)._handle_peer_banner_payload supported=3 required=0
2024-06-02T23:23:25.154 INFO:teuthology.orchestra.run.smithi064.stdout:/usr/bin/ceph: stderr
2024-06-02T23:23:24.274+0000 7fef4659c700 1 --2- >> [v2:172.21.15.64:3300/0,v1:172.21.15.64:6789/0] conn(0x7fef48106710 0x7fef48106b30 unknown :-1 s=HELLO_CONNECTING pgs=0 cs=0 l=0 rev1=1 crypto rx=0 tx=0 comp rx=0 tx=0).handle_hello peer v2:172.21.15.64:3300/0 says I am v2:172.21.15.64:41852/0 (socket says 172.21.15.64:41852)
2024-06-02T23:23:25.154 INFO:teuthology.orchestra.run.smithi064.stdout:/usr/bin/ceph: stderr
2024-06-02T23:23:24.274+0000 7fef4659c700 1 -- 172.21.15.64:0/2089748198 learned_addr learned my addr 172.21.15.64:0/2089748198 (peer_addr_for_me v2:172.21.15.64:0/0)
2024-06-02T23:23:25.155 INFO:teuthology.orchestra.run.smithi064.stdout:/usr/bin/ceph: stderr
2024-06-02T23:23:24.274+0000 7fef4659c700 1 -- 172.21.15.64:0/2089748198 --> [v2:172.21.15.64:3300/0,v1:172.21.15.64:6789/0] -- mon_subscribe({config=0+,monmap=0+}) -- 0x7fef48107430 con 0x7fef48106710
2024-06-02T23:23:25.155 INFO:teuthology.orchestra.run.smithi064.stdout:/usr/bin/ceph: stderr
2024-06-02T23:23:24.274+0000 7fef4659c700 1 --2- 172.21.15.64:0/2089748198 >> [v2:172.21.15.64:3300/0,v1:172.21.15.64:6789/0] conn(0x7fef48106710 0x7fef48106b30 secure :-1 s=READY pgs=74 cs=0 l=1 rev1=1 crypto rx=0x7fef300098a0 tx=0x7fef30009bb0 comp rx=0 tx=0).ready entity=mon.0 client_cookie=28943fd2178395a0 server_cookie=0 in_seq=0 out_seq=0
2024-06-02T23:23:25.155 INFO:teuthology.orchestra.run.smithi064.stdout:/usr/bin/ceph: stderr
2024-06-02T23:23:24.274+0000 7fef4559a700 1 -- 172.21.15.64:0/2089748198 <== mon.0 v2:172.21.15.64:3300/0 1 ==== mon_map magic: 0 ==== 205+0+0 (secure 0 0 0) 0x7fef30004160 con 0x7fef48106710
2024-06-02T23:23:25.155 INFO:teuthology.orchestra.run.smithi064.stdout:/usr/bin/ceph: stderr
2024-06-02T23:23:24.274+0000 7fef4559a700 1 -- 172.21.15.64:0/2089748198 <== mon.0 v2:172.21.15.64:3300/0 2 ==== config(26 keys) ==== 1102+0+0 (secure 0 0 0) 0x7fef30004300 con 0x7fef48106710
2024-06-02T23:23:25.155 INFO:teuthology.orchestra.run.smithi064.stdout:/usr/bin/ceph: stderr
2024-06-02T23:23:24.275+0000 7fef4559a700 1 -- 172.21.15.64:0/2089748198 <== mon.0 v2:172.21.15.64:3300/0 3 ==== mon_map magic: 0 ==== 205+0+0 (secure 0 0 0) 0x7fef30011a50 con 0x7fef48106710
2024-06-02T23:23:25.155 INFO:teuthology.orchestra.run.smithi064.stdout:/usr/bin/ceph: stderr
2024-06-02T23:23:24.275+0000 7fef4c82b700 1 -- 172.21.15.64:0/2089748198 >> [v2:172.21.15.64:3300/0,v1:172.21.15.64:6789/0] conn(0x7fef48106710 msgr2=0x7fef48106b30 secure :-1 s=STATE_CONNECTION_ESTABLISHED l=1).mark_down
2024-06-02T23:23:25.155 INFO:teuthology.orchestra.run.smithi064.stdout:/usr/bin/ceph: stderr
2024-06-02T23:23:24.275+0000 7fef4c82b700 1 --2- 172.21.15.64:0/2089748198 >> [v2:172.21.15.64:3300/0,v1:172.21.15.64:6789/0] conn(0x7fef48106710 0x7fef48106b30 secure :-1 s=READY pgs=74 cs=0 l=1 rev1=1 crypto rx=0x7fef300098a0 tx=0x7fef30009bb0 comp rx=0 tx=0).stop
2024-06-02T23:23:25.155 INFO:teuthology.orchestra.run.smithi064.stdout:/usr/bin/ceph: stderr
2024-06-02T23:23:24.275+0000 7fef4c82b700 1 -- 172.21.15.64:0/2089748198 shutdown_connections
2024-06-02T23:23:25.155 INFO:teuthology.orchestra.run.smithi064.stdout:/usr/bin/ceph: stderr
2024-06-02T23:23:24.276+0000 7fef4c82b700 1 --2- 172.21.15.64:0/2089748198 >> [v2:172.21.15.64:3300/0,v1:172.21.15.64:6789/0] conn(0x7fef48106710 0x7fef48106b30 unknown :-1 s=CLOSED pgs=74 cs=0 l=1 rev1=1 crypto rx=0 tx=0 comp rx=0 tx=0).stop
2024-06-02T23:23:25.155 INFO:teuthology.orchestra.run.smithi064.stdout:/usr/bin/ceph: stderr
2024-06-02T23:23:24.276+0000 7fef4c82b700 1 -- 172.21.15.64:0/2089748198 >> 172.21.15.64:0/2089748198 conn(0x7fef48100f50 msgr2=0x7fef48103370 unknown :-1 s=STATE_NONE l=0).mark_down
2024-06-02T23:23:25.155 INFO:teuthology.orchestra.run.smithi064.stdout:/usr/bin/ceph: stderr
2024-06-02T23:23:24.276+0000 7fef4c82b700 1 -- 172.21.15.64:0/2089748198 shutdown_connections
2024-06-02T23:23:25.155 INFO:teuthology.orchestra.run.smithi064.stdout:/usr/bin/ceph: stderr
2024-06-02T23:23:24.276+0000 7fef4c82b700 1 -- 172.21.15.64:0/2089748198 wait complete.
2024-06-02T23:23:25.155 INFO:teuthology.orchestra.run.smithi064.stdout:/usr/bin/ceph: stderr
2024-06-02T23:23:24.277+0000 7fef4c82b700 1 Processor -- start
2024-06-02T23:23:25.156 INFO:teuthology.orchestra.run.smithi064.stdout:/usr/bin/ceph: stderr
2024-06-02T23:23:24.277+0000 7fef4c82b700 1 -- start start
2024-06-02T23:23:25.156 INFO:teuthology.orchestra.run.smithi064.stdout:/usr/bin/ceph: stderr
2024-06-02T23:23:24.277+0000 7fef4c82b700 1 --2- >> [v2:172.21.15.64:3300/0,v1:172.21.15.64:6789/0] conn(0x7fef48106710 0x7fef48105d10 unknown :-1 s=NONE pgs=0 cs=0 l=1 rev1=0 crypto rx=0 tx=0 comp rx=0 tx=0).connect
2024-06-02T23:23:25.156 INFO:teuthology.orchestra.run.smithi064.stdout:/usr/bin/ceph: stderr
2024-06-02T23:23:24.277+0000 7fef4c82b700 1 -- --> [v2:172.21.15.64:3300/0,v1:172.21.15.64:6789/0] -- mon_getmap magic: 0 -- 0x7fef4810a7e0 con 0x7fef48106710
2024-06-02T23:23:25.156 INFO:teuthology.orchestra.run.smithi064.stdout:/usr/bin/ceph: stderr
2024-06-02T23:23:24.277+0000 7fef4659c700 1 --2- >> [v2:172.21.15.64:3300/0,v1:172.21.15.64:6789/0] conn(0x7fef48106710 0x7fef48105d10 unknown :-1 s=BANNER_CONNECTING pgs=0 cs=0 l=1 rev1=0 crypto rx=0 tx=0 comp rx=0 tx=0)._handle_peer_banner_payload supported=3 required=0
2024-06-02T23:23:25.156 INFO:teuthology.orchestra.run.smithi064.stdout:/usr/bin/ceph: stderr
2024-06-02T23:23:24.277+0000 7fef4659c700 1 --2- >> [v2:172.21.15.64:3300/0,v1:172.21.15.64:6789/0] conn(0x7fef48106710 0x7fef48105d10 unknown :-1 s=HELLO_CONNECTING pgs=0 cs=0 l=1 rev1=1 crypto rx=0 tx=0 comp rx=0 tx=0).handle_hello peer v2:172.21.15.64:3300/0 says I am v2:172.21.15.64:41860/0 (socket says 172.21.15.64:41860)
2024-06-02T23:23:25.156 INFO:teuthology.orchestra.run.smithi064.stdout:/usr/bin/ceph: stderr
2024-06-02T23:23:24.277+0000 7fef4659c700 1 -- 172.21.15.64:0/2506205408 learned_addr learned my addr 172.21.15.64:0/2506205408 (peer_addr_for_me v2:172.21.15.64:0/0)
2024-06-02T23:23:25.156 INFO:teuthology.orchestra.run.smithi064.stdout:/usr/bin/ceph: stderr
2024-06-02T23:23:24.277+0000 7fef4659c700 1 -- 172.21.15.64:0/2506205408 --> [v2:172.21.15.64:3300/0,v1:172.21.15.64:6789/0] -- mon_subscribe({config=0+,monmap=0+}) -- 0x7fef4819de60 con 0x7fef48106710
2024-06-02T23:23:25.156 INFO:teuthology.orchestra.run.smithi064.stdout:/usr/bin/ceph: stderr
2024-06-02T23:23:24.277+0000 7fef4659c700 1 --2- 172.21.15.64:0/2506205408 >> [v2:172.21.15.64:3300/0,v1:172.21.15.64:6789/0] conn(0x7fef48106710 0x7fef48105d10 secure :-1 s=READY pgs=75 cs=0 l=1 rev1=1 crypto rx=0x7fef30006b20 tx=0x7fef30011ad0 comp rx=0 tx=0).ready entity=mon.0 client_cookie=0 server_cookie=0 in_seq=0 out_seq=0
2024-06-02T23:23:25.156 INFO:teuthology.orchestra.run.smithi064.stdout:/usr/bin/ceph: stderr
2024-06-02T23:23:24.278+0000 7fef3f7fe700 1 -- 172.21.15.64:0/2506205408 <== mon.0 v2:172.21.15.64:3300/0 1 ==== mon_map magic: 0 ==== 205+0+0 (secure 0 0 0) 0x7fef30003b70 con 0x7fef48106710
2024-06-02T23:23:25.156 INFO:teuthology.orchestra.run.smithi064.stdout:/usr/bin/ceph: stderr
2024-06-02T23:23:24.278+0000 7fef3f7fe700 1 -- 172.21.15.64:0/2506205408 <== mon.0 v2:172.21.15.64:3300/0 2 ==== config(26 keys) ==== 1102+0+0 (secure 0 0 0) 0x7fef3001a8e0 con 0x7fef48106710
2024-06-02T23:23:25.156 INFO:teuthology.orchestra.run.smithi064.stdout:/usr/bin/ceph: stderr
2024-06-02T23:23:24.278+0000 7fef4c82b700 1 -- 172.21.15.64:0/2506205408 --> [v2:172.21.15.64:3300/0,v1:172.21.15.64:6789/0] -- mon_subscribe({mgrmap=0+}) -- 0x7fef4819e030 con 0x7fef48106710
2024-06-02T23:23:25.156 INFO:teuthology.orchestra.run.smithi064.stdout:/usr/bin/ceph: stderr
2024-06-02T23:23:24.278+0000 7fef3f7fe700 1 -- 172.21.15.64:0/2506205408 <== mon.0 v2:172.21.15.64:3300/0 3 ==== mon_map magic: 0 ==== 205+0+0 (secure 0 0 0) 0x7fef300249b0 con 0x7fef48106710
2024-06-02T23:23:25.156 INFO:teuthology.orchestra.run.smithi064.stdout:/usr/bin/ceph: stderr
2024-06-02T23:23:24.278+0000 7fef4c82b700 1 -- 172.21.15.64:0/2506205408 --> [v2:172.21.15.64:3300/0,v1:172.21.15.64:6789/0] -- mon_subscribe({osdmap=0}) -- 0x7fef4819e450 con 0x7fef48106710
2024-06-02T23:23:25.156 INFO:teuthology.orchestra.run.smithi064.stdout:/usr/bin/ceph: stderr
2024-06-02T23:23:24.279+0000 7fef3f7fe700 1 -- 172.21.15.64:0/2506205408 <== mon.0 v2:172.21.15.64:3300/0 4 ==== mgrmap(e 12) ==== 46300+0+0 (secure 0 0 0) 0x7fef30022020 con 0x7fef48106710
2024-06-02T23:23:25.157 INFO:teuthology.orchestra.run.smithi064.stdout:/usr/bin/ceph: stderr
2024-06-02T23:23:24.279+0000 7fef3f7fe700 1 --2- 172.21.15.64:0/2506205408 >> [v2:172.21.15.64:6800/3624165882,v1:172.21.15.64:6801/3624165882] conn(0x7fef340391c0 0x7fef3403b680 unknown :-1 s=NONE pgs=0 cs=0 l=1 rev1=0 crypto rx=0 tx=0 comp rx=0 tx=0).connect
2024-06-02T23:23:25.157 INFO:teuthology.orchestra.run.smithi064.stdout:/usr/bin/ceph: stderr
2024-06-02T23:23:24.279+0000 7fef3f7fe700 1 -- 172.21.15.64:0/2506205408 <== mon.0 v2:172.21.15.64:3300/0 5 ==== osd_map(3..3 src has 1..3) ==== 1155+0+0 (secure 0 0 0) 0x7fef3004d8f0 con 0x7fef48106710
2024-06-02T23:23:25.157 INFO:teuthology.orchestra.run.smithi064.stdout:/usr/bin/ceph: stderr
2024-06-02T23:23:24.279+0000 7fef45d9b700 1 --2- 172.21.15.64:0/2506205408 >> [v2:172.21.15.64:6800/3624165882,v1:172.21.15.64:6801/3624165882] conn(0x7fef340391c0 0x7fef3403b680 unknown :-1 s=BANNER_CONNECTING pgs=0 cs=0 l=1 rev1=0 crypto rx=0 tx=0 comp rx=0 tx=0)._handle_peer_banner_payload supported=3 required=0
2024-06-02T23:23:25.157 INFO:teuthology.orchestra.run.smithi064.stdout:/usr/bin/ceph: stderr
2024-06-02T23:23:24.279+0000 7fef4c82b700 1 -- 172.21.15.64:0/2506205408 --> [v2:172.21.15.64:3300/0,v1:172.21.15.64:6789/0] -- mon_command({"prefix": "get_command_descriptions"} v 0) -- 0x7fef48063af0 con 0x7fef48106710
2024-06-02T23:23:25.157 INFO:teuthology.orchestra.run.smithi064.stdout:/usr/bin/ceph: stderr
2024-06-02T23:23:24.280+0000 7fef45d9b700 1 --2- 172.21.15.64:0/2506205408 >> [v2:172.21.15.64:6800/3624165882,v1:172.21.15.64:6801/3624165882] conn(0x7fef340391c0 0x7fef3403b680 secure :-1 s=READY pgs=9 cs=0 l=1 rev1=1 crypto rx=0x7fef38006fd0 tx=0x7fef38006e40 comp rx=0 tx=0).ready entity=mgr.14152 client_cookie=0 server_cookie=0 in_seq=0 out_seq=0
2024-06-02T23:23:25.157 INFO:teuthology.orchestra.run.smithi064.stdout:/usr/bin/ceph: stderr
2024-06-02T23:23:24.284+0000 7fef3f7fe700 1 -- 172.21.15.64:0/2506205408 <== mon.0 v2:172.21.15.64:3300/0 6 ==== mon_command_ack([{"prefix": "get_command_descriptions"}]=0 v0) ==== 72+0+186418 (secure 0 0 0) 0x7fef3000b3e0 con 0x7fef48106710
2024-06-02T23:23:25.157 INFO:teuthology.orchestra.run.smithi064.stdout:/usr/bin/ceph: stderr
2024-06-02T23:23:24.524+0000 7fef4c82b700 1 -- 172.21.15.64:0/2506205408 --> [v2:172.21.15.64:3300/0,v1:172.21.15.64:6789/0] -- mon_command({"prefix": "config get", "who": "mgr", "key": "mgr/dashboard/ssl_server_port"} v 0) -- 0x7fef4819eae0 con 0x7fef48106710
2024-06-02T23:23:25.157 INFO:teuthology.orchestra.run.smithi064.stdout:/usr/bin/ceph: stderr
2024-06-02T23:23:24.525+0000 7fef3f7fe700 1 -- 172.21.15.64:0/2506205408 <== mon.0 v2:172.21.15.64:3300/0 7 ==== mon_command_ack([{"prefix": "config get", "who": "mgr", "key": "mgr/dashboard/ssl_server_port"}]=0 v8) ==== 112+0+5 (secure 0 0 0) 0x7fef30019e10 con 0x7fef48106710
2024-06-02T23:23:25.157 INFO:teuthology.orchestra.run.smithi064.stdout:/usr/bin/ceph: stderr
2024-06-02T23:23:24.527+0000 7fef4c82b700 1 -- 172.21.15.64:0/2506205408 >> [v2:172.21.15.64:6800/3624165882,v1:172.21.15.64:6801/3624165882] conn(0x7fef340391c0 msgr2=0x7fef3403b680 secure :-1 s=STATE_CONNECTION_ESTABLISHED l=1).mark_down
2024-06-02T23:23:25.157 INFO:teuthology.orchestra.run.smithi064.stdout:/usr/bin/ceph: stderr
2024-06-02T23:23:24.527+0000 7fef4c82b700 1 --2- 172.21.15.64:0/2506205408 >> [v2:172.21.15.64:6800/3624165882,v1:172.21.15.64:6801/3624165882] conn(0x7fef340391c0 0x7fef3403b680 secure :-1 s=READY pgs=9 cs=0 l=1 rev1=1 crypto rx=0x7fef38006fd0 tx=0x7fef38006e40 comp rx=0 tx=0).stop
2024-06-02T23:23:25.157 INFO:teuthology.orchestra.run.smithi064.stdout:/usr/bin/ceph: stderr
2024-06-02T23:23:24.527+0000 7fef4c82b700 1 -- 172.21.15.64:0/2506205408 >> [v2:172.21.15.64:3300/0,v1:172.21.15.64:6789/0] conn(0x7fef48106710 msgr2=0x7fef48105d10 secure :-1 s=STATE_CONNECTION_ESTABLISHED l=1).mark_down
2024-06-02T23:23:25.157 INFO:teuthology.orchestra.run.smithi064.stdout:/usr/bin/ceph: stderr
2024-06-02T23:23:24.527+0000 7fef4c82b700 1 --2- 172.21.15.64:0/2506205408 >> [v2:172.21.15.64:3300/0,v1:172.21.15.64:6789/0] conn(0x7fef48106710 0x7fef48105d10 secure :-1 s=READY pgs=75 cs=0 l=1 rev1=1 crypto rx=0x7fef30006b20 tx=0x7fef30011ad0 comp rx=0 tx=0).stop
2024-06-02T23:23:25.157 INFO:teuthology.orchestra.run.smithi064.stdout:/usr/bin/ceph: stderr
2024-06-02T23:23:24.527+0000 7fef4c82b700 1 -- 172.21.15.64:0/2506205408 shutdown_connections
2024-06-02T23:23:25.158 INFO:teuthology.orchestra.run.smithi064.stdout:/usr/bin/ceph: stderr
2024-06-02T23:23:24.527+0000 7fef4c82b700 1 --2- 172.21.15.64:0/2506205408 >> [v2:172.21.15.64:6800/3624165882,v1:172.21.15.64:6801/3624165882] conn(0x7fef340391c0 0x7fef3403b680 unknown :-1 s=CLOSED pgs=9 cs=0 l=1 rev1=1 crypto rx=0 tx=0 comp rx=0 tx=0).stop
2024-06-02T23:23:25.158 INFO:teuthology.orchestra.run.smithi064.stdout:/usr/bin/ceph: stderr
2024-06-02T23:23:24.527+0000 7fef4c82b700 1 --2- 172.21.15.64:0/2506205408 >> [v2:172.21.15.64:3300/0,v1:172.21.15.64:6789/0] conn(0x7fef48106710 0x7fef48105d10 unknown :-1 s=CLOSED pgs=75 cs=0 l=1 rev1=1 crypto rx=0 tx=0 comp rx=0 tx=0).stop
2024-06-02T23:23:25.158 INFO:teuthology.orchestra.run.smithi064.stdout:/usr/bin/ceph: stderr
2024-06-02T23:23:24.527+0000 7fef4c82b700 1 -- 172.21.15.64:0/2506205408 >> 172.21.15.64:0/2506205408 conn(0x7fef48100f50 msgr2=0x7fef48101920 unknown :-1 s=STATE_NONE l=0).mark_down
2024-06-02T23:23:25.158 INFO:teuthology.orchestra.run.smithi064.stdout:/usr/bin/ceph: stderr
2024-06-02T23:23:24.527+0000 7fef4c82b700 1 -- 172.21.15.64:0/2506205408 shutdown_connections
2024-06-02T23:23:25.158 INFO:teuthology.orchestra.run.smithi064.stdout:/usr/bin/ceph: stderr
2024-06-02T23:23:24.527+0000 7fef4c82b700 1 -- 172.21.15.64:0/2506205408 wait complete.
2024-06-02T23:23:25.161 INFO:teuthology.orchestra.run.smithi064.stdout:Non-zero exit code 1 from systemctl is-enabled firewalld.service
2024-06-02T23:23:25.161 INFO:teuthology.orchestra.run.smithi064.stdout:systemctl: stdout disabled
2024-06-02T23:23:25.171 INFO:teuthology.orchestra.run.smithi064.stdout:Non-zero exit code 3 from systemctl is-active firewalld.service
2024-06-02T23:23:25.171 INFO:teuthology.orchestra.run.smithi064.stdout:systemctl: stdout inactive
2024-06-02T23:23:25.171 INFO:teuthology.orchestra.run.smithi064.stdout:firewalld.service is not enabled
2024-06-02T23:23:25.171 INFO:teuthology.orchestra.run.smithi064.stdout:Not possible to open ports <[8443]>. firewalld.service is not available
2024-06-02T23:23:25.173 INFO:teuthology.orchestra.run.smithi064.stdout:Ceph Dashboard is now available at:
2024-06-02T23:23:25.173 INFO:teuthology.orchestra.run.smithi064.stdout:
2024-06-02T23:23:25.173 INFO:teuthology.orchestra.run.smithi064.stdout: URL: https://smithi064.front.sepia.ceph.com:8443/
2024-06-02T23:23:25.173 INFO:teuthology.orchestra.run.smithi064.stdout: User: admin
2024-06-02T23:23:25.173 INFO:teuthology.orchestra.run.smithi064.stdout: Password: em70744edc
2024-06-02T23:23:25.173 INFO:teuthology.orchestra.run.smithi064.stdout:
2024-06-02T23:23:25.173 INFO:teuthology.orchestra.run.smithi064.stdout:Saving cluster configuration to /var/lib/ceph/d4a0c0f4-2136-11ef-bc9b-c7b262605968/config directory
2024-06-02T23:23:25.174 INFO:teuthology.orchestra.run.smithi064.stdout:Enabling autotune for osd_memory_target
2024-06-02T23:23:26.380 INFO:teuthology.orchestra.run.smithi064.stdout:/usr/bin/ceph: stderr
2024-06-02T23:23:25.589+0000 7f9fbef69700 1 Processor -- start
2024-06-02T23:23:26.381 INFO:teuthology.orchestra.run.smithi064.stdout:/usr/bin/ceph: stderr
2024-06-02T23:23:25.589+0000 7f9fbef69700 1 -- start start
2024-06-02T23:23:26.381 INFO:teuthology.orchestra.run.smithi064.stdout:/usr/bin/ceph: stderr
2024-06-02T23:23:25.589+0000 7f9fbef69700 1 --2- >> [v2:172.21.15.64:3300/0,v1:172.21.15.64:6789/0] conn(0x7f9fb8107370 0x7f9fb8107790 unknown :-1 s=NONE pgs=0 cs=0 l=0 rev1=0 crypto rx=0 tx=0 comp rx=0 tx=0).connect
2024-06-02T23:23:26.381 INFO:teuthology.orchestra.run.smithi064.stdout:/usr/bin/ceph: stderr
2024-06-02T23:23:25.589+0000 7f9fbef69700 1 -- --> [v2:172.21.15.64:3300/0,v1:172.21.15.64:6789/0] -- mon_getmap magic: 0 -- 0x7f9fb8107d60 con 0x7f9fb8107370
2024-06-02T23:23:26.381 INFO:teuthology.orchestra.run.smithi064.stdout:/usr/bin/ceph: stderr
2024-06-02T23:23:25.589+0000 7f9fbcd05700 1 --2- >> [v2:172.21.15.64:3300/0,v1:172.21.15.64:6789/0] conn(0x7f9fb8107370 0x7f9fb8107790 unknown :-1 s=BANNER_CONNECTING pgs=0 cs=0 l=0 rev1=0 crypto rx=0 tx=0 comp rx=0 tx=0)._handle_peer_banner_payload supported=3 required=0
2024-06-02T23:23:26.381 INFO:teuthology.orchestra.run.smithi064.stdout:/usr/bin/ceph: stderr
2024-06-02T23:23:25.589+0000 7f9fbcd05700 1 --2- >> [v2:172.21.15.64:3300/0,v1:172.21.15.64:6789/0] conn(0x7f9fb8107370 0x7f9fb8107790 unknown :-1 s=HELLO_CONNECTING pgs=0 cs=0 l=0 rev1=1 crypto rx=0 tx=0 comp rx=0 tx=0).handle_hello peer v2:172.21.15.64:3300/0 says I am v2:172.21.15.64:41870/0 (socket says 172.21.15.64:41870)
2024-06-02T23:23:26.381 INFO:teuthology.orchestra.run.smithi064.stdout:/usr/bin/ceph: stderr
2024-06-02T23:23:25.589+0000 7f9fbcd05700 1 -- 172.21.15.64:0/2538277145 learned_addr learned my addr 172.21.15.64:0/2538277145 (peer_addr_for_me v2:172.21.15.64:0/0)
2024-06-02T23:23:26.381 INFO:teuthology.orchestra.run.smithi064.stdout:/usr/bin/ceph: stderr
2024-06-02T23:23:25.589+0000 7f9fbcd05700 1 -- 172.21.15.64:0/2538277145 --> [v2:172.21.15.64:3300/0,v1:172.21.15.64:6789/0] -- mon_subscribe({config=0+,monmap=0+}) -- 0x7f9fb8108520 con 0x7f9fb8107370
2024-06-02T23:23:26.381 INFO:teuthology.orchestra.run.smithi064.stdout:/usr/bin/ceph: stderr
2024-06-02T23:23:25.590+0000 7f9fbcd05700 1 --2- 172.21.15.64:0/2538277145 >> [v2:172.21.15.64:3300/0,v1:172.21.15.64:6789/0] conn(0x7f9fb8107370 0x7f9fb8107790 secure :-1 s=READY pgs=76 cs=0 l=1 rev1=1 crypto rx=0x7f9fac0098a0 tx=0x7f9fac009bb0 comp rx=0 tx=0).ready entity=mon.0 client_cookie=c1bdb4d79463e403 server_cookie=0 in_seq=0 out_seq=0
2024-06-02T23:23:26.381 INFO:teuthology.orchestra.run.smithi064.stdout:/usr/bin/ceph: stderr
2024-06-02T23:23:25.590+0000 7f9fb77fe700 1 -- 172.21.15.64:0/2538277145 <== mon.0 v2:172.21.15.64:3300/0 1 ==== mon_map magic: 0 ==== 205+0+0 (secure 0 0 0) 0x7f9fac004160 con 0x7f9fb8107370
2024-06-02T23:23:26.381 INFO:teuthology.orchestra.run.smithi064.stdout:/usr/bin/ceph: stderr
2024-06-02T23:23:25.590+0000 7f9fb77fe700 1 -- 172.21.15.64:0/2538277145 <== mon.0 v2:172.21.15.64:3300/0 2 ==== config(26 keys) ==== 1102+0+0 (secure 0 0 0) 0x7f9fac004300 con 0x7f9fb8107370
2024-06-02T23:23:26.381 INFO:teuthology.orchestra.run.smithi064.stdout:/usr/bin/ceph: stderr
2024-06-02T23:23:25.590+0000 7f9fb77fe700 1 -- 172.21.15.64:0/2538277145 <== mon.0 v2:172.21.15.64:3300/0 3 ==== mon_map magic: 0 ==== 205+0+0 (secure 0 0 0) 0x7f9fac011a50 con 0x7f9fb8107370
2024-06-02T23:23:26.381 INFO:teuthology.orchestra.run.smithi064.stdout:/usr/bin/ceph: stderr
2024-06-02T23:23:25.590+0000 7f9fbef69700 1 -- 172.21.15.64:0/2538277145 >> [v2:172.21.15.64:3300/0,v1:172.21.15.64:6789/0] conn(0x7f9fb8107370 msgr2=0x7f9fb8107790 secure :-1 s=STATE_CONNECTION_ESTABLISHED l=1).mark_down
2024-06-02T23:23:26.382 INFO:teuthology.orchestra.run.smithi064.stdout:/usr/bin/ceph: stderr
2024-06-02T23:23:25.590+0000 7f9fbef69700 1 --2- 172.21.15.64:0/2538277145 >> [v2:172.21.15.64:3300/0,v1:172.21.15.64:6789/0] conn(0x7f9fb8107370 0x7f9fb8107790 secure :-1 s=READY pgs=76 cs=0 l=1 rev1=1 crypto rx=0x7f9fac0098a0 tx=0x7f9fac009bb0 comp rx=0 tx=0).stop
2024-06-02T23:23:26.382 INFO:teuthology.orchestra.run.smithi064.stdout:/usr/bin/ceph: stderr
2024-06-02T23:23:25.591+0000 7f9fbef69700 1 -- 172.21.15.64:0/2538277145 shutdown_connections
2024-06-02T23:23:26.382 INFO:teuthology.orchestra.run.smithi064.stdout:/usr/bin/ceph: stderr
2024-06-02T23:23:25.591+0000 7f9fbef69700 1 --2- 172.21.15.64:0/2538277145 >> [v2:172.21.15.64:3300/0,v1:172.21.15.64:6789/0] conn(0x7f9fb8107370 0x7f9fb8107790 unknown :-1 s=CLOSED pgs=76 cs=0 l=1 rev1=1 crypto rx=0 tx=0 comp rx=0 tx=0).stop
2024-06-02T23:23:26.382 INFO:teuthology.orchestra.run.smithi064.stdout:/usr/bin/ceph: stderr
2024-06-02T23:23:25.591+0000 7f9fbef69700 1 -- 172.21.15.64:0/2538277145 >> 172.21.15.64:0/2538277145 conn(0x7f9fb8102910 msgr2=0x7f9fb8104d50 unknown :-1 s=STATE_NONE l=0).mark_down
2024-06-02T23:23:26.382 INFO:teuthology.orchestra.run.smithi064.stdout:/usr/bin/ceph: stderr
2024-06-02T23:23:25.591+0000 7f9fbef69700 1 -- 172.21.15.64:0/2538277145 shutdown_connections
2024-06-02T23:23:26.382 INFO:teuthology.orchestra.run.smithi064.stdout:/usr/bin/ceph: stderr
2024-06-02T23:23:25.591+0000 7f9fbef69700 1 -- 172.21.15.64:0/2538277145 wait complete.
2024-06-02T23:23:26.382 INFO:teuthology.orchestra.run.smithi064.stdout:/usr/bin/ceph: stderr
2024-06-02T23:23:25.591+0000 7f9fbef69700 1 Processor -- start
2024-06-02T23:23:26.382 INFO:teuthology.orchestra.run.smithi064.stdout:/usr/bin/ceph: stderr
2024-06-02T23:23:25.591+0000 7f9fbef69700 1 -- start start
2024-06-02T23:23:26.382 INFO:teuthology.orchestra.run.smithi064.stdout:/usr/bin/ceph: stderr
2024-06-02T23:23:25.591+0000 7f9fbef69700 1 --2- >> [v2:172.21.15.64:3300/0,v1:172.21.15.64:6789/0] conn(0x7f9fb8107370 0x7f9fb819b130 unknown :-1 s=NONE pgs=0 cs=0 l=1 rev1=0 crypto rx=0 tx=0 comp rx=0 tx=0).connect
2024-06-02T23:23:26.382 INFO:teuthology.orchestra.run.smithi064.stdout:/usr/bin/ceph: stderr
2024-06-02T23:23:25.591+0000 7f9fbef69700 1 -- --> [v2:172.21.15.64:3300/0,v1:172.21.15.64:6789/0] -- mon_getmap magic: 0 -- 0x7f9fb810b8d0 con 0x7f9fb8107370
2024-06-02T23:23:26.382 INFO:teuthology.orchestra.run.smithi064.stdout:/usr/bin/ceph: stderr
2024-06-02T23:23:25.592+0000 7f9fbcd05700 1 --2- >> [v2:172.21.15.64:3300/0,v1:172.21.15.64:6789/0] conn(0x7f9fb8107370 0x7f9fb819b130 unknown :-1 s=BANNER_CONNECTING pgs=0 cs=0 l=1 rev1=0 crypto rx=0 tx=0 comp rx=0 tx=0)._handle_peer_banner_payload supported=3 required=0
2024-06-02T23:23:26.382 INFO:teuthology.orchestra.run.smithi064.stdout:/usr/bin/ceph: stderr
2024-06-02T23:23:25.592+0000 7f9fbcd05700 1 --2- >> [v2:172.21.15.64:3300/0,v1:172.21.15.64:6789/0] conn(0x7f9fb8107370 0x7f9fb819b130 unknown :-1 s=HELLO_CONNECTING pgs=0 cs=0 l=1 rev1=1 crypto rx=0 tx=0 comp rx=0 tx=0).handle_hello peer v2:172.21.15.64:3300/0 says I am v2:172.21.15.64:41874/0 (socket says 172.21.15.64:41874)
2024-06-02T23:23:26.383 INFO:teuthology.orchestra.run.smithi064.stdout:/usr/bin/ceph: stderr
2024-06-02T23:23:25.592+0000 7f9fbcd05700 1 -- 172.21.15.64:0/3605145774 learned_addr learned my addr 172.21.15.64:0/3605145774 (peer_addr_for_me v2:172.21.15.64:0/0)
2024-06-02T23:23:26.383 INFO:teuthology.orchestra.run.smithi064.stdout:/usr/bin/ceph: stderr
2024-06-02T23:23:25.592+0000 7f9fbcd05700 1 -- 172.21.15.64:0/3605145774 --> [v2:172.21.15.64:3300/0,v1:172.21.15.64:6789/0] -- mon_subscribe({config=0+,monmap=0+}) -- 0x7f9fb819b670 con 0x7f9fb8107370
2024-06-02T23:23:26.383 INFO:teuthology.orchestra.run.smithi064.stdout:/usr/bin/ceph: stderr
2024-06-02T23:23:25.592+0000 7f9fbcd05700 1 --2- 172.21.15.64:0/3605145774 >> [v2:172.21.15.64:3300/0,v1:172.21.15.64:6789/0] conn(0x7f9fb8107370 0x7f9fb819b130 secure :-1 s=READY pgs=77 cs=0 l=1 rev1=1 crypto rx=0x7f9fac006b20 tx=0x7f9fac011ad0 comp rx=0 tx=0).ready entity=mon.0 client_cookie=0 server_cookie=0 in_seq=0 out_seq=0
2024-06-02T23:23:26.383 INFO:teuthology.orchestra.run.smithi064.stdout:/usr/bin/ceph: stderr
2024-06-02T23:23:25.592+0000 7f9fb5ffb700 1 -- 172.21.15.64:0/3605145774 <== mon.0 v2:172.21.15.64:3300/0 1 ==== mon_map magic: 0 ==== 205+0+0 (secure 0 0 0) 0x7f9fac0039e0 con 0x7f9fb8107370
2024-06-02T23:23:26.383 INFO:teuthology.orchestra.run.smithi064.stdout:/usr/bin/ceph: stderr
2024-06-02T23:23:25.592+0000 7f9fb5ffb700 1 -- 172.21.15.64:0/3605145774 <== mon.0 v2:172.21.15.64:3300/0 2 ==== config(26 keys) ==== 1102+0+0 (secure 0 0 0) 0x7f9fac01a8e0 con 0x7f9fb8107370
2024-06-02T23:23:26.383 INFO:teuthology.orchestra.run.smithi064.stdout:/usr/bin/ceph: stderr
2024-06-02T23:23:25.592+0000 7f9fb5ffb700 1 -- 172.21.15.64:0/3605145774 <== mon.0 v2:172.21.15.64:3300/0 3 ==== mon_map magic: 0 ==== 205+0+0 (secure 0 0 0) 0x7f9fac0247e0 con 0x7f9fb8107370
2024-06-02T23:23:26.383 INFO:teuthology.orchestra.run.smithi064.stdout:/usr/bin/ceph: stderr
2024-06-02T23:23:25.592+0000 7f9fbef69700 1 -- 172.21.15.64:0/3605145774 --> [v2:172.21.15.64:3300/0,v1:172.21.15.64:6789/0] -- mon_subscribe({mgrmap=0+}) -- 0x7f9fb819b900 con 0x7f9fb8107370
2024-06-02T23:23:26.383 INFO:teuthology.orchestra.run.smithi064.stdout:/usr/bin/ceph: stderr
2024-06-02T23:23:25.593+0000 7f9fbef69700 1 -- 172.21.15.64:0/3605145774 --> [v2:172.21.15.64:3300/0,v1:172.21.15.64:6789/0] -- mon_subscribe({osdmap=0}) -- 0x7f9fb819e5f0 con 0x7f9fb8107370
2024-06-02T23:23:26.383 INFO:teuthology.orchestra.run.smithi064.stdout:/usr/bin/ceph: stderr
2024-06-02T23:23:25.593+0000 7f9fb5ffb700 1 -- 172.21.15.64:0/3605145774 <== mon.0 v2:172.21.15.64:3300/0 4 ==== mgrmap(e 12) ==== 46300+0+0 (secure 0 0 0) 0x7f9fac022020 con 0x7f9fb8107370
2024-06-02T23:23:26.383 INFO:teuthology.orchestra.run.smithi064.stdout:/usr/bin/ceph: stderr
2024-06-02T23:23:25.594+0000 7f9fb5ffb700 1 --2- 172.21.15.64:0/3605145774 >> [v2:172.21.15.64:6800/3624165882,v1:172.21.15.64:6801/3624165882] conn(0x7f9fa8039160 0x7f9fa803b620 unknown :-1 s=NONE pgs=0 cs=0 l=1 rev1=0 crypto rx=0 tx=0 comp rx=0 tx=0).connect
2024-06-02T23:23:26.383 INFO:teuthology.orchestra.run.smithi064.stdout:/usr/bin/ceph: stderr
2024-06-02T23:23:25.594+0000 7f9fbef69700 1 -- 172.21.15.64:0/3605145774 --> [v2:172.21.15.64:3300/0,v1:172.21.15.64:6789/0] -- mon_command({"prefix": "get_command_descriptions"} v 0) -- 0x7f9fb8063af0 con 0x7f9fb8107370
2024-06-02T23:23:26.383 INFO:teuthology.orchestra.run.smithi064.stdout:/usr/bin/ceph: stderr
2024-06-02T23:23:25.594+0000 7f9fb5ffb700 1 -- 172.21.15.64:0/3605145774 <== mon.0 v2:172.21.15.64:3300/0 5 ==== osd_map(3..3 src has 1..3) ==== 1155+0+0 (secure 0 0 0) 0x7f9fac04d760 con 0x7f9fb8107370
2024-06-02T23:23:26.384 INFO:teuthology.orchestra.run.smithi064.stdout:/usr/bin/ceph: stderr
2024-06-02T23:23:25.594+0000 7f9fb7fff700 1 --2- 172.21.15.64:0/3605145774 >> [v2:172.21.15.64:6800/3624165882,v1:172.21.15.64:6801/3624165882] conn(0x7f9fa8039160 0x7f9fa803b620 unknown :-1 s=BANNER_CONNECTING pgs=0 cs=0 l=1 rev1=0 crypto rx=0 tx=0 comp rx=0 tx=0)._handle_peer_banner_payload supported=3 required=0
2024-06-02T23:23:26.384 INFO:teuthology.orchestra.run.smithi064.stdout:/usr/bin/ceph: stderr
2024-06-02T23:23:25.594+0000 7f9fb7fff700 1 --2- 172.21.15.64:0/3605145774 >> [v2:172.21.15.64:6800/3624165882,v1:172.21.15.64:6801/3624165882] conn(0x7f9fa8039160 0x7f9fa803b620 secure :-1 s=READY pgs=10 cs=0 l=1 rev1=1 crypto rx=0x7f9fa4006fd0 tx=0x7f9fa4006e40 comp rx=0 tx=0).ready entity=mgr.14152 client_cookie=0 server_cookie=0 in_seq=0 out_seq=0
2024-06-02T23:23:26.384 INFO:teuthology.orchestra.run.smithi064.stdout:/usr/bin/ceph: stderr
2024-06-02T23:23:25.599+0000 7f9fb5ffb700 1 -- 172.21.15.64:0/3605145774 <== mon.0 v2:172.21.15.64:3300/0 6 ==== mon_command_ack([{"prefix": "get_command_descriptions"}]=0 v0) ==== 72+0+186418 (secure 0 0 0) 0x7f9fac01aa90 con 0x7f9fb8107370
2024-06-02T23:23:26.384 INFO:teuthology.orchestra.run.smithi064.stdout:/usr/bin/ceph: stderr
2024-06-02T23:23:25.815+0000 7f9fbef69700 1 -- 172.21.15.64:0/3605145774 --> [v2:172.21.15.64:3300/0,v1:172.21.15.64:6789/0] -- mon_command([{prefix=config set, name=osd_memory_target_autotune}] v 0) -- 0x7f9fb819ebe0 con 0x7f9fb8107370
2024-06-02T23:23:26.384 INFO:teuthology.orchestra.run.smithi064.stdout:/usr/bin/ceph: stderr
2024-06-02T23:23:25.815+0000 7f9fb5ffb700 1 -- 172.21.15.64:0/3605145774 <== mon.0 v2:172.21.15.64:3300/0 7 ==== mon_command_ack([{prefix=config set, name=osd_memory_target_autotune}]=0 v8)=0 v8) ==== 127+0+0 (secure 0 0 0) 0x7f9fac0320c0 con 0x7f9fb8107370
2024-06-02T23:23:26.384 INFO:teuthology.orchestra.run.smithi064.stdout:/usr/bin/ceph: stderr
2024-06-02T23:23:25.817+0000 7f9fbef69700 1 -- 172.21.15.64:0/3605145774 >> [v2:172.21.15.64:6800/3624165882,v1:172.21.15.64:6801/3624165882] conn(0x7f9fa8039160 msgr2=0x7f9fa803b620 secure :-1 s=STATE_CONNECTION_ESTABLISHED l=1).mark_down
2024-06-02T23:23:26.384 INFO:teuthology.orchestra.run.smithi064.stdout:/usr/bin/ceph: stderr
2024-06-02T23:23:25.817+0000 7f9fbef69700 1 --2- 172.21.15.64:0/3605145774 >> [v2:172.21.15.64:6800/3624165882,v1:172.21.15.64:6801/3624165882] conn(0x7f9fa8039160 0x7f9fa803b620 secure :-1 s=READY pgs=10 cs=0 l=1 rev1=1 crypto rx=0x7f9fa4006fd0 tx=0x7f9fa4006e40 comp rx=0 tx=0).stop
2024-06-02T23:23:26.384 INFO:teuthology.orchestra.run.smithi064.stdout:/usr/bin/ceph: stderr
2024-06-02T23:23:25.817+0000 7f9fbef69700 1 -- 172.21.15.64:0/3605145774 >> [v2:172.21.15.64:3300/0,v1:172.21.15.64:6789/0] conn(0x7f9fb8107370 msgr2=0x7f9fb819b130 secure :-1 s=STATE_CONNECTION_ESTABLISHED l=1).mark_down
2024-06-02T23:23:26.384 INFO:teuthology.orchestra.run.smithi064.stdout:/usr/bin/ceph: stderr
2024-06-02T23:23:25.817+0000 7f9fbef69700 1 --2- 172.21.15.64:0/3605145774 >> [v2:172.21.15.64:3300/0,v1:172.21.15.64:6789/0] conn(0x7f9fb8107370 0x7f9fb819b130 secure :-1 s=READY pgs=77 cs=0 l=1 rev1=1 crypto rx=0x7f9fac006b20 tx=0x7f9fac011ad0 comp rx=0 tx=0).stop
2024-06-02T23:23:26.384 INFO:teuthology.orchestra.run.smithi064.stdout:/usr/bin/ceph: stderr
2024-06-02T23:23:25.817+0000 7f9fbef69700 1 -- 172.21.15.64:0/3605145774 shutdown_connections
2024-06-02T23:23:26.384 INFO:teuthology.orchestra.run.smithi064.stdout:/usr/bin/ceph: stderr
2024-06-02T23:23:25.817+0000 7f9fbef69700 1 --2- 172.21.15.64:0/3605145774 >> [v2:172.21.15.64:6800/3624165882,v1:172.21.15.64:6801/3624165882] conn(0x7f9fa8039160 0x7f9fa803b620 unknown :-1 s=CLOSED pgs=10 cs=0 l=1 rev1=1 crypto rx=0 tx=0 comp rx=0 tx=0).stop
2024-06-02T23:23:26.384 INFO:teuthology.orchestra.run.smithi064.stdout:/usr/bin/ceph: stderr
2024-06-02T23:23:25.817+0000 7f9fbef69700 1 --2- 172.21.15.64:0/3605145774 >> [v2:172.21.15.64:3300/0,v1:172.21.15.64:6789/0] conn(0x7f9fb8107370 0x7f9fb819b130 unknown :-1 s=CLOSED pgs=77 cs=0 l=1 rev1=1 crypto rx=0 tx=0 comp rx=0 tx=0).stop
2024-06-02T23:23:26.384 INFO:teuthology.orchestra.run.smithi064.stdout:/usr/bin/ceph: stderr
2024-06-02T23:23:25.817+0000 7f9fbef69700 1 -- 172.21.15.64:0/3605145774 >> 172.21.15.64:0/3605145774 conn(0x7f9fb8102910 msgr2=0x7f9fb8103310 unknown :-1 s=STATE_NONE l=0).mark_down
2024-06-02T23:23:26.385 INFO:teuthology.orchestra.run.smithi064.stdout:/usr/bin/ceph: stderr
2024-06-02T23:23:25.817+0000 7f9fbef69700 1 -- 172.21.15.64:0/3605145774 shutdown_connections
2024-06-02T23:23:26.385 INFO:teuthology.orchestra.run.smithi064.stdout:/usr/bin/ceph: stderr
2024-06-02T23:23:25.818+0000 7f9fbef69700 1 -- 172.21.15.64:0/3605145774 wait complete.
2024-06-02T23:23:27.257 INFO:journalctl@ceph.mon.a.smithi064.stdout:Jun 02 23:23:26 smithi064 ceph-mon[29449]: mgrmap e13: x(active, since 6s)
2024-06-02T23:23:28.500 INFO:teuthology.orchestra.run.smithi064.stdout:/usr/bin/ceph: stderr
2024-06-02T23:23:27.561+0000 7f10f3a8d700 1 Processor -- start
2024-06-02T23:23:28.500 INFO:teuthology.orchestra.run.smithi064.stdout:/usr/bin/ceph: stderr
2024-06-02T23:23:27.561+0000 7f10f3a8d700 1 -- start start
2024-06-02T23:23:28.500 INFO:teuthology.orchestra.run.smithi064.stdout:/usr/bin/ceph: stderr
2024-06-02T23:23:27.561+0000 7f10f3a8d700 1 --2- >> [v2:172.21.15.64:3300/0,v1:172.21.15.64:6789/0] conn(0x7f10ec1073e0 0x7f10ec107800 unknown :-1 s=NONE pgs=0 cs=0 l=0 rev1=0 crypto rx=0 tx=0 comp rx=0 tx=0).connect
2024-06-02T23:23:28.500 INFO:teuthology.orchestra.run.smithi064.stdout:/usr/bin/ceph: stderr
2024-06-02T23:23:27.561+0000 7f10f3a8d700 1 -- --> [v2:172.21.15.64:3300/0,v1:172.21.15.64:6789/0] -- mon_getmap magic: 0 -- 0x7f10ec107dd0 con 0x7f10ec1073e0
2024-06-02T23:23:28.500 INFO:teuthology.orchestra.run.smithi064.stdout:/usr/bin/ceph: stderr
2024-06-02T23:23:27.562+0000 7f10f1829700 1 --2- >> [v2:172.21.15.64:3300/0,v1:172.21.15.64:6789/0] conn(0x7f10ec1073e0 0x7f10ec107800 unknown :-1 s=BANNER_CONNECTING pgs=0 cs=0 l=0 rev1=0 crypto rx=0 tx=0 comp rx=0 tx=0)._handle_peer_banner_payload supported=3 required=0
2024-06-02T23:23:28.501 INFO:teuthology.orchestra.run.smithi064.stdout:/usr/bin/ceph: stderr
2024-06-02T23:23:27.562+0000 7f10f1829700 1 --2- >> [v2:172.21.15.64:3300/0,v1:172.21.15.64:6789/0] conn(0x7f10ec1073e0 0x7f10ec107800 unknown :-1 s=HELLO_CONNECTING pgs=0 cs=0 l=0 rev1=1 crypto rx=0 tx=0 comp rx=0 tx=0).handle_hello peer v2:172.21.15.64:3300/0 says I am v2:172.21.15.64:41888/0 (socket says 172.21.15.64:41888)
2024-06-02T23:23:28.501 INFO:teuthology.orchestra.run.smithi064.stdout:/usr/bin/ceph: stderr
2024-06-02T23:23:27.562+0000 7f10f1829700 1 -- 172.21.15.64:0/1744097917 learned_addr learned my addr 172.21.15.64:0/1744097917 (peer_addr_for_me v2:172.21.15.64:0/0)
2024-06-02T23:23:28.501 INFO:teuthology.orchestra.run.smithi064.stdout:/usr/bin/ceph: stderr
2024-06-02T23:23:27.562+0000 7f10f1829700 1 -- 172.21.15.64:0/1744097917 --> [v2:172.21.15.64:3300/0,v1:172.21.15.64:6789/0] -- mon_subscribe({config=0+,monmap=0+}) -- 0x7f10ec108590 con 0x7f10ec1073e0
2024-06-02T23:23:28.501 INFO:teuthology.orchestra.run.smithi064.stdout:/usr/bin/ceph: stderr
2024-06-02T23:23:27.562+0000 7f10f1829700 1 --2- 172.21.15.64:0/1744097917 >> [v2:172.21.15.64:3300/0,v1:172.21.15.64:6789/0] conn(0x7f10ec1073e0 0x7f10ec107800 secure :-1 s=READY pgs=78 cs=0 l=1 rev1=1 crypto rx=0x7f10e80098a0 tx=0x7f10e8009bb0 comp rx=0 tx=0).ready entity=mon.0 client_cookie=a892811e326e66c6 server_cookie=0 in_seq=0 out_seq=0
2024-06-02T23:23:28.501 INFO:teuthology.orchestra.run.smithi064.stdout:/usr/bin/ceph: stderr
2024-06-02T23:23:27.562+0000 7f10f0827700 1 -- 172.21.15.64:0/1744097917 <== mon.0 v2:172.21.15.64:3300/0 1 ==== mon_map magic: 0 ==== 205+0+0 (secure 0 0 0) 0x7f10e8004160 con 0x7f10ec1073e0
2024-06-02T23:23:28.501 INFO:teuthology.orchestra.run.smithi064.stdout:/usr/bin/ceph: stderr
2024-06-02T23:23:27.562+0000 7f10f0827700 1 -- 172.21.15.64:0/1744097917 <== mon.0 v2:172.21.15.64:3300/0 2 ==== config(26 keys) ==== 1102+0+0 (secure 0 0 0) 0x7f10e8004300 con 0x7f10ec1073e0
2024-06-02T23:23:28.501 INFO:teuthology.orchestra.run.smithi064.stdout:/usr/bin/ceph: stderr
2024-06-02T23:23:27.562+0000 7f10f0827700 1 -- 172.21.15.64:0/1744097917 <== mon.0 v2:172.21.15.64:3300/0 3 ==== mon_map magic: 0 ==== 205+0+0 (secure 0 0 0) 0x7f10e8011a50 con 0x7f10ec1073e0
2024-06-02T23:23:28.501 INFO:teuthology.orchestra.run.smithi064.stdout:/usr/bin/ceph: stderr
2024-06-02T23:23:27.563+0000 7f10f3a8d700 1 -- 172.21.15.64:0/1744097917 >> [v2:172.21.15.64:3300/0,v1:172.21.15.64:6789/0] conn(0x7f10ec1073e0 msgr2=0x7f10ec107800 secure :-1 s=STATE_CONNECTION_ESTABLISHED l=1).mark_down
2024-06-02T23:23:28.501 INFO:teuthology.orchestra.run.smithi064.stdout:/usr/bin/ceph: stderr
2024-06-02T23:23:27.563+0000 7f10f3a8d700 1 --2- 172.21.15.64:0/1744097917 >> [v2:172.21.15.64:3300/0,v1:172.21.15.64:6789/0] conn(0x7f10ec1073e0 0x7f10ec107800 secure :-1 s=READY pgs=78 cs=0 l=1 rev1=1 crypto rx=0x7f10e80098a0 tx=0x7f10e8009bb0 comp rx=0 tx=0).stop
2024-06-02T23:23:28.501 INFO:teuthology.orchestra.run.smithi064.stdout:/usr/bin/ceph: stderr
2024-06-02T23:23:27.563+0000 7f10f3a8d700 1 -- 172.21.15.64:0/1744097917 shutdown_connections
2024-06-02T23:23:28.501 INFO:teuthology.orchestra.run.smithi064.stdout:/usr/bin/ceph: stderr
2024-06-02T23:23:27.563+0000 7f10f3a8d700 1 --2- 172.21.15.64:0/1744097917 >> [v2:172.21.15.64:3300/0,v1:172.21.15.64:6789/0] conn(0x7f10ec1073e0 0x7f10ec107800 unknown :-1 s=CLOSED pgs=78 cs=0 l=1 rev1=1 crypto rx=0 tx=0 comp rx=0 tx=0).stop
2024-06-02T23:23:28.501 INFO:teuthology.orchestra.run.smithi064.stdout:/usr/bin/ceph: stderr
2024-06-02T23:23:27.563+0000 7f10f3a8d700 1 -- 172.21.15.64:0/1744097917 >> 172.21.15.64:0/1744097917 conn(0x7f10ec1029a0 msgr2=0x7f10ec104dc0 unknown :-1 s=STATE_NONE l=0).mark_down
2024-06-02T23:23:28.501 INFO:teuthology.orchestra.run.smithi064.stdout:/usr/bin/ceph: stderr
2024-06-02T23:23:27.563+0000 7f10f3a8d700 1 -- 172.21.15.64:0/1744097917 shutdown_connections
2024-06-02T23:23:28.502 INFO:teuthology.orchestra.run.smithi064.stdout:/usr/bin/ceph: stderr
2024-06-02T23:23:27.563+0000 7f10f3a8d700 1 -- 172.21.15.64:0/1744097917 wait complete.
2024-06-02T23:23:28.502 INFO:teuthology.orchestra.run.smithi064.stdout:/usr/bin/ceph: stderr
2024-06-02T23:23:27.564+0000 7f10f3a8d700 1 Processor -- start
2024-06-02T23:23:28.502 INFO:teuthology.orchestra.run.smithi064.stdout:/usr/bin/ceph: stderr
2024-06-02T23:23:27.564+0000 7f10f3a8d700 1 -- start start
2024-06-02T23:23:28.502 INFO:teuthology.orchestra.run.smithi064.stdout:/usr/bin/ceph: stderr
2024-06-02T23:23:27.564+0000 7f10f3a8d700 1 --2- >> [v2:172.21.15.64:3300/0,v1:172.21.15.64:6789/0] conn(0x7f10ec1073e0 0x7f10ec19d3f0 unknown :-1 s=NONE pgs=0 cs=0 l=1 rev1=0 crypto rx=0 tx=0 comp rx=0 tx=0).connect
2024-06-02T23:23:28.502 INFO:teuthology.orchestra.run.smithi064.stdout:/usr/bin/ceph: stderr
2024-06-02T23:23:27.564+0000 7f10f3a8d700 1 -- --> [v2:172.21.15.64:3300/0,v1:172.21.15.64:6789/0] -- mon_getmap magic: 0 -- 0x7f10ec10b940 con 0x7f10ec1073e0
2024-06-02T23:23:28.502 INFO:teuthology.orchestra.run.smithi064.stdout:/usr/bin/ceph: stderr
2024-06-02T23:23:27.564+0000 7f10f1829700 1 --2- >> [v2:172.21.15.64:3300/0,v1:172.21.15.64:6789/0] conn(0x7f10ec1073e0 0x7f10ec19d3f0 unknown :-1 s=BANNER_CONNECTING pgs=0 cs=0 l=1 rev1=0 crypto rx=0 tx=0 comp rx=0 tx=0)._handle_peer_banner_payload supported=3 required=0
2024-06-02T23:23:28.502 INFO:teuthology.orchestra.run.smithi064.stdout:/usr/bin/ceph: stderr
2024-06-02T23:23:27.564+0000 7f10f1829700 1 --2- >> [v2:172.21.15.64:3300/0,v1:172.21.15.64:6789/0] conn(0x7f10ec1073e0 0x7f10ec19d3f0 unknown :-1 s=HELLO_CONNECTING pgs=0 cs=0 l=1 rev1=1 crypto rx=0 tx=0 comp rx=0 tx=0).handle_hello peer v2:172.21.15.64:3300/0 says I am v2:172.21.15.64:41892/0 (socket says 172.21.15.64:41892)
2024-06-02T23:23:28.502 INFO:teuthology.orchestra.run.smithi064.stdout:/usr/bin/ceph: stderr
2024-06-02T23:23:27.564+0000 7f10f1829700 1 -- 172.21.15.64:0/435537123 learned_addr learned my addr 172.21.15.64:0/435537123 (peer_addr_for_me v2:172.21.15.64:0/0)
2024-06-02T23:23:28.502 INFO:teuthology.orchestra.run.smithi064.stdout:/usr/bin/ceph: stderr
2024-06-02T23:23:27.564+0000 7f10f1829700 1 -- 172.21.15.64:0/435537123 --> [v2:172.21.15.64:3300/0,v1:172.21.15.64:6789/0] -- mon_subscribe({config=0+,monmap=0+}) -- 0x7f10ec19d930 con 0x7f10ec1073e0
2024-06-02T23:23:28.502 INFO:teuthology.orchestra.run.smithi064.stdout:/usr/bin/ceph: stderr
2024-06-02T23:23:27.565+0000 7f10f1829700 1 --2- 172.21.15.64:0/435537123 >> [v2:172.21.15.64:3300/0,v1:172.21.15.64:6789/0] conn(0x7f10ec1073e0 0x7f10ec19d3f0 secure :-1 s=READY pgs=79 cs=0 l=1 rev1=1 crypto rx=0x7f10e8011710 tx=0x7f10e8011ad0 comp rx=0 tx=0).ready entity=mon.0 client_cookie=0 server_cookie=0 in_seq=0 out_seq=0
2024-06-02T23:23:28.502 INFO:teuthology.orchestra.run.smithi064.stdout:/usr/bin/ceph: stderr
