2024-06-02T23:49:19.431+0000 7f75e212d700 1 --2- 172.21.15.49:0/38611551 >> [v2:172.21.15.49:3300/0,v1:172.21.15.49:6789/0] conn(0x7f75dc107fb0 0x7f75dc19e060 secure :-1 s=READY pgs=19 cs=0 l=1 rev1=1 crypto rx=0x7f75cc011670 tx=0x7f75cc011b60 comp rx=0 tx=0).stop
2024-06-02T23:49:19.978 INFO:teuthology.orchestra.run.smithi049.stdout:/usr/bin/ceph: stderr
2024-06-02T23:49:19.431+0000 7f75e212d700 1 -- 172.21.15.49:0/38611551 shutdown_connections
2024-06-02T23:49:19.978 INFO:teuthology.orchestra.run.smithi049.stdout:/usr/bin/ceph: stderr
2024-06-02T23:49:19.431+0000 7f75e212d700 1 --2- 172.21.15.49:0/38611551 >> [v2:172.21.15.49:6800/549058216,v1:172.21.15.49:6801/549058216] conn(0x7f75c8038fb0 0x7f75c803b470 unknown :-1 s=CLOSED pgs=6 cs=0 l=1 rev1=1 crypto rx=0 tx=0 comp rx=0 tx=0).stop
2024-06-02T23:49:19.978 INFO:teuthology.orchestra.run.smithi049.stdout:/usr/bin/ceph: stderr
2024-06-02T23:49:19.431+0000 7f75e212d700 1 --2- 172.21.15.49:0/38611551 >> [v2:172.21.15.49:3300/0,v1:172.21.15.49:6789/0] conn(0x7f75dc107fb0 0x7f75dc19e060 unknown :-1 s=CLOSED pgs=19 cs=0 l=1 rev1=1 crypto rx=0 tx=0 comp rx=0 tx=0).stop
2024-06-02T23:49:19.978 INFO:teuthology.orchestra.run.smithi049.stdout:/usr/bin/ceph: stderr
2024-06-02T23:49:19.431+0000 7f75e212d700 1 -- 172.21.15.49:0/38611551 >> 172.21.15.49:0/38611551 conn(0x7f75dc103550 msgr2=0x7f75dc105990 unknown :-1 s=STATE_NONE l=0).mark_down
2024-06-02T23:49:19.979 INFO:teuthology.orchestra.run.smithi049.stdout:/usr/bin/ceph: stderr
2024-06-02T23:49:19.431+0000 7f75e212d700 1 -- 172.21.15.49:0/38611551 shutdown_connections
2024-06-02T23:49:19.979 INFO:teuthology.orchestra.run.smithi049.stdout:/usr/bin/ceph: stderr
2024-06-02T23:49:19.431+0000 7f75e212d700 1 -- 172.21.15.49:0/38611551 wait complete.
2024-06-02T23:49:19.979 INFO:teuthology.orchestra.run.smithi049.stdout:mgr is available
2024-06-02T23:49:20.961 INFO:journalctl@ceph.mon.a.smithi049.stdout:Jun 02 23:49:20 smithi049 ceph-mon[32302]: from='client.? 172.21.15.49:0/3791506614' entity='client.admin' cmd=[{"prefix": "config assimilate-conf"}]: dispatch
2024-06-02T23:49:21.149 INFO:teuthology.orchestra.run.smithi049.stdout:/usr/bin/ceph: stdout
2024-06-02T23:49:21.150 INFO:teuthology.orchestra.run.smithi049.stdout:/usr/bin/ceph: stdout [global]
2024-06-02T23:49:21.150 INFO:teuthology.orchestra.run.smithi049.stdout:/usr/bin/ceph: stdout fsid = 890dd222-213a-11ef-bc9b-c7b262605968
2024-06-02T23:49:21.150 INFO:teuthology.orchestra.run.smithi049.stdout:/usr/bin/ceph: stdout mon_osd_allow_pg_remap = true
2024-06-02T23:49:21.150 INFO:teuthology.orchestra.run.smithi049.stdout:/usr/bin/ceph: stdout mon_osd_allow_primary_affinity = true
2024-06-02T23:49:21.150 INFO:teuthology.orchestra.run.smithi049.stdout:/usr/bin/ceph: stdout mon_warn_on_no_sortbitwise = false
2024-06-02T23:49:21.150 INFO:teuthology.orchestra.run.smithi049.stdout:/usr/bin/ceph: stdout osd_crush_chooseleaf_type = 0
2024-06-02T23:49:21.150 INFO:teuthology.orchestra.run.smithi049.stdout:/usr/bin/ceph: stdout
2024-06-02T23:49:21.150 INFO:teuthology.orchestra.run.smithi049.stdout:/usr/bin/ceph: stdout [mgr]
2024-06-02T23:49:21.150 INFO:teuthology.orchestra.run.smithi049.stdout:/usr/bin/ceph: stdout mgr/telemetry/nag = false
2024-06-02T23:49:21.150 INFO:teuthology.orchestra.run.smithi049.stdout:/usr/bin/ceph: stdout
2024-06-02T23:49:21.150 INFO:teuthology.orchestra.run.smithi049.stdout:/usr/bin/ceph: stdout [osd]
2024-06-02T23:49:21.150 INFO:teuthology.orchestra.run.smithi049.stdout:/usr/bin/ceph: stdout mon_osd_backfillfull_ratio = 0.85
2024-06-02T23:49:21.151 INFO:teuthology.orchestra.run.smithi049.stdout:/usr/bin/ceph: stdout mon_osd_full_ratio = 0.9
2024-06-02T23:49:21.151 INFO:teuthology.orchestra.run.smithi049.stdout:/usr/bin/ceph: stdout mon_osd_nearfull_ratio = 0.8
2024-06-02T23:49:21.151 INFO:teuthology.orchestra.run.smithi049.stdout:/usr/bin/ceph: stdout osd_map_max_advance = 10
2024-06-02T23:49:21.151 INFO:teuthology.orchestra.run.smithi049.stdout:/usr/bin/ceph: stdout osd_sloppy_crc = true
2024-06-02T23:49:21.151 INFO:teuthology.orchestra.run.smithi049.stdout:/usr/bin/ceph: stderr
2024-06-02T23:49:20.399+0000 7fc767943700 1 Processor -- start
2024-06-02T23:49:21.151 INFO:teuthology.orchestra.run.smithi049.stdout:/usr/bin/ceph: stderr
2024-06-02T23:49:20.399+0000 7fc767943700 1 -- start start
2024-06-02T23:49:21.151 INFO:teuthology.orchestra.run.smithi049.stdout:/usr/bin/ceph: stderr
2024-06-02T23:49:20.399+0000 7fc767943700 1 --2- >> [v2:172.21.15.49:3300/0,v1:172.21.15.49:6789/0] conn(0x7fc760107fb0 0x7fc7601083d0 unknown :-1 s=NONE pgs=0 cs=0 l=0 rev1=0 crypto rx=0 tx=0 comp rx=0 tx=0).connect
2024-06-02T23:49:21.151 INFO:teuthology.orchestra.run.smithi049.stdout:/usr/bin/ceph: stderr
2024-06-02T23:49:20.399+0000 7fc767943700 1 -- --> [v2:172.21.15.49:3300/0,v1:172.21.15.49:6789/0] -- mon_getmap magic: 0 -- 0x7fc760108910 con 0x7fc760107fb0
2024-06-02T23:49:21.151 INFO:teuthology.orchestra.run.smithi049.stdout:/usr/bin/ceph: stderr
2024-06-02T23:49:20.399+0000 7fc7656df700 1 --2- >> [v2:172.21.15.49:3300/0,v1:172.21.15.49:6789/0] conn(0x7fc760107fb0 0x7fc7601083d0 unknown :-1 s=BANNER_CONNECTING pgs=0 cs=0 l=0 rev1=0 crypto rx=0 tx=0 comp rx=0 tx=0)._handle_peer_banner_payload supported=3 required=0
2024-06-02T23:49:21.151 INFO:teuthology.orchestra.run.smithi049.stdout:/usr/bin/ceph: stderr
2024-06-02T23:49:20.399+0000 7fc7656df700 1 --2- >> [v2:172.21.15.49:3300/0,v1:172.21.15.49:6789/0] conn(0x7fc760107fb0 0x7fc7601083d0 unknown :-1 s=HELLO_CONNECTING pgs=0 cs=0 l=0 rev1=1 crypto rx=0 tx=0 comp rx=0 tx=0).handle_hello peer v2:172.21.15.49:3300/0 says I am v2:172.21.15.49:49438/0 (socket says 172.21.15.49:49438)
2024-06-02T23:49:21.151 INFO:teuthology.orchestra.run.smithi049.stdout:/usr/bin/ceph: stderr
2024-06-02T23:49:20.399+0000 7fc7656df700 1 -- 172.21.15.49:0/771029444 learned_addr learned my addr 172.21.15.49:0/771029444 (peer_addr_for_me v2:172.21.15.49:0/0)
2024-06-02T23:49:21.151 INFO:teuthology.orchestra.run.smithi049.stdout:/usr/bin/ceph: stderr
2024-06-02T23:49:20.400+0000 7fc7656df700 1 -- 172.21.15.49:0/771029444 --> [v2:172.21.15.49:3300/0,v1:172.21.15.49:6789/0] -- mon_subscribe({config=0+,monmap=0+}) -- 0x7fc760109070 con 0x7fc760107fb0
2024-06-02T23:49:21.151 INFO:teuthology.orchestra.run.smithi049.stdout:/usr/bin/ceph: stderr
2024-06-02T23:49:20.400+0000 7fc7656df700 1 --2- 172.21.15.49:0/771029444 >> [v2:172.21.15.49:3300/0,v1:172.21.15.49:6789/0] conn(0x7fc760107fb0 0x7fc7601083d0 secure :-1 s=READY pgs=20 cs=0 l=1 rev1=1 crypto rx=0x7fc75c0098a0 tx=0x7fc75c009bb0 comp rx=0 tx=0).ready entity=mon.0 client_cookie=1647d871b4873f76 server_cookie=0 in_seq=0 out_seq=0
2024-06-02T23:49:21.151 INFO:teuthology.orchestra.run.smithi049.stdout:/usr/bin/ceph: stderr
2024-06-02T23:49:20.400+0000 7fc757fff700 1 -- 172.21.15.49:0/771029444 <== mon.0 v2:172.21.15.49:3300/0 1 ==== mon_map magic: 0 ==== 205+0+0 (secure 0 0 0) 0x7fc75c004160 con 0x7fc760107fb0
2024-06-02T23:49:21.152 INFO:teuthology.orchestra.run.smithi049.stdout:/usr/bin/ceph: stderr
2024-06-02T23:49:20.400+0000 7fc757fff700 1 -- 172.21.15.49:0/771029444 <== mon.0 v2:172.21.15.49:3300/0 2 ==== config(27 keys) ==== 1109+0+0 (secure 0 0 0) 0x7fc75c004300 con 0x7fc760107fb0
2024-06-02T23:49:21.152 INFO:teuthology.orchestra.run.smithi049.stdout:/usr/bin/ceph: stderr
2024-06-02T23:49:20.400+0000 7fc757fff700 1 -- 172.21.15.49:0/771029444 <== mon.0 v2:172.21.15.49:3300/0 3 ==== mon_map magic: 0 ==== 205+0+0 (secure 0 0 0) 0x7fc75c011b50 con 0x7fc760107fb0
2024-06-02T23:49:21.152 INFO:teuthology.orchestra.run.smithi049.stdout:/usr/bin/ceph: stderr
2024-06-02T23:49:20.401+0000 7fc767943700 1 -- 172.21.15.49:0/771029444 >> [v2:172.21.15.49:3300/0,v1:172.21.15.49:6789/0] conn(0x7fc760107fb0 msgr2=0x7fc7601083d0 secure :-1 s=STATE_CONNECTION_ESTABLISHED l=1).mark_down
2024-06-02T23:49:21.152 INFO:teuthology.orchestra.run.smithi049.stdout:/usr/bin/ceph: stderr
2024-06-02T23:49:20.401+0000 7fc767943700 1 --2- 172.21.15.49:0/771029444 >> [v2:172.21.15.49:3300/0,v1:172.21.15.49:6789/0] conn(0x7fc760107fb0 0x7fc7601083d0 secure :-1 s=READY pgs=20 cs=0 l=1 rev1=1 crypto rx=0x7fc75c0098a0 tx=0x7fc75c009bb0 comp rx=0 tx=0).stop
2024-06-02T23:49:21.152 INFO:teuthology.orchestra.run.smithi049.stdout:/usr/bin/ceph: stderr
2024-06-02T23:49:20.401+0000 7fc767943700 1 -- 172.21.15.49:0/771029444 shutdown_connections
2024-06-02T23:49:21.152 INFO:teuthology.orchestra.run.smithi049.stdout:/usr/bin/ceph: stderr
2024-06-02T23:49:20.401+0000 7fc767943700 1 --2- 172.21.15.49:0/771029444 >> [v2:172.21.15.49:3300/0,v1:172.21.15.49:6789/0] conn(0x7fc760107fb0 0x7fc7601083d0 unknown :-1 s=CLOSED pgs=20 cs=0 l=1 rev1=1 crypto rx=0 tx=0 comp rx=0 tx=0).stop
2024-06-02T23:49:21.152 INFO:teuthology.orchestra.run.smithi049.stdout:/usr/bin/ceph: stderr
2024-06-02T23:49:20.401+0000 7fc767943700 1 -- 172.21.15.49:0/771029444 >> 172.21.15.49:0/771029444 conn(0x7fc760103550 msgr2=0x7fc760105990 unknown :-1 s=STATE_NONE l=0).mark_down
2024-06-02T23:49:21.152 INFO:teuthology.orchestra.run.smithi049.stdout:/usr/bin/ceph: stderr
2024-06-02T23:49:20.401+0000 7fc767943700 1 -- 172.21.15.49:0/771029444 shutdown_connections
2024-06-02T23:49:21.152 INFO:teuthology.orchestra.run.smithi049.stdout:/usr/bin/ceph: stderr
2024-06-02T23:49:20.401+0000 7fc767943700 1 -- 172.21.15.49:0/771029444 wait complete.
2024-06-02T23:49:21.152 INFO:teuthology.orchestra.run.smithi049.stdout:/usr/bin/ceph: stderr
2024-06-02T23:49:20.401+0000 7fc767943700 1 Processor -- start
2024-06-02T23:49:21.152 INFO:teuthology.orchestra.run.smithi049.stdout:/usr/bin/ceph: stderr
2024-06-02T23:49:20.401+0000 7fc767943700 1 -- start start
2024-06-02T23:49:21.152 INFO:teuthology.orchestra.run.smithi049.stdout:/usr/bin/ceph: stderr
2024-06-02T23:49:20.402+0000 7fc767943700 1 --2- >> [v2:172.21.15.49:3300/0,v1:172.21.15.49:6789/0] conn(0x7fc760107fb0 0x7fc76019be90 unknown :-1 s=NONE pgs=0 cs=0 l=1 rev1=0 crypto rx=0 tx=0 comp rx=0 tx=0).connect
2024-06-02T23:49:21.152 INFO:teuthology.orchestra.run.smithi049.stdout:/usr/bin/ceph: stderr
2024-06-02T23:49:20.402+0000 7fc767943700 1 -- --> [v2:172.21.15.49:3300/0,v1:172.21.15.49:6789/0] -- mon_getmap magic: 0 -- 0x7fc76010c4b0 con 0x7fc760107fb0
2024-06-02T23:49:21.153 INFO:teuthology.orchestra.run.smithi049.stdout:/usr/bin/ceph: stderr
2024-06-02T23:49:20.402+0000 7fc7656df700 1 --2- >> [v2:172.21.15.49:3300/0,v1:172.21.15.49:6789/0] conn(0x7fc760107fb0 0x7fc76019be90 unknown :-1 s=BANNER_CONNECTING pgs=0 cs=0 l=1 rev1=0 crypto rx=0 tx=0 comp rx=0 tx=0)._handle_peer_banner_payload supported=3 required=0
2024-06-02T23:49:21.153 INFO:teuthology.orchestra.run.smithi049.stdout:/usr/bin/ceph: stderr
2024-06-02T23:49:20.402+0000 7fc7656df700 1 --2- >> [v2:172.21.15.49:3300/0,v1:172.21.15.49:6789/0] conn(0x7fc760107fb0 0x7fc76019be90 unknown :-1 s=HELLO_CONNECTING pgs=0 cs=0 l=1 rev1=1 crypto rx=0 tx=0 comp rx=0 tx=0).handle_hello peer v2:172.21.15.49:3300/0 says I am v2:172.21.15.49:49448/0 (socket says 172.21.15.49:49448)
2024-06-02T23:49:21.153 INFO:teuthology.orchestra.run.smithi049.stdout:/usr/bin/ceph: stderr
2024-06-02T23:49:20.402+0000 7fc7656df700 1 -- 172.21.15.49:0/3791506614 learned_addr learned my addr 172.21.15.49:0/3791506614 (peer_addr_for_me v2:172.21.15.49:0/0)
2024-06-02T23:49:21.153 INFO:teuthology.orchestra.run.smithi049.stdout:/usr/bin/ceph: stderr
2024-06-02T23:49:20.402+0000 7fc7656df700 1 -- 172.21.15.49:0/3791506614 --> [v2:172.21.15.49:3300/0,v1:172.21.15.49:6789/0] -- mon_subscribe({config=0+,monmap=0+}) -- 0x7fc76019c3d0 con 0x7fc760107fb0
2024-06-02T23:49:21.153 INFO:teuthology.orchestra.run.smithi049.stdout:/usr/bin/ceph: stderr
2024-06-02T23:49:20.402+0000 7fc7656df700 1 --2- 172.21.15.49:0/3791506614 >> [v2:172.21.15.49:3300/0,v1:172.21.15.49:6789/0] conn(0x7fc760107fb0 0x7fc76019be90 secure :-1 s=READY pgs=21 cs=0 l=1 rev1=1 crypto rx=0x7fc75c011b60 tx=0x7fc75c011c40 comp rx=0 tx=0).ready entity=mon.0 client_cookie=0 server_cookie=0 in_seq=0 out_seq=0
2024-06-02T23:49:21.153 INFO:teuthology.orchestra.run.smithi049.stdout:/usr/bin/ceph: stderr
2024-06-02T23:49:20.402+0000 7fc7567fc700 1 -- 172.21.15.49:0/3791506614 <== mon.0 v2:172.21.15.49:3300/0 1 ==== mon_map magic: 0 ==== 205+0+0 (secure 0 0 0) 0x7fc75c003b20 con 0x7fc760107fb0
2024-06-02T23:49:21.153 INFO:teuthology.orchestra.run.smithi049.stdout:/usr/bin/ceph: stderr
2024-06-02T23:49:20.402+0000 7fc7567fc700 1 -- 172.21.15.49:0/3791506614 <== mon.0 v2:172.21.15.49:3300/0 2 ==== config(27 keys) ==== 1109+0+0 (secure 0 0 0) 0x7fc75c003cc0 con 0x7fc760107fb0
2024-06-02T23:49:21.153 INFO:teuthology.orchestra.run.smithi049.stdout:/usr/bin/ceph: stderr
2024-06-02T23:49:20.402+0000 7fc767943700 1 -- 172.21.15.49:0/3791506614 --> [v2:172.21.15.49:3300/0,v1:172.21.15.49:6789/0] -- mon_subscribe({mgrmap=0+}) -- 0x7fc76019c660 con 0x7fc760107fb0
2024-06-02T23:49:21.153 INFO:teuthology.orchestra.run.smithi049.stdout:/usr/bin/ceph: stderr
2024-06-02T23:49:20.402+0000 7fc7567fc700 1 -- 172.21.15.49:0/3791506614 <== mon.0 v2:172.21.15.49:3300/0 3 ==== mon_map magic: 0 ==== 205+0+0 (secure 0 0 0) 0x7fc75c024840 con 0x7fc760107fb0
2024-06-02T23:49:21.153 INFO:teuthology.orchestra.run.smithi049.stdout:/usr/bin/ceph: stderr
2024-06-02T23:49:20.402+0000 7fc767943700 1 -- 172.21.15.49:0/3791506614 --> [v2:172.21.15.49:3300/0,v1:172.21.15.49:6789/0] -- mon_subscribe({osdmap=0}) -- 0x7fc76019f350 con 0x7fc760107fb0
2024-06-02T23:49:21.153 INFO:teuthology.orchestra.run.smithi049.stdout:/usr/bin/ceph: stderr
2024-06-02T23:49:20.403+0000 7fc7567fc700 1 -- 172.21.15.49:0/3791506614 <== mon.0 v2:172.21.15.49:3300/0 4 ==== mgrmap(e 4) ==== 46276+0+0 (secure 0 0 0) 0x7fc75c022020 con 0x7fc760107fb0
2024-06-02T23:49:21.154 INFO:teuthology.orchestra.run.smithi049.stdout:/usr/bin/ceph: stderr
2024-06-02T23:49:20.404+0000 7fc767943700 1 -- 172.21.15.49:0/3791506614 --> [v2:172.21.15.49:3300/0,v1:172.21.15.49:6789/0] -- mon_command({"prefix": "get_command_descriptions"} v 0) -- 0x7fc760063af0 con 0x7fc760107fb0
2024-06-02T23:49:21.154 INFO:teuthology.orchestra.run.smithi049.stdout:/usr/bin/ceph: stderr
2024-06-02T23:49:20.404+0000 7fc7567fc700 1 --2- 172.21.15.49:0/3791506614 >> [v2:172.21.15.49:6800/549058216,v1:172.21.15.49:6801/549058216] conn(0x7fc74c039050 0x7fc74c03b510 unknown :-1 s=NONE pgs=0 cs=0 l=1 rev1=0 crypto rx=0 tx=0 comp rx=0 tx=0).connect
2024-06-02T23:49:21.154 INFO:teuthology.orchestra.run.smithi049.stdout:/usr/bin/ceph: stderr
2024-06-02T23:49:20.404+0000 7fc7567fc700 1 -- 172.21.15.49:0/3791506614 <== mon.0 v2:172.21.15.49:3300/0 5 ==== osd_map(1..1 src has 1..1) ==== 725+0+0 (secure 0 0 0) 0x7fc75c011e00 con 0x7fc760107fb0
2024-06-02T23:49:21.154 INFO:teuthology.orchestra.run.smithi049.stdout:/usr/bin/ceph: stderr
2024-06-02T23:49:20.404+0000 7fc764ede700 1 --2- 172.21.15.49:0/3791506614 >> [v2:172.21.15.49:6800/549058216,v1:172.21.15.49:6801/549058216] conn(0x7fc74c039050 0x7fc74c03b510 unknown :-1 s=BANNER_CONNECTING pgs=0 cs=0 l=1 rev1=0 crypto rx=0 tx=0 comp rx=0 tx=0)._handle_peer_banner_payload supported=3 required=0
2024-06-02T23:49:21.154 INFO:teuthology.orchestra.run.smithi049.stdout:/usr/bin/ceph: stderr
2024-06-02T23:49:20.404+0000 7fc764ede700 1 --2- 172.21.15.49:0/3791506614 >> [v2:172.21.15.49:6800/549058216,v1:172.21.15.49:6801/549058216] conn(0x7fc74c039050 0x7fc74c03b510 secure :-1 s=READY pgs=7 cs=0 l=1 rev1=1 crypto rx=0x7fc750006fd0 tx=0x7fc750006e40 comp rx=0 tx=0).ready entity=mgr.14100 client_cookie=0 server_cookie=0 in_seq=0 out_seq=0
2024-06-02T23:49:21.154 INFO:teuthology.orchestra.run.smithi049.stdout:/usr/bin/ceph: stderr
2024-06-02T23:49:20.409+0000 7fc7567fc700 1 -- 172.21.15.49:0/3791506614 <== mon.0 v2:172.21.15.49:3300/0 6 ==== mon_command_ack([{"prefix": "get_command_descriptions"}]=0 v0) ==== 72+0+186418 (secure 0 0 0) 0x7fc75c04cc60 con 0x7fc760107fb0
2024-06-02T23:49:21.154 INFO:teuthology.orchestra.run.smithi049.stdout:/usr/bin/ceph: stderr
2024-06-02T23:49:20.612+0000 7fc767943700 1 -- 172.21.15.49:0/3791506614 --> [v2:172.21.15.49:3300/0,v1:172.21.15.49:6789/0] -- mon_command({"prefix": "config assimilate-conf"} v 0) -- 0x7fc76019f520 con 0x7fc760107fb0
2024-06-02T23:49:21.154 INFO:teuthology.orchestra.run.smithi049.stdout:/usr/bin/ceph: stderr
2024-06-02T23:49:20.613+0000 7fc7567fc700 1 -- 172.21.15.49:0/3791506614 <== mon.0 v2:172.21.15.49:3300/0 7 ==== mon_command_ack([{"prefix": "config assimilate-conf"}]=0 v3) ==== 70+0+373 (secure 0 0 0) 0x7fc76019f520 con 0x7fc760107fb0
2024-06-02T23:49:21.154 INFO:teuthology.orchestra.run.smithi049.stdout:/usr/bin/ceph: stderr
2024-06-02T23:49:20.616+0000 7fc767943700 1 -- 172.21.15.49:0/3791506614 >> [v2:172.21.15.49:6800/549058216,v1:172.21.15.49:6801/549058216] conn(0x7fc74c039050 msgr2=0x7fc74c03b510 secure :-1 s=STATE_CONNECTION_ESTABLISHED l=1).mark_down
2024-06-02T23:49:21.154 INFO:teuthology.orchestra.run.smithi049.stdout:/usr/bin/ceph: stderr
2024-06-02T23:49:20.616+0000 7fc767943700 1 --2- 172.21.15.49:0/3791506614 >> [v2:172.21.15.49:6800/549058216,v1:172.21.15.49:6801/549058216] conn(0x7fc74c039050 0x7fc74c03b510 secure :-1 s=READY pgs=7 cs=0 l=1 rev1=1 crypto rx=0x7fc750006fd0 tx=0x7fc750006e40 comp rx=0 tx=0).stop
2024-06-02T23:49:21.154 INFO:teuthology.orchestra.run.smithi049.stdout:/usr/bin/ceph: stderr
2024-06-02T23:49:20.616+0000 7fc767943700 1 -- 172.21.15.49:0/3791506614 >> [v2:172.21.15.49:3300/0,v1:172.21.15.49:6789/0] conn(0x7fc760107fb0 msgr2=0x7fc76019be90 secure :-1 s=STATE_CONNECTION_ESTABLISHED l=1).mark_down
2024-06-02T23:49:21.154 INFO:teuthology.orchestra.run.smithi049.stdout:/usr/bin/ceph: stderr
2024-06-02T23:49:20.616+0000 7fc767943700 1 --2- 172.21.15.49:0/3791506614 >> [v2:172.21.15.49:3300/0,v1:172.21.15.49:6789/0] conn(0x7fc760107fb0 0x7fc76019be90 secure :-1 s=READY pgs=21 cs=0 l=1 rev1=1 crypto rx=0x7fc75c011b60 tx=0x7fc75c011c40 comp rx=0 tx=0).stop
2024-06-02T23:49:21.155 INFO:teuthology.orchestra.run.smithi049.stdout:/usr/bin/ceph: stderr
2024-06-02T23:49:20.616+0000 7fc767943700 1 -- 172.21.15.49:0/3791506614 shutdown_connections
2024-06-02T23:49:21.155 INFO:teuthology.orchestra.run.smithi049.stdout:/usr/bin/ceph: stderr
2024-06-02T23:49:20.616+0000 7fc767943700 1 --2- 172.21.15.49:0/3791506614 >> [v2:172.21.15.49:6800/549058216,v1:172.21.15.49:6801/549058216] conn(0x7fc74c039050 0x7fc74c03b510 unknown :-1 s=CLOSED pgs=7 cs=0 l=1 rev1=1 crypto rx=0 tx=0 comp rx=0 tx=0).stop
2024-06-02T23:49:21.155 INFO:teuthology.orchestra.run.smithi049.stdout:/usr/bin/ceph: stderr
2024-06-02T23:49:20.616+0000 7fc767943700 1 --2- 172.21.15.49:0/3791506614 >> [v2:172.21.15.49:3300/0,v1:172.21.15.49:6789/0] conn(0x7fc760107fb0 0x7fc76019be90 unknown :-1 s=CLOSED pgs=21 cs=0 l=1 rev1=1 crypto rx=0 tx=0 comp rx=0 tx=0).stop
2024-06-02T23:49:21.155 INFO:teuthology.orchestra.run.smithi049.stdout:/usr/bin/ceph: stderr
2024-06-02T23:49:20.616+0000 7fc767943700 1 -- 172.21.15.49:0/3791506614 >> 172.21.15.49:0/3791506614 conn(0x7fc760103550 msgr2=0x7fc760104060 unknown :-1 s=STATE_NONE l=0).mark_down
2024-06-02T23:49:21.155 INFO:teuthology.orchestra.run.smithi049.stdout:/usr/bin/ceph: stderr
2024-06-02T23:49:20.616+0000 7fc767943700 1 -- 172.21.15.49:0/3791506614 shutdown_connections
2024-06-02T23:49:21.155 INFO:teuthology.orchestra.run.smithi049.stdout:/usr/bin/ceph: stderr
2024-06-02T23:49:20.616+0000 7fc767943700 1 -- 172.21.15.49:0/3791506614 wait complete.
2024-06-02T23:49:21.155 INFO:teuthology.orchestra.run.smithi049.stdout:Enabling cephadm module...
2024-06-02T23:49:22.211 INFO:journalctl@ceph.mon.a.smithi049.stdout:Jun 02 23:49:21 smithi049 ceph-mon[32302]: from='client.? 172.21.15.49:0/2876245819' entity='client.admin' cmd=[{"prefix": "mgr module enable", "module": "cephadm"}]: dispatch
2024-06-02T23:49:22.211 INFO:journalctl@ceph.mgr.x.smithi049.stdout:Jun 02 23:49:21 smithi049 ceph-890dd222-213a-11ef-bc9b-c7b262605968-mgr-x[32529]: ignoring --setuser ceph since I am not root
2024-06-02T23:49:22.211 INFO:journalctl@ceph.mgr.x.smithi049.stdout:Jun 02 23:49:21 smithi049 ceph-890dd222-213a-11ef-bc9b-c7b262605968-mgr-x[32529]: ignoring --setgroup ceph since I am not root
2024-06-02T23:49:22.211 INFO:journalctl@ceph.mgr.x.smithi049.stdout:Jun 02 23:49:22 smithi049 ceph-890dd222-213a-11ef-bc9b-c7b262605968-mgr-x[32529]:
2024-06-02T23:49:22.088+0000 7f3db6630200 -1 mgr[py] Module balancer has missing NOTIFY_TYPES member
2024-06-02T23:49:22.490 INFO:teuthology.orchestra.run.smithi049.stdout:/usr/bin/ceph: stderr
2024-06-02T23:49:21.588+0000 7fa361775700 1 Processor -- start
2024-06-02T23:49:22.491 INFO:teuthology.orchestra.run.smithi049.stdout:/usr/bin/ceph: stderr
2024-06-02T23:49:21.588+0000 7fa361775700 1 -- start start
2024-06-02T23:49:22.491 INFO:teuthology.orchestra.run.smithi049.stdout:/usr/bin/ceph: stderr
2024-06-02T23:49:21.588+0000 7fa361775700 1 --2- >> [v2:172.21.15.49:3300/0,v1:172.21.15.49:6789/0] conn(0x7fa35c108a00 0x7fa35c10adf0 unknown :-1 s=NONE pgs=0 cs=0 l=0 rev1=0 crypto rx=0 tx=0 comp rx=0 tx=0).connect
2024-06-02T23:49:22.491 INFO:journalctl@ceph.mgr.x.smithi049.stdout:Jun 02 23:49:22 smithi049 ceph-890dd222-213a-11ef-bc9b-c7b262605968-mgr-x[32529]:
2024-06-02T23:49:22.285+0000 7f3db6630200 -1 mgr[py] Module orchestrator has missing NOTIFY_TYPES member
2024-06-02T23:49:22.491 INFO:journalctl@ceph.mgr.x.smithi049.stdout:Jun 02 23:49:22 smithi049 ceph-890dd222-213a-11ef-bc9b-c7b262605968-mgr-x[32529]:
2024-06-02T23:49:22.391+0000 7f3db6630200 -1 mgr[py] Module snap_schedule has missing NOTIFY_TYPES member
2024-06-02T23:49:22.496 INFO:teuthology.orchestra.run.smithi049.stdout:/usr/bin/ceph: stderr
2024-06-02T23:49:21.588+0000 7fa361775700 1 -- --> [v2:172.21.15.49:3300/0,v1:172.21.15.49:6789/0] -- mon_getmap magic: 0 -- 0x7fa35c075db0 con 0x7fa35c108a00
2024-06-02T23:49:22.496 INFO:teuthology.orchestra.run.smithi049.stdout:/usr/bin/ceph: stderr
2024-06-02T23:49:21.589+0000 7fa35affd700 1 --2- >> [v2:172.21.15.49:3300/0,v1:172.21.15.49:6789/0] conn(0x7fa35c108a00 0x7fa35c10adf0 unknown :-1 s=BANNER_CONNECTING pgs=0 cs=0 l=0 rev1=0 crypto rx=0 tx=0 comp rx=0 tx=0)._handle_peer_banner_payload supported=3 required=0
2024-06-02T23:49:22.496 INFO:teuthology.orchestra.run.smithi049.stdout:/usr/bin/ceph: stderr
2024-06-02T23:49:21.589+0000 7fa35affd700 1 --2- >> [v2:172.21.15.49:3300/0,v1:172.21.15.49:6789/0] conn(0x7fa35c108a00 0x7fa35c10adf0 unknown :-1 s=HELLO_CONNECTING pgs=0 cs=0 l=0 rev1=1 crypto rx=0 tx=0 comp rx=0 tx=0).handle_hello peer v2:172.21.15.49:3300/0 says I am v2:172.21.15.49:49460/0 (socket says 172.21.15.49:49460)
2024-06-02T23:49:22.496 INFO:teuthology.orchestra.run.smithi049.stdout:/usr/bin/ceph: stderr
2024-06-02T23:49:21.589+0000 7fa35affd700 1 -- 172.21.15.49:0/8503365 learned_addr learned my addr 172.21.15.49:0/8503365 (peer_addr_for_me v2:172.21.15.49:0/0)
2024-06-02T23:49:22.496 INFO:teuthology.orchestra.run.smithi049.stdout:/usr/bin/ceph: stderr
2024-06-02T23:49:21.589+0000 7fa35affd700 1 -- 172.21.15.49:0/8503365 --> [v2:172.21.15.49:3300/0,v1:172.21.15.49:6789/0] -- mon_subscribe({config=0+,monmap=0+}) -- 0x7fa35c10b330 con 0x7fa35c108a00
2024-06-02T23:49:22.496 INFO:teuthology.orchestra.run.smithi049.stdout:/usr/bin/ceph: stderr
2024-06-02T23:49:21.589+0000 7fa35affd700 1 --2- 172.21.15.49:0/8503365 >> [v2:172.21.15.49:3300/0,v1:172.21.15.49:6789/0] conn(0x7fa35c108a00 0x7fa35c10adf0 secure :-1 s=READY pgs=22 cs=0 l=1 rev1=1 crypto rx=0x7fa34c0098a0 tx=0x7fa34c009bb0 comp rx=0 tx=0).ready entity=mon.0 client_cookie=844283adc49e2bdc server_cookie=0 in_seq=0 out_seq=0
2024-06-02T23:49:22.496 INFO:teuthology.orchestra.run.smithi049.stdout:/usr/bin/ceph: stderr
2024-06-02T23:49:21.589+0000 7fa35a7fc700 1 -- 172.21.15.49:0/8503365 <== mon.0 v2:172.21.15.49:3300/0 1 ==== mon_map magic: 0 ==== 205+0+0 (secure 0 0 0) 0x7fa34c004160 con 0x7fa35c108a00
2024-06-02T23:49:22.497 INFO:teuthology.orchestra.run.smithi049.stdout:/usr/bin/ceph: stderr
2024-06-02T23:49:21.589+0000 7fa35a7fc700 1 -- 172.21.15.49:0/8503365 <== mon.0 v2:172.21.15.49:3300/0 2 ==== config(27 keys) ==== 1109+0+0 (secure 0 0 0) 0x7fa34c004300 con 0x7fa35c108a00
2024-06-02T23:49:22.497 INFO:teuthology.orchestra.run.smithi049.stdout:/usr/bin/ceph: stderr
2024-06-02T23:49:21.589+0000 7fa35a7fc700 1 -- 172.21.15.49:0/8503365 <== mon.0 v2:172.21.15.49:3300/0 3 ==== mon_map magic: 0 ==== 205+0+0 (secure 0 0 0) 0x7fa34c011b50 con 0x7fa35c108a00
2024-06-02T23:49:22.497 INFO:teuthology.orchestra.run.smithi049.stdout:/usr/bin/ceph: stderr
2024-06-02T23:49:21.590+0000 7fa361775700 1 -- 172.21.15.49:0/8503365 >> [v2:172.21.15.49:3300/0,v1:172.21.15.49:6789/0] conn(0x7fa35c108a00 msgr2=0x7fa35c10adf0 secure :-1 s=STATE_CONNECTION_ESTABLISHED l=1).mark_down
2024-06-02T23:49:22.497 INFO:teuthology.orchestra.run.smithi049.stdout:/usr/bin/ceph: stderr
2024-06-02T23:49:21.590+0000 7fa361775700 1 --2- 172.21.15.49:0/8503365 >> [v2:172.21.15.49:3300/0,v1:172.21.15.49:6789/0] conn(0x7fa35c108a00 0x7fa35c10adf0 secure :-1 s=READY pgs=22 cs=0 l=1 rev1=1 crypto rx=0x7fa34c0098a0 tx=0x7fa34c009bb0 comp rx=0 tx=0).stop
2024-06-02T23:49:22.497 INFO:teuthology.orchestra.run.smithi049.stdout:/usr/bin/ceph: stderr
2024-06-02T23:49:21.590+0000 7fa361775700 1 -- 172.21.15.49:0/8503365 shutdown_connections
2024-06-02T23:49:22.497 INFO:teuthology.orchestra.run.smithi049.stdout:/usr/bin/ceph: stderr
2024-06-02T23:49:21.590+0000 7fa361775700 1 --2- 172.21.15.49:0/8503365 >> [v2:172.21.15.49:3300/0,v1:172.21.15.49:6789/0] conn(0x7fa35c108a00 0x7fa35c10adf0 unknown :-1 s=CLOSED pgs=22 cs=0 l=1 rev1=1 crypto rx=0 tx=0 comp rx=0 tx=0).stop
2024-06-02T23:49:22.497 INFO:teuthology.orchestra.run.smithi049.stdout:/usr/bin/ceph: stderr
2024-06-02T23:49:21.590+0000 7fa361775700 1 -- 172.21.15.49:0/8503365 >> 172.21.15.49:0/8503365 conn(0x7fa35c102410 msgr2=0x7fa35c104830 unknown :-1 s=STATE_NONE l=0).mark_down
2024-06-02T23:49:22.497 INFO:teuthology.orchestra.run.smithi049.stdout:/usr/bin/ceph: stderr
2024-06-02T23:49:21.590+0000 7fa361775700 1 -- 172.21.15.49:0/8503365 shutdown_connections
2024-06-02T23:49:22.497 INFO:teuthology.orchestra.run.smithi049.stdout:/usr/bin/ceph: stderr
2024-06-02T23:49:21.590+0000 7fa361775700 1 -- 172.21.15.49:0/8503365 wait complete.
2024-06-02T23:49:22.497 INFO:teuthology.orchestra.run.smithi049.stdout:/usr/bin/ceph: stderr
2024-06-02T23:49:21.591+0000 7fa361775700 1 Processor -- start
2024-06-02T23:49:22.497 INFO:teuthology.orchestra.run.smithi049.stdout:/usr/bin/ceph: stderr
2024-06-02T23:49:21.591+0000 7fa361775700 1 -- start start
2024-06-02T23:49:22.497 INFO:teuthology.orchestra.run.smithi049.stdout:/usr/bin/ceph: stderr
2024-06-02T23:49:21.591+0000 7fa361775700 1 --2- >> [v2:172.21.15.49:3300/0,v1:172.21.15.49:6789/0] conn(0x7fa35c108a00 0x7fa35c19bea0 unknown :-1 s=NONE pgs=0 cs=0 l=1 rev1=0 crypto rx=0 tx=0 comp rx=0 tx=0).connect
2024-06-02T23:49:22.497 INFO:teuthology.orchestra.run.smithi049.stdout:/usr/bin/ceph: stderr
2024-06-02T23:49:21.591+0000 7fa361775700 1 -- --> [v2:172.21.15.49:3300/0,v1:172.21.15.49:6789/0] -- mon_getmap magic: 0 -- 0x7fa35c10c350 con 0x7fa35c108a00
2024-06-02T23:49:22.497 INFO:teuthology.orchestra.run.smithi049.stdout:/usr/bin/ceph: stderr
2024-06-02T23:49:21.591+0000 7fa35affd700 1 --2- >> [v2:172.21.15.49:3300/0,v1:172.21.15.49:6789/0] conn(0x7fa35c108a00 0x7fa35c19bea0 unknown :-1 s=BANNER_CONNECTING pgs=0 cs=0 l=1 rev1=0 crypto rx=0 tx=0 comp rx=0 tx=0)._handle_peer_banner_payload supported=3 required=0
2024-06-02T23:49:22.498 INFO:teuthology.orchestra.run.smithi049.stdout:/usr/bin/ceph: stderr
2024-06-02T23:49:21.591+0000 7fa35affd700 1 --2- >> [v2:172.21.15.49:3300/0,v1:172.21.15.49:6789/0] conn(0x7fa35c108a00 0x7fa35c19bea0 unknown :-1 s=HELLO_CONNECTING pgs=0 cs=0 l=1 rev1=1 crypto rx=0 tx=0 comp rx=0 tx=0).handle_hello peer v2:172.21.15.49:3300/0 says I am v2:172.21.15.49:49468/0 (socket says 172.21.15.49:49468)
2024-06-02T23:49:22.498 INFO:teuthology.orchestra.run.smithi049.stdout:/usr/bin/ceph: stderr
2024-06-02T23:49:21.591+0000 7fa35affd700 1 -- 172.21.15.49:0/2876245819 learned_addr learned my addr 172.21.15.49:0/2876245819 (peer_addr_for_me v2:172.21.15.49:0/0)
2024-06-02T23:49:22.498 INFO:teuthology.orchestra.run.smithi049.stdout:/usr/bin/ceph: stderr
2024-06-02T23:49:21.591+0000 7fa35affd700 1 -- 172.21.15.49:0/2876245819 --> [v2:172.21.15.49:3300/0,v1:172.21.15.49:6789/0] -- mon_subscribe({config=0+,monmap=0+}) -- 0x7fa35c19c3e0 con 0x7fa35c108a00
2024-06-02T23:49:22.498 INFO:teuthology.orchestra.run.smithi049.stdout:/usr/bin/ceph: stderr
2024-06-02T23:49:21.591+0000 7fa35affd700 1 --2- 172.21.15.49:0/2876245819 >> [v2:172.21.15.49:3300/0,v1:172.21.15.49:6789/0] conn(0x7fa35c108a00 0x7fa35c19bea0 secure :-1 s=READY pgs=23 cs=0 l=1 rev1=1 crypto rx=0x7fa34c011670 tx=0x7fa34c011b60 comp rx=0 tx=0).ready entity=mon.0 client_cookie=0 server_cookie=0 in_seq=0 out_seq=0
2024-06-02T23:49:22.498 INFO:teuthology.orchestra.run.smithi049.stdout:/usr/bin/ceph: stderr
2024-06-02T23:49:21.592+0000 7fa358ff9700 1 -- 172.21.15.49:0/2876245819 <== mon.0 v2:172.21.15.49:3300/0 1 ==== mon_map magic: 0 ==== 205+0+0 (secure 0 0 0) 0x7fa34c0039c0 con 0x7fa35c108a00
2024-06-02T23:49:22.498 INFO:teuthology.orchestra.run.smithi049.stdout:/usr/bin/ceph: stderr
2024-06-02T23:49:21.592+0000 7fa358ff9700 1 -- 172.21.15.49:0/2876245819 <== mon.0 v2:172.21.15.49:3300/0 2 ==== config(27 keys) ==== 1109+0+0 (secure 0 0 0) 0x7fa34c011e50 con 0x7fa35c108a00
2024-06-02T23:49:22.498 INFO:teuthology.orchestra.run.smithi049.stdout:/usr/bin/ceph: stderr
2024-06-02T23:49:21.592+0000 7fa361775700 1 -- 172.21.15.49:0/2876245819 --> [v2:172.21.15.49:3300/0,v1:172.21.15.49:6789/0] -- mon_subscribe({mgrmap=0+}) -- 0x7fa35c19c670 con 0x7fa35c108a00
2024-06-02T23:49:22.498 INFO:teuthology.orchestra.run.smithi049.stdout:/usr/bin/ceph: stderr
2024-06-02T23:49:21.592+0000 7fa358ff9700 1 -- 172.21.15.49:0/2876245819 <== mon.0 v2:172.21.15.49:3300/0 3 ==== mon_map magic: 0 ==== 205+0+0 (secure 0 0 0) 0x7fa34c01a5c0 con 0x7fa35c108a00
2024-06-02T23:49:22.498 INFO:teuthology.orchestra.run.smithi049.stdout:/usr/bin/ceph: stderr
2024-06-02T23:49:21.592+0000 7fa361775700 1 -- 172.21.15.49:0/2876245819 --> [v2:172.21.15.49:3300/0,v1:172.21.15.49:6789/0] -- mon_subscribe({osdmap=0}) -- 0x7fa35c19f360 con 0x7fa35c108a00
2024-06-02T23:49:22.498 INFO:teuthology.orchestra.run.smithi049.stdout:/usr/bin/ceph: stderr
2024-06-02T23:49:21.593+0000 7fa358ff9700 1 -- 172.21.15.49:0/2876245819 <== mon.0 v2:172.21.15.49:3300/0 4 ==== mgrmap(e 4) ==== 46276+0+0 (secure 0 0 0) 0x7fa34c01a870 con 0x7fa35c108a00
2024-06-02T23:49:22.498 INFO:teuthology.orchestra.run.smithi049.stdout:/usr/bin/ceph: stderr
2024-06-02T23:49:21.593+0000 7fa361775700 1 -- 172.21.15.49:0/2876245819 --> [v2:172.21.15.49:3300/0,v1:172.21.15.49:6789/0] -- mon_command({"prefix": "get_command_descriptions"} v 0) -- 0x7fa35c063af0 con 0x7fa35c108a00
2024-06-02T23:49:22.498 INFO:teuthology.orchestra.run.smithi049.stdout:/usr/bin/ceph: stderr
2024-06-02T23:49:21.593+0000 7fa358ff9700 1 --2- 172.21.15.49:0/2876245819 >> [v2:172.21.15.49:6800/549058216,v1:172.21.15.49:6801/549058216] conn(0x7fa348039000 0x7fa34803b4c0 unknown :-1 s=NONE pgs=0 cs=0 l=1 rev1=0 crypto rx=0 tx=0 comp rx=0 tx=0).connect
2024-06-02T23:49:22.498 INFO:teuthology.orchestra.run.smithi049.stdout:/usr/bin/ceph: stderr
2024-06-02T23:49:21.593+0000 7fa358ff9700 1 -- 172.21.15.49:0/2876245819 <== mon.0 v2:172.21.15.49:3300/0 5 ==== osd_map(1..1 src has 1..1) ==== 725+0+0 (secure 0 0 0) 0x7fa34c04d490 con 0x7fa35c108a00
2024-06-02T23:49:22.498 INFO:teuthology.orchestra.run.smithi049.stdout:/usr/bin/ceph: stderr
2024-06-02T23:49:21.593+0000 7fa3527fc700 1 --2- 172.21.15.49:0/2876245819 >> [v2:172.21.15.49:6800/549058216,v1:172.21.15.49:6801/549058216] conn(0x7fa348039000 0x7fa34803b4c0 unknown :-1 s=BANNER_CONNECTING pgs=0 cs=0 l=1 rev1=0 crypto rx=0 tx=0 comp rx=0 tx=0)._handle_peer_banner_payload supported=3 required=0
2024-06-02T23:49:22.499 INFO:teuthology.orchestra.run.smithi049.stdout:/usr/bin/ceph: stderr
2024-06-02T23:49:21.593+0000 7fa3527fc700 1 --2- 172.21.15.49:0/2876245819 >> [v2:172.21.15.49:6800/549058216,v1:172.21.15.49:6801/549058216] conn(0x7fa348039000 0x7fa34803b4c0 secure :-1 s=READY pgs=8 cs=0 l=1 rev1=1 crypto rx=0x7fa344006fd0 tx=0x7fa344006e40 comp rx=0 tx=0).ready entity=mgr.14100 client_cookie=0 server_cookie=0 in_seq=0 out_seq=0
2024-06-02T23:49:22.499 INFO:teuthology.orchestra.run.smithi049.stdout:/usr/bin/ceph: stderr
2024-06-02T23:49:21.598+0000 7fa358ff9700 1 -- 172.21.15.49:0/2876245819 <== mon.0 v2:172.21.15.49:3300/0 6 ==== mon_command_ack([{"prefix": "get_command_descriptions"}]=0 v0) ==== 72+0+186418 (secure 0 0 0) 0x7fa34c019c70 con 0x7fa35c108a00
2024-06-02T23:49:22.499 INFO:teuthology.orchestra.run.smithi049.stdout:/usr/bin/ceph: stderr
2024-06-02T23:49:21.863+0000 7fa361775700 1 -- 172.21.15.49:0/2876245819 --> [v2:172.21.15.49:3300/0,v1:172.21.15.49:6789/0] -- mon_command({"prefix": "mgr module enable", "module": "cephadm"} v 0) -- 0x7fa35c19f530 con 0x7fa35c108a00
2024-06-02T23:49:22.499 INFO:teuthology.orchestra.run.smithi049.stdout:/usr/bin/ceph: stderr
2024-06-02T23:49:21.914+0000 7fa358ff9700 1 -- 172.21.15.49:0/2876245819 <== mon.0 v2:172.21.15.49:3300/0 7 ==== mon_command_ack([{"prefix": "mgr module enable", "module": "cephadm"}]=0 v5) ==== 86+0+0 (secure 0 0 0) 0x7fa35c19f530 con 0x7fa35c108a00
2024-06-02T23:49:22.499 INFO:teuthology.orchestra.run.smithi049.stdout:/usr/bin/ceph: stderr
2024-06-02T23:49:21.916+0000 7fa358ff9700 1 -- 172.21.15.49:0/2876245819 <== mon.0 v2:172.21.15.49:3300/0 8 ==== mgrmap(e 5) ==== 46287+0+0 (secure 0 0 0) 0x7fa34c02d910 con 0x7fa35c108a00
2024-06-02T23:49:22.499 INFO:teuthology.orchestra.run.smithi049.stdout:/usr/bin/ceph: stderr
2024-06-02T23:49:21.917+0000 7fa361775700 1 -- 172.21.15.49:0/2876245819 >> [v2:172.21.15.49:6800/549058216,v1:172.21.15.49:6801/549058216] conn(0x7fa348039000 msgr2=0x7fa34803b4c0 secure :-1 s=STATE_CONNECTION_ESTABLISHED l=1).mark_down
2024-06-02T23:49:22.499 INFO:teuthology.orchestra.run.smithi049.stdout:/usr/bin/ceph: stderr
2024-06-02T23:49:21.917+0000 7fa361775700 1 --2- 172.21.15.49:0/2876245819 >> [v2:172.21.15.49:6800/549058216,v1:172.21.15.49:6801/549058216] conn(0x7fa348039000 0x7fa34803b4c0 secure :-1 s=READY pgs=8 cs=0 l=1 rev1=1 crypto rx=0x7fa344006fd0 tx=0x7fa344006e40 comp rx=0 tx=0).stop
2024-06-02T23:49:22.499 INFO:teuthology.orchestra.run.smithi049.stdout:/usr/bin/ceph: stderr
2024-06-02T23:49:21.917+0000 7fa361775700 1 -- 172.21.15.49:0/2876245819 >> [v2:172.21.15.49:3300/0,v1:172.21.15.49:6789/0] conn(0x7fa35c108a00 msgr2=0x7fa35c19bea0 secure :-1 s=STATE_CONNECTION_ESTABLISHED l=1).mark_down
2024-06-02T23:49:22.499 INFO:teuthology.orchestra.run.smithi049.stdout:/usr/bin/ceph: stderr
2024-06-02T23:49:21.917+0000 7fa361775700 1 --2- 172.21.15.49:0/2876245819 >> [v2:172.21.15.49:3300/0,v1:172.21.15.49:6789/0] conn(0x7fa35c108a00 0x7fa35c19bea0 secure :-1 s=READY pgs=23 cs=0 l=1 rev1=1 crypto rx=0x7fa34c011670 tx=0x7fa34c011b60 comp rx=0 tx=0).stop
2024-06-02T23:49:22.499 INFO:teuthology.orchestra.run.smithi049.stdout:/usr/bin/ceph: stderr
2024-06-02T23:49:21.917+0000 7fa361775700 1 -- 172.21.15.49:0/2876245819 shutdown_connections
2024-06-02T23:49:22.499 INFO:teuthology.orchestra.run.smithi049.stdout:/usr/bin/ceph: stderr
2024-06-02T23:49:21.917+0000 7fa361775700 1 --2- 172.21.15.49:0/2876245819 >> [v2:172.21.15.49:6800/549058216,v1:172.21.15.49:6801/549058216] conn(0x7fa348039000 0x7fa34803b4c0 unknown :-1 s=CLOSED pgs=8 cs=0 l=1 rev1=1 crypto rx=0 tx=0 comp rx=0 tx=0).stop
2024-06-02T23:49:22.499 INFO:teuthology.orchestra.run.smithi049.stdout:/usr/bin/ceph: stderr
2024-06-02T23:49:21.917+0000 7fa361775700 1 --2- 172.21.15.49:0/2876245819 >> [v2:172.21.15.49:3300/0,v1:172.21.15.49:6789/0] conn(0x7fa35c108a00 0x7fa35c19bea0 unknown :-1 s=CLOSED pgs=23 cs=0 l=1 rev1=1 crypto rx=0 tx=0 comp rx=0 tx=0).stop
2024-06-02T23:49:22.499 INFO:teuthology.orchestra.run.smithi049.stdout:/usr/bin/ceph: stderr
2024-06-02T23:49:21.917+0000 7fa361775700 1 -- 172.21.15.49:0/2876245819 >> 172.21.15.49:0/2876245819 conn(0x7fa35c102410 msgr2=0x7fa35c102f00 unknown :-1 s=STATE_NONE l=0).mark_down
2024-06-02T23:49:22.499 INFO:teuthology.orchestra.run.smithi049.stdout:/usr/bin/ceph: stderr
2024-06-02T23:49:21.917+0000 7fa361775700 1 -- 172.21.15.49:0/2876245819 shutdown_connections
2024-06-02T23:49:22.500 INFO:teuthology.orchestra.run.smithi049.stdout:/usr/bin/ceph: stderr
2024-06-02T23:49:21.917+0000 7fa361775700 1 -- 172.21.15.49:0/2876245819 wait complete.
2024-06-02T23:49:22.745 INFO:journalctl@ceph.mgr.x.smithi049.stdout:Jun 02 23:49:22 smithi049 ceph-890dd222-213a-11ef-bc9b-c7b262605968-mgr-x[32529]:
2024-06-02T23:49:22.718+0000 7f3db6630200 -1 mgr[py] Module progress has missing NOTIFY_TYPES member
2024-06-02T23:49:23.149 INFO:journalctl@ceph.mon.a.smithi049.stdout:Jun 02 23:49:22 smithi049 ceph-mon[32302]: from='client.? 172.21.15.49:0/2876245819' entity='client.admin' cmd='[{"prefix": "mgr module enable", "module": "cephadm"}]': finished
2024-06-02T23:49:23.150 INFO:journalctl@ceph.mon.a.smithi049.stdout:Jun 02 23:49:22 smithi049 ceph-mon[32302]: mgrmap e5: x(active, since 5s)
2024-06-02T23:49:23.150 INFO:journalctl@ceph.mgr.x.smithi049.stdout:Jun 02 23:49:22 smithi049 ceph-890dd222-213a-11ef-bc9b-c7b262605968-mgr-x[32529]:
2024-06-02T23:49:22.810+0000 7f3db6630200 -1 mgr[py] Module influx has missing NOTIFY_TYPES member
2024-06-02T23:49:23.715 INFO:teuthology.orchestra.run.smithi049.stdout:/usr/bin/ceph: stdout {
2024-06-02T23:49:23.715 INFO:teuthology.orchestra.run.smithi049.stdout:/usr/bin/ceph: stdout "epoch": 5,
2024-06-02T23:49:23.715 INFO:teuthology.orchestra.run.smithi049.stdout:/usr/bin/ceph: stdout "available": true,
2024-06-02T23:49:23.715 INFO:teuthology.orchestra.run.smithi049.stdout:/usr/bin/ceph: stdout "active_name": "x",
2024-06-02T23:49:23.715 INFO:teuthology.orchestra.run.smithi049.stdout:/usr/bin/ceph: stdout "num_standby": 0
2024-06-02T23:49:23.715 INFO:teuthology.orchestra.run.smithi049.stdout:/usr/bin/ceph: stdout }
2024-06-02T23:49:23.715 INFO:teuthology.orchestra.run.smithi049.stdout:/usr/bin/ceph: stderr
2024-06-02T23:49:22.942+0000 7f8b80a23700 1 Processor -- start
2024-06-02T23:49:23.716 INFO:teuthology.orchestra.run.smithi049.stdout:/usr/bin/ceph: stderr
2024-06-02T23:49:22.942+0000 7f8b80a23700 1 -- start start
2024-06-02T23:49:23.716 INFO:teuthology.orchestra.run.smithi049.stdout:/usr/bin/ceph: stderr
2024-06-02T23:49:22.943+0000 7f8b80a23700 1 --2- >> [v2:172.21.15.49:3300/0,v1:172.21.15.49:6789/0] conn(0x7f8b7c106200 0x7f8b7c106620 unknown :-1 s=NONE pgs=0 cs=0 l=0 rev1=0 crypto rx=0 tx=0 comp rx=0 tx=0).connect
2024-06-02T23:49:23.716 INFO:teuthology.orchestra.run.smithi049.stdout:/usr/bin/ceph: stderr
2024-06-02T23:49:22.943+0000 7f8b80a23700 1 -- --> [v2:172.21.15.49:3300/0,v1:172.21.15.49:6789/0] -- mon_getmap magic: 0 -- 0x7f8b7c106bf0 con 0x7f8b7c106200
2024-06-02T23:49:23.716 INFO:teuthology.orchestra.run.smithi049.stdout:/usr/bin/ceph: stderr
2024-06-02T23:49:22.943+0000 7f8b7a59c700 1 --2- >> [v2:172.21.15.49:3300/0,v1:172.21.15.49:6789/0] conn(0x7f8b7c106200 0x7f8b7c106620 unknown :-1 s=BANNER_CONNECTING pgs=0 cs=0 l=0 rev1=0 crypto rx=0 tx=0 comp rx=0 tx=0)._handle_peer_banner_payload supported=3 required=0
2024-06-02T23:49:23.716 INFO:teuthology.orchestra.run.smithi049.stdout:/usr/bin/ceph: stderr
2024-06-02T23:49:22.943+0000 7f8b7a59c700 1 --2- >> [v2:172.21.15.49:3300/0,v1:172.21.15.49:6789/0] conn(0x7f8b7c106200 0x7f8b7c106620 unknown :-1 s=HELLO_CONNECTING pgs=0 cs=0 l=0 rev1=1 crypto rx=0 tx=0 comp rx=0 tx=0).handle_hello peer v2:172.21.15.49:3300/0 says I am v2:172.21.15.49:59610/0 (socket says 172.21.15.49:59610)
2024-06-02T23:49:23.716 INFO:teuthology.orchestra.run.smithi049.stdout:/usr/bin/ceph: stderr
2024-06-02T23:49:22.943+0000 7f8b7a59c700 1 -- 172.21.15.49:0/1270956068 learned_addr learned my addr 172.21.15.49:0/1270956068 (peer_addr_for_me v2:172.21.15.49:0/0)
2024-06-02T23:49:23.716 INFO:teuthology.orchestra.run.smithi049.stdout:/usr/bin/ceph: stderr
2024-06-02T23:49:22.943+0000 7f8b7a59c700 1 -- 172.21.15.49:0/1270956068 --> [v2:172.21.15.49:3300/0,v1:172.21.15.49:6789/0] -- mon_subscribe({config=0+,monmap=0+}) -- 0x7f8b7c109190 con 0x7f8b7c106200
2024-06-02T23:49:23.716 INFO:teuthology.orchestra.run.smithi049.stdout:/usr/bin/ceph: stderr
2024-06-02T23:49:22.943+0000 7f8b7a59c700 1 --2- 172.21.15.49:0/1270956068 >> [v2:172.21.15.49:3300/0,v1:172.21.15.49:6789/0] conn(0x7f8b7c106200 0x7f8b7c106620 secure :-1 s=READY pgs=26 cs=0 l=1 rev1=1 crypto rx=0x7f8b6c0098a0 tx=0x7f8b6c009bb0 comp rx=0 tx=0).ready entity=mon.0 client_cookie=d414cae071d6f06d server_cookie=0 in_seq=0 out_seq=0
2024-06-02T23:49:23.716 INFO:teuthology.orchestra.run.smithi049.stdout:/usr/bin/ceph: stderr
2024-06-02T23:49:22.943+0000 7f8b7959a700 1 -- 172.21.15.49:0/1270956068 <== mon.0 v2:172.21.15.49:3300/0 1 ==== mon_map magic: 0 ==== 205+0+0 (secure 0 0 0) 0x7f8b6c004160 con 0x7f8b7c106200
2024-06-02T23:49:23.716 INFO:teuthology.orchestra.run.smithi049.stdout:/usr/bin/ceph: stderr
2024-06-02T23:49:22.944+0000 7f8b7959a700 1 -- 172.21.15.49:0/1270956068 <== mon.0 v2:172.21.15.49:3300/0 2 ==== config(27 keys) ==== 1109+0+0 (secure 0 0 0) 0x7f8b6c004300 con 0x7f8b7c106200
2024-06-02T23:49:23.716 INFO:teuthology.orchestra.run.smithi049.stdout:/usr/bin/ceph: stderr
2024-06-02T23:49:22.944+0000 7f8b7959a700 1 -- 172.21.15.49:0/1270956068 <== mon.0 v2:172.21.15.49:3300/0 3 ==== mon_map magic: 0 ==== 205+0+0 (secure 0 0 0) 0x7f8b6c011b50 con 0x7f8b7c106200
2024-06-02T23:49:23.716 INFO:teuthology.orchestra.run.smithi049.stdout:/usr/bin/ceph: stderr
2024-06-02T23:49:22.944+0000 7f8b80a23700 1 -- 172.21.15.49:0/1270956068 >> [v2:172.21.15.49:3300/0,v1:172.21.15.49:6789/0] conn(0x7f8b7c106200 msgr2=0x7f8b7c106620 secure :-1 s=STATE_CONNECTION_ESTABLISHED l=1).mark_down
2024-06-02T23:49:23.716 INFO:teuthology.orchestra.run.smithi049.stdout:/usr/bin/ceph: stderr
2024-06-02T23:49:22.944+0000 7f8b80a23700 1 --2- 172.21.15.49:0/1270956068 >> [v2:172.21.15.49:3300/0,v1:172.21.15.49:6789/0] conn(0x7f8b7c106200 0x7f8b7c106620 secure :-1 s=READY pgs=26 cs=0 l=1 rev1=1 crypto rx=0x7f8b6c0098a0 tx=0x7f8b6c009bb0 comp rx=0 tx=0).stop
2024-06-02T23:49:23.716 INFO:teuthology.orchestra.run.smithi049.stdout:/usr/bin/ceph: stderr
2024-06-02T23:49:22.944+0000 7f8b80a23700 1 -- 172.21.15.49:0/1270956068 shutdown_connections
2024-06-02T23:49:23.716 INFO:teuthology.orchestra.run.smithi049.stdout:/usr/bin/ceph: stderr
2024-06-02T23:49:22.944+0000 7f8b80a23700 1 --2- 172.21.15.49:0/1270956068 >> [v2:172.21.15.49:3300/0,v1:172.21.15.49:6789/0] conn(0x7f8b7c106200 0x7f8b7c106620 unknown :-1 s=CLOSED pgs=26 cs=0 l=1 rev1=1 crypto rx=0 tx=0 comp rx=0 tx=0).stop
2024-06-02T23:49:23.717 INFO:teuthology.orchestra.run.smithi049.stdout:/usr/bin/ceph: stderr
2024-06-02T23:49:22.944+0000 7f8b80a23700 1 -- 172.21.15.49:0/1270956068 >> 172.21.15.49:0/1270956068 conn(0x7f8b7c101bd0 msgr2=0x7f8b7c103ff0 unknown :-1 s=STATE_NONE l=0).mark_down
2024-06-02T23:49:23.717 INFO:teuthology.orchestra.run.smithi049.stdout:/usr/bin/ceph: stderr
2024-06-02T23:49:22.944+0000 7f8b80a23700 1 -- 172.21.15.49:0/1270956068 shutdown_connections
2024-06-02T23:49:23.717 INFO:teuthology.orchestra.run.smithi049.stdout:/usr/bin/ceph: stderr
2024-06-02T23:49:22.944+0000 7f8b80a23700 1 -- 172.21.15.49:0/1270956068 wait complete.
2024-06-02T23:49:23.717 INFO:teuthology.orchestra.run.smithi049.stdout:/usr/bin/ceph: stderr
2024-06-02T23:49:22.945+0000 7f8b80a23700 1 Processor -- start
2024-06-02T23:49:23.717 INFO:teuthology.orchestra.run.smithi049.stdout:/usr/bin/ceph: stderr
2024-06-02T23:49:22.945+0000 7f8b80a23700 1 -- start start
2024-06-02T23:49:23.717 INFO:teuthology.orchestra.run.smithi049.stdout:/usr/bin/ceph: stderr
2024-06-02T23:49:22.945+0000 7f8b80a23700 1 --2- >> [v2:172.21.15.49:3300/0,v1:172.21.15.49:6789/0] conn(0x7f8b7c106200 0x7f8b7c19be90 unknown :-1 s=NONE pgs=0 cs=0 l=1 rev1=0 crypto rx=0 tx=0 comp rx=0 tx=0).connect
2024-06-02T23:49:23.717 INFO:teuthology.orchestra.run.smithi049.stdout:/usr/bin/ceph: stderr
2024-06-02T23:49:22.945+0000 7f8b80a23700 1 -- --> [v2:172.21.15.49:3300/0,v1:172.21.15.49:6789/0] -- mon_getmap magic: 0 -- 0x7f8b7c10c540 con 0x7f8b7c106200
2024-06-02T23:49:23.717 INFO:teuthology.orchestra.run.smithi049.stdout:/usr/bin/ceph: stderr
2024-06-02T23:49:22.945+0000 7f8b7a59c700 1 --2- >> [v2:172.21.15.49:3300/0,v1:172.21.15.49:6789/0] conn(0x7f8b7c106200 0x7f8b7c19be90 unknown :-1 s=BANNER_CONNECTING pgs=0 cs=0 l=1 rev1=0 crypto rx=0 tx=0 comp rx=0 tx=0)._handle_peer_banner_payload supported=3 required=0
2024-06-02T23:49:23.717 INFO:teuthology.orchestra.run.smithi049.stdout:/usr/bin/ceph: stderr
2024-06-02T23:49:22.945+0000 7f8b7a59c700 1 --2- >> [v2:172.21.15.49:3300/0,v1:172.21.15.49:6789/0] conn(0x7f8b7c106200 0x7f8b7c19be90 unknown :-1 s=HELLO_CONNECTING pgs=0 cs=0 l=1 rev1=1 crypto rx=0 tx=0 comp rx=0 tx=0).handle_hello peer v2:172.21.15.49:3300/0 says I am v2:172.21.15.49:59616/0 (socket says 172.21.15.49:59616)
2024-06-02T23:49:23.717 INFO:teuthology.orchestra.run.smithi049.stdout:/usr/bin/ceph: stderr
2024-06-02T23:49:22.945+0000 7f8b7a59c700 1 -- 172.21.15.49:0/3061641573 learned_addr learned my addr 172.21.15.49:0/3061641573 (peer_addr_for_me v2:172.21.15.49:0/0)
2024-06-02T23:49:23.717 INFO:teuthology.orchestra.run.smithi049.stdout:/usr/bin/ceph: stderr
2024-06-02T23:49:22.946+0000 7f8b7a59c700 1 -- 172.21.15.49:0/3061641573 --> [v2:172.21.15.49:3300/0,v1:172.21.15.49:6789/0] -- mon_subscribe({config=0+,monmap=0+}) -- 0x7f8b7c19c3d0 con 0x7f8b7c106200
2024-06-02T23:49:23.718 INFO:teuthology.orchestra.run.smithi049.stdout:/usr/bin/ceph: stderr
2024-06-02T23:49:22.946+0000 7f8b7a59c700 1 --2- 172.21.15.49:0/3061641573 >> [v2:172.21.15.49:3300/0,v1:172.21.15.49:6789/0] conn(0x7f8b7c106200 0x7f8b7c19be90 secure :-1 s=READY pgs=27 cs=0 l=1 rev1=1 crypto rx=0x7f8b6c011670 tx=0x7f8b6c011b60 comp rx=0 tx=0).ready entity=mon.0 client_cookie=0 server_cookie=0 in_seq=0 out_seq=0
2024-06-02T23:49:23.718 INFO:teuthology.orchestra.run.smithi049.stdout:/usr/bin/ceph: stderr
2024-06-02T23:49:22.946+0000 7f8b6b7fe700 1 -- 172.21.15.49:0/3061641573 <== mon.0 v2:172.21.15.49:3300/0 1 ==== mon_map magic: 0 ==== 205+0+0 (secure 0 0 0) 0x7f8b6c0039c0 con 0x7f8b7c106200
2024-06-02T23:49:23.718 INFO:teuthology.orchestra.run.smithi049.stdout:/usr/bin/ceph: stderr
2024-06-02T23:49:22.946+0000 7f8b6b7fe700 1 -- 172.21.15.49:0/3061641573 <== mon.0 v2:172.21.15.49:3300/0 2 ==== config(27 keys) ==== 1109+0+0 (secure 0 0 0) 0x7f8b6c011e50 con 0x7f8b7c106200
2024-06-02T23:49:23.718 INFO:teuthology.orchestra.run.smithi049.stdout:/usr/bin/ceph: stderr
2024-06-02T23:49:22.946+0000 7f8b80a23700 1 -- 172.21.15.49:0/3061641573 --> [v2:172.21.15.49:3300/0,v1:172.21.15.49:6789/0] -- mon_subscribe({mgrmap=0+}) -- 0x7f8b7c19c660 con 0x7f8b7c106200
2024-06-02T23:49:23.718 INFO:teuthology.orchestra.run.smithi049.stdout:/usr/bin/ceph: stderr
2024-06-02T23:49:22.946+0000 7f8b6b7fe700 1 -- 172.21.15.49:0/3061641573 <== mon.0 v2:172.21.15.49:3300/0 3 ==== mon_map magic: 0 ==== 205+0+0 (secure 0 0 0) 0x7f8b6c01a5c0 con 0x7f8b7c106200
2024-06-02T23:49:23.718 INFO:teuthology.orchestra.run.smithi049.stdout:/usr/bin/ceph: stderr
2024-06-02T23:49:22.946+0000 7f8b80a23700 1 -- 172.21.15.49:0/3061641573 --> [v2:172.21.15.49:3300/0,v1:172.21.15.49:6789/0] -- mon_subscribe({osdmap=0}) -- 0x7f8b7c19f350 con 0x7f8b7c106200
2024-06-02T23:49:23.718 INFO:teuthology.orchestra.run.smithi049.stdout:/usr/bin/ceph: stderr
2024-06-02T23:49:22.947+0000 7f8b6b7fe700 1 -- 172.21.15.49:0/3061641573 <== mon.0 v2:172.21.15.49:3300/0 4 ==== mgrmap(e 5) ==== 46287+0+0 (secure 0 0 0) 0x7f8b6c01a870 con 0x7f8b7c106200
2024-06-02T23:49:23.718 INFO:teuthology.orchestra.run.smithi049.stdout:/usr/bin/ceph: stderr
2024-06-02T23:49:22.947+0000 7f8b80a23700 1 -- 172.21.15.49:0/3061641573 --> [v2:172.21.15.49:3300/0,v1:172.21.15.49:6789/0] -- mon_command({"prefix": "get_command_descriptions"} v 0) -- 0x7f8b7c063af0 con 0x7f8b7c106200
2024-06-02T23:49:23.718 INFO:teuthology.orchestra.run.smithi049.stdout:/usr/bin/ceph: stderr
2024-06-02T23:49:22.948+0000 7f8b6b7fe700 1 --2- 172.21.15.49:0/3061641573 >> [v2:172.21.15.49:6800/549058216,v1:172.21.15.49:6801/549058216] conn(0x7f8b64039050 0x7f8b6403b510 unknown :-1 s=NONE pgs=0 cs=0 l=1 rev1=0 crypto rx=0 tx=0 comp rx=0 tx=0).connect
2024-06-02T23:49:23.718 INFO:teuthology.orchestra.run.smithi049.stdout:/usr/bin/ceph: stderr
2024-06-02T23:49:22.948+0000 7f8b6b7fe700 1 -- 172.21.15.49:0/3061641573 <== mon.0 v2:172.21.15.49:3300/0 5 ==== osd_map(1..1 src has 1..1) ==== 725+0+0 (secure 0 0 0) 0x7f8b6c04d490 con 0x7f8b7c106200
2024-06-02T23:49:23.718 INFO:teuthology.orchestra.run.smithi049.stdout:/usr/bin/ceph: stderr
2024-06-02T23:49:22.948+0000 7f8b79d9b700 1 -- 172.21.15.49:0/3061641573 >> [v2:172.21.15.49:6800/549058216,v1:172.21.15.49:6801/549058216] conn(0x7f8b64039050 msgr2=0x7f8b6403b510 unknown :-1 s=STATE_CONNECTING_RE l=1).process reconnect failed to v2:172.21.15.49:6800/549058216
2024-06-02T23:49:23.719 INFO:teuthology.orchestra.run.smithi049.stdout:/usr/bin/ceph: stderr
2024-06-02T23:49:22.948+0000 7f8b79d9b700 1 --2- 172.21.15.49:0/3061641573 >> [v2:172.21.15.49:6800/549058216,v1:172.21.15.49:6801/549058216] conn(0x7f8b64039050 0x7f8b6403b510 unknown :-1 s=START_CONNECT pgs=0 cs=0 l=1 rev1=0 crypto rx=0 tx=0 comp rx=0 tx=0)._fault waiting 0.200000
2024-06-02T23:49:23.719 INFO:teuthology.orchestra.run.smithi049.stdout:/usr/bin/ceph: stderr
2024-06-02T23:49:22.953+0000 7f8b6b7fe700 1 -- 172.21.15.49:0/3061641573 <== mon.0 v2:172.21.15.49:3300/0 6 ==== mon_command_ack([{"prefix": "get_command_descriptions"}]=0 v0) ==== 72+0+186418 (secure 0 0 0) 0x7f8b6c019c70 con 0x7f8b7c106200
2024-06-02T23:49:23.719 INFO:teuthology.orchestra.run.smithi049.stdout:/usr/bin/ceph: stderr
