2024-06-02T23:49:42.765+0000 7fcc68ff9700 1 -- 172.21.15.49:0/3529058741 <== mon.0 v2:172.21.15.49:3300/0 6 ==== mon_command_ack([{"prefix": "get_command_descriptions"}]=0 v0) ==== 72+0+186418 (secure 0 0 0) 0x7fcc5c00b7e0 con 0x7fcc6c1083c0
2024-06-02T23:49:43.612 INFO:teuthology.orchestra.run.smithi049.stdout:/usr/bin/ceph: stderr
2024-06-02T23:49:42.990+0000 7fcc71739700 1 -- 172.21.15.49:0/3529058741 --> [v2:172.21.15.49:6800/1206062338,v1:172.21.15.49:6801/1206062338] -- mgr_command(tid 0: {"prefix": "orch apply", "service_type": "mgr", "unmanaged": true, "target": ["mon-mgr", ""]}) -- 0x7fcc6c0008d0 con 0x7fcc580391a0
2024-06-02T23:49:43.612 INFO:teuthology.orchestra.run.smithi049.stdout:/usr/bin/ceph: stderr
2024-06-02T23:49:42.995+0000 7fcc68ff9700 1 -- 172.21.15.49:0/3529058741 <== mgr.14120 v2:172.21.15.49:6800/1206062338 1 ==== mgr_command_reply(tid 0: 0 ) ==== 8+0+24 (secure 0 0 0) 0x7fcc6c0008d0 con 0x7fcc580391a0
2024-06-02T23:49:43.613 INFO:teuthology.orchestra.run.smithi049.stdout:/usr/bin/ceph: stderr
2024-06-02T23:49:42.997+0000 7fcc71739700 1 -- 172.21.15.49:0/3529058741 >> [v2:172.21.15.49:6800/1206062338,v1:172.21.15.49:6801/1206062338] conn(0x7fcc580391a0 msgr2=0x7fcc5803b660 secure :-1 s=STATE_CONNECTION_ESTABLISHED l=1).mark_down
2024-06-02T23:49:43.613 INFO:teuthology.orchestra.run.smithi049.stdout:/usr/bin/ceph: stderr
2024-06-02T23:49:42.997+0000 7fcc71739700 1 --2- 172.21.15.49:0/3529058741 >> [v2:172.21.15.49:6800/1206062338,v1:172.21.15.49:6801/1206062338] conn(0x7fcc580391a0 0x7fcc5803b660 secure :-1 s=READY pgs=13 cs=0 l=1 rev1=1 crypto rx=0x7fcc54006fd0 tx=0x7fcc54006e40 comp rx=0 tx=0).stop
2024-06-02T23:49:43.613 INFO:teuthology.orchestra.run.smithi049.stdout:/usr/bin/ceph: stderr
2024-06-02T23:49:42.997+0000 7fcc71739700 1 -- 172.21.15.49:0/3529058741 >> [v2:172.21.15.49:3300/0,v1:172.21.15.49:6789/0] conn(0x7fcc6c1083c0 msgr2=0x7fcc6c19beb0 secure :-1 s=STATE_CONNECTION_ESTABLISHED l=1).mark_down
2024-06-02T23:49:43.613 INFO:teuthology.orchestra.run.smithi049.stdout:/usr/bin/ceph: stderr
2024-06-02T23:49:42.997+0000 7fcc71739700 1 --2- 172.21.15.49:0/3529058741 >> [v2:172.21.15.49:3300/0,v1:172.21.15.49:6789/0] conn(0x7fcc6c1083c0 0x7fcc6c19beb0 secure :-1 s=READY pgs=50 cs=0 l=1 rev1=1 crypto rx=0x7fcc5c011670 tx=0x7fcc5c011b60 comp rx=0 tx=0).stop
2024-06-02T23:49:43.613 INFO:teuthology.orchestra.run.smithi049.stdout:/usr/bin/ceph: stderr
2024-06-02T23:49:42.998+0000 7fcc71739700 1 -- 172.21.15.49:0/3529058741 shutdown_connections
2024-06-02T23:49:43.613 INFO:teuthology.orchestra.run.smithi049.stdout:/usr/bin/ceph: stderr
2024-06-02T23:49:42.998+0000 7fcc71739700 1 --2- 172.21.15.49:0/3529058741 >> [v2:172.21.15.49:6800/1206062338,v1:172.21.15.49:6801/1206062338] conn(0x7fcc580391a0 0x7fcc5803b660 unknown :-1 s=CLOSED pgs=13 cs=0 l=1 rev1=1 crypto rx=0 tx=0 comp rx=0 tx=0).stop
2024-06-02T23:49:43.613 INFO:teuthology.orchestra.run.smithi049.stdout:/usr/bin/ceph: stderr
2024-06-02T23:49:42.998+0000 7fcc71739700 1 --2- 172.21.15.49:0/3529058741 >> [v2:172.21.15.49:3300/0,v1:172.21.15.49:6789/0] conn(0x7fcc6c1083c0 0x7fcc6c19beb0 unknown :-1 s=CLOSED pgs=50 cs=0 l=1 rev1=1 crypto rx=0 tx=0 comp rx=0 tx=0).stop
2024-06-02T23:49:43.613 INFO:teuthology.orchestra.run.smithi049.stdout:/usr/bin/ceph: stderr
2024-06-02T23:49:42.998+0000 7fcc71739700 1 -- 172.21.15.49:0/3529058741 >> 172.21.15.49:0/3529058741 conn(0x7fcc6c101bd0 msgr2=0x7fcc6c102a20 unknown :-1 s=STATE_NONE l=0).mark_down
2024-06-02T23:49:43.613 INFO:teuthology.orchestra.run.smithi049.stdout:/usr/bin/ceph: stderr
2024-06-02T23:49:42.998+0000 7fcc71739700 1 -- 172.21.15.49:0/3529058741 shutdown_connections
2024-06-02T23:49:43.613 INFO:teuthology.orchestra.run.smithi049.stdout:/usr/bin/ceph: stderr
2024-06-02T23:49:42.998+0000 7fcc71739700 1 -- 172.21.15.49:0/3529058741 wait complete.
2024-06-02T23:49:44.211 INFO:journalctl@ceph.mon.a.smithi049.stdout:Jun 02 23:49:43 smithi049 ceph-mon[32302]: from='client.14144 -' entity='client.admin' cmd=[{"prefix": "orch apply", "service_type": "mgr", "unmanaged": true, "target": ["mon-mgr", ""]}]: dispatch
2024-06-02T23:49:44.211 INFO:journalctl@ceph.mon.a.smithi049.stdout:Jun 02 23:49:43 smithi049 ceph-mon[32302]: Saving service mgr spec with placement count:2
2024-06-02T23:49:44.211 INFO:journalctl@ceph.mon.a.smithi049.stdout:Jun 02 23:49:43 smithi049 ceph-mon[32302]: from='mgr.14120 172.21.15.49:0/2158042131' entity='mgr.x'
2024-06-02T23:49:44.876 INFO:teuthology.orchestra.run.smithi049.stdout:/usr/bin/ceph: stderr
2024-06-02T23:49:44.008+0000 7f40d8e84700 1 Processor -- start
2024-06-02T23:49:44.876 INFO:teuthology.orchestra.run.smithi049.stdout:/usr/bin/ceph: stderr
2024-06-02T23:49:44.008+0000 7f40d8e84700 1 -- start start
2024-06-02T23:49:44.876 INFO:teuthology.orchestra.run.smithi049.stdout:/usr/bin/ceph: stderr
2024-06-02T23:49:44.009+0000 7f40d8e84700 1 --2- >> [v2:172.21.15.49:3300/0,v1:172.21.15.49:6789/0] conn(0x7f40d4106e20 0x7f40d4107240 unknown :-1 s=NONE pgs=0 cs=0 l=0 rev1=0 crypto rx=0 tx=0 comp rx=0 tx=0).connect
2024-06-02T23:49:44.876 INFO:teuthology.orchestra.run.smithi049.stdout:/usr/bin/ceph: stderr
2024-06-02T23:49:44.009+0000 7f40d8e84700 1 -- --> [v2:172.21.15.49:3300/0,v1:172.21.15.49:6789/0] -- mon_getmap magic: 0 -- 0x7f40d4107780 con 0x7f40d4106e20
2024-06-02T23:49:44.877 INFO:teuthology.orchestra.run.smithi049.stdout:/usr/bin/ceph: stderr
2024-06-02T23:49:44.009+0000 7f40d259c700 1 --2- >> [v2:172.21.15.49:3300/0,v1:172.21.15.49:6789/0] conn(0x7f40d4106e20 0x7f40d4107240 unknown :-1 s=BANNER_CONNECTING pgs=0 cs=0 l=0 rev1=0 crypto rx=0 tx=0 comp rx=0 tx=0)._handle_peer_banner_payload supported=3 required=0
2024-06-02T23:49:44.877 INFO:teuthology.orchestra.run.smithi049.stdout:/usr/bin/ceph: stderr
2024-06-02T23:49:44.009+0000 7f40d259c700 1 --2- >> [v2:172.21.15.49:3300/0,v1:172.21.15.49:6789/0] conn(0x7f40d4106e20 0x7f40d4107240 unknown :-1 s=HELLO_CONNECTING pgs=0 cs=0 l=0 rev1=1 crypto rx=0 tx=0 comp rx=0 tx=0).handle_hello peer v2:172.21.15.49:3300/0 says I am v2:172.21.15.49:36564/0 (socket says 172.21.15.49:36564)
2024-06-02T23:49:44.877 INFO:teuthology.orchestra.run.smithi049.stdout:/usr/bin/ceph: stderr
2024-06-02T23:49:44.009+0000 7f40d259c700 1 -- 172.21.15.49:0/2039316581 learned_addr learned my addr 172.21.15.49:0/2039316581 (peer_addr_for_me v2:172.21.15.49:0/0)
2024-06-02T23:49:44.877 INFO:teuthology.orchestra.run.smithi049.stdout:/usr/bin/ceph: stderr
2024-06-02T23:49:44.009+0000 7f40d259c700 1 -- 172.21.15.49:0/2039316581 --> [v2:172.21.15.49:3300/0,v1:172.21.15.49:6789/0] -- mon_subscribe({config=0+,monmap=0+}) -- 0x7f40d4107f80 con 0x7f40d4106e20
2024-06-02T23:49:44.877 INFO:teuthology.orchestra.run.smithi049.stdout:/usr/bin/ceph: stderr
2024-06-02T23:49:44.009+0000 7f40d259c700 1 --2- 172.21.15.49:0/2039316581 >> [v2:172.21.15.49:3300/0,v1:172.21.15.49:6789/0] conn(0x7f40d4106e20 0x7f40d4107240 secure :-1 s=READY pgs=51 cs=0 l=1 rev1=1 crypto rx=0x7f40c40098a0 tx=0x7f40c4009bb0 comp rx=0 tx=0).ready entity=mon.0 client_cookie=e53ed5ad6b8549f0 server_cookie=0 in_seq=0 out_seq=0
2024-06-02T23:49:44.877 INFO:teuthology.orchestra.run.smithi049.stdout:/usr/bin/ceph: stderr
2024-06-02T23:49:44.009+0000 7f40d159a700 1 -- 172.21.15.49:0/2039316581 <== mon.0 v2:172.21.15.49:3300/0 1 ==== mon_map magic: 0 ==== 205+0+0 (secure 0 0 0) 0x7f40c4004160 con 0x7f40d4106e20
2024-06-02T23:49:44.877 INFO:teuthology.orchestra.run.smithi049.stdout:/usr/bin/ceph: stderr
2024-06-02T23:49:44.010+0000 7f40d159a700 1 -- 172.21.15.49:0/2039316581 <== mon.0 v2:172.21.15.49:3300/0 2 ==== config(27 keys) ==== 1109+0+0 (secure 0 0 0) 0x7f40c4004300 con 0x7f40d4106e20
2024-06-02T23:49:44.877 INFO:teuthology.orchestra.run.smithi049.stdout:/usr/bin/ceph: stderr
2024-06-02T23:49:44.010+0000 7f40d159a700 1 -- 172.21.15.49:0/2039316581 <== mon.0 v2:172.21.15.49:3300/0 3 ==== mon_map magic: 0 ==== 205+0+0 (secure 0 0 0) 0x7f40c4011b50 con 0x7f40d4106e20
2024-06-02T23:49:44.877 INFO:teuthology.orchestra.run.smithi049.stdout:/usr/bin/ceph: stderr
2024-06-02T23:49:44.010+0000 7f40d8e84700 1 -- 172.21.15.49:0/2039316581 >> [v2:172.21.15.49:3300/0,v1:172.21.15.49:6789/0] conn(0x7f40d4106e20 msgr2=0x7f40d4107240 secure :-1 s=STATE_CONNECTION_ESTABLISHED l=1).mark_down
2024-06-02T23:49:44.877 INFO:teuthology.orchestra.run.smithi049.stdout:/usr/bin/ceph: stderr
2024-06-02T23:49:44.010+0000 7f40d8e84700 1 --2- 172.21.15.49:0/2039316581 >> [v2:172.21.15.49:3300/0,v1:172.21.15.49:6789/0] conn(0x7f40d4106e20 0x7f40d4107240 secure :-1 s=READY pgs=51 cs=0 l=1 rev1=1 crypto rx=0x7f40c40098a0 tx=0x7f40c4009bb0 comp rx=0 tx=0).stop
2024-06-02T23:49:44.877 INFO:teuthology.orchestra.run.smithi049.stdout:/usr/bin/ceph: stderr
2024-06-02T23:49:44.010+0000 7f40d8e84700 1 -- 172.21.15.49:0/2039316581 shutdown_connections
2024-06-02T23:49:44.877 INFO:teuthology.orchestra.run.smithi049.stdout:/usr/bin/ceph: stderr
2024-06-02T23:49:44.010+0000 7f40d8e84700 1 --2- 172.21.15.49:0/2039316581 >> [v2:172.21.15.49:3300/0,v1:172.21.15.49:6789/0] conn(0x7f40d4106e20 0x7f40d4107240 unknown :-1 s=CLOSED pgs=51 cs=0 l=1 rev1=1 crypto rx=0 tx=0 comp rx=0 tx=0).stop
2024-06-02T23:49:44.877 INFO:teuthology.orchestra.run.smithi049.stdout:/usr/bin/ceph: stderr
2024-06-02T23:49:44.010+0000 7f40d8e84700 1 -- 172.21.15.49:0/2039316581 >> 172.21.15.49:0/2039316581 conn(0x7f40d41023e0 msgr2=0x7f40d4104800 unknown :-1 s=STATE_NONE l=0).mark_down
2024-06-02T23:49:44.878 INFO:teuthology.orchestra.run.smithi049.stdout:/usr/bin/ceph: stderr
2024-06-02T23:49:44.010+0000 7f40d8e84700 1 -- 172.21.15.49:0/2039316581 shutdown_connections
2024-06-02T23:49:44.878 INFO:teuthology.orchestra.run.smithi049.stdout:/usr/bin/ceph: stderr
2024-06-02T23:49:44.010+0000 7f40d8e84700 1 -- 172.21.15.49:0/2039316581 wait complete.
2024-06-02T23:49:44.878 INFO:teuthology.orchestra.run.smithi049.stdout:/usr/bin/ceph: stderr
2024-06-02T23:49:44.011+0000 7f40d8e84700 1 Processor -- start
2024-06-02T23:49:44.878 INFO:teuthology.orchestra.run.smithi049.stdout:/usr/bin/ceph: stderr
2024-06-02T23:49:44.011+0000 7f40d8e84700 1 -- start start
2024-06-02T23:49:44.878 INFO:teuthology.orchestra.run.smithi049.stdout:/usr/bin/ceph: stderr
2024-06-02T23:49:44.011+0000 7f40d8e84700 1 --2- >> [v2:172.21.15.49:3300/0,v1:172.21.15.49:6789/0] conn(0x7f40d4106e20 0x7f40d419be90 unknown :-1 s=NONE pgs=0 cs=0 l=1 rev1=0 crypto rx=0 tx=0 comp rx=0 tx=0).connect
2024-06-02T23:49:44.878 INFO:teuthology.orchestra.run.smithi049.stdout:/usr/bin/ceph: stderr
2024-06-02T23:49:44.011+0000 7f40d8e84700 1 -- --> [v2:172.21.15.49:3300/0,v1:172.21.15.49:6789/0] -- mon_getmap magic: 0 -- 0x7f40d410b3c0 con 0x7f40d4106e20
2024-06-02T23:49:44.878 INFO:teuthology.orchestra.run.smithi049.stdout:/usr/bin/ceph: stderr
2024-06-02T23:49:44.011+0000 7f40d259c700 1 --2- >> [v2:172.21.15.49:3300/0,v1:172.21.15.49:6789/0] conn(0x7f40d4106e20 0x7f40d419be90 unknown :-1 s=BANNER_CONNECTING pgs=0 cs=0 l=1 rev1=0 crypto rx=0 tx=0 comp rx=0 tx=0)._handle_peer_banner_payload supported=3 required=0
2024-06-02T23:49:44.878 INFO:teuthology.orchestra.run.smithi049.stdout:/usr/bin/ceph: stderr
2024-06-02T23:49:44.011+0000 7f40d259c700 1 --2- >> [v2:172.21.15.49:3300/0,v1:172.21.15.49:6789/0] conn(0x7f40d4106e20 0x7f40d419be90 unknown :-1 s=HELLO_CONNECTING pgs=0 cs=0 l=1 rev1=1 crypto rx=0 tx=0 comp rx=0 tx=0).handle_hello peer v2:172.21.15.49:3300/0 says I am v2:172.21.15.49:36570/0 (socket says 172.21.15.49:36570)
2024-06-02T23:49:44.878 INFO:teuthology.orchestra.run.smithi049.stdout:/usr/bin/ceph: stderr
2024-06-02T23:49:44.011+0000 7f40d259c700 1 -- 172.21.15.49:0/1429588600 learned_addr learned my addr 172.21.15.49:0/1429588600 (peer_addr_for_me v2:172.21.15.49:0/0)
2024-06-02T23:49:44.878 INFO:teuthology.orchestra.run.smithi049.stdout:/usr/bin/ceph: stderr
2024-06-02T23:49:44.012+0000 7f40d259c700 1 -- 172.21.15.49:0/1429588600 --> [v2:172.21.15.49:3300/0,v1:172.21.15.49:6789/0] -- mon_subscribe({config=0+,monmap=0+}) -- 0x7f40d419c3d0 con 0x7f40d4106e20
2024-06-02T23:49:44.878 INFO:teuthology.orchestra.run.smithi049.stdout:/usr/bin/ceph: stderr
2024-06-02T23:49:44.012+0000 7f40d259c700 1 --2- 172.21.15.49:0/1429588600 >> [v2:172.21.15.49:3300/0,v1:172.21.15.49:6789/0] conn(0x7f40d4106e20 0x7f40d419be90 secure :-1 s=READY pgs=52 cs=0 l=1 rev1=1 crypto rx=0x7f40c4011670 tx=0x7f40c4011b60 comp rx=0 tx=0).ready entity=mon.0 client_cookie=0 server_cookie=0 in_seq=0 out_seq=0
2024-06-02T23:49:44.878 INFO:teuthology.orchestra.run.smithi049.stdout:/usr/bin/ceph: stderr
2024-06-02T23:49:44.012+0000 7f40cb7fe700 1 -- 172.21.15.49:0/1429588600 <== mon.0 v2:172.21.15.49:3300/0 1 ==== mon_map magic: 0 ==== 205+0+0 (secure 0 0 0) 0x7f40c40039c0 con 0x7f40d4106e20
2024-06-02T23:49:44.878 INFO:teuthology.orchestra.run.smithi049.stdout:/usr/bin/ceph: stderr
2024-06-02T23:49:44.012+0000 7f40d8e84700 1 -- 172.21.15.49:0/1429588600 --> [v2:172.21.15.49:3300/0,v1:172.21.15.49:6789/0] -- mon_subscribe({mgrmap=0+}) -- 0x7f40d419c660 con 0x7f40d4106e20
2024-06-02T23:49:44.879 INFO:teuthology.orchestra.run.smithi049.stdout:/usr/bin/ceph: stderr
2024-06-02T23:49:44.012+0000 7f40cb7fe700 1 -- 172.21.15.49:0/1429588600 <== mon.0 v2:172.21.15.49:3300/0 2 ==== config(27 keys) ==== 1109+0+0 (secure 0 0 0) 0x7f40c4011e50 con 0x7f40d4106e20
2024-06-02T23:49:44.879 INFO:teuthology.orchestra.run.smithi049.stdout:/usr/bin/ceph: stderr
2024-06-02T23:49:44.012+0000 7f40cb7fe700 1 -- 172.21.15.49:0/1429588600 <== mon.0 v2:172.21.15.49:3300/0 3 ==== mon_map magic: 0 ==== 205+0+0 (secure 0 0 0) 0x7f40c401a5c0 con 0x7f40d4106e20
2024-06-02T23:49:44.879 INFO:teuthology.orchestra.run.smithi049.stdout:/usr/bin/ceph: stderr
2024-06-02T23:49:44.012+0000 7f40d8e84700 1 -- 172.21.15.49:0/1429588600 --> [v2:172.21.15.49:3300/0,v1:172.21.15.49:6789/0] -- mon_subscribe({osdmap=0}) -- 0x7f40d419f350 con 0x7f40d4106e20
2024-06-02T23:49:44.879 INFO:teuthology.orchestra.run.smithi049.stdout:/usr/bin/ceph: stderr
2024-06-02T23:49:44.013+0000 7f40cb7fe700 1 -- 172.21.15.49:0/1429588600 <== mon.0 v2:172.21.15.49:3300/0 4 ==== mgrmap(e 8) ==== 46287+0+0 (secure 0 0 0) 0x7f40c401a870 con 0x7f40d4106e20
2024-06-02T23:49:44.879 INFO:teuthology.orchestra.run.smithi049.stdout:/usr/bin/ceph: stderr
2024-06-02T23:49:44.013+0000 7f40d8e84700 1 -- 172.21.15.49:0/1429588600 --> [v2:172.21.15.49:3300/0,v1:172.21.15.49:6789/0] -- mon_command({"prefix": "get_command_descriptions"} v 0) -- 0x7f40d4063af0 con 0x7f40d4106e20
2024-06-02T23:49:44.879 INFO:teuthology.orchestra.run.smithi049.stdout:/usr/bin/ceph: stderr
2024-06-02T23:49:44.013+0000 7f40cb7fe700 1 --2- 172.21.15.49:0/1429588600 >> [v2:172.21.15.49:6800/1206062338,v1:172.21.15.49:6801/1206062338] conn(0x7f40c0039050 0x7f40c003b510 unknown :-1 s=NONE pgs=0 cs=0 l=1 rev1=0 crypto rx=0 tx=0 comp rx=0 tx=0).connect
2024-06-02T23:49:44.879 INFO:teuthology.orchestra.run.smithi049.stdout:/usr/bin/ceph: stderr
2024-06-02T23:49:44.013+0000 7f40cb7fe700 1 -- 172.21.15.49:0/1429588600 <== mon.0 v2:172.21.15.49:3300/0 5 ==== osd_map(2..2 src has 1..2) ==== 940+0+0 (secure 0 0 0) 0x7f40c404d570 con 0x7f40d4106e20
2024-06-02T23:49:44.879 INFO:teuthology.orchestra.run.smithi049.stdout:/usr/bin/ceph: stderr
2024-06-02T23:49:44.013+0000 7f40d1d9b700 1 --2- 172.21.15.49:0/1429588600 >> [v2:172.21.15.49:6800/1206062338,v1:172.21.15.49:6801/1206062338] conn(0x7f40c0039050 0x7f40c003b510 unknown :-1 s=BANNER_CONNECTING pgs=0 cs=0 l=1 rev1=0 crypto rx=0 tx=0 comp rx=0 tx=0)._handle_peer_banner_payload supported=3 required=0
2024-06-02T23:49:44.879 INFO:teuthology.orchestra.run.smithi049.stdout:/usr/bin/ceph: stderr
2024-06-02T23:49:44.014+0000 7f40d1d9b700 1 --2- 172.21.15.49:0/1429588600 >> [v2:172.21.15.49:6800/1206062338,v1:172.21.15.49:6801/1206062338] conn(0x7f40c0039050 0x7f40c003b510 secure :-1 s=READY pgs=14 cs=0 l=1 rev1=1 crypto rx=0x7f40bc006fd0 tx=0x7f40bc006e40 comp rx=0 tx=0).ready entity=mgr.14120 client_cookie=0 server_cookie=0 in_seq=0 out_seq=0
2024-06-02T23:49:44.879 INFO:teuthology.orchestra.run.smithi049.stdout:/usr/bin/ceph: stderr
2024-06-02T23:49:44.018+0000 7f40cb7fe700 1 -- 172.21.15.49:0/1429588600 <== mon.0 v2:172.21.15.49:3300/0 6 ==== mon_command_ack([{"prefix": "get_command_descriptions"}]=0 v0) ==== 72+0+186418 (secure 0 0 0) 0x7f40c4019c70 con 0x7f40d4106e20
2024-06-02T23:49:44.879 INFO:teuthology.orchestra.run.smithi049.stdout:/usr/bin/ceph: stderr
2024-06-02T23:49:44.226+0000 7f40d8e84700 1 -- 172.21.15.49:0/1429588600 --> [v2:172.21.15.49:3300/0,v1:172.21.15.49:6789/0] -- mon_command([{prefix=config set, name=mgr/cephadm/container_init}] v 0) -- 0x7f40d419f9a0 con 0x7f40d4106e20
2024-06-02T23:49:44.879 INFO:teuthology.orchestra.run.smithi049.stdout:/usr/bin/ceph: stderr
2024-06-02T23:49:44.228+0000 7f40cb7fe700 1 -- 172.21.15.49:0/1429588600 <== mon.0 v2:172.21.15.49:3300/0 7 ==== mon_command_ack([{prefix=config set, name=mgr/cephadm/container_init}]=0 v6)=0 v6) ==== 142+0+0 (secure 0 0 0) 0x7f40c402cc00 con 0x7f40d4106e20
2024-06-02T23:49:44.879 INFO:teuthology.orchestra.run.smithi049.stdout:/usr/bin/ceph: stderr
2024-06-02T23:49:44.230+0000 7f40d8e84700 1 -- 172.21.15.49:0/1429588600 >> [v2:172.21.15.49:6800/1206062338,v1:172.21.15.49:6801/1206062338] conn(0x7f40c0039050 msgr2=0x7f40c003b510 secure :-1 s=STATE_CONNECTION_ESTABLISHED l=1).mark_down
2024-06-02T23:49:44.879 INFO:teuthology.orchestra.run.smithi049.stdout:/usr/bin/ceph: stderr
2024-06-02T23:49:44.230+0000 7f40d8e84700 1 --2- 172.21.15.49:0/1429588600 >> [v2:172.21.15.49:6800/1206062338,v1:172.21.15.49:6801/1206062338] conn(0x7f40c0039050 0x7f40c003b510 secure :-1 s=READY pgs=14 cs=0 l=1 rev1=1 crypto rx=0x7f40bc006fd0 tx=0x7f40bc006e40 comp rx=0 tx=0).stop
2024-06-02T23:49:44.880 INFO:teuthology.orchestra.run.smithi049.stdout:/usr/bin/ceph: stderr
2024-06-02T23:49:44.230+0000 7f40d8e84700 1 -- 172.21.15.49:0/1429588600 >> [v2:172.21.15.49:3300/0,v1:172.21.15.49:6789/0] conn(0x7f40d4106e20 msgr2=0x7f40d419be90 secure :-1 s=STATE_CONNECTION_ESTABLISHED l=1).mark_down
2024-06-02T23:49:44.880 INFO:teuthology.orchestra.run.smithi049.stdout:/usr/bin/ceph: stderr
2024-06-02T23:49:44.230+0000 7f40d8e84700 1 --2- 172.21.15.49:0/1429588600 >> [v2:172.21.15.49:3300/0,v1:172.21.15.49:6789/0] conn(0x7f40d4106e20 0x7f40d419be90 secure :-1 s=READY pgs=52 cs=0 l=1 rev1=1 crypto rx=0x7f40c4011670 tx=0x7f40c4011b60 comp rx=0 tx=0).stop
2024-06-02T23:49:44.880 INFO:teuthology.orchestra.run.smithi049.stdout:/usr/bin/ceph: stderr
2024-06-02T23:49:44.231+0000 7f40d8e84700 1 -- 172.21.15.49:0/1429588600 shutdown_connections
2024-06-02T23:49:44.880 INFO:teuthology.orchestra.run.smithi049.stdout:/usr/bin/ceph: stderr
2024-06-02T23:49:44.231+0000 7f40d8e84700 1 --2- 172.21.15.49:0/1429588600 >> [v2:172.21.15.49:6800/1206062338,v1:172.21.15.49:6801/1206062338] conn(0x7f40c0039050 0x7f40c003b510 unknown :-1 s=CLOSED pgs=14 cs=0 l=1 rev1=1 crypto rx=0 tx=0 comp rx=0 tx=0).stop
2024-06-02T23:49:44.880 INFO:teuthology.orchestra.run.smithi049.stdout:/usr/bin/ceph: stderr
2024-06-02T23:49:44.231+0000 7f40d8e84700 1 --2- 172.21.15.49:0/1429588600 >> [v2:172.21.15.49:3300/0,v1:172.21.15.49:6789/0] conn(0x7f40d4106e20 0x7f40d419be90 unknown :-1 s=CLOSED pgs=52 cs=0 l=1 rev1=1 crypto rx=0 tx=0 comp rx=0 tx=0).stop
2024-06-02T23:49:44.880 INFO:teuthology.orchestra.run.smithi049.stdout:/usr/bin/ceph: stderr
2024-06-02T23:49:44.231+0000 7f40d8e84700 1 -- 172.21.15.49:0/1429588600 >> 172.21.15.49:0/1429588600 conn(0x7f40d41023e0 msgr2=0x7f40d4102ed0 unknown :-1 s=STATE_NONE l=0).mark_down
2024-06-02T23:49:44.880 INFO:teuthology.orchestra.run.smithi049.stdout:/usr/bin/ceph: stderr
2024-06-02T23:49:44.231+0000 7f40d8e84700 1 -- 172.21.15.49:0/1429588600 shutdown_connections
2024-06-02T23:49:44.880 INFO:teuthology.orchestra.run.smithi049.stdout:/usr/bin/ceph: stderr
2024-06-02T23:49:44.231+0000 7f40d8e84700 1 -- 172.21.15.49:0/1429588600 wait complete.
2024-06-02T23:49:45.461 INFO:journalctl@ceph.mon.a.smithi049.stdout:Jun 02 23:49:45 smithi049 ceph-mon[32302]: from='client.? 172.21.15.49:0/1429588600' entity='client.admin'
2024-06-02T23:49:45.461 INFO:journalctl@ceph.mon.a.smithi049.stdout:Jun 02 23:49:45 smithi049 ceph-mon[32302]: from='mgr.14120 172.21.15.49:0/2158042131' entity='mgr.x'
2024-06-02T23:49:45.461 INFO:journalctl@ceph.mon.a.smithi049.stdout:Jun 02 23:49:45 smithi049 ceph-mon[32302]: from='mgr.14120 172.21.15.49:0/2158042131' entity='mgr.x'
2024-06-02T23:49:46.335 INFO:teuthology.orchestra.run.smithi049.stdout:/usr/bin/ceph: stderr
2024-06-02T23:49:45.363+0000 7fcf6c571700 1 Processor -- start
2024-06-02T23:49:46.335 INFO:teuthology.orchestra.run.smithi049.stdout:/usr/bin/ceph: stderr
2024-06-02T23:49:45.363+0000 7fcf6c571700 1 -- start start
2024-06-02T23:49:46.335 INFO:teuthology.orchestra.run.smithi049.stdout:/usr/bin/ceph: stderr
2024-06-02T23:49:45.363+0000 7fcf6c571700 1 --2- >> [v2:172.21.15.49:3300/0,v1:172.21.15.49:6789/0] conn(0x7fcf641089e0 0x7fcf6410add0 unknown :-1 s=NONE pgs=0 cs=0 l=0 rev1=0 crypto rx=0 tx=0 comp rx=0 tx=0).connect
2024-06-02T23:49:46.335 INFO:teuthology.orchestra.run.smithi049.stdout:/usr/bin/ceph: stderr
2024-06-02T23:49:45.363+0000 7fcf6c571700 1 -- --> [v2:172.21.15.49:3300/0,v1:172.21.15.49:6789/0] -- mon_getmap magic: 0 -- 0x7fcf64075dd0 con 0x7fcf641089e0
2024-06-02T23:49:46.335 INFO:teuthology.orchestra.run.smithi049.stdout:/usr/bin/ceph: stderr
2024-06-02T23:49:45.364+0000 7fcf6a30d700 1 --2- >> [v2:172.21.15.49:3300/0,v1:172.21.15.49:6789/0] conn(0x7fcf641089e0 0x7fcf6410add0 unknown :-1 s=BANNER_CONNECTING pgs=0 cs=0 l=0 rev1=0 crypto rx=0 tx=0 comp rx=0 tx=0)._handle_peer_banner_payload supported=3 required=0
2024-06-02T23:49:46.336 INFO:teuthology.orchestra.run.smithi049.stdout:/usr/bin/ceph: stderr
2024-06-02T23:49:45.364+0000 7fcf6a30d700 1 --2- >> [v2:172.21.15.49:3300/0,v1:172.21.15.49:6789/0] conn(0x7fcf641089e0 0x7fcf6410add0 unknown :-1 s=HELLO_CONNECTING pgs=0 cs=0 l=0 rev1=1 crypto rx=0 tx=0 comp rx=0 tx=0).handle_hello peer v2:172.21.15.49:3300/0 says I am v2:172.21.15.49:36582/0 (socket says 172.21.15.49:36582)
2024-06-02T23:49:46.336 INFO:teuthology.orchestra.run.smithi049.stdout:/usr/bin/ceph: stderr
2024-06-02T23:49:45.364+0000 7fcf6a30d700 1 -- 172.21.15.49:0/615452526 learned_addr learned my addr 172.21.15.49:0/615452526 (peer_addr_for_me v2:172.21.15.49:0/0)
2024-06-02T23:49:46.336 INFO:teuthology.orchestra.run.smithi049.stdout:/usr/bin/ceph: stderr
2024-06-02T23:49:45.364+0000 7fcf6a30d700 1 -- 172.21.15.49:0/615452526 --> [v2:172.21.15.49:3300/0,v1:172.21.15.49:6789/0] -- mon_subscribe({config=0+,monmap=0+}) -- 0x7fcf6410b310 con 0x7fcf641089e0
2024-06-02T23:49:46.336 INFO:teuthology.orchestra.run.smithi049.stdout:/usr/bin/ceph: stderr
2024-06-02T23:49:45.364+0000 7fcf6a30d700 1 --2- 172.21.15.49:0/615452526 >> [v2:172.21.15.49:3300/0,v1:172.21.15.49:6789/0] conn(0x7fcf641089e0 0x7fcf6410add0 secure :-1 s=READY pgs=53 cs=0 l=1 rev1=1 crypto rx=0x7fcf600098a0 tx=0x7fcf60009bb0 comp rx=0 tx=0).ready entity=mon.0 client_cookie=5e2b5e3269be794a server_cookie=0 in_seq=0 out_seq=0
2024-06-02T23:49:46.336 INFO:teuthology.orchestra.run.smithi049.stdout:/usr/bin/ceph: stderr
2024-06-02T23:49:45.364+0000 7fcf6930b700 1 -- 172.21.15.49:0/615452526 <== mon.0 v2:172.21.15.49:3300/0 1 ==== mon_map magic: 0 ==== 205+0+0 (secure 0 0 0) 0x7fcf60004160 con 0x7fcf641089e0
2024-06-02T23:49:46.336 INFO:teuthology.orchestra.run.smithi049.stdout:/usr/bin/ceph: stderr
2024-06-02T23:49:45.364+0000 7fcf6930b700 1 -- 172.21.15.49:0/615452526 <== mon.0 v2:172.21.15.49:3300/0 2 ==== config(27 keys) ==== 1140+0+0 (secure 0 0 0) 0x7fcf60004300 con 0x7fcf641089e0
2024-06-02T23:49:46.336 INFO:teuthology.orchestra.run.smithi049.stdout:/usr/bin/ceph: stderr
2024-06-02T23:49:45.364+0000 7fcf6930b700 1 -- 172.21.15.49:0/615452526 <== mon.0 v2:172.21.15.49:3300/0 3 ==== mon_map magic: 0 ==== 205+0+0 (secure 0 0 0) 0x7fcf60011b20 con 0x7fcf641089e0
2024-06-02T23:49:46.336 INFO:teuthology.orchestra.run.smithi049.stdout:/usr/bin/ceph: stderr
2024-06-02T23:49:45.365+0000 7fcf6c571700 1 -- 172.21.15.49:0/615452526 >> [v2:172.21.15.49:3300/0,v1:172.21.15.49:6789/0] conn(0x7fcf641089e0 msgr2=0x7fcf6410add0 secure :-1 s=STATE_CONNECTION_ESTABLISHED l=1).mark_down
2024-06-02T23:49:46.336 INFO:teuthology.orchestra.run.smithi049.stdout:/usr/bin/ceph: stderr
2024-06-02T23:49:45.365+0000 7fcf6c571700 1 --2- 172.21.15.49:0/615452526 >> [v2:172.21.15.49:3300/0,v1:172.21.15.49:6789/0] conn(0x7fcf641089e0 0x7fcf6410add0 secure :-1 s=READY pgs=53 cs=0 l=1 rev1=1 crypto rx=0x7fcf600098a0 tx=0x7fcf60009bb0 comp rx=0 tx=0).stop
2024-06-02T23:49:46.336 INFO:teuthology.orchestra.run.smithi049.stdout:/usr/bin/ceph: stderr
2024-06-02T23:49:45.365+0000 7fcf6c571700 1 -- 172.21.15.49:0/615452526 shutdown_connections
2024-06-02T23:49:46.336 INFO:teuthology.orchestra.run.smithi049.stdout:/usr/bin/ceph: stderr
2024-06-02T23:49:45.365+0000 7fcf6c571700 1 --2- 172.21.15.49:0/615452526 >> [v2:172.21.15.49:3300/0,v1:172.21.15.49:6789/0] conn(0x7fcf641089e0 0x7fcf6410add0 unknown :-1 s=CLOSED pgs=53 cs=0 l=1 rev1=1 crypto rx=0 tx=0 comp rx=0 tx=0).stop
2024-06-02T23:49:46.336 INFO:teuthology.orchestra.run.smithi049.stdout:/usr/bin/ceph: stderr
2024-06-02T23:49:45.365+0000 7fcf6c571700 1 -- 172.21.15.49:0/615452526 >> 172.21.15.49:0/615452526 conn(0x7fcf64102410 msgr2=0x7fcf64104830 unknown :-1 s=STATE_NONE l=0).mark_down
2024-06-02T23:49:46.337 INFO:teuthology.orchestra.run.smithi049.stdout:/usr/bin/ceph: stderr
2024-06-02T23:49:45.365+0000 7fcf6c571700 1 -- 172.21.15.49:0/615452526 shutdown_connections
2024-06-02T23:49:46.337 INFO:teuthology.orchestra.run.smithi049.stdout:/usr/bin/ceph: stderr
2024-06-02T23:49:45.365+0000 7fcf6c571700 1 -- 172.21.15.49:0/615452526 wait complete.
2024-06-02T23:49:46.337 INFO:teuthology.orchestra.run.smithi049.stdout:/usr/bin/ceph: stderr
2024-06-02T23:49:45.366+0000 7fcf6c571700 1 Processor -- start
2024-06-02T23:49:46.337 INFO:teuthology.orchestra.run.smithi049.stdout:/usr/bin/ceph: stderr
2024-06-02T23:49:45.366+0000 7fcf6c571700 1 -- start start
2024-06-02T23:49:46.337 INFO:teuthology.orchestra.run.smithi049.stdout:/usr/bin/ceph: stderr
2024-06-02T23:49:45.366+0000 7fcf6c571700 1 --2- >> [v2:172.21.15.49:3300/0,v1:172.21.15.49:6789/0] conn(0x7fcf641089e0 0x7fcf6419be00 unknown :-1 s=NONE pgs=0 cs=0 l=1 rev1=0 crypto rx=0 tx=0 comp rx=0 tx=0).connect
2024-06-02T23:49:46.337 INFO:teuthology.orchestra.run.smithi049.stdout:/usr/bin/ceph: stderr
2024-06-02T23:49:45.366+0000 7fcf6c571700 1 -- --> [v2:172.21.15.49:3300/0,v1:172.21.15.49:6789/0] -- mon_getmap magic: 0 -- 0x7fcf6410c310 con 0x7fcf641089e0
2024-06-02T23:49:46.337 INFO:teuthology.orchestra.run.smithi049.stdout:/usr/bin/ceph: stderr
2024-06-02T23:49:45.366+0000 7fcf6a30d700 1 --2- >> [v2:172.21.15.49:3300/0,v1:172.21.15.49:6789/0] conn(0x7fcf641089e0 0x7fcf6419be00 unknown :-1 s=BANNER_CONNECTING pgs=0 cs=0 l=1 rev1=0 crypto rx=0 tx=0 comp rx=0 tx=0)._handle_peer_banner_payload supported=3 required=0
2024-06-02T23:49:46.337 INFO:teuthology.orchestra.run.smithi049.stdout:/usr/bin/ceph: stderr
2024-06-02T23:49:45.366+0000 7fcf6a30d700 1 --2- >> [v2:172.21.15.49:3300/0,v1:172.21.15.49:6789/0] conn(0x7fcf641089e0 0x7fcf6419be00 unknown :-1 s=HELLO_CONNECTING pgs=0 cs=0 l=1 rev1=1 crypto rx=0 tx=0 comp rx=0 tx=0).handle_hello peer v2:172.21.15.49:3300/0 says I am v2:172.21.15.49:36584/0 (socket says 172.21.15.49:36584)
2024-06-02T23:49:46.338 INFO:teuthology.orchestra.run.smithi049.stdout:/usr/bin/ceph: stderr
2024-06-02T23:49:45.366+0000 7fcf6a30d700 1 -- 172.21.15.49:0/914721638 learned_addr learned my addr 172.21.15.49:0/914721638 (peer_addr_for_me v2:172.21.15.49:0/0)
2024-06-02T23:49:46.338 INFO:teuthology.orchestra.run.smithi049.stdout:/usr/bin/ceph: stderr
2024-06-02T23:49:45.366+0000 7fcf6a30d700 1 -- 172.21.15.49:0/914721638 --> [v2:172.21.15.49:3300/0,v1:172.21.15.49:6789/0] -- mon_subscribe({config=0+,monmap=0+}) -- 0x7fcf6419c340 con 0x7fcf641089e0
2024-06-02T23:49:46.338 INFO:teuthology.orchestra.run.smithi049.stdout:/usr/bin/ceph: stderr
2024-06-02T23:49:45.367+0000 7fcf6a30d700 1 --2- 172.21.15.49:0/914721638 >> [v2:172.21.15.49:3300/0,v1:172.21.15.49:6789/0] conn(0x7fcf641089e0 0x7fcf6419be00 secure :-1 s=READY pgs=54 cs=0 l=1 rev1=1 crypto rx=0x7fcf600117e0 tx=0x7fcf60011c10 comp rx=0 tx=0).ready entity=mon.0 client_cookie=0 server_cookie=0 in_seq=0 out_seq=0
2024-06-02T23:49:46.338 INFO:teuthology.orchestra.run.smithi049.stdout:/usr/bin/ceph: stderr
2024-06-02T23:49:45.367+0000 7fcf577fe700 1 -- 172.21.15.49:0/914721638 <== mon.0 v2:172.21.15.49:3300/0 1 ==== mon_map magic: 0 ==== 205+0+0 (secure 0 0 0) 0x7fcf60003bf0 con 0x7fcf641089e0
2024-06-02T23:49:46.338 INFO:teuthology.orchestra.run.smithi049.stdout:/usr/bin/ceph: stderr
2024-06-02T23:49:45.367+0000 7fcf577fe700 1 -- 172.21.15.49:0/914721638 <== mon.0 v2:172.21.15.49:3300/0 2 ==== config(27 keys) ==== 1140+0+0 (secure 0 0 0) 0x7fcf6001a910 con 0x7fcf641089e0
2024-06-02T23:49:46.338 INFO:teuthology.orchestra.run.smithi049.stdout:/usr/bin/ceph: stderr
2024-06-02T23:49:45.367+0000 7fcf6c571700 1 -- 172.21.15.49:0/914721638 --> [v2:172.21.15.49:3300/0,v1:172.21.15.49:6789/0] -- mon_subscribe({mgrmap=0+}) -- 0x7fcf6419c630 con 0x7fcf641089e0
2024-06-02T23:49:46.338 INFO:teuthology.orchestra.run.smithi049.stdout:/usr/bin/ceph: stderr
2024-06-02T23:49:45.367+0000 7fcf577fe700 1 -- 172.21.15.49:0/914721638 <== mon.0 v2:172.21.15.49:3300/0 3 ==== mon_map magic: 0 ==== 205+0+0 (secure 0 0 0) 0x7fcf60024970 con 0x7fcf641089e0
2024-06-02T23:49:46.338 INFO:teuthology.orchestra.run.smithi049.stdout:/usr/bin/ceph: stderr
2024-06-02T23:49:45.367+0000 7fcf6c571700 1 -- 172.21.15.49:0/914721638 --> [v2:172.21.15.49:3300/0,v1:172.21.15.49:6789/0] -- mon_subscribe({osdmap=0}) -- 0x7fcf6419f2c0 con 0x7fcf641089e0
2024-06-02T23:49:46.338 INFO:teuthology.orchestra.run.smithi049.stdout:/usr/bin/ceph: stderr
2024-06-02T23:49:45.368+0000 7fcf6c571700 1 -- 172.21.15.49:0/914721638 --> [v2:172.21.15.49:3300/0,v1:172.21.15.49:6789/0] -- mon_command({"prefix": "get_command_descriptions"} v 0) -- 0x7fcf64063af0 con 0x7fcf641089e0
2024-06-02T23:49:46.338 INFO:teuthology.orchestra.run.smithi049.stdout:/usr/bin/ceph: stderr
2024-06-02T23:49:45.368+0000 7fcf577fe700 1 -- 172.21.15.49:0/914721638 <== mon.0 v2:172.21.15.49:3300/0 4 ==== mgrmap(e 8) ==== 46287+0+0 (secure 0 0 0) 0x7fcf60022020 con 0x7fcf641089e0
2024-06-02T23:49:46.338 INFO:teuthology.orchestra.run.smithi049.stdout:/usr/bin/ceph: stderr
2024-06-02T23:49:45.368+0000 7fcf577fe700 1 --2- 172.21.15.49:0/914721638 >> [v2:172.21.15.49:6800/1206062338,v1:172.21.15.49:6801/1206062338] conn(0x7fcf50039050 0x7fcf5003b510 unknown :-1 s=NONE pgs=0 cs=0 l=1 rev1=0 crypto rx=0 tx=0 comp rx=0 tx=0).connect
2024-06-02T23:49:46.339 INFO:teuthology.orchestra.run.smithi049.stdout:/usr/bin/ceph: stderr
2024-06-02T23:49:45.368+0000 7fcf577fe700 1 -- 172.21.15.49:0/914721638 <== mon.0 v2:172.21.15.49:3300/0 5 ==== osd_map(2..2 src has 1..2) ==== 940+0+0 (secure 0 0 0) 0x7fcf6004d480 con 0x7fcf641089e0
2024-06-02T23:49:46.339 INFO:teuthology.orchestra.run.smithi049.stdout:/usr/bin/ceph: stderr
2024-06-02T23:49:45.368+0000 7fcf69b0c700 1 --2- 172.21.15.49:0/914721638 >> [v2:172.21.15.49:6800/1206062338,v1:172.21.15.49:6801/1206062338] conn(0x7fcf50039050 0x7fcf5003b510 unknown :-1 s=BANNER_CONNECTING pgs=0 cs=0 l=1 rev1=0 crypto rx=0 tx=0 comp rx=0 tx=0)._handle_peer_banner_payload supported=3 required=0
2024-06-02T23:49:46.339 INFO:teuthology.orchestra.run.smithi049.stdout:/usr/bin/ceph: stderr
2024-06-02T23:49:45.369+0000 7fcf69b0c700 1 --2- 172.21.15.49:0/914721638 >> [v2:172.21.15.49:6800/1206062338,v1:172.21.15.49:6801/1206062338] conn(0x7fcf50039050 0x7fcf5003b510 secure :-1 s=READY pgs=15 cs=0 l=1 rev1=1 crypto rx=0x7fcf58006fd0 tx=0x7fcf58006e40 comp rx=0 tx=0).ready entity=mgr.14120 client_cookie=0 server_cookie=0 in_seq=0 out_seq=0
2024-06-02T23:49:46.339 INFO:teuthology.orchestra.run.smithi049.stdout:/usr/bin/ceph: stderr
2024-06-02T23:49:45.378+0000 7fcf577fe700 1 -- 172.21.15.49:0/914721638 <== mon.0 v2:172.21.15.49:3300/0 6 ==== mon_command_ack([{"prefix": "get_command_descriptions"}]=0 v0) ==== 72+0+186418 (secure 0 0 0) 0x7fcf60011e20 con 0x7fcf641089e0
2024-06-02T23:49:46.339 INFO:teuthology.orchestra.run.smithi049.stdout:/usr/bin/ceph: stderr
2024-06-02T23:49:45.596+0000 7fcf6c571700 1 -- 172.21.15.49:0/914721638 --> [v2:172.21.15.49:3300/0,v1:172.21.15.49:6789/0] -- mon_command([{prefix=config set, name=mgr/dashboard/ssl_server_port}] v 0) -- 0x7fcf6419f5e0 con 0x7fcf641089e0
2024-06-02T23:49:46.339 INFO:teuthology.orchestra.run.smithi049.stdout:/usr/bin/ceph: stderr
2024-06-02T23:49:45.598+0000 7fcf577fe700 1 -- 172.21.15.49:0/914721638 <== mon.0 v2:172.21.15.49:3300/0 7 ==== mon_command_ack([{prefix=config set, name=mgr/dashboard/ssl_server_port}]=0 v8)=0 v8) ==== 130+0+0 (secure 0 0 0) 0x7fcf60019c70 con 0x7fcf641089e0
2024-06-02T23:49:46.339 INFO:teuthology.orchestra.run.smithi049.stdout:/usr/bin/ceph: stderr
2024-06-02T23:49:45.601+0000 7fcf6c571700 1 -- 172.21.15.49:0/914721638 >> [v2:172.21.15.49:6800/1206062338,v1:172.21.15.49:6801/1206062338] conn(0x7fcf50039050 msgr2=0x7fcf5003b510 secure :-1 s=STATE_CONNECTION_ESTABLISHED l=1).mark_down
2024-06-02T23:49:46.339 INFO:teuthology.orchestra.run.smithi049.stdout:/usr/bin/ceph: stderr
2024-06-02T23:49:45.601+0000 7fcf6c571700 1 --2- 172.21.15.49:0/914721638 >> [v2:172.21.15.49:6800/1206062338,v1:172.21.15.49:6801/1206062338] conn(0x7fcf50039050 0x7fcf5003b510 secure :-1 s=READY pgs=15 cs=0 l=1 rev1=1 crypto rx=0x7fcf58006fd0 tx=0x7fcf58006e40 comp rx=0 tx=0).stop
2024-06-02T23:49:46.339 INFO:teuthology.orchestra.run.smithi049.stdout:/usr/bin/ceph: stderr
2024-06-02T23:49:45.601+0000 7fcf6c571700 1 -- 172.21.15.49:0/914721638 >> [v2:172.21.15.49:3300/0,v1:172.21.15.49:6789/0] conn(0x7fcf641089e0 msgr2=0x7fcf6419be00 secure :-1 s=STATE_CONNECTION_ESTABLISHED l=1).mark_down
2024-06-02T23:49:46.340 INFO:teuthology.orchestra.run.smithi049.stdout:/usr/bin/ceph: stderr
2024-06-02T23:49:45.601+0000 7fcf6c571700 1 --2- 172.21.15.49:0/914721638 >> [v2:172.21.15.49:3300/0,v1:172.21.15.49:6789/0] conn(0x7fcf641089e0 0x7fcf6419be00 secure :-1 s=READY pgs=54 cs=0 l=1 rev1=1 crypto rx=0x7fcf600117e0 tx=0x7fcf60011c10 comp rx=0 tx=0).stop
2024-06-02T23:49:46.340 INFO:teuthology.orchestra.run.smithi049.stdout:/usr/bin/ceph: stderr
2024-06-02T23:49:45.601+0000 7fcf6c571700 1 -- 172.21.15.49:0/914721638 shutdown_connections
2024-06-02T23:49:46.340 INFO:teuthology.orchestra.run.smithi049.stdout:/usr/bin/ceph: stderr
2024-06-02T23:49:45.601+0000 7fcf6c571700 1 --2- 172.21.15.49:0/914721638 >> [v2:172.21.15.49:6800/1206062338,v1:172.21.15.49:6801/1206062338] conn(0x7fcf50039050 0x7fcf5003b510 unknown :-1 s=CLOSED pgs=15 cs=0 l=1 rev1=1 crypto rx=0 tx=0 comp rx=0 tx=0).stop
2024-06-02T23:49:46.340 INFO:teuthology.orchestra.run.smithi049.stdout:/usr/bin/ceph: stderr
2024-06-02T23:49:45.601+0000 7fcf6c571700 1 --2- 172.21.15.49:0/914721638 >> [v2:172.21.15.49:3300/0,v1:172.21.15.49:6789/0] conn(0x7fcf641089e0 0x7fcf6419be00 unknown :-1 s=CLOSED pgs=54 cs=0 l=1 rev1=1 crypto rx=0 tx=0 comp rx=0 tx=0).stop
2024-06-02T23:49:46.340 INFO:teuthology.orchestra.run.smithi049.stdout:/usr/bin/ceph: stderr
2024-06-02T23:49:45.601+0000 7fcf6c571700 1 -- 172.21.15.49:0/914721638 >> 172.21.15.49:0/914721638 conn(0x7fcf64102410 msgr2=0x7fcf64102e60 unknown :-1 s=STATE_NONE l=0).mark_down
2024-06-02T23:49:46.340 INFO:teuthology.orchestra.run.smithi049.stdout:/usr/bin/ceph: stderr
2024-06-02T23:49:45.601+0000 7fcf6c571700 1 -- 172.21.15.49:0/914721638 shutdown_connections
2024-06-02T23:49:46.340 INFO:teuthology.orchestra.run.smithi049.stdout:/usr/bin/ceph: stderr
2024-06-02T23:49:45.601+0000 7fcf6c571700 1 -- 172.21.15.49:0/914721638 wait complete.
2024-06-02T23:49:46.340 INFO:teuthology.orchestra.run.smithi049.stdout:Enabling the dashboard module...
2024-06-02T23:49:46.960 INFO:journalctl@ceph.mon.a.smithi049.stdout:Jun 02 23:49:46 smithi049 ceph-mon[32302]: from='client.? 172.21.15.49:0/914721638' entity='client.admin'
2024-06-02T23:49:48.210 INFO:journalctl@ceph.mon.a.smithi049.stdout:Jun 02 23:49:47 smithi049 ceph-mon[32302]: from='mgr.14120 172.21.15.49:0/2158042131' entity='mgr.x'
2024-06-02T23:49:48.211 INFO:journalctl@ceph.mon.a.smithi049.stdout:Jun 02 23:49:47 smithi049 ceph-mon[32302]: from='client.? 172.21.15.49:0/2860452691' entity='client.admin' cmd=[{"prefix": "mgr module enable", "module": "dashboard"}]: dispatch
2024-06-02T23:49:48.211 INFO:journalctl@ceph.mgr.x.smithi049.stdout:Jun 02 23:49:48 smithi049 ceph-890dd222-213a-11ef-bc9b-c7b262605968-mgr-x[32529]: ignoring --setuser ceph since I am not root
2024-06-02T23:49:48.211 INFO:journalctl@ceph.mgr.x.smithi049.stdout:Jun 02 23:49:48 smithi049 ceph-890dd222-213a-11ef-bc9b-c7b262605968-mgr-x[32529]: ignoring --setgroup ceph since I am not root
2024-06-02T23:49:48.211 INFO:journalctl@ceph.mgr.x.smithi049.stdout:Jun 02 23:49:48 smithi049 ceph-890dd222-213a-11ef-bc9b-c7b262605968-mgr-x[32529]:
2024-06-02T23:49:48.143+0000 7f04356a5200 -1 mgr[py] Module balancer has missing NOTIFY_TYPES member
2024-06-02T23:49:48.578 INFO:journalctl@ceph.mgr.x.smithi049.stdout:Jun 02 23:49:48 smithi049 ceph-890dd222-213a-11ef-bc9b-c7b262605968-mgr-x[32529]:
2024-06-02T23:49:48.345+0000 7f04356a5200 -1 mgr[py] Module orchestrator has missing NOTIFY_TYPES member
2024-06-02T23:49:48.578 INFO:journalctl@ceph.mgr.x.smithi049.stdout:Jun 02 23:49:48 smithi049 ceph-890dd222-213a-11ef-bc9b-c7b262605968-mgr-x[32529]:
2024-06-02T23:49:48.452+0000 7f04356a5200 -1 mgr[py] Module snap_schedule has missing NOTIFY_TYPES member
2024-06-02T23:49:48.584 INFO:teuthology.orchestra.run.smithi049.stdout:/usr/bin/ceph: stderr
2024-06-02T23:49:47.255+0000 7fe91f73b700 1 Processor -- start
2024-06-02T23:49:48.585 INFO:teuthology.orchestra.run.smithi049.stdout:/usr/bin/ceph: stderr
2024-06-02T23:49:47.256+0000 7fe91f73b700 1 -- start start
2024-06-02T23:49:48.585 INFO:teuthology.orchestra.run.smithi049.stdout:/usr/bin/ceph: stderr
2024-06-02T23:49:47.256+0000 7fe91f73b700 1 --2- >> [v2:172.21.15.49:3300/0,v1:172.21.15.49:6789/0] conn(0x7fe918108980 0x7fe91810ad70 unknown :-1 s=NONE pgs=0 cs=0 l=0 rev1=0 crypto rx=0 tx=0 comp rx=0 tx=0).connect
2024-06-02T23:49:48.585 INFO:teuthology.orchestra.run.smithi049.stdout:/usr/bin/ceph: stderr
2024-06-02T23:49:47.256+0000 7fe91f73b700 1 -- --> [v2:172.21.15.49:3300/0,v1:172.21.15.49:6789/0] -- mon_getmap magic: 0 -- 0x7fe91807be20 con 0x7fe918108980
2024-06-02T23:49:48.585 INFO:teuthology.orchestra.run.smithi049.stdout:/usr/bin/ceph: stderr
2024-06-02T23:49:47.256+0000 7fe91d4d7700 1 --2- >> [v2:172.21.15.49:3300/0,v1:172.21.15.49:6789/0] conn(0x7fe918108980 0x7fe91810ad70 unknown :-1 s=BANNER_CONNECTING pgs=0 cs=0 l=0 rev1=0 crypto rx=0 tx=0 comp rx=0 tx=0)._handle_peer_banner_payload supported=3 required=0
2024-06-02T23:49:48.585 INFO:teuthology.orchestra.run.smithi049.stdout:/usr/bin/ceph: stderr
2024-06-02T23:49:47.256+0000 7fe91d4d7700 1 --2- >> [v2:172.21.15.49:3300/0,v1:172.21.15.49:6789/0] conn(0x7fe918108980 0x7fe91810ad70 unknown :-1 s=HELLO_CONNECTING pgs=0 cs=0 l=0 rev1=1 crypto rx=0 tx=0 comp rx=0 tx=0).handle_hello peer v2:172.21.15.49:3300/0 says I am v2:172.21.15.49:36592/0 (socket says 172.21.15.49:36592)
2024-06-02T23:49:48.585 INFO:teuthology.orchestra.run.smithi049.stdout:/usr/bin/ceph: stderr
2024-06-02T23:49:47.256+0000 7fe91d4d7700 1 -- 172.21.15.49:0/789814660 learned_addr learned my addr 172.21.15.49:0/789814660 (peer_addr_for_me v2:172.21.15.49:0/0)
2024-06-02T23:49:48.585 INFO:teuthology.orchestra.run.smithi049.stdout:/usr/bin/ceph: stderr
2024-06-02T23:49:47.256+0000 7fe91d4d7700 1 -- 172.21.15.49:0/789814660 --> [v2:172.21.15.49:3300/0,v1:172.21.15.49:6789/0] -- mon_subscribe({config=0+,monmap=0+}) -- 0x7fe91810b2b0 con 0x7fe918108980
2024-06-02T23:49:48.585 INFO:teuthology.orchestra.run.smithi049.stdout:/usr/bin/ceph: stderr
2024-06-02T23:49:47.256+0000 7fe91d4d7700 1 --2- 172.21.15.49:0/789814660 >> [v2:172.21.15.49:3300/0,v1:172.21.15.49:6789/0] conn(0x7fe918108980 0x7fe91810ad70 secure :-1 s=READY pgs=55 cs=0 l=1 rev1=1 crypto rx=0x7fe90c0098a0 tx=0x7fe90c009bb0 comp rx=0 tx=0).ready entity=mon.0 client_cookie=8e324430536ee4ec server_cookie=0 in_seq=0 out_seq=0
2024-06-02T23:49:48.585 INFO:teuthology.orchestra.run.smithi049.stdout:/usr/bin/ceph: stderr
2024-06-02T23:49:47.257+0000 7fe90bfff700 1 -- 172.21.15.49:0/789814660 <== mon.0 v2:172.21.15.49:3300/0 1 ==== mon_map magic: 0 ==== 205+0+0 (secure 0 0 0) 0x7fe90c004160 con 0x7fe918108980
2024-06-02T23:49:48.585 INFO:teuthology.orchestra.run.smithi049.stdout:/usr/bin/ceph: stderr
2024-06-02T23:49:47.257+0000 7fe90bfff700 1 -- 172.21.15.49:0/789814660 <== mon.0 v2:172.21.15.49:3300/0 2 ==== config(27 keys) ==== 1140+0+0 (secure 0 0 0) 0x7fe90c004300 con 0x7fe918108980
2024-06-02T23:49:48.585 INFO:teuthology.orchestra.run.smithi049.stdout:/usr/bin/ceph: stderr
2024-06-02T23:49:47.257+0000 7fe90bfff700 1 -- 172.21.15.49:0/789814660 <== mon.0 v2:172.21.15.49:3300/0 3 ==== mon_map magic: 0 ==== 205+0+0 (secure 0 0 0) 0x7fe90c011b20 con 0x7fe918108980
2024-06-02T23:49:48.585 INFO:teuthology.orchestra.run.smithi049.stdout:/usr/bin/ceph: stderr
2024-06-02T23:49:47.257+0000 7fe91f73b700 1 -- 172.21.15.49:0/789814660 >> [v2:172.21.15.49:3300/0,v1:172.21.15.49:6789/0] conn(0x7fe918108980 msgr2=0x7fe91810ad70 secure :-1 s=STATE_CONNECTION_ESTABLISHED l=1).mark_down
2024-06-02T23:49:48.586 INFO:teuthology.orchestra.run.smithi049.stdout:/usr/bin/ceph: stderr
2024-06-02T23:49:47.257+0000 7fe91f73b700 1 --2- 172.21.15.49:0/789814660 >> [v2:172.21.15.49:3300/0,v1:172.21.15.49:6789/0] conn(0x7fe918108980 0x7fe91810ad70 secure :-1 s=READY pgs=55 cs=0 l=1 rev1=1 crypto rx=0x7fe90c0098a0 tx=0x7fe90c009bb0 comp rx=0 tx=0).stop
2024-06-02T23:49:48.586 INFO:teuthology.orchestra.run.smithi049.stdout:/usr/bin/ceph: stderr
2024-06-02T23:49:47.257+0000 7fe91f73b700 1 -- 172.21.15.49:0/789814660 shutdown_connections
2024-06-02T23:49:48.586 INFO:teuthology.orchestra.run.smithi049.stdout:/usr/bin/ceph: stderr
2024-06-02T23:49:47.257+0000 7fe91f73b700 1 --2- 172.21.15.49:0/789814660 >> [v2:172.21.15.49:3300/0,v1:172.21.15.49:6789/0] conn(0x7fe918108980 0x7fe91810ad70 unknown :-1 s=CLOSED pgs=55 cs=0 l=1 rev1=1 crypto rx=0 tx=0 comp rx=0 tx=0).stop
2024-06-02T23:49:48.586 INFO:teuthology.orchestra.run.smithi049.stdout:/usr/bin/ceph: stderr
2024-06-02T23:49:47.257+0000 7fe91f73b700 1 -- 172.21.15.49:0/789814660 >> 172.21.15.49:0/789814660 conn(0x7fe9181023f0 msgr2=0x7fe918104810 unknown :-1 s=STATE_NONE l=0).mark_down
2024-06-02T23:49:48.586 INFO:teuthology.orchestra.run.smithi049.stdout:/usr/bin/ceph: stderr
2024-06-02T23:49:47.258+0000 7fe91f73b700 1 -- 172.21.15.49:0/789814660 shutdown_connections
2024-06-02T23:49:48.586 INFO:teuthology.orchestra.run.smithi049.stdout:/usr/bin/ceph: stderr
2024-06-02T23:49:47.258+0000 7fe91f73b700 1 -- 172.21.15.49:0/789814660 wait complete.
2024-06-02T23:49:48.586 INFO:teuthology.orchestra.run.smithi049.stdout:/usr/bin/ceph: stderr
2024-06-02T23:49:47.258+0000 7fe91f73b700 1 Processor -- start
2024-06-02T23:49:48.586 INFO:teuthology.orchestra.run.smithi049.stdout:/usr/bin/ceph: stderr
2024-06-02T23:49:47.258+0000 7fe91f73b700 1 -- start start
2024-06-02T23:49:48.586 INFO:teuthology.orchestra.run.smithi049.stdout:/usr/bin/ceph: stderr
2024-06-02T23:49:47.258+0000 7fe91f73b700 1 --2- >> [v2:172.21.15.49:3300/0,v1:172.21.15.49:6789/0] conn(0x7fe918108980 0x7fe91819e010 unknown :-1 s=NONE pgs=0 cs=0 l=1 rev1=0 crypto rx=0 tx=0 comp rx=0 tx=0).connect
2024-06-02T23:49:48.586 INFO:teuthology.orchestra.run.smithi049.stdout:/usr/bin/ceph: stderr
2024-06-02T23:49:47.258+0000 7fe91f73b700 1 -- --> [v2:172.21.15.49:3300/0,v1:172.21.15.49:6789/0] -- mon_getmap magic: 0 -- 0x7fe91810c320 con 0x7fe918108980
2024-06-02T23:49:48.586 INFO:teuthology.orchestra.run.smithi049.stdout:/usr/bin/ceph: stderr
2024-06-02T23:49:47.259+0000 7fe91d4d7700 1 --2- >> [v2:172.21.15.49:3300/0,v1:172.21.15.49:6789/0] conn(0x7fe918108980 0x7fe91819e010 unknown :-1 s=BANNER_CONNECTING pgs=0 cs=0 l=1 rev1=0 crypto rx=0 tx=0 comp rx=0 tx=0)._handle_peer_banner_payload supported=3 required=0
2024-06-02T23:49:48.586 INFO:teuthology.orchestra.run.smithi049.stdout:/usr/bin/ceph: stderr
2024-06-02T23:49:47.259+0000 7fe91d4d7700 1 --2- >> [v2:172.21.15.49:3300/0,v1:172.21.15.49:6789/0] conn(0x7fe918108980 0x7fe91819e010 unknown :-1 s=HELLO_CONNECTING pgs=0 cs=0 l=1 rev1=1 crypto rx=0 tx=0 comp rx=0 tx=0).handle_hello peer v2:172.21.15.49:3300/0 says I am v2:172.21.15.49:36598/0 (socket says 172.21.15.49:36598)
2024-06-02T23:49:48.586 INFO:teuthology.orchestra.run.smithi049.stdout:/usr/bin/ceph: stderr
2024-06-02T23:49:47.259+0000 7fe91d4d7700 1 -- 172.21.15.49:0/2860452691 learned_addr learned my addr 172.21.15.49:0/2860452691 (peer_addr_for_me v2:172.21.15.49:0/0)
2024-06-02T23:49:48.587 INFO:teuthology.orchestra.run.smithi049.stdout:/usr/bin/ceph: stderr
2024-06-02T23:49:47.259+0000 7fe91d4d7700 1 -- 172.21.15.49:0/2860452691 --> [v2:172.21.15.49:3300/0,v1:172.21.15.49:6789/0] -- mon_subscribe({config=0+,monmap=0+}) -- 0x7fe91819e550 con 0x7fe918108980
2024-06-02T23:49:48.587 INFO:teuthology.orchestra.run.smithi049.stdout:/usr/bin/ceph: stderr
2024-06-02T23:49:47.259+0000 7fe91d4d7700 1 --2- 172.21.15.49:0/2860452691 >> [v2:172.21.15.49:3300/0,v1:172.21.15.49:6789/0] conn(0x7fe918108980 0x7fe91819e010 secure :-1 s=READY pgs=56 cs=0 l=1 rev1=1 crypto rx=0x7fe90c0117e0 tx=0x7fe90c011c10 comp rx=0 tx=0).ready entity=mon.0 client_cookie=0 server_cookie=0 in_seq=0 out_seq=0
2024-06-02T23:49:48.587 INFO:teuthology.orchestra.run.smithi049.stdout:/usr/bin/ceph: stderr
2024-06-02T23:49:47.259+0000 7fe90a7fc700 1 -- 172.21.15.49:0/2860452691 <== mon.0 v2:172.21.15.49:3300/0 1 ==== mon_map magic: 0 ==== 205+0+0 (secure 0 0 0) 0x7fe90c003bf0 con 0x7fe918108980
2024-06-02T23:49:48.587 INFO:teuthology.orchestra.run.smithi049.stdout:/usr/bin/ceph: stderr
2024-06-02T23:49:47.259+0000 7fe90a7fc700 1 -- 172.21.15.49:0/2860452691 <== mon.0 v2:172.21.15.49:3300/0 2 ==== config(27 keys) ==== 1140+0+0 (secure 0 0 0) 0x7fe90c01a910 con 0x7fe918108980
2024-06-02T23:49:48.587 INFO:teuthology.orchestra.run.smithi049.stdout:/usr/bin/ceph: stderr
2024-06-02T23:49:47.259+0000 7fe90a7fc700 1 -- 172.21.15.49:0/2860452691 <== mon.0 v2:172.21.15.49:3300/0 3 ==== mon_map magic: 0 ==== 205+0+0 (secure 0 0 0) 0x7fe90c024970 con 0x7fe918108980
2024-06-02T23:49:48.587 INFO:teuthology.orchestra.run.smithi049.stdout:/usr/bin/ceph: stderr
2024-06-02T23:49:47.259+0000 7fe91f73b700 1 -- 172.21.15.49:0/2860452691 --> [v2:172.21.15.49:3300/0,v1:172.21.15.49:6789/0] -- mon_subscribe({mgrmap=0+}) -- 0x7fe91819e7e0 con 0x7fe918108980
2024-06-02T23:49:48.587 INFO:teuthology.orchestra.run.smithi049.stdout:/usr/bin/ceph: stderr
2024-06-02T23:49:47.259+0000 7fe91f73b700 1 -- 172.21.15.49:0/2860452691 --> [v2:172.21.15.49:3300/0,v1:172.21.15.49:6789/0] -- mon_subscribe({osdmap=0}) -- 0x7fe91819eb80 con 0x7fe918108980
2024-06-02T23:49:48.587 INFO:teuthology.orchestra.run.smithi049.stdout:/usr/bin/ceph: stderr
2024-06-02T23:49:47.260+0000 7fe91f73b700 1 -- 172.21.15.49:0/2860452691 --> [v2:172.21.15.49:3300/0,v1:172.21.15.49:6789/0] -- mon_command({"prefix": "get_command_descriptions"} v 0) -- 0x7fe918063af0 con 0x7fe918108980
2024-06-02T23:49:48.587 INFO:teuthology.orchestra.run.smithi049.stdout:/usr/bin/ceph: stderr
2024-06-02T23:49:47.260+0000 7fe90a7fc700 1 -- 172.21.15.49:0/2860452691 <== mon.0 v2:172.21.15.49:3300/0 4 ==== mgrmap(e 8) ==== 46287+0+0 (secure 0 0 0) 0x7fe90c022020 con 0x7fe918108980
2024-06-02T23:49:48.587 INFO:teuthology.orchestra.run.smithi049.stdout:/usr/bin/ceph: stderr
2024-06-02T23:49:47.261+0000 7fe90a7fc700 1 --2- 172.21.15.49:0/2860452691 >> [v2:172.21.15.49:6800/1206062338,v1:172.21.15.49:6801/1206062338] conn(0x7fe904039050 0x7fe90403b510 unknown :-1 s=NONE pgs=0 cs=0 l=1 rev1=0 crypto rx=0 tx=0 comp rx=0 tx=0).connect
2024-06-02T23:49:48.587 INFO:teuthology.orchestra.run.smithi049.stdout:/usr/bin/ceph: stderr
2024-06-02T23:49:47.261+0000 7fe90a7fc700 1 -- 172.21.15.49:0/2860452691 <== mon.0 v2:172.21.15.49:3300/0 5 ==== osd_map(2..2 src has 1..2) ==== 940+0+0 (secure 0 0 0) 0x7fe90c04d4a0 con 0x7fe918108980
2024-06-02T23:49:48.587 INFO:teuthology.orchestra.run.smithi049.stdout:/usr/bin/ceph: stderr
2024-06-02T23:49:47.261+0000 7fe91ccd6700 1 --2- 172.21.15.49:0/2860452691 >> [v2:172.21.15.49:6800/1206062338,v1:172.21.15.49:6801/1206062338] conn(0x7fe904039050 0x7fe90403b510 unknown :-1 s=BANNER_CONNECTING pgs=0 cs=0 l=1 rev1=0 crypto rx=0 tx=0 comp rx=0 tx=0)._handle_peer_banner_payload supported=3 required=0
2024-06-02T23:49:48.587 INFO:teuthology.orchestra.run.smithi049.stdout:/usr/bin/ceph: stderr
2024-06-02T23:49:47.261+0000 7fe91ccd6700 1 --2- 172.21.15.49:0/2860452691 >> [v2:172.21.15.49:6800/1206062338,v1:172.21.15.49:6801/1206062338] conn(0x7fe904039050 0x7fe90403b510 secure :-1 s=READY pgs=16 cs=0 l=1 rev1=1 crypto rx=0x7fe914006fd0 tx=0x7fe914006e40 comp rx=0 tx=0).ready entity=mgr.14120 client_cookie=0 server_cookie=0 in_seq=0 out_seq=0
2024-06-02T23:49:48.587 INFO:teuthology.orchestra.run.smithi049.stdout:/usr/bin/ceph: stderr
2024-06-02T23:49:47.266+0000 7fe90a7fc700 1 -- 172.21.15.49:0/2860452691 <== mon.0 v2:172.21.15.49:3300/0 6 ==== mon_command_ack([{"prefix": "get_command_descriptions"}]=0 v0) ==== 72+0+186418 (secure 0 0 0) 0x7fe90c011e20 con 0x7fe918108980
2024-06-02T23:49:48.588 INFO:teuthology.orchestra.run.smithi049.stdout:/usr/bin/ceph: stderr
2024-06-02T23:49:47.536+0000 7fe91f73b700 1 -- 172.21.15.49:0/2860452691 --> [v2:172.21.15.49:3300/0,v1:172.21.15.49:6789/0] -- mon_command({"prefix": "mgr module enable", "module": "dashboard"} v 0) -- 0x7fe9181a16b0 con 0x7fe918108980
2024-06-02T23:49:48.588 INFO:teuthology.orchestra.run.smithi049.stdout:/usr/bin/ceph: stderr
