2024-06-02T23:49:57.067 INFO:teuthology.orchestra.run.smithi049.stdout:/usr/bin/ceph: stderr
2024-06-02T23:49:56.163+0000 7f402d46b700 1 --2- 172.21.15.49:0/804533726 >> [v2:172.21.15.49:6800/2948657177,v1:172.21.15.49:6801/2948657177] conn(0x7f401003cb10 0x7f401003ef00 unknown :-1 s=CLOSED pgs=3 cs=0 l=1 rev1=1 crypto rx=0 tx=0 comp rx=0 tx=0).stop
2024-06-02T23:49:57.067 INFO:teuthology.orchestra.run.smithi049.stdout:/usr/bin/ceph: stderr
2024-06-02T23:49:56.163+0000 7f402d46b700 1 --2- 172.21.15.49:0/804533726 >> [v2:172.21.15.49:6800/1206062338,v1:172.21.15.49:6801/1206062338] conn(0x7f4010039050 0x7f401003b510 unknown :-1 s=CLOSED pgs=0 cs=0 l=1 rev1=0 crypto rx=0 tx=0 comp rx=0 tx=0).stop
2024-06-02T23:49:57.067 INFO:teuthology.orchestra.run.smithi049.stdout:/usr/bin/ceph: stderr
2024-06-02T23:49:56.163+0000 7f402d46b700 1 -- 172.21.15.49:0/804533726 >> 172.21.15.49:0/804533726 conn(0x7f4028102430 msgr2=0x7f4028102e40 unknown :-1 s=STATE_NONE l=0).mark_down
2024-06-02T23:49:57.067 INFO:teuthology.orchestra.run.smithi049.stdout:/usr/bin/ceph: stderr
2024-06-02T23:49:56.164+0000 7f402d46b700 1 -- 172.21.15.49:0/804533726 shutdown_connections
2024-06-02T23:49:57.067 INFO:teuthology.orchestra.run.smithi049.stdout:/usr/bin/ceph: stderr
2024-06-02T23:49:56.164+0000 7f402d46b700 1 -- 172.21.15.49:0/804533726 wait complete.
2024-06-02T23:49:57.067 INFO:teuthology.orchestra.run.smithi049.stdout:mgr epoch 9 is available
2024-06-02T23:49:57.067 INFO:teuthology.orchestra.run.smithi049.stdout:Generating a dashboard self-signed certificate...
2024-06-02T23:49:57.809 INFO:journalctl@ceph.mon.a.smithi049.stdout:Jun 02 23:49:57 smithi049 ceph-mon[32302]: [02/Jun/2024:23:49:56] ENGINE Serving on http://172.21.15.49:8765
2024-06-02T23:49:57.809 INFO:journalctl@ceph.mon.a.smithi049.stdout:Jun 02 23:49:57 smithi049 ceph-mon[32302]: [02/Jun/2024:23:49:56] ENGINE Bus STARTED
2024-06-02T23:49:57.809 INFO:journalctl@ceph.mon.a.smithi049.stdout:Jun 02 23:49:57 smithi049 ceph-mon[32302]: from='client.14156 -' entity='client.admin' cmd=[{"prefix": "get_command_descriptions"}]: dispatch
2024-06-02T23:49:57.809 INFO:journalctl@ceph.mon.a.smithi049.stdout:Jun 02 23:49:57 smithi049 ceph-mon[32302]: from='client.14156 -' entity='client.admin' cmd=[{"prefix": "mgr_status"}]: dispatch
2024-06-02T23:49:57.809 INFO:journalctl@ceph.mon.a.smithi049.stdout:Jun 02 23:49:57 smithi049 ceph-mon[32302]: from='mgr.14152 172.21.15.49:0/3359296453' entity='mgr.x'
2024-06-02T23:49:58.408 INFO:teuthology.orchestra.run.smithi049.stdout:/usr/bin/ceph: stdout Self-signed certificate created
2024-06-02T23:49:58.408 INFO:teuthology.orchestra.run.smithi049.stdout:/usr/bin/ceph: stderr
2024-06-02T23:49:57.519+0000 7efcd71f1700 1 Processor -- start
2024-06-02T23:49:58.408 INFO:teuthology.orchestra.run.smithi049.stdout:/usr/bin/ceph: stderr
2024-06-02T23:49:57.519+0000 7efcd71f1700 1 -- start start
2024-06-02T23:49:58.409 INFO:teuthology.orchestra.run.smithi049.stdout:/usr/bin/ceph: stderr
2024-06-02T23:49:57.519+0000 7efcd71f1700 1 --2- >> [v2:172.21.15.49:3300/0,v1:172.21.15.49:6789/0] conn(0x7efcd0106e50 0x7efcd0107270 unknown :-1 s=NONE pgs=0 cs=0 l=0 rev1=0 crypto rx=0 tx=0 comp rx=0 tx=0).connect
2024-06-02T23:49:58.409 INFO:teuthology.orchestra.run.smithi049.stdout:/usr/bin/ceph: stderr
2024-06-02T23:49:57.519+0000 7efcd71f1700 1 -- --> [v2:172.21.15.49:3300/0,v1:172.21.15.49:6789/0] -- mon_getmap magic: 0 -- 0x7efcd01077b0 con 0x7efcd0106e50
2024-06-02T23:49:58.409 INFO:teuthology.orchestra.run.smithi049.stdout:/usr/bin/ceph: stderr
2024-06-02T23:49:57.519+0000 7efcd4f8d700 1 --2- >> [v2:172.21.15.49:3300/0,v1:172.21.15.49:6789/0] conn(0x7efcd0106e50 0x7efcd0107270 unknown :-1 s=BANNER_CONNECTING pgs=0 cs=0 l=0 rev1=0 crypto rx=0 tx=0 comp rx=0 tx=0)._handle_peer_banner_payload supported=3 required=0
2024-06-02T23:49:58.409 INFO:teuthology.orchestra.run.smithi049.stdout:/usr/bin/ceph: stderr
2024-06-02T23:49:57.519+0000 7efcd4f8d700 1 --2- >> [v2:172.21.15.49:3300/0,v1:172.21.15.49:6789/0] conn(0x7efcd0106e50 0x7efcd0107270 unknown :-1 s=HELLO_CONNECTING pgs=0 cs=0 l=0 rev1=1 crypto rx=0 tx=0 comp rx=0 tx=0).handle_hello peer v2:172.21.15.49:3300/0 says I am v2:172.21.15.49:50864/0 (socket says 172.21.15.49:50864)
2024-06-02T23:49:58.409 INFO:teuthology.orchestra.run.smithi049.stdout:/usr/bin/ceph: stderr
2024-06-02T23:49:57.519+0000 7efcd4f8d700 1 -- 172.21.15.49:0/1906545686 learned_addr learned my addr 172.21.15.49:0/1906545686 (peer_addr_for_me v2:172.21.15.49:0/0)
2024-06-02T23:49:58.409 INFO:teuthology.orchestra.run.smithi049.stdout:/usr/bin/ceph: stderr
2024-06-02T23:49:57.520+0000 7efcd4f8d700 1 -- 172.21.15.49:0/1906545686 --> [v2:172.21.15.49:3300/0,v1:172.21.15.49:6789/0] -- mon_subscribe({config=0+,monmap=0+}) -- 0x7efcd0107fb0 con 0x7efcd0106e50
2024-06-02T23:49:58.409 INFO:teuthology.orchestra.run.smithi049.stdout:/usr/bin/ceph: stderr
2024-06-02T23:49:57.520+0000 7efcd4f8d700 1 --2- 172.21.15.49:0/1906545686 >> [v2:172.21.15.49:3300/0,v1:172.21.15.49:6789/0] conn(0x7efcd0106e50 0x7efcd0107270 secure :-1 s=READY pgs=70 cs=0 l=1 rev1=1 crypto rx=0x7efcc40098a0 tx=0x7efcc4009bb0 comp rx=0 tx=0).ready entity=mon.0 client_cookie=2503917886795f99 server_cookie=0 in_seq=0 out_seq=0
2024-06-02T23:49:58.409 INFO:teuthology.orchestra.run.smithi049.stdout:/usr/bin/ceph: stderr
2024-06-02T23:49:57.520+0000 7efccf7fe700 1 -- 172.21.15.49:0/1906545686 <== mon.0 v2:172.21.15.49:3300/0 1 ==== mon_map magic: 0 ==== 205+0+0 (secure 0 0 0) 0x7efcc4004160 con 0x7efcd0106e50
2024-06-02T23:49:58.409 INFO:teuthology.orchestra.run.smithi049.stdout:/usr/bin/ceph: stderr
2024-06-02T23:49:57.520+0000 7efccf7fe700 1 -- 172.21.15.49:0/1906545686 <== mon.0 v2:172.21.15.49:3300/0 2 ==== config(27 keys) ==== 1140+0+0 (secure 0 0 0) 0x7efcc4004300 con 0x7efcd0106e50
2024-06-02T23:49:58.409 INFO:teuthology.orchestra.run.smithi049.stdout:/usr/bin/ceph: stderr
2024-06-02T23:49:57.520+0000 7efccf7fe700 1 -- 172.21.15.49:0/1906545686 <== mon.0 v2:172.21.15.49:3300/0 3 ==== mon_map magic: 0 ==== 205+0+0 (secure 0 0 0) 0x7efcc4011b20 con 0x7efcd0106e50
2024-06-02T23:49:58.409 INFO:teuthology.orchestra.run.smithi049.stdout:/usr/bin/ceph: stderr
2024-06-02T23:49:57.521+0000 7efcd71f1700 1 -- 172.21.15.49:0/1906545686 >> [v2:172.21.15.49:3300/0,v1:172.21.15.49:6789/0] conn(0x7efcd0106e50 msgr2=0x7efcd0107270 secure :-1 s=STATE_CONNECTION_ESTABLISHED l=1).mark_down
2024-06-02T23:49:58.409 INFO:teuthology.orchestra.run.smithi049.stdout:/usr/bin/ceph: stderr
2024-06-02T23:49:57.521+0000 7efcd71f1700 1 --2- 172.21.15.49:0/1906545686 >> [v2:172.21.15.49:3300/0,v1:172.21.15.49:6789/0] conn(0x7efcd0106e50 0x7efcd0107270 secure :-1 s=READY pgs=70 cs=0 l=1 rev1=1 crypto rx=0x7efcc40098a0 tx=0x7efcc4009bb0 comp rx=0 tx=0).stop
2024-06-02T23:49:58.410 INFO:teuthology.orchestra.run.smithi049.stdout:/usr/bin/ceph: stderr
2024-06-02T23:49:57.521+0000 7efcd71f1700 1 -- 172.21.15.49:0/1906545686 shutdown_connections
2024-06-02T23:49:58.410 INFO:teuthology.orchestra.run.smithi049.stdout:/usr/bin/ceph: stderr
2024-06-02T23:49:57.521+0000 7efcd71f1700 1 --2- 172.21.15.49:0/1906545686 >> [v2:172.21.15.49:3300/0,v1:172.21.15.49:6789/0] conn(0x7efcd0106e50 0x7efcd0107270 unknown :-1 s=CLOSED pgs=70 cs=0 l=1 rev1=1 crypto rx=0 tx=0 comp rx=0 tx=0).stop
2024-06-02T23:49:58.410 INFO:teuthology.orchestra.run.smithi049.stdout:/usr/bin/ceph: stderr
2024-06-02T23:49:57.521+0000 7efcd71f1700 1 -- 172.21.15.49:0/1906545686 >> 172.21.15.49:0/1906545686 conn(0x7efcd0102410 msgr2=0x7efcd0104830 unknown :-1 s=STATE_NONE l=0).mark_down
2024-06-02T23:49:58.410 INFO:teuthology.orchestra.run.smithi049.stdout:/usr/bin/ceph: stderr
2024-06-02T23:49:57.521+0000 7efcd71f1700 1 -- 172.21.15.49:0/1906545686 shutdown_connections
2024-06-02T23:49:58.410 INFO:teuthology.orchestra.run.smithi049.stdout:/usr/bin/ceph: stderr
2024-06-02T23:49:57.521+0000 7efcd71f1700 1 -- 172.21.15.49:0/1906545686 wait complete.
2024-06-02T23:49:58.410 INFO:teuthology.orchestra.run.smithi049.stdout:/usr/bin/ceph: stderr
2024-06-02T23:49:57.521+0000 7efcd71f1700 1 Processor -- start
2024-06-02T23:49:58.410 INFO:teuthology.orchestra.run.smithi049.stdout:/usr/bin/ceph: stderr
2024-06-02T23:49:57.522+0000 7efcd71f1700 1 -- start start
2024-06-02T23:49:58.410 INFO:teuthology.orchestra.run.smithi049.stdout:/usr/bin/ceph: stderr
2024-06-02T23:49:57.522+0000 7efcd71f1700 1 --2- >> [v2:172.21.15.49:3300/0,v1:172.21.15.49:6789/0] conn(0x7efcd0106e50 0x7efcd0104780 unknown :-1 s=NONE pgs=0 cs=0 l=1 rev1=0 crypto rx=0 tx=0 comp rx=0 tx=0).connect
2024-06-02T23:49:58.410 INFO:teuthology.orchestra.run.smithi049.stdout:/usr/bin/ceph: stderr
2024-06-02T23:49:57.522+0000 7efcd71f1700 1 -- --> [v2:172.21.15.49:3300/0,v1:172.21.15.49:6789/0] -- mon_getmap magic: 0 -- 0x7efcd010b3f0 con 0x7efcd0106e50
2024-06-02T23:49:58.410 INFO:teuthology.orchestra.run.smithi049.stdout:/usr/bin/ceph: stderr
2024-06-02T23:49:57.522+0000 7efcd4f8d700 1 --2- >> [v2:172.21.15.49:3300/0,v1:172.21.15.49:6789/0] conn(0x7efcd0106e50 0x7efcd0104780 unknown :-1 s=BANNER_CONNECTING pgs=0 cs=0 l=1 rev1=0 crypto rx=0 tx=0 comp rx=0 tx=0)._handle_peer_banner_payload supported=3 required=0
2024-06-02T23:49:58.410 INFO:teuthology.orchestra.run.smithi049.stdout:/usr/bin/ceph: stderr
2024-06-02T23:49:57.522+0000 7efcd4f8d700 1 --2- >> [v2:172.21.15.49:3300/0,v1:172.21.15.49:6789/0] conn(0x7efcd0106e50 0x7efcd0104780 unknown :-1 s=HELLO_CONNECTING pgs=0 cs=0 l=1 rev1=1 crypto rx=0 tx=0 comp rx=0 tx=0).handle_hello peer v2:172.21.15.49:3300/0 says I am v2:172.21.15.49:50878/0 (socket says 172.21.15.49:50878)
2024-06-02T23:49:58.410 INFO:teuthology.orchestra.run.smithi049.stdout:/usr/bin/ceph: stderr
2024-06-02T23:49:57.522+0000 7efcd4f8d700 1 -- 172.21.15.49:0/3803421482 learned_addr learned my addr 172.21.15.49:0/3803421482 (peer_addr_for_me v2:172.21.15.49:0/0)
2024-06-02T23:49:58.411 INFO:teuthology.orchestra.run.smithi049.stdout:/usr/bin/ceph: stderr
2024-06-02T23:49:57.522+0000 7efcd4f8d700 1 -- 172.21.15.49:0/3803421482 --> [v2:172.21.15.49:3300/0,v1:172.21.15.49:6789/0] -- mon_subscribe({config=0+,monmap=0+}) -- 0x7efcd0104cc0 con 0x7efcd0106e50
2024-06-02T23:49:58.411 INFO:teuthology.orchestra.run.smithi049.stdout:/usr/bin/ceph: stderr
2024-06-02T23:49:57.522+0000 7efcd4f8d700 1 --2- 172.21.15.49:0/3803421482 >> [v2:172.21.15.49:3300/0,v1:172.21.15.49:6789/0] conn(0x7efcd0106e50 0x7efcd0104780 secure :-1 s=READY pgs=71 cs=0 l=1 rev1=1 crypto rx=0x7efcc40117e0 tx=0x7efcc4011c10 comp rx=0 tx=0).ready entity=mon.0 client_cookie=0 server_cookie=0 in_seq=0 out_seq=0
2024-06-02T23:49:58.411 INFO:teuthology.orchestra.run.smithi049.stdout:/usr/bin/ceph: stderr
2024-06-02T23:49:57.522+0000 7efccdffb700 1 -- 172.21.15.49:0/3803421482 <== mon.0 v2:172.21.15.49:3300/0 1 ==== mon_map magic: 0 ==== 205+0+0 (secure 0 0 0) 0x7efcc4003bf0 con 0x7efcd0106e50
2024-06-02T23:49:58.411 INFO:teuthology.orchestra.run.smithi049.stdout:/usr/bin/ceph: stderr
2024-06-02T23:49:57.522+0000 7efccdffb700 1 -- 172.21.15.49:0/3803421482 <== mon.0 v2:172.21.15.49:3300/0 2 ==== config(27 keys) ==== 1140+0+0 (secure 0 0 0) 0x7efcc401a910 con 0x7efcd0106e50
2024-06-02T23:49:58.411 INFO:teuthology.orchestra.run.smithi049.stdout:/usr/bin/ceph: stderr
2024-06-02T23:49:57.522+0000 7efcd71f1700 1 -- 172.21.15.49:0/3803421482 --> [v2:172.21.15.49:3300/0,v1:172.21.15.49:6789/0] -- mon_subscribe({mgrmap=0+}) -- 0x7efcd0102eb0 con 0x7efcd0106e50
2024-06-02T23:49:58.411 INFO:teuthology.orchestra.run.smithi049.stdout:/usr/bin/ceph: stderr
2024-06-02T23:49:57.523+0000 7efccdffb700 1 -- 172.21.15.49:0/3803421482 <== mon.0 v2:172.21.15.49:3300/0 3 ==== mon_map magic: 0 ==== 205+0+0 (secure 0 0 0) 0x7efcc4024970 con 0x7efcd0106e50
2024-06-02T23:49:58.411 INFO:teuthology.orchestra.run.smithi049.stdout:/usr/bin/ceph: stderr
2024-06-02T23:49:57.523+0000 7efcd71f1700 1 -- 172.21.15.49:0/3803421482 --> [v2:172.21.15.49:3300/0,v1:172.21.15.49:6789/0] -- mon_subscribe({osdmap=0}) -- 0x7efcd0103370 con 0x7efcd0106e50
2024-06-02T23:49:58.411 INFO:teuthology.orchestra.run.smithi049.stdout:/usr/bin/ceph: stderr
2024-06-02T23:49:57.524+0000 7efccdffb700 1 -- 172.21.15.49:0/3803421482 <== mon.0 v2:172.21.15.49:3300/0 4 ==== mgrmap(e 11) ==== 46194+0+0 (secure 0 0 0) 0x7efcc4022020 con 0x7efcd0106e50
2024-06-02T23:49:58.411 INFO:teuthology.orchestra.run.smithi049.stdout:/usr/bin/ceph: stderr
2024-06-02T23:49:57.524+0000 7efcd71f1700 1 -- 172.21.15.49:0/3803421482 --> [v2:172.21.15.49:3300/0,v1:172.21.15.49:6789/0] -- mon_command({"prefix": "get_command_descriptions"} v 0) -- 0x7efcd0063af0 con 0x7efcd0106e50
2024-06-02T23:49:58.411 INFO:teuthology.orchestra.run.smithi049.stdout:/usr/bin/ceph: stderr
2024-06-02T23:49:57.524+0000 7efccdffb700 1 --2- 172.21.15.49:0/3803421482 >> [v2:172.21.15.49:6800/2948657177,v1:172.21.15.49:6801/2948657177] conn(0x7efcc0038f40 0x7efcc003b400 unknown :-1 s=NONE pgs=0 cs=0 l=1 rev1=0 crypto rx=0 tx=0 comp rx=0 tx=0).connect
2024-06-02T23:49:58.411 INFO:teuthology.orchestra.run.smithi049.stdout:/usr/bin/ceph: stderr
2024-06-02T23:49:57.524+0000 7efccdffb700 1 -- 172.21.15.49:0/3803421482 <== mon.0 v2:172.21.15.49:3300/0 5 ==== osd_map(3..3 src has 1..3) ==== 1155+0+0 (secure 0 0 0) 0x7efcc404d330 con 0x7efcd0106e50
2024-06-02T23:49:58.411 INFO:teuthology.orchestra.run.smithi049.stdout:/usr/bin/ceph: stderr
2024-06-02T23:49:57.524+0000 7efccffff700 1 --2- 172.21.15.49:0/3803421482 >> [v2:172.21.15.49:6800/2948657177,v1:172.21.15.49:6801/2948657177] conn(0x7efcc0038f40 0x7efcc003b400 unknown :-1 s=BANNER_CONNECTING pgs=0 cs=0 l=1 rev1=0 crypto rx=0 tx=0 comp rx=0 tx=0)._handle_peer_banner_payload supported=3 required=0
2024-06-02T23:49:58.411 INFO:teuthology.orchestra.run.smithi049.stdout:/usr/bin/ceph: stderr
2024-06-02T23:49:57.524+0000 7efccffff700 1 --2- 172.21.15.49:0/3803421482 >> [v2:172.21.15.49:6800/2948657177,v1:172.21.15.49:6801/2948657177] conn(0x7efcc0038f40 0x7efcc003b400 secure :-1 s=READY pgs=7 cs=0 l=1 rev1=1 crypto rx=0x7efcbc006fd0 tx=0x7efcbc006e40 comp rx=0 tx=0).ready entity=mgr.14152 client_cookie=0 server_cookie=0 in_seq=0 out_seq=0
2024-06-02T23:49:58.412 INFO:teuthology.orchestra.run.smithi049.stdout:/usr/bin/ceph: stderr
2024-06-02T23:49:57.529+0000 7efccdffb700 1 -- 172.21.15.49:0/3803421482 <== mon.0 v2:172.21.15.49:3300/0 6 ==== mon_command_ack([{"prefix": "get_command_descriptions"}]=0 v0) ==== 72+0+186418 (secure 0 0 0) 0x7efcc4011e20 con 0x7efcd0106e50
2024-06-02T23:49:58.412 INFO:teuthology.orchestra.run.smithi049.stdout:/usr/bin/ceph: stderr
2024-06-02T23:49:57.744+0000 7efcd71f1700 1 -- 172.21.15.49:0/3803421482 --> [v2:172.21.15.49:6800/2948657177,v1:172.21.15.49:6801/2948657177] -- mgr_command(tid 0: {"prefix": "dashboard create-self-signed-cert", "target": ["mon-mgr", ""]}) -- 0x7efcd01956e0 con 0x7efcc0038f40
2024-06-02T23:49:58.412 INFO:teuthology.orchestra.run.smithi049.stdout:/usr/bin/ceph: stderr
2024-06-02T23:49:57.763+0000 7efccdffb700 1 -- 172.21.15.49:0/3803421482 <== mon.0 v2:172.21.15.49:3300/0 7 ==== mgrmap(e 12) ==== 46300+0+0 (secure 0 0 0) 0x7efcc402d910 con 0x7efcd0106e50
2024-06-02T23:49:58.412 INFO:teuthology.orchestra.run.smithi049.stdout:/usr/bin/ceph: stderr
2024-06-02T23:49:57.808+0000 7efccdffb700 1 -- 172.21.15.49:0/3803421482 <== mgr.14152 v2:172.21.15.49:6800/2948657177 1 ==== mgr_command_reply(tid 0: 0 ) ==== 8+0+32 (secure 0 0 0) 0x7efcd01956e0 con 0x7efcc0038f40
2024-06-02T23:49:58.412 INFO:teuthology.orchestra.run.smithi049.stdout:/usr/bin/ceph: stderr
2024-06-02T23:49:57.811+0000 7efcd71f1700 1 -- 172.21.15.49:0/3803421482 >> [v2:172.21.15.49:6800/2948657177,v1:172.21.15.49:6801/2948657177] conn(0x7efcc0038f40 msgr2=0x7efcc003b400 secure :-1 s=STATE_CONNECTION_ESTABLISHED l=1).mark_down
2024-06-02T23:49:58.412 INFO:teuthology.orchestra.run.smithi049.stdout:/usr/bin/ceph: stderr
2024-06-02T23:49:57.811+0000 7efcd71f1700 1 --2- 172.21.15.49:0/3803421482 >> [v2:172.21.15.49:6800/2948657177,v1:172.21.15.49:6801/2948657177] conn(0x7efcc0038f40 0x7efcc003b400 secure :-1 s=READY pgs=7 cs=0 l=1 rev1=1 crypto rx=0x7efcbc006fd0 tx=0x7efcbc006e40 comp rx=0 tx=0).stop
2024-06-02T23:49:58.412 INFO:teuthology.orchestra.run.smithi049.stdout:/usr/bin/ceph: stderr
2024-06-02T23:49:57.811+0000 7efcd71f1700 1 -- 172.21.15.49:0/3803421482 >> [v2:172.21.15.49:3300/0,v1:172.21.15.49:6789/0] conn(0x7efcd0106e50 msgr2=0x7efcd0104780 secure :-1 s=STATE_CONNECTION_ESTABLISHED l=1).mark_down
2024-06-02T23:49:58.412 INFO:teuthology.orchestra.run.smithi049.stdout:/usr/bin/ceph: stderr
2024-06-02T23:49:57.811+0000 7efcd71f1700 1 --2- 172.21.15.49:0/3803421482 >> [v2:172.21.15.49:3300/0,v1:172.21.15.49:6789/0] conn(0x7efcd0106e50 0x7efcd0104780 secure :-1 s=READY pgs=71 cs=0 l=1 rev1=1 crypto rx=0x7efcc40117e0 tx=0x7efcc4011c10 comp rx=0 tx=0).stop
2024-06-02T23:49:58.412 INFO:teuthology.orchestra.run.smithi049.stdout:/usr/bin/ceph: stderr
2024-06-02T23:49:57.811+0000 7efcd71f1700 1 -- 172.21.15.49:0/3803421482 shutdown_connections
2024-06-02T23:49:58.412 INFO:teuthology.orchestra.run.smithi049.stdout:/usr/bin/ceph: stderr
2024-06-02T23:49:57.811+0000 7efcd71f1700 1 --2- 172.21.15.49:0/3803421482 >> [v2:172.21.15.49:6800/2948657177,v1:172.21.15.49:6801/2948657177] conn(0x7efcc0038f40 0x7efcc003b400 unknown :-1 s=CLOSED pgs=7 cs=0 l=1 rev1=1 crypto rx=0 tx=0 comp rx=0 tx=0).stop
2024-06-02T23:49:58.412 INFO:teuthology.orchestra.run.smithi049.stdout:/usr/bin/ceph: stderr
2024-06-02T23:49:57.811+0000 7efcd71f1700 1 --2- 172.21.15.49:0/3803421482 >> [v2:172.21.15.49:3300/0,v1:172.21.15.49:6789/0] conn(0x7efcd0106e50 0x7efcd0104780 unknown :-1 s=CLOSED pgs=71 cs=0 l=1 rev1=1 crypto rx=0 tx=0 comp rx=0 tx=0).stop
2024-06-02T23:49:58.412 INFO:teuthology.orchestra.run.smithi049.stdout:/usr/bin/ceph: stderr
2024-06-02T23:49:57.811+0000 7efcd71f1700 1 -- 172.21.15.49:0/3803421482 >> 172.21.15.49:0/3803421482 conn(0x7efcd0102410 msgr2=0x7efcd01929a0 unknown :-1 s=STATE_NONE l=0).mark_down
2024-06-02T23:49:58.412 INFO:teuthology.orchestra.run.smithi049.stdout:/usr/bin/ceph: stderr
2024-06-02T23:49:57.811+0000 7efcd71f1700 1 -- 172.21.15.49:0/3803421482 shutdown_connections
2024-06-02T23:49:58.413 INFO:teuthology.orchestra.run.smithi049.stdout:/usr/bin/ceph: stderr
2024-06-02T23:49:57.811+0000 7efcd71f1700 1 -- 172.21.15.49:0/3803421482 wait complete.
2024-06-02T23:49:58.413 INFO:teuthology.orchestra.run.smithi049.stdout:Creating initial admin user...
2024-06-02T23:49:58.837 INFO:journalctl@ceph.mon.a.smithi049.stdout:Jun 02 23:49:58 smithi049 ceph-mon[32302]: from='client.14164 -' entity='client.admin' cmd=[{"prefix": "dashboard create-self-signed-cert", "target": ["mon-mgr", ""]}]: dispatch
2024-06-02T23:49:58.837 INFO:journalctl@ceph.mon.a.smithi049.stdout:Jun 02 23:49:58 smithi049 ceph-mon[32302]: mgrmap e12: x(active, since 2s)
2024-06-02T23:49:58.837 INFO:journalctl@ceph.mon.a.smithi049.stdout:Jun 02 23:49:58 smithi049 ceph-mon[32302]: from='mgr.14152 172.21.15.49:0/3359296453' entity='mgr.x'
2024-06-02T23:49:58.837 INFO:journalctl@ceph.mon.a.smithi049.stdout:Jun 02 23:49:58 smithi049 ceph-mon[32302]: from='mgr.14152 172.21.15.49:0/3359296453' entity='mgr.x'
2024-06-02T23:49:58.837 INFO:journalctl@ceph.mon.a.smithi049.stdout:Jun 02 23:49:58 smithi049 ceph-mon[32302]: from='mgr.14152 172.21.15.49:0/3359296453' entity='mgr.x'
2024-06-02T23:50:00.464 INFO:teuthology.orchestra.run.smithi049.stdout:/usr/bin/ceph: stdout {"username": "admin", "password": "$2b$12$0Q3E9/NK/6tX6zrq9DbmtObtfXqZmYsdXRMHWQfiCwyOHzk/6rFUO", "roles": ["administrator"], "name": null, "email": null, "lastUpdate": 1717372199, "enabled": true, "pwdExpirationDate": null, "pwdUpdateRequired": true}
2024-06-02T23:50:00.464 INFO:teuthology.orchestra.run.smithi049.stdout:/usr/bin/ceph: stderr
2024-06-02T23:49:58.851+0000 7fa6124c0700 1 Processor -- start
2024-06-02T23:50:00.464 INFO:teuthology.orchestra.run.smithi049.stdout:/usr/bin/ceph: stderr
2024-06-02T23:49:58.852+0000 7fa6124c0700 1 -- start start
2024-06-02T23:50:00.464 INFO:teuthology.orchestra.run.smithi049.stdout:/usr/bin/ceph: stderr
2024-06-02T23:49:58.852+0000 7fa6124c0700 1 --2- >> [v2:172.21.15.49:3300/0,v1:172.21.15.49:6789/0] conn(0x7fa60c107fb0 0x7fa60c1083d0 unknown :-1 s=NONE pgs=0 cs=0 l=0 rev1=0 crypto rx=0 tx=0 comp rx=0 tx=0).connect
2024-06-02T23:50:00.464 INFO:teuthology.orchestra.run.smithi049.stdout:/usr/bin/ceph: stderr
2024-06-02T23:49:58.852+0000 7fa6124c0700 1 -- --> [v2:172.21.15.49:3300/0,v1:172.21.15.49:6789/0] -- mon_getmap magic: 0 -- 0x7fa60c108910 con 0x7fa60c107fb0
2024-06-02T23:50:00.464 INFO:teuthology.orchestra.run.smithi049.stdout:/usr/bin/ceph: stderr
2024-06-02T23:49:58.852+0000 7fa60bfff700 1 --2- >> [v2:172.21.15.49:3300/0,v1:172.21.15.49:6789/0] conn(0x7fa60c107fb0 0x7fa60c1083d0 unknown :-1 s=BANNER_CONNECTING pgs=0 cs=0 l=0 rev1=0 crypto rx=0 tx=0 comp rx=0 tx=0)._handle_peer_banner_payload supported=3 required=0
2024-06-02T23:50:00.464 INFO:teuthology.orchestra.run.smithi049.stdout:/usr/bin/ceph: stderr
2024-06-02T23:49:58.852+0000 7fa60bfff700 1 --2- >> [v2:172.21.15.49:3300/0,v1:172.21.15.49:6789/0] conn(0x7fa60c107fb0 0x7fa60c1083d0 unknown :-1 s=HELLO_CONNECTING pgs=0 cs=0 l=0 rev1=1 crypto rx=0 tx=0 comp rx=0 tx=0).handle_hello peer v2:172.21.15.49:3300/0 says I am v2:172.21.15.49:50888/0 (socket says 172.21.15.49:50888)
2024-06-02T23:50:00.464 INFO:teuthology.orchestra.run.smithi049.stdout:/usr/bin/ceph: stderr
2024-06-02T23:49:58.852+0000 7fa60bfff700 1 -- 172.21.15.49:0/1635161899 learned_addr learned my addr 172.21.15.49:0/1635161899 (peer_addr_for_me v2:172.21.15.49:0/0)
2024-06-02T23:50:00.464 INFO:teuthology.orchestra.run.smithi049.stdout:/usr/bin/ceph: stderr
2024-06-02T23:49:58.852+0000 7fa60bfff700 1 -- 172.21.15.49:0/1635161899 --> [v2:172.21.15.49:3300/0,v1:172.21.15.49:6789/0] -- mon_subscribe({config=0+,monmap=0+}) -- 0x7fa60c109070 con 0x7fa60c107fb0
2024-06-02T23:50:00.465 INFO:teuthology.orchestra.run.smithi049.stdout:/usr/bin/ceph: stderr
2024-06-02T23:49:58.853+0000 7fa60bfff700 1 --2- 172.21.15.49:0/1635161899 >> [v2:172.21.15.49:3300/0,v1:172.21.15.49:6789/0] conn(0x7fa60c107fb0 0x7fa60c1083d0 secure :-1 s=READY pgs=72 cs=0 l=1 rev1=1 crypto rx=0x7fa5fc0098a0 tx=0x7fa5fc009bb0 comp rx=0 tx=0).ready entity=mon.0 client_cookie=c796a00f45754e8d server_cookie=0 in_seq=0 out_seq=0
2024-06-02T23:50:00.465 INFO:teuthology.orchestra.run.smithi049.stdout:/usr/bin/ceph: stderr
2024-06-02T23:49:58.853+0000 7fa60affd700 1 -- 172.21.15.49:0/1635161899 <== mon.0 v2:172.21.15.49:3300/0 1 ==== mon_map magic: 0 ==== 205+0+0 (secure 0 0 0) 0x7fa5fc004160 con 0x7fa60c107fb0
2024-06-02T23:50:00.465 INFO:teuthology.orchestra.run.smithi049.stdout:/usr/bin/ceph: stderr
2024-06-02T23:49:58.853+0000 7fa60affd700 1 -- 172.21.15.49:0/1635161899 <== mon.0 v2:172.21.15.49:3300/0 2 ==== config(27 keys) ==== 1140+0+0 (secure 0 0 0) 0x7fa5fc004300 con 0x7fa60c107fb0
2024-06-02T23:50:00.465 INFO:teuthology.orchestra.run.smithi049.stdout:/usr/bin/ceph: stderr
2024-06-02T23:49:58.853+0000 7fa60affd700 1 -- 172.21.15.49:0/1635161899 <== mon.0 v2:172.21.15.49:3300/0 3 ==== mon_map magic: 0 ==== 205+0+0 (secure 0 0 0) 0x7fa5fc011b20 con 0x7fa60c107fb0
2024-06-02T23:50:00.465 INFO:teuthology.orchestra.run.smithi049.stdout:/usr/bin/ceph: stderr
2024-06-02T23:49:58.853+0000 7fa6124c0700 1 -- 172.21.15.49:0/1635161899 >> [v2:172.21.15.49:3300/0,v1:172.21.15.49:6789/0] conn(0x7fa60c107fb0 msgr2=0x7fa60c1083d0 secure :-1 s=STATE_CONNECTION_ESTABLISHED l=1).mark_down
2024-06-02T23:50:00.465 INFO:teuthology.orchestra.run.smithi049.stdout:/usr/bin/ceph: stderr
2024-06-02T23:49:58.853+0000 7fa6124c0700 1 --2- 172.21.15.49:0/1635161899 >> [v2:172.21.15.49:3300/0,v1:172.21.15.49:6789/0] conn(0x7fa60c107fb0 0x7fa60c1083d0 secure :-1 s=READY pgs=72 cs=0 l=1 rev1=1 crypto rx=0x7fa5fc0098a0 tx=0x7fa5fc009bb0 comp rx=0 tx=0).stop
2024-06-02T23:50:00.465 INFO:teuthology.orchestra.run.smithi049.stdout:/usr/bin/ceph: stderr
2024-06-02T23:49:58.853+0000 7fa6124c0700 1 -- 172.21.15.49:0/1635161899 shutdown_connections
2024-06-02T23:50:00.465 INFO:teuthology.orchestra.run.smithi049.stdout:/usr/bin/ceph: stderr
2024-06-02T23:49:58.853+0000 7fa6124c0700 1 --2- 172.21.15.49:0/1635161899 >> [v2:172.21.15.49:3300/0,v1:172.21.15.49:6789/0] conn(0x7fa60c107fb0 0x7fa60c1083d0 unknown :-1 s=CLOSED pgs=72 cs=0 l=1 rev1=1 crypto rx=0 tx=0 comp rx=0 tx=0).stop
2024-06-02T23:50:00.465 INFO:teuthology.orchestra.run.smithi049.stdout:/usr/bin/ceph: stderr
2024-06-02T23:49:58.853+0000 7fa6124c0700 1 -- 172.21.15.49:0/1635161899 >> 172.21.15.49:0/1635161899 conn(0x7fa60c103550 msgr2=0x7fa60c105990 unknown :-1 s=STATE_NONE l=0).mark_down
2024-06-02T23:50:00.465 INFO:teuthology.orchestra.run.smithi049.stdout:/usr/bin/ceph: stderr
2024-06-02T23:49:58.853+0000 7fa6124c0700 1 -- 172.21.15.49:0/1635161899 shutdown_connections
2024-06-02T23:50:00.465 INFO:teuthology.orchestra.run.smithi049.stdout:/usr/bin/ceph: stderr
2024-06-02T23:49:58.853+0000 7fa6124c0700 1 -- 172.21.15.49:0/1635161899 wait complete.
2024-06-02T23:50:00.466 INFO:teuthology.orchestra.run.smithi049.stdout:/usr/bin/ceph: stderr
2024-06-02T23:49:58.854+0000 7fa6124c0700 1 Processor -- start
2024-06-02T23:50:00.466 INFO:teuthology.orchestra.run.smithi049.stdout:/usr/bin/ceph: stderr
2024-06-02T23:49:58.854+0000 7fa6124c0700 1 -- start start
2024-06-02T23:50:00.466 INFO:teuthology.orchestra.run.smithi049.stdout:/usr/bin/ceph: stderr
2024-06-02T23:49:58.854+0000 7fa6124c0700 1 --2- >> [v2:172.21.15.49:3300/0,v1:172.21.15.49:6789/0] conn(0x7fa60c107fb0 0x7fa60c19bdf0 unknown :-1 s=NONE pgs=0 cs=0 l=1 rev1=0 crypto rx=0 tx=0 comp rx=0 tx=0).connect
2024-06-02T23:50:00.466 INFO:teuthology.orchestra.run.smithi049.stdout:/usr/bin/ceph: stderr
2024-06-02T23:49:58.854+0000 7fa6124c0700 1 -- --> [v2:172.21.15.49:3300/0,v1:172.21.15.49:6789/0] -- mon_getmap magic: 0 -- 0x7fa60c10c4b0 con 0x7fa60c107fb0
2024-06-02T23:50:00.466 INFO:teuthology.orchestra.run.smithi049.stdout:/usr/bin/ceph: stderr
2024-06-02T23:49:58.854+0000 7fa60bfff700 1 --2- >> [v2:172.21.15.49:3300/0,v1:172.21.15.49:6789/0] conn(0x7fa60c107fb0 0x7fa60c19bdf0 unknown :-1 s=BANNER_CONNECTING pgs=0 cs=0 l=1 rev1=0 crypto rx=0 tx=0 comp rx=0 tx=0)._handle_peer_banner_payload supported=3 required=0
2024-06-02T23:50:00.466 INFO:teuthology.orchestra.run.smithi049.stdout:/usr/bin/ceph: stderr
2024-06-02T23:49:58.854+0000 7fa60bfff700 1 --2- >> [v2:172.21.15.49:3300/0,v1:172.21.15.49:6789/0] conn(0x7fa60c107fb0 0x7fa60c19bdf0 unknown :-1 s=HELLO_CONNECTING pgs=0 cs=0 l=1 rev1=1 crypto rx=0 tx=0 comp rx=0 tx=0).handle_hello peer v2:172.21.15.49:3300/0 says I am v2:172.21.15.49:50900/0 (socket says 172.21.15.49:50900)
2024-06-02T23:50:00.466 INFO:teuthology.orchestra.run.smithi049.stdout:/usr/bin/ceph: stderr
2024-06-02T23:49:58.854+0000 7fa60bfff700 1 -- 172.21.15.49:0/575786362 learned_addr learned my addr 172.21.15.49:0/575786362 (peer_addr_for_me v2:172.21.15.49:0/0)
2024-06-02T23:50:00.466 INFO:teuthology.orchestra.run.smithi049.stdout:/usr/bin/ceph: stderr
2024-06-02T23:49:58.855+0000 7fa60bfff700 1 -- 172.21.15.49:0/575786362 --> [v2:172.21.15.49:3300/0,v1:172.21.15.49:6789/0] -- mon_subscribe({config=0+,monmap=0+}) -- 0x7fa60c19c330 con 0x7fa60c107fb0
2024-06-02T23:50:00.466 INFO:teuthology.orchestra.run.smithi049.stdout:/usr/bin/ceph: stderr
2024-06-02T23:49:58.855+0000 7fa60bfff700 1 --2- 172.21.15.49:0/575786362 >> [v2:172.21.15.49:3300/0,v1:172.21.15.49:6789/0] conn(0x7fa60c107fb0 0x7fa60c19bdf0 secure :-1 s=READY pgs=73 cs=0 l=1 rev1=1 crypto rx=0x7fa5fc0117e0 tx=0x7fa5fc011c10 comp rx=0 tx=0).ready entity=mon.0 client_cookie=0 server_cookie=0 in_seq=0 out_seq=0
2024-06-02T23:50:00.467 INFO:teuthology.orchestra.run.smithi049.stdout:/usr/bin/ceph: stderr
2024-06-02T23:49:58.855+0000 7fa6097fa700 1 -- 172.21.15.49:0/575786362 <== mon.0 v2:172.21.15.49:3300/0 1 ==== mon_map magic: 0 ==== 205+0+0 (secure 0 0 0) 0x7fa5fc003bf0 con 0x7fa60c107fb0
2024-06-02T23:50:00.467 INFO:teuthology.orchestra.run.smithi049.stdout:/usr/bin/ceph: stderr
2024-06-02T23:49:58.855+0000 7fa6124c0700 1 -- 172.21.15.49:0/575786362 --> [v2:172.21.15.49:3300/0,v1:172.21.15.49:6789/0] -- mon_subscribe({mgrmap=0+}) -- 0x7fa60c19c5c0 con 0x7fa60c107fb0
2024-06-02T23:50:00.467 INFO:teuthology.orchestra.run.smithi049.stdout:/usr/bin/ceph: stderr
2024-06-02T23:49:58.855+0000 7fa6097fa700 1 -- 172.21.15.49:0/575786362 <== mon.0 v2:172.21.15.49:3300/0 2 ==== config(27 keys) ==== 1140+0+0 (secure 0 0 0) 0x7fa5fc01a910 con 0x7fa60c107fb0
2024-06-02T23:50:00.467 INFO:teuthology.orchestra.run.smithi049.stdout:/usr/bin/ceph: stderr
2024-06-02T23:49:58.855+0000 7fa6097fa700 1 -- 172.21.15.49:0/575786362 <== mon.0 v2:172.21.15.49:3300/0 3 ==== mon_map magic: 0 ==== 205+0+0 (secure 0 0 0) 0x7fa5fc024970 con 0x7fa60c107fb0
2024-06-02T23:50:00.467 INFO:teuthology.orchestra.run.smithi049.stdout:/usr/bin/ceph: stderr
2024-06-02T23:49:58.855+0000 7fa6124c0700 1 -- 172.21.15.49:0/575786362 --> [v2:172.21.15.49:3300/0,v1:172.21.15.49:6789/0] -- mon_subscribe({osdmap=0}) -- 0x7fa60c19ca20 con 0x7fa60c107fb0
2024-06-02T23:50:00.467 INFO:teuthology.orchestra.run.smithi049.stdout:/usr/bin/ceph: stderr
2024-06-02T23:49:58.856+0000 7fa6097fa700 1 -- 172.21.15.49:0/575786362 <== mon.0 v2:172.21.15.49:3300/0 4 ==== mgrmap(e 12) ==== 46300+0+0 (secure 0 0 0) 0x7fa5fc022020 con 0x7fa60c107fb0
2024-06-02T23:50:00.467 INFO:teuthology.orchestra.run.smithi049.stdout:/usr/bin/ceph: stderr
2024-06-02T23:49:58.856+0000 7fa6097fa700 1 --2- 172.21.15.49:0/575786362 >> [v2:172.21.15.49:6800/2948657177,v1:172.21.15.49:6801/2948657177] conn(0x7fa5f4039050 0x7fa5f403b510 unknown :-1 s=NONE pgs=0 cs=0 l=1 rev1=0 crypto rx=0 tx=0 comp rx=0 tx=0).connect
2024-06-02T23:50:00.467 INFO:teuthology.orchestra.run.smithi049.stdout:/usr/bin/ceph: stderr
2024-06-02T23:49:58.856+0000 7fa6097fa700 1 -- 172.21.15.49:0/575786362 <== mon.0 v2:172.21.15.49:3300/0 5 ==== osd_map(3..3 src has 1..3) ==== 1155+0+0 (secure 0 0 0) 0x7fa5fc04e510 con 0x7fa60c107fb0
2024-06-02T23:50:00.467 INFO:teuthology.orchestra.run.smithi049.stdout:/usr/bin/ceph: stderr
2024-06-02T23:49:58.856+0000 7fa6124c0700 1 -- 172.21.15.49:0/575786362 --> [v2:172.21.15.49:3300/0,v1:172.21.15.49:6789/0] -- mon_command({"prefix": "get_command_descriptions"} v 0) -- 0x7fa60c063af0 con 0x7fa60c107fb0
2024-06-02T23:50:00.467 INFO:teuthology.orchestra.run.smithi049.stdout:/usr/bin/ceph: stderr
2024-06-02T23:49:58.856+0000 7fa60b7fe700 1 --2- 172.21.15.49:0/575786362 >> [v2:172.21.15.49:6800/2948657177,v1:172.21.15.49:6801/2948657177] conn(0x7fa5f4039050 0x7fa5f403b510 unknown :-1 s=BANNER_CONNECTING pgs=0 cs=0 l=1 rev1=0 crypto rx=0 tx=0 comp rx=0 tx=0)._handle_peer_banner_payload supported=3 required=0
2024-06-02T23:50:00.467 INFO:teuthology.orchestra.run.smithi049.stdout:/usr/bin/ceph: stderr
2024-06-02T23:49:58.857+0000 7fa60b7fe700 1 --2- 172.21.15.49:0/575786362 >> [v2:172.21.15.49:6800/2948657177,v1:172.21.15.49:6801/2948657177] conn(0x7fa5f4039050 0x7fa5f403b510 secure :-1 s=READY pgs=8 cs=0 l=1 rev1=1 crypto rx=0x7fa600006fd0 tx=0x7fa600006e40 comp rx=0 tx=0).ready entity=mgr.14152 client_cookie=0 server_cookie=0 in_seq=0 out_seq=0
2024-06-02T23:50:00.468 INFO:teuthology.orchestra.run.smithi049.stdout:/usr/bin/ceph: stderr
2024-06-02T23:49:58.862+0000 7fa6097fa700 1 -- 172.21.15.49:0/575786362 <== mon.0 v2:172.21.15.49:3300/0 6 ==== mon_command_ack([{"prefix": "get_command_descriptions"}]=0 v0) ==== 72+0+186418 (secure 0 0 0) 0x7fa5fc011e20 con 0x7fa60c107fb0
2024-06-02T23:50:00.468 INFO:teuthology.orchestra.run.smithi049.stdout:/usr/bin/ceph: stderr
2024-06-02T23:49:59.095+0000 7fa6124c0700 1 -- 172.21.15.49:0/575786362 --> [v2:172.21.15.49:6800/2948657177,v1:172.21.15.49:6801/2948657177] -- mgr_command(tid 0: {"prefix": "dashboard ac-user-create", "username": "admin", "rolename": "administrator", "force_password": true, "pwd_update_required": true, "target": ["mon-mgr", ""]}) -- 0x7fa60c19f430 con 0x7fa5f4039050
2024-06-02T23:50:00.468 INFO:teuthology.orchestra.run.smithi049.stdout:/usr/bin/ceph: stderr
2024-06-02T23:49:59.343+0000 7fa6097fa700 1 -- 172.21.15.49:0/575786362 <== mgr.14152 v2:172.21.15.49:6800/2948657177 1 ==== mgr_command_reply(tid 0: 0 ) ==== 8+0+252 (secure 0 0 0) 0x7fa60c19f430 con 0x7fa5f4039050
2024-06-02T23:50:00.468 INFO:teuthology.orchestra.run.smithi049.stdout:/usr/bin/ceph: stderr
2024-06-02T23:49:59.345+0000 7fa6124c0700 1 -- 172.21.15.49:0/575786362 >> [v2:172.21.15.49:6800/2948657177,v1:172.21.15.49:6801/2948657177] conn(0x7fa5f4039050 msgr2=0x7fa5f403b510 secure :-1 s=STATE_CONNECTION_ESTABLISHED l=1).mark_down
2024-06-02T23:50:00.468 INFO:teuthology.orchestra.run.smithi049.stdout:/usr/bin/ceph: stderr
2024-06-02T23:49:59.345+0000 7fa6124c0700 1 --2- 172.21.15.49:0/575786362 >> [v2:172.21.15.49:6800/2948657177,v1:172.21.15.49:6801/2948657177] conn(0x7fa5f4039050 0x7fa5f403b510 secure :-1 s=READY pgs=8 cs=0 l=1 rev1=1 crypto rx=0x7fa600006fd0 tx=0x7fa600006e40 comp rx=0 tx=0).stop
2024-06-02T23:50:00.468 INFO:teuthology.orchestra.run.smithi049.stdout:/usr/bin/ceph: stderr
2024-06-02T23:49:59.345+0000 7fa6124c0700 1 -- 172.21.15.49:0/575786362 >> [v2:172.21.15.49:3300/0,v1:172.21.15.49:6789/0] conn(0x7fa60c107fb0 msgr2=0x7fa60c19bdf0 secure :-1 s=STATE_CONNECTION_ESTABLISHED l=1).mark_down
2024-06-02T23:50:00.468 INFO:teuthology.orchestra.run.smithi049.stdout:/usr/bin/ceph: stderr
2024-06-02T23:49:59.345+0000 7fa6124c0700 1 --2- 172.21.15.49:0/575786362 >> [v2:172.21.15.49:3300/0,v1:172.21.15.49:6789/0] conn(0x7fa60c107fb0 0x7fa60c19bdf0 secure :-1 s=READY pgs=73 cs=0 l=1 rev1=1 crypto rx=0x7fa5fc0117e0 tx=0x7fa5fc011c10 comp rx=0 tx=0).stop
2024-06-02T23:50:00.468 INFO:teuthology.orchestra.run.smithi049.stdout:/usr/bin/ceph: stderr
2024-06-02T23:49:59.345+0000 7fa6124c0700 1 -- 172.21.15.49:0/575786362 shutdown_connections
2024-06-02T23:50:00.468 INFO:teuthology.orchestra.run.smithi049.stdout:/usr/bin/ceph: stderr
2024-06-02T23:49:59.345+0000 7fa6124c0700 1 --2- 172.21.15.49:0/575786362 >> [v2:172.21.15.49:6800/2948657177,v1:172.21.15.49:6801/2948657177] conn(0x7fa5f4039050 0x7fa5f403b510 unknown :-1 s=CLOSED pgs=8 cs=0 l=1 rev1=1 crypto rx=0 tx=0 comp rx=0 tx=0).stop
2024-06-02T23:50:00.468 INFO:teuthology.orchestra.run.smithi049.stdout:/usr/bin/ceph: stderr
2024-06-02T23:49:59.345+0000 7fa6124c0700 1 --2- 172.21.15.49:0/575786362 >> [v2:172.21.15.49:3300/0,v1:172.21.15.49:6789/0] conn(0x7fa60c107fb0 0x7fa60c19bdf0 unknown :-1 s=CLOSED pgs=73 cs=0 l=1 rev1=1 crypto rx=0 tx=0 comp rx=0 tx=0).stop
2024-06-02T23:50:00.468 INFO:teuthology.orchestra.run.smithi049.stdout:/usr/bin/ceph: stderr
2024-06-02T23:49:59.345+0000 7fa6124c0700 1 -- 172.21.15.49:0/575786362 >> 172.21.15.49:0/575786362 conn(0x7fa60c103550 msgr2=0x7fa60c103eb0 unknown :-1 s=STATE_NONE l=0).mark_down
2024-06-02T23:50:00.469 INFO:teuthology.orchestra.run.smithi049.stdout:/usr/bin/ceph: stderr
2024-06-02T23:49:59.346+0000 7fa6124c0700 1 -- 172.21.15.49:0/575786362 shutdown_connections
2024-06-02T23:50:00.469 INFO:teuthology.orchestra.run.smithi049.stdout:/usr/bin/ceph: stderr
2024-06-02T23:49:59.346+0000 7fa6124c0700 1 -- 172.21.15.49:0/575786362 wait complete.
2024-06-02T23:50:00.469 INFO:teuthology.orchestra.run.smithi049.stdout:Fetching dashboard port number...
2024-06-02T23:50:00.684 INFO:journalctl@ceph.mon.a.smithi049.stdout:Jun 02 23:50:00 smithi049 ceph-mon[32302]: from='client.14166 -' entity='client.admin' cmd=[{"prefix": "dashboard ac-user-create", "username": "admin", "rolename": "administrator", "force_password": true, "pwd_update_required": true, "target": ["mon-mgr", ""]}]: dispatch
2024-06-02T23:50:00.684 INFO:journalctl@ceph.mon.a.smithi049.stdout:Jun 02 23:50:00 smithi049 ceph-mon[32302]: from='mgr.14152 172.21.15.49:0/3359296453' entity='mgr.x'
2024-06-02T23:50:01.461 INFO:journalctl@ceph.mon.a.smithi049.stdout:Jun 02 23:50:01 smithi049 ceph-mon[32302]: from='client.? 172.21.15.49:0/2092619844' entity='client.admin' cmd=[{"prefix": "config get", "who": "mgr", "key": "mgr/dashboard/ssl_server_port"}]: dispatch
2024-06-02T23:50:01.773 INFO:teuthology.orchestra.run.smithi049.stdout:/usr/bin/ceph: stdout 8443
2024-06-02T23:50:01.773 INFO:teuthology.orchestra.run.smithi049.stdout:/usr/bin/ceph: stderr
2024-06-02T23:50:00.920+0000 7f00be974700 1 Processor -- start
2024-06-02T23:50:01.773 INFO:teuthology.orchestra.run.smithi049.stdout:/usr/bin/ceph: stderr
2024-06-02T23:50:00.920+0000 7f00be974700 1 -- start start
2024-06-02T23:50:01.773 INFO:teuthology.orchestra.run.smithi049.stdout:/usr/bin/ceph: stderr
2024-06-02T23:50:00.920+0000 7f00be974700 1 --2- >> [v2:172.21.15.49:3300/0,v1:172.21.15.49:6789/0] conn(0x7f00b81061f0 0x7f00b8106610 unknown :-1 s=NONE pgs=0 cs=0 l=0 rev1=0 crypto rx=0 tx=0 comp rx=0 tx=0).connect
2024-06-02T23:50:01.773 INFO:teuthology.orchestra.run.smithi049.stdout:/usr/bin/ceph: stderr
2024-06-02T23:50:00.920+0000 7f00be974700 1 -- --> [v2:172.21.15.49:3300/0,v1:172.21.15.49:6789/0] -- mon_getmap magic: 0 -- 0x7f00b8106be0 con 0x7f00b81061f0
2024-06-02T23:50:01.773 INFO:teuthology.orchestra.run.smithi049.stdout:/usr/bin/ceph: stderr
2024-06-02T23:50:00.920+0000 7f00b7fff700 1 --2- >> [v2:172.21.15.49:3300/0,v1:172.21.15.49:6789/0] conn(0x7f00b81061f0 0x7f00b8106610 unknown :-1 s=BANNER_CONNECTING pgs=0 cs=0 l=0 rev1=0 crypto rx=0 tx=0 comp rx=0 tx=0)._handle_peer_banner_payload supported=3 required=0
2024-06-02T23:50:01.773 INFO:teuthology.orchestra.run.smithi049.stdout:/usr/bin/ceph: stderr
2024-06-02T23:50:00.920+0000 7f00b7fff700 1 --2- >> [v2:172.21.15.49:3300/0,v1:172.21.15.49:6789/0] conn(0x7f00b81061f0 0x7f00b8106610 unknown :-1 s=HELLO_CONNECTING pgs=0 cs=0 l=0 rev1=1 crypto rx=0 tx=0 comp rx=0 tx=0).handle_hello peer v2:172.21.15.49:3300/0 says I am v2:172.21.15.49:50908/0 (socket says 172.21.15.49:50908)
2024-06-02T23:50:01.773 INFO:teuthology.orchestra.run.smithi049.stdout:/usr/bin/ceph: stderr
2024-06-02T23:50:00.920+0000 7f00b7fff700 1 -- 172.21.15.49:0/196889534 learned_addr learned my addr 172.21.15.49:0/196889534 (peer_addr_for_me v2:172.21.15.49:0/0)
2024-06-02T23:50:01.773 INFO:teuthology.orchestra.run.smithi049.stdout:/usr/bin/ceph: stderr
2024-06-02T23:50:00.921+0000 7f00b7fff700 1 -- 172.21.15.49:0/196889534 --> [v2:172.21.15.49:3300/0,v1:172.21.15.49:6789/0] -- mon_subscribe({config=0+,monmap=0+}) -- 0x7f00b8109180 con 0x7f00b81061f0
2024-06-02T23:50:01.774 INFO:teuthology.orchestra.run.smithi049.stdout:/usr/bin/ceph: stderr
2024-06-02T23:50:00.921+0000 7f00b7fff700 1 --2- 172.21.15.49:0/196889534 >> [v2:172.21.15.49:3300/0,v1:172.21.15.49:6789/0] conn(0x7f00b81061f0 0x7f00b8106610 secure :-1 s=READY pgs=74 cs=0 l=1 rev1=1 crypto rx=0x7f00a80098a0 tx=0x7f00a8009bb0 comp rx=0 tx=0).ready entity=mon.0 client_cookie=1c2e33adc9cd58db server_cookie=0 in_seq=0 out_seq=0
2024-06-02T23:50:01.774 INFO:teuthology.orchestra.run.smithi049.stdout:/usr/bin/ceph: stderr
2024-06-02T23:50:00.921+0000 7f00b6ffd700 1 -- 172.21.15.49:0/196889534 <== mon.0 v2:172.21.15.49:3300/0 1 ==== mon_map magic: 0 ==== 205+0+0 (secure 0 0 0) 0x7f00a8004160 con 0x7f00b81061f0
2024-06-02T23:50:01.774 INFO:teuthology.orchestra.run.smithi049.stdout:/usr/bin/ceph: stderr
2024-06-02T23:50:00.921+0000 7f00b6ffd700 1 -- 172.21.15.49:0/196889534 <== mon.0 v2:172.21.15.49:3300/0 2 ==== config(27 keys) ==== 1140+0+0 (secure 0 0 0) 0x7f00a8004300 con 0x7f00b81061f0
2024-06-02T23:50:01.774 INFO:teuthology.orchestra.run.smithi049.stdout:/usr/bin/ceph: stderr
2024-06-02T23:50:00.921+0000 7f00b6ffd700 1 -- 172.21.15.49:0/196889534 <== mon.0 v2:172.21.15.49:3300/0 3 ==== mon_map magic: 0 ==== 205+0+0 (secure 0 0 0) 0x7f00a8011b20 con 0x7f00b81061f0
2024-06-02T23:50:01.774 INFO:teuthology.orchestra.run.smithi049.stdout:/usr/bin/ceph: stderr
2024-06-02T23:50:00.922+0000 7f00be974700 1 -- 172.21.15.49:0/196889534 >> [v2:172.21.15.49:3300/0,v1:172.21.15.49:6789/0] conn(0x7f00b81061f0 msgr2=0x7f00b8106610 secure :-1 s=STATE_CONNECTION_ESTABLISHED l=1).mark_down
2024-06-02T23:50:01.774 INFO:teuthology.orchestra.run.smithi049.stdout:/usr/bin/ceph: stderr
2024-06-02T23:50:00.922+0000 7f00be974700 1 --2- 172.21.15.49:0/196889534 >> [v2:172.21.15.49:3300/0,v1:172.21.15.49:6789/0] conn(0x7f00b81061f0 0x7f00b8106610 secure :-1 s=READY pgs=74 cs=0 l=1 rev1=1 crypto rx=0x7f00a80098a0 tx=0x7f00a8009bb0 comp rx=0 tx=0).stop
2024-06-02T23:50:01.774 INFO:teuthology.orchestra.run.smithi049.stdout:/usr/bin/ceph: stderr
2024-06-02T23:50:00.922+0000 7f00be974700 1 -- 172.21.15.49:0/196889534 shutdown_connections
2024-06-02T23:50:01.774 INFO:teuthology.orchestra.run.smithi049.stdout:/usr/bin/ceph: stderr
2024-06-02T23:50:00.922+0000 7f00be974700 1 --2- 172.21.15.49:0/196889534 >> [v2:172.21.15.49:3300/0,v1:172.21.15.49:6789/0] conn(0x7f00b81061f0 0x7f00b8106610 unknown :-1 s=CLOSED pgs=74 cs=0 l=1 rev1=1 crypto rx=0 tx=0 comp rx=0 tx=0).stop
2024-06-02T23:50:01.774 INFO:teuthology.orchestra.run.smithi049.stdout:/usr/bin/ceph: stderr
2024-06-02T23:50:00.922+0000 7f00be974700 1 -- 172.21.15.49:0/196889534 >> 172.21.15.49:0/196889534 conn(0x7f00b8101bc0 msgr2=0x7f00b8103fe0 unknown :-1 s=STATE_NONE l=0).mark_down
2024-06-02T23:50:01.774 INFO:teuthology.orchestra.run.smithi049.stdout:/usr/bin/ceph: stderr
2024-06-02T23:50:00.922+0000 7f00be974700 1 -- 172.21.15.49:0/196889534 shutdown_connections
2024-06-02T23:50:01.774 INFO:teuthology.orchestra.run.smithi049.stdout:/usr/bin/ceph: stderr
2024-06-02T23:50:00.922+0000 7f00be974700 1 -- 172.21.15.49:0/196889534 wait complete.
2024-06-02T23:50:01.775 INFO:teuthology.orchestra.run.smithi049.stdout:/usr/bin/ceph: stderr
2024-06-02T23:50:00.922+0000 7f00be974700 1 Processor -- start
2024-06-02T23:50:01.775 INFO:teuthology.orchestra.run.smithi049.stdout:/usr/bin/ceph: stderr
2024-06-02T23:50:00.922+0000 7f00be974700 1 -- start start
2024-06-02T23:50:01.775 INFO:teuthology.orchestra.run.smithi049.stdout:/usr/bin/ceph: stderr
2024-06-02T23:50:00.923+0000 7f00be974700 1 --2- >> [v2:172.21.15.49:3300/0,v1:172.21.15.49:6789/0] conn(0x7f00b81061f0 0x7f00b819be40 unknown :-1 s=NONE pgs=0 cs=0 l=1 rev1=0 crypto rx=0 tx=0 comp rx=0 tx=0).connect
2024-06-02T23:50:01.775 INFO:teuthology.orchestra.run.smithi049.stdout:/usr/bin/ceph: stderr
2024-06-02T23:50:00.923+0000 7f00be974700 1 -- --> [v2:172.21.15.49:3300/0,v1:172.21.15.49:6789/0] -- mon_getmap magic: 0 -- 0x7f00b810c530 con 0x7f00b81061f0
2024-06-02T23:50:01.775 INFO:teuthology.orchestra.run.smithi049.stdout:/usr/bin/ceph: stderr
2024-06-02T23:50:00.923+0000 7f00b7fff700 1 --2- >> [v2:172.21.15.49:3300/0,v1:172.21.15.49:6789/0] conn(0x7f00b81061f0 0x7f00b819be40 unknown :-1 s=BANNER_CONNECTING pgs=0 cs=0 l=1 rev1=0 crypto rx=0 tx=0 comp rx=0 tx=0)._handle_peer_banner_payload supported=3 required=0
2024-06-02T23:50:01.775 INFO:teuthology.orchestra.run.smithi049.stdout:/usr/bin/ceph: stderr
2024-06-02T23:50:00.923+0000 7f00b7fff700 1 --2- >> [v2:172.21.15.49:3300/0,v1:172.21.15.49:6789/0] conn(0x7f00b81061f0 0x7f00b819be40 unknown :-1 s=HELLO_CONNECTING pgs=0 cs=0 l=1 rev1=1 crypto rx=0 tx=0 comp rx=0 tx=0).handle_hello peer v2:172.21.15.49:3300/0 says I am v2:172.21.15.49:50914/0 (socket says 172.21.15.49:50914)
2024-06-02T23:50:01.775 INFO:teuthology.orchestra.run.smithi049.stdout:/usr/bin/ceph: stderr
2024-06-02T23:50:00.923+0000 7f00b7fff700 1 -- 172.21.15.49:0/2092619844 learned_addr learned my addr 172.21.15.49:0/2092619844 (peer_addr_for_me v2:172.21.15.49:0/0)
2024-06-02T23:50:01.775 INFO:teuthology.orchestra.run.smithi049.stdout:/usr/bin/ceph: stderr
2024-06-02T23:50:00.923+0000 7f00b7fff700 1 -- 172.21.15.49:0/2092619844 --> [v2:172.21.15.49:3300/0,v1:172.21.15.49:6789/0] -- mon_subscribe({config=0+,monmap=0+}) -- 0x7f00b819c380 con 0x7f00b81061f0
2024-06-02T23:50:01.775 INFO:teuthology.orchestra.run.smithi049.stdout:/usr/bin/ceph: stderr
2024-06-02T23:50:00.923+0000 7f00b7fff700 1 --2- 172.21.15.49:0/2092619844 >> [v2:172.21.15.49:3300/0,v1:172.21.15.49:6789/0] conn(0x7f00b81061f0 0x7f00b819be40 secure :-1 s=READY pgs=75 cs=0 l=1 rev1=1 crypto rx=0x7f00a80117e0 tx=0x7f00a8011ba0 comp rx=0 tx=0).ready entity=mon.0 client_cookie=0 server_cookie=0 in_seq=0 out_seq=0
2024-06-02T23:50:01.775 INFO:teuthology.orchestra.run.smithi049.stdout:/usr/bin/ceph: stderr
2024-06-02T23:50:00.924+0000 7f00b57fa700 1 -- 172.21.15.49:0/2092619844 <== mon.0 v2:172.21.15.49:3300/0 1 ==== mon_map magic: 0 ==== 205+0+0 (secure 0 0 0) 0x7f00a8003bf0 con 0x7f00b81061f0
2024-06-02T23:50:01.776 INFO:teuthology.orchestra.run.smithi049.stdout:/usr/bin/ceph: stderr
2024-06-02T23:50:00.924+0000 7f00b57fa700 1 -- 172.21.15.49:0/2092619844 <== mon.0 v2:172.21.15.49:3300/0 2 ==== config(27 keys) ==== 1140+0+0 (secure 0 0 0) 0x7f00a801a910 con 0x7f00b81061f0
2024-06-02T23:50:01.776 INFO:teuthology.orchestra.run.smithi049.stdout:/usr/bin/ceph: stderr
2024-06-02T23:50:00.924+0000 7f00be974700 1 -- 172.21.15.49:0/2092619844 --> [v2:172.21.15.49:3300/0,v1:172.21.15.49:6789/0] -- mon_subscribe({mgrmap=0+}) -- 0x7f00b819c610 con 0x7f00b81061f0
2024-06-02T23:50:01.776 INFO:teuthology.orchestra.run.smithi049.stdout:/usr/bin/ceph: stderr
2024-06-02T23:50:00.924+0000 7f00b57fa700 1 -- 172.21.15.49:0/2092619844 <== mon.0 v2:172.21.15.49:3300/0 3 ==== mon_map magic: 0 ==== 205+0+0 (secure 0 0 0) 0x7f00a8024970 con 0x7f00b81061f0
2024-06-02T23:50:01.776 INFO:teuthology.orchestra.run.smithi049.stdout:/usr/bin/ceph: stderr
2024-06-02T23:50:00.924+0000 7f00be974700 1 -- 172.21.15.49:0/2092619844 --> [v2:172.21.15.49:3300/0,v1:172.21.15.49:6789/0] -- mon_subscribe({osdmap=0}) -- 0x7f00b819ca70 con 0x7f00b81061f0
2024-06-02T23:50:01.776 INFO:teuthology.orchestra.run.smithi049.stdout:/usr/bin/ceph: stderr
2024-06-02T23:50:00.924+0000 7f00b57fa700 1 -- 172.21.15.49:0/2092619844 <== mon.0 v2:172.21.15.49:3300/0 4 ==== mgrmap(e 12) ==== 46300+0+0 (secure 0 0 0) 0x7f00a8022020 con 0x7f00b81061f0
2024-06-02T23:50:01.776 INFO:teuthology.orchestra.run.smithi049.stdout:/usr/bin/ceph: stderr
2024-06-02T23:50:00.925+0000 7f00be974700 1 -- 172.21.15.49:0/2092619844 --> [v2:172.21.15.49:3300/0,v1:172.21.15.49:6789/0] -- mon_command({"prefix": "get_command_descriptions"} v 0) -- 0x7f00b8063af0 con 0x7f00b81061f0
2024-06-02T23:50:01.776 INFO:teuthology.orchestra.run.smithi049.stdout:/usr/bin/ceph: stderr
2024-06-02T23:50:00.925+0000 7f00b57fa700 1 --2- 172.21.15.49:0/2092619844 >> [v2:172.21.15.49:6800/2948657177,v1:172.21.15.49:6801/2948657177] conn(0x7f00a00390a0 0x7f00a003b560 unknown :-1 s=NONE pgs=0 cs=0 l=1 rev1=0 crypto rx=0 tx=0 comp rx=0 tx=0).connect
2024-06-02T23:50:01.776 INFO:teuthology.orchestra.run.smithi049.stdout:/usr/bin/ceph: stderr
2024-06-02T23:50:00.925+0000 7f00b57fa700 1 -- 172.21.15.49:0/2092619844 <== mon.0 v2:172.21.15.49:3300/0 5 ==== osd_map(3..3 src has 1..3) ==== 1155+0+0 (secure 0 0 0) 0x7f00a804da70 con 0x7f00b81061f0
2024-06-02T23:50:01.776 INFO:teuthology.orchestra.run.smithi049.stdout:/usr/bin/ceph: stderr
2024-06-02T23:50:00.925+0000 7f00b77fe700 1 --2- 172.21.15.49:0/2092619844 >> [v2:172.21.15.49:6800/2948657177,v1:172.21.15.49:6801/2948657177] conn(0x7f00a00390a0 0x7f00a003b560 unknown :-1 s=BANNER_CONNECTING pgs=0 cs=0 l=1 rev1=0 crypto rx=0 tx=0 comp rx=0 tx=0)._handle_peer_banner_payload supported=3 required=0
2024-06-02T23:50:01.776 INFO:teuthology.orchestra.run.smithi049.stdout:/usr/bin/ceph: stderr
2024-06-02T23:50:00.925+0000 7f00b77fe700 1 --2- 172.21.15.49:0/2092619844 >> [v2:172.21.15.49:6800/2948657177,v1:172.21.15.49:6801/2948657177] conn(0x7f00a00390a0 0x7f00a003b560 secure :-1 s=READY pgs=9 cs=0 l=1 rev1=1 crypto rx=0x7f00ac006fd0 tx=0x7f00ac006e40 comp rx=0 tx=0).ready entity=mgr.14152 client_cookie=0 server_cookie=0 in_seq=0 out_seq=0
2024-06-02T23:50:01.776 INFO:teuthology.orchestra.run.smithi049.stdout:/usr/bin/ceph: stderr
2024-06-02T23:50:00.930+0000 7f00b57fa700 1 -- 172.21.15.49:0/2092619844 <== mon.0 v2:172.21.15.49:3300/0 6 ==== mon_command_ack([{"prefix": "get_command_descriptions"}]=0 v0) ==== 72+0+186418 (secure 0 0 0) 0x7f00a802cdf0 con 0x7f00b81061f0
2024-06-02T23:50:01.776 INFO:teuthology.orchestra.run.smithi049.stdout:/usr/bin/ceph: stderr
2024-06-02T23:50:01.136+0000 7f00be974700 1 -- 172.21.15.49:0/2092619844 --> [v2:172.21.15.49:3300/0,v1:172.21.15.49:6789/0] -- mon_command({"prefix": "config get", "who": "mgr", "key": "mgr/dashboard/ssl_server_port"} v 0) -- 0x7f00b819f440 con 0x7f00b81061f0
2024-06-02T23:50:01.776 INFO:teuthology.orchestra.run.smithi049.stdout:/usr/bin/ceph: stderr
2024-06-02T23:50:01.136+0000 7f00b57fa700 1 -- 172.21.15.49:0/2092619844 <== mon.0 v2:172.21.15.49:3300/0 7 ==== mon_command_ack([{"prefix": "config get", "who": "mgr", "key": "mgr/dashboard/ssl_server_port"}]=0 v8) ==== 112+0+5 (secure 0 0 0) 0x7f00a800b5a0 con 0x7f00b81061f0
2024-06-02T23:50:01.777 INFO:teuthology.orchestra.run.smithi049.stdout:/usr/bin/ceph: stderr
2024-06-02T23:50:01.139+0000 7f00be974700 1 -- 172.21.15.49:0/2092619844 >> [v2:172.21.15.49:6800/2948657177,v1:172.21.15.49:6801/2948657177] conn(0x7f00a00390a0 msgr2=0x7f00a003b560 secure :-1 s=STATE_CONNECTION_ESTABLISHED l=1).mark_down
2024-06-02T23:50:01.777 INFO:teuthology.orchestra.run.smithi049.stdout:/usr/bin/ceph: stderr
2024-06-02T23:50:01.139+0000 7f00be974700 1 --2- 172.21.15.49:0/2092619844 >> [v2:172.21.15.49:6800/2948657177,v1:172.21.15.49:6801/2948657177] conn(0x7f00a00390a0 0x7f00a003b560 secure :-1 s=READY pgs=9 cs=0 l=1 rev1=1 crypto rx=0x7f00ac006fd0 tx=0x7f00ac006e40 comp rx=0 tx=0).stop
2024-06-02T23:50:01.777 INFO:teuthology.orchestra.run.smithi049.stdout:/usr/bin/ceph: stderr
2024-06-02T23:50:01.139+0000 7f00be974700 1 -- 172.21.15.49:0/2092619844 >> [v2:172.21.15.49:3300/0,v1:172.21.15.49:6789/0] conn(0x7f00b81061f0 msgr2=0x7f00b819be40 secure :-1 s=STATE_CONNECTION_ESTABLISHED l=1).mark_down
2024-06-02T23:50:01.777 INFO:teuthology.orchestra.run.smithi049.stdout:/usr/bin/ceph: stderr
