2024-06-02T23:50:01.139+0000 7f00be974700 1 --2- 172.21.15.49:0/2092619844 >> [v2:172.21.15.49:3300/0,v1:172.21.15.49:6789/0] conn(0x7f00b81061f0 0x7f00b819be40 secure :-1 s=READY pgs=75 cs=0 l=1 rev1=1 crypto rx=0x7f00a80117e0 tx=0x7f00a8011ba0 comp rx=0 tx=0).stop
2024-06-02T23:50:01.777 INFO:teuthology.orchestra.run.smithi049.stdout:/usr/bin/ceph: stderr
2024-06-02T23:50:01.139+0000 7f00be974700 1 -- 172.21.15.49:0/2092619844 shutdown_connections
2024-06-02T23:50:01.777 INFO:teuthology.orchestra.run.smithi049.stdout:/usr/bin/ceph: stderr
2024-06-02T23:50:01.139+0000 7f00be974700 1 --2- 172.21.15.49:0/2092619844 >> [v2:172.21.15.49:6800/2948657177,v1:172.21.15.49:6801/2948657177] conn(0x7f00a00390a0 0x7f00a003b560 unknown :-1 s=CLOSED pgs=9 cs=0 l=1 rev1=1 crypto rx=0 tx=0 comp rx=0 tx=0).stop
2024-06-02T23:50:01.777 INFO:teuthology.orchestra.run.smithi049.stdout:/usr/bin/ceph: stderr
2024-06-02T23:50:01.139+0000 7f00be974700 1 --2- 172.21.15.49:0/2092619844 >> [v2:172.21.15.49:3300/0,v1:172.21.15.49:6789/0] conn(0x7f00b81061f0 0x7f00b819be40 unknown :-1 s=CLOSED pgs=75 cs=0 l=1 rev1=1 crypto rx=0 tx=0 comp rx=0 tx=0).stop
2024-06-02T23:50:01.777 INFO:teuthology.orchestra.run.smithi049.stdout:/usr/bin/ceph: stderr
2024-06-02T23:50:01.139+0000 7f00be974700 1 -- 172.21.15.49:0/2092619844 >> 172.21.15.49:0/2092619844 conn(0x7f00b8101bc0 msgr2=0x7f00b8102610 unknown :-1 s=STATE_NONE l=0).mark_down
2024-06-02T23:50:01.777 INFO:teuthology.orchestra.run.smithi049.stdout:/usr/bin/ceph: stderr
2024-06-02T23:50:01.139+0000 7f00be974700 1 -- 172.21.15.49:0/2092619844 shutdown_connections
2024-06-02T23:50:01.777 INFO:teuthology.orchestra.run.smithi049.stdout:/usr/bin/ceph: stderr
2024-06-02T23:50:01.139+0000 7f00be974700 1 -- 172.21.15.49:0/2092619844 wait complete.
2024-06-02T23:50:01.782 INFO:teuthology.orchestra.run.smithi049.stdout:Non-zero exit code 1 from systemctl is-enabled firewalld.service
2024-06-02T23:50:01.783 INFO:teuthology.orchestra.run.smithi049.stdout:systemctl: stdout disabled
2024-06-02T23:50:01.791 INFO:teuthology.orchestra.run.smithi049.stdout:Non-zero exit code 3 from systemctl is-active firewalld.service
2024-06-02T23:50:01.791 INFO:teuthology.orchestra.run.smithi049.stdout:systemctl: stdout inactive
2024-06-02T23:50:01.791 INFO:teuthology.orchestra.run.smithi049.stdout:firewalld.service is not enabled
2024-06-02T23:50:01.791 INFO:teuthology.orchestra.run.smithi049.stdout:Not possible to open ports <[8443]>. firewalld.service is not available
2024-06-02T23:50:01.793 INFO:teuthology.orchestra.run.smithi049.stdout:Ceph Dashboard is now available at:
2024-06-02T23:50:01.793 INFO:teuthology.orchestra.run.smithi049.stdout:
2024-06-02T23:50:01.793 INFO:teuthology.orchestra.run.smithi049.stdout: URL: https://smithi049.front.sepia.ceph.com:8443/
2024-06-02T23:50:01.793 INFO:teuthology.orchestra.run.smithi049.stdout: User: admin
2024-06-02T23:50:01.793 INFO:teuthology.orchestra.run.smithi049.stdout: Password: n1gix7zzpu
2024-06-02T23:50:01.793 INFO:teuthology.orchestra.run.smithi049.stdout:
2024-06-02T23:50:01.794 INFO:teuthology.orchestra.run.smithi049.stdout:Saving cluster configuration to /var/lib/ceph/890dd222-213a-11ef-bc9b-c7b262605968/config directory
2024-06-02T23:50:01.794 INFO:teuthology.orchestra.run.smithi049.stdout:Enabling autotune for osd_memory_target
2024-06-02T23:50:02.425 INFO:journalctl@ceph.mon.a.smithi049.stdout:Jun 02 23:50:02 smithi049 ceph-mon[32302]: mgrmap e13: x(active, since 6s)
2024-06-02T23:50:02.967 INFO:teuthology.orchestra.run.smithi049.stdout:/usr/bin/ceph: stderr
2024-06-02T23:50:02.211+0000 7f4a4fcad700 1 Processor -- start
2024-06-02T23:50:02.967 INFO:teuthology.orchestra.run.smithi049.stdout:/usr/bin/ceph: stderr
2024-06-02T23:50:02.211+0000 7f4a4fcad700 1 -- start start
2024-06-02T23:50:02.967 INFO:teuthology.orchestra.run.smithi049.stdout:/usr/bin/ceph: stderr
2024-06-02T23:50:02.211+0000 7f4a4fcad700 1 --2- >> [v2:172.21.15.49:3300/0,v1:172.21.15.49:6789/0] conn(0x7f4a48105c40 0x7f4a48106060 unknown :-1 s=NONE pgs=0 cs=0 l=0 rev1=0 crypto rx=0 tx=0 comp rx=0 tx=0).connect
2024-06-02T23:50:02.967 INFO:teuthology.orchestra.run.smithi049.stdout:/usr/bin/ceph: stderr
2024-06-02T23:50:02.211+0000 7f4a4fcad700 1 -- --> [v2:172.21.15.49:3300/0,v1:172.21.15.49:6789/0] -- mon_getmap magic: 0 -- 0x7f4a481065a0 con 0x7f4a48105c40
2024-06-02T23:50:02.968 INFO:teuthology.orchestra.run.smithi049.stdout:/usr/bin/ceph: stderr
2024-06-02T23:50:02.211+0000 7f4a4da49700 1 --2- >> [v2:172.21.15.49:3300/0,v1:172.21.15.49:6789/0] conn(0x7f4a48105c40 0x7f4a48106060 unknown :-1 s=BANNER_CONNECTING pgs=0 cs=0 l=0 rev1=0 crypto rx=0 tx=0 comp rx=0 tx=0)._handle_peer_banner_payload supported=3 required=0
2024-06-02T23:50:02.968 INFO:teuthology.orchestra.run.smithi049.stdout:/usr/bin/ceph: stderr
2024-06-02T23:50:02.211+0000 7f4a4da49700 1 --2- >> [v2:172.21.15.49:3300/0,v1:172.21.15.49:6789/0] conn(0x7f4a48105c40 0x7f4a48106060 unknown :-1 s=HELLO_CONNECTING pgs=0 cs=0 l=0 rev1=1 crypto rx=0 tx=0 comp rx=0 tx=0).handle_hello peer v2:172.21.15.49:3300/0 says I am v2:172.21.15.49:50918/0 (socket says 172.21.15.49:50918)
2024-06-02T23:50:02.968 INFO:teuthology.orchestra.run.smithi049.stdout:/usr/bin/ceph: stderr
2024-06-02T23:50:02.211+0000 7f4a4da49700 1 -- 172.21.15.49:0/2078274154 learned_addr learned my addr 172.21.15.49:0/2078274154 (peer_addr_for_me v2:172.21.15.49:0/0)
2024-06-02T23:50:02.968 INFO:teuthology.orchestra.run.smithi049.stdout:/usr/bin/ceph: stderr
2024-06-02T23:50:02.212+0000 7f4a4da49700 1 -- 172.21.15.49:0/2078274154 --> [v2:172.21.15.49:3300/0,v1:172.21.15.49:6789/0] -- mon_subscribe({config=0+,monmap=0+}) -- 0x7f4a48106720 con 0x7f4a48105c40
2024-06-02T23:50:02.968 INFO:teuthology.orchestra.run.smithi049.stdout:/usr/bin/ceph: stderr
2024-06-02T23:50:02.212+0000 7f4a4da49700 1 --2- 172.21.15.49:0/2078274154 >> [v2:172.21.15.49:3300/0,v1:172.21.15.49:6789/0] conn(0x7f4a48105c40 0x7f4a48106060 secure :-1 s=READY pgs=76 cs=0 l=1 rev1=1 crypto rx=0x7f4a440098a0 tx=0x7f4a44009bb0 comp rx=0 tx=0).ready entity=mon.0 client_cookie=e704b85631b509f6 server_cookie=0 in_seq=0 out_seq=0
2024-06-02T23:50:02.968 INFO:teuthology.orchestra.run.smithi049.stdout:/usr/bin/ceph: stderr
2024-06-02T23:50:02.212+0000 7f4a4ca47700 1 -- 172.21.15.49:0/2078274154 <== mon.0 v2:172.21.15.49:3300/0 1 ==== mon_map magic: 0 ==== 205+0+0 (secure 0 0 0) 0x7f4a44004160 con 0x7f4a48105c40
2024-06-02T23:50:02.968 INFO:teuthology.orchestra.run.smithi049.stdout:/usr/bin/ceph: stderr
2024-06-02T23:50:02.212+0000 7f4a4ca47700 1 -- 172.21.15.49:0/2078274154 <== mon.0 v2:172.21.15.49:3300/0 2 ==== config(27 keys) ==== 1140+0+0 (secure 0 0 0) 0x7f4a44004300 con 0x7f4a48105c40
2024-06-02T23:50:02.968 INFO:teuthology.orchestra.run.smithi049.stdout:/usr/bin/ceph: stderr
2024-06-02T23:50:02.212+0000 7f4a4ca47700 1 -- 172.21.15.49:0/2078274154 <== mon.0 v2:172.21.15.49:3300/0 3 ==== mon_map magic: 0 ==== 205+0+0 (secure 0 0 0) 0x7f4a44011b20 con 0x7f4a48105c40
2024-06-02T23:50:02.968 INFO:teuthology.orchestra.run.smithi049.stdout:/usr/bin/ceph: stderr
2024-06-02T23:50:02.212+0000 7f4a4fcad700 1 -- 172.21.15.49:0/2078274154 >> [v2:172.21.15.49:3300/0,v1:172.21.15.49:6789/0] conn(0x7f4a48105c40 msgr2=0x7f4a48106060 secure :-1 s=STATE_CONNECTION_ESTABLISHED l=1).mark_down
2024-06-02T23:50:02.968 INFO:teuthology.orchestra.run.smithi049.stdout:/usr/bin/ceph: stderr
2024-06-02T23:50:02.212+0000 7f4a4fcad700 1 --2- 172.21.15.49:0/2078274154 >> [v2:172.21.15.49:3300/0,v1:172.21.15.49:6789/0] conn(0x7f4a48105c40 0x7f4a48106060 secure :-1 s=READY pgs=76 cs=0 l=1 rev1=1 crypto rx=0x7f4a440098a0 tx=0x7f4a44009bb0 comp rx=0 tx=0).stop
2024-06-02T23:50:02.968 INFO:teuthology.orchestra.run.smithi049.stdout:/usr/bin/ceph: stderr
2024-06-02T23:50:02.212+0000 7f4a4fcad700 1 -- 172.21.15.49:0/2078274154 shutdown_connections
2024-06-02T23:50:02.968 INFO:teuthology.orchestra.run.smithi049.stdout:/usr/bin/ceph: stderr
2024-06-02T23:50:02.212+0000 7f4a4fcad700 1 --2- 172.21.15.49:0/2078274154 >> [v2:172.21.15.49:3300/0,v1:172.21.15.49:6789/0] conn(0x7f4a48105c40 0x7f4a48106060 unknown :-1 s=CLOSED pgs=76 cs=0 l=1 rev1=1 crypto rx=0 tx=0 comp rx=0 tx=0).stop
2024-06-02T23:50:02.968 INFO:teuthology.orchestra.run.smithi049.stdout:/usr/bin/ceph: stderr
2024-06-02T23:50:02.212+0000 7f4a4fcad700 1 -- 172.21.15.49:0/2078274154 >> 172.21.15.49:0/2078274154 conn(0x7f4a481016e0 msgr2=0x7f4a48103b20 unknown :-1 s=STATE_NONE l=0).mark_down
2024-06-02T23:50:02.969 INFO:teuthology.orchestra.run.smithi049.stdout:/usr/bin/ceph: stderr
2024-06-02T23:50:02.213+0000 7f4a4fcad700 1 -- 172.21.15.49:0/2078274154 shutdown_connections
2024-06-02T23:50:02.969 INFO:teuthology.orchestra.run.smithi049.stdout:/usr/bin/ceph: stderr
2024-06-02T23:50:02.213+0000 7f4a4fcad700 1 -- 172.21.15.49:0/2078274154 wait complete.
2024-06-02T23:50:02.969 INFO:teuthology.orchestra.run.smithi049.stdout:/usr/bin/ceph: stderr
2024-06-02T23:50:02.213+0000 7f4a4fcad700 1 Processor -- start
2024-06-02T23:50:02.969 INFO:teuthology.orchestra.run.smithi049.stdout:/usr/bin/ceph: stderr
2024-06-02T23:50:02.213+0000 7f4a4fcad700 1 -- start start
2024-06-02T23:50:02.969 INFO:teuthology.orchestra.run.smithi049.stdout:/usr/bin/ceph: stderr
2024-06-02T23:50:02.213+0000 7f4a4fcad700 1 --2- >> [v2:172.21.15.49:3300/0,v1:172.21.15.49:6789/0] conn(0x7f4a48105c40 0x7f4a4819be50 unknown :-1 s=NONE pgs=0 cs=0 l=1 rev1=0 crypto rx=0 tx=0 comp rx=0 tx=0).connect
2024-06-02T23:50:02.969 INFO:teuthology.orchestra.run.smithi049.stdout:/usr/bin/ceph: stderr
2024-06-02T23:50:02.213+0000 7f4a4fcad700 1 -- --> [v2:172.21.15.49:3300/0,v1:172.21.15.49:6789/0] -- mon_getmap magic: 0 -- 0x7f4a4810c310 con 0x7f4a48105c40
2024-06-02T23:50:02.969 INFO:teuthology.orchestra.run.smithi049.stdout:/usr/bin/ceph: stderr
2024-06-02T23:50:02.214+0000 7f4a4da49700 1 --2- >> [v2:172.21.15.49:3300/0,v1:172.21.15.49:6789/0] conn(0x7f4a48105c40 0x7f4a4819be50 unknown :-1 s=BANNER_CONNECTING pgs=0 cs=0 l=1 rev1=0 crypto rx=0 tx=0 comp rx=0 tx=0)._handle_peer_banner_payload supported=3 required=0
2024-06-02T23:50:02.969 INFO:teuthology.orchestra.run.smithi049.stdout:/usr/bin/ceph: stderr
2024-06-02T23:50:02.214+0000 7f4a4da49700 1 --2- >> [v2:172.21.15.49:3300/0,v1:172.21.15.49:6789/0] conn(0x7f4a48105c40 0x7f4a4819be50 unknown :-1 s=HELLO_CONNECTING pgs=0 cs=0 l=1 rev1=1 crypto rx=0 tx=0 comp rx=0 tx=0).handle_hello peer v2:172.21.15.49:3300/0 says I am v2:172.21.15.49:50920/0 (socket says 172.21.15.49:50920)
2024-06-02T23:50:02.969 INFO:teuthology.orchestra.run.smithi049.stdout:/usr/bin/ceph: stderr
2024-06-02T23:50:02.214+0000 7f4a4da49700 1 -- 172.21.15.49:0/1331836242 learned_addr learned my addr 172.21.15.49:0/1331836242 (peer_addr_for_me v2:172.21.15.49:0/0)
2024-06-02T23:50:02.969 INFO:teuthology.orchestra.run.smithi049.stdout:/usr/bin/ceph: stderr
2024-06-02T23:50:02.214+0000 7f4a4da49700 1 -- 172.21.15.49:0/1331836242 --> [v2:172.21.15.49:3300/0,v1:172.21.15.49:6789/0] -- mon_subscribe({config=0+,monmap=0+}) -- 0x7f4a4819c390 con 0x7f4a48105c40
2024-06-02T23:50:02.969 INFO:teuthology.orchestra.run.smithi049.stdout:/usr/bin/ceph: stderr
2024-06-02T23:50:02.214+0000 7f4a4da49700 1 --2- 172.21.15.49:0/1331836242 >> [v2:172.21.15.49:3300/0,v1:172.21.15.49:6789/0] conn(0x7f4a48105c40 0x7f4a4819be50 secure :-1 s=READY pgs=77 cs=0 l=1 rev1=1 crypto rx=0x7f4a440117e0 tx=0x7f4a44011c10 comp rx=0 tx=0).ready entity=mon.0 client_cookie=0 server_cookie=0 in_seq=0 out_seq=0
2024-06-02T23:50:02.969 INFO:teuthology.orchestra.run.smithi049.stdout:/usr/bin/ceph: stderr
2024-06-02T23:50:02.214+0000 7f4a3effd700 1 -- 172.21.15.49:0/1331836242 <== mon.0 v2:172.21.15.49:3300/0 1 ==== mon_map magic: 0 ==== 205+0+0 (secure 0 0 0) 0x7f4a44003bf0 con 0x7f4a48105c40
2024-06-02T23:50:02.969 INFO:teuthology.orchestra.run.smithi049.stdout:/usr/bin/ceph: stderr
2024-06-02T23:50:02.214+0000 7f4a3effd700 1 -- 172.21.15.49:0/1331836242 <== mon.0 v2:172.21.15.49:3300/0 2 ==== config(27 keys) ==== 1140+0+0 (secure 0 0 0) 0x7f4a4401a910 con 0x7f4a48105c40
2024-06-02T23:50:02.969 INFO:teuthology.orchestra.run.smithi049.stdout:/usr/bin/ceph: stderr
2024-06-02T23:50:02.214+0000 7f4a4fcad700 1 -- 172.21.15.49:0/1331836242 --> [v2:172.21.15.49:3300/0,v1:172.21.15.49:6789/0] -- mon_subscribe({mgrmap=0+}) -- 0x7f4a4819c620 con 0x7f4a48105c40
2024-06-02T23:50:02.970 INFO:teuthology.orchestra.run.smithi049.stdout:/usr/bin/ceph: stderr
2024-06-02T23:50:02.214+0000 7f4a3effd700 1 -- 172.21.15.49:0/1331836242 <== mon.0 v2:172.21.15.49:3300/0 3 ==== mon_map magic: 0 ==== 205+0+0 (secure 0 0 0) 0x7f4a44024970 con 0x7f4a48105c40
2024-06-02T23:50:02.970 INFO:teuthology.orchestra.run.smithi049.stdout:/usr/bin/ceph: stderr
2024-06-02T23:50:02.214+0000 7f4a4fcad700 1 -- 172.21.15.49:0/1331836242 --> [v2:172.21.15.49:3300/0,v1:172.21.15.49:6789/0] -- mon_subscribe({osdmap=0}) -- 0x7f4a4819ca80 con 0x7f4a48105c40
2024-06-02T23:50:02.970 INFO:teuthology.orchestra.run.smithi049.stdout:/usr/bin/ceph: stderr
2024-06-02T23:50:02.215+0000 7f4a3effd700 1 -- 172.21.15.49:0/1331836242 <== mon.0 v2:172.21.15.49:3300/0 4 ==== mgrmap(e 13) ==== 46343+0+0 (secure 0 0 0) 0x7f4a44022020 con 0x7f4a48105c40
2024-06-02T23:50:02.970 INFO:teuthology.orchestra.run.smithi049.stdout:/usr/bin/ceph: stderr
2024-06-02T23:50:02.215+0000 7f4a4fcad700 1 -- 172.21.15.49:0/1331836242 --> [v2:172.21.15.49:3300/0,v1:172.21.15.49:6789/0] -- mon_command({"prefix": "get_command_descriptions"} v 0) -- 0x7f4a48063af0 con 0x7f4a48105c40
2024-06-02T23:50:02.970 INFO:teuthology.orchestra.run.smithi049.stdout:/usr/bin/ceph: stderr
2024-06-02T23:50:02.215+0000 7f4a3effd700 1 --2- 172.21.15.49:0/1331836242 >> [v2:172.21.15.49:6800/2948657177,v1:172.21.15.49:6801/2948657177] conn(0x7f4a34039150 0x7f4a3403b610 unknown :-1 s=NONE pgs=0 cs=0 l=1 rev1=0 crypto rx=0 tx=0 comp rx=0 tx=0).connect
2024-06-02T23:50:02.970 INFO:teuthology.orchestra.run.smithi049.stdout:/usr/bin/ceph: stderr
2024-06-02T23:50:02.215+0000 7f4a3effd700 1 -- 172.21.15.49:0/1331836242 <== mon.0 v2:172.21.15.49:3300/0 5 ==== osd_map(3..3 src has 1..3) ==== 1155+0+0 (secure 0 0 0) 0x7f4a4404d720 con 0x7f4a48105c40
2024-06-02T23:50:02.970 INFO:teuthology.orchestra.run.smithi049.stdout:/usr/bin/ceph: stderr
2024-06-02T23:50:02.216+0000 7f4a4d248700 1 --2- 172.21.15.49:0/1331836242 >> [v2:172.21.15.49:6800/2948657177,v1:172.21.15.49:6801/2948657177] conn(0x7f4a34039150 0x7f4a3403b610 unknown :-1 s=BANNER_CONNECTING pgs=0 cs=0 l=1 rev1=0 crypto rx=0 tx=0 comp rx=0 tx=0)._handle_peer_banner_payload supported=3 required=0
2024-06-02T23:50:02.970 INFO:teuthology.orchestra.run.smithi049.stdout:/usr/bin/ceph: stderr
2024-06-02T23:50:02.216+0000 7f4a4d248700 1 --2- 172.21.15.49:0/1331836242 >> [v2:172.21.15.49:6800/2948657177,v1:172.21.15.49:6801/2948657177] conn(0x7f4a34039150 0x7f4a3403b610 secure :-1 s=READY pgs=10 cs=0 l=1 rev1=1 crypto rx=0x7f4a38006fd0 tx=0x7f4a38006e40 comp rx=0 tx=0).ready entity=mgr.14152 client_cookie=0 server_cookie=0 in_seq=0 out_seq=0
2024-06-02T23:50:02.970 INFO:teuthology.orchestra.run.smithi049.stdout:/usr/bin/ceph: stderr
2024-06-02T23:50:02.220+0000 7f4a3effd700 1 -- 172.21.15.49:0/1331836242 <== mon.0 v2:172.21.15.49:3300/0 6 ==== mon_command_ack([{"prefix": "get_command_descriptions"}]=0 v0) ==== 72+0+186418 (secure 0 0 0) 0x7f4a44011e20 con 0x7f4a48105c40
2024-06-02T23:50:02.970 INFO:teuthology.orchestra.run.smithi049.stdout:/usr/bin/ceph: stderr
2024-06-02T23:50:02.424+0000 7f4a4fcad700 1 -- 172.21.15.49:0/1331836242 --> [v2:172.21.15.49:3300/0,v1:172.21.15.49:6789/0] -- mon_command([{prefix=config set, name=osd_memory_target_autotune}] v 0) -- 0x7f4a4819f510 con 0x7f4a48105c40
2024-06-02T23:50:02.970 INFO:teuthology.orchestra.run.smithi049.stdout:/usr/bin/ceph: stderr
2024-06-02T23:50:02.425+0000 7f4a3effd700 1 -- 172.21.15.49:0/1331836242 <== mon.0 v2:172.21.15.49:3300/0 7 ==== mon_command_ack([{prefix=config set, name=osd_memory_target_autotune}]=0 v8)=0 v8) ==== 127+0+0 (secure 0 0 0) 0x7f4a4400bc70 con 0x7f4a48105c40
2024-06-02T23:50:02.970 INFO:teuthology.orchestra.run.smithi049.stdout:/usr/bin/ceph: stderr
2024-06-02T23:50:02.427+0000 7f4a4fcad700 1 -- 172.21.15.49:0/1331836242 >> [v2:172.21.15.49:6800/2948657177,v1:172.21.15.49:6801/2948657177] conn(0x7f4a34039150 msgr2=0x7f4a3403b610 secure :-1 s=STATE_CONNECTION_ESTABLISHED l=1).mark_down
2024-06-02T23:50:02.971 INFO:teuthology.orchestra.run.smithi049.stdout:/usr/bin/ceph: stderr
2024-06-02T23:50:02.427+0000 7f4a4fcad700 1 --2- 172.21.15.49:0/1331836242 >> [v2:172.21.15.49:6800/2948657177,v1:172.21.15.49:6801/2948657177] conn(0x7f4a34039150 0x7f4a3403b610 secure :-1 s=READY pgs=10 cs=0 l=1 rev1=1 crypto rx=0x7f4a38006fd0 tx=0x7f4a38006e40 comp rx=0 tx=0).stop
2024-06-02T23:50:02.971 INFO:teuthology.orchestra.run.smithi049.stdout:/usr/bin/ceph: stderr
2024-06-02T23:50:02.427+0000 7f4a4fcad700 1 -- 172.21.15.49:0/1331836242 >> [v2:172.21.15.49:3300/0,v1:172.21.15.49:6789/0] conn(0x7f4a48105c40 msgr2=0x7f4a4819be50 secure :-1 s=STATE_CONNECTION_ESTABLISHED l=1).mark_down
2024-06-02T23:50:02.971 INFO:teuthology.orchestra.run.smithi049.stdout:/usr/bin/ceph: stderr
2024-06-02T23:50:02.427+0000 7f4a4fcad700 1 --2- 172.21.15.49:0/1331836242 >> [v2:172.21.15.49:3300/0,v1:172.21.15.49:6789/0] conn(0x7f4a48105c40 0x7f4a4819be50 secure :-1 s=READY pgs=77 cs=0 l=1 rev1=1 crypto rx=0x7f4a440117e0 tx=0x7f4a44011c10 comp rx=0 tx=0).stop
2024-06-02T23:50:02.971 INFO:teuthology.orchestra.run.smithi049.stdout:/usr/bin/ceph: stderr
2024-06-02T23:50:02.427+0000 7f4a4fcad700 1 -- 172.21.15.49:0/1331836242 shutdown_connections
2024-06-02T23:50:02.971 INFO:teuthology.orchestra.run.smithi049.stdout:/usr/bin/ceph: stderr
2024-06-02T23:50:02.427+0000 7f4a4fcad700 1 --2- 172.21.15.49:0/1331836242 >> [v2:172.21.15.49:6800/2948657177,v1:172.21.15.49:6801/2948657177] conn(0x7f4a34039150 0x7f4a3403b610 unknown :-1 s=CLOSED pgs=10 cs=0 l=1 rev1=1 crypto rx=0 tx=0 comp rx=0 tx=0).stop
2024-06-02T23:50:02.971 INFO:teuthology.orchestra.run.smithi049.stdout:/usr/bin/ceph: stderr
2024-06-02T23:50:02.427+0000 7f4a4fcad700 1 --2- 172.21.15.49:0/1331836242 >> [v2:172.21.15.49:3300/0,v1:172.21.15.49:6789/0] conn(0x7f4a48105c40 0x7f4a4819be50 unknown :-1 s=CLOSED pgs=77 cs=0 l=1 rev1=1 crypto rx=0 tx=0 comp rx=0 tx=0).stop
2024-06-02T23:50:02.971 INFO:teuthology.orchestra.run.smithi049.stdout:/usr/bin/ceph: stderr
2024-06-02T23:50:02.427+0000 7f4a4fcad700 1 -- 172.21.15.49:0/1331836242 >> 172.21.15.49:0/1331836242 conn(0x7f4a481016e0 msgr2=0x7f4a481021d0 unknown :-1 s=STATE_NONE l=0).mark_down
2024-06-02T23:50:02.971 INFO:teuthology.orchestra.run.smithi049.stdout:/usr/bin/ceph: stderr
2024-06-02T23:50:02.427+0000 7f4a4fcad700 1 -- 172.21.15.49:0/1331836242 shutdown_connections
2024-06-02T23:50:02.971 INFO:teuthology.orchestra.run.smithi049.stdout:/usr/bin/ceph: stderr
2024-06-02T23:50:02.427+0000 7f4a4fcad700 1 -- 172.21.15.49:0/1331836242 wait complete.
2024-06-02T23:50:04.298 INFO:teuthology.orchestra.run.smithi049.stdout:/usr/bin/ceph: stderr
2024-06-02T23:50:03.429+0000 7f9e3dac8700 1 Processor -- start
2024-06-02T23:50:04.298 INFO:teuthology.orchestra.run.smithi049.stdout:/usr/bin/ceph: stderr
2024-06-02T23:50:03.429+0000 7f9e3dac8700 1 -- start start
2024-06-02T23:50:04.298 INFO:teuthology.orchestra.run.smithi049.stdout:/usr/bin/ceph: stderr
2024-06-02T23:50:03.430+0000 7f9e3dac8700 1 --2- >> [v2:172.21.15.49:3300/0,v1:172.21.15.49:6789/0] conn(0x7f9e38107fb0 0x7f9e381083d0 unknown :-1 s=NONE pgs=0 cs=0 l=0 rev1=0 crypto rx=0 tx=0 comp rx=0 tx=0).connect
2024-06-02T23:50:04.298 INFO:teuthology.orchestra.run.smithi049.stdout:/usr/bin/ceph: stderr
2024-06-02T23:50:03.430+0000 7f9e3dac8700 1 -- --> [v2:172.21.15.49:3300/0,v1:172.21.15.49:6789/0] -- mon_getmap magic: 0 -- 0x7f9e38108910 con 0x7f9e38107fb0
2024-06-02T23:50:04.299 INFO:teuthology.orchestra.run.smithi049.stdout:/usr/bin/ceph: stderr
2024-06-02T23:50:03.430+0000 7f9e377fe700 1 --2- >> [v2:172.21.15.49:3300/0,v1:172.21.15.49:6789/0] conn(0x7f9e38107fb0 0x7f9e381083d0 unknown :-1 s=BANNER_CONNECTING pgs=0 cs=0 l=0 rev1=0 crypto rx=0 tx=0 comp rx=0 tx=0)._handle_peer_banner_payload supported=3 required=0
2024-06-02T23:50:04.299 INFO:teuthology.orchestra.run.smithi049.stdout:/usr/bin/ceph: stderr
2024-06-02T23:50:03.430+0000 7f9e377fe700 1 --2- >> [v2:172.21.15.49:3300/0,v1:172.21.15.49:6789/0] conn(0x7f9e38107fb0 0x7f9e381083d0 unknown :-1 s=HELLO_CONNECTING pgs=0 cs=0 l=0 rev1=1 crypto rx=0 tx=0 comp rx=0 tx=0).handle_hello peer v2:172.21.15.49:3300/0 says I am v2:172.21.15.49:52176/0 (socket says 172.21.15.49:52176)
2024-06-02T23:50:04.299 INFO:teuthology.orchestra.run.smithi049.stdout:/usr/bin/ceph: stderr
2024-06-02T23:50:03.430+0000 7f9e377fe700 1 -- 172.21.15.49:0/1760003655 learned_addr learned my addr 172.21.15.49:0/1760003655 (peer_addr_for_me v2:172.21.15.49:0/0)
2024-06-02T23:50:04.299 INFO:teuthology.orchestra.run.smithi049.stdout:/usr/bin/ceph: stderr
2024-06-02T23:50:03.430+0000 7f9e377fe700 1 -- 172.21.15.49:0/1760003655 --> [v2:172.21.15.49:3300/0,v1:172.21.15.49:6789/0] -- mon_subscribe({config=0+,monmap=0+}) -- 0x7f9e38109070 con 0x7f9e38107fb0
2024-06-02T23:50:04.299 INFO:teuthology.orchestra.run.smithi049.stdout:/usr/bin/ceph: stderr
2024-06-02T23:50:03.430+0000 7f9e377fe700 1 --2- 172.21.15.49:0/1760003655 >> [v2:172.21.15.49:3300/0,v1:172.21.15.49:6789/0] conn(0x7f9e38107fb0 0x7f9e381083d0 secure :-1 s=READY pgs=78 cs=0 l=1 rev1=1 crypto rx=0x7f9e280098a0 tx=0x7f9e28009bb0 comp rx=0 tx=0).ready entity=mon.0 client_cookie=1ceee7569d858a server_cookie=0 in_seq=0 out_seq=0
2024-06-02T23:50:04.299 INFO:teuthology.orchestra.run.smithi049.stdout:/usr/bin/ceph: stderr
2024-06-02T23:50:03.431+0000 7f9e36ffd700 1 -- 172.21.15.49:0/1760003655 <== mon.0 v2:172.21.15.49:3300/0 1 ==== mon_map magic: 0 ==== 205+0+0 (secure 0 0 0) 0x7f9e28004160 con 0x7f9e38107fb0
2024-06-02T23:50:04.299 INFO:teuthology.orchestra.run.smithi049.stdout:/usr/bin/ceph: stderr
2024-06-02T23:50:03.431+0000 7f9e36ffd700 1 -- 172.21.15.49:0/1760003655 <== mon.0 v2:172.21.15.49:3300/0 2 ==== config(27 keys) ==== 1140+0+0 (secure 0 0 0) 0x7f9e28004300 con 0x7f9e38107fb0
2024-06-02T23:50:04.299 INFO:teuthology.orchestra.run.smithi049.stdout:/usr/bin/ceph: stderr
2024-06-02T23:50:03.431+0000 7f9e36ffd700 1 -- 172.21.15.49:0/1760003655 <== mon.0 v2:172.21.15.49:3300/0 3 ==== mon_map magic: 0 ==== 205+0+0 (secure 0 0 0) 0x7f9e28011b20 con 0x7f9e38107fb0
2024-06-02T23:50:04.299 INFO:teuthology.orchestra.run.smithi049.stdout:/usr/bin/ceph: stderr
2024-06-02T23:50:03.431+0000 7f9e3dac8700 1 -- 172.21.15.49:0/1760003655 >> [v2:172.21.15.49:3300/0,v1:172.21.15.49:6789/0] conn(0x7f9e38107fb0 msgr2=0x7f9e381083d0 secure :-1 s=STATE_CONNECTION_ESTABLISHED l=1).mark_down
2024-06-02T23:50:04.299 INFO:teuthology.orchestra.run.smithi049.stdout:/usr/bin/ceph: stderr
2024-06-02T23:50:03.431+0000 7f9e3dac8700 1 --2- 172.21.15.49:0/1760003655 >> [v2:172.21.15.49:3300/0,v1:172.21.15.49:6789/0] conn(0x7f9e38107fb0 0x7f9e381083d0 secure :-1 s=READY pgs=78 cs=0 l=1 rev1=1 crypto rx=0x7f9e280098a0 tx=0x7f9e28009bb0 comp rx=0 tx=0).stop
2024-06-02T23:50:04.299 INFO:teuthology.orchestra.run.smithi049.stdout:/usr/bin/ceph: stderr
2024-06-02T23:50:03.431+0000 7f9e3dac8700 1 -- 172.21.15.49:0/1760003655 shutdown_connections
2024-06-02T23:50:04.299 INFO:teuthology.orchestra.run.smithi049.stdout:/usr/bin/ceph: stderr
2024-06-02T23:50:03.431+0000 7f9e3dac8700 1 --2- 172.21.15.49:0/1760003655 >> [v2:172.21.15.49:3300/0,v1:172.21.15.49:6789/0] conn(0x7f9e38107fb0 0x7f9e381083d0 unknown :-1 s=CLOSED pgs=78 cs=0 l=1 rev1=1 crypto rx=0 tx=0 comp rx=0 tx=0).stop
2024-06-02T23:50:04.299 INFO:teuthology.orchestra.run.smithi049.stdout:/usr/bin/ceph: stderr
2024-06-02T23:50:03.431+0000 7f9e3dac8700 1 -- 172.21.15.49:0/1760003655 >> 172.21.15.49:0/1760003655 conn(0x7f9e38103550 msgr2=0x7f9e38105990 unknown :-1 s=STATE_NONE l=0).mark_down
2024-06-02T23:50:04.299 INFO:teuthology.orchestra.run.smithi049.stdout:/usr/bin/ceph: stderr
2024-06-02T23:50:03.431+0000 7f9e3dac8700 1 -- 172.21.15.49:0/1760003655 shutdown_connections
2024-06-02T23:50:04.300 INFO:teuthology.orchestra.run.smithi049.stdout:/usr/bin/ceph: stderr
2024-06-02T23:50:03.431+0000 7f9e3dac8700 1 -- 172.21.15.49:0/1760003655 wait complete.
2024-06-02T23:50:04.300 INFO:teuthology.orchestra.run.smithi049.stdout:/usr/bin/ceph: stderr
2024-06-02T23:50:03.432+0000 7f9e3dac8700 1 Processor -- start
2024-06-02T23:50:04.300 INFO:teuthology.orchestra.run.smithi049.stdout:/usr/bin/ceph: stderr
2024-06-02T23:50:03.432+0000 7f9e3dac8700 1 -- start start
2024-06-02T23:50:04.300 INFO:teuthology.orchestra.run.smithi049.stdout:/usr/bin/ceph: stderr
2024-06-02T23:50:03.432+0000 7f9e3dac8700 1 --2- >> [v2:172.21.15.49:3300/0,v1:172.21.15.49:6789/0] conn(0x7f9e38107fb0 0x7f9e3819be40 unknown :-1 s=NONE pgs=0 cs=0 l=1 rev1=0 crypto rx=0 tx=0 comp rx=0 tx=0).connect
2024-06-02T23:50:04.300 INFO:teuthology.orchestra.run.smithi049.stdout:/usr/bin/ceph: stderr
2024-06-02T23:50:03.432+0000 7f9e3dac8700 1 -- --> [v2:172.21.15.49:3300/0,v1:172.21.15.49:6789/0] -- mon_getmap magic: 0 -- 0x7f9e3810c4b0 con 0x7f9e38107fb0
2024-06-02T23:50:04.300 INFO:teuthology.orchestra.run.smithi049.stdout:/usr/bin/ceph: stderr
2024-06-02T23:50:03.433+0000 7f9e377fe700 1 --2- >> [v2:172.21.15.49:3300/0,v1:172.21.15.49:6789/0] conn(0x7f9e38107fb0 0x7f9e3819be40 unknown :-1 s=BANNER_CONNECTING pgs=0 cs=0 l=1 rev1=0 crypto rx=0 tx=0 comp rx=0 tx=0)._handle_peer_banner_payload supported=3 required=0
2024-06-02T23:50:04.300 INFO:teuthology.orchestra.run.smithi049.stdout:/usr/bin/ceph: stderr
2024-06-02T23:50:03.433+0000 7f9e377fe700 1 --2- >> [v2:172.21.15.49:3300/0,v1:172.21.15.49:6789/0] conn(0x7f9e38107fb0 0x7f9e3819be40 unknown :-1 s=HELLO_CONNECTING pgs=0 cs=0 l=1 rev1=1 crypto rx=0 tx=0 comp rx=0 tx=0).handle_hello peer v2:172.21.15.49:3300/0 says I am v2:172.21.15.49:52190/0 (socket says 172.21.15.49:52190)
2024-06-02T23:50:04.300 INFO:teuthology.orchestra.run.smithi049.stdout:/usr/bin/ceph: stderr
2024-06-02T23:50:03.433+0000 7f9e377fe700 1 -- 172.21.15.49:0/2624733104 learned_addr learned my addr 172.21.15.49:0/2624733104 (peer_addr_for_me v2:172.21.15.49:0/0)
2024-06-02T23:50:04.300 INFO:teuthology.orchestra.run.smithi049.stdout:/usr/bin/ceph: stderr
2024-06-02T23:50:03.433+0000 7f9e377fe700 1 -- 172.21.15.49:0/2624733104 --> [v2:172.21.15.49:3300/0,v1:172.21.15.49:6789/0] -- mon_subscribe({config=0+,monmap=0+}) -- 0x7f9e3819c380 con 0x7f9e38107fb0
2024-06-02T23:50:04.300 INFO:teuthology.orchestra.run.smithi049.stdout:/usr/bin/ceph: stderr
2024-06-02T23:50:03.433+0000 7f9e377fe700 1 --2- 172.21.15.49:0/2624733104 >> [v2:172.21.15.49:3300/0,v1:172.21.15.49:6789/0] conn(0x7f9e38107fb0 0x7f9e3819be40 secure :-1 s=READY pgs=79 cs=0 l=1 rev1=1 crypto rx=0x7f9e280117e0 tx=0x7f9e28011c10 comp rx=0 tx=0).ready entity=mon.0 client_cookie=0 server_cookie=0 in_seq=0 out_seq=0
2024-06-02T23:50:04.300 INFO:teuthology.orchestra.run.smithi049.stdout:/usr/bin/ceph: stderr
2024-06-02T23:50:03.433+0000 7f9e357fa700 1 -- 172.21.15.49:0/2624733104 <== mon.0 v2:172.21.15.49:3300/0 1 ==== mon_map magic: 0 ==== 205+0+0 (secure 0 0 0) 0x7f9e28003bf0 con 0x7f9e38107fb0
2024-06-02T23:50:04.300 INFO:teuthology.orchestra.run.smithi049.stdout:/usr/bin/ceph: stderr
2024-06-02T23:50:03.433+0000 7f9e3dac8700 1 -- 172.21.15.49:0/2624733104 --> [v2:172.21.15.49:3300/0,v1:172.21.15.49:6789/0] -- mon_subscribe({mgrmap=0+}) -- 0x7f9e3819c610 con 0x7f9e38107fb0
2024-06-02T23:50:04.300 INFO:teuthology.orchestra.run.smithi049.stdout:/usr/bin/ceph: stderr
2024-06-02T23:50:03.433+0000 7f9e357fa700 1 -- 172.21.15.49:0/2624733104 <== mon.0 v2:172.21.15.49:3300/0 2 ==== config(27 keys) ==== 1140+0+0 (secure 0 0 0) 0x7f9e2801a910 con 0x7f9e38107fb0
2024-06-02T23:50:04.301 INFO:teuthology.orchestra.run.smithi049.stdout:/usr/bin/ceph: stderr
2024-06-02T23:50:03.433+0000 7f9e357fa700 1 -- 172.21.15.49:0/2624733104 <== mon.0 v2:172.21.15.49:3300/0 3 ==== mon_map magic: 0 ==== 205+0+0 (secure 0 0 0) 0x7f9e28024970 con 0x7f9e38107fb0
2024-06-02T23:50:04.301 INFO:teuthology.orchestra.run.smithi049.stdout:/usr/bin/ceph: stderr
2024-06-02T23:50:03.433+0000 7f9e3dac8700 1 -- 172.21.15.49:0/2624733104 --> [v2:172.21.15.49:3300/0,v1:172.21.15.49:6789/0] -- mon_subscribe({osdmap=0}) -- 0x7f9e3819ca70 con 0x7f9e38107fb0
2024-06-02T23:50:04.301 INFO:teuthology.orchestra.run.smithi049.stdout:/usr/bin/ceph: stderr
2024-06-02T23:50:03.434+0000 7f9e357fa700 1 -- 172.21.15.49:0/2624733104 <== mon.0 v2:172.21.15.49:3300/0 4 ==== mgrmap(e 13) ==== 46343+0+0 (secure 0 0 0) 0x7f9e28022020 con 0x7f9e38107fb0
2024-06-02T23:50:04.301 INFO:teuthology.orchestra.run.smithi049.stdout:/usr/bin/ceph: stderr
2024-06-02T23:50:03.435+0000 7f9e3dac8700 1 -- 172.21.15.49:0/2624733104 --> [v2:172.21.15.49:3300/0,v1:172.21.15.49:6789/0] -- mon_command({"prefix": "get_command_descriptions"} v 0) -- 0x7f9e38063af0 con 0x7f9e38107fb0
2024-06-02T23:50:04.301 INFO:teuthology.orchestra.run.smithi049.stdout:/usr/bin/ceph: stderr
2024-06-02T23:50:03.435+0000 7f9e357fa700 1 --2- 172.21.15.49:0/2624733104 >> [v2:172.21.15.49:6800/2948657177,v1:172.21.15.49:6801/2948657177] conn(0x7f9e240390f0 0x7f9e2403b5b0 unknown :-1 s=NONE pgs=0 cs=0 l=1 rev1=0 crypto rx=0 tx=0 comp rx=0 tx=0).connect
2024-06-02T23:50:04.301 INFO:teuthology.orchestra.run.smithi049.stdout:/usr/bin/ceph: stderr
2024-06-02T23:50:03.435+0000 7f9e357fa700 1 -- 172.21.15.49:0/2624733104 <== mon.0 v2:172.21.15.49:3300/0 5 ==== osd_map(3..3 src has 1..3) ==== 1155+0+0 (secure 0 0 0) 0x7f9e2804d720 con 0x7f9e38107fb0
2024-06-02T23:50:04.301 INFO:teuthology.orchestra.run.smithi049.stdout:/usr/bin/ceph: stderr
2024-06-02T23:50:03.435+0000 7f9e2effd700 1 --2- 172.21.15.49:0/2624733104 >> [v2:172.21.15.49:6800/2948657177,v1:172.21.15.49:6801/2948657177] conn(0x7f9e240390f0 0x7f9e2403b5b0 unknown :-1 s=BANNER_CONNECTING pgs=0 cs=0 l=1 rev1=0 crypto rx=0 tx=0 comp rx=0 tx=0)._handle_peer_banner_payload supported=3 required=0
2024-06-02T23:50:04.301 INFO:teuthology.orchestra.run.smithi049.stdout:/usr/bin/ceph: stderr
2024-06-02T23:50:03.435+0000 7f9e2effd700 1 --2- 172.21.15.49:0/2624733104 >> [v2:172.21.15.49:6800/2948657177,v1:172.21.15.49:6801/2948657177] conn(0x7f9e240390f0 0x7f9e2403b5b0 secure :-1 s=READY pgs=11 cs=0 l=1 rev1=1 crypto rx=0x7f9e20006fd0 tx=0x7f9e20006e40 comp rx=0 tx=0).ready entity=mgr.14152 client_cookie=0 server_cookie=0 in_seq=0 out_seq=0
2024-06-02T23:50:04.301 INFO:teuthology.orchestra.run.smithi049.stdout:/usr/bin/ceph: stderr
2024-06-02T23:50:03.440+0000 7f9e357fa700 1 -- 172.21.15.49:0/2624733104 <== mon.0 v2:172.21.15.49:3300/0 6 ==== mon_command_ack([{"prefix": "get_command_descriptions"}]=0 v0) ==== 72+0+186418 (secure 0 0 0) 0x7f9e28011e20 con 0x7f9e38107fb0
2024-06-02T23:50:04.301 INFO:teuthology.orchestra.run.smithi049.stdout:/usr/bin/ceph: stderr
2024-06-02T23:50:03.762+0000 7f9e3dac8700 1 -- 172.21.15.49:0/2624733104 --> [v2:172.21.15.49:3300/0,v1:172.21.15.49:6789/0] -- mon_command([{prefix=config-key set, key=mgr/dashboard/cluster/status}] v 0) -- 0x7f9e3819f3f0 con 0x7f9e38107fb0
2024-06-02T23:50:04.301 INFO:teuthology.orchestra.run.smithi049.stdout:/usr/bin/ceph: stderr
2024-06-02T23:50:03.764+0000 7f9e357fa700 1 -- 172.21.15.49:0/2624733104 <== mon.0 v2:172.21.15.49:3300/0 7 ==== mon_command_ack([{prefix=config-key set, key=mgr/dashboard/cluster/status}]=0 set mgr/dashboard/cluster/status v27)=0 set mgr/dashboard/cluster/status v27) ==== 153+0+0 (secure 0 0 0) 0x7f9e2800ba30 con 0x7f9e38107fb0
2024-06-02T23:50:04.301 INFO:teuthology.orchestra.run.smithi049.stdout:/usr/bin/ceph: stderr
2024-06-02T23:50:03.766+0000 7f9e3dac8700 1 -- 172.21.15.49:0/2624733104 >> [v2:172.21.15.49:6800/2948657177,v1:172.21.15.49:6801/2948657177] conn(0x7f9e240390f0 msgr2=0x7f9e2403b5b0 secure :-1 s=STATE_CONNECTION_ESTABLISHED l=1).mark_down
2024-06-02T23:50:04.301 INFO:teuthology.orchestra.run.smithi049.stdout:/usr/bin/ceph: stderr
2024-06-02T23:50:03.766+0000 7f9e3dac8700 1 --2- 172.21.15.49:0/2624733104 >> [v2:172.21.15.49:6800/2948657177,v1:172.21.15.49:6801/2948657177] conn(0x7f9e240390f0 0x7f9e2403b5b0 secure :-1 s=READY pgs=11 cs=0 l=1 rev1=1 crypto rx=0x7f9e20006fd0 tx=0x7f9e20006e40 comp rx=0 tx=0).stop
2024-06-02T23:50:04.302 INFO:teuthology.orchestra.run.smithi049.stdout:/usr/bin/ceph: stderr
2024-06-02T23:50:03.766+0000 7f9e3dac8700 1 -- 172.21.15.49:0/2624733104 >> [v2:172.21.15.49:3300/0,v1:172.21.15.49:6789/0] conn(0x7f9e38107fb0 msgr2=0x7f9e3819be40 secure :-1 s=STATE_CONNECTION_ESTABLISHED l=1).mark_down
2024-06-02T23:50:04.302 INFO:teuthology.orchestra.run.smithi049.stdout:/usr/bin/ceph: stderr
2024-06-02T23:50:03.766+0000 7f9e3dac8700 1 --2- 172.21.15.49:0/2624733104 >> [v2:172.21.15.49:3300/0,v1:172.21.15.49:6789/0] conn(0x7f9e38107fb0 0x7f9e3819be40 secure :-1 s=READY pgs=79 cs=0 l=1 rev1=1 crypto rx=0x7f9e280117e0 tx=0x7f9e28011c10 comp rx=0 tx=0).stop
2024-06-02T23:50:04.302 INFO:teuthology.orchestra.run.smithi049.stdout:/usr/bin/ceph: stderr
2024-06-02T23:50:03.767+0000 7f9e3dac8700 1 -- 172.21.15.49:0/2624733104 shutdown_connections
2024-06-02T23:50:04.302 INFO:teuthology.orchestra.run.smithi049.stdout:/usr/bin/ceph: stderr
2024-06-02T23:50:03.767+0000 7f9e3dac8700 1 --2- 172.21.15.49:0/2624733104 >> [v2:172.21.15.49:6800/2948657177,v1:172.21.15.49:6801/2948657177] conn(0x7f9e240390f0 0x7f9e2403b5b0 unknown :-1 s=CLOSED pgs=11 cs=0 l=1 rev1=1 crypto rx=0 tx=0 comp rx=0 tx=0).stop
2024-06-02T23:50:04.302 INFO:teuthology.orchestra.run.smithi049.stdout:/usr/bin/ceph: stderr
2024-06-02T23:50:03.767+0000 7f9e3dac8700 1 --2- 172.21.15.49:0/2624733104 >> [v2:172.21.15.49:3300/0,v1:172.21.15.49:6789/0] conn(0x7f9e38107fb0 0x7f9e3819be40 unknown :-1 s=CLOSED pgs=79 cs=0 l=1 rev1=1 crypto rx=0 tx=0 comp rx=0 tx=0).stop
2024-06-02T23:50:04.302 INFO:teuthology.orchestra.run.smithi049.stdout:/usr/bin/ceph: stderr
2024-06-02T23:50:03.767+0000 7f9e3dac8700 1 -- 172.21.15.49:0/2624733104 >> 172.21.15.49:0/2624733104 conn(0x7f9e38103550 msgr2=0x7f9e38103f50 unknown :-1 s=STATE_NONE l=0).mark_down
2024-06-02T23:50:04.302 INFO:teuthology.orchestra.run.smithi049.stdout:/usr/bin/ceph: stderr
2024-06-02T23:50:03.767+0000 7f9e3dac8700 1 -- 172.21.15.49:0/2624733104 shutdown_connections
2024-06-02T23:50:04.302 INFO:teuthology.orchestra.run.smithi049.stdout:/usr/bin/ceph: stderr
2024-06-02T23:50:03.767+0000 7f9e3dac8700 1 -- 172.21.15.49:0/2624733104 wait complete.
2024-06-02T23:50:04.302 INFO:teuthology.orchestra.run.smithi049.stdout:/usr/bin/ceph: stderr set mgr/dashboard/cluster/status
2024-06-02T23:50:04.302 INFO:teuthology.orchestra.run.smithi049.stdout:You can access the Ceph CLI as following in case of multi-cluster or non-default config:
2024-06-02T23:50:04.302 INFO:teuthology.orchestra.run.smithi049.stdout:
2024-06-02T23:50:04.302 INFO:teuthology.orchestra.run.smithi049.stdout: sudo /home/ubuntu/cephtest/cephadm shell --fsid 890dd222-213a-11ef-bc9b-c7b262605968 -c /etc/ceph/ceph.conf -k /etc/ceph/ceph.client.admin.keyring
2024-06-02T23:50:04.302 INFO:teuthology.orchestra.run.smithi049.stdout:
2024-06-02T23:50:04.302 INFO:teuthology.orchestra.run.smithi049.stdout:Or, if you are only running a single cluster on this host:
2024-06-02T23:50:04.303 INFO:teuthology.orchestra.run.smithi049.stdout:
2024-06-02T23:50:04.303 INFO:teuthology.orchestra.run.smithi049.stdout: sudo /home/ubuntu/cephtest/cephadm shell
2024-06-02T23:50:04.303 INFO:teuthology.orchestra.run.smithi049.stdout:
2024-06-02T23:50:04.303 INFO:teuthology.orchestra.run.smithi049.stdout:Please consider enabling telemetry to help improve Ceph:
2024-06-02T23:50:04.303 INFO:teuthology.orchestra.run.smithi049.stdout:
2024-06-02T23:50:04.303 INFO:teuthology.orchestra.run.smithi049.stdout: ceph telemetry on
2024-06-02T23:50:04.303 INFO:teuthology.orchestra.run.smithi049.stdout:
2024-06-02T23:50:04.303 INFO:teuthology.orchestra.run.smithi049.stdout:For more information see:
2024-06-02T23:50:04.303 INFO:teuthology.orchestra.run.smithi049.stdout:
2024-06-02T23:50:04.303 INFO:teuthology.orchestra.run.smithi049.stdout: https://docs.ceph.com/en/latest/mgr/telemetry/
2024-06-02T23:50:04.303 INFO:teuthology.orchestra.run.smithi049.stdout:
2024-06-02T23:50:04.303 INFO:teuthology.orchestra.run.smithi049.stdout:Bootstrap complete.
2024-06-02T23:50:04.342 INFO:tasks.cephadm:Fetching config...
2024-06-02T23:50:04.343 DEBUG:teuthology.orchestra.run.smithi049:> set -ex
2024-06-02T23:50:04.343 DEBUG:teuthology.orchestra.run.smithi049:> dd if=/etc/ceph/ceph.conf of=/dev/stdout
2024-06-02T23:50:04.359 INFO:tasks.cephadm:Fetching client.admin keyring...
2024-06-02T23:50:04.359 DEBUG:teuthology.orchestra.run.smithi049:> set -ex
2024-06-02T23:50:04.360 DEBUG:teuthology.orchestra.run.smithi049:> dd if=/etc/ceph/ceph.client.admin.keyring of=/dev/stdout
2024-06-02T23:50:04.415 INFO:tasks.cephadm:Fetching mon keyring...
2024-06-02T23:50:04.415 DEBUG:teuthology.orchestra.run.smithi049:> set -ex
2024-06-02T23:50:04.415 DEBUG:teuthology.orchestra.run.smithi049:> sudo dd if=/var/lib/ceph/890dd222-213a-11ef-bc9b-c7b262605968/mon.a/keyring of=/dev/stdout
2024-06-02T23:50:04.481 INFO:tasks.cephadm:Fetching pub ssh key...
2024-06-02T23:50:04.481 DEBUG:teuthology.orchestra.run.smithi049:> set -ex
2024-06-02T23:50:04.481 DEBUG:teuthology.orchestra.run.smithi049:> dd if=/home/ubuntu/cephtest/ceph.pub of=/dev/stdout
2024-06-02T23:50:04.537 INFO:tasks.cephadm:Installing pub ssh key for root users...
2024-06-02T23:50:04.538 DEBUG:teuthology.orchestra.run.smithi049:> sudo install -d -m 0700 /root/.ssh && echo 'ssh-rsa AAAAB3NzaC1yc2EAAAADAQABAAABgQCsBt7Z7KnDxagUcsVKs/AUOc8uVWN47z8RI+OypUYLvNWZ5FNSTIqWAWJfvIsdOiX/45gNrRwAfuA7ofnJZAkAzXkK+cnAsd08jFQ0nszKtqEazHSQ4hkRepD8vV1HLOuyTxlgEDSsrXmEBlgz9hCc2d9LPFCIhOeLKJR5QX+oasiCkaGVqL8NPWlT25ZFBM6uzuAhRbAgLzPfWH1b/+gV34VPoSAxEFi/Kz7gu+8VNaSpQkuf9zGeIxlY1L3rAWo2Q3OjLwjEB8beMIiySqPGJdTmgyiroziIQm0xZ0de0BK1Z9UjAaryKssaf7Th1td722lU2L48q8S42SbWmdt6Nm0t5hPPlVTbDgM1lNerHFPkSjqoT9xfejxrKv9ekr09VqHyEsWplQ3NGpD860tFcqVnnBD/KMDoL3DAfYZrAhksCbHiATEZ84CYGBoePSgkOpdHmG8dRJbE4aHliP4ldvZjPmgifJkKTl6JbbQvnmY5xiUJrX/la/iGT3RYixk= ceph-890dd222-213a-11ef-bc9b-c7b262605968' | sudo tee -a /root/.ssh/authorized_keys && sudo chmod 0600 /root/.ssh/authorized_keys
2024-06-02T23:50:04.621 INFO:teuthology.orchestra.run.smithi049.stdout:ssh-rsa AAAAB3NzaC1yc2EAAAADAQABAAABgQCsBt7Z7KnDxagUcsVKs/AUOc8uVWN47z8RI+OypUYLvNWZ5FNSTIqWAWJfvIsdOiX/45gNrRwAfuA7ofnJZAkAzXkK+cnAsd08jFQ0nszKtqEazHSQ4hkRepD8vV1HLOuyTxlgEDSsrXmEBlgz9hCc2d9LPFCIhOeLKJR5QX+oasiCkaGVqL8NPWlT25ZFBM6uzuAhRbAgLzPfWH1b/+gV34VPoSAxEFi/Kz7gu+8VNaSpQkuf9zGeIxlY1L3rAWo2Q3OjLwjEB8beMIiySqPGJdTmgyiroziIQm0xZ0de0BK1Z9UjAaryKssaf7Th1td722lU2L48q8S42SbWmdt6Nm0t5hPPlVTbDgM1lNerHFPkSjqoT9xfejxrKv9ekr09VqHyEsWplQ3NGpD860tFcqVnnBD/KMDoL3DAfYZrAhksCbHiATEZ84CYGBoePSgkOpdHmG8dRJbE4aHliP4ldvZjPmgifJkKTl6JbbQvnmY5xiUJrX/la/iGT3RYixk= ceph-890dd222-213a-11ef-bc9b-c7b262605968
2024-06-02T23:50:04.634 DEBUG:teuthology.orchestra.run.smithi057:> sudo install -d -m 0700 /root/.ssh && echo 'ssh-rsa AAAAB3NzaC1yc2EAAAADAQABAAABgQCsBt7Z7KnDxagUcsVKs/AUOc8uVWN47z8RI+OypUYLvNWZ5FNSTIqWAWJfvIsdOiX/45gNrRwAfuA7ofnJZAkAzXkK+cnAsd08jFQ0nszKtqEazHSQ4hkRepD8vV1HLOuyTxlgEDSsrXmEBlgz9hCc2d9LPFCIhOeLKJR5QX+oasiCkaGVqL8NPWlT25ZFBM6uzuAhRbAgLzPfWH1b/+gV34VPoSAxEFi/Kz7gu+8VNaSpQkuf9zGeIxlY1L3rAWo2Q3OjLwjEB8beMIiySqPGJdTmgyiroziIQm0xZ0de0BK1Z9UjAaryKssaf7Th1td722lU2L48q8S42SbWmdt6Nm0t5hPPlVTbDgM1lNerHFPkSjqoT9xfejxrKv9ekr09VqHyEsWplQ3NGpD860tFcqVnnBD/KMDoL3DAfYZrAhksCbHiATEZ84CYGBoePSgkOpdHmG8dRJbE4aHliP4ldvZjPmgifJkKTl6JbbQvnmY5xiUJrX/la/iGT3RYixk= ceph-890dd222-213a-11ef-bc9b-c7b262605968' | sudo tee -a /root/.ssh/authorized_keys && sudo chmod 0600 /root/.ssh/authorized_keys
2024-06-02T23:50:04.684 INFO:teuthology.orchestra.run.smithi057.stdout:ssh-rsa AAAAB3NzaC1yc2EAAAADAQABAAABgQCsBt7Z7KnDxagUcsVKs/AUOc8uVWN47z8RI+OypUYLvNWZ5FNSTIqWAWJfvIsdOiX/45gNrRwAfuA7ofnJZAkAzXkK+cnAsd08jFQ0nszKtqEazHSQ4hkRepD8vV1HLOuyTxlgEDSsrXmEBlgz9hCc2d9LPFCIhOeLKJR5QX+oasiCkaGVqL8NPWlT25ZFBM6uzuAhRbAgLzPfWH1b/+gV34VPoSAxEFi/Kz7gu+8VNaSpQkuf9zGeIxlY1L3rAWo2Q3OjLwjEB8beMIiySqPGJdTmgyiroziIQm0xZ0de0BK1Z9UjAaryKssaf7Th1td722lU2L48q8S42SbWmdt6Nm0t5hPPlVTbDgM1lNerHFPkSjqoT9xfejxrKv9ekr09VqHyEsWplQ3NGpD860tFcqVnnBD/KMDoL3DAfYZrAhksCbHiATEZ84CYGBoePSgkOpdHmG8dRJbE4aHliP4ldvZjPmgifJkKTl6JbbQvnmY5xiUJrX/la/iGT3RYixk= ceph-890dd222-213a-11ef-bc9b-c7b262605968
2024-06-02T23:50:04.697 DEBUG:teuthology.orchestra.run.smithi107:> sudo install -d -m 0700 /root/.ssh && echo 'ssh-rsa AAAAB3NzaC1yc2EAAAADAQABAAABgQCsBt7Z7KnDxagUcsVKs/AUOc8uVWN47z8RI+OypUYLvNWZ5FNSTIqWAWJfvIsdOiX/45gNrRwAfuA7ofnJZAkAzXkK+cnAsd08jFQ0nszKtqEazHSQ4hkRepD8vV1HLOuyTxlgEDSsrXmEBlgz9hCc2d9LPFCIhOeLKJR5QX+oasiCkaGVqL8NPWlT25ZFBM6uzuAhRbAgLzPfWH1b/+gV34VPoSAxEFi/Kz7gu+8VNaSpQkuf9zGeIxlY1L3rAWo2Q3OjLwjEB8beMIiySqPGJdTmgyiroziIQm0xZ0de0BK1Z9UjAaryKssaf7Th1td722lU2L48q8S42SbWmdt6Nm0t5hPPlVTbDgM1lNerHFPkSjqoT9xfejxrKv9ekr09VqHyEsWplQ3NGpD860tFcqVnnBD/KMDoL3DAfYZrAhksCbHiATEZ84CYGBoePSgkOpdHmG8dRJbE4aHliP4ldvZjPmgifJkKTl6JbbQvnmY5xiUJrX/la/iGT3RYixk= ceph-890dd222-213a-11ef-bc9b-c7b262605968' | sudo tee -a /root/.ssh/authorized_keys && sudo chmod 0600 /root/.ssh/authorized_keys
2024-06-02T23:50:04.744 INFO:teuthology.orchestra.run.smithi107.stdout:ssh-rsa AAAAB3NzaC1yc2EAAAADAQABAAABgQCsBt7Z7KnDxagUcsVKs/AUOc8uVWN47z8RI+OypUYLvNWZ5FNSTIqWAWJfvIsdOiX/45gNrRwAfuA7ofnJZAkAzXkK+cnAsd08jFQ0nszKtqEazHSQ4hkRepD8vV1HLOuyTxlgEDSsrXmEBlgz9hCc2d9LPFCIhOeLKJR5QX+oasiCkaGVqL8NPWlT25ZFBM6uzuAhRbAgLzPfWH1b/+gV34VPoSAxEFi/Kz7gu+8VNaSpQkuf9zGeIxlY1L3rAWo2Q3OjLwjEB8beMIiySqPGJdTmgyiroziIQm0xZ0de0BK1Z9UjAaryKssaf7Th1td722lU2L48q8S42SbWmdt6Nm0t5hPPlVTbDgM1lNerHFPkSjqoT9xfejxrKv9ekr09VqHyEsWplQ3NGpD860tFcqVnnBD/KMDoL3DAfYZrAhksCbHiATEZ84CYGBoePSgkOpdHmG8dRJbE4aHliP4ldvZjPmgifJkKTl6JbbQvnmY5xiUJrX/la/iGT3RYixk= ceph-890dd222-213a-11ef-bc9b-c7b262605968
2024-06-02T23:50:04.755 DEBUG:teuthology.orchestra.run.smithi049:> sudo /home/ubuntu/cephtest/cephadm --image quay-quay-quay.apps.os.sepia.ceph.com/ceph-ci/ceph:3d89accfe3201286f000e065a1faea2a88c7a6ba shell -c /etc/ceph/ceph.conf -k /etc/ceph/ceph.client.admin.keyring --fsid 890dd222-213a-11ef-bc9b-c7b262605968 -- ceph config set mgr mgr/cephadm/allow_ptrace true
2024-06-02T23:50:04.960 INFO:journalctl@ceph.mon.a.smithi049.stdout:Jun 02 23:50:04 smithi049 ceph-mon[32302]: from='client.? 172.21.15.49:0/2624733104' entity='client.admin'
2024-06-02T23:50:05.001 INFO:teuthology.orchestra.run.smithi049.stderr:Inferring config /var/lib/ceph/890dd222-213a-11ef-bc9b-c7b262605968/mon.a/config
2024-06-02T23:50:07.068 INFO:teuthology.orchestra.run.smithi049.stderr:2024-06-02T23:50:07.068+0000 7f364b64f700 1 -- 172.21.15.49:0/143208235 >> [v2:172.21.15.49:3300/0,v1:172.21.15.49:6789/0] conn(0x7f36441029d0 msgr2=0x7f3644104dc0 secure :-1 s=STATE_CONNECTION_ESTABLISHED l=1).mark_down
2024-06-02T23:50:07.068 INFO:teuthology.orchestra.run.smithi049.stderr:2024-06-02T23:50:07.068+0000 7f364b64f700 1 --2- 172.21.15.49:0/143208235 >> [v2:172.21.15.49:3300/0,v1:172.21.15.49:6789/0] conn(0x7f36441029d0 0x7f3644104dc0 secure :-1 s=READY pgs=80 cs=0 l=1 rev1=1 crypto rx=0x7f3640009910 tx=0x7f3640009c20 comp rx=0 tx=0).stop
2024-06-02T23:50:07.069 INFO:teuthology.orchestra.run.smithi049.stderr:2024-06-02T23:50:07.068+0000 7f364b64f700 1 -- 172.21.15.49:0/143208235 shutdown_connections
2024-06-02T23:50:07.069 INFO:teuthology.orchestra.run.smithi049.stderr:2024-06-02T23:50:07.068+0000 7f364b64f700 1 --2- 172.21.15.49:0/143208235 >> [v2:172.21.15.49:3300/0,v1:172.21.15.49:6789/0] conn(0x7f36441029d0 0x7f3644104dc0 unknown :-1 s=CLOSED pgs=80 cs=0 l=1 rev1=1 crypto rx=0 tx=0 comp rx=0 tx=0).stop
2024-06-02T23:50:07.069 INFO:teuthology.orchestra.run.smithi049.stderr:2024-06-02T23:50:07.068+0000 7f364b64f700 1 -- 172.21.15.49:0/143208235 >> 172.21.15.49:0/143208235 conn(0x7f36440fc3a0 msgr2=0x7f36440fe820 unknown :-1 s=STATE_NONE l=0).mark_down
2024-06-02T23:50:07.069 INFO:teuthology.orchestra.run.smithi049.stderr:2024-06-02T23:50:07.068+0000 7f364b64f700 1 -- 172.21.15.49:0/143208235 shutdown_connections
2024-06-02T23:50:07.069 INFO:teuthology.orchestra.run.smithi049.stderr:2024-06-02T23:50:07.068+0000 7f364b64f700 1 -- 172.21.15.49:0/143208235 wait complete.
2024-06-02T23:50:07.069 INFO:teuthology.orchestra.run.smithi049.stderr:2024-06-02T23:50:07.068+0000 7f364b64f700 1 Processor -- start
2024-06-02T23:50:07.069 INFO:teuthology.orchestra.run.smithi049.stderr:2024-06-02T23:50:07.068+0000 7f364b64f700 1 -- start start
2024-06-02T23:50:07.069 INFO:teuthology.orchestra.run.smithi049.stderr:2024-06-02T23:50:07.069+0000 7f364b64f700 1 --2- >> [v2:172.21.15.49:3300/0,v1:172.21.15.49:6789/0] conn(0x7f36441029d0 0x7f3644102250 unknown :-1 s=NONE pgs=0 cs=0 l=1 rev1=0 crypto rx=0 tx=0 comp rx=0 tx=0).connect
2024-06-02T23:50:07.069 INFO:teuthology.orchestra.run.smithi049.stderr:2024-06-02T23:50:07.069+0000 7f364b64f700 1 -- --> [v2:172.21.15.49:3300/0,v1:172.21.15.49:6789/0] -- mon_getmap magic: 0 -- 0x7f3644107f70 con 0x7f36441029d0
2024-06-02T23:50:07.069 INFO:teuthology.orchestra.run.smithi049.stderr:2024-06-02T23:50:07.069+0000 7f36493eb700 1 --2- >> [v2:172.21.15.49:3300/0,v1:172.21.15.49:6789/0] conn(0x7f36441029d0 0x7f3644102250 unknown :-1 s=BANNER_CONNECTING pgs=0 cs=0 l=1 rev1=0 crypto rx=0 tx=0 comp rx=0 tx=0)._handle_peer_banner_payload supported=3 required=0
2024-06-02T23:50:07.069 INFO:teuthology.orchestra.run.smithi049.stderr:2024-06-02T23:50:07.069+0000 7f36493eb700 1 --2- >> [v2:172.21.15.49:3300/0,v1:172.21.15.49:6789/0] conn(0x7f36441029d0 0x7f3644102250 unknown :-1 s=HELLO_CONNECTING pgs=0 cs=0 l=1 rev1=1 crypto rx=0 tx=0 comp rx=0 tx=0).handle_hello peer v2:172.21.15.49:3300/0 says I am v2:172.21.15.49:52212/0 (socket says 172.21.15.49:52212)
2024-06-02T23:50:07.069 INFO:teuthology.orchestra.run.smithi049.stderr:2024-06-02T23:50:07.069+0000 7f36493eb700 1 -- 172.21.15.49:0/3753176796 learned_addr learned my addr 172.21.15.49:0/3753176796 (peer_addr_for_me v2:172.21.15.49:0/0)
2024-06-02T23:50:07.069 INFO:teuthology.orchestra.run.smithi049.stderr:2024-06-02T23:50:07.069+0000 7f36493eb700 1 -- 172.21.15.49:0/3753176796 --> [v2:172.21.15.49:3300/0,v1:172.21.15.49:6789/0] -- mon_subscribe({config=0+,monmap=0+}) -- 0x7f3644102790 con 0x7f36441029d0
2024-06-02T23:50:07.071 INFO:teuthology.orchestra.run.smithi049.stderr:2024-06-02T23:50:07.069+0000 7f36493eb700 1 --2- 172.21.15.49:0/3753176796 >> [v2:172.21.15.49:3300/0,v1:172.21.15.49:6789/0] conn(0x7f36441029d0 0x7f3644102250 secure :-1 s=READY pgs=81 cs=0 l=1 rev1=1 crypto rx=0x7f3640004fa0 tx=0x7f3640005080 comp rx=0 tx=0).ready entity=mon.0 client_cookie=0 server_cookie=0 in_seq=0 out_seq=0
2024-06-02T23:50:07.071 INFO:teuthology.orchestra.run.smithi049.stderr:2024-06-02T23:50:07.069+0000 7f363a7fc700 1 -- 172.21.15.49:0/3753176796 <== mon.0 v2:172.21.15.49:3300/0 1 ==== mon_map magic: 0 ==== 205+0+0 (secure 0 0 0) 0x7f3640027070 con 0x7f36441029d0
2024-06-02T23:50:07.071 INFO:teuthology.orchestra.run.smithi049.stderr:2024-06-02T23:50:07.069+0000 7f363a7fc700 1 -- 172.21.15.49:0/3753176796 <== mon.0 v2:172.21.15.49:3300/0 2 ==== config(27 keys) ==== 1140+0+0 (secure 0 0 0) 0x7f364000be40 con 0x7f36441029d0
2024-06-02T23:50:07.071 INFO:teuthology.orchestra.run.smithi049.stderr:2024-06-02T23:50:07.069+0000 7f364b64f700 1 -- 172.21.15.49:0/3753176796 --> [v2:172.21.15.49:3300/0,v1:172.21.15.49:6789/0] -- mon_subscribe({mgrmap=0+}) -- 0x7f3644100980 con 0x7f36441029d0
2024-06-02T23:50:07.071 INFO:teuthology.orchestra.run.smithi049.stderr:2024-06-02T23:50:07.069+0000 7f363a7fc700 1 -- 172.21.15.49:0/3753176796 <== mon.0 v2:172.21.15.49:3300/0 3 ==== mon_map magic: 0 ==== 205+0+0 (secure 0 0 0) 0x7f364000f460 con 0x7f36441029d0
2024-06-02T23:50:07.071 INFO:teuthology.orchestra.run.smithi049.stderr:2024-06-02T23:50:07.069+0000 7f364b64f700 1 -- 172.21.15.49:0/3753176796 --> [v2:172.21.15.49:3300/0,v1:172.21.15.49:6789/0] -- mon_subscribe({osdmap=0}) -- 0x7f3644100ec0 con 0x7f36441029d0
2024-06-02T23:50:07.071 INFO:teuthology.orchestra.run.smithi049.stderr:2024-06-02T23:50:07.070+0000 7f363a7fc700 1 -- 172.21.15.49:0/3753176796 <== mon.0 v2:172.21.15.49:3300/0 4 ==== mgrmap(e 13) ==== 46343+0+0 (secure 0 0 0) 0x7f364002a070 con 0x7f36441029d0
2024-06-02T23:50:07.071 INFO:teuthology.orchestra.run.smithi049.stderr:2024-06-02T23:50:07.070+0000 7f364b64f700 1 -- 172.21.15.49:0/3753176796 --> [v2:172.21.15.49:3300/0,v1:172.21.15.49:6789/0] -- mon_command({"prefix": "get_command_descriptions"} v 0) -- 0x7f36441086f0 con 0x7f36441029d0
2024-06-02T23:50:07.072 INFO:teuthology.orchestra.run.smithi049.stderr:2024-06-02T23:50:07.071+0000 7f363a7fc700 1 --2- 172.21.15.49:0/3753176796 >> [v2:172.21.15.49:6800/2948657177,v1:172.21.15.49:6801/2948657177] conn(0x7f3630039150 0x7f363003b610 unknown :-1 s=NONE pgs=0 cs=0 l=1 rev1=0 crypto rx=0 tx=0 comp rx=0 tx=0).connect
2024-06-02T23:50:07.072 INFO:teuthology.orchestra.run.smithi049.stderr:2024-06-02T23:50:07.071+0000 7f363a7fc700 1 -- 172.21.15.49:0/3753176796 <== mon.0 v2:172.21.15.49:3300/0 5 ==== osd_map(3..3 src has 1..3) ==== 1155+0+0 (secure 0 0 0) 0x7f364001e030 con 0x7f36441029d0
2024-06-02T23:50:07.072 INFO:teuthology.orchestra.run.smithi049.stderr:2024-06-02T23:50:07.071+0000 7f3648bea700 1 --2- 172.21.15.49:0/3753176796 >> [v2:172.21.15.49:6800/2948657177,v1:172.21.15.49:6801/2948657177] conn(0x7f3630039150 0x7f363003b610 unknown :-1 s=BANNER_CONNECTING pgs=0 cs=0 l=1 rev1=0 crypto rx=0 tx=0 comp rx=0 tx=0)._handle_peer_banner_payload supported=3 required=0
2024-06-02T23:50:07.072 INFO:teuthology.orchestra.run.smithi049.stderr:2024-06-02T23:50:07.071+0000 7f3648bea700 1 --2- 172.21.15.49:0/3753176796 >> [v2:172.21.15.49:6800/2948657177,v1:172.21.15.49:6801/2948657177] conn(0x7f3630039150 0x7f363003b610 secure :-1 s=READY pgs=12 cs=0 l=1 rev1=1 crypto rx=0x7f3634006fd0 tx=0x7f3634006e40 comp rx=0 tx=0).ready entity=mgr.14152 client_cookie=0 server_cookie=0 in_seq=0 out_seq=0
