2024-06-03T01:11:57.053+0000 7efc577fe700 1 --2- 172.21.15.32:0/3295195241 >> [v2:172.21.15.32:6800/3147998267,v1:172.21.15.32:6801/3147998267] conn(0x7efc44038320 0x7efc4403a7e0 secure :-1 s=READY pgs=15 cs=0 l=1 rev1=1 crypto rx=0x7efc40006fd0 tx=0x7efc40006e40 comp rx=0 tx=0).ready entity=mgr.14120 client_cookie=0 server_cookie=0 in_seq=0 out_seq=0
2024-06-03T01:11:57.840 INFO:teuthology.orchestra.run.smithi032.stdout:/usr/bin/ceph: stderr
2024-06-03T01:11:57.058+0000 7efc557fa700 1 -- 172.21.15.32:0/3295195241 <== mon.0 v2:172.21.15.32:3300/0 6 ==== mon_command_ack([{"prefix": "get_command_descriptions"}]=0 v0) v1 ==== 72+0+180422 (secure 0 0 0) 0x7efc4802d440 con 0x7efc58107b90
2024-06-03T01:11:57.840 INFO:teuthology.orchestra.run.smithi032.stdout:/usr/bin/ceph: stderr
2024-06-03T01:11:57.275+0000 7efc5e6f3700 1 -- 172.21.15.32:0/3295195241 --> [v2:172.21.15.32:6800/3147998267,v1:172.21.15.32:6801/3147998267] -- mgr_command(tid 0: {"prefix": "orch apply", "service_type": "ceph-exporter", "target": ["mon-mgr", ""]}) v1 -- 0x7efc58101640 con 0x7efc44038320
2024-06-03T01:11:57.840 INFO:teuthology.orchestra.run.smithi032.stdout:/usr/bin/ceph: stderr
2024-06-03T01:11:57.280+0000 7efc557fa700 1 -- 172.21.15.32:0/3295195241 <== mgr.14120 v2:172.21.15.32:6800/3147998267 1 ==== mgr_command_reply(tid 0: 0 ) v1 ==== 8+0+34 (secure 0 0 0) 0x7efc58101640 con 0x7efc44038320
2024-06-03T01:11:57.840 INFO:teuthology.orchestra.run.smithi032.stdout:/usr/bin/ceph: stderr
2024-06-03T01:11:57.282+0000 7efc5e6f3700 1 -- 172.21.15.32:0/3295195241 >> [v2:172.21.15.32:6800/3147998267,v1:172.21.15.32:6801/3147998267] conn(0x7efc44038320 msgr2=0x7efc4403a7e0 secure :-1 s=STATE_CONNECTION_ESTABLISHED l=1).mark_down
2024-06-03T01:11:57.841 INFO:teuthology.orchestra.run.smithi032.stdout:/usr/bin/ceph: stderr
2024-06-03T01:11:57.282+0000 7efc5e6f3700 1 --2- 172.21.15.32:0/3295195241 >> [v2:172.21.15.32:6800/3147998267,v1:172.21.15.32:6801/3147998267] conn(0x7efc44038320 0x7efc4403a7e0 secure :-1 s=READY pgs=15 cs=0 l=1 rev1=1 crypto rx=0x7efc40006fd0 tx=0x7efc40006e40 comp rx=0 tx=0).stop
2024-06-03T01:11:57.841 INFO:teuthology.orchestra.run.smithi032.stdout:/usr/bin/ceph: stderr
2024-06-03T01:11:57.282+0000 7efc5e6f3700 1 -- 172.21.15.32:0/3295195241 >> [v2:172.21.15.32:3300/0,v1:172.21.15.32:6789/0] conn(0x7efc58107b90 msgr2=0x7efc58107290 secure :-1 s=STATE_CONNECTION_ESTABLISHED l=1).mark_down
2024-06-03T01:11:57.841 INFO:teuthology.orchestra.run.smithi032.stdout:/usr/bin/ceph: stderr
2024-06-03T01:11:57.282+0000 7efc5e6f3700 1 --2- 172.21.15.32:0/3295195241 >> [v2:172.21.15.32:3300/0,v1:172.21.15.32:6789/0] conn(0x7efc58107b90 0x7efc58107290 secure :-1 s=READY pgs=54 cs=0 l=1 rev1=1 crypto rx=0x7efc48006ba0 tx=0x7efc48011b50 comp rx=0 tx=0).stop
2024-06-03T01:11:57.841 INFO:teuthology.orchestra.run.smithi032.stdout:/usr/bin/ceph: stderr
2024-06-03T01:11:57.282+0000 7efc5e6f3700 1 -- 172.21.15.32:0/3295195241 shutdown_connections
2024-06-03T01:11:57.841 INFO:teuthology.orchestra.run.smithi032.stdout:/usr/bin/ceph: stderr
2024-06-03T01:11:57.282+0000 7efc5e6f3700 1 --2- 172.21.15.32:0/3295195241 >> [v2:172.21.15.32:6800/3147998267,v1:172.21.15.32:6801/3147998267] conn(0x7efc44038320 0x7efc4403a7e0 unknown :-1 s=CLOSED pgs=15 cs=0 l=1 rev1=1 crypto rx=0 tx=0 comp rx=0 tx=0).stop
2024-06-03T01:11:57.841 INFO:teuthology.orchestra.run.smithi032.stdout:/usr/bin/ceph: stderr
2024-06-03T01:11:57.282+0000 7efc5e6f3700 1 --2- 172.21.15.32:0/3295195241 >> [v2:172.21.15.32:3300/0,v1:172.21.15.32:6789/0] conn(0x7efc58107b90 0x7efc58107290 unknown :-1 s=CLOSED pgs=54 cs=0 l=1 rev1=1 crypto rx=0 tx=0 comp rx=0 tx=0).stop
2024-06-03T01:11:57.841 INFO:teuthology.orchestra.run.smithi032.stdout:/usr/bin/ceph: stderr
2024-06-03T01:11:57.282+0000 7efc5e6f3700 1 -- 172.21.15.32:0/3295195241 >> 172.21.15.32:0/3295195241 conn(0x7efc58100190 msgr2=0x7efc58100f30 unknown :-1 s=STATE_NONE l=0).mark_down
2024-06-03T01:11:57.841 INFO:teuthology.orchestra.run.smithi032.stdout:/usr/bin/ceph: stderr
2024-06-03T01:11:57.282+0000 7efc5e6f3700 1 -- 172.21.15.32:0/3295195241 shutdown_connections
2024-06-03T01:11:57.841 INFO:teuthology.orchestra.run.smithi032.stdout:/usr/bin/ceph: stderr
2024-06-03T01:11:57.282+0000 7efc5e6f3700 1 -- 172.21.15.32:0/3295195241 wait complete.
2024-06-03T01:11:57.841 INFO:teuthology.orchestra.run.smithi032.stdout:Deploying prometheus service with default placement...
2024-06-03T01:11:58.585 INFO:journalctl@ceph.mon.smithi032.smithi032.stdout:Jun 03 01:11:58 smithi032 ceph-mon[29360]: from='client.14148 -' entity='client.admin' cmd=[{"prefix": "orch apply", "service_type": "ceph-exporter", "target": ["mon-mgr", ""]}]: dispatch
2024-06-03T01:11:58.585 INFO:journalctl@ceph.mon.smithi032.smithi032.stdout:Jun 03 01:11:58 smithi032 ceph-mon[29360]: Saving service ceph-exporter spec with placement *
2024-06-03T01:11:58.585 INFO:journalctl@ceph.mon.smithi032.smithi032.stdout:Jun 03 01:11:58 smithi032 ceph-mon[29360]: from='mgr.14120 172.21.15.32:0/1829281398' entity='mgr.smithi032.kfcfaa'
2024-06-03T01:11:59.987 INFO:teuthology.orchestra.run.smithi032.stdout:/usr/bin/ceph: stdout Scheduled prometheus update...
2024-06-03T01:11:59.987 INFO:teuthology.orchestra.run.smithi032.stdout:/usr/bin/ceph: stderr
2024-06-03T01:11:59.124+0000 7fd1f0c7f700 1 Processor -- start
2024-06-03T01:11:59.987 INFO:teuthology.orchestra.run.smithi032.stdout:/usr/bin/ceph: stderr
2024-06-03T01:11:59.124+0000 7fd1f0c7f700 1 -- start start
2024-06-03T01:11:59.987 INFO:teuthology.orchestra.run.smithi032.stdout:/usr/bin/ceph: stderr
2024-06-03T01:11:59.125+0000 7fd1f0c7f700 1 --2- >> [v2:172.21.15.32:3300/0,v1:172.21.15.32:6789/0] conn(0x7fd1ec106560 0x7fd1ec106980 unknown :-1 s=NONE pgs=0 cs=0 l=0 rev1=0 crypto rx=0 tx=0 comp rx=0 tx=0).connect
2024-06-03T01:11:59.987 INFO:teuthology.orchestra.run.smithi032.stdout:/usr/bin/ceph: stderr
2024-06-03T01:11:59.125+0000 7fd1f0c7f700 1 -- --> [v2:172.21.15.32:3300/0,v1:172.21.15.32:6789/0] -- mon_getmap magic: 0 v1 -- 0x7fd1ec106f50 con 0x7fd1ec106560
2024-06-03T01:11:59.987 INFO:teuthology.orchestra.run.smithi032.stdout:/usr/bin/ceph: stderr
2024-06-03T01:11:59.125+0000 7fd1ea59c700 1 --2- >> [v2:172.21.15.32:3300/0,v1:172.21.15.32:6789/0] conn(0x7fd1ec106560 0x7fd1ec106980 unknown :-1 s=BANNER_CONNECTING pgs=0 cs=0 l=0 rev1=0 crypto rx=0 tx=0 comp rx=0 tx=0)._handle_peer_banner_payload supported=3 required=0
2024-06-03T01:11:59.987 INFO:teuthology.orchestra.run.smithi032.stdout:/usr/bin/ceph: stderr
2024-06-03T01:11:59.125+0000 7fd1ea59c700 1 --2- >> [v2:172.21.15.32:3300/0,v1:172.21.15.32:6789/0] conn(0x7fd1ec106560 0x7fd1ec106980 unknown :-1 s=HELLO_CONNECTING pgs=0 cs=0 l=0 rev1=1 crypto rx=0 tx=0 comp rx=0 tx=0).handle_hello peer v2:172.21.15.32:3300/0 says I am v2:172.21.15.32:53594/0 (socket says 172.21.15.32:53594)
2024-06-03T01:11:59.987 INFO:teuthology.orchestra.run.smithi032.stdout:/usr/bin/ceph: stderr
2024-06-03T01:11:59.125+0000 7fd1ea59c700 1 -- 172.21.15.32:0/1458327036 learned_addr learned my addr 172.21.15.32:0/1458327036 (peer_addr_for_me v2:172.21.15.32:0/0)
2024-06-03T01:11:59.987 INFO:teuthology.orchestra.run.smithi032.stdout:/usr/bin/ceph: stderr
2024-06-03T01:11:59.125+0000 7fd1ea59c700 1 -- 172.21.15.32:0/1458327036 --> [v2:172.21.15.32:3300/0,v1:172.21.15.32:6789/0] -- mon_subscribe({config=0+,monmap=0+}) v3 -- 0x7fd1ec107760 con 0x7fd1ec106560
2024-06-03T01:11:59.988 INFO:teuthology.orchestra.run.smithi032.stdout:/usr/bin/ceph: stderr
2024-06-03T01:11:59.126+0000 7fd1ea59c700 1 --2- 172.21.15.32:0/1458327036 >> [v2:172.21.15.32:3300/0,v1:172.21.15.32:6789/0] conn(0x7fd1ec106560 0x7fd1ec106980 secure :-1 s=READY pgs=55 cs=0 l=1 rev1=1 crypto rx=0x7fd1dc0098a0 tx=0x7fd1dc009bb0 comp rx=0 tx=0).ready entity=mon.0 client_cookie=df893d92d8317b46 server_cookie=0 in_seq=0 out_seq=0
2024-06-03T01:11:59.988 INFO:teuthology.orchestra.run.smithi032.stdout:/usr/bin/ceph: stderr
2024-06-03T01:11:59.126+0000 7fd1e959a700 1 -- 172.21.15.32:0/1458327036 <== mon.0 v2:172.21.15.32:3300/0 1 ==== mon_map magic: 0 v1 ==== 229+0+0 (secure 0 0 0) 0x7fd1dc004180 con 0x7fd1ec106560
2024-06-03T01:11:59.988 INFO:teuthology.orchestra.run.smithi032.stdout:/usr/bin/ceph: stderr
2024-06-03T01:11:59.126+0000 7fd1e959a700 1 -- 172.21.15.32:0/1458327036 <== mon.0 v2:172.21.15.32:3300/0 2 ==== config(27 keys) v1 ==== 1101+0+0 (secure 0 0 0) 0x7fd1dc0042e0 con 0x7fd1ec106560
2024-06-03T01:11:59.988 INFO:teuthology.orchestra.run.smithi032.stdout:/usr/bin/ceph: stderr
2024-06-03T01:11:59.126+0000 7fd1e959a700 1 -- 172.21.15.32:0/1458327036 <== mon.0 v2:172.21.15.32:3300/0 3 ==== mon_map magic: 0 v1 ==== 229+0+0 (secure 0 0 0) 0x7fd1dc011af0 con 0x7fd1ec106560
2024-06-03T01:11:59.988 INFO:teuthology.orchestra.run.smithi032.stdout:/usr/bin/ceph: stderr
2024-06-03T01:11:59.126+0000 7fd1f0c7f700 1 -- 172.21.15.32:0/1458327036 >> [v2:172.21.15.32:3300/0,v1:172.21.15.32:6789/0] conn(0x7fd1ec106560 msgr2=0x7fd1ec106980 secure :-1 s=STATE_CONNECTION_ESTABLISHED l=1).mark_down
2024-06-03T01:11:59.988 INFO:teuthology.orchestra.run.smithi032.stdout:/usr/bin/ceph: stderr
2024-06-03T01:11:59.126+0000 7fd1f0c7f700 1 --2- 172.21.15.32:0/1458327036 >> [v2:172.21.15.32:3300/0,v1:172.21.15.32:6789/0] conn(0x7fd1ec106560 0x7fd1ec106980 secure :-1 s=READY pgs=55 cs=0 l=1 rev1=1 crypto rx=0x7fd1dc0098a0 tx=0x7fd1dc009bb0 comp rx=0 tx=0).stop
2024-06-03T01:11:59.988 INFO:teuthology.orchestra.run.smithi032.stdout:/usr/bin/ceph: stderr
2024-06-03T01:11:59.126+0000 7fd1f0c7f700 1 -- 172.21.15.32:0/1458327036 shutdown_connections
2024-06-03T01:11:59.988 INFO:teuthology.orchestra.run.smithi032.stdout:/usr/bin/ceph: stderr
2024-06-03T01:11:59.126+0000 7fd1f0c7f700 1 --2- 172.21.15.32:0/1458327036 >> [v2:172.21.15.32:3300/0,v1:172.21.15.32:6789/0] conn(0x7fd1ec106560 0x7fd1ec106980 unknown :-1 s=CLOSED pgs=55 cs=0 l=1 rev1=1 crypto rx=0 tx=0 comp rx=0 tx=0).stop
2024-06-03T01:11:59.988 INFO:teuthology.orchestra.run.smithi032.stdout:/usr/bin/ceph: stderr
2024-06-03T01:11:59.126+0000 7fd1f0c7f700 1 -- 172.21.15.32:0/1458327036 >> 172.21.15.32:0/1458327036 conn(0x7fd1ec101b40 msgr2=0x7fd1ec103f60 unknown :-1 s=STATE_NONE l=0).mark_down
2024-06-03T01:11:59.988 INFO:teuthology.orchestra.run.smithi032.stdout:/usr/bin/ceph: stderr
2024-06-03T01:11:59.126+0000 7fd1f0c7f700 1 -- 172.21.15.32:0/1458327036 shutdown_connections
2024-06-03T01:11:59.988 INFO:teuthology.orchestra.run.smithi032.stdout:/usr/bin/ceph: stderr
2024-06-03T01:11:59.126+0000 7fd1f0c7f700 1 -- 172.21.15.32:0/1458327036 wait complete.
2024-06-03T01:11:59.988 INFO:teuthology.orchestra.run.smithi032.stdout:/usr/bin/ceph: stderr
2024-06-03T01:11:59.127+0000 7fd1f0c7f700 1 Processor -- start
2024-06-03T01:11:59.988 INFO:teuthology.orchestra.run.smithi032.stdout:/usr/bin/ceph: stderr
2024-06-03T01:11:59.127+0000 7fd1f0c7f700 1 -- start start
2024-06-03T01:11:59.989 INFO:teuthology.orchestra.run.smithi032.stdout:/usr/bin/ceph: stderr
2024-06-03T01:11:59.127+0000 7fd1f0c7f700 1 --2- >> [v2:172.21.15.32:3300/0,v1:172.21.15.32:6789/0] conn(0x7fd1ec106560 0x7fd1ec07bc30 unknown :-1 s=NONE pgs=0 cs=0 l=1 rev1=0 crypto rx=0 tx=0 comp rx=0 tx=0).connect
2024-06-03T01:11:59.989 INFO:teuthology.orchestra.run.smithi032.stdout:/usr/bin/ceph: stderr
2024-06-03T01:11:59.127+0000 7fd1f0c7f700 1 -- --> [v2:172.21.15.32:3300/0,v1:172.21.15.32:6789/0] -- mon_getmap magic: 0 v1 -- 0x7fd1ec07c170 con 0x7fd1ec106560
2024-06-03T01:11:59.989 INFO:teuthology.orchestra.run.smithi032.stdout:/usr/bin/ceph: stderr
2024-06-03T01:11:59.128+0000 7fd1ea59c700 1 --2- >> [v2:172.21.15.32:3300/0,v1:172.21.15.32:6789/0] conn(0x7fd1ec106560 0x7fd1ec07bc30 unknown :-1 s=BANNER_CONNECTING pgs=0 cs=0 l=1 rev1=0 crypto rx=0 tx=0 comp rx=0 tx=0)._handle_peer_banner_payload supported=3 required=0
2024-06-03T01:11:59.989 INFO:teuthology.orchestra.run.smithi032.stdout:/usr/bin/ceph: stderr
2024-06-03T01:11:59.128+0000 7fd1ea59c700 1 --2- >> [v2:172.21.15.32:3300/0,v1:172.21.15.32:6789/0] conn(0x7fd1ec106560 0x7fd1ec07bc30 unknown :-1 s=HELLO_CONNECTING pgs=0 cs=0 l=1 rev1=1 crypto rx=0 tx=0 comp rx=0 tx=0).handle_hello peer v2:172.21.15.32:3300/0 says I am v2:172.21.15.32:53610/0 (socket says 172.21.15.32:53610)
2024-06-03T01:11:59.989 INFO:teuthology.orchestra.run.smithi032.stdout:/usr/bin/ceph: stderr
2024-06-03T01:11:59.128+0000 7fd1ea59c700 1 -- 172.21.15.32:0/1039009265 learned_addr learned my addr 172.21.15.32:0/1039009265 (peer_addr_for_me v2:172.21.15.32:0/0)
2024-06-03T01:11:59.989 INFO:teuthology.orchestra.run.smithi032.stdout:/usr/bin/ceph: stderr
2024-06-03T01:11:59.128+0000 7fd1ea59c700 1 -- 172.21.15.32:0/1039009265 --> [v2:172.21.15.32:3300/0,v1:172.21.15.32:6789/0] -- mon_subscribe({config=0+,monmap=0+}) v3 -- 0x7fd1dc009550 con 0x7fd1ec106560
2024-06-03T01:11:59.989 INFO:teuthology.orchestra.run.smithi032.stdout:/usr/bin/ceph: stderr
2024-06-03T01:11:59.128+0000 7fd1ea59c700 1 --2- 172.21.15.32:0/1039009265 >> [v2:172.21.15.32:3300/0,v1:172.21.15.32:6789/0] conn(0x7fd1ec106560 0x7fd1ec07bc30 secure :-1 s=READY pgs=56 cs=0 l=1 rev1=1 crypto rx=0x7fd1dc011670 tx=0x7fd1dc011b50 comp rx=0 tx=0).ready entity=mon.0 client_cookie=0 server_cookie=0 in_seq=0 out_seq=0
2024-06-03T01:11:59.989 INFO:teuthology.orchestra.run.smithi032.stdout:/usr/bin/ceph: stderr
2024-06-03T01:11:59.128+0000 7fd1e37fe700 1 -- 172.21.15.32:0/1039009265 <== mon.0 v2:172.21.15.32:3300/0 1 ==== mon_map magic: 0 v1 ==== 229+0+0 (secure 0 0 0) 0x7fd1dc0039f0 con 0x7fd1ec106560
2024-06-03T01:11:59.989 INFO:teuthology.orchestra.run.smithi032.stdout:/usr/bin/ceph: stderr
2024-06-03T01:11:59.128+0000 7fd1e37fe700 1 -- 172.21.15.32:0/1039009265 <== mon.0 v2:172.21.15.32:3300/0 2 ==== config(27 keys) v1 ==== 1101+0+0 (secure 0 0 0) 0x7fd1dc003b50 con 0x7fd1ec106560
2024-06-03T01:11:59.989 INFO:teuthology.orchestra.run.smithi032.stdout:/usr/bin/ceph: stderr
2024-06-03T01:11:59.128+0000 7fd1e37fe700 1 -- 172.21.15.32:0/1039009265 <== mon.0 v2:172.21.15.32:3300/0 3 ==== mon_map magic: 0 v1 ==== 229+0+0 (secure 0 0 0) 0x7fd1dc0247c0 con 0x7fd1ec106560
2024-06-03T01:11:59.989 INFO:teuthology.orchestra.run.smithi032.stdout:/usr/bin/ceph: stderr
2024-06-03T01:11:59.128+0000 7fd1f0c7f700 1 -- 172.21.15.32:0/1039009265 --> [v2:172.21.15.32:3300/0,v1:172.21.15.32:6789/0] -- mon_subscribe({mgrmap=0+}) v3 -- 0x7fd1ec07a280 con 0x7fd1ec106560
2024-06-03T01:11:59.989 INFO:teuthology.orchestra.run.smithi032.stdout:/usr/bin/ceph: stderr
2024-06-03T01:11:59.128+0000 7fd1f0c7f700 1 -- 172.21.15.32:0/1039009265 --> [v2:172.21.15.32:3300/0,v1:172.21.15.32:6789/0] -- mon_subscribe({osdmap=0}) v3 -- 0x7fd1ec07a720 con 0x7fd1ec106560
2024-06-03T01:11:59.989 INFO:teuthology.orchestra.run.smithi032.stdout:/usr/bin/ceph: stderr
2024-06-03T01:11:59.129+0000 7fd1e37fe700 1 -- 172.21.15.32:0/1039009265 <== mon.0 v2:172.21.15.32:3300/0 4 ==== mgrmap(e 8) v1 ==== 45283+0+0 (secure 0 0 0) 0x7fd1dc01a430 con 0x7fd1ec106560
2024-06-03T01:11:59.990 INFO:teuthology.orchestra.run.smithi032.stdout:/usr/bin/ceph: stderr
2024-06-03T01:11:59.129+0000 7fd1f0c7f700 1 -- 172.21.15.32:0/1039009265 --> [v2:172.21.15.32:3300/0,v1:172.21.15.32:6789/0] -- mon_command({"prefix": "get_command_descriptions"} v 0) v1 -- 0x7fd1ec0623c0 con 0x7fd1ec106560
2024-06-03T01:11:59.990 INFO:teuthology.orchestra.run.smithi032.stdout:/usr/bin/ceph: stderr
2024-06-03T01:11:59.129+0000 7fd1e37fe700 1 --2- 172.21.15.32:0/1039009265 >> [v2:172.21.15.32:6800/3147998267,v1:172.21.15.32:6801/3147998267] conn(0x7fd1d8038370 0x7fd1d803a830 unknown :-1 s=NONE pgs=0 cs=0 l=1 rev1=0 crypto rx=0 tx=0 comp rx=0 tx=0).connect
2024-06-03T01:11:59.990 INFO:teuthology.orchestra.run.smithi032.stdout:/usr/bin/ceph: stderr
2024-06-03T01:11:59.130+0000 7fd1e37fe700 1 -- 172.21.15.32:0/1039009265 <== mon.0 v2:172.21.15.32:3300/0 5 ==== osd_map(2..2 src has 1..2) v4 ==== 940+0+0 (secure 0 0 0) 0x7fd1dc04c360 con 0x7fd1ec106560
2024-06-03T01:11:59.990 INFO:teuthology.orchestra.run.smithi032.stdout:/usr/bin/ceph: stderr
2024-06-03T01:11:59.130+0000 7fd1e9d9b700 1 --2- 172.21.15.32:0/1039009265 >> [v2:172.21.15.32:6800/3147998267,v1:172.21.15.32:6801/3147998267] conn(0x7fd1d8038370 0x7fd1d803a830 unknown :-1 s=BANNER_CONNECTING pgs=0 cs=0 l=1 rev1=0 crypto rx=0 tx=0 comp rx=0 tx=0)._handle_peer_banner_payload supported=3 required=0
2024-06-03T01:11:59.990 INFO:teuthology.orchestra.run.smithi032.stdout:/usr/bin/ceph: stderr
2024-06-03T01:11:59.130+0000 7fd1e9d9b700 1 --2- 172.21.15.32:0/1039009265 >> [v2:172.21.15.32:6800/3147998267,v1:172.21.15.32:6801/3147998267] conn(0x7fd1d8038370 0x7fd1d803a830 secure :-1 s=READY pgs=16 cs=0 l=1 rev1=1 crypto rx=0x7fd1d4006fd0 tx=0x7fd1d4006e40 comp rx=0 tx=0).ready entity=mgr.14120 client_cookie=0 server_cookie=0 in_seq=0 out_seq=0
2024-06-03T01:11:59.990 INFO:teuthology.orchestra.run.smithi032.stdout:/usr/bin/ceph: stderr
2024-06-03T01:11:59.134+0000 7fd1e37fe700 1 -- 172.21.15.32:0/1039009265 <== mon.0 v2:172.21.15.32:3300/0 6 ==== mon_command_ack([{"prefix": "get_command_descriptions"}]=0 v0) v1 ==== 72+0+180422 (secure 0 0 0) 0x7fd1dc018b40 con 0x7fd1ec106560
2024-06-03T01:11:59.990 INFO:teuthology.orchestra.run.smithi032.stdout:/usr/bin/ceph: stderr
2024-06-03T01:11:59.345+0000 7fd1f0c7f700 1 -- 172.21.15.32:0/1039009265 --> [v2:172.21.15.32:6800/3147998267,v1:172.21.15.32:6801/3147998267] -- mgr_command(tid 0: {"prefix": "orch apply", "service_type": "prometheus", "target": ["mon-mgr", ""]}) v1 -- 0x7fd1ec10a960 con 0x7fd1d8038370
2024-06-03T01:11:59.990 INFO:teuthology.orchestra.run.smithi032.stdout:/usr/bin/ceph: stderr
2024-06-03T01:11:59.350+0000 7fd1e37fe700 1 -- 172.21.15.32:0/1039009265 <== mgr.14120 v2:172.21.15.32:6800/3147998267 1 ==== mgr_command_reply(tid 0: 0 ) v1 ==== 8+0+31 (secure 0 0 0) 0x7fd1ec10a960 con 0x7fd1d8038370
2024-06-03T01:11:59.990 INFO:teuthology.orchestra.run.smithi032.stdout:/usr/bin/ceph: stderr
2024-06-03T01:11:59.352+0000 7fd1f0c7f700 1 -- 172.21.15.32:0/1039009265 >> [v2:172.21.15.32:6800/3147998267,v1:172.21.15.32:6801/3147998267] conn(0x7fd1d8038370 msgr2=0x7fd1d803a830 secure :-1 s=STATE_CONNECTION_ESTABLISHED l=1).mark_down
2024-06-03T01:11:59.990 INFO:teuthology.orchestra.run.smithi032.stdout:/usr/bin/ceph: stderr
2024-06-03T01:11:59.352+0000 7fd1f0c7f700 1 --2- 172.21.15.32:0/1039009265 >> [v2:172.21.15.32:6800/3147998267,v1:172.21.15.32:6801/3147998267] conn(0x7fd1d8038370 0x7fd1d803a830 secure :-1 s=READY pgs=16 cs=0 l=1 rev1=1 crypto rx=0x7fd1d4006fd0 tx=0x7fd1d4006e40 comp rx=0 tx=0).stop
2024-06-03T01:11:59.990 INFO:teuthology.orchestra.run.smithi032.stdout:/usr/bin/ceph: stderr
2024-06-03T01:11:59.352+0000 7fd1f0c7f700 1 -- 172.21.15.32:0/1039009265 >> [v2:172.21.15.32:3300/0,v1:172.21.15.32:6789/0] conn(0x7fd1ec106560 msgr2=0x7fd1ec07bc30 secure :-1 s=STATE_CONNECTION_ESTABLISHED l=1).mark_down
2024-06-03T01:11:59.990 INFO:teuthology.orchestra.run.smithi032.stdout:/usr/bin/ceph: stderr
2024-06-03T01:11:59.352+0000 7fd1f0c7f700 1 --2- 172.21.15.32:0/1039009265 >> [v2:172.21.15.32:3300/0,v1:172.21.15.32:6789/0] conn(0x7fd1ec106560 0x7fd1ec07bc30 secure :-1 s=READY pgs=56 cs=0 l=1 rev1=1 crypto rx=0x7fd1dc011670 tx=0x7fd1dc011b50 comp rx=0 tx=0).stop
2024-06-03T01:11:59.991 INFO:teuthology.orchestra.run.smithi032.stdout:/usr/bin/ceph: stderr
2024-06-03T01:11:59.352+0000 7fd1f0c7f700 1 -- 172.21.15.32:0/1039009265 shutdown_connections
2024-06-03T01:11:59.991 INFO:teuthology.orchestra.run.smithi032.stdout:/usr/bin/ceph: stderr
2024-06-03T01:11:59.352+0000 7fd1f0c7f700 1 --2- 172.21.15.32:0/1039009265 >> [v2:172.21.15.32:6800/3147998267,v1:172.21.15.32:6801/3147998267] conn(0x7fd1d8038370 0x7fd1d803a830 unknown :-1 s=CLOSED pgs=16 cs=0 l=1 rev1=1 crypto rx=0 tx=0 comp rx=0 tx=0).stop
2024-06-03T01:11:59.991 INFO:teuthology.orchestra.run.smithi032.stdout:/usr/bin/ceph: stderr
2024-06-03T01:11:59.352+0000 7fd1f0c7f700 1 --2- 172.21.15.32:0/1039009265 >> [v2:172.21.15.32:3300/0,v1:172.21.15.32:6789/0] conn(0x7fd1ec106560 0x7fd1ec07bc30 unknown :-1 s=CLOSED pgs=56 cs=0 l=1 rev1=1 crypto rx=0 tx=0 comp rx=0 tx=0).stop
2024-06-03T01:11:59.991 INFO:teuthology.orchestra.run.smithi032.stdout:/usr/bin/ceph: stderr
2024-06-03T01:11:59.352+0000 7fd1f0c7f700 1 -- 172.21.15.32:0/1039009265 >> 172.21.15.32:0/1039009265 conn(0x7fd1ec101b40 msgr2=0x7fd1ec102920 unknown :-1 s=STATE_NONE l=0).mark_down
2024-06-03T01:11:59.991 INFO:teuthology.orchestra.run.smithi032.stdout:/usr/bin/ceph: stderr
2024-06-03T01:11:59.352+0000 7fd1f0c7f700 1 -- 172.21.15.32:0/1039009265 shutdown_connections
2024-06-03T01:11:59.991 INFO:teuthology.orchestra.run.smithi032.stdout:/usr/bin/ceph: stderr
2024-06-03T01:11:59.352+0000 7fd1f0c7f700 1 -- 172.21.15.32:0/1039009265 wait complete.
2024-06-03T01:11:59.991 INFO:teuthology.orchestra.run.smithi032.stdout:Deploying grafana service with default placement...
2024-06-03T01:12:00.641 INFO:journalctl@ceph.mon.smithi032.smithi032.stdout:Jun 03 01:12:00 smithi032 ceph-mon[29360]: from='client.14150 -' entity='client.admin' cmd=[{"prefix": "orch apply", "service_type": "prometheus", "target": ["mon-mgr", ""]}]: dispatch
2024-06-03T01:12:00.641 INFO:journalctl@ceph.mon.smithi032.smithi032.stdout:Jun 03 01:12:00 smithi032 ceph-mon[29360]: Saving service prometheus spec with placement count:1
2024-06-03T01:12:00.641 INFO:journalctl@ceph.mon.smithi032.smithi032.stdout:Jun 03 01:12:00 smithi032 ceph-mon[29360]: from='mgr.14120 172.21.15.32:0/1829281398' entity='mgr.smithi032.kfcfaa'
2024-06-03T01:12:01.219 INFO:teuthology.orchestra.run.smithi032.stdout:/usr/bin/ceph: stdout Scheduled grafana update...
2024-06-03T01:12:01.219 INFO:teuthology.orchestra.run.smithi032.stdout:/usr/bin/ceph: stderr
2024-06-03T01:12:00.423+0000 7f8c08e3c700 1 Processor -- start
2024-06-03T01:12:01.219 INFO:teuthology.orchestra.run.smithi032.stdout:/usr/bin/ceph: stderr
2024-06-03T01:12:00.423+0000 7f8c08e3c700 1 -- start start
2024-06-03T01:12:01.219 INFO:teuthology.orchestra.run.smithi032.stdout:/usr/bin/ceph: stderr
2024-06-03T01:12:00.424+0000 7f8c08e3c700 1 --2- >> [v2:172.21.15.32:3300/0,v1:172.21.15.32:6789/0] conn(0x7f8c04106580 0x7f8c041069a0 unknown :-1 s=NONE pgs=0 cs=0 l=0 rev1=0 crypto rx=0 tx=0 comp rx=0 tx=0).connect
2024-06-03T01:12:01.219 INFO:teuthology.orchestra.run.smithi032.stdout:/usr/bin/ceph: stderr
2024-06-03T01:12:00.424+0000 7f8c08e3c700 1 -- --> [v2:172.21.15.32:3300/0,v1:172.21.15.32:6789/0] -- mon_getmap magic: 0 v1 -- 0x7f8c04106f70 con 0x7f8c04106580
2024-06-03T01:12:01.219 INFO:teuthology.orchestra.run.smithi032.stdout:/usr/bin/ceph: stderr
2024-06-03T01:12:00.424+0000 7f8c0259c700 1 --2- >> [v2:172.21.15.32:3300/0,v1:172.21.15.32:6789/0] conn(0x7f8c04106580 0x7f8c041069a0 unknown :-1 s=BANNER_CONNECTING pgs=0 cs=0 l=0 rev1=0 crypto rx=0 tx=0 comp rx=0 tx=0)._handle_peer_banner_payload supported=3 required=0
2024-06-03T01:12:01.219 INFO:teuthology.orchestra.run.smithi032.stdout:/usr/bin/ceph: stderr
2024-06-03T01:12:00.424+0000 7f8c0259c700 1 --2- >> [v2:172.21.15.32:3300/0,v1:172.21.15.32:6789/0] conn(0x7f8c04106580 0x7f8c041069a0 unknown :-1 s=HELLO_CONNECTING pgs=0 cs=0 l=0 rev1=1 crypto rx=0 tx=0 comp rx=0 tx=0).handle_hello peer v2:172.21.15.32:3300/0 says I am v2:172.21.15.32:53612/0 (socket says 172.21.15.32:53612)
2024-06-03T01:12:01.219 INFO:teuthology.orchestra.run.smithi032.stdout:/usr/bin/ceph: stderr
2024-06-03T01:12:00.424+0000 7f8c0259c700 1 -- 172.21.15.32:0/2011616664 learned_addr learned my addr 172.21.15.32:0/2011616664 (peer_addr_for_me v2:172.21.15.32:0/0)
2024-06-03T01:12:01.219 INFO:teuthology.orchestra.run.smithi032.stdout:/usr/bin/ceph: stderr
2024-06-03T01:12:00.424+0000 7f8c0259c700 1 -- 172.21.15.32:0/2011616664 --> [v2:172.21.15.32:3300/0,v1:172.21.15.32:6789/0] -- mon_subscribe({config=0+,monmap=0+}) v3 -- 0x7f8c04107780 con 0x7f8c04106580
2024-06-03T01:12:01.219 INFO:teuthology.orchestra.run.smithi032.stdout:/usr/bin/ceph: stderr
2024-06-03T01:12:00.424+0000 7f8c0259c700 1 --2- 172.21.15.32:0/2011616664 >> [v2:172.21.15.32:3300/0,v1:172.21.15.32:6789/0] conn(0x7f8c04106580 0x7f8c041069a0 secure :-1 s=READY pgs=57 cs=0 l=1 rev1=1 crypto rx=0x7f8bec0098a0 tx=0x7f8bec009bb0 comp rx=0 tx=0).ready entity=mon.0 client_cookie=1336543d5ad027a3 server_cookie=0 in_seq=0 out_seq=0
2024-06-03T01:12:01.219 INFO:teuthology.orchestra.run.smithi032.stdout:/usr/bin/ceph: stderr
2024-06-03T01:12:00.425+0000 7f8c0159a700 1 -- 172.21.15.32:0/2011616664 <== mon.0 v2:172.21.15.32:3300/0 1 ==== mon_map magic: 0 v1 ==== 229+0+0 (secure 0 0 0) 0x7f8bec004180 con 0x7f8c04106580
2024-06-03T01:12:01.219 INFO:teuthology.orchestra.run.smithi032.stdout:/usr/bin/ceph: stderr
2024-06-03T01:12:00.425+0000 7f8c0159a700 1 -- 172.21.15.32:0/2011616664 <== mon.0 v2:172.21.15.32:3300/0 2 ==== config(27 keys) v1 ==== 1101+0+0 (secure 0 0 0) 0x7f8bec0042e0 con 0x7f8c04106580
2024-06-03T01:12:01.220 INFO:teuthology.orchestra.run.smithi032.stdout:/usr/bin/ceph: stderr
2024-06-03T01:12:00.425+0000 7f8c0159a700 1 -- 172.21.15.32:0/2011616664 <== mon.0 v2:172.21.15.32:3300/0 3 ==== mon_map magic: 0 v1 ==== 229+0+0 (secure 0 0 0) 0x7f8bec011af0 con 0x7f8c04106580
2024-06-03T01:12:01.220 INFO:teuthology.orchestra.run.smithi032.stdout:/usr/bin/ceph: stderr
2024-06-03T01:12:00.425+0000 7f8c08e3c700 1 -- 172.21.15.32:0/2011616664 >> [v2:172.21.15.32:3300/0,v1:172.21.15.32:6789/0] conn(0x7f8c04106580 msgr2=0x7f8c041069a0 secure :-1 s=STATE_CONNECTION_ESTABLISHED l=1).mark_down
2024-06-03T01:12:01.220 INFO:teuthology.orchestra.run.smithi032.stdout:/usr/bin/ceph: stderr
2024-06-03T01:12:00.425+0000 7f8c08e3c700 1 --2- 172.21.15.32:0/2011616664 >> [v2:172.21.15.32:3300/0,v1:172.21.15.32:6789/0] conn(0x7f8c04106580 0x7f8c041069a0 secure :-1 s=READY pgs=57 cs=0 l=1 rev1=1 crypto rx=0x7f8bec0098a0 tx=0x7f8bec009bb0 comp rx=0 tx=0).stop
2024-06-03T01:12:01.220 INFO:teuthology.orchestra.run.smithi032.stdout:/usr/bin/ceph: stderr
2024-06-03T01:12:00.425+0000 7f8c08e3c700 1 -- 172.21.15.32:0/2011616664 shutdown_connections
2024-06-03T01:12:01.220 INFO:teuthology.orchestra.run.smithi032.stdout:/usr/bin/ceph: stderr
2024-06-03T01:12:00.425+0000 7f8c08e3c700 1 --2- 172.21.15.32:0/2011616664 >> [v2:172.21.15.32:3300/0,v1:172.21.15.32:6789/0] conn(0x7f8c04106580 0x7f8c041069a0 unknown :-1 s=CLOSED pgs=57 cs=0 l=1 rev1=1 crypto rx=0 tx=0 comp rx=0 tx=0).stop
2024-06-03T01:12:01.220 INFO:teuthology.orchestra.run.smithi032.stdout:/usr/bin/ceph: stderr
2024-06-03T01:12:00.425+0000 7f8c08e3c700 1 -- 172.21.15.32:0/2011616664 >> 172.21.15.32:0/2011616664 conn(0x7f8c04101b00 msgr2=0x7f8c04103f60 unknown :-1 s=STATE_NONE l=0).mark_down
2024-06-03T01:12:01.220 INFO:teuthology.orchestra.run.smithi032.stdout:/usr/bin/ceph: stderr
2024-06-03T01:12:00.425+0000 7f8c08e3c700 1 -- 172.21.15.32:0/2011616664 shutdown_connections
2024-06-03T01:12:01.220 INFO:teuthology.orchestra.run.smithi032.stdout:/usr/bin/ceph: stderr
2024-06-03T01:12:00.425+0000 7f8c08e3c700 1 -- 172.21.15.32:0/2011616664 wait complete.
2024-06-03T01:12:01.220 INFO:teuthology.orchestra.run.smithi032.stdout:/usr/bin/ceph: stderr
2024-06-03T01:12:00.426+0000 7f8c08e3c700 1 Processor -- start
2024-06-03T01:12:01.220 INFO:teuthology.orchestra.run.smithi032.stdout:/usr/bin/ceph: stderr
2024-06-03T01:12:00.426+0000 7f8c08e3c700 1 -- start start
2024-06-03T01:12:01.220 INFO:teuthology.orchestra.run.smithi032.stdout:/usr/bin/ceph: stderr
2024-06-03T01:12:00.426+0000 7f8c08e3c700 1 --2- >> [v2:172.21.15.32:3300/0,v1:172.21.15.32:6789/0] conn(0x7f8c04106580 0x7f8c0419a290 unknown :-1 s=NONE pgs=0 cs=0 l=1 rev1=0 crypto rx=0 tx=0 comp rx=0 tx=0).connect
2024-06-03T01:12:01.220 INFO:teuthology.orchestra.run.smithi032.stdout:/usr/bin/ceph: stderr
2024-06-03T01:12:00.426+0000 7f8c08e3c700 1 -- --> [v2:172.21.15.32:3300/0,v1:172.21.15.32:6789/0] -- mon_getmap magic: 0 v1 -- 0x7f8c0419a7d0 con 0x7f8c04106580
2024-06-03T01:12:01.220 INFO:teuthology.orchestra.run.smithi032.stdout:/usr/bin/ceph: stderr
2024-06-03T01:12:00.426+0000 7f8c0259c700 1 --2- >> [v2:172.21.15.32:3300/0,v1:172.21.15.32:6789/0] conn(0x7f8c04106580 0x7f8c0419a290 unknown :-1 s=BANNER_CONNECTING pgs=0 cs=0 l=1 rev1=0 crypto rx=0 tx=0 comp rx=0 tx=0)._handle_peer_banner_payload supported=3 required=0
2024-06-03T01:12:01.220 INFO:teuthology.orchestra.run.smithi032.stdout:/usr/bin/ceph: stderr
2024-06-03T01:12:00.427+0000 7f8c0259c700 1 --2- >> [v2:172.21.15.32:3300/0,v1:172.21.15.32:6789/0] conn(0x7f8c04106580 0x7f8c0419a290 unknown :-1 s=HELLO_CONNECTING pgs=0 cs=0 l=1 rev1=1 crypto rx=0 tx=0 comp rx=0 tx=0).handle_hello peer v2:172.21.15.32:3300/0 says I am v2:172.21.15.32:53620/0 (socket says 172.21.15.32:53620)
2024-06-03T01:12:01.221 INFO:teuthology.orchestra.run.smithi032.stdout:/usr/bin/ceph: stderr
2024-06-03T01:12:00.427+0000 7f8c0259c700 1 -- 172.21.15.32:0/2053302302 learned_addr learned my addr 172.21.15.32:0/2053302302 (peer_addr_for_me v2:172.21.15.32:0/0)
2024-06-03T01:12:01.221 INFO:teuthology.orchestra.run.smithi032.stdout:/usr/bin/ceph: stderr
2024-06-03T01:12:00.427+0000 7f8c0259c700 1 -- 172.21.15.32:0/2053302302 --> [v2:172.21.15.32:3300/0,v1:172.21.15.32:6789/0] -- mon_subscribe({config=0+,monmap=0+}) v3 -- 0x7f8bec009550 con 0x7f8c04106580
2024-06-03T01:12:01.221 INFO:teuthology.orchestra.run.smithi032.stdout:/usr/bin/ceph: stderr
2024-06-03T01:12:00.427+0000 7f8c0259c700 1 --2- 172.21.15.32:0/2053302302 >> [v2:172.21.15.32:3300/0,v1:172.21.15.32:6789/0] conn(0x7f8c04106580 0x7f8c0419a290 secure :-1 s=READY pgs=58 cs=0 l=1 rev1=1 crypto rx=0x7f8bec011670 tx=0x7f8bec011b50 comp rx=0 tx=0).ready entity=mon.0 client_cookie=0 server_cookie=0 in_seq=0 out_seq=0
2024-06-03T01:12:01.221 INFO:teuthology.orchestra.run.smithi032.stdout:/usr/bin/ceph: stderr
2024-06-03T01:12:00.427+0000 7f8bfb7fe700 1 -- 172.21.15.32:0/2053302302 <== mon.0 v2:172.21.15.32:3300/0 1 ==== mon_map magic: 0 v1 ==== 229+0+0 (secure 0 0 0) 0x7f8bec0039f0 con 0x7f8c04106580
2024-06-03T01:12:01.221 INFO:teuthology.orchestra.run.smithi032.stdout:/usr/bin/ceph: stderr
2024-06-03T01:12:00.427+0000 7f8bfb7fe700 1 -- 172.21.15.32:0/2053302302 <== mon.0 v2:172.21.15.32:3300/0 2 ==== config(27 keys) v1 ==== 1101+0+0 (secure 0 0 0) 0x7f8bec003b50 con 0x7f8c04106580
2024-06-03T01:12:01.221 INFO:teuthology.orchestra.run.smithi032.stdout:/usr/bin/ceph: stderr
2024-06-03T01:12:00.427+0000 7f8c08e3c700 1 -- 172.21.15.32:0/2053302302 --> [v2:172.21.15.32:3300/0,v1:172.21.15.32:6789/0] -- mon_subscribe({mgrmap=0+}) v3 -- 0x7f8c0419a9d0 con 0x7f8c04106580
2024-06-03T01:12:01.221 INFO:teuthology.orchestra.run.smithi032.stdout:/usr/bin/ceph: stderr
2024-06-03T01:12:00.427+0000 7f8bfb7fe700 1 -- 172.21.15.32:0/2053302302 <== mon.0 v2:172.21.15.32:3300/0 3 ==== mon_map magic: 0 v1 ==== 229+0+0 (secure 0 0 0) 0x7f8bec0247c0 con 0x7f8c04106580
2024-06-03T01:12:01.221 INFO:teuthology.orchestra.run.smithi032.stdout:/usr/bin/ceph: stderr
2024-06-03T01:12:00.427+0000 7f8c08e3c700 1 -- 172.21.15.32:0/2053302302 --> [v2:172.21.15.32:3300/0,v1:172.21.15.32:6789/0] -- mon_subscribe({osdmap=0}) v3 -- 0x7f8c0419ae70 con 0x7f8c04106580
2024-06-03T01:12:01.221 INFO:teuthology.orchestra.run.smithi032.stdout:/usr/bin/ceph: stderr
2024-06-03T01:12:00.428+0000 7f8bfb7fe700 1 -- 172.21.15.32:0/2053302302 <== mon.0 v2:172.21.15.32:3300/0 4 ==== mgrmap(e 8) v1 ==== 45283+0+0 (secure 0 0 0) 0x7f8bec02d3f0 con 0x7f8c04106580
2024-06-03T01:12:01.221 INFO:teuthology.orchestra.run.smithi032.stdout:/usr/bin/ceph: stderr
2024-06-03T01:12:00.428+0000 7f8bfb7fe700 1 --2- 172.21.15.32:0/2053302302 >> [v2:172.21.15.32:6800/3147998267,v1:172.21.15.32:6801/3147998267] conn(0x7f8bf0038320 0x7f8bf003a7e0 unknown :-1 s=NONE pgs=0 cs=0 l=1 rev1=0 crypto rx=0 tx=0 comp rx=0 tx=0).connect
2024-06-03T01:12:01.221 INFO:teuthology.orchestra.run.smithi032.stdout:/usr/bin/ceph: stderr
2024-06-03T01:12:00.428+0000 7f8bfb7fe700 1 -- 172.21.15.32:0/2053302302 <== mon.0 v2:172.21.15.32:3300/0 5 ==== osd_map(2..2 src has 1..2) v4 ==== 940+0+0 (secure 0 0 0) 0x7f8bec04c3c0 con 0x7f8c04106580
2024-06-03T01:12:01.221 INFO:teuthology.orchestra.run.smithi032.stdout:/usr/bin/ceph: stderr
2024-06-03T01:12:00.428+0000 7f8c08e3c700 1 -- 172.21.15.32:0/2053302302 --> [v2:172.21.15.32:3300/0,v1:172.21.15.32:6789/0] -- mon_command({"prefix": "get_command_descriptions"} v 0) v1 -- 0x7f8c040623c0 con 0x7f8c04106580
2024-06-03T01:12:01.222 INFO:teuthology.orchestra.run.smithi032.stdout:/usr/bin/ceph: stderr
2024-06-03T01:12:00.428+0000 7f8c01d9b700 1 --2- 172.21.15.32:0/2053302302 >> [v2:172.21.15.32:6800/3147998267,v1:172.21.15.32:6801/3147998267] conn(0x7f8bf0038320 0x7f8bf003a7e0 unknown :-1 s=BANNER_CONNECTING pgs=0 cs=0 l=1 rev1=0 crypto rx=0 tx=0 comp rx=0 tx=0)._handle_peer_banner_payload supported=3 required=0
2024-06-03T01:12:01.222 INFO:teuthology.orchestra.run.smithi032.stdout:/usr/bin/ceph: stderr
2024-06-03T01:12:00.429+0000 7f8c01d9b700 1 --2- 172.21.15.32:0/2053302302 >> [v2:172.21.15.32:6800/3147998267,v1:172.21.15.32:6801/3147998267] conn(0x7f8bf0038320 0x7f8bf003a7e0 secure :-1 s=READY pgs=17 cs=0 l=1 rev1=1 crypto rx=0x7f8bf4006fd0 tx=0x7f8bf4006e40 comp rx=0 tx=0).ready entity=mgr.14120 client_cookie=0 server_cookie=0 in_seq=0 out_seq=0
2024-06-03T01:12:01.222 INFO:teuthology.orchestra.run.smithi032.stdout:/usr/bin/ceph: stderr
2024-06-03T01:12:00.433+0000 7f8bfb7fe700 1 -- 172.21.15.32:0/2053302302 <== mon.0 v2:172.21.15.32:3300/0 6 ==== mon_command_ack([{"prefix": "get_command_descriptions"}]=0 v0) v1 ==== 72+0+180422 (secure 0 0 0) 0x7f8bec02d6f0 con 0x7f8c04106580
2024-06-03T01:12:01.222 INFO:teuthology.orchestra.run.smithi032.stdout:/usr/bin/ceph: stderr
2024-06-03T01:12:00.640+0000 7f8c08e3c700 1 -- 172.21.15.32:0/2053302302 --> [v2:172.21.15.32:6800/3147998267,v1:172.21.15.32:6801/3147998267] -- mgr_command(tid 0: {"prefix": "orch apply", "service_type": "grafana", "target": ["mon-mgr", ""]}) v1 -- 0x7f8c04103e00 con 0x7f8bf0038320
2024-06-03T01:12:01.222 INFO:teuthology.orchestra.run.smithi032.stdout:/usr/bin/ceph: stderr
2024-06-03T01:12:00.645+0000 7f8bfb7fe700 1 -- 172.21.15.32:0/2053302302 <== mgr.14120 v2:172.21.15.32:6800/3147998267 1 ==== mgr_command_reply(tid 0: 0 ) v1 ==== 8+0+28 (secure 0 0 0) 0x7f8c04103e00 con 0x7f8bf0038320
2024-06-03T01:12:01.222 INFO:teuthology.orchestra.run.smithi032.stdout:/usr/bin/ceph: stderr
2024-06-03T01:12:00.647+0000 7f8c08e3c700 1 -- 172.21.15.32:0/2053302302 >> [v2:172.21.15.32:6800/3147998267,v1:172.21.15.32:6801/3147998267] conn(0x7f8bf0038320 msgr2=0x7f8bf003a7e0 secure :-1 s=STATE_CONNECTION_ESTABLISHED l=1).mark_down
2024-06-03T01:12:01.222 INFO:teuthology.orchestra.run.smithi032.stdout:/usr/bin/ceph: stderr
2024-06-03T01:12:00.647+0000 7f8c08e3c700 1 --2- 172.21.15.32:0/2053302302 >> [v2:172.21.15.32:6800/3147998267,v1:172.21.15.32:6801/3147998267] conn(0x7f8bf0038320 0x7f8bf003a7e0 secure :-1 s=READY pgs=17 cs=0 l=1 rev1=1 crypto rx=0x7f8bf4006fd0 tx=0x7f8bf4006e40 comp rx=0 tx=0).stop
2024-06-03T01:12:01.222 INFO:teuthology.orchestra.run.smithi032.stdout:/usr/bin/ceph: stderr
2024-06-03T01:12:00.647+0000 7f8c08e3c700 1 -- 172.21.15.32:0/2053302302 >> [v2:172.21.15.32:3300/0,v1:172.21.15.32:6789/0] conn(0x7f8c04106580 msgr2=0x7f8c0419a290 secure :-1 s=STATE_CONNECTION_ESTABLISHED l=1).mark_down
2024-06-03T01:12:01.222 INFO:teuthology.orchestra.run.smithi032.stdout:/usr/bin/ceph: stderr
2024-06-03T01:12:00.647+0000 7f8c08e3c700 1 --2- 172.21.15.32:0/2053302302 >> [v2:172.21.15.32:3300/0,v1:172.21.15.32:6789/0] conn(0x7f8c04106580 0x7f8c0419a290 secure :-1 s=READY pgs=58 cs=0 l=1 rev1=1 crypto rx=0x7f8bec011670 tx=0x7f8bec011b50 comp rx=0 tx=0).stop
2024-06-03T01:12:01.222 INFO:teuthology.orchestra.run.smithi032.stdout:/usr/bin/ceph: stderr
2024-06-03T01:12:00.647+0000 7f8c08e3c700 1 -- 172.21.15.32:0/2053302302 shutdown_connections
2024-06-03T01:12:01.222 INFO:teuthology.orchestra.run.smithi032.stdout:/usr/bin/ceph: stderr
2024-06-03T01:12:00.647+0000 7f8c08e3c700 1 --2- 172.21.15.32:0/2053302302 >> [v2:172.21.15.32:6800/3147998267,v1:172.21.15.32:6801/3147998267] conn(0x7f8bf0038320 0x7f8bf003a7e0 unknown :-1 s=CLOSED pgs=17 cs=0 l=1 rev1=1 crypto rx=0 tx=0 comp rx=0 tx=0).stop
2024-06-03T01:12:01.223 INFO:teuthology.orchestra.run.smithi032.stdout:/usr/bin/ceph: stderr
2024-06-03T01:12:00.647+0000 7f8c08e3c700 1 --2- 172.21.15.32:0/2053302302 >> [v2:172.21.15.32:3300/0,v1:172.21.15.32:6789/0] conn(0x7f8c04106580 0x7f8c0419a290 unknown :-1 s=CLOSED pgs=58 cs=0 l=1 rev1=1 crypto rx=0 tx=0 comp rx=0 tx=0).stop
2024-06-03T01:12:01.223 INFO:teuthology.orchestra.run.smithi032.stdout:/usr/bin/ceph: stderr
2024-06-03T01:12:00.647+0000 7f8c08e3c700 1 -- 172.21.15.32:0/2053302302 >> 172.21.15.32:0/2053302302 conn(0x7f8c04101b00 msgr2=0x7f8c041031e0 unknown :-1 s=STATE_NONE l=0).mark_down
2024-06-03T01:12:01.223 INFO:teuthology.orchestra.run.smithi032.stdout:/usr/bin/ceph: stderr
2024-06-03T01:12:00.647+0000 7f8c08e3c700 1 -- 172.21.15.32:0/2053302302 shutdown_connections
2024-06-03T01:12:01.223 INFO:teuthology.orchestra.run.smithi032.stdout:/usr/bin/ceph: stderr
2024-06-03T01:12:00.647+0000 7f8c08e3c700 1 -- 172.21.15.32:0/2053302302 wait complete.
2024-06-03T01:12:01.223 INFO:teuthology.orchestra.run.smithi032.stdout:Deploying node-exporter service with default placement...
2024-06-03T01:12:01.835 INFO:journalctl@ceph.mon.smithi032.smithi032.stdout:Jun 03 01:12:01 smithi032 ceph-mon[29360]: from='client.14152 -' entity='client.admin' cmd=[{"prefix": "orch apply", "service_type": "grafana", "target": ["mon-mgr", ""]}]: dispatch
2024-06-03T01:12:01.835 INFO:journalctl@ceph.mon.smithi032.smithi032.stdout:Jun 03 01:12:01 smithi032 ceph-mon[29360]: Saving service grafana spec with placement count:1
2024-06-03T01:12:01.835 INFO:journalctl@ceph.mon.smithi032.smithi032.stdout:Jun 03 01:12:01 smithi032 ceph-mon[29360]: from='mgr.14120 172.21.15.32:0/1829281398' entity='mgr.smithi032.kfcfaa'
2024-06-03T01:12:02.475 INFO:teuthology.orchestra.run.smithi032.stdout:/usr/bin/ceph: stdout Scheduled node-exporter update...
2024-06-03T01:12:02.475 INFO:teuthology.orchestra.run.smithi032.stdout:/usr/bin/ceph: stderr
2024-06-03T01:12:01.619+0000 7f785cfd4700 1 Processor -- start
2024-06-03T01:12:02.475 INFO:teuthology.orchestra.run.smithi032.stdout:/usr/bin/ceph: stderr
2024-06-03T01:12:01.619+0000 7f785cfd4700 1 -- start start
2024-06-03T01:12:02.475 INFO:teuthology.orchestra.run.smithi032.stdout:/usr/bin/ceph: stderr
2024-06-03T01:12:01.620+0000 7f785cfd4700 1 --2- >> [v2:172.21.15.32:3300/0,v1:172.21.15.32:6789/0] conn(0x7f7858107020 0x7f7858109410 unknown :-1 s=NONE pgs=0 cs=0 l=0 rev1=0 crypto rx=0 tx=0 comp rx=0 tx=0).connect
2024-06-03T01:12:02.476 INFO:teuthology.orchestra.run.smithi032.stdout:/usr/bin/ceph: stderr
2024-06-03T01:12:01.620+0000 7f785cfd4700 1 -- --> [v2:172.21.15.32:3300/0,v1:172.21.15.32:6789/0] -- mon_getmap magic: 0 v1 -- 0x7f7858074640 con 0x7f7858107020
2024-06-03T01:12:02.476 INFO:teuthology.orchestra.run.smithi032.stdout:/usr/bin/ceph: stderr
2024-06-03T01:12:01.620+0000 7f785659c700 1 --2- >> [v2:172.21.15.32:3300/0,v1:172.21.15.32:6789/0] conn(0x7f7858107020 0x7f7858109410 unknown :-1 s=BANNER_CONNECTING pgs=0 cs=0 l=0 rev1=0 crypto rx=0 tx=0 comp rx=0 tx=0)._handle_peer_banner_payload supported=3 required=0
2024-06-03T01:12:02.476 INFO:teuthology.orchestra.run.smithi032.stdout:/usr/bin/ceph: stderr
2024-06-03T01:12:01.620+0000 7f785659c700 1 --2- >> [v2:172.21.15.32:3300/0,v1:172.21.15.32:6789/0] conn(0x7f7858107020 0x7f7858109410 unknown :-1 s=HELLO_CONNECTING pgs=0 cs=0 l=0 rev1=1 crypto rx=0 tx=0 comp rx=0 tx=0).handle_hello peer v2:172.21.15.32:3300/0 says I am v2:172.21.15.32:53630/0 (socket says 172.21.15.32:53630)
2024-06-03T01:12:02.476 INFO:teuthology.orchestra.run.smithi032.stdout:/usr/bin/ceph: stderr
2024-06-03T01:12:01.620+0000 7f785659c700 1 -- 172.21.15.32:0/1442362354 learned_addr learned my addr 172.21.15.32:0/1442362354 (peer_addr_for_me v2:172.21.15.32:0/0)
2024-06-03T01:12:02.476 INFO:teuthology.orchestra.run.smithi032.stdout:/usr/bin/ceph: stderr
2024-06-03T01:12:01.620+0000 7f785659c700 1 -- 172.21.15.32:0/1442362354 --> [v2:172.21.15.32:3300/0,v1:172.21.15.32:6789/0] -- mon_subscribe({config=0+,monmap=0+}) v3 -- 0x7f7858109950 con 0x7f7858107020
2024-06-03T01:12:02.476 INFO:teuthology.orchestra.run.smithi032.stdout:/usr/bin/ceph: stderr
2024-06-03T01:12:01.620+0000 7f785659c700 1 --2- 172.21.15.32:0/1442362354 >> [v2:172.21.15.32:3300/0,v1:172.21.15.32:6789/0] conn(0x7f7858107020 0x7f7858109410 secure :-1 s=READY pgs=59 cs=0 l=1 rev1=1 crypto rx=0x7f7848009e80 tx=0x7f784800b330 comp rx=0 tx=0).ready entity=mon.0 client_cookie=fd42e0cbee6134e3 server_cookie=0 in_seq=0 out_seq=0
2024-06-03T01:12:02.476 INFO:teuthology.orchestra.run.smithi032.stdout:/usr/bin/ceph: stderr
2024-06-03T01:12:01.621+0000 7f785559a700 1 -- 172.21.15.32:0/1442362354 <== mon.0 v2:172.21.15.32:3300/0 1 ==== mon_map magic: 0 v1 ==== 229+0+0 (secure 0 0 0) 0x7f784800e070 con 0x7f7858107020
2024-06-03T01:12:02.476 INFO:teuthology.orchestra.run.smithi032.stdout:/usr/bin/ceph: stderr
2024-06-03T01:12:01.621+0000 7f785559a700 1 -- 172.21.15.32:0/1442362354 <== mon.0 v2:172.21.15.32:3300/0 2 ==== config(27 keys) v1 ==== 1101+0+0 (secure 0 0 0) 0x7f784800b8c0 con 0x7f7858107020
2024-06-03T01:12:02.476 INFO:teuthology.orchestra.run.smithi032.stdout:/usr/bin/ceph: stderr
2024-06-03T01:12:01.621+0000 7f785559a700 1 -- 172.21.15.32:0/1442362354 <== mon.0 v2:172.21.15.32:3300/0 3 ==== mon_map magic: 0 v1 ==== 229+0+0 (secure 0 0 0) 0x7f78480044d0 con 0x7f7858107020
2024-06-03T01:12:02.476 INFO:teuthology.orchestra.run.smithi032.stdout:/usr/bin/ceph: stderr
2024-06-03T01:12:01.621+0000 7f785cfd4700 1 -- 172.21.15.32:0/1442362354 >> [v2:172.21.15.32:3300/0,v1:172.21.15.32:6789/0] conn(0x7f7858107020 msgr2=0x7f7858109410 secure :-1 s=STATE_CONNECTION_ESTABLISHED l=1).mark_down
2024-06-03T01:12:02.477 INFO:teuthology.orchestra.run.smithi032.stdout:/usr/bin/ceph: stderr
2024-06-03T01:12:01.621+0000 7f785cfd4700 1 --2- 172.21.15.32:0/1442362354 >> [v2:172.21.15.32:3300/0,v1:172.21.15.32:6789/0] conn(0x7f7858107020 0x7f7858109410 secure :-1 s=READY pgs=59 cs=0 l=1 rev1=1 crypto rx=0x7f7848009e80 tx=0x7f784800b330 comp rx=0 tx=0).stop
2024-06-03T01:12:02.477 INFO:teuthology.orchestra.run.smithi032.stdout:/usr/bin/ceph: stderr
2024-06-03T01:12:01.621+0000 7f785cfd4700 1 -- 172.21.15.32:0/1442362354 shutdown_connections
2024-06-03T01:12:02.477 INFO:teuthology.orchestra.run.smithi032.stdout:/usr/bin/ceph: stderr
2024-06-03T01:12:01.621+0000 7f785cfd4700 1 --2- 172.21.15.32:0/1442362354 >> [v2:172.21.15.32:3300/0,v1:172.21.15.32:6789/0] conn(0x7f7858107020 0x7f7858109410 unknown :-1 s=CLOSED pgs=59 cs=0 l=1 rev1=1 crypto rx=0 tx=0 comp rx=0 tx=0).stop
2024-06-03T01:12:02.477 INFO:teuthology.orchestra.run.smithi032.stdout:/usr/bin/ceph: stderr
2024-06-03T01:12:01.621+0000 7f785cfd4700 1 -- 172.21.15.32:0/1442362354 >> 172.21.15.32:0/1442362354 conn(0x7f78581009f0 msgr2=0x7f7858102e50 unknown :-1 s=STATE_NONE l=0).mark_down
2024-06-03T01:12:02.477 INFO:teuthology.orchestra.run.smithi032.stdout:/usr/bin/ceph: stderr
2024-06-03T01:12:01.621+0000 7f785cfd4700 1 -- 172.21.15.32:0/1442362354 shutdown_connections
2024-06-03T01:12:02.477 INFO:teuthology.orchestra.run.smithi032.stdout:/usr/bin/ceph: stderr
2024-06-03T01:12:01.621+0000 7f785cfd4700 1 -- 172.21.15.32:0/1442362354 wait complete.
2024-06-03T01:12:02.477 INFO:teuthology.orchestra.run.smithi032.stdout:/usr/bin/ceph: stderr
2024-06-03T01:12:01.622+0000 7f785cfd4700 1 Processor -- start
2024-06-03T01:12:02.477 INFO:teuthology.orchestra.run.smithi032.stdout:/usr/bin/ceph: stderr
2024-06-03T01:12:01.622+0000 7f785cfd4700 1 -- start start
2024-06-03T01:12:02.477 INFO:teuthology.orchestra.run.smithi032.stdout:/usr/bin/ceph: stderr
2024-06-03T01:12:01.622+0000 7f785cfd4700 1 --2- >> [v2:172.21.15.32:3300/0,v1:172.21.15.32:6789/0] conn(0x7f7858107020 0x7f7858106980 unknown :-1 s=NONE pgs=0 cs=0 l=1 rev1=0 crypto rx=0 tx=0 comp rx=0 tx=0).connect
2024-06-03T01:12:02.477 INFO:teuthology.orchestra.run.smithi032.stdout:/usr/bin/ceph: stderr
2024-06-03T01:12:01.622+0000 7f785cfd4700 1 -- --> [v2:172.21.15.32:3300/0,v1:172.21.15.32:6789/0] -- mon_getmap magic: 0 v1 -- 0x7f7858106ec0 con 0x7f7858107020
2024-06-03T01:12:02.477 INFO:teuthology.orchestra.run.smithi032.stdout:/usr/bin/ceph: stderr
2024-06-03T01:12:01.622+0000 7f785659c700 1 --2- >> [v2:172.21.15.32:3300/0,v1:172.21.15.32:6789/0] conn(0x7f7858107020 0x7f7858106980 unknown :-1 s=BANNER_CONNECTING pgs=0 cs=0 l=1 rev1=0 crypto rx=0 tx=0 comp rx=0 tx=0)._handle_peer_banner_payload supported=3 required=0
2024-06-03T01:12:02.477 INFO:teuthology.orchestra.run.smithi032.stdout:/usr/bin/ceph: stderr
2024-06-03T01:12:01.623+0000 7f785659c700 1 --2- >> [v2:172.21.15.32:3300/0,v1:172.21.15.32:6789/0] conn(0x7f7858107020 0x7f7858106980 unknown :-1 s=HELLO_CONNECTING pgs=0 cs=0 l=1 rev1=1 crypto rx=0 tx=0 comp rx=0 tx=0).handle_hello peer v2:172.21.15.32:3300/0 says I am v2:172.21.15.32:53646/0 (socket says 172.21.15.32:53646)
2024-06-03T01:12:02.477 INFO:teuthology.orchestra.run.smithi032.stdout:/usr/bin/ceph: stderr
2024-06-03T01:12:01.623+0000 7f785659c700 1 -- 172.21.15.32:0/1465710516 learned_addr learned my addr 172.21.15.32:0/1465710516 (peer_addr_for_me v2:172.21.15.32:0/0)
2024-06-03T01:12:02.478 INFO:teuthology.orchestra.run.smithi032.stdout:/usr/bin/ceph: stderr
2024-06-03T01:12:01.623+0000 7f785659c700 1 -- 172.21.15.32:0/1465710516 --> [v2:172.21.15.32:3300/0,v1:172.21.15.32:6789/0] -- mon_subscribe({config=0+,monmap=0+}) v3 -- 0x7f7848009b30 con 0x7f7858107020
2024-06-03T01:12:02.478 INFO:teuthology.orchestra.run.smithi032.stdout:/usr/bin/ceph: stderr
2024-06-03T01:12:01.623+0000 7f785659c700 1 --2- 172.21.15.32:0/1465710516 >> [v2:172.21.15.32:3300/0,v1:172.21.15.32:6789/0] conn(0x7f7858107020 0x7f7858106980 secure :-1 s=READY pgs=60 cs=0 l=1 rev1=1 crypto rx=0x7f7848004070 tx=0x7f78480049f0 comp rx=0 tx=0).ready entity=mon.0 client_cookie=0 server_cookie=0 in_seq=0 out_seq=0
2024-06-03T01:12:02.478 INFO:teuthology.orchestra.run.smithi032.stdout:/usr/bin/ceph: stderr
2024-06-03T01:12:01.623+0000 7f784f7fe700 1 -- 172.21.15.32:0/1465710516 <== mon.0 v2:172.21.15.32:3300/0 1 ==== mon_map magic: 0 v1 ==== 229+0+0 (secure 0 0 0) 0x7f784800e040 con 0x7f7858107020
2024-06-03T01:12:02.478 INFO:teuthology.orchestra.run.smithi032.stdout:/usr/bin/ceph: stderr
2024-06-03T01:12:01.623+0000 7f784f7fe700 1 -- 172.21.15.32:0/1465710516 <== mon.0 v2:172.21.15.32:3300/0 2 ==== config(27 keys) v1 ==== 1101+0+0 (secure 0 0 0) 0x7f784800be00 con 0x7f7858107020
2024-06-03T01:12:02.478 INFO:teuthology.orchestra.run.smithi032.stdout:/usr/bin/ceph: stderr
2024-06-03T01:12:01.623+0000 7f784f7fe700 1 -- 172.21.15.32:0/1465710516 <== mon.0 v2:172.21.15.32:3300/0 3 ==== mon_map magic: 0 v1 ==== 229+0+0 (secure 0 0 0) 0x7f7848012770 con 0x7f7858107020
2024-06-03T01:12:02.478 INFO:teuthology.orchestra.run.smithi032.stdout:/usr/bin/ceph: stderr
2024-06-03T01:12:01.623+0000 7f785cfd4700 1 -- 172.21.15.32:0/1465710516 --> [v2:172.21.15.32:3300/0,v1:172.21.15.32:6789/0] -- mon_subscribe({mgrmap=0+}) v3 -- 0x7f7858104fd0 con 0x7f7858107020
2024-06-03T01:12:02.478 INFO:teuthology.orchestra.run.smithi032.stdout:/usr/bin/ceph: stderr
2024-06-03T01:12:01.623+0000 7f785cfd4700 1 -- 172.21.15.32:0/1465710516 --> [v2:172.21.15.32:3300/0,v1:172.21.15.32:6789/0] -- mon_subscribe({osdmap=0}) v3 -- 0x7f78581054d0 con 0x7f7858107020
2024-06-03T01:12:02.478 INFO:teuthology.orchestra.run.smithi032.stdout:/usr/bin/ceph: stderr
2024-06-03T01:12:01.624+0000 7f784f7fe700 1 -- 172.21.15.32:0/1465710516 <== mon.0 v2:172.21.15.32:3300/0 4 ==== mgrmap(e 8) v1 ==== 45283+0+0 (secure 0 0 0) 0x7f7848019040 con 0x7f7858107020
2024-06-03T01:12:02.478 INFO:teuthology.orchestra.run.smithi032.stdout:/usr/bin/ceph: stderr
2024-06-03T01:12:01.624+0000 7f785cfd4700 1 -- 172.21.15.32:0/1465710516 --> [v2:172.21.15.32:3300/0,v1:172.21.15.32:6789/0] -- mon_command({"prefix": "get_command_descriptions"} v 0) v1 -- 0x7f78580623c0 con 0x7f7858107020
2024-06-03T01:12:02.479 INFO:teuthology.orchestra.run.smithi032.stdout:/usr/bin/ceph: stderr
2024-06-03T01:12:01.624+0000 7f784f7fe700 1 --2- 172.21.15.32:0/1465710516 >> [v2:172.21.15.32:6800/3147998267,v1:172.21.15.32:6801/3147998267] conn(0x7f7844038370 0x7f784403a830 unknown :-1 s=NONE pgs=0 cs=0 l=1 rev1=0 crypto rx=0 tx=0 comp rx=0 tx=0).connect
2024-06-03T01:12:02.479 INFO:teuthology.orchestra.run.smithi032.stdout:/usr/bin/ceph: stderr
2024-06-03T01:12:01.624+0000 7f784f7fe700 1 -- 172.21.15.32:0/1465710516 <== mon.0 v2:172.21.15.32:3300/0 5 ==== osd_map(2..2 src has 1..2) v4 ==== 940+0+0 (secure 0 0 0) 0x7f784804bcc0 con 0x7f7858107020
2024-06-03T01:12:02.479 INFO:teuthology.orchestra.run.smithi032.stdout:/usr/bin/ceph: stderr
2024-06-03T01:12:01.625+0000 7f7855d9b700 1 --2- 172.21.15.32:0/1465710516 >> [v2:172.21.15.32:6800/3147998267,v1:172.21.15.32:6801/3147998267] conn(0x7f7844038370 0x7f784403a830 unknown :-1 s=BANNER_CONNECTING pgs=0 cs=0 l=1 rev1=0 crypto rx=0 tx=0 comp rx=0 tx=0)._handle_peer_banner_payload supported=3 required=0
2024-06-03T01:12:02.479 INFO:teuthology.orchestra.run.smithi032.stdout:/usr/bin/ceph: stderr
2024-06-03T01:12:01.625+0000 7f7855d9b700 1 --2- 172.21.15.32:0/1465710516 >> [v2:172.21.15.32:6800/3147998267,v1:172.21.15.32:6801/3147998267] conn(0x7f7844038370 0x7f784403a830 secure :-1 s=READY pgs=18 cs=0 l=1 rev1=1 crypto rx=0x7f7840006fd0 tx=0x7f7840006e40 comp rx=0 tx=0).ready entity=mgr.14120 client_cookie=0 server_cookie=0 in_seq=0 out_seq=0
2024-06-03T01:12:02.479 INFO:teuthology.orchestra.run.smithi032.stdout:/usr/bin/ceph: stderr
2024-06-03T01:12:01.629+0000 7f784f7fe700 1 -- 172.21.15.32:0/1465710516 <== mon.0 v2:172.21.15.32:3300/0 6 ==== mon_command_ack([{"prefix": "get_command_descriptions"}]=0 v0) v1 ==== 72+0+180422 (secure 0 0 0) 0x7f784801a570 con 0x7f7858107020
2024-06-03T01:12:02.479 INFO:teuthology.orchestra.run.smithi032.stdout:/usr/bin/ceph: stderr
