2024-06-03T01:11:29.179 INFO:teuthology.orchestra.run.smithi032.stdout:/usr/bin/ceph: stderr
2024-06-03T01:11:28.592+0000 7f60d27fc700 1 -- 172.21.15.32:0/3234154936 <== mon.0 v2:172.21.15.32:3300/0 5 ==== osd_map(1..1 src has 1..1) v4 ==== 725+0+0 (secure 0 0 0) 0x7f60d80249d0 con 0x7f60dc106fe0
2024-06-03T01:11:29.179 INFO:teuthology.orchestra.run.smithi032.stdout:/usr/bin/ceph: stderr
2024-06-03T01:11:28.593+0000 7f60e34c6700 1 -- 172.21.15.32:0/3234154936 --> [v2:172.21.15.32:3300/0,v1:172.21.15.32:6789/0] -- mon_command({"prefix": "get_command_descriptions"} v 0) v1 -- 0x7f60dc0623c0 con 0x7f60dc106fe0
2024-06-03T01:11:29.179 INFO:teuthology.orchestra.run.smithi032.stdout:/usr/bin/ceph: stderr
2024-06-03T01:11:28.595+0000 7f60d27fc700 1 -- 172.21.15.32:0/3234154936 <== mon.0 v2:172.21.15.32:3300/0 6 ==== mon_command_ack([{"prefix": "get_command_descriptions"}]=0 v0) v1 ==== 72+0+72446 (secure 0 0 0) 0x7f60d801aa10 con 0x7f60dc106fe0
2024-06-03T01:11:29.179 INFO:teuthology.orchestra.run.smithi032.stdout:/usr/bin/ceph: stderr
2024-06-03T01:11:28.607+0000 7f60d27fc700 1 -- 172.21.15.32:0/3234154936 <== mon.0 v2:172.21.15.32:3300/0 7 ==== mgrmap(e 2) v1 ==== 45039+0+0 (secure 0 0 0) 0x7f60d801a430 con 0x7f60dc106fe0
2024-06-03T01:11:29.179 INFO:teuthology.orchestra.run.smithi032.stdout:/usr/bin/ceph: stderr
2024-06-03T01:11:28.674+0000 7f60e34c6700 1 -- 172.21.15.32:0/3234154936 --> [v2:172.21.15.32:3300/0,v1:172.21.15.32:6789/0] -- mon_command({"prefix": "status", "format": "json-pretty"} v 0) v1 -- 0x7f60dc19d8a0 con 0x7f60dc106fe0
2024-06-03T01:11:29.180 INFO:teuthology.orchestra.run.smithi032.stdout:/usr/bin/ceph: stderr
2024-06-03T01:11:28.674+0000 7f60d27fc700 1 -- 172.21.15.32:0/3234154936 <== mon.0 v2:172.21.15.32:3300/0 8 ==== mon_command_ack([{"prefix": "status", "format": "json-pretty"}]=0 v0) v1 ==== 79+0+1246 (secure 0 0 0) 0x7f60d801a6e0 con 0x7f60dc106fe0
2024-06-03T01:11:29.180 INFO:teuthology.orchestra.run.smithi032.stdout:/usr/bin/ceph: stderr
2024-06-03T01:11:28.675+0000 7f60e34c6700 1 -- 172.21.15.32:0/3234154936 >> [v2:172.21.15.32:3300/0,v1:172.21.15.32:6789/0] conn(0x7f60dc106fe0 msgr2=0x7f60dc19a130 secure :-1 s=STATE_CONNECTION_ESTABLISHED l=1).mark_down
2024-06-03T01:11:29.180 INFO:teuthology.orchestra.run.smithi032.stdout:/usr/bin/ceph: stderr
2024-06-03T01:11:28.675+0000 7f60e34c6700 1 --2- 172.21.15.32:0/3234154936 >> [v2:172.21.15.32:3300/0,v1:172.21.15.32:6789/0] conn(0x7f60dc106fe0 0x7f60dc19a130 secure :-1 s=READY pgs=10 cs=0 l=1 rev1=1 crypto rx=0x7f60d80119e0 tx=0x7f60d8011ac0 comp rx=0 tx=0).stop
2024-06-03T01:11:29.180 INFO:teuthology.orchestra.run.smithi032.stdout:/usr/bin/ceph: stderr
2024-06-03T01:11:28.675+0000 7f60e34c6700 1 -- 172.21.15.32:0/3234154936 shutdown_connections
2024-06-03T01:11:29.180 INFO:teuthology.orchestra.run.smithi032.stdout:/usr/bin/ceph: stderr
2024-06-03T01:11:28.675+0000 7f60e34c6700 1 --2- 172.21.15.32:0/3234154936 >> [v2:172.21.15.32:3300/0,v1:172.21.15.32:6789/0] conn(0x7f60dc106fe0 0x7f60dc19a130 unknown :-1 s=CLOSED pgs=10 cs=0 l=1 rev1=1 crypto rx=0 tx=0 comp rx=0 tx=0).stop
2024-06-03T01:11:29.180 INFO:teuthology.orchestra.run.smithi032.stdout:/usr/bin/ceph: stderr
2024-06-03T01:11:28.675+0000 7f60e34c6700 1 -- 172.21.15.32:0/3234154936 >> 172.21.15.32:0/3234154936 conn(0x7f60dc1009f0 msgr2=0x7f60dc101740 unknown :-1 s=STATE_NONE l=0).mark_down
2024-06-03T01:11:29.180 INFO:teuthology.orchestra.run.smithi032.stdout:/usr/bin/ceph: stderr
2024-06-03T01:11:28.676+0000 7f60e34c6700 1 -- 172.21.15.32:0/3234154936 shutdown_connections
2024-06-03T01:11:29.181 INFO:teuthology.orchestra.run.smithi032.stdout:/usr/bin/ceph: stderr
2024-06-03T01:11:28.676+0000 7f60e34c6700 1 -- 172.21.15.32:0/3234154936 wait complete.
2024-06-03T01:11:29.181 INFO:teuthology.orchestra.run.smithi032.stdout:mgr not available, waiting (3/15)...
2024-06-03T01:11:30.085 INFO:journalctl@ceph.mon.smithi032.smithi032.stdout:Jun 03 01:11:29 smithi032 ceph-mon[29360]: from='client.? 172.21.15.32:0/3234154936' entity='client.admin' cmd=[{"prefix": "status", "format": "json-pretty"}]: dispatch
2024-06-03T01:11:30.085 INFO:journalctl@ceph.mon.smithi032.smithi032.stdout:Jun 03 01:11:29 smithi032 ceph-mon[29360]: mgrmap e3: smithi032.kfcfaa(active, since 1.00858s)
2024-06-03T01:11:31.835 INFO:journalctl@ceph.mon.smithi032.smithi032.stdout:Jun 03 01:11:31 smithi032 ceph-mon[29360]: mgrmap e4: smithi032.kfcfaa(active, since 2s)
2024-06-03T01:11:32.433 INFO:teuthology.orchestra.run.smithi032.stdout:/usr/bin/ceph: stdout
2024-06-03T01:11:32.433 INFO:teuthology.orchestra.run.smithi032.stdout:/usr/bin/ceph: stdout {
2024-06-03T01:11:32.434 INFO:teuthology.orchestra.run.smithi032.stdout:/usr/bin/ceph: stdout "fsid": "12a144f0-2146-11ef-bc9b-c7b262605968",
2024-06-03T01:11:32.434 INFO:teuthology.orchestra.run.smithi032.stdout:/usr/bin/ceph: stdout "health": {
2024-06-03T01:11:32.434 INFO:teuthology.orchestra.run.smithi032.stdout:/usr/bin/ceph: stdout "status": "HEALTH_OK",
2024-06-03T01:11:32.434 INFO:teuthology.orchestra.run.smithi032.stdout:/usr/bin/ceph: stdout "checks": {},
2024-06-03T01:11:32.434 INFO:teuthology.orchestra.run.smithi032.stdout:/usr/bin/ceph: stdout "mutes": []
2024-06-03T01:11:32.434 INFO:teuthology.orchestra.run.smithi032.stdout:/usr/bin/ceph: stdout },
2024-06-03T01:11:32.434 INFO:teuthology.orchestra.run.smithi032.stdout:/usr/bin/ceph: stdout "election_epoch": 5,
2024-06-03T01:11:32.434 INFO:teuthology.orchestra.run.smithi032.stdout:/usr/bin/ceph: stdout "quorum": [
2024-06-03T01:11:32.434 INFO:teuthology.orchestra.run.smithi032.stdout:/usr/bin/ceph: stdout 0
2024-06-03T01:11:32.434 INFO:teuthology.orchestra.run.smithi032.stdout:/usr/bin/ceph: stdout ],
2024-06-03T01:11:32.434 INFO:teuthology.orchestra.run.smithi032.stdout:/usr/bin/ceph: stdout "quorum_names": [
2024-06-03T01:11:32.434 INFO:teuthology.orchestra.run.smithi032.stdout:/usr/bin/ceph: stdout "smithi032"
2024-06-03T01:11:32.434 INFO:teuthology.orchestra.run.smithi032.stdout:/usr/bin/ceph: stdout ],
2024-06-03T01:11:32.435 INFO:teuthology.orchestra.run.smithi032.stdout:/usr/bin/ceph: stdout "quorum_age": 12,
2024-06-03T01:11:32.435 INFO:teuthology.orchestra.run.smithi032.stdout:/usr/bin/ceph: stdout "monmap": {
2024-06-03T01:11:32.435 INFO:teuthology.orchestra.run.smithi032.stdout:/usr/bin/ceph: stdout "epoch": 1,
2024-06-03T01:11:32.435 INFO:teuthology.orchestra.run.smithi032.stdout:/usr/bin/ceph: stdout "min_mon_release_name": "reef",
2024-06-03T01:11:32.435 INFO:teuthology.orchestra.run.smithi032.stdout:/usr/bin/ceph: stdout "num_mons": 1
2024-06-03T01:11:32.435 INFO:teuthology.orchestra.run.smithi032.stdout:/usr/bin/ceph: stdout },
2024-06-03T01:11:32.435 INFO:teuthology.orchestra.run.smithi032.stdout:/usr/bin/ceph: stdout "osdmap": {
2024-06-03T01:11:32.435 INFO:teuthology.orchestra.run.smithi032.stdout:/usr/bin/ceph: stdout "epoch": 1,
2024-06-03T01:11:32.435 INFO:teuthology.orchestra.run.smithi032.stdout:/usr/bin/ceph: stdout "num_osds": 0,
2024-06-03T01:11:32.435 INFO:teuthology.orchestra.run.smithi032.stdout:/usr/bin/ceph: stdout "num_up_osds": 0,
2024-06-03T01:11:32.435 INFO:teuthology.orchestra.run.smithi032.stdout:/usr/bin/ceph: stdout "osd_up_since": 0,
2024-06-03T01:11:32.443 INFO:teuthology.orchestra.run.smithi032.stdout:/usr/bin/ceph: stdout "num_in_osds": 0,
2024-06-03T01:11:32.443 INFO:teuthology.orchestra.run.smithi032.stdout:/usr/bin/ceph: stdout "osd_in_since": 0,
2024-06-03T01:11:32.443 INFO:teuthology.orchestra.run.smithi032.stdout:/usr/bin/ceph: stdout "num_remapped_pgs": 0
2024-06-03T01:11:32.443 INFO:teuthology.orchestra.run.smithi032.stdout:/usr/bin/ceph: stdout },
2024-06-03T01:11:32.444 INFO:teuthology.orchestra.run.smithi032.stdout:/usr/bin/ceph: stdout "pgmap": {
2024-06-03T01:11:32.444 INFO:teuthology.orchestra.run.smithi032.stdout:/usr/bin/ceph: stdout "pgs_by_state": [],
2024-06-03T01:11:32.444 INFO:teuthology.orchestra.run.smithi032.stdout:/usr/bin/ceph: stdout "num_pgs": 0,
2024-06-03T01:11:32.444 INFO:teuthology.orchestra.run.smithi032.stdout:/usr/bin/ceph: stdout "num_pools": 0,
2024-06-03T01:11:32.444 INFO:teuthology.orchestra.run.smithi032.stdout:/usr/bin/ceph: stdout "num_objects": 0,
2024-06-03T01:11:32.444 INFO:teuthology.orchestra.run.smithi032.stdout:/usr/bin/ceph: stdout "data_bytes": 0,
2024-06-03T01:11:32.444 INFO:teuthology.orchestra.run.smithi032.stdout:/usr/bin/ceph: stdout "bytes_used": 0,
2024-06-03T01:11:32.444 INFO:teuthology.orchestra.run.smithi032.stdout:/usr/bin/ceph: stdout "bytes_avail": 0,
2024-06-03T01:11:32.444 INFO:teuthology.orchestra.run.smithi032.stdout:/usr/bin/ceph: stdout "bytes_total": 0
2024-06-03T01:11:32.444 INFO:teuthology.orchestra.run.smithi032.stdout:/usr/bin/ceph: stdout },
2024-06-03T01:11:32.444 INFO:teuthology.orchestra.run.smithi032.stdout:/usr/bin/ceph: stdout "fsmap": {
2024-06-03T01:11:32.444 INFO:teuthology.orchestra.run.smithi032.stdout:/usr/bin/ceph: stdout "epoch": 1,
2024-06-03T01:11:32.444 INFO:teuthology.orchestra.run.smithi032.stdout:/usr/bin/ceph: stdout "by_rank": [],
2024-06-03T01:11:32.444 INFO:teuthology.orchestra.run.smithi032.stdout:/usr/bin/ceph: stdout "up:standby": 0
2024-06-03T01:11:32.445 INFO:teuthology.orchestra.run.smithi032.stdout:/usr/bin/ceph: stdout },
2024-06-03T01:11:32.445 INFO:teuthology.orchestra.run.smithi032.stdout:/usr/bin/ceph: stdout "mgrmap": {
2024-06-03T01:11:32.445 INFO:teuthology.orchestra.run.smithi032.stdout:/usr/bin/ceph: stdout "available": true,
2024-06-03T01:11:32.445 INFO:teuthology.orchestra.run.smithi032.stdout:/usr/bin/ceph: stdout "num_standbys": 0,
2024-06-03T01:11:32.445 INFO:teuthology.orchestra.run.smithi032.stdout:/usr/bin/ceph: stdout "modules": [
2024-06-03T01:11:32.445 INFO:teuthology.orchestra.run.smithi032.stdout:/usr/bin/ceph: stdout "iostat",
2024-06-03T01:11:32.445 INFO:teuthology.orchestra.run.smithi032.stdout:/usr/bin/ceph: stdout "nfs",
2024-06-03T01:11:32.445 INFO:teuthology.orchestra.run.smithi032.stdout:/usr/bin/ceph: stdout "restful"
2024-06-03T01:11:32.445 INFO:teuthology.orchestra.run.smithi032.stdout:/usr/bin/ceph: stdout ],
2024-06-03T01:11:32.445 INFO:teuthology.orchestra.run.smithi032.stdout:/usr/bin/ceph: stdout "services": {}
2024-06-03T01:11:32.445 INFO:teuthology.orchestra.run.smithi032.stdout:/usr/bin/ceph: stdout },
2024-06-03T01:11:32.445 INFO:teuthology.orchestra.run.smithi032.stdout:/usr/bin/ceph: stdout "servicemap": {
2024-06-03T01:11:32.445 INFO:teuthology.orchestra.run.smithi032.stdout:/usr/bin/ceph: stdout "epoch": 1,
2024-06-03T01:11:32.445 INFO:teuthology.orchestra.run.smithi032.stdout:/usr/bin/ceph: stdout "modified": "2024-06-03T01:11:14.451395+0000",
2024-06-03T01:11:32.446 INFO:teuthology.orchestra.run.smithi032.stdout:/usr/bin/ceph: stdout "services": {}
2024-06-03T01:11:32.446 INFO:teuthology.orchestra.run.smithi032.stdout:/usr/bin/ceph: stdout },
2024-06-03T01:11:32.446 INFO:teuthology.orchestra.run.smithi032.stdout:/usr/bin/ceph: stdout "progress_events": {}
2024-06-03T01:11:32.446 INFO:teuthology.orchestra.run.smithi032.stdout:/usr/bin/ceph: stdout }
2024-06-03T01:11:32.446 INFO:teuthology.orchestra.run.smithi032.stdout:/usr/bin/ceph: stderr
2024-06-03T01:11:31.567+0000 7fb39509f700 1 Processor -- start
2024-06-03T01:11:32.446 INFO:teuthology.orchestra.run.smithi032.stdout:/usr/bin/ceph: stderr
2024-06-03T01:11:31.567+0000 7fb39509f700 1 -- start start
2024-06-03T01:11:32.446 INFO:teuthology.orchestra.run.smithi032.stdout:/usr/bin/ceph: stderr
2024-06-03T01:11:31.567+0000 7fb39509f700 1 --2- >> [v2:172.21.15.32:3300/0,v1:172.21.15.32:6789/0] conn(0x7fb390107020 0x7fb390109410 unknown :-1 s=NONE pgs=0 cs=0 l=0 rev1=0 crypto rx=0 tx=0 comp rx=0 tx=0).connect
2024-06-03T01:11:32.446 INFO:teuthology.orchestra.run.smithi032.stdout:/usr/bin/ceph: stderr
2024-06-03T01:11:31.567+0000 7fb39509f700 1 -- --> [v2:172.21.15.32:3300/0,v1:172.21.15.32:6789/0] -- mon_getmap magic: 0 v1 -- 0x7fb390079e30 con 0x7fb390107020
2024-06-03T01:11:32.446 INFO:teuthology.orchestra.run.smithi032.stdout:/usr/bin/ceph: stderr
2024-06-03T01:11:31.568+0000 7fb38ed9d700 1 --2- >> [v2:172.21.15.32:3300/0,v1:172.21.15.32:6789/0] conn(0x7fb390107020 0x7fb390109410 unknown :-1 s=BANNER_CONNECTING pgs=0 cs=0 l=0 rev1=0 crypto rx=0 tx=0 comp rx=0 tx=0)._handle_peer_banner_payload supported=3 required=0
2024-06-03T01:11:32.446 INFO:teuthology.orchestra.run.smithi032.stdout:/usr/bin/ceph: stderr
2024-06-03T01:11:31.568+0000 7fb38ed9d700 1 --2- >> [v2:172.21.15.32:3300/0,v1:172.21.15.32:6789/0] conn(0x7fb390107020 0x7fb390109410 unknown :-1 s=HELLO_CONNECTING pgs=0 cs=0 l=0 rev1=1 crypto rx=0 tx=0 comp rx=0 tx=0).handle_hello peer v2:172.21.15.32:3300/0 says I am v2:172.21.15.32:39126/0 (socket says 172.21.15.32:39126)
2024-06-03T01:11:32.446 INFO:teuthology.orchestra.run.smithi032.stdout:/usr/bin/ceph: stderr
2024-06-03T01:11:31.568+0000 7fb38ed9d700 1 -- 172.21.15.32:0/933832124 learned_addr learned my addr 172.21.15.32:0/933832124 (peer_addr_for_me v2:172.21.15.32:0/0)
2024-06-03T01:11:32.446 INFO:teuthology.orchestra.run.smithi032.stdout:/usr/bin/ceph: stderr
2024-06-03T01:11:31.568+0000 7fb38ed9d700 1 -- 172.21.15.32:0/933832124 --> [v2:172.21.15.32:3300/0,v1:172.21.15.32:6789/0] -- mon_subscribe({config=0+,monmap=0+}) v3 -- 0x7fb390109950 con 0x7fb390107020
2024-06-03T01:11:32.446 INFO:teuthology.orchestra.run.smithi032.stdout:/usr/bin/ceph: stderr
2024-06-03T01:11:31.568+0000 7fb38ed9d700 1 --2- 172.21.15.32:0/933832124 >> [v2:172.21.15.32:3300/0,v1:172.21.15.32:6789/0] conn(0x7fb390107020 0x7fb390109410 secure :-1 s=READY pgs=18 cs=0 l=1 rev1=1 crypto rx=0x7fb3800098a0 tx=0x7fb380009bb0 comp rx=0 tx=0).ready entity=mon.0 client_cookie=9d627d5d64a18282 server_cookie=0 in_seq=0 out_seq=0
2024-06-03T01:11:32.447 INFO:teuthology.orchestra.run.smithi032.stdout:/usr/bin/ceph: stderr
2024-06-03T01:11:31.568+0000 7fb38dd9b700 1 -- 172.21.15.32:0/933832124 <== mon.0 v2:172.21.15.32:3300/0 1 ==== mon_map magic: 0 v1 ==== 229+0+0 (secure 0 0 0) 0x7fb380004180 con 0x7fb390107020
2024-06-03T01:11:32.447 INFO:teuthology.orchestra.run.smithi032.stdout:/usr/bin/ceph: stderr
2024-06-03T01:11:31.568+0000 7fb38dd9b700 1 -- 172.21.15.32:0/933832124 <== mon.0 v2:172.21.15.32:3300/0 2 ==== config(27 keys) v1 ==== 1037+0+0 (secure 0 0 0) 0x7fb3800042e0 con 0x7fb390107020
2024-06-03T01:11:32.447 INFO:teuthology.orchestra.run.smithi032.stdout:/usr/bin/ceph: stderr
2024-06-03T01:11:31.568+0000 7fb38dd9b700 1 -- 172.21.15.32:0/933832124 <== mon.0 v2:172.21.15.32:3300/0 3 ==== mon_map magic: 0 v1 ==== 229+0+0 (secure 0 0 0) 0x7fb380011a50 con 0x7fb390107020
2024-06-03T01:11:32.447 INFO:teuthology.orchestra.run.smithi032.stdout:/usr/bin/ceph: stderr
2024-06-03T01:11:31.569+0000 7fb39509f700 1 -- 172.21.15.32:0/933832124 >> [v2:172.21.15.32:3300/0,v1:172.21.15.32:6789/0] conn(0x7fb390107020 msgr2=0x7fb390109410 secure :-1 s=STATE_CONNECTION_ESTABLISHED l=1).mark_down
2024-06-03T01:11:32.447 INFO:teuthology.orchestra.run.smithi032.stdout:/usr/bin/ceph: stderr
2024-06-03T01:11:31.569+0000 7fb39509f700 1 --2- 172.21.15.32:0/933832124 >> [v2:172.21.15.32:3300/0,v1:172.21.15.32:6789/0] conn(0x7fb390107020 0x7fb390109410 secure :-1 s=READY pgs=18 cs=0 l=1 rev1=1 crypto rx=0x7fb3800098a0 tx=0x7fb380009bb0 comp rx=0 tx=0).stop
2024-06-03T01:11:32.447 INFO:teuthology.orchestra.run.smithi032.stdout:/usr/bin/ceph: stderr
2024-06-03T01:11:31.569+0000 7fb39509f700 1 -- 172.21.15.32:0/933832124 shutdown_connections
2024-06-03T01:11:32.447 INFO:teuthology.orchestra.run.smithi032.stdout:/usr/bin/ceph: stderr
2024-06-03T01:11:31.569+0000 7fb39509f700 1 --2- 172.21.15.32:0/933832124 >> [v2:172.21.15.32:3300/0,v1:172.21.15.32:6789/0] conn(0x7fb390107020 0x7fb390109410 unknown :-1 s=CLOSED pgs=18 cs=0 l=1 rev1=1 crypto rx=0 tx=0 comp rx=0 tx=0).stop
2024-06-03T01:11:32.447 INFO:teuthology.orchestra.run.smithi032.stdout:/usr/bin/ceph: stderr
2024-06-03T01:11:31.569+0000 7fb39509f700 1 -- 172.21.15.32:0/933832124 >> 172.21.15.32:0/933832124 conn(0x7fb3901009f0 msgr2=0x7fb390102e30 unknown :-1 s=STATE_NONE l=0).mark_down
2024-06-03T01:11:32.447 INFO:teuthology.orchestra.run.smithi032.stdout:/usr/bin/ceph: stderr
2024-06-03T01:11:31.569+0000 7fb39509f700 1 -- 172.21.15.32:0/933832124 shutdown_connections
2024-06-03T01:11:32.447 INFO:teuthology.orchestra.run.smithi032.stdout:/usr/bin/ceph: stderr
2024-06-03T01:11:31.569+0000 7fb39509f700 1 -- 172.21.15.32:0/933832124 wait complete.
2024-06-03T01:11:32.447 INFO:teuthology.orchestra.run.smithi032.stdout:/usr/bin/ceph: stderr
2024-06-03T01:11:31.570+0000 7fb39509f700 1 Processor -- start
2024-06-03T01:11:32.447 INFO:teuthology.orchestra.run.smithi032.stdout:/usr/bin/ceph: stderr
2024-06-03T01:11:31.570+0000 7fb39509f700 1 -- start start
2024-06-03T01:11:32.447 INFO:teuthology.orchestra.run.smithi032.stdout:/usr/bin/ceph: stderr
2024-06-03T01:11:31.570+0000 7fb39509f700 1 --2- >> [v2:172.21.15.32:3300/0,v1:172.21.15.32:6789/0] conn(0x7fb390107020 0x7fb39019a1d0 unknown :-1 s=NONE pgs=0 cs=0 l=1 rev1=0 crypto rx=0 tx=0 comp rx=0 tx=0).connect
2024-06-03T01:11:32.447 INFO:teuthology.orchestra.run.smithi032.stdout:/usr/bin/ceph: stderr
2024-06-03T01:11:31.570+0000 7fb39509f700 1 -- --> [v2:172.21.15.32:3300/0,v1:172.21.15.32:6789/0] -- mon_getmap magic: 0 v1 -- 0x7fb39019a710 con 0x7fb390107020
2024-06-03T01:11:32.448 INFO:teuthology.orchestra.run.smithi032.stdout:/usr/bin/ceph: stderr
2024-06-03T01:11:31.570+0000 7fb38ed9d700 1 --2- >> [v2:172.21.15.32:3300/0,v1:172.21.15.32:6789/0] conn(0x7fb390107020 0x7fb39019a1d0 unknown :-1 s=BANNER_CONNECTING pgs=0 cs=0 l=1 rev1=0 crypto rx=0 tx=0 comp rx=0 tx=0)._handle_peer_banner_payload supported=3 required=0
2024-06-03T01:11:32.448 INFO:teuthology.orchestra.run.smithi032.stdout:/usr/bin/ceph: stderr
2024-06-03T01:11:31.570+0000 7fb38ed9d700 1 --2- >> [v2:172.21.15.32:3300/0,v1:172.21.15.32:6789/0] conn(0x7fb390107020 0x7fb39019a1d0 unknown :-1 s=HELLO_CONNECTING pgs=0 cs=0 l=1 rev1=1 crypto rx=0 tx=0 comp rx=0 tx=0).handle_hello peer v2:172.21.15.32:3300/0 says I am v2:172.21.15.32:39136/0 (socket says 172.21.15.32:39136)
2024-06-03T01:11:32.448 INFO:teuthology.orchestra.run.smithi032.stdout:/usr/bin/ceph: stderr
2024-06-03T01:11:31.570+0000 7fb38ed9d700 1 -- 172.21.15.32:0/2379890842 learned_addr learned my addr 172.21.15.32:0/2379890842 (peer_addr_for_me v2:172.21.15.32:0/0)
2024-06-03T01:11:32.448 INFO:teuthology.orchestra.run.smithi032.stdout:/usr/bin/ceph: stderr
2024-06-03T01:11:31.571+0000 7fb38ed9d700 1 -- 172.21.15.32:0/2379890842 --> [v2:172.21.15.32:3300/0,v1:172.21.15.32:6789/0] -- mon_subscribe({config=0+,monmap=0+}) v3 -- 0x7fb380009550 con 0x7fb390107020
2024-06-03T01:11:32.448 INFO:teuthology.orchestra.run.smithi032.stdout:/usr/bin/ceph: stderr
2024-06-03T01:11:31.571+0000 7fb38ed9d700 1 --2- 172.21.15.32:0/2379890842 >> [v2:172.21.15.32:3300/0,v1:172.21.15.32:6789/0] conn(0x7fb390107020 0x7fb39019a1d0 secure :-1 s=READY pgs=19 cs=0 l=1 rev1=1 crypto rx=0x7fb380003de0 tx=0x7fb380011ab0 comp rx=0 tx=0).ready entity=mon.0 client_cookie=0 server_cookie=0 in_seq=0 out_seq=0
2024-06-03T01:11:32.448 INFO:teuthology.orchestra.run.smithi032.stdout:/usr/bin/ceph: stderr
2024-06-03T01:11:31.571+0000 7fb377fff700 1 -- 172.21.15.32:0/2379890842 <== mon.0 v2:172.21.15.32:3300/0 1 ==== mon_map magic: 0 v1 ==== 229+0+0 (secure 0 0 0) 0x7fb380003930 con 0x7fb390107020
2024-06-03T01:11:32.448 INFO:teuthology.orchestra.run.smithi032.stdout:/usr/bin/ceph: stderr
2024-06-03T01:11:31.571+0000 7fb377fff700 1 -- 172.21.15.32:0/2379890842 <== mon.0 v2:172.21.15.32:3300/0 2 ==== config(27 keys) v1 ==== 1037+0+0 (secure 0 0 0) 0x7fb380003a90 con 0x7fb390107020
2024-06-03T01:11:32.448 INFO:teuthology.orchestra.run.smithi032.stdout:/usr/bin/ceph: stderr
2024-06-03T01:11:31.571+0000 7fb39509f700 1 -- 172.21.15.32:0/2379890842 --> [v2:172.21.15.32:3300/0,v1:172.21.15.32:6789/0] -- mon_subscribe({mgrmap=0+}) v3 -- 0x7fb39019a910 con 0x7fb390107020
2024-06-03T01:11:32.448 INFO:teuthology.orchestra.run.smithi032.stdout:/usr/bin/ceph: stderr
2024-06-03T01:11:31.571+0000 7fb377fff700 1 -- 172.21.15.32:0/2379890842 <== mon.0 v2:172.21.15.32:3300/0 3 ==== mon_map magic: 0 v1 ==== 229+0+0 (secure 0 0 0) 0x7fb380019730 con 0x7fb390107020
2024-06-03T01:11:32.448 INFO:teuthology.orchestra.run.smithi032.stdout:/usr/bin/ceph: stderr
2024-06-03T01:11:31.571+0000 7fb39509f700 1 -- 172.21.15.32:0/2379890842 --> [v2:172.21.15.32:3300/0,v1:172.21.15.32:6789/0] -- mon_subscribe({osdmap=0}) v3 -- 0x7fb39019adb0 con 0x7fb390107020
2024-06-03T01:11:32.448 INFO:teuthology.orchestra.run.smithi032.stdout:/usr/bin/ceph: stderr
2024-06-03T01:11:31.572+0000 7fb377fff700 1 -- 172.21.15.32:0/2379890842 <== mon.0 v2:172.21.15.32:3300/0 4 ==== mgrmap(e 4) v1 ==== 45272+0+0 (secure 0 0 0) 0x7fb380019980 con 0x7fb390107020
2024-06-03T01:11:32.448 INFO:teuthology.orchestra.run.smithi032.stdout:/usr/bin/ceph: stderr
2024-06-03T01:11:31.572+0000 7fb377fff700 1 --2- 172.21.15.32:0/2379890842 >> [v2:172.21.15.32:6800/458796220,v1:172.21.15.32:6801/458796220] conn(0x7fb378038320 0x7fb37803a7e0 unknown :-1 s=NONE pgs=0 cs=0 l=1 rev1=0 crypto rx=0 tx=0 comp rx=0 tx=0).connect
2024-06-03T01:11:32.448 INFO:teuthology.orchestra.run.smithi032.stdout:/usr/bin/ceph: stderr
2024-06-03T01:11:31.572+0000 7fb39509f700 1 -- 172.21.15.32:0/2379890842 --> [v2:172.21.15.32:3300/0,v1:172.21.15.32:6789/0] -- mon_command({"prefix": "get_command_descriptions"} v 0) v1 -- 0x7fb39010a670 con 0x7fb390107020
2024-06-03T01:11:32.448 INFO:teuthology.orchestra.run.smithi032.stdout:/usr/bin/ceph: stderr
2024-06-03T01:11:31.572+0000 7fb38e59c700 1 --2- 172.21.15.32:0/2379890842 >> [v2:172.21.15.32:6800/458796220,v1:172.21.15.32:6801/458796220] conn(0x7fb378038320 0x7fb37803a7e0 unknown :-1 s=BANNER_CONNECTING pgs=0 cs=0 l=1 rev1=0 crypto rx=0 tx=0 comp rx=0 tx=0)._handle_peer_banner_payload supported=3 required=0
2024-06-03T01:11:32.449 INFO:teuthology.orchestra.run.smithi032.stdout:/usr/bin/ceph: stderr
2024-06-03T01:11:31.572+0000 7fb377fff700 1 -- 172.21.15.32:0/2379890842 <== mon.0 v2:172.21.15.32:3300/0 5 ==== osd_map(1..1 src has 1..1) v4 ==== 725+0+0 (secure 0 0 0) 0x7fb38004bfe0 con 0x7fb390107020
2024-06-03T01:11:32.449 INFO:teuthology.orchestra.run.smithi032.stdout:/usr/bin/ceph: stderr
2024-06-03T01:11:31.573+0000 7fb38e59c700 1 --2- 172.21.15.32:0/2379890842 >> [v2:172.21.15.32:6800/458796220,v1:172.21.15.32:6801/458796220] conn(0x7fb378038320 0x7fb37803a7e0 secure :-1 s=READY pgs=6 cs=0 l=1 rev1=1 crypto rx=0x7fb384006fd0 tx=0x7fb384006e40 comp rx=0 tx=0).ready entity=mgr.14100 client_cookie=0 server_cookie=0 in_seq=0 out_seq=0
2024-06-03T01:11:32.449 INFO:teuthology.orchestra.run.smithi032.stdout:/usr/bin/ceph: stderr
2024-06-03T01:11:31.578+0000 7fb377fff700 1 -- 172.21.15.32:0/2379890842 <== mon.0 v2:172.21.15.32:3300/0 6 ==== mon_command_ack([{"prefix": "get_command_descriptions"}]=0 v0) v1 ==== 72+0+180422 (secure 0 0 0) 0x7fb380010de0 con 0x7fb390107020
2024-06-03T01:11:32.449 INFO:teuthology.orchestra.run.smithi032.stdout:/usr/bin/ceph: stderr
2024-06-03T01:11:31.856+0000 7fb39509f700 1 -- 172.21.15.32:0/2379890842 --> [v2:172.21.15.32:3300/0,v1:172.21.15.32:6789/0] -- mon_command({"prefix": "status", "format": "json-pretty"} v 0) v1 -- 0x7fb39010a890 con 0x7fb390107020
2024-06-03T01:11:32.449 INFO:teuthology.orchestra.run.smithi032.stdout:/usr/bin/ceph: stderr
2024-06-03T01:11:31.856+0000 7fb377fff700 1 -- 172.21.15.32:0/2379890842 <== mon.0 v2:172.21.15.32:3300/0 7 ==== mon_command_ack([{"prefix": "status", "format": "json-pretty"}]=0 v0) v1 ==== 79+0+1246 (secure 0 0 0) 0x7fb38000eb20 con 0x7fb390107020
2024-06-03T01:11:32.449 INFO:teuthology.orchestra.run.smithi032.stdout:/usr/bin/ceph: stderr
2024-06-03T01:11:31.858+0000 7fb39509f700 1 -- 172.21.15.32:0/2379890842 >> [v2:172.21.15.32:6800/458796220,v1:172.21.15.32:6801/458796220] conn(0x7fb378038320 msgr2=0x7fb37803a7e0 secure :-1 s=STATE_CONNECTION_ESTABLISHED l=1).mark_down
2024-06-03T01:11:32.449 INFO:teuthology.orchestra.run.smithi032.stdout:/usr/bin/ceph: stderr
2024-06-03T01:11:31.858+0000 7fb39509f700 1 --2- 172.21.15.32:0/2379890842 >> [v2:172.21.15.32:6800/458796220,v1:172.21.15.32:6801/458796220] conn(0x7fb378038320 0x7fb37803a7e0 secure :-1 s=READY pgs=6 cs=0 l=1 rev1=1 crypto rx=0x7fb384006fd0 tx=0x7fb384006e40 comp rx=0 tx=0).stop
2024-06-03T01:11:32.449 INFO:teuthology.orchestra.run.smithi032.stdout:/usr/bin/ceph: stderr
2024-06-03T01:11:31.858+0000 7fb39509f700 1 -- 172.21.15.32:0/2379890842 >> [v2:172.21.15.32:3300/0,v1:172.21.15.32:6789/0] conn(0x7fb390107020 msgr2=0x7fb39019a1d0 secure :-1 s=STATE_CONNECTION_ESTABLISHED l=1).mark_down
2024-06-03T01:11:32.449 INFO:teuthology.orchestra.run.smithi032.stdout:/usr/bin/ceph: stderr
2024-06-03T01:11:31.858+0000 7fb39509f700 1 --2- 172.21.15.32:0/2379890842 >> [v2:172.21.15.32:3300/0,v1:172.21.15.32:6789/0] conn(0x7fb390107020 0x7fb39019a1d0 secure :-1 s=READY pgs=19 cs=0 l=1 rev1=1 crypto rx=0x7fb380003de0 tx=0x7fb380011ab0 comp rx=0 tx=0).stop
2024-06-03T01:11:32.449 INFO:teuthology.orchestra.run.smithi032.stdout:/usr/bin/ceph: stderr
2024-06-03T01:11:31.858+0000 7fb39509f700 1 -- 172.21.15.32:0/2379890842 shutdown_connections
2024-06-03T01:11:32.449 INFO:teuthology.orchestra.run.smithi032.stdout:/usr/bin/ceph: stderr
2024-06-03T01:11:31.858+0000 7fb39509f700 1 --2- 172.21.15.32:0/2379890842 >> [v2:172.21.15.32:6800/458796220,v1:172.21.15.32:6801/458796220] conn(0x7fb378038320 0x7fb37803a7e0 unknown :-1 s=CLOSED pgs=6 cs=0 l=1 rev1=1 crypto rx=0 tx=0 comp rx=0 tx=0).stop
2024-06-03T01:11:32.449 INFO:teuthology.orchestra.run.smithi032.stdout:/usr/bin/ceph: stderr
2024-06-03T01:11:31.858+0000 7fb39509f700 1 --2- 172.21.15.32:0/2379890842 >> [v2:172.21.15.32:3300/0,v1:172.21.15.32:6789/0] conn(0x7fb390107020 0x7fb39019a1d0 unknown :-1 s=CLOSED pgs=19 cs=0 l=1 rev1=1 crypto rx=0 tx=0 comp rx=0 tx=0).stop
2024-06-03T01:11:32.449 INFO:teuthology.orchestra.run.smithi032.stdout:/usr/bin/ceph: stderr
2024-06-03T01:11:31.858+0000 7fb39509f700 1 -- 172.21.15.32:0/2379890842 >> 172.21.15.32:0/2379890842 conn(0x7fb3901009f0 msgr2=0x7fb3901017e0 unknown :-1 s=STATE_NONE l=0).mark_down
2024-06-03T01:11:32.449 INFO:teuthology.orchestra.run.smithi032.stdout:/usr/bin/ceph: stderr
2024-06-03T01:11:31.859+0000 7fb39509f700 1 -- 172.21.15.32:0/2379890842 shutdown_connections
2024-06-03T01:11:32.450 INFO:teuthology.orchestra.run.smithi032.stdout:/usr/bin/ceph: stderr
2024-06-03T01:11:31.859+0000 7fb39509f700 1 -- 172.21.15.32:0/2379890842 wait complete.
2024-06-03T01:11:32.450 INFO:teuthology.orchestra.run.smithi032.stdout:mgr is available
2024-06-03T01:11:32.825 INFO:journalctl@ceph.mon.smithi032.smithi032.stdout:Jun 03 01:11:32 smithi032 ceph-mon[29360]: from='client.? 172.21.15.32:0/2379890842' entity='client.admin' cmd=[{"prefix": "status", "format": "json-pretty"}]: dispatch
2024-06-03T01:11:33.602 INFO:teuthology.orchestra.run.smithi032.stdout:/usr/bin/ceph: stdout
2024-06-03T01:11:33.603 INFO:teuthology.orchestra.run.smithi032.stdout:/usr/bin/ceph: stdout [global]
2024-06-03T01:11:33.603 INFO:teuthology.orchestra.run.smithi032.stdout:/usr/bin/ceph: stdout fsid = 12a144f0-2146-11ef-bc9b-c7b262605968
2024-06-03T01:11:33.603 INFO:teuthology.orchestra.run.smithi032.stdout:/usr/bin/ceph: stdout mon_osd_allow_pg_remap = true
2024-06-03T01:11:33.603 INFO:teuthology.orchestra.run.smithi032.stdout:/usr/bin/ceph: stdout mon_osd_allow_primary_affinity = true
2024-06-03T01:11:33.603 INFO:teuthology.orchestra.run.smithi032.stdout:/usr/bin/ceph: stdout mon_warn_on_no_sortbitwise = false
2024-06-03T01:11:33.603 INFO:teuthology.orchestra.run.smithi032.stdout:/usr/bin/ceph: stdout osd_crush_chooseleaf_type = 0
2024-06-03T01:11:33.603 INFO:teuthology.orchestra.run.smithi032.stdout:/usr/bin/ceph: stdout
2024-06-03T01:11:33.603 INFO:teuthology.orchestra.run.smithi032.stdout:/usr/bin/ceph: stdout [mgr]
2024-06-03T01:11:33.603 INFO:teuthology.orchestra.run.smithi032.stdout:/usr/bin/ceph: stdout mgr/telemetry/nag = false
2024-06-03T01:11:33.603 INFO:teuthology.orchestra.run.smithi032.stdout:/usr/bin/ceph: stdout
2024-06-03T01:11:33.603 INFO:teuthology.orchestra.run.smithi032.stdout:/usr/bin/ceph: stdout [osd]
2024-06-03T01:11:33.603 INFO:teuthology.orchestra.run.smithi032.stdout:/usr/bin/ceph: stdout mon_osd_backfillfull_ratio = 0.85
2024-06-03T01:11:33.603 INFO:teuthology.orchestra.run.smithi032.stdout:/usr/bin/ceph: stdout mon_osd_full_ratio = 0.9
2024-06-03T01:11:33.604 INFO:teuthology.orchestra.run.smithi032.stdout:/usr/bin/ceph: stdout mon_osd_nearfull_ratio = 0.8
2024-06-03T01:11:33.604 INFO:teuthology.orchestra.run.smithi032.stdout:/usr/bin/ceph: stdout osd_map_max_advance = 10
2024-06-03T01:11:33.604 INFO:teuthology.orchestra.run.smithi032.stdout:/usr/bin/ceph: stdout osd_sloppy_crc = true
2024-06-03T01:11:33.604 INFO:teuthology.orchestra.run.smithi032.stdout:/usr/bin/ceph: stderr
2024-06-03T01:11:32.872+0000 7faadfad0700 1 Processor -- start
2024-06-03T01:11:33.604 INFO:teuthology.orchestra.run.smithi032.stdout:/usr/bin/ceph: stderr
2024-06-03T01:11:32.872+0000 7faadfad0700 1 -- start start
2024-06-03T01:11:33.604 INFO:teuthology.orchestra.run.smithi032.stdout:/usr/bin/ceph: stderr
2024-06-03T01:11:32.872+0000 7faadfad0700 1 --2- >> [v2:172.21.15.32:3300/0,v1:172.21.15.32:6789/0] conn(0x7faad8107080 0x7faad8109470 unknown :-1 s=NONE pgs=0 cs=0 l=0 rev1=0 crypto rx=0 tx=0 comp rx=0 tx=0).connect
2024-06-03T01:11:33.604 INFO:teuthology.orchestra.run.smithi032.stdout:/usr/bin/ceph: stderr
2024-06-03T01:11:32.872+0000 7faadfad0700 1 -- --> [v2:172.21.15.32:3300/0,v1:172.21.15.32:6789/0] -- mon_getmap magic: 0 v1 -- 0x7faad8079db0 con 0x7faad8107080
2024-06-03T01:11:33.604 INFO:teuthology.orchestra.run.smithi032.stdout:/usr/bin/ceph: stderr
2024-06-03T01:11:32.873+0000 7faadd86c700 1 --2- >> [v2:172.21.15.32:3300/0,v1:172.21.15.32:6789/0] conn(0x7faad8107080 0x7faad8109470 unknown :-1 s=BANNER_CONNECTING pgs=0 cs=0 l=0 rev1=0 crypto rx=0 tx=0 comp rx=0 tx=0)._handle_peer_banner_payload supported=3 required=0
2024-06-03T01:11:33.604 INFO:teuthology.orchestra.run.smithi032.stdout:/usr/bin/ceph: stderr
2024-06-03T01:11:32.873+0000 7faadd86c700 1 --2- >> [v2:172.21.15.32:3300/0,v1:172.21.15.32:6789/0] conn(0x7faad8107080 0x7faad8109470 unknown :-1 s=HELLO_CONNECTING pgs=0 cs=0 l=0 rev1=1 crypto rx=0 tx=0 comp rx=0 tx=0).handle_hello peer v2:172.21.15.32:3300/0 says I am v2:172.21.15.32:39152/0 (socket says 172.21.15.32:39152)
2024-06-03T01:11:33.604 INFO:teuthology.orchestra.run.smithi032.stdout:/usr/bin/ceph: stderr
2024-06-03T01:11:32.873+0000 7faadd86c700 1 -- 172.21.15.32:0/3515696881 learned_addr learned my addr 172.21.15.32:0/3515696881 (peer_addr_for_me v2:172.21.15.32:0/0)
2024-06-03T01:11:33.605 INFO:teuthology.orchestra.run.smithi032.stdout:/usr/bin/ceph: stderr
2024-06-03T01:11:32.873+0000 7faadd86c700 1 -- 172.21.15.32:0/3515696881 --> [v2:172.21.15.32:3300/0,v1:172.21.15.32:6789/0] -- mon_subscribe({config=0+,monmap=0+}) v3 -- 0x7faad8079ef0 con 0x7faad8107080
2024-06-03T01:11:33.605 INFO:teuthology.orchestra.run.smithi032.stdout:/usr/bin/ceph: stderr
2024-06-03T01:11:32.873+0000 7faadd86c700 1 --2- 172.21.15.32:0/3515696881 >> [v2:172.21.15.32:3300/0,v1:172.21.15.32:6789/0] conn(0x7faad8107080 0x7faad8109470 secure :-1 s=READY pgs=20 cs=0 l=1 rev1=1 crypto rx=0x7faad40098a0 tx=0x7faad4009bb0 comp rx=0 tx=0).ready entity=mon.0 client_cookie=79d5a3bb8a8c0bea server_cookie=0 in_seq=0 out_seq=0
2024-06-03T01:11:33.605 INFO:teuthology.orchestra.run.smithi032.stdout:/usr/bin/ceph: stderr
2024-06-03T01:11:32.873+0000 7faadc86a700 1 -- 172.21.15.32:0/3515696881 <== mon.0 v2:172.21.15.32:3300/0 1 ==== mon_map magic: 0 v1 ==== 229+0+0 (secure 0 0 0) 0x7faad4004180 con 0x7faad8107080
2024-06-03T01:11:33.605 INFO:teuthology.orchestra.run.smithi032.stdout:/usr/bin/ceph: stderr
2024-06-03T01:11:32.873+0000 7faadc86a700 1 -- 172.21.15.32:0/3515696881 <== mon.0 v2:172.21.15.32:3300/0 2 ==== config(27 keys) v1 ==== 1037+0+0 (secure 0 0 0) 0x7faad40042e0 con 0x7faad8107080
2024-06-03T01:11:33.605 INFO:teuthology.orchestra.run.smithi032.stdout:/usr/bin/ceph: stderr
2024-06-03T01:11:32.873+0000 7faadc86a700 1 -- 172.21.15.32:0/3515696881 <== mon.0 v2:172.21.15.32:3300/0 3 ==== mon_map magic: 0 v1 ==== 229+0+0 (secure 0 0 0) 0x7faad4011a50 con 0x7faad8107080
2024-06-03T01:11:33.605 INFO:teuthology.orchestra.run.smithi032.stdout:/usr/bin/ceph: stderr
2024-06-03T01:11:32.874+0000 7faadfad0700 1 -- 172.21.15.32:0/3515696881 >> [v2:172.21.15.32:3300/0,v1:172.21.15.32:6789/0] conn(0x7faad8107080 msgr2=0x7faad8109470 secure :-1 s=STATE_CONNECTION_ESTABLISHED l=1).mark_down
2024-06-03T01:11:33.605 INFO:teuthology.orchestra.run.smithi032.stdout:/usr/bin/ceph: stderr
2024-06-03T01:11:32.874+0000 7faadfad0700 1 --2- 172.21.15.32:0/3515696881 >> [v2:172.21.15.32:3300/0,v1:172.21.15.32:6789/0] conn(0x7faad8107080 0x7faad8109470 secure :-1 s=READY pgs=20 cs=0 l=1 rev1=1 crypto rx=0x7faad40098a0 tx=0x7faad4009bb0 comp rx=0 tx=0).stop
2024-06-03T01:11:33.605 INFO:teuthology.orchestra.run.smithi032.stdout:/usr/bin/ceph: stderr
2024-06-03T01:11:32.874+0000 7faadfad0700 1 -- 172.21.15.32:0/3515696881 shutdown_connections
2024-06-03T01:11:33.605 INFO:teuthology.orchestra.run.smithi032.stdout:/usr/bin/ceph: stderr
2024-06-03T01:11:32.874+0000 7faadfad0700 1 --2- 172.21.15.32:0/3515696881 >> [v2:172.21.15.32:3300/0,v1:172.21.15.32:6789/0] conn(0x7faad8107080 0x7faad8109470 unknown :-1 s=CLOSED pgs=20 cs=0 l=1 rev1=1 crypto rx=0 tx=0 comp rx=0 tx=0).stop
2024-06-03T01:11:33.605 INFO:teuthology.orchestra.run.smithi032.stdout:/usr/bin/ceph: stderr
2024-06-03T01:11:32.874+0000 7faadfad0700 1 -- 172.21.15.32:0/3515696881 >> 172.21.15.32:0/3515696881 conn(0x7faad81009b0 msgr2=0x7faad8102e10 unknown :-1 s=STATE_NONE l=0).mark_down
2024-06-03T01:11:33.605 INFO:teuthology.orchestra.run.smithi032.stdout:/usr/bin/ceph: stderr
2024-06-03T01:11:32.874+0000 7faadfad0700 1 -- 172.21.15.32:0/3515696881 shutdown_connections
2024-06-03T01:11:33.605 INFO:teuthology.orchestra.run.smithi032.stdout:/usr/bin/ceph: stderr
2024-06-03T01:11:32.874+0000 7faadfad0700 1 -- 172.21.15.32:0/3515696881 wait complete.
2024-06-03T01:11:33.605 INFO:teuthology.orchestra.run.smithi032.stdout:/usr/bin/ceph: stderr
2024-06-03T01:11:32.875+0000 7faadfad0700 1 Processor -- start
2024-06-03T01:11:33.606 INFO:teuthology.orchestra.run.smithi032.stdout:/usr/bin/ceph: stderr
2024-06-03T01:11:32.875+0000 7faadfad0700 1 -- start start
2024-06-03T01:11:33.606 INFO:teuthology.orchestra.run.smithi032.stdout:/usr/bin/ceph: stderr
2024-06-03T01:11:32.875+0000 7faadfad0700 1 --2- >> [v2:172.21.15.32:3300/0,v1:172.21.15.32:6789/0] conn(0x7faad8107080 0x7faad81069e0 unknown :-1 s=NONE pgs=0 cs=0 l=1 rev1=0 crypto rx=0 tx=0 comp rx=0 tx=0).connect
2024-06-03T01:11:33.606 INFO:teuthology.orchestra.run.smithi032.stdout:/usr/bin/ceph: stderr
2024-06-03T01:11:32.875+0000 7faadfad0700 1 -- --> [v2:172.21.15.32:3300/0,v1:172.21.15.32:6789/0] -- mon_getmap magic: 0 v1 -- 0x7faad8106f20 con 0x7faad8107080
2024-06-03T01:11:33.606 INFO:teuthology.orchestra.run.smithi032.stdout:/usr/bin/ceph: stderr
2024-06-03T01:11:32.875+0000 7faadd86c700 1 --2- >> [v2:172.21.15.32:3300/0,v1:172.21.15.32:6789/0] conn(0x7faad8107080 0x7faad81069e0 unknown :-1 s=BANNER_CONNECTING pgs=0 cs=0 l=1 rev1=0 crypto rx=0 tx=0 comp rx=0 tx=0)._handle_peer_banner_payload supported=3 required=0
2024-06-03T01:11:33.606 INFO:teuthology.orchestra.run.smithi032.stdout:/usr/bin/ceph: stderr
2024-06-03T01:11:32.875+0000 7faadd86c700 1 --2- >> [v2:172.21.15.32:3300/0,v1:172.21.15.32:6789/0] conn(0x7faad8107080 0x7faad81069e0 unknown :-1 s=HELLO_CONNECTING pgs=0 cs=0 l=1 rev1=1 crypto rx=0 tx=0 comp rx=0 tx=0).handle_hello peer v2:172.21.15.32:3300/0 says I am v2:172.21.15.32:39168/0 (socket says 172.21.15.32:39168)
2024-06-03T01:11:33.606 INFO:teuthology.orchestra.run.smithi032.stdout:/usr/bin/ceph: stderr
2024-06-03T01:11:32.875+0000 7faadd86c700 1 -- 172.21.15.32:0/2665590767 learned_addr learned my addr 172.21.15.32:0/2665590767 (peer_addr_for_me v2:172.21.15.32:0/0)
2024-06-03T01:11:33.606 INFO:teuthology.orchestra.run.smithi032.stdout:/usr/bin/ceph: stderr
2024-06-03T01:11:32.875+0000 7faadd86c700 1 -- 172.21.15.32:0/2665590767 --> [v2:172.21.15.32:3300/0,v1:172.21.15.32:6789/0] -- mon_subscribe({config=0+,monmap=0+}) v3 -- 0x7faad4009550 con 0x7faad8107080
2024-06-03T01:11:33.606 INFO:teuthology.orchestra.run.smithi032.stdout:/usr/bin/ceph: stderr
2024-06-03T01:11:32.875+0000 7faadd86c700 1 --2- 172.21.15.32:0/2665590767 >> [v2:172.21.15.32:3300/0,v1:172.21.15.32:6789/0] conn(0x7faad8107080 0x7faad81069e0 secure :-1 s=READY pgs=21 cs=0 l=1 rev1=1 crypto rx=0x7faad40119e0 tx=0x7faad4011ac0 comp rx=0 tx=0).ready entity=mon.0 client_cookie=0 server_cookie=0 in_seq=0 out_seq=0
2024-06-03T01:11:33.606 INFO:teuthology.orchestra.run.smithi032.stdout:/usr/bin/ceph: stderr
2024-06-03T01:11:32.876+0000 7faaceffd700 1 -- 172.21.15.32:0/2665590767 <== mon.0 v2:172.21.15.32:3300/0 1 ==== mon_map magic: 0 v1 ==== 229+0+0 (secure 0 0 0) 0x7faad4003b90 con 0x7faad8107080
2024-06-03T01:11:33.606 INFO:teuthology.orchestra.run.smithi032.stdout:/usr/bin/ceph: stderr
2024-06-03T01:11:32.876+0000 7faaceffd700 1 -- 172.21.15.32:0/2665590767 <== mon.0 v2:172.21.15.32:3300/0 2 ==== config(27 keys) v1 ==== 1037+0+0 (secure 0 0 0) 0x7faad401a8a0 con 0x7faad8107080
2024-06-03T01:11:33.606 INFO:teuthology.orchestra.run.smithi032.stdout:/usr/bin/ceph: stderr
2024-06-03T01:11:32.876+0000 7faaceffd700 1 -- 172.21.15.32:0/2665590767 <== mon.0 v2:172.21.15.32:3300/0 3 ==== mon_map magic: 0 v1 ==== 229+0+0 (secure 0 0 0) 0x7faad4019930 con 0x7faad8107080
2024-06-03T01:11:33.606 INFO:teuthology.orchestra.run.smithi032.stdout:/usr/bin/ceph: stderr
2024-06-03T01:11:32.876+0000 7faadfad0700 1 -- 172.21.15.32:0/2665590767 --> [v2:172.21.15.32:3300/0,v1:172.21.15.32:6789/0] -- mon_subscribe({mgrmap=0+}) v3 -- 0x7faad8105030 con 0x7faad8107080
2024-06-03T01:11:33.606 INFO:teuthology.orchestra.run.smithi032.stdout:/usr/bin/ceph: stderr
2024-06-03T01:11:32.876+0000 7faadfad0700 1 -- 172.21.15.32:0/2665590767 --> [v2:172.21.15.32:3300/0,v1:172.21.15.32:6789/0] -- mon_subscribe({osdmap=0}) v3 -- 0x7faad81054d0 con 0x7faad8107080
2024-06-03T01:11:33.607 INFO:teuthology.orchestra.run.smithi032.stdout:/usr/bin/ceph: stderr
2024-06-03T01:11:32.876+0000 7faaceffd700 1 -- 172.21.15.32:0/2665590767 <== mon.0 v2:172.21.15.32:3300/0 4 ==== mgrmap(e 4) v1 ==== 45272+0+0 (secure 0 0 0) 0x7faad4019bf0 con 0x7faad8107080
2024-06-03T01:11:33.607 INFO:teuthology.orchestra.run.smithi032.stdout:/usr/bin/ceph: stderr
2024-06-03T01:11:32.877+0000 7faadfad0700 1 -- 172.21.15.32:0/2665590767 --> [v2:172.21.15.32:3300/0,v1:172.21.15.32:6789/0] -- mon_command({"prefix": "get_command_descriptions"} v 0) v1 -- 0x7faad810a660 con 0x7faad8107080
2024-06-03T01:11:33.607 INFO:teuthology.orchestra.run.smithi032.stdout:/usr/bin/ceph: stderr
2024-06-03T01:11:32.877+0000 7faaceffd700 1 --2- 172.21.15.32:0/2665590767 >> [v2:172.21.15.32:6800/458796220,v1:172.21.15.32:6801/458796220] conn(0x7faac4038290 0x7faac403a750 unknown :-1 s=NONE pgs=0 cs=0 l=1 rev1=0 crypto rx=0 tx=0 comp rx=0 tx=0).connect
2024-06-03T01:11:33.607 INFO:teuthology.orchestra.run.smithi032.stdout:/usr/bin/ceph: stderr
2024-06-03T01:11:32.877+0000 7faaceffd700 1 -- 172.21.15.32:0/2665590767 <== mon.0 v2:172.21.15.32:3300/0 5 ==== osd_map(1..1 src has 1..1) v4 ==== 725+0+0 (secure 0 0 0) 0x7faad404c680 con 0x7faad8107080
2024-06-03T01:11:33.607 INFO:teuthology.orchestra.run.smithi032.stdout:/usr/bin/ceph: stderr
2024-06-03T01:11:32.877+0000 7faadd06b700 1 --2- 172.21.15.32:0/2665590767 >> [v2:172.21.15.32:6800/458796220,v1:172.21.15.32:6801/458796220] conn(0x7faac4038290 0x7faac403a750 unknown :-1 s=BANNER_CONNECTING pgs=0 cs=0 l=1 rev1=0 crypto rx=0 tx=0 comp rx=0 tx=0)._handle_peer_banner_payload supported=3 required=0
2024-06-03T01:11:33.607 INFO:teuthology.orchestra.run.smithi032.stdout:/usr/bin/ceph: stderr
2024-06-03T01:11:32.877+0000 7faadd06b700 1 --2- 172.21.15.32:0/2665590767 >> [v2:172.21.15.32:6800/458796220,v1:172.21.15.32:6801/458796220] conn(0x7faac4038290 0x7faac403a750 secure :-1 s=READY pgs=7 cs=0 l=1 rev1=1 crypto rx=0x7faac8006fd0 tx=0x7faac8006e40 comp rx=0 tx=0).ready entity=mgr.14100 client_cookie=0 server_cookie=0 in_seq=0 out_seq=0
2024-06-03T01:11:33.607 INFO:teuthology.orchestra.run.smithi032.stdout:/usr/bin/ceph: stderr
2024-06-03T01:11:32.882+0000 7faaceffd700 1 -- 172.21.15.32:0/2665590767 <== mon.0 v2:172.21.15.32:3300/0 6 ==== mon_command_ack([{"prefix": "get_command_descriptions"}]=0 v0) v1 ==== 72+0+180422 (secure 0 0 0) 0x7faad401a430 con 0x7faad8107080
2024-06-03T01:11:33.607 INFO:teuthology.orchestra.run.smithi032.stdout:/usr/bin/ceph: stderr
2024-06-03T01:11:33.078+0000 7faadfad0700 1 -- 172.21.15.32:0/2665590767 --> [v2:172.21.15.32:3300/0,v1:172.21.15.32:6789/0] -- mon_command({"prefix": "config assimilate-conf"} v 0) v1 -- 0x7faad810a880 con 0x7faad8107080
2024-06-03T01:11:33.607 INFO:teuthology.orchestra.run.smithi032.stdout:/usr/bin/ceph: stderr
2024-06-03T01:11:33.079+0000 7faaceffd700 1 -- 172.21.15.32:0/2665590767 <== mon.0 v2:172.21.15.32:3300/0 7 ==== mon_command_ack([{"prefix": "config assimilate-conf"}]=0 v3) v1 ==== 70+0+373 (secure 0 0 0) 0x7faad4018350 con 0x7faad8107080
2024-06-03T01:11:33.607 INFO:teuthology.orchestra.run.smithi032.stdout:/usr/bin/ceph: stderr
2024-06-03T01:11:33.082+0000 7faadfad0700 1 -- 172.21.15.32:0/2665590767 >> [v2:172.21.15.32:6800/458796220,v1:172.21.15.32:6801/458796220] conn(0x7faac4038290 msgr2=0x7faac403a750 secure :-1 s=STATE_CONNECTION_ESTABLISHED l=1).mark_down
2024-06-03T01:11:33.607 INFO:teuthology.orchestra.run.smithi032.stdout:/usr/bin/ceph: stderr
2024-06-03T01:11:33.082+0000 7faadfad0700 1 --2- 172.21.15.32:0/2665590767 >> [v2:172.21.15.32:6800/458796220,v1:172.21.15.32:6801/458796220] conn(0x7faac4038290 0x7faac403a750 secure :-1 s=READY pgs=7 cs=0 l=1 rev1=1 crypto rx=0x7faac8006fd0 tx=0x7faac8006e40 comp rx=0 tx=0).stop
2024-06-03T01:11:33.607 INFO:teuthology.orchestra.run.smithi032.stdout:/usr/bin/ceph: stderr
2024-06-03T01:11:33.082+0000 7faadfad0700 1 -- 172.21.15.32:0/2665590767 >> [v2:172.21.15.32:3300/0,v1:172.21.15.32:6789/0] conn(0x7faad8107080 msgr2=0x7faad81069e0 secure :-1 s=STATE_CONNECTION_ESTABLISHED l=1).mark_down
2024-06-03T01:11:33.607 INFO:teuthology.orchestra.run.smithi032.stdout:/usr/bin/ceph: stderr
2024-06-03T01:11:33.082+0000 7faadfad0700 1 --2- 172.21.15.32:0/2665590767 >> [v2:172.21.15.32:3300/0,v1:172.21.15.32:6789/0] conn(0x7faad8107080 0x7faad81069e0 secure :-1 s=READY pgs=21 cs=0 l=1 rev1=1 crypto rx=0x7faad40119e0 tx=0x7faad4011ac0 comp rx=0 tx=0).stop
2024-06-03T01:11:33.608 INFO:teuthology.orchestra.run.smithi032.stdout:/usr/bin/ceph: stderr
2024-06-03T01:11:33.082+0000 7faadfad0700 1 -- 172.21.15.32:0/2665590767 shutdown_connections
2024-06-03T01:11:33.608 INFO:teuthology.orchestra.run.smithi032.stdout:/usr/bin/ceph: stderr
2024-06-03T01:11:33.082+0000 7faadfad0700 1 --2- 172.21.15.32:0/2665590767 >> [v2:172.21.15.32:6800/458796220,v1:172.21.15.32:6801/458796220] conn(0x7faac4038290 0x7faac403a750 unknown :-1 s=CLOSED pgs=7 cs=0 l=1 rev1=1 crypto rx=0 tx=0 comp rx=0 tx=0).stop
2024-06-03T01:11:33.608 INFO:teuthology.orchestra.run.smithi032.stdout:/usr/bin/ceph: stderr
2024-06-03T01:11:33.082+0000 7faadfad0700 1 --2- 172.21.15.32:0/2665590767 >> [v2:172.21.15.32:3300/0,v1:172.21.15.32:6789/0] conn(0x7faad8107080 0x7faad81069e0 unknown :-1 s=CLOSED pgs=21 cs=0 l=1 rev1=1 crypto rx=0 tx=0 comp rx=0 tx=0).stop
2024-06-03T01:11:33.608 INFO:teuthology.orchestra.run.smithi032.stdout:/usr/bin/ceph: stderr
2024-06-03T01:11:33.082+0000 7faadfad0700 1 -- 172.21.15.32:0/2665590767 >> 172.21.15.32:0/2665590767 conn(0x7faad81009b0 msgr2=0x7faad8101770 unknown :-1 s=STATE_NONE l=0).mark_down
2024-06-03T01:11:33.608 INFO:teuthology.orchestra.run.smithi032.stdout:/usr/bin/ceph: stderr
2024-06-03T01:11:33.082+0000 7faadfad0700 1 -- 172.21.15.32:0/2665590767 shutdown_connections
2024-06-03T01:11:33.608 INFO:teuthology.orchestra.run.smithi032.stdout:/usr/bin/ceph: stderr
2024-06-03T01:11:33.082+0000 7faadfad0700 1 -- 172.21.15.32:0/2665590767 wait complete.
2024-06-03T01:11:33.608 INFO:teuthology.orchestra.run.smithi032.stdout:Enabling cephadm module...
2024-06-03T01:11:33.922 INFO:journalctl@ceph.mon.smithi032.smithi032.stdout:Jun 03 01:11:33 smithi032 ceph-mon[29360]: from='client.? 172.21.15.32:0/2665590767' entity='client.admin' cmd=[{"prefix": "config assimilate-conf"}]: dispatch
2024-06-03T01:11:34.984 INFO:journalctl@ceph.mon.smithi032.smithi032.stdout:Jun 03 01:11:34 smithi032 ceph-mon[29360]: from='client.? 172.21.15.32:0/2443793760' entity='client.admin' cmd=[{"prefix": "mgr module enable", "module": "cephadm"}]: dispatch
2024-06-03T01:11:35.241 INFO:teuthology.orchestra.run.smithi032.stdout:/usr/bin/ceph: stderr
2024-06-03T01:11:34.029+0000 7fc49bd3f700 1 Processor -- start
2024-06-03T01:11:35.241 INFO:teuthology.orchestra.run.smithi032.stdout:/usr/bin/ceph: stderr
2024-06-03T01:11:34.029+0000 7fc49bd3f700 1 -- start start
2024-06-03T01:11:35.241 INFO:teuthology.orchestra.run.smithi032.stdout:/usr/bin/ceph: stderr
2024-06-03T01:11:34.029+0000 7fc49bd3f700 1 --2- >> [v2:172.21.15.32:3300/0,v1:172.21.15.32:6789/0] conn(0x7fc494104e30 0x7fc494105250 unknown :-1 s=NONE pgs=0 cs=0 l=0 rev1=0 crypto rx=0 tx=0 comp rx=0 tx=0).connect
2024-06-03T01:11:35.241 INFO:teuthology.orchestra.run.smithi032.stdout:/usr/bin/ceph: stderr
2024-06-03T01:11:34.029+0000 7fc49bd3f700 1 -- --> [v2:172.21.15.32:3300/0,v1:172.21.15.32:6789/0] -- mon_getmap magic: 0 v1 -- 0x7fc494079e10 con 0x7fc494104e30
2024-06-03T01:11:35.241 INFO:teuthology.orchestra.run.smithi032.stdout:/usr/bin/ceph: stderr
2024-06-03T01:11:34.029+0000 7fc499adb700 1 --2- >> [v2:172.21.15.32:3300/0,v1:172.21.15.32:6789/0] conn(0x7fc494104e30 0x7fc494105250 unknown :-1 s=BANNER_CONNECTING pgs=0 cs=0 l=0 rev1=0 crypto rx=0 tx=0 comp rx=0 tx=0)._handle_peer_banner_payload supported=3 required=0
2024-06-03T01:11:35.241 INFO:teuthology.orchestra.run.smithi032.stdout:/usr/bin/ceph: stderr
2024-06-03T01:11:34.029+0000 7fc499adb700 1 --2- >> [v2:172.21.15.32:3300/0,v1:172.21.15.32:6789/0] conn(0x7fc494104e30 0x7fc494105250 unknown :-1 s=HELLO_CONNECTING pgs=0 cs=0 l=0 rev1=1 crypto rx=0 tx=0 comp rx=0 tx=0).handle_hello peer v2:172.21.15.32:3300/0 says I am v2:172.21.15.32:39178/0 (socket says 172.21.15.32:39178)
2024-06-03T01:11:35.241 INFO:teuthology.orchestra.run.smithi032.stdout:/usr/bin/ceph: stderr
2024-06-03T01:11:34.029+0000 7fc499adb700 1 -- 172.21.15.32:0/1732155992 learned_addr learned my addr 172.21.15.32:0/1732155992 (peer_addr_for_me v2:172.21.15.32:0/0)
2024-06-03T01:11:35.242 INFO:teuthology.orchestra.run.smithi032.stdout:/usr/bin/ceph: stderr
2024-06-03T01:11:34.030+0000 7fc499adb700 1 -- 172.21.15.32:0/1732155992 --> [v2:172.21.15.32:3300/0,v1:172.21.15.32:6789/0] -- mon_subscribe({config=0+,monmap=0+}) v3 -- 0x7fc494105790 con 0x7fc494104e30
2024-06-03T01:11:35.242 INFO:teuthology.orchestra.run.smithi032.stdout:/usr/bin/ceph: stderr
2024-06-03T01:11:34.030+0000 7fc499adb700 1 --2- 172.21.15.32:0/1732155992 >> [v2:172.21.15.32:3300/0,v1:172.21.15.32:6789/0] conn(0x7fc494104e30 0x7fc494105250 secure :-1 s=READY pgs=22 cs=0 l=1 rev1=1 crypto rx=0x7fc4900098a0 tx=0x7fc490009bb0 comp rx=0 tx=0).ready entity=mon.0 client_cookie=df52db58f435684a server_cookie=0 in_seq=0 out_seq=0
2024-06-03T01:11:35.242 INFO:teuthology.orchestra.run.smithi032.stdout:/usr/bin/ceph: stderr
2024-06-03T01:11:34.030+0000 7fc498ad9700 1 -- 172.21.15.32:0/1732155992 <== mon.0 v2:172.21.15.32:3300/0 1 ==== mon_map magic: 0 v1 ==== 229+0+0 (secure 0 0 0) 0x7fc490004180 con 0x7fc494104e30
2024-06-03T01:11:35.242 INFO:teuthology.orchestra.run.smithi032.stdout:/usr/bin/ceph: stderr
2024-06-03T01:11:34.030+0000 7fc498ad9700 1 -- 172.21.15.32:0/1732155992 <== mon.0 v2:172.21.15.32:3300/0 2 ==== config(27 keys) v1 ==== 1037+0+0 (secure 0 0 0) 0x7fc4900042e0 con 0x7fc494104e30
2024-06-03T01:11:35.242 INFO:teuthology.orchestra.run.smithi032.stdout:/usr/bin/ceph: stderr
2024-06-03T01:11:34.030+0000 7fc498ad9700 1 -- 172.21.15.32:0/1732155992 <== mon.0 v2:172.21.15.32:3300/0 3 ==== mon_map magic: 0 v1 ==== 229+0+0 (secure 0 0 0) 0x7fc490011a50 con 0x7fc494104e30
2024-06-03T01:11:35.242 INFO:teuthology.orchestra.run.smithi032.stdout:/usr/bin/ceph: stderr
2024-06-03T01:11:34.031+0000 7fc49bd3f700 1 -- 172.21.15.32:0/1732155992 >> [v2:172.21.15.32:3300/0,v1:172.21.15.32:6789/0] conn(0x7fc494104e30 msgr2=0x7fc494105250 secure :-1 s=STATE_CONNECTION_ESTABLISHED l=1).mark_down
2024-06-03T01:11:35.242 INFO:teuthology.orchestra.run.smithi032.stdout:/usr/bin/ceph: stderr
2024-06-03T01:11:34.031+0000 7fc49bd3f700 1 --2- 172.21.15.32:0/1732155992 >> [v2:172.21.15.32:3300/0,v1:172.21.15.32:6789/0] conn(0x7fc494104e30 0x7fc494105250 secure :-1 s=READY pgs=22 cs=0 l=1 rev1=1 crypto rx=0x7fc4900098a0 tx=0x7fc490009bb0 comp rx=0 tx=0).stop
2024-06-03T01:11:35.242 INFO:teuthology.orchestra.run.smithi032.stdout:/usr/bin/ceph: stderr
2024-06-03T01:11:34.031+0000 7fc49bd3f700 1 -- 172.21.15.32:0/1732155992 shutdown_connections
2024-06-03T01:11:35.242 INFO:teuthology.orchestra.run.smithi032.stdout:/usr/bin/ceph: stderr
2024-06-03T01:11:34.031+0000 7fc49bd3f700 1 --2- 172.21.15.32:0/1732155992 >> [v2:172.21.15.32:3300/0,v1:172.21.15.32:6789/0] conn(0x7fc494104e30 0x7fc494105250 unknown :-1 s=CLOSED pgs=22 cs=0 l=1 rev1=1 crypto rx=0 tx=0 comp rx=0 tx=0).stop
2024-06-03T01:11:35.242 INFO:teuthology.orchestra.run.smithi032.stdout:/usr/bin/ceph: stderr
2024-06-03T01:11:34.031+0000 7fc49bd3f700 1 -- 172.21.15.32:0/1732155992 >> 172.21.15.32:0/1732155992 conn(0x7fc4941009f0 msgr2=0x7fc494102e30 unknown :-1 s=STATE_NONE l=0).mark_down
2024-06-03T01:11:35.242 INFO:teuthology.orchestra.run.smithi032.stdout:/usr/bin/ceph: stderr
2024-06-03T01:11:34.031+0000 7fc49bd3f700 1 -- 172.21.15.32:0/1732155992 shutdown_connections
