2024-06-03T02:05:10.830+0000 7fc2a3e00700 1 -- 172.21.15.79:0/3543455101 <== mon.0 v2:172.21.15.79:3300/0 5 ==== osd_map(1..1 src has 1..1) ==== 725+0+0 (secure 0 0 0) 0x7fc29c04d410 con 0x7fc2ac07de10
2024-06-03T02:05:18.408 INFO:teuthology.orchestra.run.smithi079.stdout:/usr/bin/ceph: stderr
2024-06-03T02:05:10.830+0000 7fc2aaa00700 1 -- 172.21.15.79:0/3543455101 >> [v2:172.21.15.79:6800/1845575623,v1:172.21.15.79:6801/1845575623] conn(0x7fc290039050 msgr2=0x7fc29003b510 unknown :-1 s=STATE_CONNECTING_RE l=1).process reconnect failed to v2:172.21.15.79:6800/1845575623
2024-06-03T02:05:18.408 INFO:teuthology.orchestra.run.smithi079.stdout:/usr/bin/ceph: stderr
2024-06-03T02:05:10.830+0000 7fc2aaa00700 1 --2- 172.21.15.79:0/3543455101 >> [v2:172.21.15.79:6800/1845575623,v1:172.21.15.79:6801/1845575623] conn(0x7fc290039050 0x7fc29003b510 unknown :-1 s=START_CONNECT pgs=0 cs=0 l=1 rev1=0 crypto rx=0 tx=0 comp rx=0 tx=0)._fault waiting 0.200000
2024-06-03T02:05:18.408 INFO:teuthology.orchestra.run.smithi079.stdout:/usr/bin/ceph: stderr
2024-06-03T02:05:11.031+0000 7fc2aaa00700 1 -- 172.21.15.79:0/3543455101 >> [v2:172.21.15.79:6800/1845575623,v1:172.21.15.79:6801/1845575623] conn(0x7fc290039050 msgr2=0x7fc29003b510 unknown :-1 s=STATE_CONNECTING_RE l=1).process reconnect failed to v2:172.21.15.79:6800/1845575623
2024-06-03T02:05:18.408 INFO:teuthology.orchestra.run.smithi079.stdout:/usr/bin/ceph: stderr
2024-06-03T02:05:11.031+0000 7fc2aaa00700 1 --2- 172.21.15.79:0/3543455101 >> [v2:172.21.15.79:6800/1845575623,v1:172.21.15.79:6801/1845575623] conn(0x7fc290039050 0x7fc29003b510 unknown :-1 s=START_CONNECT pgs=0 cs=0 l=1 rev1=0 crypto rx=0 tx=0 comp rx=0 tx=0)._fault waiting 0.400000
2024-06-03T02:05:18.409 INFO:teuthology.orchestra.run.smithi079.stdout:/usr/bin/ceph: stderr
2024-06-03T02:05:11.432+0000 7fc2aaa00700 1 -- 172.21.15.79:0/3543455101 >> [v2:172.21.15.79:6800/1845575623,v1:172.21.15.79:6801/1845575623] conn(0x7fc290039050 msgr2=0x7fc29003b510 unknown :-1 s=STATE_CONNECTING_RE l=1).process reconnect failed to v2:172.21.15.79:6800/1845575623
2024-06-03T02:05:18.409 INFO:teuthology.orchestra.run.smithi079.stdout:/usr/bin/ceph: stderr
2024-06-03T02:05:11.432+0000 7fc2aaa00700 1 --2- 172.21.15.79:0/3543455101 >> [v2:172.21.15.79:6800/1845575623,v1:172.21.15.79:6801/1845575623] conn(0x7fc290039050 0x7fc29003b510 unknown :-1 s=START_CONNECT pgs=0 cs=0 l=1 rev1=0 crypto rx=0 tx=0 comp rx=0 tx=0)._fault waiting 0.800000
2024-06-03T02:05:18.409 INFO:teuthology.orchestra.run.smithi079.stdout:/usr/bin/ceph: stderr
2024-06-03T02:05:12.233+0000 7fc2aaa00700 1 -- 172.21.15.79:0/3543455101 >> [v2:172.21.15.79:6800/1845575623,v1:172.21.15.79:6801/1845575623] conn(0x7fc290039050 msgr2=0x7fc29003b510 unknown :-1 s=STATE_CONNECTING_RE l=1).process reconnect failed to v2:172.21.15.79:6800/1845575623
2024-06-03T02:05:18.409 INFO:teuthology.orchestra.run.smithi079.stdout:/usr/bin/ceph: stderr
2024-06-03T02:05:12.233+0000 7fc2aaa00700 1 --2- 172.21.15.79:0/3543455101 >> [v2:172.21.15.79:6800/1845575623,v1:172.21.15.79:6801/1845575623] conn(0x7fc290039050 0x7fc29003b510 unknown :-1 s=START_CONNECT pgs=0 cs=0 l=1 rev1=0 crypto rx=0 tx=0 comp rx=0 tx=0)._fault waiting 1.600000
2024-06-03T02:05:18.409 INFO:teuthology.orchestra.run.smithi079.stdout:/usr/bin/ceph: stderr
2024-06-03T02:05:13.835+0000 7fc2aaa00700 1 -- 172.21.15.79:0/3543455101 >> [v2:172.21.15.79:6800/1845575623,v1:172.21.15.79:6801/1845575623] conn(0x7fc290039050 msgr2=0x7fc29003b510 unknown :-1 s=STATE_CONNECTING_RE l=1).process reconnect failed to v2:172.21.15.79:6800/1845575623
2024-06-03T02:05:18.409 INFO:teuthology.orchestra.run.smithi079.stdout:/usr/bin/ceph: stderr
2024-06-03T02:05:13.835+0000 7fc2aaa00700 1 --2- 172.21.15.79:0/3543455101 >> [v2:172.21.15.79:6800/1845575623,v1:172.21.15.79:6801/1845575623] conn(0x7fc290039050 0x7fc29003b510 unknown :-1 s=START_CONNECT pgs=0 cs=0 l=1 rev1=0 crypto rx=0 tx=0 comp rx=0 tx=0)._fault waiting 3.200000
2024-06-03T02:05:18.409 INFO:teuthology.orchestra.run.smithi079.stdout:/usr/bin/ceph: stderr
2024-06-03T02:05:16.596+0000 7fc2a3e00700 1 -- 172.21.15.79:0/3543455101 <== mon.0 v2:172.21.15.79:3300/0 6 ==== mgrmap(e 6) ==== 46054+0+0 (secure 0 0 0) 0x7fc29c024770 con 0x7fc2ac07de10
2024-06-03T02:05:18.409 INFO:teuthology.orchestra.run.smithi079.stdout:/usr/bin/ceph: stderr
2024-06-03T02:05:16.596+0000 7fc2a3e00700 1 -- 172.21.15.79:0/3543455101 >> [v2:172.21.15.79:6800/1845575623,v1:172.21.15.79:6801/1845575623] conn(0x7fc290039050 msgr2=0x7fc29003b510 unknown :-1 s=STATE_CONNECTING l=1).mark_down
2024-06-03T02:05:18.409 INFO:teuthology.orchestra.run.smithi079.stdout:/usr/bin/ceph: stderr
2024-06-03T02:05:16.596+0000 7fc2a3e00700 1 --2- 172.21.15.79:0/3543455101 >> [v2:172.21.15.79:6800/1845575623,v1:172.21.15.79:6801/1845575623] conn(0x7fc290039050 0x7fc29003b510 unknown :-1 s=START_CONNECT pgs=0 cs=0 l=1 rev1=0 crypto rx=0 tx=0 comp rx=0 tx=0).stop
2024-06-03T02:05:18.409 INFO:teuthology.orchestra.run.smithi079.stdout:/usr/bin/ceph: stderr
2024-06-03T02:05:17.600+0000 7fc2a3e00700 1 -- 172.21.15.79:0/3543455101 <== mon.0 v2:172.21.15.79:3300/0 7 ==== mgrmap(e 7) ==== 46181+0+0 (secure 0 0 0) 0x7fc29c04ef20 con 0x7fc2ac07de10
2024-06-03T02:05:18.411 INFO:teuthology.orchestra.run.smithi079.stdout:/usr/bin/ceph: stderr
2024-06-03T02:05:17.600+0000 7fc2a3e00700 1 --2- 172.21.15.79:0/3543455101 >> [v2:172.21.15.79:6800/54480245,v1:172.21.15.79:6801/54480245] conn(0x7fc29003caa0 0x7fc29003ee90 unknown :-1 s=NONE pgs=0 cs=0 l=1 rev1=0 crypto rx=0 tx=0 comp rx=0 tx=0).connect
2024-06-03T02:05:18.411 INFO:teuthology.orchestra.run.smithi079.stdout:/usr/bin/ceph: stderr
2024-06-03T02:05:17.600+0000 7fc2a3e00700 1 -- 172.21.15.79:0/3543455101 --> [v2:172.21.15.79:6800/54480245,v1:172.21.15.79:6801/54480245] -- command(tid 0: {"prefix": "get_command_descriptions"}) -- 0x7fc29c025e70 con 0x7fc29003caa0
2024-06-03T02:05:18.411 INFO:teuthology.orchestra.run.smithi079.stdout:/usr/bin/ceph: stderr
2024-06-03T02:05:17.602+0000 7fc2aaa00700 1 --2- 172.21.15.79:0/3543455101 >> [v2:172.21.15.79:6800/54480245,v1:172.21.15.79:6801/54480245] conn(0x7fc29003caa0 0x7fc29003ee90 unknown :-1 s=BANNER_CONNECTING pgs=0 cs=0 l=1 rev1=0 crypto rx=0 tx=0 comp rx=0 tx=0)._handle_peer_banner_payload supported=3 required=0
2024-06-03T02:05:18.412 INFO:teuthology.orchestra.run.smithi079.stdout:/usr/bin/ceph: stderr
2024-06-03T02:05:17.607+0000 7fc2aaa00700 1 --2- 172.21.15.79:0/3543455101 >> [v2:172.21.15.79:6800/54480245,v1:172.21.15.79:6801/54480245] conn(0x7fc29003caa0 0x7fc29003ee90 secure :-1 s=READY pgs=3 cs=0 l=1 rev1=1 crypto rx=0x7fc298003a10 tx=0x7fc2980092b0 comp rx=0 tx=0).ready entity=mgr.14120 client_cookie=0 server_cookie=0 in_seq=0 out_seq=0
2024-06-03T02:05:18.412 INFO:teuthology.orchestra.run.smithi079.stdout:/usr/bin/ceph: stderr
2024-06-03T02:05:17.609+0000 7fc2a3e00700 1 -- 172.21.15.79:0/3543455101 <== mgr.14120 v2:172.21.15.79:6800/54480245 1 ==== command_reply(tid 0: 0 ) ==== 8+0+7774 (secure 0 0 0) 0x7fc29c025e70 con 0x7fc29003caa0
2024-06-03T02:05:18.412 INFO:teuthology.orchestra.run.smithi079.stdout:/usr/bin/ceph: stderr
2024-06-03T02:05:17.622+0000 7fc2b2000700 1 -- 172.21.15.79:0/3543455101 --> [v2:172.21.15.79:6800/54480245,v1:172.21.15.79:6801/54480245] -- command(tid 1: {"prefix": "mgr_status"}) -- 0x7fc2ac063af0 con 0x7fc29003caa0
2024-06-03T02:05:18.412 INFO:teuthology.orchestra.run.smithi079.stdout:/usr/bin/ceph: stderr
2024-06-03T02:05:17.622+0000 7fc2a3e00700 1 -- 172.21.15.79:0/3543455101 <== mgr.14120 v2:172.21.15.79:6800/54480245 2 ==== command_reply(tid 1: 0 ) ==== 8+0+51 (secure 0 0 0) 0x7fc2ac063af0 con 0x7fc29003caa0
2024-06-03T02:05:18.412 INFO:teuthology.orchestra.run.smithi079.stdout:/usr/bin/ceph: stderr
2024-06-03T02:05:17.623+0000 7fc2b2000700 1 -- 172.21.15.79:0/3543455101 >> [v2:172.21.15.79:6800/54480245,v1:172.21.15.79:6801/54480245] conn(0x7fc29003caa0 msgr2=0x7fc29003ee90 secure :-1 s=STATE_CONNECTION_ESTABLISHED l=1).mark_down
2024-06-03T02:05:18.412 INFO:teuthology.orchestra.run.smithi079.stdout:/usr/bin/ceph: stderr
2024-06-03T02:05:17.623+0000 7fc2b2000700 1 --2- 172.21.15.79:0/3543455101 >> [v2:172.21.15.79:6800/54480245,v1:172.21.15.79:6801/54480245] conn(0x7fc29003caa0 0x7fc29003ee90 secure :-1 s=READY pgs=3 cs=0 l=1 rev1=1 crypto rx=0x7fc298003a10 tx=0x7fc2980092b0 comp rx=0 tx=0).stop
2024-06-03T02:05:18.412 INFO:teuthology.orchestra.run.smithi079.stdout:/usr/bin/ceph: stderr
2024-06-03T02:05:17.623+0000 7fc2b2000700 1 -- 172.21.15.79:0/3543455101 >> [v2:172.21.15.79:3300/0,v1:172.21.15.79:6789/0] conn(0x7fc2ac07de10 msgr2=0x7fc2ac19e010 secure :-1 s=STATE_CONNECTION_ESTABLISHED l=1).mark_down
2024-06-03T02:05:18.412 INFO:teuthology.orchestra.run.smithi079.stdout:/usr/bin/ceph: stderr
2024-06-03T02:05:17.623+0000 7fc2b2000700 1 --2- 172.21.15.79:0/3543455101 >> [v2:172.21.15.79:3300/0,v1:172.21.15.79:6789/0] conn(0x7fc2ac07de10 0x7fc2ac19e010 secure :-1 s=READY pgs=29 cs=0 l=1 rev1=1 crypto rx=0x7fc29c011670 tx=0x7fc29c011b60 comp rx=0 tx=0).stop
2024-06-03T02:05:18.412 INFO:teuthology.orchestra.run.smithi079.stdout:/usr/bin/ceph: stderr
2024-06-03T02:05:17.623+0000 7fc2b2000700 1 -- 172.21.15.79:0/3543455101 shutdown_connections
2024-06-03T02:05:18.412 INFO:teuthology.orchestra.run.smithi079.stdout:/usr/bin/ceph: stderr
2024-06-03T02:05:17.623+0000 7fc2b2000700 1 --2- 172.21.15.79:0/3543455101 >> [v2:172.21.15.79:6800/54480245,v1:172.21.15.79:6801/54480245] conn(0x7fc29003caa0 0x7fc29003ee90 unknown :-1 s=CLOSED pgs=3 cs=0 l=1 rev1=1 crypto rx=0 tx=0 comp rx=0 tx=0).stop
2024-06-03T02:05:18.412 INFO:teuthology.orchestra.run.smithi079.stdout:/usr/bin/ceph: stderr
2024-06-03T02:05:17.623+0000 7fc2b2000700 1 --2- 172.21.15.79:0/3543455101 >> [v2:172.21.15.79:3300/0,v1:172.21.15.79:6789/0] conn(0x7fc2ac07de10 0x7fc2ac19e010 unknown :-1 s=CLOSED pgs=29 cs=0 l=1 rev1=1 crypto rx=0 tx=0 comp rx=0 tx=0).stop
2024-06-03T02:05:18.412 INFO:teuthology.orchestra.run.smithi079.stdout:/usr/bin/ceph: stderr
2024-06-03T02:05:17.623+0000 7fc2b2000700 1 --2- 172.21.15.79:0/3543455101 >> [v2:172.21.15.79:6800/1845575623,v1:172.21.15.79:6801/1845575623] conn(0x7fc290039050 0x7fc29003b510 unknown :-1 s=CLOSED pgs=0 cs=0 l=1 rev1=0 crypto rx=0 tx=0 comp rx=0 tx=0).stop
2024-06-03T02:05:18.412 INFO:teuthology.orchestra.run.smithi079.stdout:/usr/bin/ceph: stderr
2024-06-03T02:05:17.623+0000 7fc2b2000700 1 -- 172.21.15.79:0/3543455101 >> 172.21.15.79:0/3543455101 conn(0x7fc2ac1035e0 msgr2=0x7fc2ac1040d0 unknown :-1 s=STATE_NONE l=0).mark_down
2024-06-03T02:05:18.412 INFO:teuthology.orchestra.run.smithi079.stdout:/usr/bin/ceph: stderr
2024-06-03T02:05:17.624+0000 7fc2b2000700 1 -- 172.21.15.79:0/3543455101 shutdown_connections
2024-06-03T02:05:18.413 INFO:teuthology.orchestra.run.smithi079.stdout:/usr/bin/ceph: stderr
2024-06-03T02:05:17.624+0000 7fc2b2000700 1 -- 172.21.15.79:0/3543455101 wait complete.
2024-06-03T02:05:18.413 INFO:teuthology.orchestra.run.smithi079.stdout:mgr epoch 5 is available
2024-06-03T02:05:18.413 INFO:teuthology.orchestra.run.smithi079.stdout:Setting orchestrator backend to cephadm...
2024-06-03T02:05:18.960 INFO:journalctl@ceph.mon.a.smithi079.stdout:Jun 03 02:05:18 smithi079 ceph-mon[31819]: [03/Jun/2024:02:05:17] ENGINE Bus STARTING
2024-06-03T02:05:18.960 INFO:journalctl@ceph.mon.a.smithi079.stdout:Jun 03 02:05:18 smithi079 ceph-mon[31819]: [03/Jun/2024:02:05:17] ENGINE Serving on http://172.21.15.79:8765
2024-06-03T02:05:18.960 INFO:journalctl@ceph.mon.a.smithi079.stdout:Jun 03 02:05:18 smithi079 ceph-mon[31819]: [03/Jun/2024:02:05:17] ENGINE Serving on https://172.21.15.79:7150
2024-06-03T02:05:18.960 INFO:journalctl@ceph.mon.a.smithi079.stdout:Jun 03 02:05:18 smithi079 ceph-mon[31819]: [03/Jun/2024:02:05:17] ENGINE Bus STARTED
2024-06-03T02:05:18.960 INFO:journalctl@ceph.mon.a.smithi079.stdout:Jun 03 02:05:18 smithi079 ceph-mon[31819]: from='client.14124 -' entity='client.admin' cmd=[{"prefix": "get_command_descriptions"}]: dispatch
2024-06-03T02:05:18.960 INFO:journalctl@ceph.mon.a.smithi079.stdout:Jun 03 02:05:18 smithi079 ceph-mon[31819]: from='client.14124 -' entity='client.admin' cmd=[{"prefix": "mgr_status"}]: dispatch
2024-06-03T02:05:19.980 INFO:journalctl@ceph.mon.a.smithi079.stdout:Jun 03 02:05:19 smithi079 ceph-mon[31819]: mgrmap e8: x(active, since 2s)
2024-06-03T02:05:19.980 INFO:journalctl@ceph.mon.a.smithi079.stdout:Jun 03 02:05:19 smithi079 ceph-mon[31819]: from='mgr.14120 172.21.15.79:0/1157530258' entity='mgr.x'
2024-06-03T02:05:19.980 INFO:journalctl@ceph.mon.a.smithi079.stdout:Jun 03 02:05:19 smithi079 ceph-mon[31819]: from='mgr.14120 172.21.15.79:0/1157530258' entity='mgr.x' cmd=[{"prefix": "config dump", "format": "json"}]: dispatch
2024-06-03T02:05:19.989 INFO:teuthology.orchestra.run.smithi079.stdout:/usr/bin/ceph: stderr
2024-06-03T02:05:19.023+0000 7f1eace00700 1 Processor -- start
2024-06-03T02:05:19.996 INFO:teuthology.orchestra.run.smithi079.stdout:/usr/bin/ceph: stderr
2024-06-03T02:05:19.023+0000 7f1eace00700 1 -- start start
2024-06-03T02:05:19.996 INFO:teuthology.orchestra.run.smithi079.stdout:/usr/bin/ceph: stderr
2024-06-03T02:05:19.024+0000 7f1eace00700 1 --2- >> [v2:172.21.15.79:3300/0,v1:172.21.15.79:6789/0] conn(0x7f1ea8106dd0 0x7f1ea81071f0 unknown :-1 s=NONE pgs=0 cs=0 l=0 rev1=0 crypto rx=0 tx=0 comp rx=0 tx=0).connect
2024-06-03T02:05:19.996 INFO:teuthology.orchestra.run.smithi079.stdout:/usr/bin/ceph: stderr
2024-06-03T02:05:19.024+0000 7f1eace00700 1 -- --> [v2:172.21.15.79:3300/0,v1:172.21.15.79:6789/0] -- mon_getmap magic: 0 -- 0x7f1ea81077c0 con 0x7f1ea8106dd0
2024-06-03T02:05:19.996 INFO:teuthology.orchestra.run.smithi079.stdout:/usr/bin/ceph: stderr
2024-06-03T02:05:19.024+0000 7f1ea5e00700 1 --2- >> [v2:172.21.15.79:3300/0,v1:172.21.15.79:6789/0] conn(0x7f1ea8106dd0 0x7f1ea81071f0 unknown :-1 s=BANNER_CONNECTING pgs=0 cs=0 l=0 rev1=0 crypto rx=0 tx=0 comp rx=0 tx=0)._handle_peer_banner_payload supported=3 required=0
2024-06-03T02:05:19.996 INFO:teuthology.orchestra.run.smithi079.stdout:/usr/bin/ceph: stderr
2024-06-03T02:05:19.024+0000 7f1ea5e00700 1 --2- >> [v2:172.21.15.79:3300/0,v1:172.21.15.79:6789/0] conn(0x7f1ea8106dd0 0x7f1ea81071f0 unknown :-1 s=HELLO_CONNECTING pgs=0 cs=0 l=0 rev1=1 crypto rx=0 tx=0 comp rx=0 tx=0).handle_hello peer v2:172.21.15.79:3300/0 says I am v2:172.21.15.79:50784/0 (socket says 172.21.15.79:50784)
2024-06-03T02:05:19.996 INFO:teuthology.orchestra.run.smithi079.stdout:/usr/bin/ceph: stderr
2024-06-03T02:05:19.024+0000 7f1ea5e00700 1 -- 172.21.15.79:0/583375775 learned_addr learned my addr 172.21.15.79:0/583375775 (peer_addr_for_me v2:172.21.15.79:0/0)
2024-06-03T02:05:19.996 INFO:teuthology.orchestra.run.smithi079.stdout:/usr/bin/ceph: stderr
2024-06-03T02:05:19.025+0000 7f1ea5e00700 1 -- 172.21.15.79:0/583375775 --> [v2:172.21.15.79:3300/0,v1:172.21.15.79:6789/0] -- mon_subscribe({config=0+,monmap=0+}) -- 0x7f1ea8107fd0 con 0x7f1ea8106dd0
2024-06-03T02:05:19.996 INFO:teuthology.orchestra.run.smithi079.stdout:/usr/bin/ceph: stderr
2024-06-03T02:05:19.025+0000 7f1ea5e00700 1 --2- 172.21.15.79:0/583375775 >> [v2:172.21.15.79:3300/0,v1:172.21.15.79:6789/0] conn(0x7f1ea8106dd0 0x7f1ea81071f0 secure :-1 s=READY pgs=37 cs=0 l=1 rev1=1 crypto rx=0x7f1e980098a0 tx=0x7f1e98009bb0 comp rx=0 tx=0).ready entity=mon.0 client_cookie=3495ee79ec601681 server_cookie=0 in_seq=0 out_seq=0
2024-06-03T02:05:19.996 INFO:teuthology.orchestra.run.smithi079.stdout:/usr/bin/ceph: stderr
2024-06-03T02:05:19.026+0000 7f1ea4a00700 1 -- 172.21.15.79:0/583375775 <== mon.0 v2:172.21.15.79:3300/0 1 ==== mon_map magic: 0 ==== 205+0+0 (secure 0 0 0) 0x7f1e98004160 con 0x7f1ea8106dd0
2024-06-03T02:05:19.997 INFO:teuthology.orchestra.run.smithi079.stdout:/usr/bin/ceph: stderr
2024-06-03T02:05:19.026+0000 7f1ea4a00700 1 -- 172.21.15.79:0/583375775 <== mon.0 v2:172.21.15.79:3300/0 2 ==== config(27 keys) ==== 1109+0+0 (secure 0 0 0) 0x7f1e98004300 con 0x7f1ea8106dd0
2024-06-03T02:05:19.997 INFO:teuthology.orchestra.run.smithi079.stdout:/usr/bin/ceph: stderr
2024-06-03T02:05:19.026+0000 7f1ea4a00700 1 -- 172.21.15.79:0/583375775 <== mon.0 v2:172.21.15.79:3300/0 3 ==== mon_map magic: 0 ==== 205+0+0 (secure 0 0 0) 0x7f1e98011b50 con 0x7f1ea8106dd0
2024-06-03T02:05:19.997 INFO:teuthology.orchestra.run.smithi079.stdout:/usr/bin/ceph: stderr
2024-06-03T02:05:19.026+0000 7f1eace00700 1 -- 172.21.15.79:0/583375775 >> [v2:172.21.15.79:3300/0,v1:172.21.15.79:6789/0] conn(0x7f1ea8106dd0 msgr2=0x7f1ea81071f0 secure :-1 s=STATE_CONNECTION_ESTABLISHED l=1).mark_down
2024-06-03T02:05:19.997 INFO:teuthology.orchestra.run.smithi079.stdout:/usr/bin/ceph: stderr
2024-06-03T02:05:19.026+0000 7f1eace00700 1 --2- 172.21.15.79:0/583375775 >> [v2:172.21.15.79:3300/0,v1:172.21.15.79:6789/0] conn(0x7f1ea8106dd0 0x7f1ea81071f0 secure :-1 s=READY pgs=37 cs=0 l=1 rev1=1 crypto rx=0x7f1e980098a0 tx=0x7f1e98009bb0 comp rx=0 tx=0).stop
2024-06-03T02:05:19.997 INFO:teuthology.orchestra.run.smithi079.stdout:/usr/bin/ceph: stderr
2024-06-03T02:05:19.026+0000 7f1eace00700 1 -- 172.21.15.79:0/583375775 shutdown_connections
2024-06-03T02:05:19.997 INFO:teuthology.orchestra.run.smithi079.stdout:/usr/bin/ceph: stderr
2024-06-03T02:05:19.026+0000 7f1eace00700 1 --2- 172.21.15.79:0/583375775 >> [v2:172.21.15.79:3300/0,v1:172.21.15.79:6789/0] conn(0x7f1ea8106dd0 0x7f1ea81071f0 unknown :-1 s=CLOSED pgs=37 cs=0 l=1 rev1=1 crypto rx=0 tx=0 comp rx=0 tx=0).stop
2024-06-03T02:05:19.997 INFO:teuthology.orchestra.run.smithi079.stdout:/usr/bin/ceph: stderr
2024-06-03T02:05:19.026+0000 7f1eace00700 1 -- 172.21.15.79:0/583375775 >> 172.21.15.79:0/583375775 conn(0x7f1ea81023f0 msgr2=0x7f1ea8104810 unknown :-1 s=STATE_NONE l=0).mark_down
2024-06-03T02:05:19.997 INFO:teuthology.orchestra.run.smithi079.stdout:/usr/bin/ceph: stderr
2024-06-03T02:05:19.027+0000 7f1eace00700 1 -- 172.21.15.79:0/583375775 shutdown_connections
2024-06-03T02:05:19.997 INFO:teuthology.orchestra.run.smithi079.stdout:/usr/bin/ceph: stderr
2024-06-03T02:05:19.027+0000 7f1eace00700 1 -- 172.21.15.79:0/583375775 wait complete.
2024-06-03T02:05:19.997 INFO:teuthology.orchestra.run.smithi079.stdout:/usr/bin/ceph: stderr
2024-06-03T02:05:19.028+0000 7f1eace00700 1 Processor -- start
2024-06-03T02:05:19.997 INFO:teuthology.orchestra.run.smithi079.stdout:/usr/bin/ceph: stderr
2024-06-03T02:05:19.028+0000 7f1eace00700 1 -- start start
2024-06-03T02:05:19.997 INFO:teuthology.orchestra.run.smithi079.stdout:/usr/bin/ceph: stderr
2024-06-03T02:05:19.028+0000 7f1eace00700 1 --2- >> [v2:172.21.15.79:3300/0,v1:172.21.15.79:6789/0] conn(0x7f1ea8106dd0 0x7f1ea819e0d0 unknown :-1 s=NONE pgs=0 cs=0 l=1 rev1=0 crypto rx=0 tx=0 comp rx=0 tx=0).connect
2024-06-03T02:05:19.997 INFO:teuthology.orchestra.run.smithi079.stdout:/usr/bin/ceph: stderr
2024-06-03T02:05:19.028+0000 7f1eace00700 1 -- --> [v2:172.21.15.79:3300/0,v1:172.21.15.79:6789/0] -- mon_getmap magic: 0 -- 0x7f1ea810b380 con 0x7f1ea8106dd0
2024-06-03T02:05:19.997 INFO:teuthology.orchestra.run.smithi079.stdout:/usr/bin/ceph: stderr
2024-06-03T02:05:19.028+0000 7f1ea5e00700 1 --2- >> [v2:172.21.15.79:3300/0,v1:172.21.15.79:6789/0] conn(0x7f1ea8106dd0 0x7f1ea819e0d0 unknown :-1 s=BANNER_CONNECTING pgs=0 cs=0 l=1 rev1=0 crypto rx=0 tx=0 comp rx=0 tx=0)._handle_peer_banner_payload supported=3 required=0
2024-06-03T02:05:19.998 INFO:teuthology.orchestra.run.smithi079.stdout:/usr/bin/ceph: stderr
2024-06-03T02:05:19.028+0000 7f1ea5e00700 1 --2- >> [v2:172.21.15.79:3300/0,v1:172.21.15.79:6789/0] conn(0x7f1ea8106dd0 0x7f1ea819e0d0 unknown :-1 s=HELLO_CONNECTING pgs=0 cs=0 l=1 rev1=1 crypto rx=0 tx=0 comp rx=0 tx=0).handle_hello peer v2:172.21.15.79:3300/0 says I am v2:172.21.15.79:50788/0 (socket says 172.21.15.79:50788)
2024-06-03T02:05:19.998 INFO:teuthology.orchestra.run.smithi079.stdout:/usr/bin/ceph: stderr
2024-06-03T02:05:19.028+0000 7f1ea5e00700 1 -- 172.21.15.79:0/2049555694 learned_addr learned my addr 172.21.15.79:0/2049555694 (peer_addr_for_me v2:172.21.15.79:0/0)
2024-06-03T02:05:19.998 INFO:teuthology.orchestra.run.smithi079.stdout:/usr/bin/ceph: stderr
2024-06-03T02:05:19.029+0000 7f1ea5e00700 1 -- 172.21.15.79:0/2049555694 --> [v2:172.21.15.79:3300/0,v1:172.21.15.79:6789/0] -- mon_subscribe({config=0+,monmap=0+}) -- 0x7f1ea819e610 con 0x7f1ea8106dd0
2024-06-03T02:05:19.998 INFO:teuthology.orchestra.run.smithi079.stdout:/usr/bin/ceph: stderr
2024-06-03T02:05:19.029+0000 7f1ea5e00700 1 --2- 172.21.15.79:0/2049555694 >> [v2:172.21.15.79:3300/0,v1:172.21.15.79:6789/0] conn(0x7f1ea8106dd0 0x7f1ea819e0d0 secure :-1 s=READY pgs=38 cs=0 l=1 rev1=1 crypto rx=0x7f1e98000c00 tx=0x7f1e98011c10 comp rx=0 tx=0).ready entity=mon.0 client_cookie=0 server_cookie=0 in_seq=0 out_seq=0
2024-06-03T02:05:19.998 INFO:teuthology.orchestra.run.smithi079.stdout:/usr/bin/ceph: stderr
2024-06-03T02:05:19.029+0000 7f1e9ea00700 1 -- 172.21.15.79:0/2049555694 <== mon.0 v2:172.21.15.79:3300/0 1 ==== mon_map magic: 0 ==== 205+0+0 (secure 0 0 0) 0x7f1e98003b20 con 0x7f1ea8106dd0
2024-06-03T02:05:19.998 INFO:teuthology.orchestra.run.smithi079.stdout:/usr/bin/ceph: stderr
2024-06-03T02:05:19.029+0000 7f1e9ea00700 1 -- 172.21.15.79:0/2049555694 <== mon.0 v2:172.21.15.79:3300/0 2 ==== config(27 keys) ==== 1109+0+0 (secure 0 0 0) 0x7f1e98003cc0 con 0x7f1ea8106dd0
2024-06-03T02:05:19.998 INFO:teuthology.orchestra.run.smithi079.stdout:/usr/bin/ceph: stderr
2024-06-03T02:05:19.029+0000 7f1e9ea00700 1 -- 172.21.15.79:0/2049555694 <== mon.0 v2:172.21.15.79:3300/0 3 ==== mon_map magic: 0 ==== 205+0+0 (secure 0 0 0) 0x7f1e98024910 con 0x7f1ea8106dd0
2024-06-03T02:05:19.998 INFO:teuthology.orchestra.run.smithi079.stdout:/usr/bin/ceph: stderr
2024-06-03T02:05:19.029+0000 7f1eace00700 1 -- 172.21.15.79:0/2049555694 --> [v2:172.21.15.79:3300/0,v1:172.21.15.79:6789/0] -- mon_subscribe({mgrmap=0+}) -- 0x7f1ea819e8a0 con 0x7f1ea8106dd0
2024-06-03T02:05:19.998 INFO:teuthology.orchestra.run.smithi079.stdout:/usr/bin/ceph: stderr
2024-06-03T02:05:19.029+0000 7f1eace00700 1 -- 172.21.15.79:0/2049555694 --> [v2:172.21.15.79:3300/0,v1:172.21.15.79:6789/0] -- mon_subscribe({osdmap=0}) -- 0x7f1ea81a1590 con 0x7f1ea8106dd0
2024-06-03T02:05:19.998 INFO:teuthology.orchestra.run.smithi079.stdout:/usr/bin/ceph: stderr
2024-06-03T02:05:19.031+0000 7f1e9ea00700 1 -- 172.21.15.79:0/2049555694 <== mon.0 v2:172.21.15.79:3300/0 4 ==== mgrmap(e 8) ==== 46287+0+0 (secure 0 0 0) 0x7f1e98022020 con 0x7f1ea8106dd0
2024-06-03T02:05:19.998 INFO:teuthology.orchestra.run.smithi079.stdout:/usr/bin/ceph: stderr
2024-06-03T02:05:19.031+0000 7f1eace00700 1 -- 172.21.15.79:0/2049555694 --> [v2:172.21.15.79:3300/0,v1:172.21.15.79:6789/0] -- mon_command({"prefix": "get_command_descriptions"} v 0) -- 0x7f1ea8063af0 con 0x7f1ea8106dd0
2024-06-03T02:05:19.998 INFO:teuthology.orchestra.run.smithi079.stdout:/usr/bin/ceph: stderr
2024-06-03T02:05:19.031+0000 7f1e9ea00700 1 --2- 172.21.15.79:0/2049555694 >> [v2:172.21.15.79:6800/54480245,v1:172.21.15.79:6801/54480245] conn(0x7f1e8c0390a0 0x7f1e8c03b560 unknown :-1 s=NONE pgs=0 cs=0 l=1 rev1=0 crypto rx=0 tx=0 comp rx=0 tx=0).connect
2024-06-03T02:05:19.999 INFO:teuthology.orchestra.run.smithi079.stdout:/usr/bin/ceph: stderr
2024-06-03T02:05:19.031+0000 7f1e9ea00700 1 -- 172.21.15.79:0/2049555694 <== mon.0 v2:172.21.15.79:3300/0 5 ==== osd_map(2..2 src has 1..2) ==== 940+0+0 (secure 0 0 0) 0x7f1e98011e00 con 0x7f1ea8106dd0
2024-06-03T02:05:19.999 INFO:teuthology.orchestra.run.smithi079.stdout:/usr/bin/ceph: stderr
2024-06-03T02:05:19.031+0000 7f1ea5400700 1 --2- 172.21.15.79:0/2049555694 >> [v2:172.21.15.79:6800/54480245,v1:172.21.15.79:6801/54480245] conn(0x7f1e8c0390a0 0x7f1e8c03b560 unknown :-1 s=BANNER_CONNECTING pgs=0 cs=0 l=1 rev1=0 crypto rx=0 tx=0 comp rx=0 tx=0)._handle_peer_banner_payload supported=3 required=0
2024-06-03T02:05:19.999 INFO:teuthology.orchestra.run.smithi079.stdout:/usr/bin/ceph: stderr
2024-06-03T02:05:19.032+0000 7f1ea5400700 1 --2- 172.21.15.79:0/2049555694 >> [v2:172.21.15.79:6800/54480245,v1:172.21.15.79:6801/54480245] conn(0x7f1e8c0390a0 0x7f1e8c03b560 secure :-1 s=READY pgs=7 cs=0 l=1 rev1=1 crypto rx=0x7f1e94006fd0 tx=0x7f1e94006e40 comp rx=0 tx=0).ready entity=mgr.14120 client_cookie=0 server_cookie=0 in_seq=0 out_seq=0
2024-06-03T02:05:19.999 INFO:teuthology.orchestra.run.smithi079.stdout:/usr/bin/ceph: stderr
2024-06-03T02:05:19.037+0000 7f1e9ea00700 1 -- 172.21.15.79:0/2049555694 <== mon.0 v2:172.21.15.79:3300/0 6 ==== mon_command_ack([{"prefix": "get_command_descriptions"}]=0 v0) ==== 72+0+186418 (secure 0 0 0) 0x7f1e9801ad80 con 0x7f1ea8106dd0
2024-06-03T02:05:19.999 INFO:teuthology.orchestra.run.smithi079.stdout:/usr/bin/ceph: stderr
2024-06-03T02:05:19.272+0000 7f1eace00700 1 -- 172.21.15.79:0/2049555694 --> [v2:172.21.15.79:6800/54480245,v1:172.21.15.79:6801/54480245] -- mgr_command(tid 0: {"prefix": "orch set backend", "module_name": "cephadm", "target": ["mon-mgr", ""]}) -- 0x7f1ea80008d0 con 0x7f1e8c0390a0
2024-06-03T02:05:19.999 INFO:teuthology.orchestra.run.smithi079.stdout:/usr/bin/ceph: stderr
2024-06-03T02:05:19.281+0000 7f1e9ea00700 1 -- 172.21.15.79:0/2049555694 <== mgr.14120 v2:172.21.15.79:6800/54480245 1 ==== mgr_command_reply(tid 0: 0 ) ==== 8+0+0 (secure 0 0 0) 0x7f1ea80008d0 con 0x7f1e8c0390a0
2024-06-03T02:05:19.999 INFO:teuthology.orchestra.run.smithi079.stdout:/usr/bin/ceph: stderr
2024-06-03T02:05:19.284+0000 7f1eace00700 1 -- 172.21.15.79:0/2049555694 >> [v2:172.21.15.79:6800/54480245,v1:172.21.15.79:6801/54480245] conn(0x7f1e8c0390a0 msgr2=0x7f1e8c03b560 secure :-1 s=STATE_CONNECTION_ESTABLISHED l=1).mark_down
2024-06-03T02:05:19.999 INFO:teuthology.orchestra.run.smithi079.stdout:/usr/bin/ceph: stderr
2024-06-03T02:05:19.284+0000 7f1eace00700 1 --2- 172.21.15.79:0/2049555694 >> [v2:172.21.15.79:6800/54480245,v1:172.21.15.79:6801/54480245] conn(0x7f1e8c0390a0 0x7f1e8c03b560 secure :-1 s=READY pgs=7 cs=0 l=1 rev1=1 crypto rx=0x7f1e94006fd0 tx=0x7f1e94006e40 comp rx=0 tx=0).stop
2024-06-03T02:05:19.999 INFO:teuthology.orchestra.run.smithi079.stdout:/usr/bin/ceph: stderr
2024-06-03T02:05:19.284+0000 7f1eace00700 1 -- 172.21.15.79:0/2049555694 >> [v2:172.21.15.79:3300/0,v1:172.21.15.79:6789/0] conn(0x7f1ea8106dd0 msgr2=0x7f1ea819e0d0 secure :-1 s=STATE_CONNECTION_ESTABLISHED l=1).mark_down
2024-06-03T02:05:19.999 INFO:teuthology.orchestra.run.smithi079.stdout:/usr/bin/ceph: stderr
2024-06-03T02:05:19.284+0000 7f1eace00700 1 --2- 172.21.15.79:0/2049555694 >> [v2:172.21.15.79:3300/0,v1:172.21.15.79:6789/0] conn(0x7f1ea8106dd0 0x7f1ea819e0d0 secure :-1 s=READY pgs=38 cs=0 l=1 rev1=1 crypto rx=0x7f1e98000c00 tx=0x7f1e98011c10 comp rx=0 tx=0).stop
2024-06-03T02:05:19.999 INFO:teuthology.orchestra.run.smithi079.stdout:/usr/bin/ceph: stderr
2024-06-03T02:05:19.285+0000 7f1eace00700 1 -- 172.21.15.79:0/2049555694 shutdown_connections
2024-06-03T02:05:19.999 INFO:teuthology.orchestra.run.smithi079.stdout:/usr/bin/ceph: stderr
2024-06-03T02:05:19.285+0000 7f1eace00700 1 --2- 172.21.15.79:0/2049555694 >> [v2:172.21.15.79:6800/54480245,v1:172.21.15.79:6801/54480245] conn(0x7f1e8c0390a0 0x7f1e8c03b560 unknown :-1 s=CLOSED pgs=7 cs=0 l=1 rev1=1 crypto rx=0 tx=0 comp rx=0 tx=0).stop
2024-06-03T02:05:20.000 INFO:teuthology.orchestra.run.smithi079.stdout:/usr/bin/ceph: stderr
2024-06-03T02:05:19.285+0000 7f1eace00700 1 --2- 172.21.15.79:0/2049555694 >> [v2:172.21.15.79:3300/0,v1:172.21.15.79:6789/0] conn(0x7f1ea8106dd0 0x7f1ea819e0d0 unknown :-1 s=CLOSED pgs=38 cs=0 l=1 rev1=1 crypto rx=0 tx=0 comp rx=0 tx=0).stop
2024-06-03T02:05:20.000 INFO:teuthology.orchestra.run.smithi079.stdout:/usr/bin/ceph: stderr
2024-06-03T02:05:19.285+0000 7f1eace00700 1 -- 172.21.15.79:0/2049555694 >> 172.21.15.79:0/2049555694 conn(0x7f1ea81023f0 msgr2=0x7f1ea8103290 unknown :-1 s=STATE_NONE l=0).mark_down
2024-06-03T02:05:20.000 INFO:teuthology.orchestra.run.smithi079.stdout:/usr/bin/ceph: stderr
2024-06-03T02:05:19.285+0000 7f1eace00700 1 -- 172.21.15.79:0/2049555694 shutdown_connections
2024-06-03T02:05:20.000 INFO:teuthology.orchestra.run.smithi079.stdout:/usr/bin/ceph: stderr
2024-06-03T02:05:19.285+0000 7f1eace00700 1 -- 172.21.15.79:0/2049555694 wait complete.
2024-06-03T02:05:20.871 INFO:journalctl@ceph.mon.a.smithi079.stdout:Jun 03 02:05:20 smithi079 ceph-mon[31819]: from='client.14132 -' entity='client.admin' cmd=[{"prefix": "orch set backend", "module_name": "cephadm", "target": ["mon-mgr", ""]}]: dispatch
2024-06-03T02:05:21.572 INFO:teuthology.orchestra.run.smithi079.stdout:/usr/bin/ceph: stdout value unchanged
2024-06-03T02:05:21.572 INFO:teuthology.orchestra.run.smithi079.stdout:/usr/bin/ceph: stderr
2024-06-03T02:05:20.612+0000 7f58a2400700 1 Processor -- start
2024-06-03T02:05:21.572 INFO:teuthology.orchestra.run.smithi079.stdout:/usr/bin/ceph: stderr
2024-06-03T02:05:20.612+0000 7f58a2400700 1 -- start start
2024-06-03T02:05:21.572 INFO:teuthology.orchestra.run.smithi079.stdout:/usr/bin/ceph: stderr
2024-06-03T02:05:20.612+0000 7f58a2400700 1 --2- >> [v2:172.21.15.79:3300/0,v1:172.21.15.79:6789/0] conn(0x7f589c10a0b0 0x7f589c10a4d0 unknown :-1 s=NONE pgs=0 cs=0 l=0 rev1=0 crypto rx=0 tx=0 comp rx=0 tx=0).connect
2024-06-03T02:05:21.572 INFO:teuthology.orchestra.run.smithi079.stdout:/usr/bin/ceph: stderr
2024-06-03T02:05:20.612+0000 7f58a2400700 1 -- --> [v2:172.21.15.79:3300/0,v1:172.21.15.79:6789/0] -- mon_getmap magic: 0 -- 0x7f589c10aaa0 con 0x7f589c10a0b0
2024-06-03T02:05:21.575 INFO:teuthology.orchestra.run.smithi079.stdout:/usr/bin/ceph: stderr
2024-06-03T02:05:20.613+0000 7f589b400700 1 --2- >> [v2:172.21.15.79:3300/0,v1:172.21.15.79:6789/0] conn(0x7f589c10a0b0 0x7f589c10a4d0 unknown :-1 s=BANNER_CONNECTING pgs=0 cs=0 l=0 rev1=0 crypto rx=0 tx=0 comp rx=0 tx=0)._handle_peer_banner_payload supported=3 required=0
2024-06-03T02:05:21.575 INFO:teuthology.orchestra.run.smithi079.stdout:/usr/bin/ceph: stderr
2024-06-03T02:05:20.613+0000 7f589b400700 1 --2- >> [v2:172.21.15.79:3300/0,v1:172.21.15.79:6789/0] conn(0x7f589c10a0b0 0x7f589c10a4d0 unknown :-1 s=HELLO_CONNECTING pgs=0 cs=0 l=0 rev1=1 crypto rx=0 tx=0 comp rx=0 tx=0).handle_hello peer v2:172.21.15.79:3300/0 says I am v2:172.21.15.79:50798/0 (socket says 172.21.15.79:50798)
2024-06-03T02:05:21.575 INFO:teuthology.orchestra.run.smithi079.stdout:/usr/bin/ceph: stderr
2024-06-03T02:05:20.613+0000 7f589b400700 1 -- 172.21.15.79:0/1123862525 learned_addr learned my addr 172.21.15.79:0/1123862525 (peer_addr_for_me v2:172.21.15.79:0/0)
2024-06-03T02:05:21.575 INFO:teuthology.orchestra.run.smithi079.stdout:/usr/bin/ceph: stderr
2024-06-03T02:05:20.613+0000 7f589b400700 1 -- 172.21.15.79:0/1123862525 --> [v2:172.21.15.79:3300/0,v1:172.21.15.79:6789/0] -- mon_subscribe({config=0+,monmap=0+}) -- 0x7f589c10b2c0 con 0x7f589c10a0b0
2024-06-03T02:05:21.575 INFO:teuthology.orchestra.run.smithi079.stdout:/usr/bin/ceph: stderr
2024-06-03T02:05:20.614+0000 7f589b400700 1 --2- 172.21.15.79:0/1123862525 >> [v2:172.21.15.79:3300/0,v1:172.21.15.79:6789/0] conn(0x7f589c10a0b0 0x7f589c10a4d0 secure :-1 s=READY pgs=39 cs=0 l=1 rev1=1 crypto rx=0x7f588c0098a0 tx=0x7f588c009bb0 comp rx=0 tx=0).ready entity=mon.0 client_cookie=1dedab91458280c server_cookie=0 in_seq=0 out_seq=0
2024-06-03T02:05:21.575 INFO:teuthology.orchestra.run.smithi079.stdout:/usr/bin/ceph: stderr
2024-06-03T02:05:20.614+0000 7f589a000700 1 -- 172.21.15.79:0/1123862525 <== mon.0 v2:172.21.15.79:3300/0 1 ==== mon_map magic: 0 ==== 205+0+0 (secure 0 0 0) 0x7f588c004160 con 0x7f589c10a0b0
2024-06-03T02:05:21.575 INFO:teuthology.orchestra.run.smithi079.stdout:/usr/bin/ceph: stderr
2024-06-03T02:05:20.614+0000 7f589a000700 1 -- 172.21.15.79:0/1123862525 <== mon.0 v2:172.21.15.79:3300/0 2 ==== config(27 keys) ==== 1109+0+0 (secure 0 0 0) 0x7f588c004300 con 0x7f589c10a0b0
2024-06-03T02:05:21.576 INFO:teuthology.orchestra.run.smithi079.stdout:/usr/bin/ceph: stderr
2024-06-03T02:05:20.614+0000 7f589a000700 1 -- 172.21.15.79:0/1123862525 <== mon.0 v2:172.21.15.79:3300/0 3 ==== mon_map magic: 0 ==== 205+0+0 (secure 0 0 0) 0x7f588c011b50 con 0x7f589c10a0b0
2024-06-03T02:05:21.576 INFO:teuthology.orchestra.run.smithi079.stdout:/usr/bin/ceph: stderr
2024-06-03T02:05:20.615+0000 7f58a2400700 1 -- 172.21.15.79:0/1123862525 >> [v2:172.21.15.79:3300/0,v1:172.21.15.79:6789/0] conn(0x7f589c10a0b0 msgr2=0x7f589c10a4d0 secure :-1 s=STATE_CONNECTION_ESTABLISHED l=1).mark_down
2024-06-03T02:05:21.576 INFO:teuthology.orchestra.run.smithi079.stdout:/usr/bin/ceph: stderr
2024-06-03T02:05:20.615+0000 7f58a2400700 1 --2- 172.21.15.79:0/1123862525 >> [v2:172.21.15.79:3300/0,v1:172.21.15.79:6789/0] conn(0x7f589c10a0b0 0x7f589c10a4d0 secure :-1 s=READY pgs=39 cs=0 l=1 rev1=1 crypto rx=0x7f588c0098a0 tx=0x7f588c009bb0 comp rx=0 tx=0).stop
2024-06-03T02:05:21.576 INFO:teuthology.orchestra.run.smithi079.stdout:/usr/bin/ceph: stderr
2024-06-03T02:05:20.615+0000 7f58a2400700 1 -- 172.21.15.79:0/1123862525 shutdown_connections
2024-06-03T02:05:21.576 INFO:teuthology.orchestra.run.smithi079.stdout:/usr/bin/ceph: stderr
2024-06-03T02:05:20.615+0000 7f58a2400700 1 --2- 172.21.15.79:0/1123862525 >> [v2:172.21.15.79:3300/0,v1:172.21.15.79:6789/0] conn(0x7f589c10a0b0 0x7f589c10a4d0 unknown :-1 s=CLOSED pgs=39 cs=0 l=1 rev1=1 crypto rx=0 tx=0 comp rx=0 tx=0).stop
2024-06-03T02:05:21.576 INFO:teuthology.orchestra.run.smithi079.stdout:/usr/bin/ceph: stderr
2024-06-03T02:05:20.615+0000 7f58a2400700 1 -- 172.21.15.79:0/1123862525 >> 172.21.15.79:0/1123862525 conn(0x7f589c07d6b0 msgr2=0x7f589c07dac0 unknown :-1 s=STATE_NONE l=0).mark_down
2024-06-03T02:05:21.576 INFO:teuthology.orchestra.run.smithi079.stdout:/usr/bin/ceph: stderr
2024-06-03T02:05:20.615+0000 7f58a2400700 1 -- 172.21.15.79:0/1123862525 shutdown_connections
2024-06-03T02:05:21.576 INFO:teuthology.orchestra.run.smithi079.stdout:/usr/bin/ceph: stderr
2024-06-03T02:05:20.615+0000 7f58a2400700 1 -- 172.21.15.79:0/1123862525 wait complete.
2024-06-03T02:05:21.576 INFO:teuthology.orchestra.run.smithi079.stdout:/usr/bin/ceph: stderr
2024-06-03T02:05:20.616+0000 7f58a2400700 1 Processor -- start
2024-06-03T02:05:21.576 INFO:teuthology.orchestra.run.smithi079.stdout:/usr/bin/ceph: stderr
2024-06-03T02:05:20.616+0000 7f58a2400700 1 -- start start
2024-06-03T02:05:21.576 INFO:teuthology.orchestra.run.smithi079.stdout:/usr/bin/ceph: stderr
2024-06-03T02:05:20.617+0000 7f58a2400700 1 --2- >> [v2:172.21.15.79:3300/0,v1:172.21.15.79:6789/0] conn(0x7f589c10a0b0 0x7f589c19e050 unknown :-1 s=NONE pgs=0 cs=0 l=1 rev1=0 crypto rx=0 tx=0 comp rx=0 tx=0).connect
2024-06-03T02:05:21.576 INFO:teuthology.orchestra.run.smithi079.stdout:/usr/bin/ceph: stderr
2024-06-03T02:05:20.617+0000 7f58a2400700 1 -- --> [v2:172.21.15.79:3300/0,v1:172.21.15.79:6789/0] -- mon_getmap magic: 0 -- 0x7f589c10e670 con 0x7f589c10a0b0
2024-06-03T02:05:21.576 INFO:teuthology.orchestra.run.smithi079.stdout:/usr/bin/ceph: stderr
2024-06-03T02:05:20.617+0000 7f589b400700 1 --2- >> [v2:172.21.15.79:3300/0,v1:172.21.15.79:6789/0] conn(0x7f589c10a0b0 0x7f589c19e050 unknown :-1 s=BANNER_CONNECTING pgs=0 cs=0 l=1 rev1=0 crypto rx=0 tx=0 comp rx=0 tx=0)._handle_peer_banner_payload supported=3 required=0
2024-06-03T02:05:21.576 INFO:teuthology.orchestra.run.smithi079.stdout:/usr/bin/ceph: stderr
2024-06-03T02:05:20.617+0000 7f589b400700 1 --2- >> [v2:172.21.15.79:3300/0,v1:172.21.15.79:6789/0] conn(0x7f589c10a0b0 0x7f589c19e050 unknown :-1 s=HELLO_CONNECTING pgs=0 cs=0 l=1 rev1=1 crypto rx=0 tx=0 comp rx=0 tx=0).handle_hello peer v2:172.21.15.79:3300/0 says I am v2:172.21.15.79:50814/0 (socket says 172.21.15.79:50814)
2024-06-03T02:05:21.577 INFO:teuthology.orchestra.run.smithi079.stdout:/usr/bin/ceph: stderr
2024-06-03T02:05:20.617+0000 7f589b400700 1 -- 172.21.15.79:0/746556786 learned_addr learned my addr 172.21.15.79:0/746556786 (peer_addr_for_me v2:172.21.15.79:0/0)
2024-06-03T02:05:21.577 INFO:teuthology.orchestra.run.smithi079.stdout:/usr/bin/ceph: stderr
2024-06-03T02:05:20.617+0000 7f589b400700 1 -- 172.21.15.79:0/746556786 --> [v2:172.21.15.79:3300/0,v1:172.21.15.79:6789/0] -- mon_subscribe({config=0+,monmap=0+}) -- 0x7f589c19e590 con 0x7f589c10a0b0
2024-06-03T02:05:21.579 INFO:teuthology.orchestra.run.smithi079.stdout:/usr/bin/ceph: stderr
2024-06-03T02:05:20.618+0000 7f589b400700 1 --2- 172.21.15.79:0/746556786 >> [v2:172.21.15.79:3300/0,v1:172.21.15.79:6789/0] conn(0x7f589c10a0b0 0x7f589c19e050 secure :-1 s=READY pgs=40 cs=0 l=1 rev1=1 crypto rx=0x7f588c000c00 tx=0x7f588c011c10 comp rx=0 tx=0).ready entity=mon.0 client_cookie=0 server_cookie=0 in_seq=0 out_seq=0
2024-06-03T02:05:21.579 INFO:teuthology.orchestra.run.smithi079.stdout:/usr/bin/ceph: stderr
2024-06-03T02:05:20.618+0000 7f5893e00700 1 -- 172.21.15.79:0/746556786 <== mon.0 v2:172.21.15.79:3300/0 1 ==== mon_map magic: 0 ==== 205+0+0 (secure 0 0 0) 0x7f588c003b20 con 0x7f589c10a0b0
2024-06-03T02:05:21.579 INFO:teuthology.orchestra.run.smithi079.stdout:/usr/bin/ceph: stderr
2024-06-03T02:05:20.618+0000 7f5893e00700 1 -- 172.21.15.79:0/746556786 <== mon.0 v2:172.21.15.79:3300/0 2 ==== config(27 keys) ==== 1109+0+0 (secure 0 0 0) 0x7f588c003cc0 con 0x7f589c10a0b0
2024-06-03T02:05:21.579 INFO:teuthology.orchestra.run.smithi079.stdout:/usr/bin/ceph: stderr
2024-06-03T02:05:20.618+0000 7f5893e00700 1 -- 172.21.15.79:0/746556786 <== mon.0 v2:172.21.15.79:3300/0 3 ==== mon_map magic: 0 ==== 205+0+0 (secure 0 0 0) 0x7f588c024910 con 0x7f589c10a0b0
2024-06-03T02:05:21.580 INFO:teuthology.orchestra.run.smithi079.stdout:/usr/bin/ceph: stderr
2024-06-03T02:05:20.618+0000 7f58a2400700 1 -- 172.21.15.79:0/746556786 --> [v2:172.21.15.79:3300/0,v1:172.21.15.79:6789/0] -- mon_subscribe({mgrmap=0+}) -- 0x7f589c19e820 con 0x7f589c10a0b0
2024-06-03T02:05:21.580 INFO:teuthology.orchestra.run.smithi079.stdout:/usr/bin/ceph: stderr
2024-06-03T02:05:20.618+0000 7f58a2400700 1 -- 172.21.15.79:0/746556786 --> [v2:172.21.15.79:3300/0,v1:172.21.15.79:6789/0] -- mon_subscribe({osdmap=0}) -- 0x7f589c1a1510 con 0x7f589c10a0b0
2024-06-03T02:05:21.580 INFO:teuthology.orchestra.run.smithi079.stdout:/usr/bin/ceph: stderr
2024-06-03T02:05:20.619+0000 7f5893e00700 1 -- 172.21.15.79:0/746556786 <== mon.0 v2:172.21.15.79:3300/0 4 ==== mgrmap(e 8) ==== 46287+0+0 (secure 0 0 0) 0x7f588c022020 con 0x7f589c10a0b0
2024-06-03T02:05:21.580 INFO:teuthology.orchestra.run.smithi079.stdout:/usr/bin/ceph: stderr
2024-06-03T02:05:20.619+0000 7f58a2400700 1 -- 172.21.15.79:0/746556786 --> [v2:172.21.15.79:3300/0,v1:172.21.15.79:6789/0] -- mon_command({"prefix": "get_command_descriptions"} v 0) -- 0x7f589c063af0 con 0x7f589c10a0b0
2024-06-03T02:05:21.580 INFO:teuthology.orchestra.run.smithi079.stdout:/usr/bin/ceph: stderr
2024-06-03T02:05:20.619+0000 7f5893e00700 1 --2- 172.21.15.79:0/746556786 >> [v2:172.21.15.79:6800/54480245,v1:172.21.15.79:6801/54480245] conn(0x7f58800390a0 0x7f588003b560 unknown :-1 s=NONE pgs=0 cs=0 l=1 rev1=0 crypto rx=0 tx=0 comp rx=0 tx=0).connect
2024-06-03T02:05:21.580 INFO:teuthology.orchestra.run.smithi079.stdout:/usr/bin/ceph: stderr
2024-06-03T02:05:20.620+0000 7f5893e00700 1 -- 172.21.15.79:0/746556786 <== mon.0 v2:172.21.15.79:3300/0 5 ==== osd_map(2..2 src has 1..2) ==== 940+0+0 (secure 0 0 0) 0x7f588c011e00 con 0x7f589c10a0b0
2024-06-03T02:05:21.580 INFO:teuthology.orchestra.run.smithi079.stdout:/usr/bin/ceph: stderr
2024-06-03T02:05:20.620+0000 7f589aa00700 1 --2- 172.21.15.79:0/746556786 >> [v2:172.21.15.79:6800/54480245,v1:172.21.15.79:6801/54480245] conn(0x7f58800390a0 0x7f588003b560 unknown :-1 s=BANNER_CONNECTING pgs=0 cs=0 l=1 rev1=0 crypto rx=0 tx=0 comp rx=0 tx=0)._handle_peer_banner_payload supported=3 required=0
2024-06-03T02:05:21.580 INFO:teuthology.orchestra.run.smithi079.stdout:/usr/bin/ceph: stderr
2024-06-03T02:05:20.620+0000 7f589aa00700 1 --2- 172.21.15.79:0/746556786 >> [v2:172.21.15.79:6800/54480245,v1:172.21.15.79:6801/54480245] conn(0x7f58800390a0 0x7f588003b560 secure :-1 s=READY pgs=8 cs=0 l=1 rev1=1 crypto rx=0x7f5888006fd0 tx=0x7f5888006e40 comp rx=0 tx=0).ready entity=mgr.14120 client_cookie=0 server_cookie=0 in_seq=0 out_seq=0
2024-06-03T02:05:21.580 INFO:teuthology.orchestra.run.smithi079.stdout:/usr/bin/ceph: stderr
2024-06-03T02:05:20.625+0000 7f5893e00700 1 -- 172.21.15.79:0/746556786 <== mon.0 v2:172.21.15.79:3300/0 6 ==== mon_command_ack([{"prefix": "get_command_descriptions"}]=0 v0) ==== 72+0+186418 (secure 0 0 0) 0x7f588c01ad80 con 0x7f589c10a0b0
2024-06-03T02:05:21.580 INFO:teuthology.orchestra.run.smithi079.stdout:/usr/bin/ceph: stderr
2024-06-03T02:05:20.850+0000 7f58a2400700 1 -- 172.21.15.79:0/746556786 --> [v2:172.21.15.79:6800/54480245,v1:172.21.15.79:6801/54480245] -- mgr_command(tid 0: {"prefix": "cephadm set-user", "user": "root", "target": ["mon-mgr", ""]}) -- 0x7f589c108460 con 0x7f58800390a0
2024-06-03T02:05:21.580 INFO:teuthology.orchestra.run.smithi079.stdout:/usr/bin/ceph: stderr
2024-06-03T02:05:20.852+0000 7f5893e00700 1 -- 172.21.15.79:0/746556786 <== mgr.14120 v2:172.21.15.79:6800/54480245 1 ==== mgr_command_reply(tid 0: 0 ) ==== 8+0+16 (secure 0 0 0) 0x7f589c108460 con 0x7f58800390a0
2024-06-03T02:05:21.580 INFO:teuthology.orchestra.run.smithi079.stdout:/usr/bin/ceph: stderr
2024-06-03T02:05:20.855+0000 7f58a2400700 1 -- 172.21.15.79:0/746556786 >> [v2:172.21.15.79:6800/54480245,v1:172.21.15.79:6801/54480245] conn(0x7f58800390a0 msgr2=0x7f588003b560 secure :-1 s=STATE_CONNECTION_ESTABLISHED l=1).mark_down
2024-06-03T02:05:21.580 INFO:teuthology.orchestra.run.smithi079.stdout:/usr/bin/ceph: stderr
2024-06-03T02:05:20.855+0000 7f58a2400700 1 --2- 172.21.15.79:0/746556786 >> [v2:172.21.15.79:6800/54480245,v1:172.21.15.79:6801/54480245] conn(0x7f58800390a0 0x7f588003b560 secure :-1 s=READY pgs=8 cs=0 l=1 rev1=1 crypto rx=0x7f5888006fd0 tx=0x7f5888006e40 comp rx=0 tx=0).stop
2024-06-03T02:05:21.581 INFO:teuthology.orchestra.run.smithi079.stdout:/usr/bin/ceph: stderr
2024-06-03T02:05:20.855+0000 7f58a2400700 1 -- 172.21.15.79:0/746556786 >> [v2:172.21.15.79:3300/0,v1:172.21.15.79:6789/0] conn(0x7f589c10a0b0 msgr2=0x7f589c19e050 secure :-1 s=STATE_CONNECTION_ESTABLISHED l=1).mark_down
2024-06-03T02:05:21.581 INFO:teuthology.orchestra.run.smithi079.stdout:/usr/bin/ceph: stderr
2024-06-03T02:05:20.855+0000 7f58a2400700 1 --2- 172.21.15.79:0/746556786 >> [v2:172.21.15.79:3300/0,v1:172.21.15.79:6789/0] conn(0x7f589c10a0b0 0x7f589c19e050 secure :-1 s=READY pgs=40 cs=0 l=1 rev1=1 crypto rx=0x7f588c000c00 tx=0x7f588c011c10 comp rx=0 tx=0).stop
2024-06-03T02:05:21.581 INFO:teuthology.orchestra.run.smithi079.stdout:/usr/bin/ceph: stderr
2024-06-03T02:05:20.855+0000 7f58a2400700 1 -- 172.21.15.79:0/746556786 shutdown_connections
2024-06-03T02:05:21.581 INFO:teuthology.orchestra.run.smithi079.stdout:/usr/bin/ceph: stderr
2024-06-03T02:05:20.855+0000 7f58a2400700 1 --2- 172.21.15.79:0/746556786 >> [v2:172.21.15.79:6800/54480245,v1:172.21.15.79:6801/54480245] conn(0x7f58800390a0 0x7f588003b560 unknown :-1 s=CLOSED pgs=8 cs=0 l=1 rev1=1 crypto rx=0 tx=0 comp rx=0 tx=0).stop
2024-06-03T02:05:21.581 INFO:teuthology.orchestra.run.smithi079.stdout:/usr/bin/ceph: stderr
2024-06-03T02:05:20.855+0000 7f58a2400700 1 --2- 172.21.15.79:0/746556786 >> [v2:172.21.15.79:3300/0,v1:172.21.15.79:6789/0] conn(0x7f589c10a0b0 0x7f589c19e050 unknown :-1 s=CLOSED pgs=40 cs=0 l=1 rev1=1 crypto rx=0 tx=0 comp rx=0 tx=0).stop
2024-06-03T02:05:21.581 INFO:teuthology.orchestra.run.smithi079.stdout:/usr/bin/ceph: stderr
2024-06-03T02:05:20.855+0000 7f58a2400700 1 -- 172.21.15.79:0/746556786 >> 172.21.15.79:0/746556786 conn(0x7f589c07d6b0 msgr2=0x7f589c107d50 unknown :-1 s=STATE_NONE l=0).mark_down
2024-06-03T02:05:21.581 INFO:teuthology.orchestra.run.smithi079.stdout:/usr/bin/ceph: stderr
2024-06-03T02:05:20.855+0000 7f58a2400700 1 -- 172.21.15.79:0/746556786 shutdown_connections
2024-06-03T02:05:21.581 INFO:teuthology.orchestra.run.smithi079.stdout:/usr/bin/ceph: stderr
2024-06-03T02:05:20.855+0000 7f58a2400700 1 -- 172.21.15.79:0/746556786 wait complete.
2024-06-03T02:05:21.581 INFO:teuthology.orchestra.run.smithi079.stdout:Generating ssh key...
2024-06-03T02:05:22.188 INFO:journalctl@ceph.mon.a.smithi079.stdout:Jun 03 02:05:21 smithi079 ceph-mon[31819]: from='client.14134 -' entity='client.admin' cmd=[{"prefix": "cephadm set-user", "user": "root", "target": ["mon-mgr", ""]}]: dispatch
2024-06-03T02:05:23.297 INFO:journalctl@ceph.mon.a.smithi079.stdout:Jun 03 02:05:22 smithi079 ceph-mon[31819]: from='client.14136 -' entity='client.admin' cmd=[{"prefix": "cephadm generate-key", "target": ["mon-mgr", ""]}]: dispatch
2024-06-03T02:05:23.297 INFO:journalctl@ceph.mon.a.smithi079.stdout:Jun 03 02:05:22 smithi079 ceph-mon[31819]: Generating ssh key...
2024-06-03T02:05:23.297 INFO:journalctl@ceph.mgr.x.smithi079.stdout:Jun 03 02:05:22 smithi079 ceph-7a1e9ad6-214d-11ef-bc9b-c7b262605968-mgr-x[32042]: Generating public/private rsa key pair.
2024-06-03T02:05:23.298 INFO:journalctl@ceph.mgr.x.smithi079.stdout:Jun 03 02:05:22 smithi079 ceph-7a1e9ad6-214d-11ef-bc9b-c7b262605968-mgr-x[32042]: Your identification has been saved in /tmp/tmpgcmyvt5i/key.
2024-06-03T02:05:23.298 INFO:journalctl@ceph.mgr.x.smithi079.stdout:Jun 03 02:05:22 smithi079 ceph-7a1e9ad6-214d-11ef-bc9b-c7b262605968-mgr-x[32042]: Your public key has been saved in /tmp/tmpgcmyvt5i/key.pub.
2024-06-03T02:05:23.298 INFO:journalctl@ceph.mgr.x.smithi079.stdout:Jun 03 02:05:22 smithi079 ceph-7a1e9ad6-214d-11ef-bc9b-c7b262605968-mgr-x[32042]: The key fingerprint is:
2024-06-03T02:05:23.298 INFO:journalctl@ceph.mgr.x.smithi079.stdout:Jun 03 02:05:22 smithi079 ceph-7a1e9ad6-214d-11ef-bc9b-c7b262605968-mgr-x[32042]: SHA256:wkFUZbOH/k02JK0Qwb/GRFgWoZ6Zk7zLpyqkQy3b52I ceph-7a1e9ad6-214d-11ef-bc9b-c7b262605968
2024-06-03T02:05:23.298 INFO:journalctl@ceph.mgr.x.smithi079.stdout:Jun 03 02:05:22 smithi079 ceph-7a1e9ad6-214d-11ef-bc9b-c7b262605968-mgr-x[32042]: The key's randomart image is:
2024-06-03T02:05:23.298 INFO:journalctl@ceph.mgr.x.smithi079.stdout:Jun 03 02:05:22 smithi079 ceph-7a1e9ad6-214d-11ef-bc9b-c7b262605968-mgr-x[32042]: +---[RSA 3072]----+
2024-06-03T02:05:23.298 INFO:journalctl@ceph.mgr.x.smithi079.stdout:Jun 03 02:05:22 smithi079 ceph-7a1e9ad6-214d-11ef-bc9b-c7b262605968-mgr-x[32042]: | .o..o*+=o |
2024-06-03T02:05:23.298 INFO:journalctl@ceph.mgr.x.smithi079.stdout:Jun 03 02:05:22 smithi079 ceph-7a1e9ad6-214d-11ef-bc9b-c7b262605968-mgr-x[32042]: | . .oB.. |
2024-06-03T02:05:23.298 INFO:journalctl@ceph.mgr.x.smithi079.stdout:Jun 03 02:05:22 smithi079 ceph-7a1e9ad6-214d-11ef-bc9b-c7b262605968-mgr-x[32042]: | . =oo o |
2024-06-03T02:05:23.298 INFO:journalctl@ceph.mgr.x.smithi079.stdout:Jun 03 02:05:22 smithi079 ceph-7a1e9ad6-214d-11ef-bc9b-c7b262605968-mgr-x[32042]: | . . + Bo+ |
2024-06-03T02:05:23.298 INFO:journalctl@ceph.mgr.x.smithi079.stdout:Jun 03 02:05:22 smithi079 ceph-7a1e9ad6-214d-11ef-bc9b-c7b262605968-mgr-x[32042]: | .o S Xo..+ |
2024-06-03T02:05:23.299 INFO:journalctl@ceph.mgr.x.smithi079.stdout:Jun 03 02:05:22 smithi079 ceph-7a1e9ad6-214d-11ef-bc9b-c7b262605968-mgr-x[32042]: | o o. +++ . |
2024-06-03T02:05:23.299 INFO:journalctl@ceph.mgr.x.smithi079.stdout:Jun 03 02:05:22 smithi079 ceph-7a1e9ad6-214d-11ef-bc9b-c7b262605968-mgr-x[32042]: | . * ... . |
2024-06-03T02:05:23.299 INFO:journalctl@ceph.mgr.x.smithi079.stdout:Jun 03 02:05:22 smithi079 ceph-7a1e9ad6-214d-11ef-bc9b-c7b262605968-mgr-x[32042]: | + E .. .. |
2024-06-03T02:05:23.299 INFO:journalctl@ceph.mgr.x.smithi079.stdout:Jun 03 02:05:22 smithi079 ceph-7a1e9ad6-214d-11ef-bc9b-c7b262605968-mgr-x[32042]: | o =o.+o |
2024-06-03T02:05:23.299 INFO:journalctl@ceph.mgr.x.smithi079.stdout:Jun 03 02:05:22 smithi079 ceph-7a1e9ad6-214d-11ef-bc9b-c7b262605968-mgr-x[32042]: +----[SHA256]-----+
2024-06-03T02:05:23.614 INFO:teuthology.orchestra.run.smithi079.stdout:/usr/bin/ceph: stderr
2024-06-03T02:05:22.206+0000 7f4d02200700 1 Processor -- start
2024-06-03T02:05:23.619 INFO:teuthology.orchestra.run.smithi079.stdout:/usr/bin/ceph: stderr
2024-06-03T02:05:22.206+0000 7f4d02200700 1 -- start start
2024-06-03T02:05:23.619 INFO:teuthology.orchestra.run.smithi079.stdout:/usr/bin/ceph: stderr
2024-06-03T02:05:22.207+0000 7f4d02200700 1 --2- >> [v2:172.21.15.79:3300/0,v1:172.21.15.79:6789/0] conn(0x7f4cfc10a100 0x7f4cfc10a520 unknown :-1 s=NONE pgs=0 cs=0 l=0 rev1=0 crypto rx=0 tx=0 comp rx=0 tx=0).connect
2024-06-03T02:05:23.619 INFO:teuthology.orchestra.run.smithi079.stdout:/usr/bin/ceph: stderr
2024-06-03T02:05:22.207+0000 7f4d02200700 1 -- --> [v2:172.21.15.79:3300/0,v1:172.21.15.79:6789/0] -- mon_getmap magic: 0 -- 0x7f4cfc10aaf0 con 0x7f4cfc10a100
2024-06-03T02:05:23.619 INFO:teuthology.orchestra.run.smithi079.stdout:/usr/bin/ceph: stderr
2024-06-03T02:05:22.207+0000 7f4cfb400700 1 --2- >> [v2:172.21.15.79:3300/0,v1:172.21.15.79:6789/0] conn(0x7f4cfc10a100 0x7f4cfc10a520 unknown :-1 s=BANNER_CONNECTING pgs=0 cs=0 l=0 rev1=0 crypto rx=0 tx=0 comp rx=0 tx=0)._handle_peer_banner_payload supported=3 required=0
2024-06-03T02:05:23.619 INFO:teuthology.orchestra.run.smithi079.stdout:/usr/bin/ceph: stderr
2024-06-03T02:05:22.207+0000 7f4cfb400700 1 --2- >> [v2:172.21.15.79:3300/0,v1:172.21.15.79:6789/0] conn(0x7f4cfc10a100 0x7f4cfc10a520 unknown :-1 s=HELLO_CONNECTING pgs=0 cs=0 l=0 rev1=1 crypto rx=0 tx=0 comp rx=0 tx=0).handle_hello peer v2:172.21.15.79:3300/0 says I am v2:172.21.15.79:50824/0 (socket says 172.21.15.79:50824)
2024-06-03T02:05:23.619 INFO:teuthology.orchestra.run.smithi079.stdout:/usr/bin/ceph: stderr
2024-06-03T02:05:22.207+0000 7f4cfb400700 1 -- 172.21.15.79:0/1532923174 learned_addr learned my addr 172.21.15.79:0/1532923174 (peer_addr_for_me v2:172.21.15.79:0/0)
2024-06-03T02:05:23.620 INFO:teuthology.orchestra.run.smithi079.stdout:/usr/bin/ceph: stderr
2024-06-03T02:05:22.208+0000 7f4cfb400700 1 -- 172.21.15.79:0/1532923174 --> [v2:172.21.15.79:3300/0,v1:172.21.15.79:6789/0] -- mon_subscribe({config=0+,monmap=0+}) -- 0x7f4cfc10b2b0 con 0x7f4cfc10a100
2024-06-03T02:05:23.620 INFO:teuthology.orchestra.run.smithi079.stdout:/usr/bin/ceph: stderr
