2024-06-03T03:10:44.772+0000 7f4542a00700 1 -- 172.21.15.117:0/1567395612 >> [v2:172.21.15.117:6800/2424554985,v1:172.21.15.117:6801/2424554985] conn(0x7f4528039050 msgr2=0x7f452803b510 unknown :-1 s=STATE_CONNECTING_RE l=1).process reconnect failed to v2:172.21.15.117:6800/2424554985
2024-06-03T03:10:52.296 INFO:teuthology.orchestra.run.smithi117.stdout:/usr/bin/ceph: stderr
2024-06-03T03:10:44.772+0000 7f4542a00700 1 --2- 172.21.15.117:0/1567395612 >> [v2:172.21.15.117:6800/2424554985,v1:172.21.15.117:6801/2424554985] conn(0x7f4528039050 0x7f452803b510 unknown :-1 s=START_CONNECT pgs=0 cs=0 l=1 rev1=0 crypto rx=0 tx=0 comp rx=0 tx=0)._fault waiting 0.400000
2024-06-03T03:10:52.296 INFO:teuthology.orchestra.run.smithi117.stdout:/usr/bin/ceph: stderr
2024-06-03T03:10:45.173+0000 7f4542a00700 1 -- 172.21.15.117:0/1567395612 >> [v2:172.21.15.117:6800/2424554985,v1:172.21.15.117:6801/2424554985] conn(0x7f4528039050 msgr2=0x7f452803b510 unknown :-1 s=STATE_CONNECTING_RE l=1).process reconnect failed to v2:172.21.15.117:6800/2424554985
2024-06-03T03:10:52.296 INFO:teuthology.orchestra.run.smithi117.stdout:/usr/bin/ceph: stderr
2024-06-03T03:10:45.173+0000 7f4542a00700 1 --2- 172.21.15.117:0/1567395612 >> [v2:172.21.15.117:6800/2424554985,v1:172.21.15.117:6801/2424554985] conn(0x7f4528039050 0x7f452803b510 unknown :-1 s=START_CONNECT pgs=0 cs=0 l=1 rev1=0 crypto rx=0 tx=0 comp rx=0 tx=0)._fault waiting 0.800000
2024-06-03T03:10:52.296 INFO:teuthology.orchestra.run.smithi117.stdout:/usr/bin/ceph: stderr
2024-06-03T03:10:45.974+0000 7f4542a00700 1 -- 172.21.15.117:0/1567395612 >> [v2:172.21.15.117:6800/2424554985,v1:172.21.15.117:6801/2424554985] conn(0x7f4528039050 msgr2=0x7f452803b510 unknown :-1 s=STATE_CONNECTING_RE l=1).process reconnect failed to v2:172.21.15.117:6800/2424554985
2024-06-03T03:10:52.296 INFO:teuthology.orchestra.run.smithi117.stdout:/usr/bin/ceph: stderr
2024-06-03T03:10:45.974+0000 7f4542a00700 1 --2- 172.21.15.117:0/1567395612 >> [v2:172.21.15.117:6800/2424554985,v1:172.21.15.117:6801/2424554985] conn(0x7f4528039050 0x7f452803b510 unknown :-1 s=START_CONNECT pgs=0 cs=0 l=1 rev1=0 crypto rx=0 tx=0 comp rx=0 tx=0)._fault waiting 1.600000
2024-06-03T03:10:52.296 INFO:teuthology.orchestra.run.smithi117.stdout:/usr/bin/ceph: stderr
2024-06-03T03:10:47.576+0000 7f4542a00700 1 -- 172.21.15.117:0/1567395612 >> [v2:172.21.15.117:6800/2424554985,v1:172.21.15.117:6801/2424554985] conn(0x7f4528039050 msgr2=0x7f452803b510 unknown :-1 s=STATE_CONNECTING_RE l=1).process reconnect failed to v2:172.21.15.117:6800/2424554985
2024-06-03T03:10:52.296 INFO:teuthology.orchestra.run.smithi117.stdout:/usr/bin/ceph: stderr
2024-06-03T03:10:47.576+0000 7f4542a00700 1 --2- 172.21.15.117:0/1567395612 >> [v2:172.21.15.117:6800/2424554985,v1:172.21.15.117:6801/2424554985] conn(0x7f4528039050 0x7f452803b510 unknown :-1 s=START_CONNECT pgs=0 cs=0 l=1 rev1=0 crypto rx=0 tx=0 comp rx=0 tx=0)._fault waiting 3.200000
2024-06-03T03:10:52.297 INFO:teuthology.orchestra.run.smithi117.stdout:/usr/bin/ceph: stderr
2024-06-03T03:10:50.558+0000 7f453be00700 1 -- 172.21.15.117:0/1567395612 <== mon.0 v2:172.21.15.117:3300/0 6 ==== mgrmap(e 6) ==== 46054+0+0 (secure 0 0 0) 0x7f453401a430 con 0x7f4544106880
2024-06-03T03:10:52.297 INFO:teuthology.orchestra.run.smithi117.stdout:/usr/bin/ceph: stderr
2024-06-03T03:10:50.559+0000 7f453be00700 1 -- 172.21.15.117:0/1567395612 >> [v2:172.21.15.117:6800/2424554985,v1:172.21.15.117:6801/2424554985] conn(0x7f4528039050 msgr2=0x7f452803b510 unknown :-1 s=STATE_CONNECTING l=1).mark_down
2024-06-03T03:10:52.297 INFO:teuthology.orchestra.run.smithi117.stdout:/usr/bin/ceph: stderr
2024-06-03T03:10:50.559+0000 7f453be00700 1 --2- 172.21.15.117:0/1567395612 >> [v2:172.21.15.117:6800/2424554985,v1:172.21.15.117:6801/2424554985] conn(0x7f4528039050 0x7f452803b510 unknown :-1 s=START_CONNECT pgs=0 cs=0 l=1 rev1=0 crypto rx=0 tx=0 comp rx=0 tx=0).stop
2024-06-03T03:10:52.297 INFO:teuthology.orchestra.run.smithi117.stdout:/usr/bin/ceph: stderr
2024-06-03T03:10:51.561+0000 7f453be00700 1 -- 172.21.15.117:0/1567395612 <== mon.0 v2:172.21.15.117:3300/0 7 ==== mgrmap(e 7) ==== 46181+0+0 (secure 0 0 0) 0x7f453404e780 con 0x7f4544106880
2024-06-03T03:10:52.297 INFO:teuthology.orchestra.run.smithi117.stdout:/usr/bin/ceph: stderr
2024-06-03T03:10:51.561+0000 7f453be00700 1 --2- 172.21.15.117:0/1567395612 >> [v2:172.21.15.117:6800/2142313590,v1:172.21.15.117:6801/2142313590] conn(0x7f452803c980 0x7f452803ed70 unknown :-1 s=NONE pgs=0 cs=0 l=1 rev1=0 crypto rx=0 tx=0 comp rx=0 tx=0).connect
2024-06-03T03:10:52.297 INFO:teuthology.orchestra.run.smithi117.stdout:/usr/bin/ceph: stderr
2024-06-03T03:10:51.561+0000 7f453be00700 1 -- 172.21.15.117:0/1567395612 --> [v2:172.21.15.117:6800/2142313590,v1:172.21.15.117:6801/2142313590] -- command(tid 0: {"prefix": "get_command_descriptions"}) -- 0x7f453400af30 con 0x7f452803c980
2024-06-03T03:10:52.297 INFO:teuthology.orchestra.run.smithi117.stdout:/usr/bin/ceph: stderr
2024-06-03T03:10:51.562+0000 7f4542a00700 1 --2- 172.21.15.117:0/1567395612 >> [v2:172.21.15.117:6800/2142313590,v1:172.21.15.117:6801/2142313590] conn(0x7f452803c980 0x7f452803ed70 unknown :-1 s=BANNER_CONNECTING pgs=0 cs=0 l=1 rev1=0 crypto rx=0 tx=0 comp rx=0 tx=0)._handle_peer_banner_payload supported=3 required=0
2024-06-03T03:10:52.297 INFO:teuthology.orchestra.run.smithi117.stdout:/usr/bin/ceph: stderr
2024-06-03T03:10:51.564+0000 7f4542a00700 1 --2- 172.21.15.117:0/1567395612 >> [v2:172.21.15.117:6800/2142313590,v1:172.21.15.117:6801/2142313590] conn(0x7f452803c980 0x7f452803ed70 secure :-1 s=READY pgs=1 cs=0 l=1 rev1=1 crypto rx=0x7f4530003a10 tx=0x7f4530009290 comp rx=0 tx=0).ready entity=mgr.14120 client_cookie=0 server_cookie=0 in_seq=0 out_seq=0
2024-06-03T03:10:52.297 INFO:teuthology.orchestra.run.smithi117.stdout:/usr/bin/ceph: stderr
2024-06-03T03:10:51.565+0000 7f453be00700 1 -- 172.21.15.117:0/1567395612 <== mgr.14120 v2:172.21.15.117:6800/2142313590 1 ==== command_reply(tid 0: 0 ) ==== 8+0+7774 (secure 0 0 0) 0x7f453400af30 con 0x7f452803c980
2024-06-03T03:10:52.297 INFO:teuthology.orchestra.run.smithi117.stdout:/usr/bin/ceph: stderr
2024-06-03T03:10:51.573+0000 7f454a600700 1 -- 172.21.15.117:0/1567395612 --> [v2:172.21.15.117:6800/2142313590,v1:172.21.15.117:6801/2142313590] -- command(tid 1: {"prefix": "mgr_status"}) -- 0x7f45440695b0 con 0x7f452803c980
2024-06-03T03:10:52.297 INFO:teuthology.orchestra.run.smithi117.stdout:/usr/bin/ceph: stderr
2024-06-03T03:10:51.573+0000 7f453be00700 1 -- 172.21.15.117:0/1567395612 <== mgr.14120 v2:172.21.15.117:6800/2142313590 2 ==== command_reply(tid 1: 0 ) ==== 8+0+51 (secure 0 0 0) 0x7f45440695b0 con 0x7f452803c980
2024-06-03T03:10:52.297 INFO:teuthology.orchestra.run.smithi117.stdout:/usr/bin/ceph: stderr
2024-06-03T03:10:51.574+0000 7f454a600700 1 -- 172.21.15.117:0/1567395612 >> [v2:172.21.15.117:6800/2142313590,v1:172.21.15.117:6801/2142313590] conn(0x7f452803c980 msgr2=0x7f452803ed70 secure :-1 s=STATE_CONNECTION_ESTABLISHED l=1).mark_down
2024-06-03T03:10:52.297 INFO:teuthology.orchestra.run.smithi117.stdout:/usr/bin/ceph: stderr
2024-06-03T03:10:51.574+0000 7f454a600700 1 --2- 172.21.15.117:0/1567395612 >> [v2:172.21.15.117:6800/2142313590,v1:172.21.15.117:6801/2142313590] conn(0x7f452803c980 0x7f452803ed70 secure :-1 s=READY pgs=1 cs=0 l=1 rev1=1 crypto rx=0x7f4530003a10 tx=0x7f4530009290 comp rx=0 tx=0).stop
2024-06-03T03:10:52.297 INFO:teuthology.orchestra.run.smithi117.stdout:/usr/bin/ceph: stderr
2024-06-03T03:10:51.574+0000 7f454a600700 1 -- 172.21.15.117:0/1567395612 >> [v2:172.21.15.117:3300/0,v1:172.21.15.117:6789/0] conn(0x7f4544106880 msgr2=0x7f454419e120 secure :-1 s=STATE_CONNECTION_ESTABLISHED l=1).mark_down
2024-06-03T03:10:52.297 INFO:teuthology.orchestra.run.smithi117.stdout:/usr/bin/ceph: stderr
2024-06-03T03:10:51.574+0000 7f454a600700 1 --2- 172.21.15.117:0/1567395612 >> [v2:172.21.15.117:3300/0,v1:172.21.15.117:6789/0] conn(0x7f4544106880 0x7f454419e120 secure :-1 s=READY pgs=29 cs=0 l=1 rev1=1 crypto rx=0x7f4534011b60 tx=0x7f4534011c40 comp rx=0 tx=0).stop
2024-06-03T03:10:52.298 INFO:teuthology.orchestra.run.smithi117.stdout:/usr/bin/ceph: stderr
2024-06-03T03:10:51.574+0000 7f454a600700 1 -- 172.21.15.117:0/1567395612 shutdown_connections
2024-06-03T03:10:52.298 INFO:teuthology.orchestra.run.smithi117.stdout:/usr/bin/ceph: stderr
2024-06-03T03:10:51.574+0000 7f454a600700 1 --2- 172.21.15.117:0/1567395612 >> [v2:172.21.15.117:6800/2142313590,v1:172.21.15.117:6801/2142313590] conn(0x7f452803c980 0x7f452803ed70 unknown :-1 s=CLOSED pgs=1 cs=0 l=1 rev1=1 crypto rx=0 tx=0 comp rx=0 tx=0).stop
2024-06-03T03:10:52.298 INFO:teuthology.orchestra.run.smithi117.stdout:/usr/bin/ceph: stderr
2024-06-03T03:10:51.574+0000 7f454a600700 1 --2- 172.21.15.117:0/1567395612 >> [v2:172.21.15.117:3300/0,v1:172.21.15.117:6789/0] conn(0x7f4544106880 0x7f454419e120 unknown :-1 s=CLOSED pgs=29 cs=0 l=1 rev1=1 crypto rx=0 tx=0 comp rx=0 tx=0).stop
2024-06-03T03:10:52.298 INFO:teuthology.orchestra.run.smithi117.stdout:/usr/bin/ceph: stderr
2024-06-03T03:10:51.574+0000 7f454a600700 1 --2- 172.21.15.117:0/1567395612 >> [v2:172.21.15.117:6800/2424554985,v1:172.21.15.117:6801/2424554985] conn(0x7f4528039050 0x7f452803b510 unknown :-1 s=CLOSED pgs=0 cs=0 l=1 rev1=0 crypto rx=0 tx=0 comp rx=0 tx=0).stop
2024-06-03T03:10:52.298 INFO:teuthology.orchestra.run.smithi117.stdout:/usr/bin/ceph: stderr
2024-06-03T03:10:51.574+0000 7f454a600700 1 -- 172.21.15.117:0/1567395612 >> 172.21.15.117:0/1567395612 conn(0x7f45441024e0 msgr2=0x7f4544194de0 unknown :-1 s=STATE_NONE l=0).mark_down
2024-06-03T03:10:52.298 INFO:teuthology.orchestra.run.smithi117.stdout:/usr/bin/ceph: stderr
2024-06-03T03:10:51.574+0000 7f454a600700 1 -- 172.21.15.117:0/1567395612 shutdown_connections
2024-06-03T03:10:52.298 INFO:teuthology.orchestra.run.smithi117.stdout:/usr/bin/ceph: stderr
2024-06-03T03:10:51.574+0000 7f454a600700 1 -- 172.21.15.117:0/1567395612 wait complete.
2024-06-03T03:10:52.298 INFO:teuthology.orchestra.run.smithi117.stdout:mgr epoch 5 is available
2024-06-03T03:10:52.299 INFO:teuthology.orchestra.run.smithi117.stdout:Setting orchestrator backend to cephadm...
2024-06-03T03:10:52.900 INFO:journalctl@ceph.mon.a.smithi117.stdout:Jun 03 03:10:52 smithi117 ceph-mon[31649]: [03/Jun/2024:03:10:51] ENGINE Bus STARTING
2024-06-03T03:10:52.900 INFO:journalctl@ceph.mon.a.smithi117.stdout:Jun 03 03:10:52 smithi117 ceph-mon[31649]: from='client.14124 -' entity='client.admin' cmd=[{"prefix": "get_command_descriptions"}]: dispatch
2024-06-03T03:10:52.901 INFO:journalctl@ceph.mon.a.smithi117.stdout:Jun 03 03:10:52 smithi117 ceph-mon[31649]: from='client.14124 -' entity='client.admin' cmd=[{"prefix": "mgr_status"}]: dispatch
2024-06-03T03:10:52.901 INFO:journalctl@ceph.mon.a.smithi117.stdout:Jun 03 03:10:52 smithi117 ceph-mon[31649]: [03/Jun/2024:03:10:51] ENGINE Serving on http://172.21.15.117:8765
2024-06-03T03:10:52.901 INFO:journalctl@ceph.mon.a.smithi117.stdout:Jun 03 03:10:52 smithi117 ceph-mon[31649]: from='mgr.14120 172.21.15.117:0/175906377' entity='mgr.x' cmd=[{"prefix": "config dump", "format": "json"}]: dispatch
2024-06-03T03:10:53.950 INFO:journalctl@ceph.mon.a.smithi117.stdout:Jun 03 03:10:53 smithi117 ceph-mon[31649]: [03/Jun/2024:03:10:51] ENGINE Serving on https://172.21.15.117:7150
2024-06-03T03:10:53.950 INFO:journalctl@ceph.mon.a.smithi117.stdout:Jun 03 03:10:53 smithi117 ceph-mon[31649]: [03/Jun/2024:03:10:51] ENGINE Bus STARTED
2024-06-03T03:10:53.950 INFO:journalctl@ceph.mon.a.smithi117.stdout:Jun 03 03:10:53 smithi117 ceph-mon[31649]: mgrmap e8: x(active, since 2s)
2024-06-03T03:10:53.950 INFO:journalctl@ceph.mon.a.smithi117.stdout:Jun 03 03:10:53 smithi117 ceph-mon[31649]: from='mgr.14120 172.21.15.117:0/175906377' entity='mgr.x'
2024-06-03T03:10:53.950 INFO:journalctl@ceph.mon.a.smithi117.stdout:Jun 03 03:10:53 smithi117 ceph-mon[31649]: from='mgr.14120 172.21.15.117:0/175906377' entity='mgr.x' cmd=[{"prefix": "config dump", "format": "json"}]: dispatch
2024-06-03T03:10:54.112 INFO:teuthology.orchestra.run.smithi117.stdout:/usr/bin/ceph: stderr
2024-06-03T03:10:53.065+0000 7fc795800700 1 Processor -- start
2024-06-03T03:10:54.112 INFO:teuthology.orchestra.run.smithi117.stdout:/usr/bin/ceph: stderr
2024-06-03T03:10:53.065+0000 7fc795800700 1 -- start start
2024-06-03T03:10:54.112 INFO:teuthology.orchestra.run.smithi117.stdout:/usr/bin/ceph: stderr
2024-06-03T03:10:53.065+0000 7fc795800700 1 --2- >> [v2:172.21.15.117:3300/0,v1:172.21.15.117:6789/0] conn(0x7fc79007ed30 0x7fc79007f150 unknown :-1 s=NONE pgs=0 cs=0 l=0 rev1=0 crypto rx=0 tx=0 comp rx=0 tx=0).connect
2024-06-03T03:10:54.112 INFO:teuthology.orchestra.run.smithi117.stdout:/usr/bin/ceph: stderr
2024-06-03T03:10:53.065+0000 7fc795800700 1 -- --> [v2:172.21.15.117:3300/0,v1:172.21.15.117:6789/0] -- mon_getmap magic: 0 -- 0x7fc79007f720 con 0x7fc79007ed30
2024-06-03T03:10:54.112 INFO:teuthology.orchestra.run.smithi117.stdout:/usr/bin/ceph: stderr
2024-06-03T03:10:53.066+0000 7fc78fe00700 1 --2- >> [v2:172.21.15.117:3300/0,v1:172.21.15.117:6789/0] conn(0x7fc79007ed30 0x7fc79007f150 unknown :-1 s=BANNER_CONNECTING pgs=0 cs=0 l=0 rev1=0 crypto rx=0 tx=0 comp rx=0 tx=0)._handle_peer_banner_payload supported=3 required=0
2024-06-03T03:10:54.113 INFO:teuthology.orchestra.run.smithi117.stdout:/usr/bin/ceph: stderr
2024-06-03T03:10:53.066+0000 7fc78fe00700 1 --2- >> [v2:172.21.15.117:3300/0,v1:172.21.15.117:6789/0] conn(0x7fc79007ed30 0x7fc79007f150 unknown :-1 s=HELLO_CONNECTING pgs=0 cs=0 l=0 rev1=1 crypto rx=0 tx=0 comp rx=0 tx=0).handle_hello peer v2:172.21.15.117:3300/0 says I am v2:172.21.15.117:58774/0 (socket says 172.21.15.117:58774)
2024-06-03T03:10:54.113 INFO:teuthology.orchestra.run.smithi117.stdout:/usr/bin/ceph: stderr
2024-06-03T03:10:53.066+0000 7fc78fe00700 1 -- 172.21.15.117:0/2026139178 learned_addr learned my addr 172.21.15.117:0/2026139178 (peer_addr_for_me v2:172.21.15.117:0/0)
2024-06-03T03:10:54.113 INFO:teuthology.orchestra.run.smithi117.stdout:/usr/bin/ceph: stderr
2024-06-03T03:10:53.066+0000 7fc78fe00700 1 -- 172.21.15.117:0/2026139178 --> [v2:172.21.15.117:3300/0,v1:172.21.15.117:6789/0] -- mon_subscribe({config=0+,monmap=0+}) -- 0x7fc79007ff80 con 0x7fc79007ed30
2024-06-03T03:10:54.113 INFO:teuthology.orchestra.run.smithi117.stdout:/usr/bin/ceph: stderr
2024-06-03T03:10:53.066+0000 7fc78fe00700 1 --2- 172.21.15.117:0/2026139178 >> [v2:172.21.15.117:3300/0,v1:172.21.15.117:6789/0] conn(0x7fc79007ed30 0x7fc79007f150 secure :-1 s=READY pgs=37 cs=0 l=1 rev1=1 crypto rx=0x7fc7800098a0 tx=0x7fc780009bb0 comp rx=0 tx=0).ready entity=mon.0 client_cookie=41b497d267e5a2b2 server_cookie=0 in_seq=0 out_seq=0
2024-06-03T03:10:54.113 INFO:teuthology.orchestra.run.smithi117.stdout:/usr/bin/ceph: stderr
2024-06-03T03:10:53.067+0000 7fc78ea00700 1 -- 172.21.15.117:0/2026139178 <== mon.0 v2:172.21.15.117:3300/0 1 ==== mon_map magic: 0 ==== 205+0+0 (secure 0 0 0) 0x7fc780004160 con 0x7fc79007ed30
2024-06-03T03:10:54.113 INFO:teuthology.orchestra.run.smithi117.stdout:/usr/bin/ceph: stderr
2024-06-03T03:10:53.067+0000 7fc78ea00700 1 -- 172.21.15.117:0/2026139178 <== mon.0 v2:172.21.15.117:3300/0 2 ==== config(27 keys) ==== 1109+0+0 (secure 0 0 0) 0x7fc780004300 con 0x7fc79007ed30
2024-06-03T03:10:54.113 INFO:teuthology.orchestra.run.smithi117.stdout:/usr/bin/ceph: stderr
2024-06-03T03:10:53.067+0000 7fc78ea00700 1 -- 172.21.15.117:0/2026139178 <== mon.0 v2:172.21.15.117:3300/0 3 ==== mon_map magic: 0 ==== 205+0+0 (secure 0 0 0) 0x7fc780011b50 con 0x7fc79007ed30
2024-06-03T03:10:54.114 INFO:teuthology.orchestra.run.smithi117.stdout:/usr/bin/ceph: stderr
2024-06-03T03:10:53.067+0000 7fc795800700 1 -- 172.21.15.117:0/2026139178 >> [v2:172.21.15.117:3300/0,v1:172.21.15.117:6789/0] conn(0x7fc79007ed30 msgr2=0x7fc79007f150 secure :-1 s=STATE_CONNECTION_ESTABLISHED l=1).mark_down
2024-06-03T03:10:54.114 INFO:teuthology.orchestra.run.smithi117.stdout:/usr/bin/ceph: stderr
2024-06-03T03:10:53.067+0000 7fc795800700 1 --2- 172.21.15.117:0/2026139178 >> [v2:172.21.15.117:3300/0,v1:172.21.15.117:6789/0] conn(0x7fc79007ed30 0x7fc79007f150 secure :-1 s=READY pgs=37 cs=0 l=1 rev1=1 crypto rx=0x7fc7800098a0 tx=0x7fc780009bb0 comp rx=0 tx=0).stop
2024-06-03T03:10:54.114 INFO:teuthology.orchestra.run.smithi117.stdout:/usr/bin/ceph: stderr
2024-06-03T03:10:53.067+0000 7fc795800700 1 -- 172.21.15.117:0/2026139178 shutdown_connections
2024-06-03T03:10:54.114 INFO:teuthology.orchestra.run.smithi117.stdout:/usr/bin/ceph: stderr
2024-06-03T03:10:53.068+0000 7fc795800700 1 --2- 172.21.15.117:0/2026139178 >> [v2:172.21.15.117:3300/0,v1:172.21.15.117:6789/0] conn(0x7fc79007ed30 0x7fc79007f150 unknown :-1 s=CLOSED pgs=37 cs=0 l=1 rev1=1 crypto rx=0 tx=0 comp rx=0 tx=0).stop
2024-06-03T03:10:54.114 INFO:teuthology.orchestra.run.smithi117.stdout:/usr/bin/ceph: stderr
2024-06-03T03:10:53.068+0000 7fc795800700 1 -- 172.21.15.117:0/2026139178 >> 172.21.15.117:0/2026139178 conn(0x7fc79007d360 msgr2=0x7fc79007d770 unknown :-1 s=STATE_NONE l=0).mark_down
2024-06-03T03:10:54.114 INFO:teuthology.orchestra.run.smithi117.stdout:/usr/bin/ceph: stderr
2024-06-03T03:10:53.068+0000 7fc795800700 1 -- 172.21.15.117:0/2026139178 shutdown_connections
2024-06-03T03:10:54.115 INFO:teuthology.orchestra.run.smithi117.stdout:/usr/bin/ceph: stderr
2024-06-03T03:10:53.068+0000 7fc795800700 1 -- 172.21.15.117:0/2026139178 wait complete.
2024-06-03T03:10:54.115 INFO:teuthology.orchestra.run.smithi117.stdout:/usr/bin/ceph: stderr
2024-06-03T03:10:53.069+0000 7fc795800700 1 Processor -- start
2024-06-03T03:10:54.115 INFO:teuthology.orchestra.run.smithi117.stdout:/usr/bin/ceph: stderr
2024-06-03T03:10:53.069+0000 7fc795800700 1 -- start start
2024-06-03T03:10:54.115 INFO:teuthology.orchestra.run.smithi117.stdout:/usr/bin/ceph: stderr
2024-06-03T03:10:53.069+0000 7fc795800700 1 --2- >> [v2:172.21.15.117:3300/0,v1:172.21.15.117:6789/0] conn(0x7fc79007ed30 0x7fc7901a2380 unknown :-1 s=NONE pgs=0 cs=0 l=1 rev1=0 crypto rx=0 tx=0 comp rx=0 tx=0).connect
2024-06-03T03:10:54.115 INFO:teuthology.orchestra.run.smithi117.stdout:/usr/bin/ceph: stderr
2024-06-03T03:10:53.069+0000 7fc795800700 1 -- --> [v2:172.21.15.117:3300/0,v1:172.21.15.117:6789/0] -- mon_getmap magic: 0 -- 0x7fc790081340 con 0x7fc79007ed30
2024-06-03T03:10:54.115 INFO:teuthology.orchestra.run.smithi117.stdout:/usr/bin/ceph: stderr
2024-06-03T03:10:53.069+0000 7fc78fe00700 1 --2- >> [v2:172.21.15.117:3300/0,v1:172.21.15.117:6789/0] conn(0x7fc79007ed30 0x7fc7901a2380 unknown :-1 s=BANNER_CONNECTING pgs=0 cs=0 l=1 rev1=0 crypto rx=0 tx=0 comp rx=0 tx=0)._handle_peer_banner_payload supported=3 required=0
2024-06-03T03:10:54.115 INFO:teuthology.orchestra.run.smithi117.stdout:/usr/bin/ceph: stderr
2024-06-03T03:10:53.069+0000 7fc78fe00700 1 --2- >> [v2:172.21.15.117:3300/0,v1:172.21.15.117:6789/0] conn(0x7fc79007ed30 0x7fc7901a2380 unknown :-1 s=HELLO_CONNECTING pgs=0 cs=0 l=1 rev1=1 crypto rx=0 tx=0 comp rx=0 tx=0).handle_hello peer v2:172.21.15.117:3300/0 says I am v2:172.21.15.117:58778/0 (socket says 172.21.15.117:58778)
2024-06-03T03:10:54.115 INFO:teuthology.orchestra.run.smithi117.stdout:/usr/bin/ceph: stderr
2024-06-03T03:10:53.069+0000 7fc78fe00700 1 -- 172.21.15.117:0/4066172539 learned_addr learned my addr 172.21.15.117:0/4066172539 (peer_addr_for_me v2:172.21.15.117:0/0)
2024-06-03T03:10:54.116 INFO:teuthology.orchestra.run.smithi117.stdout:/usr/bin/ceph: stderr
2024-06-03T03:10:53.070+0000 7fc78fe00700 1 -- 172.21.15.117:0/4066172539 --> [v2:172.21.15.117:3300/0,v1:172.21.15.117:6789/0] -- mon_subscribe({config=0+,monmap=0+}) -- 0x7fc7901a28c0 con 0x7fc79007ed30
2024-06-03T03:10:54.116 INFO:teuthology.orchestra.run.smithi117.stdout:/usr/bin/ceph: stderr
2024-06-03T03:10:53.070+0000 7fc78fe00700 1 --2- 172.21.15.117:0/4066172539 >> [v2:172.21.15.117:3300/0,v1:172.21.15.117:6789/0] conn(0x7fc79007ed30 0x7fc7901a2380 secure :-1 s=READY pgs=38 cs=0 l=1 rev1=1 crypto rx=0x7fc780011b60 tx=0x7fc780011c40 comp rx=0 tx=0).ready entity=mon.0 client_cookie=0 server_cookie=0 in_seq=0 out_seq=0
2024-06-03T03:10:54.116 INFO:teuthology.orchestra.run.smithi117.stdout:/usr/bin/ceph: stderr
2024-06-03T03:10:53.070+0000 7fc78cc00700 1 -- 172.21.15.117:0/4066172539 <== mon.0 v2:172.21.15.117:3300/0 1 ==== mon_map magic: 0 ==== 205+0+0 (secure 0 0 0) 0x7fc780003970 con 0x7fc79007ed30
2024-06-03T03:10:54.116 INFO:teuthology.orchestra.run.smithi117.stdout:/usr/bin/ceph: stderr
2024-06-03T03:10:53.070+0000 7fc78cc00700 1 -- 172.21.15.117:0/4066172539 <== mon.0 v2:172.21.15.117:3300/0 2 ==== config(27 keys) ==== 1109+0+0 (secure 0 0 0) 0x7fc780003b10 con 0x7fc79007ed30
2024-06-03T03:10:54.116 INFO:teuthology.orchestra.run.smithi117.stdout:/usr/bin/ceph: stderr
2024-06-03T03:10:53.070+0000 7fc78cc00700 1 -- 172.21.15.117:0/4066172539 <== mon.0 v2:172.21.15.117:3300/0 3 ==== mon_map magic: 0 ==== 205+0+0 (secure 0 0 0) 0x7fc780024610 con 0x7fc79007ed30
2024-06-03T03:10:54.116 INFO:teuthology.orchestra.run.smithi117.stdout:/usr/bin/ceph: stderr
2024-06-03T03:10:53.070+0000 7fc795800700 1 -- 172.21.15.117:0/4066172539 --> [v2:172.21.15.117:3300/0,v1:172.21.15.117:6789/0] -- mon_subscribe({mgrmap=0+}) -- 0x7fc7901a2b50 con 0x7fc79007ed30
2024-06-03T03:10:54.116 INFO:teuthology.orchestra.run.smithi117.stdout:/usr/bin/ceph: stderr
2024-06-03T03:10:53.070+0000 7fc795800700 1 -- 172.21.15.117:0/4066172539 --> [v2:172.21.15.117:3300/0,v1:172.21.15.117:6789/0] -- mon_subscribe({osdmap=0}) -- 0x7fc7901a5840 con 0x7fc79007ed30
2024-06-03T03:10:54.116 INFO:teuthology.orchestra.run.smithi117.stdout:/usr/bin/ceph: stderr
2024-06-03T03:10:53.071+0000 7fc78cc00700 1 -- 172.21.15.117:0/4066172539 <== mon.0 v2:172.21.15.117:3300/0 4 ==== mgrmap(e 8) ==== 46287+0+0 (secure 0 0 0) 0x7fc78001a9f0 con 0x7fc79007ed30
2024-06-03T03:10:54.116 INFO:teuthology.orchestra.run.smithi117.stdout:/usr/bin/ceph: stderr
2024-06-03T03:10:53.071+0000 7fc795800700 1 -- 172.21.15.117:0/4066172539 --> [v2:172.21.15.117:3300/0,v1:172.21.15.117:6789/0] -- mon_command({"prefix": "get_command_descriptions"} v 0) -- 0x7fc7900695b0 con 0x7fc79007ed30
2024-06-03T03:10:54.116 INFO:teuthology.orchestra.run.smithi117.stdout:/usr/bin/ceph: stderr
2024-06-03T03:10:53.072+0000 7fc78cc00700 1 --2- 172.21.15.117:0/4066172539 >> [v2:172.21.15.117:6800/2142313590,v1:172.21.15.117:6801/2142313590] conn(0x7fc7740390a0 0x7fc77403b560 unknown :-1 s=NONE pgs=0 cs=0 l=1 rev1=0 crypto rx=0 tx=0 comp rx=0 tx=0).connect
2024-06-03T03:10:54.116 INFO:teuthology.orchestra.run.smithi117.stdout:/usr/bin/ceph: stderr
2024-06-03T03:10:53.072+0000 7fc78cc00700 1 -- 172.21.15.117:0/4066172539 <== mon.0 v2:172.21.15.117:3300/0 5 ==== osd_map(2..2 src has 1..2) ==== 940+0+0 (secure 0 0 0) 0x7fc780011e00 con 0x7fc79007ed30
2024-06-03T03:10:54.116 INFO:teuthology.orchestra.run.smithi117.stdout:/usr/bin/ceph: stderr
2024-06-03T03:10:53.072+0000 7fc78f400700 1 --2- 172.21.15.117:0/4066172539 >> [v2:172.21.15.117:6800/2142313590,v1:172.21.15.117:6801/2142313590] conn(0x7fc7740390a0 0x7fc77403b560 unknown :-1 s=BANNER_CONNECTING pgs=0 cs=0 l=1 rev1=0 crypto rx=0 tx=0 comp rx=0 tx=0)._handle_peer_banner_payload supported=3 required=0
2024-06-03T03:10:54.116 INFO:teuthology.orchestra.run.smithi117.stdout:/usr/bin/ceph: stderr
2024-06-03T03:10:53.073+0000 7fc78f400700 1 --2- 172.21.15.117:0/4066172539 >> [v2:172.21.15.117:6800/2142313590,v1:172.21.15.117:6801/2142313590] conn(0x7fc7740390a0 0x7fc77403b560 secure :-1 s=READY pgs=7 cs=0 l=1 rev1=1 crypto rx=0x7fc77c006fd0 tx=0x7fc77c006e40 comp rx=0 tx=0).ready entity=mgr.14120 client_cookie=0 server_cookie=0 in_seq=0 out_seq=0
2024-06-03T03:10:54.117 INFO:teuthology.orchestra.run.smithi117.stdout:/usr/bin/ceph: stderr
2024-06-03T03:10:53.078+0000 7fc78cc00700 1 -- 172.21.15.117:0/4066172539 <== mon.0 v2:172.21.15.117:3300/0 6 ==== mon_command_ack([{"prefix": "get_command_descriptions"}]=0 v0) ==== 72+0+186418 (secure 0 0 0) 0x7fc78004cc10 con 0x7fc79007ed30
2024-06-03T03:10:54.117 INFO:teuthology.orchestra.run.smithi117.stdout:/usr/bin/ceph: stderr
2024-06-03T03:10:53.321+0000 7fc795800700 1 -- 172.21.15.117:0/4066172539 --> [v2:172.21.15.117:6800/2142313590,v1:172.21.15.117:6801/2142313590] -- mgr_command(tid 0: {"prefix": "orch set backend", "module_name": "cephadm", "target": ["mon-mgr", ""]}) -- 0x7fc79002df60 con 0x7fc7740390a0
2024-06-03T03:10:54.117 INFO:teuthology.orchestra.run.smithi117.stdout:/usr/bin/ceph: stderr
2024-06-03T03:10:53.334+0000 7fc78cc00700 1 -- 172.21.15.117:0/4066172539 <== mgr.14120 v2:172.21.15.117:6800/2142313590 1 ==== mgr_command_reply(tid 0: 0 ) ==== 8+0+0 (secure 0 0 0) 0x7fc79002df60 con 0x7fc7740390a0
2024-06-03T03:10:54.117 INFO:teuthology.orchestra.run.smithi117.stdout:/usr/bin/ceph: stderr
2024-06-03T03:10:53.337+0000 7fc795800700 1 -- 172.21.15.117:0/4066172539 >> [v2:172.21.15.117:6800/2142313590,v1:172.21.15.117:6801/2142313590] conn(0x7fc7740390a0 msgr2=0x7fc77403b560 secure :-1 s=STATE_CONNECTION_ESTABLISHED l=1).mark_down
2024-06-03T03:10:54.117 INFO:teuthology.orchestra.run.smithi117.stdout:/usr/bin/ceph: stderr
2024-06-03T03:10:53.337+0000 7fc795800700 1 --2- 172.21.15.117:0/4066172539 >> [v2:172.21.15.117:6800/2142313590,v1:172.21.15.117:6801/2142313590] conn(0x7fc7740390a0 0x7fc77403b560 secure :-1 s=READY pgs=7 cs=0 l=1 rev1=1 crypto rx=0x7fc77c006fd0 tx=0x7fc77c006e40 comp rx=0 tx=0).stop
2024-06-03T03:10:54.117 INFO:teuthology.orchestra.run.smithi117.stdout:/usr/bin/ceph: stderr
2024-06-03T03:10:53.337+0000 7fc795800700 1 -- 172.21.15.117:0/4066172539 >> [v2:172.21.15.117:3300/0,v1:172.21.15.117:6789/0] conn(0x7fc79007ed30 msgr2=0x7fc7901a2380 secure :-1 s=STATE_CONNECTION_ESTABLISHED l=1).mark_down
2024-06-03T03:10:54.117 INFO:teuthology.orchestra.run.smithi117.stdout:/usr/bin/ceph: stderr
2024-06-03T03:10:53.337+0000 7fc795800700 1 --2- 172.21.15.117:0/4066172539 >> [v2:172.21.15.117:3300/0,v1:172.21.15.117:6789/0] conn(0x7fc79007ed30 0x7fc7901a2380 secure :-1 s=READY pgs=38 cs=0 l=1 rev1=1 crypto rx=0x7fc780011b60 tx=0x7fc780011c40 comp rx=0 tx=0).stop
2024-06-03T03:10:54.117 INFO:teuthology.orchestra.run.smithi117.stdout:/usr/bin/ceph: stderr
2024-06-03T03:10:53.338+0000 7fc795800700 1 -- 172.21.15.117:0/4066172539 shutdown_connections
2024-06-03T03:10:54.117 INFO:teuthology.orchestra.run.smithi117.stdout:/usr/bin/ceph: stderr
2024-06-03T03:10:53.338+0000 7fc795800700 1 --2- 172.21.15.117:0/4066172539 >> [v2:172.21.15.117:6800/2142313590,v1:172.21.15.117:6801/2142313590] conn(0x7fc7740390a0 0x7fc77403b560 unknown :-1 s=CLOSED pgs=7 cs=0 l=1 rev1=1 crypto rx=0 tx=0 comp rx=0 tx=0).stop
2024-06-03T03:10:54.117 INFO:teuthology.orchestra.run.smithi117.stdout:/usr/bin/ceph: stderr
2024-06-03T03:10:53.338+0000 7fc795800700 1 --2- 172.21.15.117:0/4066172539 >> [v2:172.21.15.117:3300/0,v1:172.21.15.117:6789/0] conn(0x7fc79007ed30 0x7fc7901a2380 unknown :-1 s=CLOSED pgs=38 cs=0 l=1 rev1=1 crypto rx=0 tx=0 comp rx=0 tx=0).stop
2024-06-03T03:10:54.117 INFO:teuthology.orchestra.run.smithi117.stdout:/usr/bin/ceph: stderr
2024-06-03T03:10:53.338+0000 7fc795800700 1 -- 172.21.15.117:0/4066172539 >> 172.21.15.117:0/4066172539 conn(0x7fc79007d360 msgr2=0x7fc790108a10 unknown :-1 s=STATE_NONE l=0).mark_down
2024-06-03T03:10:54.117 INFO:teuthology.orchestra.run.smithi117.stdout:/usr/bin/ceph: stderr
2024-06-03T03:10:53.338+0000 7fc795800700 1 -- 172.21.15.117:0/4066172539 shutdown_connections
2024-06-03T03:10:54.117 INFO:teuthology.orchestra.run.smithi117.stdout:/usr/bin/ceph: stderr
2024-06-03T03:10:53.338+0000 7fc795800700 1 -- 172.21.15.117:0/4066172539 wait complete.
2024-06-03T03:10:54.680 INFO:journalctl@ceph.mon.a.smithi117.stdout:Jun 03 03:10:54 smithi117 ceph-mon[31649]: from='client.14132 -' entity='client.admin' cmd=[{"prefix": "orch set backend", "module_name": "cephadm", "target": ["mon-mgr", ""]}]: dispatch
2024-06-03T03:10:55.717 INFO:teuthology.orchestra.run.smithi117.stdout:/usr/bin/ceph: stdout value unchanged
2024-06-03T03:10:55.717 INFO:teuthology.orchestra.run.smithi117.stdout:/usr/bin/ceph: stderr
2024-06-03T03:10:54.704+0000 7f23d4a00700 1 Processor -- start
2024-06-03T03:10:55.717 INFO:teuthology.orchestra.run.smithi117.stdout:/usr/bin/ceph: stderr
2024-06-03T03:10:54.704+0000 7f23d4a00700 1 -- start start
2024-06-03T03:10:55.717 INFO:teuthology.orchestra.run.smithi117.stdout:/usr/bin/ceph: stderr
2024-06-03T03:10:54.704+0000 7f23d4a00700 1 --2- >> [v2:172.21.15.117:3300/0,v1:172.21.15.117:6789/0] conn(0x7f23d010a010 0x7f23d010a430 unknown :-1 s=NONE pgs=0 cs=0 l=0 rev1=0 crypto rx=0 tx=0 comp rx=0 tx=0).connect
2024-06-03T03:10:55.717 INFO:teuthology.orchestra.run.smithi117.stdout:/usr/bin/ceph: stderr
2024-06-03T03:10:54.704+0000 7f23d4a00700 1 -- --> [v2:172.21.15.117:3300/0,v1:172.21.15.117:6789/0] -- mon_getmap magic: 0 -- 0x7f23d010aa00 con 0x7f23d010a010
2024-06-03T03:10:55.717 INFO:teuthology.orchestra.run.smithi117.stdout:/usr/bin/ceph: stderr
2024-06-03T03:10:54.705+0000 7f23ce800700 1 --2- >> [v2:172.21.15.117:3300/0,v1:172.21.15.117:6789/0] conn(0x7f23d010a010 0x7f23d010a430 unknown :-1 s=BANNER_CONNECTING pgs=0 cs=0 l=0 rev1=0 crypto rx=0 tx=0 comp rx=0 tx=0)._handle_peer_banner_payload supported=3 required=0
2024-06-03T03:10:55.717 INFO:teuthology.orchestra.run.smithi117.stdout:/usr/bin/ceph: stderr
2024-06-03T03:10:54.705+0000 7f23ce800700 1 --2- >> [v2:172.21.15.117:3300/0,v1:172.21.15.117:6789/0] conn(0x7f23d010a010 0x7f23d010a430 unknown :-1 s=HELLO_CONNECTING pgs=0 cs=0 l=0 rev1=1 crypto rx=0 tx=0 comp rx=0 tx=0).handle_hello peer v2:172.21.15.117:3300/0 says I am v2:172.21.15.117:58786/0 (socket says 172.21.15.117:58786)
2024-06-03T03:10:55.718 INFO:teuthology.orchestra.run.smithi117.stdout:/usr/bin/ceph: stderr
2024-06-03T03:10:54.705+0000 7f23ce800700 1 -- 172.21.15.117:0/3892250935 learned_addr learned my addr 172.21.15.117:0/3892250935 (peer_addr_for_me v2:172.21.15.117:0/0)
2024-06-03T03:10:55.718 INFO:teuthology.orchestra.run.smithi117.stdout:/usr/bin/ceph: stderr
2024-06-03T03:10:54.705+0000 7f23ce800700 1 -- 172.21.15.117:0/3892250935 --> [v2:172.21.15.117:3300/0,v1:172.21.15.117:6789/0] -- mon_subscribe({config=0+,monmap=0+}) -- 0x7f23d010b1c0 con 0x7f23d010a010
2024-06-03T03:10:55.718 INFO:teuthology.orchestra.run.smithi117.stdout:/usr/bin/ceph: stderr
2024-06-03T03:10:54.705+0000 7f23ce800700 1 --2- 172.21.15.117:0/3892250935 >> [v2:172.21.15.117:3300/0,v1:172.21.15.117:6789/0] conn(0x7f23d010a010 0x7f23d010a430 secure :-1 s=READY pgs=39 cs=0 l=1 rev1=1 crypto rx=0x7f23c00098a0 tx=0x7f23c0009bb0 comp rx=0 tx=0).ready entity=mon.0 client_cookie=10bcfa650ac26304 server_cookie=0 in_seq=0 out_seq=0
2024-06-03T03:10:55.718 INFO:teuthology.orchestra.run.smithi117.stdout:/usr/bin/ceph: stderr
2024-06-03T03:10:54.706+0000 7f23cd400700 1 -- 172.21.15.117:0/3892250935 <== mon.0 v2:172.21.15.117:3300/0 1 ==== mon_map magic: 0 ==== 205+0+0 (secure 0 0 0) 0x7f23c0004160 con 0x7f23d010a010
2024-06-03T03:10:55.718 INFO:teuthology.orchestra.run.smithi117.stdout:/usr/bin/ceph: stderr
2024-06-03T03:10:54.706+0000 7f23cd400700 1 -- 172.21.15.117:0/3892250935 <== mon.0 v2:172.21.15.117:3300/0 2 ==== config(27 keys) ==== 1109+0+0 (secure 0 0 0) 0x7f23c0004300 con 0x7f23d010a010
2024-06-03T03:10:55.718 INFO:teuthology.orchestra.run.smithi117.stdout:/usr/bin/ceph: stderr
2024-06-03T03:10:54.706+0000 7f23cd400700 1 -- 172.21.15.117:0/3892250935 <== mon.0 v2:172.21.15.117:3300/0 3 ==== mon_map magic: 0 ==== 205+0+0 (secure 0 0 0) 0x7f23c0011b50 con 0x7f23d010a010
2024-06-03T03:10:55.718 INFO:teuthology.orchestra.run.smithi117.stdout:/usr/bin/ceph: stderr
2024-06-03T03:10:54.706+0000 7f23d4a00700 1 -- 172.21.15.117:0/3892250935 >> [v2:172.21.15.117:3300/0,v1:172.21.15.117:6789/0] conn(0x7f23d010a010 msgr2=0x7f23d010a430 secure :-1 s=STATE_CONNECTION_ESTABLISHED l=1).mark_down
2024-06-03T03:10:55.718 INFO:teuthology.orchestra.run.smithi117.stdout:/usr/bin/ceph: stderr
2024-06-03T03:10:54.706+0000 7f23d4a00700 1 --2- 172.21.15.117:0/3892250935 >> [v2:172.21.15.117:3300/0,v1:172.21.15.117:6789/0] conn(0x7f23d010a010 0x7f23d010a430 secure :-1 s=READY pgs=39 cs=0 l=1 rev1=1 crypto rx=0x7f23c00098a0 tx=0x7f23c0009bb0 comp rx=0 tx=0).stop
2024-06-03T03:10:55.718 INFO:teuthology.orchestra.run.smithi117.stdout:/usr/bin/ceph: stderr
2024-06-03T03:10:54.707+0000 7f23d4a00700 1 -- 172.21.15.117:0/3892250935 shutdown_connections
2024-06-03T03:10:55.718 INFO:teuthology.orchestra.run.smithi117.stdout:/usr/bin/ceph: stderr
2024-06-03T03:10:54.707+0000 7f23d4a00700 1 --2- 172.21.15.117:0/3892250935 >> [v2:172.21.15.117:3300/0,v1:172.21.15.117:6789/0] conn(0x7f23d010a010 0x7f23d010a430 unknown :-1 s=CLOSED pgs=39 cs=0 l=1 rev1=1 crypto rx=0 tx=0 comp rx=0 tx=0).stop
2024-06-03T03:10:55.718 INFO:teuthology.orchestra.run.smithi117.stdout:/usr/bin/ceph: stderr
2024-06-03T03:10:54.707+0000 7f23d4a00700 1 -- 172.21.15.117:0/3892250935 >> 172.21.15.117:0/3892250935 conn(0x7f23d007d3d0 msgr2=0x7f23d007d800 unknown :-1 s=STATE_NONE l=0).mark_down
2024-06-03T03:10:55.718 INFO:teuthology.orchestra.run.smithi117.stdout:/usr/bin/ceph: stderr
2024-06-03T03:10:54.707+0000 7f23d4a00700 1 -- 172.21.15.117:0/3892250935 shutdown_connections
2024-06-03T03:10:55.719 INFO:teuthology.orchestra.run.smithi117.stdout:/usr/bin/ceph: stderr
2024-06-03T03:10:54.707+0000 7f23d4a00700 1 -- 172.21.15.117:0/3892250935 wait complete.
2024-06-03T03:10:55.719 INFO:teuthology.orchestra.run.smithi117.stdout:/usr/bin/ceph: stderr
2024-06-03T03:10:54.708+0000 7f23d4a00700 1 Processor -- start
2024-06-03T03:10:55.719 INFO:teuthology.orchestra.run.smithi117.stdout:/usr/bin/ceph: stderr
2024-06-03T03:10:54.708+0000 7f23d4a00700 1 -- start start
2024-06-03T03:10:55.719 INFO:teuthology.orchestra.run.smithi117.stdout:/usr/bin/ceph: stderr
2024-06-03T03:10:54.708+0000 7f23d4a00700 1 --2- >> [v2:172.21.15.117:3300/0,v1:172.21.15.117:6789/0] conn(0x7f23d010a010 0x7f23d019dfe0 unknown :-1 s=NONE pgs=0 cs=0 l=1 rev1=0 crypto rx=0 tx=0 comp rx=0 tx=0).connect
2024-06-03T03:10:55.719 INFO:teuthology.orchestra.run.smithi117.stdout:/usr/bin/ceph: stderr
2024-06-03T03:10:54.708+0000 7f23d4a00700 1 -- --> [v2:172.21.15.117:3300/0,v1:172.21.15.117:6789/0] -- mon_getmap magic: 0 -- 0x7f23d010e570 con 0x7f23d010a010
2024-06-03T03:10:55.719 INFO:teuthology.orchestra.run.smithi117.stdout:/usr/bin/ceph: stderr
2024-06-03T03:10:54.708+0000 7f23ce800700 1 --2- >> [v2:172.21.15.117:3300/0,v1:172.21.15.117:6789/0] conn(0x7f23d010a010 0x7f23d019dfe0 unknown :-1 s=BANNER_CONNECTING pgs=0 cs=0 l=1 rev1=0 crypto rx=0 tx=0 comp rx=0 tx=0)._handle_peer_banner_payload supported=3 required=0
2024-06-03T03:10:55.719 INFO:teuthology.orchestra.run.smithi117.stdout:/usr/bin/ceph: stderr
2024-06-03T03:10:54.708+0000 7f23ce800700 1 --2- >> [v2:172.21.15.117:3300/0,v1:172.21.15.117:6789/0] conn(0x7f23d010a010 0x7f23d019dfe0 unknown :-1 s=HELLO_CONNECTING pgs=0 cs=0 l=1 rev1=1 crypto rx=0 tx=0 comp rx=0 tx=0).handle_hello peer v2:172.21.15.117:3300/0 says I am v2:172.21.15.117:58800/0 (socket says 172.21.15.117:58800)
2024-06-03T03:10:55.719 INFO:teuthology.orchestra.run.smithi117.stdout:/usr/bin/ceph: stderr
2024-06-03T03:10:54.708+0000 7f23ce800700 1 -- 172.21.15.117:0/3827187470 learned_addr learned my addr 172.21.15.117:0/3827187470 (peer_addr_for_me v2:172.21.15.117:0/0)
2024-06-03T03:10:55.719 INFO:teuthology.orchestra.run.smithi117.stdout:/usr/bin/ceph: stderr
2024-06-03T03:10:54.709+0000 7f23ce800700 1 -- 172.21.15.117:0/3827187470 --> [v2:172.21.15.117:3300/0,v1:172.21.15.117:6789/0] -- mon_subscribe({config=0+,monmap=0+}) -- 0x7f23d019e520 con 0x7f23d010a010
2024-06-03T03:10:55.719 INFO:teuthology.orchestra.run.smithi117.stdout:/usr/bin/ceph: stderr
2024-06-03T03:10:54.709+0000 7f23ce800700 1 --2- 172.21.15.117:0/3827187470 >> [v2:172.21.15.117:3300/0,v1:172.21.15.117:6789/0] conn(0x7f23d010a010 0x7f23d019dfe0 secure :-1 s=READY pgs=40 cs=0 l=1 rev1=1 crypto rx=0x7f23c0011850 tx=0x7f23c0011c10 comp rx=0 tx=0).ready entity=mon.0 client_cookie=0 server_cookie=0 in_seq=0 out_seq=0
2024-06-03T03:10:55.719 INFO:teuthology.orchestra.run.smithi117.stdout:/usr/bin/ceph: stderr
2024-06-03T03:10:54.709+0000 7f23c7400700 1 -- 172.21.15.117:0/3827187470 <== mon.0 v2:172.21.15.117:3300/0 1 ==== mon_map magic: 0 ==== 205+0+0 (secure 0 0 0) 0x7f23c0003af0 con 0x7f23d010a010
2024-06-03T03:10:55.719 INFO:teuthology.orchestra.run.smithi117.stdout:/usr/bin/ceph: stderr
2024-06-03T03:10:54.709+0000 7f23c7400700 1 -- 172.21.15.117:0/3827187470 <== mon.0 v2:172.21.15.117:3300/0 2 ==== config(27 keys) ==== 1109+0+0 (secure 0 0 0) 0x7f23c0020070 con 0x7f23d010a010
2024-06-03T03:10:55.719 INFO:teuthology.orchestra.run.smithi117.stdout:/usr/bin/ceph: stderr
2024-06-03T03:10:54.709+0000 7f23c7400700 1 -- 172.21.15.117:0/3827187470 <== mon.0 v2:172.21.15.117:3300/0 3 ==== mon_map magic: 0 ==== 205+0+0 (secure 0 0 0) 0x7f23c00195a0 con 0x7f23d010a010
2024-06-03T03:10:55.720 INFO:teuthology.orchestra.run.smithi117.stdout:/usr/bin/ceph: stderr
2024-06-03T03:10:54.709+0000 7f23d4a00700 1 -- 172.21.15.117:0/3827187470 --> [v2:172.21.15.117:3300/0,v1:172.21.15.117:6789/0] -- mon_subscribe({mgrmap=0+}) -- 0x7f23d019e7b0 con 0x7f23d010a010
2024-06-03T03:10:55.720 INFO:teuthology.orchestra.run.smithi117.stdout:/usr/bin/ceph: stderr
2024-06-03T03:10:54.709+0000 7f23d4a00700 1 -- 172.21.15.117:0/3827187470 --> [v2:172.21.15.117:3300/0,v1:172.21.15.117:6789/0] -- mon_subscribe({osdmap=0}) -- 0x7f23d01a14a0 con 0x7f23d010a010
2024-06-03T03:10:55.720 INFO:teuthology.orchestra.run.smithi117.stdout:/usr/bin/ceph: stderr
2024-06-03T03:10:54.710+0000 7f23d4a00700 1 -- 172.21.15.117:0/3827187470 --> [v2:172.21.15.117:3300/0,v1:172.21.15.117:6789/0] -- mon_command({"prefix": "get_command_descriptions"} v 0) -- 0x7f23d00695b0 con 0x7f23d010a010
2024-06-03T03:10:55.720 INFO:teuthology.orchestra.run.smithi117.stdout:/usr/bin/ceph: stderr
2024-06-03T03:10:54.711+0000 7f23c7400700 1 -- 172.21.15.117:0/3827187470 <== mon.0 v2:172.21.15.117:3300/0 4 ==== mgrmap(e 8) ==== 46287+0+0 (secure 0 0 0) 0x7f23c00198a0 con 0x7f23d010a010
2024-06-03T03:10:55.720 INFO:teuthology.orchestra.run.smithi117.stdout:/usr/bin/ceph: stderr
2024-06-03T03:10:54.711+0000 7f23c7400700 1 --2- 172.21.15.117:0/3827187470 >> [v2:172.21.15.117:6800/2142313590,v1:172.21.15.117:6801/2142313590] conn(0x7f23b4039050 0x7f23b403b510 unknown :-1 s=NONE pgs=0 cs=0 l=1 rev1=0 crypto rx=0 tx=0 comp rx=0 tx=0).connect
2024-06-03T03:10:55.720 INFO:teuthology.orchestra.run.smithi117.stdout:/usr/bin/ceph: stderr
2024-06-03T03:10:54.711+0000 7f23c7400700 1 -- 172.21.15.117:0/3827187470 <== mon.0 v2:172.21.15.117:3300/0 5 ==== osd_map(2..2 src has 1..2) ==== 940+0+0 (secure 0 0 0) 0x7f23c0011e00 con 0x7f23d010a010
2024-06-03T03:10:55.720 INFO:teuthology.orchestra.run.smithi117.stdout:/usr/bin/ceph: stderr
2024-06-03T03:10:54.711+0000 7f23cde00700 1 --2- 172.21.15.117:0/3827187470 >> [v2:172.21.15.117:6800/2142313590,v1:172.21.15.117:6801/2142313590] conn(0x7f23b4039050 0x7f23b403b510 unknown :-1 s=BANNER_CONNECTING pgs=0 cs=0 l=1 rev1=0 crypto rx=0 tx=0 comp rx=0 tx=0)._handle_peer_banner_payload supported=3 required=0
2024-06-03T03:10:55.720 INFO:teuthology.orchestra.run.smithi117.stdout:/usr/bin/ceph: stderr
2024-06-03T03:10:54.712+0000 7f23cde00700 1 --2- 172.21.15.117:0/3827187470 >> [v2:172.21.15.117:6800/2142313590,v1:172.21.15.117:6801/2142313590] conn(0x7f23b4039050 0x7f23b403b510 secure :-1 s=READY pgs=8 cs=0 l=1 rev1=1 crypto rx=0x7f23bc006fd0 tx=0x7f23bc006e40 comp rx=0 tx=0).ready entity=mgr.14120 client_cookie=0 server_cookie=0 in_seq=0 out_seq=0
2024-06-03T03:10:55.720 INFO:teuthology.orchestra.run.smithi117.stdout:/usr/bin/ceph: stderr
2024-06-03T03:10:54.717+0000 7f23c7400700 1 -- 172.21.15.117:0/3827187470 <== mon.0 v2:172.21.15.117:3300/0 6 ==== mon_command_ack([{"prefix": "get_command_descriptions"}]=0 v0) ==== 72+0+186418 (secure 0 0 0) 0x7f23c000e260 con 0x7f23d010a010
2024-06-03T03:10:55.720 INFO:teuthology.orchestra.run.smithi117.stdout:/usr/bin/ceph: stderr
2024-06-03T03:10:54.940+0000 7f23d4a00700 1 -- 172.21.15.117:0/3827187470 --> [v2:172.21.15.117:6800/2142313590,v1:172.21.15.117:6801/2142313590] -- mgr_command(tid 0: {"prefix": "cephadm set-user", "user": "root", "target": ["mon-mgr", ""]}) -- 0x7f23d0107bd0 con 0x7f23b4039050
2024-06-03T03:10:55.720 INFO:teuthology.orchestra.run.smithi117.stdout:/usr/bin/ceph: stderr
2024-06-03T03:10:54.941+0000 7f23c7400700 1 -- 172.21.15.117:0/3827187470 <== mgr.14120 v2:172.21.15.117:6800/2142313590 1 ==== mgr_command_reply(tid 0: 0 ) ==== 8+0+16 (secure 0 0 0) 0x7f23d0107bd0 con 0x7f23b4039050
2024-06-03T03:10:55.720 INFO:teuthology.orchestra.run.smithi117.stdout:/usr/bin/ceph: stderr
2024-06-03T03:10:54.944+0000 7f23d4a00700 1 -- 172.21.15.117:0/3827187470 >> [v2:172.21.15.117:6800/2142313590,v1:172.21.15.117:6801/2142313590] conn(0x7f23b4039050 msgr2=0x7f23b403b510 secure :-1 s=STATE_CONNECTION_ESTABLISHED l=1).mark_down
2024-06-03T03:10:55.721 INFO:teuthology.orchestra.run.smithi117.stdout:/usr/bin/ceph: stderr
2024-06-03T03:10:54.944+0000 7f23d4a00700 1 --2- 172.21.15.117:0/3827187470 >> [v2:172.21.15.117:6800/2142313590,v1:172.21.15.117:6801/2142313590] conn(0x7f23b4039050 0x7f23b403b510 secure :-1 s=READY pgs=8 cs=0 l=1 rev1=1 crypto rx=0x7f23bc006fd0 tx=0x7f23bc006e40 comp rx=0 tx=0).stop
2024-06-03T03:10:55.721 INFO:teuthology.orchestra.run.smithi117.stdout:/usr/bin/ceph: stderr
2024-06-03T03:10:54.944+0000 7f23d4a00700 1 -- 172.21.15.117:0/3827187470 >> [v2:172.21.15.117:3300/0,v1:172.21.15.117:6789/0] conn(0x7f23d010a010 msgr2=0x7f23d019dfe0 secure :-1 s=STATE_CONNECTION_ESTABLISHED l=1).mark_down
2024-06-03T03:10:55.721 INFO:teuthology.orchestra.run.smithi117.stdout:/usr/bin/ceph: stderr
2024-06-03T03:10:54.944+0000 7f23d4a00700 1 --2- 172.21.15.117:0/3827187470 >> [v2:172.21.15.117:3300/0,v1:172.21.15.117:6789/0] conn(0x7f23d010a010 0x7f23d019dfe0 secure :-1 s=READY pgs=40 cs=0 l=1 rev1=1 crypto rx=0x7f23c0011850 tx=0x7f23c0011c10 comp rx=0 tx=0).stop
2024-06-03T03:10:55.721 INFO:teuthology.orchestra.run.smithi117.stdout:/usr/bin/ceph: stderr
2024-06-03T03:10:54.944+0000 7f23d4a00700 1 -- 172.21.15.117:0/3827187470 shutdown_connections
2024-06-03T03:10:55.721 INFO:teuthology.orchestra.run.smithi117.stdout:/usr/bin/ceph: stderr
2024-06-03T03:10:54.944+0000 7f23d4a00700 1 --2- 172.21.15.117:0/3827187470 >> [v2:172.21.15.117:6800/2142313590,v1:172.21.15.117:6801/2142313590] conn(0x7f23b4039050 0x7f23b403b510 unknown :-1 s=CLOSED pgs=8 cs=0 l=1 rev1=1 crypto rx=0 tx=0 comp rx=0 tx=0).stop
2024-06-03T03:10:55.721 INFO:teuthology.orchestra.run.smithi117.stdout:/usr/bin/ceph: stderr
2024-06-03T03:10:54.944+0000 7f23d4a00700 1 --2- 172.21.15.117:0/3827187470 >> [v2:172.21.15.117:3300/0,v1:172.21.15.117:6789/0] conn(0x7f23d010a010 0x7f23d019dfe0 unknown :-1 s=CLOSED pgs=40 cs=0 l=1 rev1=1 crypto rx=0 tx=0 comp rx=0 tx=0).stop
2024-06-03T03:10:55.721 INFO:teuthology.orchestra.run.smithi117.stdout:/usr/bin/ceph: stderr
2024-06-03T03:10:54.944+0000 7f23d4a00700 1 -- 172.21.15.117:0/3827187470 >> 172.21.15.117:0/3827187470 conn(0x7f23d007d3d0 msgr2=0x7f23d01074c0 unknown :-1 s=STATE_NONE l=0).mark_down
2024-06-03T03:10:55.721 INFO:teuthology.orchestra.run.smithi117.stdout:/usr/bin/ceph: stderr
2024-06-03T03:10:54.945+0000 7f23d4a00700 1 -- 172.21.15.117:0/3827187470 shutdown_connections
2024-06-03T03:10:55.721 INFO:teuthology.orchestra.run.smithi117.stdout:/usr/bin/ceph: stderr
2024-06-03T03:10:54.945+0000 7f23d4a00700 1 -- 172.21.15.117:0/3827187470 wait complete.
2024-06-03T03:10:55.721 INFO:teuthology.orchestra.run.smithi117.stdout:Generating ssh key...
2024-06-03T03:10:56.020 INFO:journalctl@ceph.mon.a.smithi117.stdout:Jun 03 03:10:55 smithi117 ceph-mon[31649]: from='client.14134 -' entity='client.admin' cmd=[{"prefix": "cephadm set-user", "user": "root", "target": ["mon-mgr", ""]}]: dispatch
2024-06-03T03:10:57.067 INFO:journalctl@ceph.mon.a.smithi117.stdout:Jun 03 03:10:56 smithi117 ceph-mon[31649]: from='client.14136 -' entity='client.admin' cmd=[{"prefix": "cephadm generate-key", "target": ["mon-mgr", ""]}]: dispatch
2024-06-03T03:10:57.067 INFO:journalctl@ceph.mon.a.smithi117.stdout:Jun 03 03:10:56 smithi117 ceph-mon[31649]: Generating ssh key...
2024-06-03T03:10:57.068 INFO:journalctl@ceph.mgr.x.smithi117.stdout:Jun 03 03:10:57 smithi117 ceph-a0e8473a-2156-11ef-bc9b-c7b262605968-mgr-x[31883]: Generating public/private rsa key pair.
2024-06-03T03:10:57.068 INFO:journalctl@ceph.mgr.x.smithi117.stdout:Jun 03 03:10:57 smithi117 ceph-a0e8473a-2156-11ef-bc9b-c7b262605968-mgr-x[31883]: Your identification has been saved in /tmp/tmpvav4u5iw/key.
2024-06-03T03:10:57.068 INFO:journalctl@ceph.mgr.x.smithi117.stdout:Jun 03 03:10:57 smithi117 ceph-a0e8473a-2156-11ef-bc9b-c7b262605968-mgr-x[31883]: Your public key has been saved in /tmp/tmpvav4u5iw/key.pub.
2024-06-03T03:10:57.068 INFO:journalctl@ceph.mgr.x.smithi117.stdout:Jun 03 03:10:57 smithi117 ceph-a0e8473a-2156-11ef-bc9b-c7b262605968-mgr-x[31883]: The key fingerprint is:
2024-06-03T03:10:57.068 INFO:journalctl@ceph.mgr.x.smithi117.stdout:Jun 03 03:10:57 smithi117 ceph-a0e8473a-2156-11ef-bc9b-c7b262605968-mgr-x[31883]: SHA256:iOZyX1JlFJOWIBTi4pyn70aRdv8IdZ4wMDaEfBwpPH4 ceph-a0e8473a-2156-11ef-bc9b-c7b262605968
2024-06-03T03:10:57.068 INFO:journalctl@ceph.mgr.x.smithi117.stdout:Jun 03 03:10:57 smithi117 ceph-a0e8473a-2156-11ef-bc9b-c7b262605968-mgr-x[31883]: The key's randomart image is:
2024-06-03T03:10:57.068 INFO:journalctl@ceph.mgr.x.smithi117.stdout:Jun 03 03:10:57 smithi117 ceph-a0e8473a-2156-11ef-bc9b-c7b262605968-mgr-x[31883]: +---[RSA 3072]----+
2024-06-03T03:10:57.068 INFO:journalctl@ceph.mgr.x.smithi117.stdout:Jun 03 03:10:57 smithi117 ceph-a0e8473a-2156-11ef-bc9b-c7b262605968-mgr-x[31883]: | o.=*+..++ |
2024-06-03T03:10:57.068 INFO:journalctl@ceph.mgr.x.smithi117.stdout:Jun 03 03:10:57 smithi117 ceph-a0e8473a-2156-11ef-bc9b-c7b262605968-mgr-x[31883]: | .*.O. .+. |
2024-06-03T03:10:57.068 INFO:journalctl@ceph.mgr.x.smithi117.stdout:Jun 03 03:10:57 smithi117 ceph-a0e8473a-2156-11ef-bc9b-c7b262605968-mgr-x[31883]: | ...* + .o |
2024-06-03T03:10:57.068 INFO:journalctl@ceph.mgr.x.smithi117.stdout:Jun 03 03:10:57 smithi117 ceph-a0e8473a-2156-11ef-bc9b-c7b262605968-mgr-x[31883]: | o o=.E.+o. |
2024-06-03T03:10:57.068 INFO:journalctl@ceph.mgr.x.smithi117.stdout:Jun 03 03:10:57 smithi117 ceph-a0e8473a-2156-11ef-bc9b-c7b262605968-mgr-x[31883]: | +.++.oS= . |
2024-06-03T03:10:57.068 INFO:journalctl@ceph.mgr.x.smithi117.stdout:Jun 03 03:10:57 smithi117 ceph-a0e8473a-2156-11ef-bc9b-c7b262605968-mgr-x[31883]: | =. ... o |
2024-06-03T03:10:57.068 INFO:journalctl@ceph.mgr.x.smithi117.stdout:Jun 03 03:10:57 smithi117 ceph-a0e8473a-2156-11ef-bc9b-c7b262605968-mgr-x[31883]: | o.o ...o |
2024-06-03T03:10:57.069 INFO:journalctl@ceph.mgr.x.smithi117.stdout:Jun 03 03:10:57 smithi117 ceph-a0e8473a-2156-11ef-bc9b-c7b262605968-mgr-x[31883]: | +.. o. . |
2024-06-03T03:10:57.069 INFO:journalctl@ceph.mgr.x.smithi117.stdout:Jun 03 03:10:57 smithi117 ceph-a0e8473a-2156-11ef-bc9b-c7b262605968-mgr-x[31883]: | oo . |
2024-06-03T03:10:57.069 INFO:journalctl@ceph.mgr.x.smithi117.stdout:Jun 03 03:10:57 smithi117 ceph-a0e8473a-2156-11ef-bc9b-c7b262605968-mgr-x[31883]: +----[SHA256]-----+
2024-06-03T03:10:57.746 INFO:teuthology.orchestra.run.smithi117.stdout:/usr/bin/ceph: stderr
2024-06-03T03:10:56.323+0000 7efde0800700 1 Processor -- start
2024-06-03T03:10:57.748 INFO:teuthology.orchestra.run.smithi117.stdout:/usr/bin/ceph: stderr
2024-06-03T03:10:56.323+0000 7efde0800700 1 -- start start
2024-06-03T03:10:57.748 INFO:teuthology.orchestra.run.smithi117.stdout:/usr/bin/ceph: stderr
2024-06-03T03:10:56.323+0000 7efde0800700 1 --2- >> [v2:172.21.15.117:3300/0,v1:172.21.15.117:6789/0] conn(0x7efdd8106870 0x7efdd8106c90 unknown :-1 s=NONE pgs=0 cs=0 l=0 rev1=0 crypto rx=0 tx=0 comp rx=0 tx=0).connect
2024-06-03T03:10:57.748 INFO:teuthology.orchestra.run.smithi117.stdout:/usr/bin/ceph: stderr
2024-06-03T03:10:56.323+0000 7efde0800700 1 -- --> [v2:172.21.15.117:3300/0,v1:172.21.15.117:6789/0] -- mon_getmap magic: 0 -- 0x7efdd807be30 con 0x7efdd8106870
2024-06-03T03:10:57.748 INFO:teuthology.orchestra.run.smithi117.stdout:/usr/bin/ceph: stderr
2024-06-03T03:10:56.324+0000 7efddde00700 1 --2- >> [v2:172.21.15.117:3300/0,v1:172.21.15.117:6789/0] conn(0x7efdd8106870 0x7efdd8106c90 unknown :-1 s=BANNER_CONNECTING pgs=0 cs=0 l=0 rev1=0 crypto rx=0 tx=0 comp rx=0 tx=0)._handle_peer_banner_payload supported=3 required=0
2024-06-03T03:10:57.748 INFO:teuthology.orchestra.run.smithi117.stdout:/usr/bin/ceph: stderr
2024-06-03T03:10:56.324+0000 7efddde00700 1 --2- >> [v2:172.21.15.117:3300/0,v1:172.21.15.117:6789/0] conn(0x7efdd8106870 0x7efdd8106c90 unknown :-1 s=HELLO_CONNECTING pgs=0 cs=0 l=0 rev1=1 crypto rx=0 tx=0 comp rx=0 tx=0).handle_hello peer v2:172.21.15.117:3300/0 says I am v2:172.21.15.117:58816/0 (socket says 172.21.15.117:58816)
2024-06-03T03:10:57.748 INFO:teuthology.orchestra.run.smithi117.stdout:/usr/bin/ceph: stderr
2024-06-03T03:10:56.324+0000 7efddde00700 1 -- 172.21.15.117:0/4061069606 learned_addr learned my addr 172.21.15.117:0/4061069606 (peer_addr_for_me v2:172.21.15.117:0/0)
2024-06-03T03:10:57.748 INFO:teuthology.orchestra.run.smithi117.stdout:/usr/bin/ceph: stderr
2024-06-03T03:10:56.324+0000 7efddde00700 1 -- 172.21.15.117:0/4061069606 --> [v2:172.21.15.117:3300/0,v1:172.21.15.117:6789/0] -- mon_subscribe({config=0+,monmap=0+}) -- 0x7efdd81071d0 con 0x7efdd8106870
2024-06-03T03:10:57.751 INFO:teuthology.orchestra.run.smithi117.stdout:/usr/bin/ceph: stderr
2024-06-03T03:10:56.325+0000 7efddde00700 1 --2- 172.21.15.117:0/4061069606 >> [v2:172.21.15.117:3300/0,v1:172.21.15.117:6789/0] conn(0x7efdd8106870 0x7efdd8106c90 secure :-1 s=READY pgs=41 cs=0 l=1 rev1=1 crypto rx=0x7efdcc0098a0 tx=0x7efdcc009bb0 comp rx=0 tx=0).ready entity=mon.0 client_cookie=948a5f243eb191f6 server_cookie=0 in_seq=0 out_seq=0
2024-06-03T03:10:57.751 INFO:teuthology.orchestra.run.smithi117.stdout:/usr/bin/ceph: stderr
