2024-06-03T03:11:13.476+0000 7fadfe000700 1 -- 172.21.15.117:0/1068290213 <== mon.0 v2:172.21.15.117:3300/0 3 ==== mon_map magic: 0 ==== 205+0+0 (secure 0 0 0) 0x7fadf0011b20 con 0x7fae0007e720
2024-06-03T03:11:14.405 INFO:teuthology.orchestra.run.smithi117.stdout:/usr/bin/ceph: stderr
2024-06-03T03:11:13.477+0000 7fae06400700 1 -- 172.21.15.117:0/1068290213 >> [v2:172.21.15.117:3300/0,v1:172.21.15.117:6789/0] conn(0x7fae0007e720 msgr2=0x7fae0007cbd0 secure :-1 s=STATE_CONNECTION_ESTABLISHED l=1).mark_down
2024-06-03T03:11:14.406 INFO:teuthology.orchestra.run.smithi117.stdout:/usr/bin/ceph: stderr
2024-06-03T03:11:13.477+0000 7fae06400700 1 --2- 172.21.15.117:0/1068290213 >> [v2:172.21.15.117:3300/0,v1:172.21.15.117:6789/0] conn(0x7fae0007e720 0x7fae0007cbd0 secure :-1 s=READY pgs=53 cs=0 l=1 rev1=1 crypto rx=0x7fadf00098a0 tx=0x7fadf0009bb0 comp rx=0 tx=0).stop
2024-06-03T03:11:14.406 INFO:teuthology.orchestra.run.smithi117.stdout:/usr/bin/ceph: stderr
2024-06-03T03:11:13.477+0000 7fae06400700 1 -- 172.21.15.117:0/1068290213 shutdown_connections
2024-06-03T03:11:14.406 INFO:teuthology.orchestra.run.smithi117.stdout:/usr/bin/ceph: stderr
2024-06-03T03:11:13.477+0000 7fae06400700 1 --2- 172.21.15.117:0/1068290213 >> [v2:172.21.15.117:3300/0,v1:172.21.15.117:6789/0] conn(0x7fae0007e720 0x7fae0007cbd0 unknown :-1 s=CLOSED pgs=53 cs=0 l=1 rev1=1 crypto rx=0 tx=0 comp rx=0 tx=0).stop
2024-06-03T03:11:14.406 INFO:teuthology.orchestra.run.smithi117.stdout:/usr/bin/ceph: stderr
2024-06-03T03:11:13.477+0000 7fae06400700 1 -- 172.21.15.117:0/1068290213 >> 172.21.15.117:0/1068290213 conn(0x7fae00103530 msgr2=0x7fae00105950 unknown :-1 s=STATE_NONE l=0).mark_down
2024-06-03T03:11:14.406 INFO:teuthology.orchestra.run.smithi117.stdout:/usr/bin/ceph: stderr
2024-06-03T03:11:13.477+0000 7fae06400700 1 -- 172.21.15.117:0/1068290213 shutdown_connections
2024-06-03T03:11:14.406 INFO:teuthology.orchestra.run.smithi117.stdout:/usr/bin/ceph: stderr
2024-06-03T03:11:13.477+0000 7fae06400700 1 -- 172.21.15.117:0/1068290213 wait complete.
2024-06-03T03:11:14.406 INFO:teuthology.orchestra.run.smithi117.stdout:/usr/bin/ceph: stderr
2024-06-03T03:11:13.478+0000 7fae06400700 1 Processor -- start
2024-06-03T03:11:14.406 INFO:teuthology.orchestra.run.smithi117.stdout:/usr/bin/ceph: stderr
2024-06-03T03:11:13.478+0000 7fae06400700 1 -- start start
2024-06-03T03:11:14.406 INFO:teuthology.orchestra.run.smithi117.stdout:/usr/bin/ceph: stderr
2024-06-03T03:11:13.479+0000 7fae06400700 1 --2- >> [v2:172.21.15.117:3300/0,v1:172.21.15.117:6789/0] conn(0x7fae0007e720 0x7fae0019e070 unknown :-1 s=NONE pgs=0 cs=0 l=1 rev1=0 crypto rx=0 tx=0 comp rx=0 tx=0).connect
2024-06-03T03:11:14.406 INFO:teuthology.orchestra.run.smithi117.stdout:/usr/bin/ceph: stderr
2024-06-03T03:11:13.479+0000 7fae06400700 1 -- --> [v2:172.21.15.117:3300/0,v1:172.21.15.117:6789/0] -- mon_getmap magic: 0 -- 0x7fae0010e590 con 0x7fae0007e720
2024-06-03T03:11:14.406 INFO:teuthology.orchestra.run.smithi117.stdout:/usr/bin/ceph: stderr
2024-06-03T03:11:13.479+0000 7fadff400700 1 --2- >> [v2:172.21.15.117:3300/0,v1:172.21.15.117:6789/0] conn(0x7fae0007e720 0x7fae0019e070 unknown :-1 s=BANNER_CONNECTING pgs=0 cs=0 l=1 rev1=0 crypto rx=0 tx=0 comp rx=0 tx=0)._handle_peer_banner_payload supported=3 required=0
2024-06-03T03:11:14.406 INFO:teuthology.orchestra.run.smithi117.stdout:/usr/bin/ceph: stderr
2024-06-03T03:11:13.479+0000 7fadff400700 1 --2- >> [v2:172.21.15.117:3300/0,v1:172.21.15.117:6789/0] conn(0x7fae0007e720 0x7fae0019e070 unknown :-1 s=HELLO_CONNECTING pgs=0 cs=0 l=1 rev1=1 crypto rx=0 tx=0 comp rx=0 tx=0).handle_hello peer v2:172.21.15.117:3300/0 says I am v2:172.21.15.117:34204/0 (socket says 172.21.15.117:34204)
2024-06-03T03:11:14.406 INFO:teuthology.orchestra.run.smithi117.stdout:/usr/bin/ceph: stderr
2024-06-03T03:11:13.479+0000 7fadff400700 1 -- 172.21.15.117:0/3942909596 learned_addr learned my addr 172.21.15.117:0/3942909596 (peer_addr_for_me v2:172.21.15.117:0/0)
2024-06-03T03:11:14.407 INFO:teuthology.orchestra.run.smithi117.stdout:/usr/bin/ceph: stderr
2024-06-03T03:11:13.479+0000 7fadff400700 1 -- 172.21.15.117:0/3942909596 --> [v2:172.21.15.117:3300/0,v1:172.21.15.117:6789/0] -- mon_subscribe({config=0+,monmap=0+}) -- 0x7fae0019e5b0 con 0x7fae0007e720
2024-06-03T03:11:14.407 INFO:teuthology.orchestra.run.smithi117.stdout:/usr/bin/ceph: stderr
2024-06-03T03:11:13.480+0000 7fadff400700 1 --2- 172.21.15.117:0/3942909596 >> [v2:172.21.15.117:3300/0,v1:172.21.15.117:6789/0] conn(0x7fae0007e720 0x7fae0019e070 secure :-1 s=READY pgs=54 cs=0 l=1 rev1=1 crypto rx=0x7fadf00117e0 tx=0x7fadf0011ba0 comp rx=0 tx=0).ready entity=mon.0 client_cookie=0 server_cookie=0 in_seq=0 out_seq=0
2024-06-03T03:11:14.407 INFO:teuthology.orchestra.run.smithi117.stdout:/usr/bin/ceph: stderr
2024-06-03T03:11:13.480+0000 7fadf7e00700 1 -- 172.21.15.117:0/3942909596 <== mon.0 v2:172.21.15.117:3300/0 1 ==== mon_map magic: 0 ==== 205+0+0 (secure 0 0 0) 0x7fadf0003ba0 con 0x7fae0007e720
2024-06-03T03:11:14.407 INFO:teuthology.orchestra.run.smithi117.stdout:/usr/bin/ceph: stderr
2024-06-03T03:11:13.480+0000 7fadf7e00700 1 -- 172.21.15.117:0/3942909596 <== mon.0 v2:172.21.15.117:3300/0 2 ==== config(27 keys) ==== 1140+0+0 (secure 0 0 0) 0x7fadf001a910 con 0x7fae0007e720
2024-06-03T03:11:14.407 INFO:teuthology.orchestra.run.smithi117.stdout:/usr/bin/ceph: stderr
2024-06-03T03:11:13.480+0000 7fadf7e00700 1 -- 172.21.15.117:0/3942909596 <== mon.0 v2:172.21.15.117:3300/0 3 ==== mon_map magic: 0 ==== 205+0+0 (secure 0 0 0) 0x7fadf00248f0 con 0x7fae0007e720
2024-06-03T03:11:14.407 INFO:teuthology.orchestra.run.smithi117.stdout:/usr/bin/ceph: stderr
2024-06-03T03:11:13.480+0000 7fae06400700 1 -- 172.21.15.117:0/3942909596 --> [v2:172.21.15.117:3300/0,v1:172.21.15.117:6789/0] -- mon_subscribe({mgrmap=0+}) -- 0x7fae0019e840 con 0x7fae0007e720
2024-06-03T03:11:14.407 INFO:teuthology.orchestra.run.smithi117.stdout:/usr/bin/ceph: stderr
2024-06-03T03:11:13.480+0000 7fae06400700 1 -- 172.21.15.117:0/3942909596 --> [v2:172.21.15.117:3300/0,v1:172.21.15.117:6789/0] -- mon_subscribe({osdmap=0}) -- 0x7fae0019eca0 con 0x7fae0007e720
2024-06-03T03:11:14.407 INFO:teuthology.orchestra.run.smithi117.stdout:/usr/bin/ceph: stderr
2024-06-03T03:11:13.482+0000 7fae06400700 1 -- 172.21.15.117:0/3942909596 --> [v2:172.21.15.117:3300/0,v1:172.21.15.117:6789/0] -- mon_command({"prefix": "get_command_descriptions"} v 0) -- 0x7fae00063af0 con 0x7fae0007e720
2024-06-03T03:11:14.407 INFO:teuthology.orchestra.run.smithi117.stdout:/usr/bin/ceph: stderr
2024-06-03T03:11:13.482+0000 7fadf7e00700 1 -- 172.21.15.117:0/3942909596 <== mon.0 v2:172.21.15.117:3300/0 4 ==== mgrmap(e 8) ==== 46287+0+0 (secure 0 0 0) 0x7fadf0022020 con 0x7fae0007e720
2024-06-03T03:11:14.407 INFO:teuthology.orchestra.run.smithi117.stdout:/usr/bin/ceph: stderr
2024-06-03T03:11:13.482+0000 7fadf7e00700 1 --2- 172.21.15.117:0/3942909596 >> [v2:172.21.15.117:6800/2142313590,v1:172.21.15.117:6801/2142313590] conn(0x7fade40390a0 0x7fade403b560 unknown :-1 s=NONE pgs=0 cs=0 l=1 rev1=0 crypto rx=0 tx=0 comp rx=0 tx=0).connect
2024-06-03T03:11:14.407 INFO:teuthology.orchestra.run.smithi117.stdout:/usr/bin/ceph: stderr
2024-06-03T03:11:13.482+0000 7fadf7e00700 1 -- 172.21.15.117:0/3942909596 <== mon.0 v2:172.21.15.117:3300/0 5 ==== osd_map(2..2 src has 1..2) ==== 940+0+0 (secure 0 0 0) 0x7fadf004d580 con 0x7fae0007e720
2024-06-03T03:11:14.407 INFO:teuthology.orchestra.run.smithi117.stdout:/usr/bin/ceph: stderr
2024-06-03T03:11:13.483+0000 7fadfea00700 1 --2- 172.21.15.117:0/3942909596 >> [v2:172.21.15.117:6800/2142313590,v1:172.21.15.117:6801/2142313590] conn(0x7fade40390a0 0x7fade403b560 unknown :-1 s=BANNER_CONNECTING pgs=0 cs=0 l=1 rev1=0 crypto rx=0 tx=0 comp rx=0 tx=0)._handle_peer_banner_payload supported=3 required=0
2024-06-03T03:11:14.407 INFO:teuthology.orchestra.run.smithi117.stdout:/usr/bin/ceph: stderr
2024-06-03T03:11:13.483+0000 7fadfea00700 1 --2- 172.21.15.117:0/3942909596 >> [v2:172.21.15.117:6800/2142313590,v1:172.21.15.117:6801/2142313590] conn(0x7fade40390a0 0x7fade403b560 secure :-1 s=READY pgs=15 cs=0 l=1 rev1=1 crypto rx=0x7fadec006fd0 tx=0x7fadec006e40 comp rx=0 tx=0).ready entity=mgr.14120 client_cookie=0 server_cookie=0 in_seq=0 out_seq=0
2024-06-03T03:11:14.408 INFO:teuthology.orchestra.run.smithi117.stdout:/usr/bin/ceph: stderr
2024-06-03T03:11:13.488+0000 7fadf7e00700 1 -- 172.21.15.117:0/3942909596 <== mon.0 v2:172.21.15.117:3300/0 6 ==== mon_command_ack([{"prefix": "get_command_descriptions"}]=0 v0) ==== 72+0+186418 (secure 0 0 0) 0x7fadf000f2e0 con 0x7fae0007e720
2024-06-03T03:11:14.408 INFO:teuthology.orchestra.run.smithi117.stdout:/usr/bin/ceph: stderr
2024-06-03T03:11:13.715+0000 7fae06400700 1 -- 172.21.15.117:0/3942909596 --> [v2:172.21.15.117:3300/0,v1:172.21.15.117:6789/0] -- mon_command([{prefix=config set, name=mgr/dashboard/ssl_server_port}] v 0) -- 0x7fae001a1730 con 0x7fae0007e720
2024-06-03T03:11:14.408 INFO:teuthology.orchestra.run.smithi117.stdout:/usr/bin/ceph: stderr
2024-06-03T03:11:13.721+0000 7fadf7e00700 1 -- 172.21.15.117:0/3942909596 <== mon.0 v2:172.21.15.117:3300/0 7 ==== mon_command_ack([{prefix=config set, name=mgr/dashboard/ssl_server_port}]=0 v8)=0 v8) ==== 130+0+0 (secure 0 0 0) 0x7fadf004ced0 con 0x7fae0007e720
2024-06-03T03:11:14.408 INFO:teuthology.orchestra.run.smithi117.stdout:/usr/bin/ceph: stderr
2024-06-03T03:11:13.725+0000 7fae06400700 1 -- 172.21.15.117:0/3942909596 >> [v2:172.21.15.117:6800/2142313590,v1:172.21.15.117:6801/2142313590] conn(0x7fade40390a0 msgr2=0x7fade403b560 secure :-1 s=STATE_CONNECTION_ESTABLISHED l=1).mark_down
2024-06-03T03:11:14.408 INFO:teuthology.orchestra.run.smithi117.stdout:/usr/bin/ceph: stderr
2024-06-03T03:11:13.725+0000 7fae06400700 1 --2- 172.21.15.117:0/3942909596 >> [v2:172.21.15.117:6800/2142313590,v1:172.21.15.117:6801/2142313590] conn(0x7fade40390a0 0x7fade403b560 secure :-1 s=READY pgs=15 cs=0 l=1 rev1=1 crypto rx=0x7fadec006fd0 tx=0x7fadec006e40 comp rx=0 tx=0).stop
2024-06-03T03:11:14.408 INFO:teuthology.orchestra.run.smithi117.stdout:/usr/bin/ceph: stderr
2024-06-03T03:11:13.725+0000 7fae06400700 1 -- 172.21.15.117:0/3942909596 >> [v2:172.21.15.117:3300/0,v1:172.21.15.117:6789/0] conn(0x7fae0007e720 msgr2=0x7fae0019e070 secure :-1 s=STATE_CONNECTION_ESTABLISHED l=1).mark_down
2024-06-03T03:11:14.408 INFO:teuthology.orchestra.run.smithi117.stdout:/usr/bin/ceph: stderr
2024-06-03T03:11:13.725+0000 7fae06400700 1 --2- 172.21.15.117:0/3942909596 >> [v2:172.21.15.117:3300/0,v1:172.21.15.117:6789/0] conn(0x7fae0007e720 0x7fae0019e070 secure :-1 s=READY pgs=54 cs=0 l=1 rev1=1 crypto rx=0x7fadf00117e0 tx=0x7fadf0011ba0 comp rx=0 tx=0).stop
2024-06-03T03:11:14.408 INFO:teuthology.orchestra.run.smithi117.stdout:/usr/bin/ceph: stderr
2024-06-03T03:11:13.725+0000 7fae06400700 1 -- 172.21.15.117:0/3942909596 shutdown_connections
2024-06-03T03:11:14.408 INFO:teuthology.orchestra.run.smithi117.stdout:/usr/bin/ceph: stderr
2024-06-03T03:11:13.725+0000 7fae06400700 1 --2- 172.21.15.117:0/3942909596 >> [v2:172.21.15.117:6800/2142313590,v1:172.21.15.117:6801/2142313590] conn(0x7fade40390a0 0x7fade403b560 unknown :-1 s=CLOSED pgs=15 cs=0 l=1 rev1=1 crypto rx=0 tx=0 comp rx=0 tx=0).stop
2024-06-03T03:11:14.408 INFO:teuthology.orchestra.run.smithi117.stdout:/usr/bin/ceph: stderr
2024-06-03T03:11:13.725+0000 7fae06400700 1 --2- 172.21.15.117:0/3942909596 >> [v2:172.21.15.117:3300/0,v1:172.21.15.117:6789/0] conn(0x7fae0007e720 0x7fae0019e070 unknown :-1 s=CLOSED pgs=54 cs=0 l=1 rev1=1 crypto rx=0 tx=0 comp rx=0 tx=0).stop
2024-06-03T03:11:14.408 INFO:teuthology.orchestra.run.smithi117.stdout:/usr/bin/ceph: stderr
2024-06-03T03:11:13.725+0000 7fae06400700 1 -- 172.21.15.117:0/3942909596 >> 172.21.15.117:0/3942909596 conn(0x7fae00103530 msgr2=0x7fae00103fd0 unknown :-1 s=STATE_NONE l=0).mark_down
2024-06-03T03:11:14.408 INFO:teuthology.orchestra.run.smithi117.stdout:/usr/bin/ceph: stderr
2024-06-03T03:11:13.725+0000 7fae06400700 1 -- 172.21.15.117:0/3942909596 shutdown_connections
2024-06-03T03:11:14.408 INFO:teuthology.orchestra.run.smithi117.stdout:/usr/bin/ceph: stderr
2024-06-03T03:11:13.725+0000 7fae06400700 1 -- 172.21.15.117:0/3942909596 wait complete.
2024-06-03T03:11:14.409 INFO:teuthology.orchestra.run.smithi117.stdout:Enabling the dashboard module...
2024-06-03T03:11:14.982 INFO:journalctl@ceph.mon.a.smithi117.stdout:Jun 03 03:11:14 smithi117 ceph-mon[31649]: from='client.? 172.21.15.117:0/3942909596' entity='client.admin'
2024-06-03T03:11:16.033 INFO:journalctl@ceph.mon.a.smithi117.stdout:Jun 03 03:11:15 smithi117 ceph-mon[31649]: pgmap v5: 0 pgs: ; 0 B data, 0 B used, 0 B / 0 B avail
2024-06-03T03:11:16.033 INFO:journalctl@ceph.mon.a.smithi117.stdout:Jun 03 03:11:15 smithi117 ceph-mon[31649]: from='client.? 172.21.15.117:0/2859585088' entity='client.admin' cmd=[{"prefix": "mgr module enable", "module": "dashboard"}]: dispatch
2024-06-03T03:11:16.033 INFO:journalctl@ceph.mgr.x.smithi117.stdout:Jun 03 03:11:15 smithi117 ceph-a0e8473a-2156-11ef-bc9b-c7b262605968-mgr-x[31883]: ignoring --setuser ceph since I am not root
2024-06-03T03:11:16.033 INFO:journalctl@ceph.mgr.x.smithi117.stdout:Jun 03 03:11:15 smithi117 ceph-a0e8473a-2156-11ef-bc9b-c7b262605968-mgr-x[31883]: ignoring --setgroup ceph since I am not root
2024-06-03T03:11:16.396 INFO:journalctl@ceph.mgr.x.smithi117.stdout:Jun 03 03:11:16 smithi117 ceph-a0e8473a-2156-11ef-bc9b-c7b262605968-mgr-x[31883]:
2024-06-03T03:11:16.031+0000 7fbc41c36200 -1 mgr[py] Module balancer has missing NOTIFY_TYPES member
2024-06-03T03:11:16.396 INFO:journalctl@ceph.mgr.x.smithi117.stdout:Jun 03 03:11:16 smithi117 ceph-a0e8473a-2156-11ef-bc9b-c7b262605968-mgr-x[31883]:
2024-06-03T03:11:16.272+0000 7fbc41c36200 -1 mgr[py] Module orchestrator has missing NOTIFY_TYPES member
2024-06-03T03:11:16.411 INFO:teuthology.orchestra.run.smithi117.stdout:/usr/bin/ceph: stderr
2024-06-03T03:11:15.029+0000 7f8e84a00700 1 Processor -- start
2024-06-03T03:11:16.411 INFO:teuthology.orchestra.run.smithi117.stdout:/usr/bin/ceph: stderr
2024-06-03T03:11:15.029+0000 7f8e84a00700 1 -- start start
2024-06-03T03:11:16.411 INFO:teuthology.orchestra.run.smithi117.stdout:/usr/bin/ceph: stderr
2024-06-03T03:11:15.029+0000 7f8e84a00700 1 --2- >> [v2:172.21.15.117:3300/0,v1:172.21.15.117:6789/0] conn(0x7f8e80107d80 0x7f8e801081a0 unknown :-1 s=NONE pgs=0 cs=0 l=0 rev1=0 crypto rx=0 tx=0 comp rx=0 tx=0).connect
2024-06-03T03:11:16.411 INFO:teuthology.orchestra.run.smithi117.stdout:/usr/bin/ceph: stderr
2024-06-03T03:11:15.029+0000 7f8e84a00700 1 -- --> [v2:172.21.15.117:3300/0,v1:172.21.15.117:6789/0] -- mon_getmap magic: 0 -- 0x7f8e80108770 con 0x7f8e80107d80
2024-06-03T03:11:16.411 INFO:teuthology.orchestra.run.smithi117.stdout:/usr/bin/ceph: stderr
2024-06-03T03:11:15.030+0000 7f8e7f400700 1 --2- >> [v2:172.21.15.117:3300/0,v1:172.21.15.117:6789/0] conn(0x7f8e80107d80 0x7f8e801081a0 unknown :-1 s=BANNER_CONNECTING pgs=0 cs=0 l=0 rev1=0 crypto rx=0 tx=0 comp rx=0 tx=0)._handle_peer_banner_payload supported=3 required=0
2024-06-03T03:11:16.411 INFO:teuthology.orchestra.run.smithi117.stdout:/usr/bin/ceph: stderr
2024-06-03T03:11:15.030+0000 7f8e7f400700 1 --2- >> [v2:172.21.15.117:3300/0,v1:172.21.15.117:6789/0] conn(0x7f8e80107d80 0x7f8e801081a0 unknown :-1 s=HELLO_CONNECTING pgs=0 cs=0 l=0 rev1=1 crypto rx=0 tx=0 comp rx=0 tx=0).handle_hello peer v2:172.21.15.117:3300/0 says I am v2:172.21.15.117:34216/0 (socket says 172.21.15.117:34216)
2024-06-03T03:11:16.411 INFO:teuthology.orchestra.run.smithi117.stdout:/usr/bin/ceph: stderr
2024-06-03T03:11:15.030+0000 7f8e7f400700 1 -- 172.21.15.117:0/880464399 learned_addr learned my addr 172.21.15.117:0/880464399 (peer_addr_for_me v2:172.21.15.117:0/0)
2024-06-03T03:11:16.411 INFO:teuthology.orchestra.run.smithi117.stdout:/usr/bin/ceph: stderr
2024-06-03T03:11:15.030+0000 7f8e7f400700 1 -- 172.21.15.117:0/880464399 --> [v2:172.21.15.117:3300/0,v1:172.21.15.117:6789/0] -- mon_subscribe({config=0+,monmap=0+}) -- 0x7f8e80108f80 con 0x7f8e80107d80
2024-06-03T03:11:16.412 INFO:teuthology.orchestra.run.smithi117.stdout:/usr/bin/ceph: stderr
2024-06-03T03:11:15.031+0000 7f8e7f400700 1 --2- 172.21.15.117:0/880464399 >> [v2:172.21.15.117:3300/0,v1:172.21.15.117:6789/0] conn(0x7f8e80107d80 0x7f8e801081a0 secure :-1 s=READY pgs=55 cs=0 l=1 rev1=1 crypto rx=0x7f8e700098a0 tx=0x7f8e70009bb0 comp rx=0 tx=0).ready entity=mon.0 client_cookie=c91f327019d7432a server_cookie=0 in_seq=0 out_seq=0
2024-06-03T03:11:16.412 INFO:teuthology.orchestra.run.smithi117.stdout:/usr/bin/ceph: stderr
2024-06-03T03:11:15.031+0000 7f8e7e000700 1 -- 172.21.15.117:0/880464399 <== mon.0 v2:172.21.15.117:3300/0 1 ==== mon_map magic: 0 ==== 205+0+0 (secure 0 0 0) 0x7f8e70004160 con 0x7f8e80107d80
2024-06-03T03:11:16.412 INFO:teuthology.orchestra.run.smithi117.stdout:/usr/bin/ceph: stderr
2024-06-03T03:11:15.031+0000 7f8e7e000700 1 -- 172.21.15.117:0/880464399 <== mon.0 v2:172.21.15.117:3300/0 2 ==== config(27 keys) ==== 1140+0+0 (secure 0 0 0) 0x7f8e70004300 con 0x7f8e80107d80
2024-06-03T03:11:16.412 INFO:teuthology.orchestra.run.smithi117.stdout:/usr/bin/ceph: stderr
2024-06-03T03:11:15.031+0000 7f8e7e000700 1 -- 172.21.15.117:0/880464399 <== mon.0 v2:172.21.15.117:3300/0 3 ==== mon_map magic: 0 ==== 205+0+0 (secure 0 0 0) 0x7f8e70011b20 con 0x7f8e80107d80
2024-06-03T03:11:16.412 INFO:teuthology.orchestra.run.smithi117.stdout:/usr/bin/ceph: stderr
2024-06-03T03:11:15.032+0000 7f8e84a00700 1 -- 172.21.15.117:0/880464399 >> [v2:172.21.15.117:3300/0,v1:172.21.15.117:6789/0] conn(0x7f8e80107d80 msgr2=0x7f8e801081a0 secure :-1 s=STATE_CONNECTION_ESTABLISHED l=1).mark_down
2024-06-03T03:11:16.412 INFO:teuthology.orchestra.run.smithi117.stdout:/usr/bin/ceph: stderr
2024-06-03T03:11:15.032+0000 7f8e84a00700 1 --2- 172.21.15.117:0/880464399 >> [v2:172.21.15.117:3300/0,v1:172.21.15.117:6789/0] conn(0x7f8e80107d80 0x7f8e801081a0 secure :-1 s=READY pgs=55 cs=0 l=1 rev1=1 crypto rx=0x7f8e700098a0 tx=0x7f8e70009bb0 comp rx=0 tx=0).stop
2024-06-03T03:11:16.412 INFO:teuthology.orchestra.run.smithi117.stdout:/usr/bin/ceph: stderr
2024-06-03T03:11:15.032+0000 7f8e84a00700 1 -- 172.21.15.117:0/880464399 shutdown_connections
2024-06-03T03:11:16.412 INFO:teuthology.orchestra.run.smithi117.stdout:/usr/bin/ceph: stderr
2024-06-03T03:11:15.032+0000 7f8e84a00700 1 --2- 172.21.15.117:0/880464399 >> [v2:172.21.15.117:3300/0,v1:172.21.15.117:6789/0] conn(0x7f8e80107d80 0x7f8e801081a0 unknown :-1 s=CLOSED pgs=55 cs=0 l=1 rev1=1 crypto rx=0 tx=0 comp rx=0 tx=0).stop
2024-06-03T03:11:16.412 INFO:teuthology.orchestra.run.smithi117.stdout:/usr/bin/ceph: stderr
2024-06-03T03:11:15.032+0000 7f8e84a00700 1 -- 172.21.15.117:0/880464399 >> 172.21.15.117:0/880464399 conn(0x7f8e80103320 msgr2=0x7f8e80105760 unknown :-1 s=STATE_NONE l=0).mark_down
2024-06-03T03:11:16.412 INFO:teuthology.orchestra.run.smithi117.stdout:/usr/bin/ceph: stderr
2024-06-03T03:11:15.032+0000 7f8e84a00700 1 -- 172.21.15.117:0/880464399 shutdown_connections
2024-06-03T03:11:16.412 INFO:teuthology.orchestra.run.smithi117.stdout:/usr/bin/ceph: stderr
2024-06-03T03:11:15.032+0000 7f8e84a00700 1 -- 172.21.15.117:0/880464399 wait complete.
2024-06-03T03:11:16.412 INFO:teuthology.orchestra.run.smithi117.stdout:/usr/bin/ceph: stderr
2024-06-03T03:11:15.033+0000 7f8e84a00700 1 Processor -- start
2024-06-03T03:11:16.412 INFO:teuthology.orchestra.run.smithi117.stdout:/usr/bin/ceph: stderr
2024-06-03T03:11:15.033+0000 7f8e84a00700 1 -- start start
2024-06-03T03:11:16.413 INFO:teuthology.orchestra.run.smithi117.stdout:/usr/bin/ceph: stderr
2024-06-03T03:11:15.033+0000 7f8e84a00700 1 --2- >> [v2:172.21.15.117:3300/0,v1:172.21.15.117:6789/0] conn(0x7f8e80107d80 0x7f8e8019bd90 unknown :-1 s=NONE pgs=0 cs=0 l=1 rev1=0 crypto rx=0 tx=0 comp rx=0 tx=0).connect
2024-06-03T03:11:16.413 INFO:teuthology.orchestra.run.smithi117.stdout:/usr/bin/ceph: stderr
2024-06-03T03:11:15.033+0000 7f8e84a00700 1 -- --> [v2:172.21.15.117:3300/0,v1:172.21.15.117:6789/0] -- mon_getmap magic: 0 -- 0x7f8e8010c330 con 0x7f8e80107d80
2024-06-03T03:11:16.413 INFO:teuthology.orchestra.run.smithi117.stdout:/usr/bin/ceph: stderr
2024-06-03T03:11:15.034+0000 7f8e7f400700 1 --2- >> [v2:172.21.15.117:3300/0,v1:172.21.15.117:6789/0] conn(0x7f8e80107d80 0x7f8e8019bd90 unknown :-1 s=BANNER_CONNECTING pgs=0 cs=0 l=1 rev1=0 crypto rx=0 tx=0 comp rx=0 tx=0)._handle_peer_banner_payload supported=3 required=0
2024-06-03T03:11:16.413 INFO:teuthology.orchestra.run.smithi117.stdout:/usr/bin/ceph: stderr
2024-06-03T03:11:15.034+0000 7f8e7f400700 1 --2- >> [v2:172.21.15.117:3300/0,v1:172.21.15.117:6789/0] conn(0x7f8e80107d80 0x7f8e8019bd90 unknown :-1 s=HELLO_CONNECTING pgs=0 cs=0 l=1 rev1=1 crypto rx=0 tx=0 comp rx=0 tx=0).handle_hello peer v2:172.21.15.117:3300/0 says I am v2:172.21.15.117:34218/0 (socket says 172.21.15.117:34218)
2024-06-03T03:11:16.413 INFO:teuthology.orchestra.run.smithi117.stdout:/usr/bin/ceph: stderr
2024-06-03T03:11:15.034+0000 7f8e7f400700 1 -- 172.21.15.117:0/2859585088 learned_addr learned my addr 172.21.15.117:0/2859585088 (peer_addr_for_me v2:172.21.15.117:0/0)
2024-06-03T03:11:16.413 INFO:teuthology.orchestra.run.smithi117.stdout:/usr/bin/ceph: stderr
2024-06-03T03:11:15.034+0000 7f8e7f400700 1 -- 172.21.15.117:0/2859585088 --> [v2:172.21.15.117:3300/0,v1:172.21.15.117:6789/0] -- mon_subscribe({config=0+,monmap=0+}) -- 0x7f8e8019c2d0 con 0x7f8e80107d80
2024-06-03T03:11:16.413 INFO:teuthology.orchestra.run.smithi117.stdout:/usr/bin/ceph: stderr
2024-06-03T03:11:15.034+0000 7f8e7f400700 1 --2- 172.21.15.117:0/2859585088 >> [v2:172.21.15.117:3300/0,v1:172.21.15.117:6789/0] conn(0x7f8e80107d80 0x7f8e8019bd90 secure :-1 s=READY pgs=56 cs=0 l=1 rev1=1 crypto rx=0x7f8e70000c00 tx=0x7f8e70011c10 comp rx=0 tx=0).ready entity=mon.0 client_cookie=0 server_cookie=0 in_seq=0 out_seq=0
2024-06-03T03:11:16.413 INFO:teuthology.orchestra.run.smithi117.stdout:/usr/bin/ceph: stderr
2024-06-03T03:11:15.034+0000 7f8e77e00700 1 -- 172.21.15.117:0/2859585088 <== mon.0 v2:172.21.15.117:3300/0 1 ==== mon_map magic: 0 ==== 205+0+0 (secure 0 0 0) 0x7f8e70003b60 con 0x7f8e80107d80
2024-06-03T03:11:16.413 INFO:teuthology.orchestra.run.smithi117.stdout:/usr/bin/ceph: stderr
2024-06-03T03:11:15.035+0000 7f8e77e00700 1 -- 172.21.15.117:0/2859585088 <== mon.0 v2:172.21.15.117:3300/0 2 ==== config(27 keys) ==== 1140+0+0 (secure 0 0 0) 0x7f8e7001a910 con 0x7f8e80107d80
2024-06-03T03:11:16.413 INFO:teuthology.orchestra.run.smithi117.stdout:/usr/bin/ceph: stderr
2024-06-03T03:11:15.035+0000 7f8e84a00700 1 -- 172.21.15.117:0/2859585088 --> [v2:172.21.15.117:3300/0,v1:172.21.15.117:6789/0] -- mon_subscribe({mgrmap=0+}) -- 0x7f8e8019c560 con 0x7f8e80107d80
2024-06-03T03:11:16.413 INFO:teuthology.orchestra.run.smithi117.stdout:/usr/bin/ceph: stderr
2024-06-03T03:11:15.035+0000 7f8e77e00700 1 -- 172.21.15.117:0/2859585088 <== mon.0 v2:172.21.15.117:3300/0 3 ==== mon_map magic: 0 ==== 205+0+0 (secure 0 0 0) 0x7f8e70024930 con 0x7f8e80107d80
2024-06-03T03:11:16.413 INFO:teuthology.orchestra.run.smithi117.stdout:/usr/bin/ceph: stderr
2024-06-03T03:11:15.035+0000 7f8e84a00700 1 -- 172.21.15.117:0/2859585088 --> [v2:172.21.15.117:3300/0,v1:172.21.15.117:6789/0] -- mon_subscribe({osdmap=0}) -- 0x7f8e8019f210 con 0x7f8e80107d80
2024-06-03T03:11:16.413 INFO:teuthology.orchestra.run.smithi117.stdout:/usr/bin/ceph: stderr
2024-06-03T03:11:15.036+0000 7f8e77e00700 1 -- 172.21.15.117:0/2859585088 <== mon.0 v2:172.21.15.117:3300/0 4 ==== mgrmap(e 8) ==== 46287+0+0 (secure 0 0 0) 0x7f8e70022020 con 0x7f8e80107d80
2024-06-03T03:11:16.413 INFO:teuthology.orchestra.run.smithi117.stdout:/usr/bin/ceph: stderr
2024-06-03T03:11:15.036+0000 7f8e84a00700 1 -- 172.21.15.117:0/2859585088 --> [v2:172.21.15.117:3300/0,v1:172.21.15.117:6789/0] -- mon_command({"prefix": "get_command_descriptions"} v 0) -- 0x7f8e800695b0 con 0x7f8e80107d80
2024-06-03T03:11:16.414 INFO:teuthology.orchestra.run.smithi117.stdout:/usr/bin/ceph: stderr
2024-06-03T03:11:15.036+0000 7f8e77e00700 1 --2- 172.21.15.117:0/2859585088 >> [v2:172.21.15.117:6800/2142313590,v1:172.21.15.117:6801/2142313590] conn(0x7f8e64039050 0x7f8e6403b510 unknown :-1 s=NONE pgs=0 cs=0 l=1 rev1=0 crypto rx=0 tx=0 comp rx=0 tx=0).connect
2024-06-03T03:11:16.414 INFO:teuthology.orchestra.run.smithi117.stdout:/usr/bin/ceph: stderr
2024-06-03T03:11:15.036+0000 7f8e77e00700 1 -- 172.21.15.117:0/2859585088 <== mon.0 v2:172.21.15.117:3300/0 5 ==== osd_map(2..2 src has 1..2) ==== 940+0+0 (secure 0 0 0) 0x7f8e7004d280 con 0x7f8e80107d80
2024-06-03T03:11:16.414 INFO:teuthology.orchestra.run.smithi117.stdout:/usr/bin/ceph: stderr
2024-06-03T03:11:15.037+0000 7f8e7ea00700 1 --2- 172.21.15.117:0/2859585088 >> [v2:172.21.15.117:6800/2142313590,v1:172.21.15.117:6801/2142313590] conn(0x7f8e64039050 0x7f8e6403b510 unknown :-1 s=BANNER_CONNECTING pgs=0 cs=0 l=1 rev1=0 crypto rx=0 tx=0 comp rx=0 tx=0)._handle_peer_banner_payload supported=3 required=0
2024-06-03T03:11:16.414 INFO:teuthology.orchestra.run.smithi117.stdout:/usr/bin/ceph: stderr
2024-06-03T03:11:15.037+0000 7f8e7ea00700 1 --2- 172.21.15.117:0/2859585088 >> [v2:172.21.15.117:6800/2142313590,v1:172.21.15.117:6801/2142313590] conn(0x7f8e64039050 0x7f8e6403b510 secure :-1 s=READY pgs=16 cs=0 l=1 rev1=1 crypto rx=0x7f8e6c006fd0 tx=0x7f8e6c006e40 comp rx=0 tx=0).ready entity=mgr.14120 client_cookie=0 server_cookie=0 in_seq=0 out_seq=0
2024-06-03T03:11:16.414 INFO:teuthology.orchestra.run.smithi117.stdout:/usr/bin/ceph: stderr
2024-06-03T03:11:15.042+0000 7f8e77e00700 1 -- 172.21.15.117:0/2859585088 <== mon.0 v2:172.21.15.117:3300/0 6 ==== mon_command_ack([{"prefix": "get_command_descriptions"}]=0 v0) ==== 72+0+186418 (secure 0 0 0) 0x7f8e7001ab70 con 0x7f8e80107d80
2024-06-03T03:11:16.414 INFO:teuthology.orchestra.run.smithi117.stdout:/usr/bin/ceph: stderr
2024-06-03T03:11:15.344+0000 7f8e84a00700 1 -- 172.21.15.117:0/2859585088 --> [v2:172.21.15.117:3300/0,v1:172.21.15.117:6789/0] -- mon_command({"prefix": "mgr module enable", "module": "dashboard"} v 0) -- 0x7f8e8019f710 con 0x7f8e80107d80
2024-06-03T03:11:16.414 INFO:teuthology.orchestra.run.smithi117.stdout:/usr/bin/ceph: stderr
2024-06-03T03:11:15.729+0000 7f8e77e00700 1 -- 172.21.15.117:0/2859585088 <== mon.0 v2:172.21.15.117:3300/0 7 ==== mon_command_ack([{"prefix": "mgr module enable", "module": "dashboard"}]=0 v9) ==== 88+0+0 (secure 0 0 0) 0x7f8e7002d3f0 con 0x7f8e80107d80
2024-06-03T03:11:16.414 INFO:teuthology.orchestra.run.smithi117.stdout:/usr/bin/ceph: stderr
2024-06-03T03:11:15.732+0000 7f8e77e00700 1 -- 172.21.15.117:0/2859585088 <== mon.0 v2:172.21.15.117:3300/0 8 ==== mgrmap(e 9) ==== 46300+0+0 (secure 0 0 0) 0x7f8e7001a430 con 0x7f8e80107d80
2024-06-03T03:11:16.415 INFO:teuthology.orchestra.run.smithi117.stdout:/usr/bin/ceph: stderr
2024-06-03T03:11:15.733+0000 7f8e84a00700 1 -- 172.21.15.117:0/2859585088 >> [v2:172.21.15.117:6800/2142313590,v1:172.21.15.117:6801/2142313590] conn(0x7f8e64039050 msgr2=0x7f8e6403b510 secure :-1 s=STATE_CONNECTION_ESTABLISHED l=1).mark_down
2024-06-03T03:11:16.415 INFO:teuthology.orchestra.run.smithi117.stdout:/usr/bin/ceph: stderr
2024-06-03T03:11:15.733+0000 7f8e84a00700 1 --2- 172.21.15.117:0/2859585088 >> [v2:172.21.15.117:6800/2142313590,v1:172.21.15.117:6801/2142313590] conn(0x7f8e64039050 0x7f8e6403b510 secure :-1 s=READY pgs=16 cs=0 l=1 rev1=1 crypto rx=0x7f8e6c006fd0 tx=0x7f8e6c006e40 comp rx=0 tx=0).stop
2024-06-03T03:11:16.415 INFO:teuthology.orchestra.run.smithi117.stdout:/usr/bin/ceph: stderr
2024-06-03T03:11:15.733+0000 7f8e84a00700 1 -- 172.21.15.117:0/2859585088 >> [v2:172.21.15.117:3300/0,v1:172.21.15.117:6789/0] conn(0x7f8e80107d80 msgr2=0x7f8e8019bd90 secure :-1 s=STATE_CONNECTION_ESTABLISHED l=1).mark_down
2024-06-03T03:11:16.415 INFO:teuthology.orchestra.run.smithi117.stdout:/usr/bin/ceph: stderr
2024-06-03T03:11:15.733+0000 7f8e84a00700 1 --2- 172.21.15.117:0/2859585088 >> [v2:172.21.15.117:3300/0,v1:172.21.15.117:6789/0] conn(0x7f8e80107d80 0x7f8e8019bd90 secure :-1 s=READY pgs=56 cs=0 l=1 rev1=1 crypto rx=0x7f8e70000c00 tx=0x7f8e70011c10 comp rx=0 tx=0).stop
2024-06-03T03:11:16.415 INFO:teuthology.orchestra.run.smithi117.stdout:/usr/bin/ceph: stderr
2024-06-03T03:11:15.733+0000 7f8e84a00700 1 -- 172.21.15.117:0/2859585088 shutdown_connections
2024-06-03T03:11:16.415 INFO:teuthology.orchestra.run.smithi117.stdout:/usr/bin/ceph: stderr
2024-06-03T03:11:15.733+0000 7f8e84a00700 1 --2- 172.21.15.117:0/2859585088 >> [v2:172.21.15.117:6800/2142313590,v1:172.21.15.117:6801/2142313590] conn(0x7f8e64039050 0x7f8e6403b510 unknown :-1 s=CLOSED pgs=16 cs=0 l=1 rev1=1 crypto rx=0 tx=0 comp rx=0 tx=0).stop
2024-06-03T03:11:16.415 INFO:teuthology.orchestra.run.smithi117.stdout:/usr/bin/ceph: stderr
2024-06-03T03:11:15.733+0000 7f8e84a00700 1 --2- 172.21.15.117:0/2859585088 >> [v2:172.21.15.117:3300/0,v1:172.21.15.117:6789/0] conn(0x7f8e80107d80 0x7f8e8019bd90 unknown :-1 s=CLOSED pgs=56 cs=0 l=1 rev1=1 crypto rx=0 tx=0 comp rx=0 tx=0).stop
2024-06-03T03:11:16.415 INFO:teuthology.orchestra.run.smithi117.stdout:/usr/bin/ceph: stderr
2024-06-03T03:11:15.733+0000 7f8e84a00700 1 -- 172.21.15.117:0/2859585088 >> 172.21.15.117:0/2859585088 conn(0x7f8e80103320 msgr2=0x7f8e80103e40 unknown :-1 s=STATE_NONE l=0).mark_down
2024-06-03T03:11:16.415 INFO:teuthology.orchestra.run.smithi117.stdout:/usr/bin/ceph: stderr
2024-06-03T03:11:15.734+0000 7f8e84a00700 1 -- 172.21.15.117:0/2859585088 shutdown_connections
2024-06-03T03:11:16.415 INFO:teuthology.orchestra.run.smithi117.stdout:/usr/bin/ceph: stderr
2024-06-03T03:11:15.734+0000 7f8e84a00700 1 -- 172.21.15.117:0/2859585088 wait complete.
2024-06-03T03:11:16.665 INFO:journalctl@ceph.mgr.x.smithi117.stdout:Jun 03 03:11:16 smithi117 ceph-a0e8473a-2156-11ef-bc9b-c7b262605968-mgr-x[31883]:
2024-06-03T03:11:16.404+0000 7fbc41c36200 -1 mgr[py] Module snap_schedule has missing NOTIFY_TYPES member
2024-06-03T03:11:16.934 INFO:journalctl@ceph.mon.a.smithi117.stdout:Jun 03 03:11:16 smithi117 ceph-mon[31649]: from='client.? 172.21.15.117:0/2859585088' entity='client.admin' cmd='[{"prefix": "mgr module enable", "module": "dashboard"}]': finished
2024-06-03T03:11:16.934 INFO:journalctl@ceph.mon.a.smithi117.stdout:Jun 03 03:11:16 smithi117 ceph-mon[31649]: mgrmap e9: x(active, since 25s)
2024-06-03T03:11:16.934 INFO:journalctl@ceph.mgr.x.smithi117.stdout:Jun 03 03:11:16 smithi117 ceph-a0e8473a-2156-11ef-bc9b-c7b262605968-mgr-x[31883]:
2024-06-03T03:11:16.815+0000 7fbc41c36200 -1 mgr[py] Module progress has missing NOTIFY_TYPES member
2024-06-03T03:11:17.196 INFO:journalctl@ceph.mgr.x.smithi117.stdout:Jun 03 03:11:16 smithi117 ceph-a0e8473a-2156-11ef-bc9b-c7b262605968-mgr-x[31883]:
2024-06-03T03:11:16.932+0000 7fbc41c36200 -1 mgr[py] Module influx has missing NOTIFY_TYPES member
2024-06-03T03:11:17.946 INFO:journalctl@ceph.mon.a.smithi117.stdout:Jun 03 03:11:17 smithi117 ceph-mon[31649]: from='client.? 172.21.15.117:0/642713605' entity='client.admin' cmd=[{"prefix": "mgr stat"}]: dispatch
2024-06-03T03:11:17.993 INFO:teuthology.orchestra.run.smithi117.stdout:/usr/bin/ceph: stdout {
2024-06-03T03:11:17.993 INFO:teuthology.orchestra.run.smithi117.stdout:/usr/bin/ceph: stdout "epoch": 9,
2024-06-03T03:11:17.993 INFO:teuthology.orchestra.run.smithi117.stdout:/usr/bin/ceph: stdout "available": true,
2024-06-03T03:11:17.994 INFO:teuthology.orchestra.run.smithi117.stdout:/usr/bin/ceph: stdout "active_name": "x",
2024-06-03T03:11:17.994 INFO:teuthology.orchestra.run.smithi117.stdout:/usr/bin/ceph: stdout "num_standby": 0
2024-06-03T03:11:17.994 INFO:teuthology.orchestra.run.smithi117.stdout:/usr/bin/ceph: stdout }
2024-06-03T03:11:17.994 INFO:teuthology.orchestra.run.smithi117.stdout:/usr/bin/ceph: stderr
2024-06-03T03:11:17.007+0000 7fc4d9200700 1 Processor -- start
2024-06-03T03:11:17.994 INFO:teuthology.orchestra.run.smithi117.stdout:/usr/bin/ceph: stderr
2024-06-03T03:11:17.007+0000 7fc4d9200700 1 -- start start
2024-06-03T03:11:17.994 INFO:teuthology.orchestra.run.smithi117.stdout:/usr/bin/ceph: stderr
2024-06-03T03:11:17.007+0000 7fc4d9200700 1 --2- >> [v2:172.21.15.117:3300/0,v1:172.21.15.117:6789/0] conn(0x7fc4d407de80 0x7fc4d407c2e0 unknown :-1 s=NONE pgs=0 cs=0 l=0 rev1=0 crypto rx=0 tx=0 comp rx=0 tx=0).connect
2024-06-03T03:11:17.994 INFO:teuthology.orchestra.run.smithi117.stdout:/usr/bin/ceph: stderr
2024-06-03T03:11:17.008+0000 7fc4d9200700 1 -- --> [v2:172.21.15.117:3300/0,v1:172.21.15.117:6789/0] -- mon_getmap magic: 0 -- 0x7fc4d407c8b0 con 0x7fc4d407de80
2024-06-03T03:11:17.994 INFO:teuthology.orchestra.run.smithi117.stdout:/usr/bin/ceph: stderr
2024-06-03T03:11:17.008+0000 7fc4d3400700 1 --2- >> [v2:172.21.15.117:3300/0,v1:172.21.15.117:6789/0] conn(0x7fc4d407de80 0x7fc4d407c2e0 unknown :-1 s=BANNER_CONNECTING pgs=0 cs=0 l=0 rev1=0 crypto rx=0 tx=0 comp rx=0 tx=0)._handle_peer_banner_payload supported=3 required=0
2024-06-03T03:11:17.994 INFO:teuthology.orchestra.run.smithi117.stdout:/usr/bin/ceph: stderr
2024-06-03T03:11:17.008+0000 7fc4d3400700 1 --2- >> [v2:172.21.15.117:3300/0,v1:172.21.15.117:6789/0] conn(0x7fc4d407de80 0x7fc4d407c2e0 unknown :-1 s=HELLO_CONNECTING pgs=0 cs=0 l=0 rev1=1 crypto rx=0 tx=0 comp rx=0 tx=0).handle_hello peer v2:172.21.15.117:3300/0 says I am v2:172.21.15.117:42550/0 (socket says 172.21.15.117:42550)
2024-06-03T03:11:17.994 INFO:teuthology.orchestra.run.smithi117.stdout:/usr/bin/ceph: stderr
2024-06-03T03:11:17.008+0000 7fc4d3400700 1 -- 172.21.15.117:0/3450458185 learned_addr learned my addr 172.21.15.117:0/3450458185 (peer_addr_for_me v2:172.21.15.117:0/0)
2024-06-03T03:11:17.994 INFO:teuthology.orchestra.run.smithi117.stdout:/usr/bin/ceph: stderr
2024-06-03T03:11:17.008+0000 7fc4d3400700 1 -- 172.21.15.117:0/3450458185 --> [v2:172.21.15.117:3300/0,v1:172.21.15.117:6789/0] -- mon_subscribe({config=0+,monmap=0+}) -- 0x7fc4d407ca30 con 0x7fc4d407de80
2024-06-03T03:11:17.995 INFO:teuthology.orchestra.run.smithi117.stdout:/usr/bin/ceph: stderr
2024-06-03T03:11:17.009+0000 7fc4d3400700 1 --2- 172.21.15.117:0/3450458185 >> [v2:172.21.15.117:3300/0,v1:172.21.15.117:6789/0] conn(0x7fc4d407de80 0x7fc4d407c2e0 secure :-1 s=READY pgs=59 cs=0 l=1 rev1=1 crypto rx=0x7fc4c40098a0 tx=0x7fc4c4009bb0 comp rx=0 tx=0).ready entity=mon.0 client_cookie=2fb65d9e1c9f9de9 server_cookie=0 in_seq=0 out_seq=0
2024-06-03T03:11:17.995 INFO:teuthology.orchestra.run.smithi117.stdout:/usr/bin/ceph: stderr
2024-06-03T03:11:17.009+0000 7fc4d2000700 1 -- 172.21.15.117:0/3450458185 <== mon.0 v2:172.21.15.117:3300/0 1 ==== mon_map magic: 0 ==== 205+0+0 (secure 0 0 0) 0x7fc4c4004160 con 0x7fc4d407de80
2024-06-03T03:11:17.995 INFO:teuthology.orchestra.run.smithi117.stdout:/usr/bin/ceph: stderr
2024-06-03T03:11:17.009+0000 7fc4d2000700 1 -- 172.21.15.117:0/3450458185 <== mon.0 v2:172.21.15.117:3300/0 2 ==== config(27 keys) ==== 1140+0+0 (secure 0 0 0) 0x7fc4c4004300 con 0x7fc4d407de80
2024-06-03T03:11:17.995 INFO:teuthology.orchestra.run.smithi117.stdout:/usr/bin/ceph: stderr
2024-06-03T03:11:17.009+0000 7fc4d2000700 1 -- 172.21.15.117:0/3450458185 <== mon.0 v2:172.21.15.117:3300/0 3 ==== mon_map magic: 0 ==== 205+0+0 (secure 0 0 0) 0x7fc4c4011b20 con 0x7fc4d407de80
2024-06-03T03:11:17.995 INFO:teuthology.orchestra.run.smithi117.stdout:/usr/bin/ceph: stderr
2024-06-03T03:11:17.009+0000 7fc4d9200700 1 -- 172.21.15.117:0/3450458185 >> [v2:172.21.15.117:3300/0,v1:172.21.15.117:6789/0] conn(0x7fc4d407de80 msgr2=0x7fc4d407c2e0 secure :-1 s=STATE_CONNECTION_ESTABLISHED l=1).mark_down
2024-06-03T03:11:17.995 INFO:teuthology.orchestra.run.smithi117.stdout:/usr/bin/ceph: stderr
2024-06-03T03:11:17.009+0000 7fc4d9200700 1 --2- 172.21.15.117:0/3450458185 >> [v2:172.21.15.117:3300/0,v1:172.21.15.117:6789/0] conn(0x7fc4d407de80 0x7fc4d407c2e0 secure :-1 s=READY pgs=59 cs=0 l=1 rev1=1 crypto rx=0x7fc4c40098a0 tx=0x7fc4c4009bb0 comp rx=0 tx=0).stop
2024-06-03T03:11:17.995 INFO:teuthology.orchestra.run.smithi117.stdout:/usr/bin/ceph: stderr
2024-06-03T03:11:17.010+0000 7fc4d9200700 1 -- 172.21.15.117:0/3450458185 shutdown_connections
2024-06-03T03:11:17.995 INFO:teuthology.orchestra.run.smithi117.stdout:/usr/bin/ceph: stderr
2024-06-03T03:11:17.010+0000 7fc4d9200700 1 --2- 172.21.15.117:0/3450458185 >> [v2:172.21.15.117:3300/0,v1:172.21.15.117:6789/0] conn(0x7fc4d407de80 0x7fc4d407c2e0 unknown :-1 s=CLOSED pgs=59 cs=0 l=1 rev1=1 crypto rx=0 tx=0 comp rx=0 tx=0).stop
2024-06-03T03:11:17.995 INFO:teuthology.orchestra.run.smithi117.stdout:/usr/bin/ceph: stderr
2024-06-03T03:11:17.010+0000 7fc4d9200700 1 -- 172.21.15.117:0/3450458185 >> 172.21.15.117:0/3450458185 conn(0x7fc4d41032e0 msgr2=0x7fc4d4105720 unknown :-1 s=STATE_NONE l=0).mark_down
2024-06-03T03:11:17.995 INFO:teuthology.orchestra.run.smithi117.stdout:/usr/bin/ceph: stderr
2024-06-03T03:11:17.010+0000 7fc4d9200700 1 -- 172.21.15.117:0/3450458185 shutdown_connections
2024-06-03T03:11:17.995 INFO:teuthology.orchestra.run.smithi117.stdout:/usr/bin/ceph: stderr
2024-06-03T03:11:17.010+0000 7fc4d9200700 1 -- 172.21.15.117:0/3450458185 wait complete.
2024-06-03T03:11:17.995 INFO:teuthology.orchestra.run.smithi117.stdout:/usr/bin/ceph: stderr
2024-06-03T03:11:17.011+0000 7fc4d9200700 1 Processor -- start
2024-06-03T03:11:17.995 INFO:teuthology.orchestra.run.smithi117.stdout:/usr/bin/ceph: stderr
2024-06-03T03:11:17.011+0000 7fc4d9200700 1 -- start start
2024-06-03T03:11:17.995 INFO:teuthology.orchestra.run.smithi117.stdout:/usr/bin/ceph: stderr
2024-06-03T03:11:17.012+0000 7fc4d9200700 1 --2- >> [v2:172.21.15.117:3300/0,v1:172.21.15.117:6789/0] conn(0x7fc4d407de80 0x7fc4d419dee0 unknown :-1 s=NONE pgs=0 cs=0 l=1 rev1=0 crypto rx=0 tx=0 comp rx=0 tx=0).connect
2024-06-03T03:11:17.996 INFO:teuthology.orchestra.run.smithi117.stdout:/usr/bin/ceph: stderr
2024-06-03T03:11:17.012+0000 7fc4d9200700 1 -- --> [v2:172.21.15.117:3300/0,v1:172.21.15.117:6789/0] -- mon_getmap magic: 0 -- 0x7fc4d410e3c0 con 0x7fc4d407de80
2024-06-03T03:11:17.996 INFO:teuthology.orchestra.run.smithi117.stdout:/usr/bin/ceph: stderr
2024-06-03T03:11:17.012+0000 7fc4d3400700 1 --2- >> [v2:172.21.15.117:3300/0,v1:172.21.15.117:6789/0] conn(0x7fc4d407de80 0x7fc4d419dee0 unknown :-1 s=BANNER_CONNECTING pgs=0 cs=0 l=1 rev1=0 crypto rx=0 tx=0 comp rx=0 tx=0)._handle_peer_banner_payload supported=3 required=0
2024-06-03T03:11:17.996 INFO:teuthology.orchestra.run.smithi117.stdout:/usr/bin/ceph: stderr
2024-06-03T03:11:17.012+0000 7fc4d3400700 1 --2- >> [v2:172.21.15.117:3300/0,v1:172.21.15.117:6789/0] conn(0x7fc4d407de80 0x7fc4d419dee0 unknown :-1 s=HELLO_CONNECTING pgs=0 cs=0 l=1 rev1=1 crypto rx=0 tx=0 comp rx=0 tx=0).handle_hello peer v2:172.21.15.117:3300/0 says I am v2:172.21.15.117:42556/0 (socket says 172.21.15.117:42556)
2024-06-03T03:11:17.996 INFO:teuthology.orchestra.run.smithi117.stdout:/usr/bin/ceph: stderr
2024-06-03T03:11:17.012+0000 7fc4d3400700 1 -- 172.21.15.117:0/642713605 learned_addr learned my addr 172.21.15.117:0/642713605 (peer_addr_for_me v2:172.21.15.117:0/0)
2024-06-03T03:11:17.996 INFO:teuthology.orchestra.run.smithi117.stdout:/usr/bin/ceph: stderr
2024-06-03T03:11:17.012+0000 7fc4d3400700 1 -- 172.21.15.117:0/642713605 --> [v2:172.21.15.117:3300/0,v1:172.21.15.117:6789/0] -- mon_subscribe({config=0+,monmap=0+}) -- 0x7fc4d419e420 con 0x7fc4d407de80
2024-06-03T03:11:17.996 INFO:teuthology.orchestra.run.smithi117.stdout:/usr/bin/ceph: stderr
2024-06-03T03:11:17.013+0000 7fc4d3400700 1 --2- 172.21.15.117:0/642713605 >> [v2:172.21.15.117:3300/0,v1:172.21.15.117:6789/0] conn(0x7fc4d407de80 0x7fc4d419dee0 secure :-1 s=READY pgs=60 cs=0 l=1 rev1=1 crypto rx=0x7fc4c4011b60 tx=0x7fc4c4011c40 comp rx=0 tx=0).ready entity=mon.0 client_cookie=0 server_cookie=0 in_seq=0 out_seq=0
2024-06-03T03:11:17.996 INFO:teuthology.orchestra.run.smithi117.stdout:/usr/bin/ceph: stderr
2024-06-03T03:11:17.013+0000 7fc4cbe00700 1 -- 172.21.15.117:0/642713605 <== mon.0 v2:172.21.15.117:3300/0 1 ==== mon_map magic: 0 ==== 205+0+0 (secure 0 0 0) 0x7fc4c4003b60 con 0x7fc4d407de80
2024-06-03T03:11:17.996 INFO:teuthology.orchestra.run.smithi117.stdout:/usr/bin/ceph: stderr
2024-06-03T03:11:17.013+0000 7fc4cbe00700 1 -- 172.21.15.117:0/642713605 <== mon.0 v2:172.21.15.117:3300/0 2 ==== config(27 keys) ==== 1140+0+0 (secure 0 0 0) 0x7fc4c401a910 con 0x7fc4d407de80
2024-06-03T03:11:17.996 INFO:teuthology.orchestra.run.smithi117.stdout:/usr/bin/ceph: stderr
2024-06-03T03:11:17.013+0000 7fc4d9200700 1 -- 172.21.15.117:0/642713605 --> [v2:172.21.15.117:3300/0,v1:172.21.15.117:6789/0] -- mon_subscribe({mgrmap=0+}) -- 0x7fc4d419e6b0 con 0x7fc4d407de80
2024-06-03T03:11:17.996 INFO:teuthology.orchestra.run.smithi117.stdout:/usr/bin/ceph: stderr
2024-06-03T03:11:17.013+0000 7fc4cbe00700 1 -- 172.21.15.117:0/642713605 <== mon.0 v2:172.21.15.117:3300/0 3 ==== mon_map magic: 0 ==== 205+0+0 (secure 0 0 0) 0x7fc4c4024930 con 0x7fc4d407de80
2024-06-03T03:11:17.996 INFO:teuthology.orchestra.run.smithi117.stdout:/usr/bin/ceph: stderr
2024-06-03T03:11:17.013+0000 7fc4d9200700 1 -- 172.21.15.117:0/642713605 --> [v2:172.21.15.117:3300/0,v1:172.21.15.117:6789/0] -- mon_subscribe({osdmap=0}) -- 0x7fc4d419eb10 con 0x7fc4d407de80
2024-06-03T03:11:17.996 INFO:teuthology.orchestra.run.smithi117.stdout:/usr/bin/ceph: stderr
2024-06-03T03:11:17.014+0000 7fc4d9200700 1 -- 172.21.15.117:0/642713605 --> [v2:172.21.15.117:3300/0,v1:172.21.15.117:6789/0] -- mon_command({"prefix": "get_command_descriptions"} v 0) -- 0x7fc4d40695b0 con 0x7fc4d407de80
2024-06-03T03:11:17.996 INFO:teuthology.orchestra.run.smithi117.stdout:/usr/bin/ceph: stderr
2024-06-03T03:11:17.015+0000 7fc4cbe00700 1 -- 172.21.15.117:0/642713605 <== mon.0 v2:172.21.15.117:3300/0 4 ==== mgrmap(e 9) ==== 46300+0+0 (secure 0 0 0) 0x7fc4c4022020 con 0x7fc4d407de80
2024-06-03T03:11:17.997 INFO:teuthology.orchestra.run.smithi117.stdout:/usr/bin/ceph: stderr
2024-06-03T03:11:17.015+0000 7fc4cbe00700 1 --2- 172.21.15.117:0/642713605 >> [v2:172.21.15.117:6800/2142313590,v1:172.21.15.117:6801/2142313590] conn(0x7fc4b80390a0 0x7fc4b803b560 unknown :-1 s=NONE pgs=0 cs=0 l=1 rev1=0 crypto rx=0 tx=0 comp rx=0 tx=0).connect
2024-06-03T03:11:17.997 INFO:teuthology.orchestra.run.smithi117.stdout:/usr/bin/ceph: stderr
2024-06-03T03:11:17.015+0000 7fc4cbe00700 1 -- 172.21.15.117:0/642713605 <== mon.0 v2:172.21.15.117:3300/0 5 ==== osd_map(2..2 src has 1..2) ==== 940+0+0 (secure 0 0 0) 0x7fc4c404d2a0 con 0x7fc4d407de80
2024-06-03T03:11:17.997 INFO:teuthology.orchestra.run.smithi117.stdout:/usr/bin/ceph: stderr
2024-06-03T03:11:17.015+0000 7fc4d2a00700 1 -- 172.21.15.117:0/642713605 >> [v2:172.21.15.117:6800/2142313590,v1:172.21.15.117:6801/2142313590] conn(0x7fc4b80390a0 msgr2=0x7fc4b803b560 unknown :-1 s=STATE_CONNECTING_RE l=1).process reconnect failed to v2:172.21.15.117:6800/2142313590
2024-06-03T03:11:17.997 INFO:teuthology.orchestra.run.smithi117.stdout:/usr/bin/ceph: stderr
2024-06-03T03:11:17.015+0000 7fc4d2a00700 1 --2- 172.21.15.117:0/642713605 >> [v2:172.21.15.117:6800/2142313590,v1:172.21.15.117:6801/2142313590] conn(0x7fc4b80390a0 0x7fc4b803b560 unknown :-1 s=START_CONNECT pgs=0 cs=0 l=1 rev1=0 crypto rx=0 tx=0 comp rx=0 tx=0)._fault waiting 0.200000
2024-06-03T03:11:17.997 INFO:teuthology.orchestra.run.smithi117.stdout:/usr/bin/ceph: stderr
2024-06-03T03:11:17.021+0000 7fc4cbe00700 1 -- 172.21.15.117:0/642713605 <== mon.0 v2:172.21.15.117:3300/0 6 ==== mon_command_ack([{"prefix": "get_command_descriptions"}]=0 v0) ==== 72+0+186418 (secure 0 0 0) 0x7fc4c400b3e0 con 0x7fc4d407de80
2024-06-03T03:11:17.997 INFO:teuthology.orchestra.run.smithi117.stdout:/usr/bin/ceph: stderr
2024-06-03T03:11:17.216+0000 7fc4d2a00700 1 -- 172.21.15.117:0/642713605 >> [v2:172.21.15.117:6800/2142313590,v1:172.21.15.117:6801/2142313590] conn(0x7fc4b80390a0 msgr2=0x7fc4b803b560 unknown :-1 s=STATE_CONNECTING_RE l=1).process reconnect failed to v2:172.21.15.117:6800/2142313590
2024-06-03T03:11:17.997 INFO:teuthology.orchestra.run.smithi117.stdout:/usr/bin/ceph: stderr
2024-06-03T03:11:17.216+0000 7fc4d2a00700 1 --2- 172.21.15.117:0/642713605 >> [v2:172.21.15.117:6800/2142313590,v1:172.21.15.117:6801/2142313590] conn(0x7fc4b80390a0 0x7fc4b803b560 unknown :-1 s=START_CONNECT pgs=0 cs=0 l=1 rev1=0 crypto rx=0 tx=0 comp rx=0 tx=0)._fault waiting 0.400000
2024-06-03T03:11:17.997 INFO:teuthology.orchestra.run.smithi117.stdout:/usr/bin/ceph: stderr
2024-06-03T03:11:17.298+0000 7fc4d9200700 1 -- 172.21.15.117:0/642713605 --> [v2:172.21.15.117:3300/0,v1:172.21.15.117:6789/0] -- mon_command({"prefix": "mgr stat"} v 0) -- 0x7fc4d41a1580 con 0x7fc4d407de80
2024-06-03T03:11:17.997 INFO:teuthology.orchestra.run.smithi117.stdout:/usr/bin/ceph: stderr
2024-06-03T03:11:17.299+0000 7fc4cbe00700 1 -- 172.21.15.117:0/642713605 <== mon.0 v2:172.21.15.117:3300/0 7 ==== mon_command_ack([{"prefix": "mgr stat"}]=0 v9) ==== 56+0+88 (secure 0 0 0) 0x7fc4c402ddb0 con 0x7fc4d407de80
2024-06-03T03:11:17.997 INFO:teuthology.orchestra.run.smithi117.stdout:/usr/bin/ceph: stderr
2024-06-03T03:11:17.302+0000 7fc4d9200700 1 -- 172.21.15.117:0/642713605 >> [v2:172.21.15.117:6800/2142313590,v1:172.21.15.117:6801/2142313590] conn(0x7fc4b80390a0 msgr2=0x7fc4b803b560 unknown :-1 s=STATE_CONNECTING l=1).mark_down
2024-06-03T03:11:17.997 INFO:teuthology.orchestra.run.smithi117.stdout:/usr/bin/ceph: stderr
2024-06-03T03:11:17.302+0000 7fc4d9200700 1 --2- 172.21.15.117:0/642713605 >> [v2:172.21.15.117:6800/2142313590,v1:172.21.15.117:6801/2142313590] conn(0x7fc4b80390a0 0x7fc4b803b560 unknown :-1 s=START_CONNECT pgs=0 cs=0 l=1 rev1=0 crypto rx=0 tx=0 comp rx=0 tx=0).stop
2024-06-03T03:11:17.997 INFO:teuthology.orchestra.run.smithi117.stdout:/usr/bin/ceph: stderr
2024-06-03T03:11:17.302+0000 7fc4d9200700 1 -- 172.21.15.117:0/642713605 >> [v2:172.21.15.117:3300/0,v1:172.21.15.117:6789/0] conn(0x7fc4d407de80 msgr2=0x7fc4d419dee0 secure :-1 s=STATE_CONNECTION_ESTABLISHED l=1).mark_down
2024-06-03T03:11:17.997 INFO:teuthology.orchestra.run.smithi117.stdout:/usr/bin/ceph: stderr
2024-06-03T03:11:17.302+0000 7fc4d9200700 1 --2- 172.21.15.117:0/642713605 >> [v2:172.21.15.117:3300/0,v1:172.21.15.117:6789/0] conn(0x7fc4d407de80 0x7fc4d419dee0 secure :-1 s=READY pgs=60 cs=0 l=1 rev1=1 crypto rx=0x7fc4c4011b60 tx=0x7fc4c4011c40 comp rx=0 tx=0).stop
2024-06-03T03:11:17.997 INFO:teuthology.orchestra.run.smithi117.stdout:/usr/bin/ceph: stderr
2024-06-03T03:11:17.302+0000 7fc4d9200700 1 -- 172.21.15.117:0/642713605 shutdown_connections
2024-06-03T03:11:17.998 INFO:teuthology.orchestra.run.smithi117.stdout:/usr/bin/ceph: stderr
2024-06-03T03:11:17.302+0000 7fc4d9200700 1 --2- 172.21.15.117:0/642713605 >> [v2:172.21.15.117:6800/2142313590,v1:172.21.15.117:6801/2142313590] conn(0x7fc4b80390a0 0x7fc4b803b560 unknown :-1 s=CLOSED pgs=0 cs=0 l=1 rev1=0 crypto rx=0 tx=0 comp rx=0 tx=0).stop
2024-06-03T03:11:17.998 INFO:teuthology.orchestra.run.smithi117.stdout:/usr/bin/ceph: stderr
2024-06-03T03:11:17.302+0000 7fc4d9200700 1 --2- 172.21.15.117:0/642713605 >> [v2:172.21.15.117:3300/0,v1:172.21.15.117:6789/0] conn(0x7fc4d407de80 0x7fc4d419dee0 unknown :-1 s=CLOSED pgs=60 cs=0 l=1 rev1=1 crypto rx=0 tx=0 comp rx=0 tx=0).stop
2024-06-03T03:11:17.998 INFO:teuthology.orchestra.run.smithi117.stdout:/usr/bin/ceph: stderr
2024-06-03T03:11:17.302+0000 7fc4d9200700 1 -- 172.21.15.117:0/642713605 >> 172.21.15.117:0/642713605 conn(0x7fc4d41032e0 msgr2=0x7fc4d4103e40 unknown :-1 s=STATE_NONE l=0).mark_down
2024-06-03T03:11:17.998 INFO:teuthology.orchestra.run.smithi117.stdout:/usr/bin/ceph: stderr
2024-06-03T03:11:17.303+0000 7fc4d9200700 1 -- 172.21.15.117:0/642713605 shutdown_connections
2024-06-03T03:11:17.998 INFO:teuthology.orchestra.run.smithi117.stdout:/usr/bin/ceph: stderr
2024-06-03T03:11:17.303+0000 7fc4d9200700 1 -- 172.21.15.117:0/642713605 wait complete.
2024-06-03T03:11:17.998 INFO:teuthology.orchestra.run.smithi117.stdout:Waiting for the mgr to restart...
2024-06-03T03:11:17.998 INFO:teuthology.orchestra.run.smithi117.stdout:Waiting for mgr epoch 9...
2024-06-03T03:11:18.578 INFO:journalctl@ceph.mgr.x.smithi117.stdout:Jun 03 03:11:18 smithi117 ceph-a0e8473a-2156-11ef-bc9b-c7b262605968-mgr-x[31883]:
2024-06-03T03:11:18.507+0000 7fbc41c36200 -1 mgr[py] Module telegraf has missing NOTIFY_TYPES member
2024-06-03T03:11:18.946 INFO:journalctl@ceph.mgr.x.smithi117.stdout:Jun 03 03:11:18 smithi117 ceph-a0e8473a-2156-11ef-bc9b-c7b262605968-mgr-x[31883]:
2024-06-03T03:11:18.732+0000 7fbc41c36200 -1 mgr[py] Module osd_support has missing NOTIFY_TYPES member
2024-06-03T03:11:19.328 INFO:journalctl@ceph.mgr.x.smithi117.stdout:Jun 03 03:11:18 smithi117 ceph-a0e8473a-2156-11ef-bc9b-c7b262605968-mgr-x[31883]:
2024-06-03T03:11:18.947+0000 7fbc41c36200 -1 mgr[py] Module iostat has missing NOTIFY_TYPES member
2024-06-03T03:11:19.328 INFO:journalctl@ceph.mgr.x.smithi117.stdout:Jun 03 03:11:19 smithi117 ceph-a0e8473a-2156-11ef-bc9b-c7b262605968-mgr-x[31883]:
2024-06-03T03:11:19.326+0000 7fbc41c36200 -1 mgr[py] Module alerts has missing NOTIFY_TYPES member
2024-06-03T03:11:19.696 INFO:journalctl@ceph.mgr.x.smithi117.stdout:Jun 03 03:11:19 smithi117 ceph-a0e8473a-2156-11ef-bc9b-c7b262605968-mgr-x[31883]:
2024-06-03T03:11:19.448+0000 7fbc41c36200 -1 mgr[py] Module selftest has missing NOTIFY_TYPES member
2024-06-03T03:11:19.953 INFO:journalctl@ceph.mgr.x.smithi117.stdout:Jun 03 03:11:19 smithi117 ceph-a0e8473a-2156-11ef-bc9b-c7b262605968-mgr-x[31883]:
2024-06-03T03:11:19.699+0000 7fbc41c36200 -1 mgr[py] Module pg_autoscaler has missing NOTIFY_TYPES member
2024-06-03T03:11:19.953 INFO:journalctl@ceph.mgr.x.smithi117.stdout:Jun 03 03:11:19 smithi117 ceph-a0e8473a-2156-11ef-bc9b-c7b262605968-mgr-x[31883]:
2024-06-03T03:11:19.952+0000 7fbc41c36200 -1 mgr[py] Module test_orchestrator has missing NOTIFY_TYPES member
2024-06-03T03:11:21.196 INFO:journalctl@ceph.mgr.x.smithi117.stdout:Jun 03 03:11:20 smithi117 ceph-a0e8473a-2156-11ef-bc9b-c7b262605968-mgr-x[31883]:
2024-06-03T03:11:20.730+0000 7fbc41c36200 -1 mgr[py] Module rook has missing NOTIFY_TYPES member
