2024-06-03T03:11:07.618+0000 7fc090c00700 1 --2- 172.21.15.117:0/3462217981 >> [v2:172.21.15.117:3300/0,v1:172.21.15.117:6789/0] conn(0x7fc08c107f30 0x7fc08c108350 secure :-1 s=READY pgs=47 cs=0 l=1 rev1=1 crypto rx=0x7fc0800098a0 tx=0x7fc080009bb0 comp rx=0 tx=0).ready entity=mon.0 client_cookie=ebc31101781a72e7 server_cookie=0 in_seq=0 out_seq=0
2024-06-03T03:11:09.105 INFO:teuthology.orchestra.run.smithi117.stdout:/usr/bin/ceph: stderr
2024-06-03T03:11:07.618+0000 7fc08b400700 1 -- 172.21.15.117:0/3462217981 <== mon.0 v2:172.21.15.117:3300/0 1 ==== mon_map magic: 0 ==== 205+0+0 (secure 0 0 0) 0x7fc080004160 con 0x7fc08c107f30
2024-06-03T03:11:09.105 INFO:teuthology.orchestra.run.smithi117.stdout:/usr/bin/ceph: stderr
2024-06-03T03:11:07.618+0000 7fc08b400700 1 -- 172.21.15.117:0/3462217981 <== mon.0 v2:172.21.15.117:3300/0 2 ==== config(27 keys) ==== 1109+0+0 (secure 0 0 0) 0x7fc080004300 con 0x7fc08c107f30
2024-06-03T03:11:09.105 INFO:teuthology.orchestra.run.smithi117.stdout:/usr/bin/ceph: stderr
2024-06-03T03:11:07.618+0000 7fc08b400700 1 -- 172.21.15.117:0/3462217981 <== mon.0 v2:172.21.15.117:3300/0 3 ==== mon_map magic: 0 ==== 205+0+0 (secure 0 0 0) 0x7fc080011b50 con 0x7fc08c107f30
2024-06-03T03:11:09.105 INFO:teuthology.orchestra.run.smithi117.stdout:/usr/bin/ceph: stderr
2024-06-03T03:11:07.619+0000 7fc093600700 1 -- 172.21.15.117:0/3462217981 >> [v2:172.21.15.117:3300/0,v1:172.21.15.117:6789/0] conn(0x7fc08c107f30 msgr2=0x7fc08c108350 secure :-1 s=STATE_CONNECTION_ESTABLISHED l=1).mark_down
2024-06-03T03:11:09.105 INFO:teuthology.orchestra.run.smithi117.stdout:/usr/bin/ceph: stderr
2024-06-03T03:11:07.619+0000 7fc093600700 1 --2- 172.21.15.117:0/3462217981 >> [v2:172.21.15.117:3300/0,v1:172.21.15.117:6789/0] conn(0x7fc08c107f30 0x7fc08c108350 secure :-1 s=READY pgs=47 cs=0 l=1 rev1=1 crypto rx=0x7fc0800098a0 tx=0x7fc080009bb0 comp rx=0 tx=0).stop
2024-06-03T03:11:09.106 INFO:teuthology.orchestra.run.smithi117.stdout:/usr/bin/ceph: stderr
2024-06-03T03:11:07.619+0000 7fc093600700 1 -- 172.21.15.117:0/3462217981 shutdown_connections
2024-06-03T03:11:09.106 INFO:teuthology.orchestra.run.smithi117.stdout:/usr/bin/ceph: stderr
2024-06-03T03:11:07.619+0000 7fc093600700 1 --2- 172.21.15.117:0/3462217981 >> [v2:172.21.15.117:3300/0,v1:172.21.15.117:6789/0] conn(0x7fc08c107f30 0x7fc08c108350 unknown :-1 s=CLOSED pgs=47 cs=0 l=1 rev1=1 crypto rx=0 tx=0 comp rx=0 tx=0).stop
2024-06-03T03:11:09.106 INFO:teuthology.orchestra.run.smithi117.stdout:/usr/bin/ceph: stderr
2024-06-03T03:11:07.619+0000 7fc093600700 1 -- 172.21.15.117:0/3462217981 >> 172.21.15.117:0/3462217981 conn(0x7fc08c103530 msgr2=0x7fc08c105950 unknown :-1 s=STATE_NONE l=0).mark_down
2024-06-03T03:11:09.106 INFO:teuthology.orchestra.run.smithi117.stdout:/usr/bin/ceph: stderr
2024-06-03T03:11:07.619+0000 7fc093600700 1 -- 172.21.15.117:0/3462217981 shutdown_connections
2024-06-03T03:11:09.106 INFO:teuthology.orchestra.run.smithi117.stdout:/usr/bin/ceph: stderr
2024-06-03T03:11:07.619+0000 7fc093600700 1 -- 172.21.15.117:0/3462217981 wait complete.
2024-06-03T03:11:09.106 INFO:teuthology.orchestra.run.smithi117.stdout:/usr/bin/ceph: stderr
2024-06-03T03:11:07.620+0000 7fc093600700 1 Processor -- start
2024-06-03T03:11:09.106 INFO:teuthology.orchestra.run.smithi117.stdout:/usr/bin/ceph: stderr
2024-06-03T03:11:07.620+0000 7fc093600700 1 -- start start
2024-06-03T03:11:09.106 INFO:teuthology.orchestra.run.smithi117.stdout:/usr/bin/ceph: stderr
2024-06-03T03:11:07.621+0000 7fc093600700 1 --2- >> [v2:172.21.15.117:3300/0,v1:172.21.15.117:6789/0] conn(0x7fc08c107f30 0x7fc08c19bf40 unknown :-1 s=NONE pgs=0 cs=0 l=1 rev1=0 crypto rx=0 tx=0 comp rx=0 tx=0).connect
2024-06-03T03:11:09.106 INFO:teuthology.orchestra.run.smithi117.stdout:/usr/bin/ceph: stderr
2024-06-03T03:11:07.621+0000 7fc093600700 1 -- --> [v2:172.21.15.117:3300/0,v1:172.21.15.117:6789/0] -- mon_getmap magic: 0 -- 0x7fc08c10c4d0 con 0x7fc08c107f30
2024-06-03T03:11:09.106 INFO:teuthology.orchestra.run.smithi117.stdout:/usr/bin/ceph: stderr
2024-06-03T03:11:07.621+0000 7fc090c00700 1 --2- >> [v2:172.21.15.117:3300/0,v1:172.21.15.117:6789/0] conn(0x7fc08c107f30 0x7fc08c19bf40 unknown :-1 s=BANNER_CONNECTING pgs=0 cs=0 l=1 rev1=0 crypto rx=0 tx=0 comp rx=0 tx=0)._handle_peer_banner_payload supported=3 required=0
2024-06-03T03:11:09.106 INFO:teuthology.orchestra.run.smithi117.stdout:/usr/bin/ceph: stderr
2024-06-03T03:11:07.621+0000 7fc090c00700 1 --2- >> [v2:172.21.15.117:3300/0,v1:172.21.15.117:6789/0] conn(0x7fc08c107f30 0x7fc08c19bf40 unknown :-1 s=HELLO_CONNECTING pgs=0 cs=0 l=1 rev1=1 crypto rx=0 tx=0 comp rx=0 tx=0).handle_hello peer v2:172.21.15.117:3300/0 says I am v2:172.21.15.117:34148/0 (socket says 172.21.15.117:34148)
2024-06-03T03:11:09.107 INFO:teuthology.orchestra.run.smithi117.stdout:/usr/bin/ceph: stderr
2024-06-03T03:11:07.621+0000 7fc090c00700 1 -- 172.21.15.117:0/3766053195 learned_addr learned my addr 172.21.15.117:0/3766053195 (peer_addr_for_me v2:172.21.15.117:0/0)
2024-06-03T03:11:09.107 INFO:teuthology.orchestra.run.smithi117.stdout:/usr/bin/ceph: stderr
2024-06-03T03:11:07.621+0000 7fc090c00700 1 -- 172.21.15.117:0/3766053195 --> [v2:172.21.15.117:3300/0,v1:172.21.15.117:6789/0] -- mon_subscribe({config=0+,monmap=0+}) -- 0x7fc08c19c480 con 0x7fc08c107f30
2024-06-03T03:11:09.107 INFO:teuthology.orchestra.run.smithi117.stdout:/usr/bin/ceph: stderr
2024-06-03T03:11:07.622+0000 7fc090c00700 1 --2- 172.21.15.117:0/3766053195 >> [v2:172.21.15.117:3300/0,v1:172.21.15.117:6789/0] conn(0x7fc08c107f30 0x7fc08c19bf40 secure :-1 s=READY pgs=48 cs=0 l=1 rev1=1 crypto rx=0x7fc080011b60 tx=0x7fc080011c40 comp rx=0 tx=0).ready entity=mon.0 client_cookie=0 server_cookie=0 in_seq=0 out_seq=0
2024-06-03T03:11:09.107 INFO:teuthology.orchestra.run.smithi117.stdout:/usr/bin/ceph: stderr
2024-06-03T03:11:07.622+0000 7fc089600700 1 -- 172.21.15.117:0/3766053195 <== mon.0 v2:172.21.15.117:3300/0 1 ==== mon_map magic: 0 ==== 205+0+0 (secure 0 0 0) 0x7fc080003b20 con 0x7fc08c107f30
2024-06-03T03:11:09.107 INFO:teuthology.orchestra.run.smithi117.stdout:/usr/bin/ceph: stderr
2024-06-03T03:11:07.622+0000 7fc089600700 1 -- 172.21.15.117:0/3766053195 <== mon.0 v2:172.21.15.117:3300/0 2 ==== config(27 keys) ==== 1109+0+0 (secure 0 0 0) 0x7fc080003cc0 con 0x7fc08c107f30
2024-06-03T03:11:09.107 INFO:teuthology.orchestra.run.smithi117.stdout:/usr/bin/ceph: stderr
2024-06-03T03:11:07.622+0000 7fc093600700 1 -- 172.21.15.117:0/3766053195 --> [v2:172.21.15.117:3300/0,v1:172.21.15.117:6789/0] -- mon_subscribe({mgrmap=0+}) -- 0x7fc08c19c710 con 0x7fc08c107f30
2024-06-03T03:11:09.107 INFO:teuthology.orchestra.run.smithi117.stdout:/usr/bin/ceph: stderr
2024-06-03T03:11:07.622+0000 7fc089600700 1 -- 172.21.15.117:0/3766053195 <== mon.0 v2:172.21.15.117:3300/0 3 ==== mon_map magic: 0 ==== 205+0+0 (secure 0 0 0) 0x7fc080024840 con 0x7fc08c107f30
2024-06-03T03:11:09.107 INFO:teuthology.orchestra.run.smithi117.stdout:/usr/bin/ceph: stderr
2024-06-03T03:11:07.622+0000 7fc093600700 1 -- 172.21.15.117:0/3766053195 --> [v2:172.21.15.117:3300/0,v1:172.21.15.117:6789/0] -- mon_subscribe({osdmap=0}) -- 0x7fc08c19f400 con 0x7fc08c107f30
2024-06-03T03:11:09.107 INFO:teuthology.orchestra.run.smithi117.stdout:/usr/bin/ceph: stderr
2024-06-03T03:11:07.623+0000 7fc089600700 1 -- 172.21.15.117:0/3766053195 <== mon.0 v2:172.21.15.117:3300/0 4 ==== mgrmap(e 8) ==== 46287+0+0 (secure 0 0 0) 0x7fc080022020 con 0x7fc08c107f30
2024-06-03T03:11:09.107 INFO:teuthology.orchestra.run.smithi117.stdout:/usr/bin/ceph: stderr
2024-06-03T03:11:07.623+0000 7fc093600700 1 -- 172.21.15.117:0/3766053195 --> [v2:172.21.15.117:3300/0,v1:172.21.15.117:6789/0] -- mon_command({"prefix": "get_command_descriptions"} v 0) -- 0x7fc08c063af0 con 0x7fc08c107f30
2024-06-03T03:11:09.107 INFO:teuthology.orchestra.run.smithi117.stdout:/usr/bin/ceph: stderr
2024-06-03T03:11:07.623+0000 7fc089600700 1 --2- 172.21.15.117:0/3766053195 >> [v2:172.21.15.117:6800/2142313590,v1:172.21.15.117:6801/2142313590] conn(0x7fc0740390a0 0x7fc07403b560 unknown :-1 s=NONE pgs=0 cs=0 l=1 rev1=0 crypto rx=0 tx=0 comp rx=0 tx=0).connect
2024-06-03T03:11:09.107 INFO:teuthology.orchestra.run.smithi117.stdout:/usr/bin/ceph: stderr
2024-06-03T03:11:07.623+0000 7fc089600700 1 -- 172.21.15.117:0/3766053195 <== mon.0 v2:172.21.15.117:3300/0 5 ==== osd_map(2..2 src has 1..2) ==== 940+0+0 (secure 0 0 0) 0x7fc080011e00 con 0x7fc08c107f30
2024-06-03T03:11:09.108 INFO:teuthology.orchestra.run.smithi117.stdout:/usr/bin/ceph: stderr
2024-06-03T03:11:07.624+0000 7fc08be00700 1 --2- 172.21.15.117:0/3766053195 >> [v2:172.21.15.117:6800/2142313590,v1:172.21.15.117:6801/2142313590] conn(0x7fc0740390a0 0x7fc07403b560 unknown :-1 s=BANNER_CONNECTING pgs=0 cs=0 l=1 rev1=0 crypto rx=0 tx=0 comp rx=0 tx=0)._handle_peer_banner_payload supported=3 required=0
2024-06-03T03:11:09.108 INFO:teuthology.orchestra.run.smithi117.stdout:/usr/bin/ceph: stderr
2024-06-03T03:11:07.624+0000 7fc08be00700 1 --2- 172.21.15.117:0/3766053195 >> [v2:172.21.15.117:6800/2142313590,v1:172.21.15.117:6801/2142313590] conn(0x7fc0740390a0 0x7fc07403b560 secure :-1 s=READY pgs=12 cs=0 l=1 rev1=1 crypto rx=0x7fc078006fd0 tx=0x7fc078006e40 comp rx=0 tx=0).ready entity=mgr.14120 client_cookie=0 server_cookie=0 in_seq=0 out_seq=0
2024-06-03T03:11:09.108 INFO:teuthology.orchestra.run.smithi117.stdout:/usr/bin/ceph: stderr
2024-06-03T03:11:07.629+0000 7fc089600700 1 -- 172.21.15.117:0/3766053195 <== mon.0 v2:172.21.15.117:3300/0 6 ==== mon_command_ack([{"prefix": "get_command_descriptions"}]=0 v0) ==== 72+0+186418 (secure 0 0 0) 0x7fc08004cc90 con 0x7fc08c107f30
2024-06-03T03:11:09.108 INFO:teuthology.orchestra.run.smithi117.stdout:/usr/bin/ceph: stderr
2024-06-03T03:11:07.875+0000 7fc093600700 1 -- 172.21.15.117:0/3766053195 --> [v2:172.21.15.117:6800/2142313590,v1:172.21.15.117:6801/2142313590] -- mgr_command(tid 0: {"prefix": "orch apply", "service_type": "mon", "unmanaged": true, "target": ["mon-mgr", ""]}) -- 0x7fc08c1046e0 con 0x7fc0740390a0
2024-06-03T03:11:09.108 INFO:teuthology.orchestra.run.smithi117.stdout:/usr/bin/ceph: stderr
2024-06-03T03:11:07.882+0000 7fc089600700 1 -- 172.21.15.117:0/3766053195 <== mgr.14120 v2:172.21.15.117:6800/2142313590 1 ==== mgr_command_reply(tid 0: 0 ) ==== 8+0+24 (secure 0 0 0) 0x7fc08c1046e0 con 0x7fc0740390a0
2024-06-03T03:11:09.108 INFO:teuthology.orchestra.run.smithi117.stdout:/usr/bin/ceph: stderr
2024-06-03T03:11:07.884+0000 7fc093600700 1 -- 172.21.15.117:0/3766053195 >> [v2:172.21.15.117:6800/2142313590,v1:172.21.15.117:6801/2142313590] conn(0x7fc0740390a0 msgr2=0x7fc07403b560 secure :-1 s=STATE_CONNECTION_ESTABLISHED l=1).mark_down
2024-06-03T03:11:09.108 INFO:teuthology.orchestra.run.smithi117.stdout:/usr/bin/ceph: stderr
2024-06-03T03:11:07.884+0000 7fc093600700 1 --2- 172.21.15.117:0/3766053195 >> [v2:172.21.15.117:6800/2142313590,v1:172.21.15.117:6801/2142313590] conn(0x7fc0740390a0 0x7fc07403b560 secure :-1 s=READY pgs=12 cs=0 l=1 rev1=1 crypto rx=0x7fc078006fd0 tx=0x7fc078006e40 comp rx=0 tx=0).stop
2024-06-03T03:11:09.108 INFO:teuthology.orchestra.run.smithi117.stdout:/usr/bin/ceph: stderr
2024-06-03T03:11:07.884+0000 7fc093600700 1 -- 172.21.15.117:0/3766053195 >> [v2:172.21.15.117:3300/0,v1:172.21.15.117:6789/0] conn(0x7fc08c107f30 msgr2=0x7fc08c19bf40 secure :-1 s=STATE_CONNECTION_ESTABLISHED l=1).mark_down
2024-06-03T03:11:09.108 INFO:teuthology.orchestra.run.smithi117.stdout:/usr/bin/ceph: stderr
2024-06-03T03:11:07.884+0000 7fc093600700 1 --2- 172.21.15.117:0/3766053195 >> [v2:172.21.15.117:3300/0,v1:172.21.15.117:6789/0] conn(0x7fc08c107f30 0x7fc08c19bf40 secure :-1 s=READY pgs=48 cs=0 l=1 rev1=1 crypto rx=0x7fc080011b60 tx=0x7fc080011c40 comp rx=0 tx=0).stop
2024-06-03T03:11:09.108 INFO:teuthology.orchestra.run.smithi117.stdout:/usr/bin/ceph: stderr
2024-06-03T03:11:07.884+0000 7fc093600700 1 -- 172.21.15.117:0/3766053195 shutdown_connections
2024-06-03T03:11:09.108 INFO:teuthology.orchestra.run.smithi117.stdout:/usr/bin/ceph: stderr
2024-06-03T03:11:07.884+0000 7fc093600700 1 --2- 172.21.15.117:0/3766053195 >> [v2:172.21.15.117:6800/2142313590,v1:172.21.15.117:6801/2142313590] conn(0x7fc0740390a0 0x7fc07403b560 unknown :-1 s=CLOSED pgs=12 cs=0 l=1 rev1=1 crypto rx=0 tx=0 comp rx=0 tx=0).stop
2024-06-03T03:11:09.108 INFO:teuthology.orchestra.run.smithi117.stdout:/usr/bin/ceph: stderr
2024-06-03T03:11:07.884+0000 7fc093600700 1 --2- 172.21.15.117:0/3766053195 >> [v2:172.21.15.117:3300/0,v1:172.21.15.117:6789/0] conn(0x7fc08c107f30 0x7fc08c19bf40 unknown :-1 s=CLOSED pgs=48 cs=0 l=1 rev1=1 crypto rx=0 tx=0 comp rx=0 tx=0).stop
2024-06-03T03:11:09.108 INFO:teuthology.orchestra.run.smithi117.stdout:/usr/bin/ceph: stderr
2024-06-03T03:11:07.884+0000 7fc093600700 1 -- 172.21.15.117:0/3766053195 >> 172.21.15.117:0/3766053195 conn(0x7fc08c103530 msgr2=0x7fc08c103fd0 unknown :-1 s=STATE_NONE l=0).mark_down
2024-06-03T03:11:09.109 INFO:teuthology.orchestra.run.smithi117.stdout:/usr/bin/ceph: stderr
2024-06-03T03:11:07.885+0000 7fc093600700 1 -- 172.21.15.117:0/3766053195 shutdown_connections
2024-06-03T03:11:09.109 INFO:teuthology.orchestra.run.smithi117.stdout:/usr/bin/ceph: stderr
2024-06-03T03:11:07.885+0000 7fc093600700 1 -- 172.21.15.117:0/3766053195 wait complete.
2024-06-03T03:11:09.109 INFO:teuthology.orchestra.run.smithi117.stdout:Deploying unmanaged mgr service...
2024-06-03T03:11:10.820 INFO:teuthology.orchestra.run.smithi117.stdout:/usr/bin/ceph: stdout Scheduled mgr update...
2024-06-03T03:11:10.820 INFO:teuthology.orchestra.run.smithi117.stdout:/usr/bin/ceph: stderr
2024-06-03T03:11:09.749+0000 7ff8e3e00700 1 Processor -- start
2024-06-03T03:11:10.820 INFO:teuthology.orchestra.run.smithi117.stdout:/usr/bin/ceph: stderr
2024-06-03T03:11:09.749+0000 7ff8e3e00700 1 -- start start
2024-06-03T03:11:10.820 INFO:teuthology.orchestra.run.smithi117.stdout:/usr/bin/ceph: stderr
2024-06-03T03:11:09.749+0000 7ff8e3e00700 1 --2- >> [v2:172.21.15.117:3300/0,v1:172.21.15.117:6789/0] conn(0x7ff8e410a010 0x7ff8e410a430 unknown :-1 s=NONE pgs=0 cs=0 l=0 rev1=0 crypto rx=0 tx=0 comp rx=0 tx=0).connect
2024-06-03T03:11:10.821 INFO:teuthology.orchestra.run.smithi117.stdout:/usr/bin/ceph: stderr
2024-06-03T03:11:09.749+0000 7ff8e3e00700 1 -- --> [v2:172.21.15.117:3300/0,v1:172.21.15.117:6789/0] -- mon_getmap magic: 0 -- 0x7ff8e410aa00 con 0x7ff8e410a010
2024-06-03T03:11:10.821 INFO:teuthology.orchestra.run.smithi117.stdout:/usr/bin/ceph: stderr
2024-06-03T03:11:09.749+0000 7ff8e2a00700 1 --2- >> [v2:172.21.15.117:3300/0,v1:172.21.15.117:6789/0] conn(0x7ff8e410a010 0x7ff8e410a430 unknown :-1 s=BANNER_CONNECTING pgs=0 cs=0 l=0 rev1=0 crypto rx=0 tx=0 comp rx=0 tx=0)._handle_peer_banner_payload supported=3 required=0
2024-06-03T03:11:10.821 INFO:teuthology.orchestra.run.smithi117.stdout:/usr/bin/ceph: stderr
2024-06-03T03:11:09.749+0000 7ff8e2a00700 1 --2- >> [v2:172.21.15.117:3300/0,v1:172.21.15.117:6789/0] conn(0x7ff8e410a010 0x7ff8e410a430 unknown :-1 s=HELLO_CONNECTING pgs=0 cs=0 l=0 rev1=1 crypto rx=0 tx=0 comp rx=0 tx=0).handle_hello peer v2:172.21.15.117:3300/0 says I am v2:172.21.15.117:34160/0 (socket says 172.21.15.117:34160)
2024-06-03T03:11:10.821 INFO:teuthology.orchestra.run.smithi117.stdout:/usr/bin/ceph: stderr
2024-06-03T03:11:09.749+0000 7ff8e2a00700 1 -- 172.21.15.117:0/3970321451 learned_addr learned my addr 172.21.15.117:0/3970321451 (peer_addr_for_me v2:172.21.15.117:0/0)
2024-06-03T03:11:10.821 INFO:teuthology.orchestra.run.smithi117.stdout:/usr/bin/ceph: stderr
2024-06-03T03:11:09.749+0000 7ff8e2a00700 1 -- 172.21.15.117:0/3970321451 --> [v2:172.21.15.117:3300/0,v1:172.21.15.117:6789/0] -- mon_subscribe({config=0+,monmap=0+}) -- 0x7ff8e410b1c0 con 0x7ff8e410a010
2024-06-03T03:11:10.821 INFO:teuthology.orchestra.run.smithi117.stdout:/usr/bin/ceph: stderr
2024-06-03T03:11:09.750+0000 7ff8e2a00700 1 --2- 172.21.15.117:0/3970321451 >> [v2:172.21.15.117:3300/0,v1:172.21.15.117:6789/0] conn(0x7ff8e410a010 0x7ff8e410a430 secure :-1 s=READY pgs=49 cs=0 l=1 rev1=1 crypto rx=0x7ff8d40098a0 tx=0x7ff8d4009bb0 comp rx=0 tx=0).ready entity=mon.0 client_cookie=e9cb699d2bdba055 server_cookie=0 in_seq=0 out_seq=0
2024-06-03T03:11:10.821 INFO:teuthology.orchestra.run.smithi117.stdout:/usr/bin/ceph: stderr
2024-06-03T03:11:09.750+0000 7ff8e1600700 1 -- 172.21.15.117:0/3970321451 <== mon.0 v2:172.21.15.117:3300/0 1 ==== mon_map magic: 0 ==== 205+0+0 (secure 0 0 0) 0x7ff8d4004160 con 0x7ff8e410a010
2024-06-03T03:11:10.821 INFO:teuthology.orchestra.run.smithi117.stdout:/usr/bin/ceph: stderr
2024-06-03T03:11:09.750+0000 7ff8e1600700 1 -- 172.21.15.117:0/3970321451 <== mon.0 v2:172.21.15.117:3300/0 2 ==== config(27 keys) ==== 1109+0+0 (secure 0 0 0) 0x7ff8d4004300 con 0x7ff8e410a010
2024-06-03T03:11:10.821 INFO:teuthology.orchestra.run.smithi117.stdout:/usr/bin/ceph: stderr
2024-06-03T03:11:09.750+0000 7ff8e1600700 1 -- 172.21.15.117:0/3970321451 <== mon.0 v2:172.21.15.117:3300/0 3 ==== mon_map magic: 0 ==== 205+0+0 (secure 0 0 0) 0x7ff8d4011b50 con 0x7ff8e410a010
2024-06-03T03:11:10.821 INFO:teuthology.orchestra.run.smithi117.stdout:/usr/bin/ceph: stderr
2024-06-03T03:11:09.751+0000 7ff8e3e00700 1 -- 172.21.15.117:0/3970321451 >> [v2:172.21.15.117:3300/0,v1:172.21.15.117:6789/0] conn(0x7ff8e410a010 msgr2=0x7ff8e410a430 secure :-1 s=STATE_CONNECTION_ESTABLISHED l=1).mark_down
2024-06-03T03:11:10.821 INFO:teuthology.orchestra.run.smithi117.stdout:/usr/bin/ceph: stderr
2024-06-03T03:11:09.751+0000 7ff8e3e00700 1 --2- 172.21.15.117:0/3970321451 >> [v2:172.21.15.117:3300/0,v1:172.21.15.117:6789/0] conn(0x7ff8e410a010 0x7ff8e410a430 secure :-1 s=READY pgs=49 cs=0 l=1 rev1=1 crypto rx=0x7ff8d40098a0 tx=0x7ff8d4009bb0 comp rx=0 tx=0).stop
2024-06-03T03:11:10.822 INFO:teuthology.orchestra.run.smithi117.stdout:/usr/bin/ceph: stderr
2024-06-03T03:11:09.751+0000 7ff8e3e00700 1 -- 172.21.15.117:0/3970321451 shutdown_connections
2024-06-03T03:11:10.822 INFO:teuthology.orchestra.run.smithi117.stdout:/usr/bin/ceph: stderr
2024-06-03T03:11:09.751+0000 7ff8e3e00700 1 --2- 172.21.15.117:0/3970321451 >> [v2:172.21.15.117:3300/0,v1:172.21.15.117:6789/0] conn(0x7ff8e410a010 0x7ff8e410a430 unknown :-1 s=CLOSED pgs=49 cs=0 l=1 rev1=1 crypto rx=0 tx=0 comp rx=0 tx=0).stop
2024-06-03T03:11:10.822 INFO:teuthology.orchestra.run.smithi117.stdout:/usr/bin/ceph: stderr
2024-06-03T03:11:09.751+0000 7ff8e3e00700 1 -- 172.21.15.117:0/3970321451 >> 172.21.15.117:0/3970321451 conn(0x7ff8e407d3d0 msgr2=0x7ff8e407d800 unknown :-1 s=STATE_NONE l=0).mark_down
2024-06-03T03:11:10.822 INFO:teuthology.orchestra.run.smithi117.stdout:/usr/bin/ceph: stderr
2024-06-03T03:11:09.751+0000 7ff8e3e00700 1 -- 172.21.15.117:0/3970321451 shutdown_connections
2024-06-03T03:11:10.822 INFO:teuthology.orchestra.run.smithi117.stdout:/usr/bin/ceph: stderr
2024-06-03T03:11:09.751+0000 7ff8e3e00700 1 -- 172.21.15.117:0/3970321451 wait complete.
2024-06-03T03:11:10.822 INFO:teuthology.orchestra.run.smithi117.stdout:/usr/bin/ceph: stderr
2024-06-03T03:11:09.752+0000 7ff8e3e00700 1 Processor -- start
2024-06-03T03:11:10.822 INFO:teuthology.orchestra.run.smithi117.stdout:/usr/bin/ceph: stderr
2024-06-03T03:11:09.752+0000 7ff8e3e00700 1 -- start start
2024-06-03T03:11:10.822 INFO:teuthology.orchestra.run.smithi117.stdout:/usr/bin/ceph: stderr
2024-06-03T03:11:09.752+0000 7ff8e3e00700 1 --2- >> [v2:172.21.15.117:3300/0,v1:172.21.15.117:6789/0] conn(0x7ff8e410a010 0x7ff8e419dfe0 unknown :-1 s=NONE pgs=0 cs=0 l=1 rev1=0 crypto rx=0 tx=0 comp rx=0 tx=0).connect
2024-06-03T03:11:10.822 INFO:teuthology.orchestra.run.smithi117.stdout:/usr/bin/ceph: stderr
2024-06-03T03:11:09.752+0000 7ff8e3e00700 1 -- --> [v2:172.21.15.117:3300/0,v1:172.21.15.117:6789/0] -- mon_getmap magic: 0 -- 0x7ff8e410e570 con 0x7ff8e410a010
2024-06-03T03:11:10.822 INFO:teuthology.orchestra.run.smithi117.stdout:/usr/bin/ceph: stderr
2024-06-03T03:11:09.753+0000 7ff8e2a00700 1 --2- >> [v2:172.21.15.117:3300/0,v1:172.21.15.117:6789/0] conn(0x7ff8e410a010 0x7ff8e419dfe0 unknown :-1 s=BANNER_CONNECTING pgs=0 cs=0 l=1 rev1=0 crypto rx=0 tx=0 comp rx=0 tx=0)._handle_peer_banner_payload supported=3 required=0
2024-06-03T03:11:10.822 INFO:teuthology.orchestra.run.smithi117.stdout:/usr/bin/ceph: stderr
2024-06-03T03:11:09.753+0000 7ff8e2a00700 1 --2- >> [v2:172.21.15.117:3300/0,v1:172.21.15.117:6789/0] conn(0x7ff8e410a010 0x7ff8e419dfe0 unknown :-1 s=HELLO_CONNECTING pgs=0 cs=0 l=1 rev1=1 crypto rx=0 tx=0 comp rx=0 tx=0).handle_hello peer v2:172.21.15.117:3300/0 says I am v2:172.21.15.117:34170/0 (socket says 172.21.15.117:34170)
2024-06-03T03:11:10.822 INFO:teuthology.orchestra.run.smithi117.stdout:/usr/bin/ceph: stderr
2024-06-03T03:11:09.753+0000 7ff8e2a00700 1 -- 172.21.15.117:0/1491080225 learned_addr learned my addr 172.21.15.117:0/1491080225 (peer_addr_for_me v2:172.21.15.117:0/0)
2024-06-03T03:11:10.823 INFO:teuthology.orchestra.run.smithi117.stdout:/usr/bin/ceph: stderr
2024-06-03T03:11:09.753+0000 7ff8e2a00700 1 -- 172.21.15.117:0/1491080225 --> [v2:172.21.15.117:3300/0,v1:172.21.15.117:6789/0] -- mon_subscribe({config=0+,monmap=0+}) -- 0x7ff8e419e520 con 0x7ff8e410a010
2024-06-03T03:11:10.823 INFO:teuthology.orchestra.run.smithi117.stdout:/usr/bin/ceph: stderr
2024-06-03T03:11:09.753+0000 7ff8e2a00700 1 --2- 172.21.15.117:0/1491080225 >> [v2:172.21.15.117:3300/0,v1:172.21.15.117:6789/0] conn(0x7ff8e410a010 0x7ff8e419dfe0 secure :-1 s=READY pgs=50 cs=0 l=1 rev1=1 crypto rx=0x7ff8d4011850 tx=0x7ff8d4011c10 comp rx=0 tx=0).ready entity=mon.0 client_cookie=0 server_cookie=0 in_seq=0 out_seq=0
2024-06-03T03:11:10.823 INFO:teuthology.orchestra.run.smithi117.stdout:/usr/bin/ceph: stderr
2024-06-03T03:11:09.753+0000 7ff8e8a00700 1 -- 172.21.15.117:0/1491080225 <== mon.0 v2:172.21.15.117:3300/0 1 ==== mon_map magic: 0 ==== 205+0+0 (secure 0 0 0) 0x7ff8d4003af0 con 0x7ff8e410a010
2024-06-03T03:11:10.823 INFO:teuthology.orchestra.run.smithi117.stdout:/usr/bin/ceph: stderr
2024-06-03T03:11:09.754+0000 7ff8e8a00700 1 -- 172.21.15.117:0/1491080225 <== mon.0 v2:172.21.15.117:3300/0 2 ==== config(27 keys) ==== 1109+0+0 (secure 0 0 0) 0x7ff8d4020070 con 0x7ff8e410a010
2024-06-03T03:11:10.823 INFO:teuthology.orchestra.run.smithi117.stdout:/usr/bin/ceph: stderr
2024-06-03T03:11:09.754+0000 7ff8e3e00700 1 -- 172.21.15.117:0/1491080225 --> [v2:172.21.15.117:3300/0,v1:172.21.15.117:6789/0] -- mon_subscribe({mgrmap=0+}) -- 0x7ff8e419e7b0 con 0x7ff8e410a010
2024-06-03T03:11:10.823 INFO:teuthology.orchestra.run.smithi117.stdout:/usr/bin/ceph: stderr
2024-06-03T03:11:09.754+0000 7ff8e8a00700 1 -- 172.21.15.117:0/1491080225 <== mon.0 v2:172.21.15.117:3300/0 3 ==== mon_map magic: 0 ==== 205+0+0 (secure 0 0 0) 0x7ff8d40195a0 con 0x7ff8e410a010
2024-06-03T03:11:10.823 INFO:teuthology.orchestra.run.smithi117.stdout:/usr/bin/ceph: stderr
2024-06-03T03:11:09.754+0000 7ff8e3e00700 1 -- 172.21.15.117:0/1491080225 --> [v2:172.21.15.117:3300/0,v1:172.21.15.117:6789/0] -- mon_subscribe({osdmap=0}) -- 0x7ff8e41a14a0 con 0x7ff8e410a010
2024-06-03T03:11:10.823 INFO:teuthology.orchestra.run.smithi117.stdout:/usr/bin/ceph: stderr
2024-06-03T03:11:09.755+0000 7ff8e3e00700 1 -- 172.21.15.117:0/1491080225 --> [v2:172.21.15.117:3300/0,v1:172.21.15.117:6789/0] -- mon_command({"prefix": "get_command_descriptions"} v 0) -- 0x7ff8e40695b0 con 0x7ff8e410a010
2024-06-03T03:11:10.823 INFO:teuthology.orchestra.run.smithi117.stdout:/usr/bin/ceph: stderr
2024-06-03T03:11:09.755+0000 7ff8e8a00700 1 -- 172.21.15.117:0/1491080225 <== mon.0 v2:172.21.15.117:3300/0 4 ==== mgrmap(e 8) ==== 46287+0+0 (secure 0 0 0) 0x7ff8d4019850 con 0x7ff8e410a010
2024-06-03T03:11:10.823 INFO:teuthology.orchestra.run.smithi117.stdout:/usr/bin/ceph: stderr
2024-06-03T03:11:09.755+0000 7ff8e8a00700 1 --2- 172.21.15.117:0/1491080225 >> [v2:172.21.15.117:6800/2142313590,v1:172.21.15.117:6801/2142313590] conn(0x7ff8c80390a0 0x7ff8c803b560 unknown :-1 s=NONE pgs=0 cs=0 l=1 rev1=0 crypto rx=0 tx=0 comp rx=0 tx=0).connect
2024-06-03T03:11:10.823 INFO:teuthology.orchestra.run.smithi117.stdout:/usr/bin/ceph: stderr
2024-06-03T03:11:09.755+0000 7ff8e8a00700 1 -- 172.21.15.117:0/1491080225 <== mon.0 v2:172.21.15.117:3300/0 5 ==== osd_map(2..2 src has 1..2) ==== 940+0+0 (secure 0 0 0) 0x7ff8d4011e00 con 0x7ff8e410a010
2024-06-03T03:11:10.823 INFO:teuthology.orchestra.run.smithi117.stdout:/usr/bin/ceph: stderr
2024-06-03T03:11:09.756+0000 7ff8e2000700 1 --2- 172.21.15.117:0/1491080225 >> [v2:172.21.15.117:6800/2142313590,v1:172.21.15.117:6801/2142313590] conn(0x7ff8c80390a0 0x7ff8c803b560 unknown :-1 s=BANNER_CONNECTING pgs=0 cs=0 l=1 rev1=0 crypto rx=0 tx=0 comp rx=0 tx=0)._handle_peer_banner_payload supported=3 required=0
2024-06-03T03:11:10.824 INFO:teuthology.orchestra.run.smithi117.stdout:/usr/bin/ceph: stderr
2024-06-03T03:11:09.756+0000 7ff8e2000700 1 --2- 172.21.15.117:0/1491080225 >> [v2:172.21.15.117:6800/2142313590,v1:172.21.15.117:6801/2142313590] conn(0x7ff8c80390a0 0x7ff8c803b560 secure :-1 s=READY pgs=13 cs=0 l=1 rev1=1 crypto rx=0x7ff8d0006fd0 tx=0x7ff8d0006e40 comp rx=0 tx=0).ready entity=mgr.14120 client_cookie=0 server_cookie=0 in_seq=0 out_seq=0
2024-06-03T03:11:10.824 INFO:teuthology.orchestra.run.smithi117.stdout:/usr/bin/ceph: stderr
2024-06-03T03:11:09.761+0000 7ff8e8a00700 1 -- 172.21.15.117:0/1491080225 <== mon.0 v2:172.21.15.117:3300/0 6 ==== mon_command_ack([{"prefix": "get_command_descriptions"}]=0 v0) ==== 72+0+186418 (secure 0 0 0) 0x7ff8d400e260 con 0x7ff8e410a010
2024-06-03T03:11:10.824 INFO:teuthology.orchestra.run.smithi117.stdout:/usr/bin/ceph: stderr
2024-06-03T03:11:09.998+0000 7ff8e8a00700 1 -- 172.21.15.117:0/1491080225 <== mon.0 v2:172.21.15.117:3300/0 7 ==== config(27 keys) ==== 1140+0+0 (secure 0 0 0) 0x7ff8d402d710 con 0x7ff8e410a010
2024-06-03T03:11:10.824 INFO:teuthology.orchestra.run.smithi117.stdout:/usr/bin/ceph: stderr
2024-06-03T03:11:10.003+0000 7ff8e3e00700 1 -- 172.21.15.117:0/1491080225 --> [v2:172.21.15.117:6800/2142313590,v1:172.21.15.117:6801/2142313590] -- mgr_command(tid 0: {"prefix": "orch apply", "service_type": "mgr", "unmanaged": true, "target": ["mon-mgr", ""]}) -- 0x7ff8e4107bd0 con 0x7ff8c80390a0
2024-06-03T03:11:10.824 INFO:teuthology.orchestra.run.smithi117.stdout:/usr/bin/ceph: stderr
2024-06-03T03:11:10.028+0000 7ff8e8a00700 1 -- 172.21.15.117:0/1491080225 <== mgr.14120 v2:172.21.15.117:6800/2142313590 1 ==== mgr_command_reply(tid 0: 0 ) ==== 8+0+24 (secure 0 0 0) 0x7ff8e4107bd0 con 0x7ff8c80390a0
2024-06-03T03:11:10.824 INFO:teuthology.orchestra.run.smithi117.stdout:/usr/bin/ceph: stderr
2024-06-03T03:11:10.032+0000 7ff8e3e00700 1 -- 172.21.15.117:0/1491080225 >> [v2:172.21.15.117:6800/2142313590,v1:172.21.15.117:6801/2142313590] conn(0x7ff8c80390a0 msgr2=0x7ff8c803b560 secure :-1 s=STATE_CONNECTION_ESTABLISHED l=1).mark_down
2024-06-03T03:11:10.824 INFO:teuthology.orchestra.run.smithi117.stdout:/usr/bin/ceph: stderr
2024-06-03T03:11:10.032+0000 7ff8e3e00700 1 --2- 172.21.15.117:0/1491080225 >> [v2:172.21.15.117:6800/2142313590,v1:172.21.15.117:6801/2142313590] conn(0x7ff8c80390a0 0x7ff8c803b560 secure :-1 s=READY pgs=13 cs=0 l=1 rev1=1 crypto rx=0x7ff8d0006fd0 tx=0x7ff8d0006e40 comp rx=0 tx=0).stop
2024-06-03T03:11:10.824 INFO:teuthology.orchestra.run.smithi117.stdout:/usr/bin/ceph: stderr
2024-06-03T03:11:10.032+0000 7ff8e3e00700 1 -- 172.21.15.117:0/1491080225 >> [v2:172.21.15.117:3300/0,v1:172.21.15.117:6789/0] conn(0x7ff8e410a010 msgr2=0x7ff8e419dfe0 secure :-1 s=STATE_CONNECTION_ESTABLISHED l=1).mark_down
2024-06-03T03:11:10.824 INFO:teuthology.orchestra.run.smithi117.stdout:/usr/bin/ceph: stderr
2024-06-03T03:11:10.032+0000 7ff8e3e00700 1 --2- 172.21.15.117:0/1491080225 >> [v2:172.21.15.117:3300/0,v1:172.21.15.117:6789/0] conn(0x7ff8e410a010 0x7ff8e419dfe0 secure :-1 s=READY pgs=50 cs=0 l=1 rev1=1 crypto rx=0x7ff8d4011850 tx=0x7ff8d4011c10 comp rx=0 tx=0).stop
2024-06-03T03:11:10.824 INFO:teuthology.orchestra.run.smithi117.stdout:/usr/bin/ceph: stderr
2024-06-03T03:11:10.032+0000 7ff8e3e00700 1 -- 172.21.15.117:0/1491080225 shutdown_connections
2024-06-03T03:11:10.824 INFO:teuthology.orchestra.run.smithi117.stdout:/usr/bin/ceph: stderr
2024-06-03T03:11:10.032+0000 7ff8e3e00700 1 --2- 172.21.15.117:0/1491080225 >> [v2:172.21.15.117:6800/2142313590,v1:172.21.15.117:6801/2142313590] conn(0x7ff8c80390a0 0x7ff8c803b560 unknown :-1 s=CLOSED pgs=13 cs=0 l=1 rev1=1 crypto rx=0 tx=0 comp rx=0 tx=0).stop
2024-06-03T03:11:10.824 INFO:teuthology.orchestra.run.smithi117.stdout:/usr/bin/ceph: stderr
2024-06-03T03:11:10.032+0000 7ff8e3e00700 1 --2- 172.21.15.117:0/1491080225 >> [v2:172.21.15.117:3300/0,v1:172.21.15.117:6789/0] conn(0x7ff8e410a010 0x7ff8e419dfe0 unknown :-1 s=CLOSED pgs=50 cs=0 l=1 rev1=1 crypto rx=0 tx=0 comp rx=0 tx=0).stop
2024-06-03T03:11:10.824 INFO:teuthology.orchestra.run.smithi117.stdout:/usr/bin/ceph: stderr
2024-06-03T03:11:10.032+0000 7ff8e3e00700 1 -- 172.21.15.117:0/1491080225 >> 172.21.15.117:0/1491080225 conn(0x7ff8e407d3d0 msgr2=0x7ff8e41074c0 unknown :-1 s=STATE_NONE l=0).mark_down
2024-06-03T03:11:10.824 INFO:teuthology.orchestra.run.smithi117.stdout:/usr/bin/ceph: stderr
2024-06-03T03:11:10.032+0000 7ff8e3e00700 1 -- 172.21.15.117:0/1491080225 shutdown_connections
2024-06-03T03:11:10.825 INFO:teuthology.orchestra.run.smithi117.stdout:/usr/bin/ceph: stderr
2024-06-03T03:11:10.032+0000 7ff8e3e00700 1 -- 172.21.15.117:0/1491080225 wait complete.
2024-06-03T03:11:11.153 INFO:journalctl@ceph.mon.a.smithi117.stdout:Jun 03 03:11:10 smithi117 ceph-mon[31649]: from='mgr.14120 172.21.15.117:0/175906377' entity='mgr.x'
2024-06-03T03:11:11.154 INFO:journalctl@ceph.mon.a.smithi117.stdout:Jun 03 03:11:10 smithi117 ceph-mon[31649]: from='client.14144 -' entity='client.admin' cmd=[{"prefix": "orch apply", "service_type": "mgr", "unmanaged": true, "target": ["mon-mgr", ""]}]: dispatch
2024-06-03T03:11:11.154 INFO:journalctl@ceph.mon.a.smithi117.stdout:Jun 03 03:11:10 smithi117 ceph-mon[31649]: Saving service mgr spec with placement count:2
2024-06-03T03:11:11.154 INFO:journalctl@ceph.mon.a.smithi117.stdout:Jun 03 03:11:10 smithi117 ceph-mon[31649]: from='mgr.14120 172.21.15.117:0/175906377' entity='mgr.x'
2024-06-03T03:11:11.154 INFO:journalctl@ceph.mon.a.smithi117.stdout:Jun 03 03:11:10 smithi117 ceph-mon[31649]: pgmap v3: 0 pgs: ; 0 B data, 0 B used, 0 B / 0 B avail
2024-06-03T03:11:11.154 INFO:journalctl@ceph.mon.a.smithi117.stdout:Jun 03 03:11:10 smithi117 ceph-mon[31649]: from='mgr.14120 172.21.15.117:0/175906377' entity='mgr.x'
2024-06-03T03:11:12.587 INFO:teuthology.orchestra.run.smithi117.stdout:/usr/bin/ceph: stderr
2024-06-03T03:11:11.432+0000 7faf71200700 1 Processor -- start
2024-06-03T03:11:12.587 INFO:teuthology.orchestra.run.smithi117.stdout:/usr/bin/ceph: stderr
2024-06-03T03:11:11.433+0000 7faf71200700 1 -- start start
2024-06-03T03:11:12.587 INFO:teuthology.orchestra.run.smithi117.stdout:/usr/bin/ceph: stderr
2024-06-03T03:11:11.433+0000 7faf71200700 1 --2- >> [v2:172.21.15.117:3300/0,v1:172.21.15.117:6789/0] conn(0x7faf6c07e770 0x7faf6c07cbd0 unknown :-1 s=NONE pgs=0 cs=0 l=0 rev1=0 crypto rx=0 tx=0 comp rx=0 tx=0).connect
2024-06-03T03:11:12.587 INFO:teuthology.orchestra.run.smithi117.stdout:/usr/bin/ceph: stderr
2024-06-03T03:11:11.433+0000 7faf71200700 1 -- --> [v2:172.21.15.117:3300/0,v1:172.21.15.117:6789/0] -- mon_getmap magic: 0 -- 0x7faf6c07d1a0 con 0x7faf6c07e770
2024-06-03T03:11:12.587 INFO:teuthology.orchestra.run.smithi117.stdout:/usr/bin/ceph: stderr
2024-06-03T03:11:11.433+0000 7faf69e00700 1 --2- >> [v2:172.21.15.117:3300/0,v1:172.21.15.117:6789/0] conn(0x7faf6c07e770 0x7faf6c07cbd0 unknown :-1 s=BANNER_CONNECTING pgs=0 cs=0 l=0 rev1=0 crypto rx=0 tx=0 comp rx=0 tx=0)._handle_peer_banner_payload supported=3 required=0
2024-06-03T03:11:12.587 INFO:teuthology.orchestra.run.smithi117.stdout:/usr/bin/ceph: stderr
2024-06-03T03:11:11.433+0000 7faf69e00700 1 --2- >> [v2:172.21.15.117:3300/0,v1:172.21.15.117:6789/0] conn(0x7faf6c07e770 0x7faf6c07cbd0 unknown :-1 s=HELLO_CONNECTING pgs=0 cs=0 l=0 rev1=1 crypto rx=0 tx=0 comp rx=0 tx=0).handle_hello peer v2:172.21.15.117:3300/0 says I am v2:172.21.15.117:34184/0 (socket says 172.21.15.117:34184)
2024-06-03T03:11:12.588 INFO:teuthology.orchestra.run.smithi117.stdout:/usr/bin/ceph: stderr
2024-06-03T03:11:11.433+0000 7faf69e00700 1 -- 172.21.15.117:0/1565064707 learned_addr learned my addr 172.21.15.117:0/1565064707 (peer_addr_for_me v2:172.21.15.117:0/0)
2024-06-03T03:11:12.588 INFO:teuthology.orchestra.run.smithi117.stdout:/usr/bin/ceph: stderr
2024-06-03T03:11:11.434+0000 7faf69e00700 1 -- 172.21.15.117:0/1565064707 --> [v2:172.21.15.117:3300/0,v1:172.21.15.117:6789/0] -- mon_subscribe({config=0+,monmap=0+}) -- 0x7faf6c07d320 con 0x7faf6c07e770
2024-06-03T03:11:12.588 INFO:teuthology.orchestra.run.smithi117.stdout:/usr/bin/ceph: stderr
2024-06-03T03:11:11.434+0000 7faf69e00700 1 --2- 172.21.15.117:0/1565064707 >> [v2:172.21.15.117:3300/0,v1:172.21.15.117:6789/0] conn(0x7faf6c07e770 0x7faf6c07cbd0 secure :-1 s=READY pgs=51 cs=0 l=1 rev1=1 crypto rx=0x7faf5c0098a0 tx=0x7faf5c009bb0 comp rx=0 tx=0).ready entity=mon.0 client_cookie=45998113ab6d9820 server_cookie=0 in_seq=0 out_seq=0
2024-06-03T03:11:12.588 INFO:teuthology.orchestra.run.smithi117.stdout:/usr/bin/ceph: stderr
2024-06-03T03:11:11.434+0000 7faf68a00700 1 -- 172.21.15.117:0/1565064707 <== mon.0 v2:172.21.15.117:3300/0 1 ==== mon_map magic: 0 ==== 205+0+0 (secure 0 0 0) 0x7faf5c004160 con 0x7faf6c07e770
2024-06-03T03:11:12.588 INFO:teuthology.orchestra.run.smithi117.stdout:/usr/bin/ceph: stderr
2024-06-03T03:11:11.434+0000 7faf68a00700 1 -- 172.21.15.117:0/1565064707 <== mon.0 v2:172.21.15.117:3300/0 2 ==== config(27 keys) ==== 1140+0+0 (secure 0 0 0) 0x7faf5c004300 con 0x7faf6c07e770
2024-06-03T03:11:12.588 INFO:teuthology.orchestra.run.smithi117.stdout:/usr/bin/ceph: stderr
2024-06-03T03:11:11.434+0000 7faf68a00700 1 -- 172.21.15.117:0/1565064707 <== mon.0 v2:172.21.15.117:3300/0 3 ==== mon_map magic: 0 ==== 205+0+0 (secure 0 0 0) 0x7faf5c011b20 con 0x7faf6c07e770
2024-06-03T03:11:12.588 INFO:teuthology.orchestra.run.smithi117.stdout:/usr/bin/ceph: stderr
2024-06-03T03:11:11.435+0000 7faf71200700 1 -- 172.21.15.117:0/1565064707 >> [v2:172.21.15.117:3300/0,v1:172.21.15.117:6789/0] conn(0x7faf6c07e770 msgr2=0x7faf6c07cbd0 secure :-1 s=STATE_CONNECTION_ESTABLISHED l=1).mark_down
2024-06-03T03:11:12.588 INFO:teuthology.orchestra.run.smithi117.stdout:/usr/bin/ceph: stderr
2024-06-03T03:11:11.435+0000 7faf71200700 1 --2- 172.21.15.117:0/1565064707 >> [v2:172.21.15.117:3300/0,v1:172.21.15.117:6789/0] conn(0x7faf6c07e770 0x7faf6c07cbd0 secure :-1 s=READY pgs=51 cs=0 l=1 rev1=1 crypto rx=0x7faf5c0098a0 tx=0x7faf5c009bb0 comp rx=0 tx=0).stop
2024-06-03T03:11:12.588 INFO:teuthology.orchestra.run.smithi117.stdout:/usr/bin/ceph: stderr
2024-06-03T03:11:11.435+0000 7faf71200700 1 -- 172.21.15.117:0/1565064707 shutdown_connections
2024-06-03T03:11:12.588 INFO:teuthology.orchestra.run.smithi117.stdout:/usr/bin/ceph: stderr
2024-06-03T03:11:11.435+0000 7faf71200700 1 --2- 172.21.15.117:0/1565064707 >> [v2:172.21.15.117:3300/0,v1:172.21.15.117:6789/0] conn(0x7faf6c07e770 0x7faf6c07cbd0 unknown :-1 s=CLOSED pgs=51 cs=0 l=1 rev1=1 crypto rx=0 tx=0 comp rx=0 tx=0).stop
2024-06-03T03:11:12.588 INFO:teuthology.orchestra.run.smithi117.stdout:/usr/bin/ceph: stderr
2024-06-03T03:11:11.435+0000 7faf71200700 1 -- 172.21.15.117:0/1565064707 >> 172.21.15.117:0/1565064707 conn(0x7faf6c103530 msgr2=0x7faf6c105950 unknown :-1 s=STATE_NONE l=0).mark_down
2024-06-03T03:11:12.588 INFO:teuthology.orchestra.run.smithi117.stdout:/usr/bin/ceph: stderr
2024-06-03T03:11:11.435+0000 7faf71200700 1 -- 172.21.15.117:0/1565064707 shutdown_connections
2024-06-03T03:11:12.588 INFO:teuthology.orchestra.run.smithi117.stdout:/usr/bin/ceph: stderr
2024-06-03T03:11:11.435+0000 7faf71200700 1 -- 172.21.15.117:0/1565064707 wait complete.
2024-06-03T03:11:12.589 INFO:teuthology.orchestra.run.smithi117.stdout:/usr/bin/ceph: stderr
2024-06-03T03:11:11.436+0000 7faf71200700 1 Processor -- start
2024-06-03T03:11:12.589 INFO:teuthology.orchestra.run.smithi117.stdout:/usr/bin/ceph: stderr
2024-06-03T03:11:11.437+0000 7faf71200700 1 -- start start
2024-06-03T03:11:12.589 INFO:teuthology.orchestra.run.smithi117.stdout:/usr/bin/ceph: stderr
2024-06-03T03:11:11.437+0000 7faf71200700 1 --2- >> [v2:172.21.15.117:3300/0,v1:172.21.15.117:6789/0] conn(0x7faf6c07e770 0x7faf6c19e0a0 unknown :-1 s=NONE pgs=0 cs=0 l=1 rev1=0 crypto rx=0 tx=0 comp rx=0 tx=0).connect
2024-06-03T03:11:12.589 INFO:teuthology.orchestra.run.smithi117.stdout:/usr/bin/ceph: stderr
2024-06-03T03:11:11.437+0000 7faf71200700 1 -- --> [v2:172.21.15.117:3300/0,v1:172.21.15.117:6789/0] -- mon_getmap magic: 0 -- 0x7faf6c10e5a0 con 0x7faf6c07e770
2024-06-03T03:11:12.589 INFO:teuthology.orchestra.run.smithi117.stdout:/usr/bin/ceph: stderr
2024-06-03T03:11:11.437+0000 7faf69e00700 1 --2- >> [v2:172.21.15.117:3300/0,v1:172.21.15.117:6789/0] conn(0x7faf6c07e770 0x7faf6c19e0a0 unknown :-1 s=BANNER_CONNECTING pgs=0 cs=0 l=1 rev1=0 crypto rx=0 tx=0 comp rx=0 tx=0)._handle_peer_banner_payload supported=3 required=0
2024-06-03T03:11:12.589 INFO:teuthology.orchestra.run.smithi117.stdout:/usr/bin/ceph: stderr
2024-06-03T03:11:11.437+0000 7faf69e00700 1 --2- >> [v2:172.21.15.117:3300/0,v1:172.21.15.117:6789/0] conn(0x7faf6c07e770 0x7faf6c19e0a0 unknown :-1 s=HELLO_CONNECTING pgs=0 cs=0 l=1 rev1=1 crypto rx=0 tx=0 comp rx=0 tx=0).handle_hello peer v2:172.21.15.117:3300/0 says I am v2:172.21.15.117:34192/0 (socket says 172.21.15.117:34192)
2024-06-03T03:11:12.589 INFO:teuthology.orchestra.run.smithi117.stdout:/usr/bin/ceph: stderr
2024-06-03T03:11:11.437+0000 7faf69e00700 1 -- 172.21.15.117:0/3458169729 learned_addr learned my addr 172.21.15.117:0/3458169729 (peer_addr_for_me v2:172.21.15.117:0/0)
2024-06-03T03:11:12.589 INFO:teuthology.orchestra.run.smithi117.stdout:/usr/bin/ceph: stderr
2024-06-03T03:11:11.438+0000 7faf69e00700 1 -- 172.21.15.117:0/3458169729 --> [v2:172.21.15.117:3300/0,v1:172.21.15.117:6789/0] -- mon_subscribe({config=0+,monmap=0+}) -- 0x7faf6c19e5e0 con 0x7faf6c07e770
2024-06-03T03:11:12.589 INFO:teuthology.orchestra.run.smithi117.stdout:/usr/bin/ceph: stderr
2024-06-03T03:11:11.438+0000 7faf69e00700 1 --2- 172.21.15.117:0/3458169729 >> [v2:172.21.15.117:3300/0,v1:172.21.15.117:6789/0] conn(0x7faf6c07e770 0x7faf6c19e0a0 secure :-1 s=READY pgs=52 cs=0 l=1 rev1=1 crypto rx=0x7faf5c0117e0 tx=0x7faf5c011ba0 comp rx=0 tx=0).ready entity=mon.0 client_cookie=0 server_cookie=0 in_seq=0 out_seq=0
2024-06-03T03:11:12.589 INFO:teuthology.orchestra.run.smithi117.stdout:/usr/bin/ceph: stderr
2024-06-03T03:11:11.438+0000 7faf62a00700 1 -- 172.21.15.117:0/3458169729 <== mon.0 v2:172.21.15.117:3300/0 1 ==== mon_map magic: 0 ==== 205+0+0 (secure 0 0 0) 0x7faf5c003bf0 con 0x7faf6c07e770
2024-06-03T03:11:12.589 INFO:teuthology.orchestra.run.smithi117.stdout:/usr/bin/ceph: stderr
2024-06-03T03:11:11.438+0000 7faf62a00700 1 -- 172.21.15.117:0/3458169729 <== mon.0 v2:172.21.15.117:3300/0 2 ==== config(27 keys) ==== 1140+0+0 (secure 0 0 0) 0x7faf5c003d90 con 0x7faf6c07e770
2024-06-03T03:11:12.589 INFO:teuthology.orchestra.run.smithi117.stdout:/usr/bin/ceph: stderr
2024-06-03T03:11:11.438+0000 7faf71200700 1 -- 172.21.15.117:0/3458169729 --> [v2:172.21.15.117:3300/0,v1:172.21.15.117:6789/0] -- mon_subscribe({mgrmap=0+}) -- 0x7faf6c19e870 con 0x7faf6c07e770
2024-06-03T03:11:12.589 INFO:teuthology.orchestra.run.smithi117.stdout:/usr/bin/ceph: stderr
2024-06-03T03:11:11.439+0000 7faf62a00700 1 -- 172.21.15.117:0/3458169729 <== mon.0 v2:172.21.15.117:3300/0 3 ==== mon_map magic: 0 ==== 205+0+0 (secure 0 0 0) 0x7faf5c024800 con 0x7faf6c07e770
2024-06-03T03:11:12.590 INFO:teuthology.orchestra.run.smithi117.stdout:/usr/bin/ceph: stderr
2024-06-03T03:11:11.439+0000 7faf71200700 1 -- 172.21.15.117:0/3458169729 --> [v2:172.21.15.117:3300/0,v1:172.21.15.117:6789/0] -- mon_subscribe({osdmap=0}) -- 0x7faf6c19ecd0 con 0x7faf6c07e770
2024-06-03T03:11:12.590 INFO:teuthology.orchestra.run.smithi117.stdout:/usr/bin/ceph: stderr
2024-06-03T03:11:11.440+0000 7faf71200700 1 -- 172.21.15.117:0/3458169729 --> [v2:172.21.15.117:3300/0,v1:172.21.15.117:6789/0] -- mon_command({"prefix": "get_command_descriptions"} v 0) -- 0x7faf6c063af0 con 0x7faf6c07e770
2024-06-03T03:11:12.590 INFO:teuthology.orchestra.run.smithi117.stdout:/usr/bin/ceph: stderr
2024-06-03T03:11:11.440+0000 7faf62a00700 1 -- 172.21.15.117:0/3458169729 <== mon.0 v2:172.21.15.117:3300/0 4 ==== mgrmap(e 8) ==== 46287+0+0 (secure 0 0 0) 0x7faf5c022020 con 0x7faf6c07e770
2024-06-03T03:11:12.590 INFO:teuthology.orchestra.run.smithi117.stdout:/usr/bin/ceph: stderr
2024-06-03T03:11:11.441+0000 7faf62a00700 1 --2- 172.21.15.117:0/3458169729 >> [v2:172.21.15.117:6800/2142313590,v1:172.21.15.117:6801/2142313590] conn(0x7faf500390a0 0x7faf5003b560 unknown :-1 s=NONE pgs=0 cs=0 l=1 rev1=0 crypto rx=0 tx=0 comp rx=0 tx=0).connect
2024-06-03T03:11:12.590 INFO:teuthology.orchestra.run.smithi117.stdout:/usr/bin/ceph: stderr
2024-06-03T03:11:11.441+0000 7faf62a00700 1 -- 172.21.15.117:0/3458169729 <== mon.0 v2:172.21.15.117:3300/0 5 ==== osd_map(2..2 src has 1..2) ==== 940+0+0 (secure 0 0 0) 0x7faf5c04d2d0 con 0x7faf6c07e770
2024-06-03T03:11:12.590 INFO:teuthology.orchestra.run.smithi117.stdout:/usr/bin/ceph: stderr
2024-06-03T03:11:11.441+0000 7faf69400700 1 --2- 172.21.15.117:0/3458169729 >> [v2:172.21.15.117:6800/2142313590,v1:172.21.15.117:6801/2142313590] conn(0x7faf500390a0 0x7faf5003b560 unknown :-1 s=BANNER_CONNECTING pgs=0 cs=0 l=1 rev1=0 crypto rx=0 tx=0 comp rx=0 tx=0)._handle_peer_banner_payload supported=3 required=0
2024-06-03T03:11:12.590 INFO:teuthology.orchestra.run.smithi117.stdout:/usr/bin/ceph: stderr
2024-06-03T03:11:11.442+0000 7faf69400700 1 --2- 172.21.15.117:0/3458169729 >> [v2:172.21.15.117:6800/2142313590,v1:172.21.15.117:6801/2142313590] conn(0x7faf500390a0 0x7faf5003b560 secure :-1 s=READY pgs=14 cs=0 l=1 rev1=1 crypto rx=0x7faf58006fd0 tx=0x7faf58006e40 comp rx=0 tx=0).ready entity=mgr.14120 client_cookie=0 server_cookie=0 in_seq=0 out_seq=0
2024-06-03T03:11:12.590 INFO:teuthology.orchestra.run.smithi117.stdout:/usr/bin/ceph: stderr
2024-06-03T03:11:11.446+0000 7faf62a00700 1 -- 172.21.15.117:0/3458169729 <== mon.0 v2:172.21.15.117:3300/0 6 ==== mon_command_ack([{"prefix": "get_command_descriptions"}]=0 v0) ==== 72+0+186418 (secure 0 0 0) 0x7faf5c02ad60 con 0x7faf6c07e770
2024-06-03T03:11:12.590 INFO:teuthology.orchestra.run.smithi117.stdout:/usr/bin/ceph: stderr
2024-06-03T03:11:11.675+0000 7faf71200700 1 -- 172.21.15.117:0/3458169729 --> [v2:172.21.15.117:3300/0,v1:172.21.15.117:6789/0] -- mon_command([{prefix=config set, name=mgr/cephadm/container_init}] v 0) -- 0x7faf6c1a1560 con 0x7faf6c07e770
2024-06-03T03:11:12.590 INFO:teuthology.orchestra.run.smithi117.stdout:/usr/bin/ceph: stderr
2024-06-03T03:11:11.679+0000 7faf62a00700 1 -- 172.21.15.117:0/3458169729 <== mon.0 v2:172.21.15.117:3300/0 7 ==== mon_command_ack([{prefix=config set, name=mgr/cephadm/container_init}]=0 v7)=0 v7) ==== 142+0+0 (secure 0 0 0) 0x7faf5c01a430 con 0x7faf6c07e770
2024-06-03T03:11:12.590 INFO:teuthology.orchestra.run.smithi117.stdout:/usr/bin/ceph: stderr
2024-06-03T03:11:11.682+0000 7faf71200700 1 -- 172.21.15.117:0/3458169729 >> [v2:172.21.15.117:6800/2142313590,v1:172.21.15.117:6801/2142313590] conn(0x7faf500390a0 msgr2=0x7faf5003b560 secure :-1 s=STATE_CONNECTION_ESTABLISHED l=1).mark_down
2024-06-03T03:11:12.590 INFO:teuthology.orchestra.run.smithi117.stdout:/usr/bin/ceph: stderr
2024-06-03T03:11:11.682+0000 7faf71200700 1 --2- 172.21.15.117:0/3458169729 >> [v2:172.21.15.117:6800/2142313590,v1:172.21.15.117:6801/2142313590] conn(0x7faf500390a0 0x7faf5003b560 secure :-1 s=READY pgs=14 cs=0 l=1 rev1=1 crypto rx=0x7faf58006fd0 tx=0x7faf58006e40 comp rx=0 tx=0).stop
2024-06-03T03:11:12.590 INFO:teuthology.orchestra.run.smithi117.stdout:/usr/bin/ceph: stderr
2024-06-03T03:11:11.682+0000 7faf71200700 1 -- 172.21.15.117:0/3458169729 >> [v2:172.21.15.117:3300/0,v1:172.21.15.117:6789/0] conn(0x7faf6c07e770 msgr2=0x7faf6c19e0a0 secure :-1 s=STATE_CONNECTION_ESTABLISHED l=1).mark_down
2024-06-03T03:11:12.591 INFO:teuthology.orchestra.run.smithi117.stdout:/usr/bin/ceph: stderr
2024-06-03T03:11:11.682+0000 7faf71200700 1 --2- 172.21.15.117:0/3458169729 >> [v2:172.21.15.117:3300/0,v1:172.21.15.117:6789/0] conn(0x7faf6c07e770 0x7faf6c19e0a0 secure :-1 s=READY pgs=52 cs=0 l=1 rev1=1 crypto rx=0x7faf5c0117e0 tx=0x7faf5c011ba0 comp rx=0 tx=0).stop
2024-06-03T03:11:12.591 INFO:teuthology.orchestra.run.smithi117.stdout:/usr/bin/ceph: stderr
2024-06-03T03:11:11.682+0000 7faf71200700 1 -- 172.21.15.117:0/3458169729 shutdown_connections
2024-06-03T03:11:12.591 INFO:teuthology.orchestra.run.smithi117.stdout:/usr/bin/ceph: stderr
2024-06-03T03:11:11.682+0000 7faf71200700 1 --2- 172.21.15.117:0/3458169729 >> [v2:172.21.15.117:6800/2142313590,v1:172.21.15.117:6801/2142313590] conn(0x7faf500390a0 0x7faf5003b560 unknown :-1 s=CLOSED pgs=14 cs=0 l=1 rev1=1 crypto rx=0 tx=0 comp rx=0 tx=0).stop
2024-06-03T03:11:12.591 INFO:teuthology.orchestra.run.smithi117.stdout:/usr/bin/ceph: stderr
2024-06-03T03:11:11.682+0000 7faf71200700 1 --2- 172.21.15.117:0/3458169729 >> [v2:172.21.15.117:3300/0,v1:172.21.15.117:6789/0] conn(0x7faf6c07e770 0x7faf6c19e0a0 unknown :-1 s=CLOSED pgs=52 cs=0 l=1 rev1=1 crypto rx=0 tx=0 comp rx=0 tx=0).stop
2024-06-03T03:11:12.591 INFO:teuthology.orchestra.run.smithi117.stdout:/usr/bin/ceph: stderr
2024-06-03T03:11:11.682+0000 7faf71200700 1 -- 172.21.15.117:0/3458169729 >> 172.21.15.117:0/3458169729 conn(0x7faf6c103530 msgr2=0x7faf6c103fd0 unknown :-1 s=STATE_NONE l=0).mark_down
2024-06-03T03:11:12.591 INFO:teuthology.orchestra.run.smithi117.stdout:/usr/bin/ceph: stderr
2024-06-03T03:11:11.682+0000 7faf71200700 1 -- 172.21.15.117:0/3458169729 shutdown_connections
2024-06-03T03:11:12.591 INFO:teuthology.orchestra.run.smithi117.stdout:/usr/bin/ceph: stderr
2024-06-03T03:11:11.682+0000 7faf71200700 1 -- 172.21.15.117:0/3458169729 wait complete.
2024-06-03T03:11:12.857 INFO:journalctl@ceph.mon.a.smithi117.stdout:Jun 03 03:11:12 smithi117 ceph-mon[31649]: from='client.? 172.21.15.117:0/3458169729' entity='client.admin'
2024-06-03T03:11:13.946 INFO:journalctl@ceph.mon.a.smithi117.stdout:Jun 03 03:11:13 smithi117 ceph-mon[31649]: pgmap v4: 0 pgs: ; 0 B data, 0 B used, 0 B / 0 B avail
2024-06-03T03:11:13.947 INFO:journalctl@ceph.mon.a.smithi117.stdout:Jun 03 03:11:13 smithi117 ceph-mon[31649]: from='mgr.14120 172.21.15.117:0/175906377' entity='mgr.x'
2024-06-03T03:11:14.404 INFO:teuthology.orchestra.run.smithi117.stdout:/usr/bin/ceph: stderr
2024-06-03T03:11:13.473+0000 7fae06400700 1 Processor -- start
2024-06-03T03:11:14.405 INFO:teuthology.orchestra.run.smithi117.stdout:/usr/bin/ceph: stderr
2024-06-03T03:11:13.474+0000 7fae06400700 1 -- start start
2024-06-03T03:11:14.405 INFO:teuthology.orchestra.run.smithi117.stdout:/usr/bin/ceph: stderr
2024-06-03T03:11:13.474+0000 7fae06400700 1 --2- >> [v2:172.21.15.117:3300/0,v1:172.21.15.117:6789/0] conn(0x7fae0007e720 0x7fae0007cbd0 unknown :-1 s=NONE pgs=0 cs=0 l=0 rev1=0 crypto rx=0 tx=0 comp rx=0 tx=0).connect
2024-06-03T03:11:14.405 INFO:teuthology.orchestra.run.smithi117.stdout:/usr/bin/ceph: stderr
2024-06-03T03:11:13.474+0000 7fae06400700 1 -- --> [v2:172.21.15.117:3300/0,v1:172.21.15.117:6789/0] -- mon_getmap magic: 0 -- 0x7fae0007d1a0 con 0x7fae0007e720
2024-06-03T03:11:14.405 INFO:teuthology.orchestra.run.smithi117.stdout:/usr/bin/ceph: stderr
2024-06-03T03:11:13.475+0000 7fadff400700 1 --2- >> [v2:172.21.15.117:3300/0,v1:172.21.15.117:6789/0] conn(0x7fae0007e720 0x7fae0007cbd0 unknown :-1 s=BANNER_CONNECTING pgs=0 cs=0 l=0 rev1=0 crypto rx=0 tx=0 comp rx=0 tx=0)._handle_peer_banner_payload supported=3 required=0
2024-06-03T03:11:14.405 INFO:teuthology.orchestra.run.smithi117.stdout:/usr/bin/ceph: stderr
2024-06-03T03:11:13.475+0000 7fadff400700 1 --2- >> [v2:172.21.15.117:3300/0,v1:172.21.15.117:6789/0] conn(0x7fae0007e720 0x7fae0007cbd0 unknown :-1 s=HELLO_CONNECTING pgs=0 cs=0 l=0 rev1=1 crypto rx=0 tx=0 comp rx=0 tx=0).handle_hello peer v2:172.21.15.117:3300/0 says I am v2:172.21.15.117:34196/0 (socket says 172.21.15.117:34196)
2024-06-03T03:11:14.405 INFO:teuthology.orchestra.run.smithi117.stdout:/usr/bin/ceph: stderr
2024-06-03T03:11:13.475+0000 7fadff400700 1 -- 172.21.15.117:0/1068290213 learned_addr learned my addr 172.21.15.117:0/1068290213 (peer_addr_for_me v2:172.21.15.117:0/0)
2024-06-03T03:11:14.405 INFO:teuthology.orchestra.run.smithi117.stdout:/usr/bin/ceph: stderr
2024-06-03T03:11:13.475+0000 7fadff400700 1 -- 172.21.15.117:0/1068290213 --> [v2:172.21.15.117:3300/0,v1:172.21.15.117:6789/0] -- mon_subscribe({config=0+,monmap=0+}) -- 0x7fae0007d320 con 0x7fae0007e720
2024-06-03T03:11:14.405 INFO:teuthology.orchestra.run.smithi117.stdout:/usr/bin/ceph: stderr
2024-06-03T03:11:13.476+0000 7fadff400700 1 --2- 172.21.15.117:0/1068290213 >> [v2:172.21.15.117:3300/0,v1:172.21.15.117:6789/0] conn(0x7fae0007e720 0x7fae0007cbd0 secure :-1 s=READY pgs=53 cs=0 l=1 rev1=1 crypto rx=0x7fadf00098a0 tx=0x7fadf0009bb0 comp rx=0 tx=0).ready entity=mon.0 client_cookie=c6b04955a47f4f82 server_cookie=0 in_seq=0 out_seq=0
2024-06-03T03:11:14.405 INFO:teuthology.orchestra.run.smithi117.stdout:/usr/bin/ceph: stderr
2024-06-03T03:11:13.476+0000 7fadfe000700 1 -- 172.21.15.117:0/1068290213 <== mon.0 v2:172.21.15.117:3300/0 1 ==== mon_map magic: 0 ==== 205+0+0 (secure 0 0 0) 0x7fadf0004160 con 0x7fae0007e720
2024-06-03T03:11:14.405 INFO:teuthology.orchestra.run.smithi117.stdout:/usr/bin/ceph: stderr
2024-06-03T03:11:13.476+0000 7fadfe000700 1 -- 172.21.15.117:0/1068290213 <== mon.0 v2:172.21.15.117:3300/0 2 ==== config(27 keys) ==== 1140+0+0 (secure 0 0 0) 0x7fadf0004300 con 0x7fae0007e720
2024-06-03T03:11:14.405 INFO:teuthology.orchestra.run.smithi117.stdout:/usr/bin/ceph: stderr
