2024-06-03T03:11:21.591 INFO:journalctl@ceph.mgr.x.smithi117.stdout:Jun 03 03:11:21 smithi117 ceph-a0e8473a-2156-11ef-bc9b-c7b262605968-mgr-x[31883]:
2024-06-03T03:11:21.277+0000 7fbc41c36200 -1 mgr[py] Module volumes has missing NOTIFY_TYPES member
2024-06-03T03:11:21.591 INFO:journalctl@ceph.mgr.x.smithi117.stdout:Jun 03 03:11:21 smithi117 ceph-a0e8473a-2156-11ef-bc9b-c7b262605968-mgr-x[31883]:
2024-06-03T03:11:21.405+0000 7fbc41c36200 -1 mgr[py] Module crash has missing NOTIFY_TYPES member
2024-06-03T03:11:21.946 INFO:journalctl@ceph.mgr.x.smithi117.stdout:Jun 03 03:11:21 smithi117 ceph-a0e8473a-2156-11ef-bc9b-c7b262605968-mgr-x[31883]:
2024-06-03T03:11:21.669+0000 7fbc41c36200 -1 mgr[py] Module rgw has missing NOTIFY_TYPES member
2024-06-03T03:11:22.696 INFO:journalctl@ceph.mgr.x.smithi117.stdout:Jun 03 03:11:22 smithi117 ceph-a0e8473a-2156-11ef-bc9b-c7b262605968-mgr-x[31883]:
2024-06-03T03:11:22.319+0000 7fbc41c36200 -1 mgr[py] Module prometheus has missing NOTIFY_TYPES member
2024-06-03T03:11:22.697 INFO:journalctl@ceph.mgr.x.smithi117.stdout:Jun 03 03:11:22 smithi117 ceph-a0e8473a-2156-11ef-bc9b-c7b262605968-mgr-x[31883]:
2024-06-03T03:11:22.442+0000 7fbc41c36200 -1 mgr[py] Module devicehealth has missing NOTIFY_TYPES member
2024-06-03T03:11:23.068 INFO:journalctl@ceph.mgr.x.smithi117.stdout:Jun 03 03:11:22 smithi117 ceph-a0e8473a-2156-11ef-bc9b-c7b262605968-mgr-x[31883]:
2024-06-03T03:11:22.763+0000 7fbc41c36200 -1 mgr[py] Module telemetry has missing NOTIFY_TYPES member
2024-06-03T03:11:23.069 INFO:journalctl@ceph.mgr.x.smithi117.stdout:Jun 03 03:11:22 smithi117 ceph-a0e8473a-2156-11ef-bc9b-c7b262605968-mgr-x[31883]:
2024-06-03T03:11:22.941+0000 7fbc41c36200 -1 mgr[py] Module diskprediction_local has missing NOTIFY_TYPES member
2024-06-03T03:11:23.069 INFO:journalctl@ceph.mgr.x.smithi117.stdout:Jun 03 03:11:23 smithi117 ceph-a0e8473a-2156-11ef-bc9b-c7b262605968-mgr-x[31883]:
2024-06-03T03:11:23.067+0000 7fbc41c36200 -1 mgr[py] Module osd_perf_query has missing NOTIFY_TYPES member
2024-06-03T03:11:23.446 INFO:journalctl@ceph.mgr.x.smithi117.stdout:Jun 03 03:11:23 smithi117 ceph-a0e8473a-2156-11ef-bc9b-c7b262605968-mgr-x[31883]:
2024-06-03T03:11:23.220+0000 7fbc41c36200 -1 mgr[py] Module rbd_support has missing NOTIFY_TYPES member
2024-06-03T03:11:23.946 INFO:journalctl@ceph.mgr.x.smithi117.stdout:Jun 03 03:11:23 smithi117 ceph-a0e8473a-2156-11ef-bc9b-c7b262605968-mgr-x[31883]:
2024-06-03T03:11:23.588+0000 7fbc41c36200 -1 mgr[py] Module zabbix has missing NOTIFY_TYPES member
2024-06-03T03:11:24.653 INFO:journalctl@ceph.mgr.x.smithi117.stdout:Jun 03 03:11:24 smithi117 ceph-a0e8473a-2156-11ef-bc9b-c7b262605968-mgr-x[31883]:
2024-06-03T03:11:24.357+0000 7fbc41c36200 -1 mgr[py] Module status has missing NOTIFY_TYPES member
2024-06-03T03:11:24.946 INFO:journalctl@ceph.mgr.x.smithi117.stdout:Jun 03 03:11:24 smithi117 ceph-a0e8473a-2156-11ef-bc9b-c7b262605968-mgr-x[31883]:
2024-06-03T03:11:24.652+0000 7fbc41c36200 -1 mgr[py] Module nfs has missing NOTIFY_TYPES member
2024-06-03T03:11:24.946 INFO:journalctl@ceph.mon.a.smithi117.stdout:Jun 03 03:11:24 smithi117 ceph-mon[31649]: Active manager daemon x restarted
2024-06-03T03:11:24.947 INFO:journalctl@ceph.mon.a.smithi117.stdout:Jun 03 03:11:24 smithi117 ceph-mon[31649]: Activating manager daemon x
2024-06-03T03:11:24.947 INFO:journalctl@ceph.mon.a.smithi117.stdout:Jun 03 03:11:24 smithi117 ceph-mon[31649]: osdmap e3: 0 total, 0 up, 0 in
2024-06-03T03:11:24.947 INFO:journalctl@ceph.mon.a.smithi117.stdout:Jun 03 03:11:24 smithi117 ceph-mon[31649]: mgrmap e10: x(active, starting, since 0.0062852s)
2024-06-03T03:11:24.947 INFO:journalctl@ceph.mon.a.smithi117.stdout:Jun 03 03:11:24 smithi117 ceph-mon[31649]: from='mgr.14152 172.21.15.117:0/649815484' entity='mgr.x' cmd=[{"prefix": "mon metadata", "id": "a"}]: dispatch
2024-06-03T03:11:24.947 INFO:journalctl@ceph.mon.a.smithi117.stdout:Jun 03 03:11:24 smithi117 ceph-mon[31649]: from='mgr.14152 172.21.15.117:0/649815484' entity='mgr.x' cmd=[{"prefix": "mgr metadata", "who": "x", "id": "x"}]: dispatch
2024-06-03T03:11:24.947 INFO:journalctl@ceph.mon.a.smithi117.stdout:Jun 03 03:11:24 smithi117 ceph-mon[31649]: from='mgr.14152 172.21.15.117:0/649815484' entity='mgr.x' cmd=[{"prefix": "mds metadata"}]: dispatch
2024-06-03T03:11:24.947 INFO:journalctl@ceph.mon.a.smithi117.stdout:Jun 03 03:11:24 smithi117 ceph-mon[31649]: from='mgr.14152 172.21.15.117:0/649815484' entity='mgr.x' cmd=[{"prefix": "osd metadata"}]: dispatch
2024-06-03T03:11:24.947 INFO:journalctl@ceph.mon.a.smithi117.stdout:Jun 03 03:11:24 smithi117 ceph-mon[31649]: from='mgr.14152 172.21.15.117:0/649815484' entity='mgr.x' cmd=[{"prefix": "mon metadata"}]: dispatch
2024-06-03T03:11:24.947 INFO:journalctl@ceph.mon.a.smithi117.stdout:Jun 03 03:11:24 smithi117 ceph-mon[31649]: Manager daemon x is now available
2024-06-03T03:11:25.947 INFO:journalctl@ceph.mon.a.smithi117.stdout:Jun 03 03:11:25 smithi117 ceph-mon[31649]: from='mgr.14152 172.21.15.117:0/649815484' entity='mgr.x' cmd=[{"prefix": "config dump", "format": "json"}]: dispatch
2024-06-03T03:11:25.947 INFO:journalctl@ceph.mon.a.smithi117.stdout:Jun 03 03:11:25 smithi117 ceph-mon[31649]: from='mgr.14152 172.21.15.117:0/649815484' entity='mgr.x' cmd=[{"prefix":"config rm","who":"mgr","name":"mgr/rbd_support/x/mirror_snapshot_schedule"}]: dispatch
2024-06-03T03:11:25.947 INFO:journalctl@ceph.mon.a.smithi117.stdout:Jun 03 03:11:25 smithi117 ceph-mon[31649]: from='mgr.14152 172.21.15.117:0/649815484' entity='mgr.x' cmd=[{"prefix":"config rm","who":"mgr","name":"mgr/rbd_support/x/trash_purge_schedule"}]: dispatch
2024-06-03T03:11:25.947 INFO:journalctl@ceph.mon.a.smithi117.stdout:Jun 03 03:11:25 smithi117 ceph-mon[31649]: mgrmap e11: x(active, since 1.00948s)
2024-06-03T03:11:26.427 INFO:teuthology.orchestra.run.smithi117.stdout:/usr/bin/ceph: stdout {
2024-06-03T03:11:26.427 INFO:teuthology.orchestra.run.smithi117.stdout:/usr/bin/ceph: stdout "mgrmap_epoch": 11,
2024-06-03T03:11:26.428 INFO:teuthology.orchestra.run.smithi117.stdout:/usr/bin/ceph: stdout "initialized": true
2024-06-03T03:11:26.428 INFO:teuthology.orchestra.run.smithi117.stdout:/usr/bin/ceph: stdout }
2024-06-03T03:11:26.428 INFO:teuthology.orchestra.run.smithi117.stdout:/usr/bin/ceph: stderr
2024-06-03T03:11:18.577+0000 7f7144a00700 1 Processor -- start
2024-06-03T03:11:26.429 INFO:teuthology.orchestra.run.smithi117.stdout:/usr/bin/ceph: stderr
2024-06-03T03:11:18.577+0000 7f7144a00700 1 -- start start
2024-06-03T03:11:26.429 INFO:teuthology.orchestra.run.smithi117.stdout:/usr/bin/ceph: stderr
2024-06-03T03:11:18.577+0000 7f7144a00700 1 --2- >> [v2:172.21.15.117:3300/0,v1:172.21.15.117:6789/0] conn(0x7f7140108a10 0x7f714010ae00 unknown :-1 s=NONE pgs=0 cs=0 l=0 rev1=0 crypto rx=0 tx=0 comp rx=0 tx=0).connect
2024-06-03T03:11:26.429 INFO:teuthology.orchestra.run.smithi117.stdout:/usr/bin/ceph: stderr
2024-06-03T03:11:18.577+0000 7f7144a00700 1 -- --> [v2:172.21.15.117:3300/0,v1:172.21.15.117:6789/0] -- mon_getmap magic: 0 -- 0x7f714007beb0 con 0x7f7140108a10
2024-06-03T03:11:26.429 INFO:teuthology.orchestra.run.smithi117.stdout:/usr/bin/ceph: stderr
2024-06-03T03:11:18.578+0000 7f713de00700 1 --2- >> [v2:172.21.15.117:3300/0,v1:172.21.15.117:6789/0] conn(0x7f7140108a10 0x7f714010ae00 unknown :-1 s=BANNER_CONNECTING pgs=0 cs=0 l=0 rev1=0 crypto rx=0 tx=0 comp rx=0 tx=0)._handle_peer_banner_payload supported=3 required=0
2024-06-03T03:11:26.429 INFO:teuthology.orchestra.run.smithi117.stdout:/usr/bin/ceph: stderr
2024-06-03T03:11:18.578+0000 7f713de00700 1 --2- >> [v2:172.21.15.117:3300/0,v1:172.21.15.117:6789/0] conn(0x7f7140108a10 0x7f714010ae00 unknown :-1 s=HELLO_CONNECTING pgs=0 cs=0 l=0 rev1=1 crypto rx=0 tx=0 comp rx=0 tx=0).handle_hello peer v2:172.21.15.117:3300/0 says I am v2:172.21.15.117:42562/0 (socket says 172.21.15.117:42562)
2024-06-03T03:11:26.429 INFO:teuthology.orchestra.run.smithi117.stdout:/usr/bin/ceph: stderr
2024-06-03T03:11:18.578+0000 7f713de00700 1 -- 172.21.15.117:0/3547610182 learned_addr learned my addr 172.21.15.117:0/3547610182 (peer_addr_for_me v2:172.21.15.117:0/0)
2024-06-03T03:11:26.431 INFO:teuthology.orchestra.run.smithi117.stdout:/usr/bin/ceph: stderr
2024-06-03T03:11:18.578+0000 7f713de00700 1 -- 172.21.15.117:0/3547610182 --> [v2:172.21.15.117:3300/0,v1:172.21.15.117:6789/0] -- mon_subscribe({config=0+,monmap=0+}) -- 0x7f714010b340 con 0x7f7140108a10
2024-06-03T03:11:26.431 INFO:teuthology.orchestra.run.smithi117.stdout:/usr/bin/ceph: stderr
2024-06-03T03:11:18.579+0000 7f713de00700 1 --2- 172.21.15.117:0/3547610182 >> [v2:172.21.15.117:3300/0,v1:172.21.15.117:6789/0] conn(0x7f7140108a10 0x7f714010ae00 secure :-1 s=READY pgs=61 cs=0 l=1 rev1=1 crypto rx=0x7f71300098a0 tx=0x7f7130009bb0 comp rx=0 tx=0).ready entity=mon.0 client_cookie=33914df2c2e49970 server_cookie=0 in_seq=0 out_seq=0
2024-06-03T03:11:26.431 INFO:teuthology.orchestra.run.smithi117.stdout:/usr/bin/ceph: stderr
2024-06-03T03:11:18.579+0000 7f713ca00700 1 -- 172.21.15.117:0/3547610182 <== mon.0 v2:172.21.15.117:3300/0 1 ==== mon_map magic: 0 ==== 205+0+0 (secure 0 0 0) 0x7f7130004160 con 0x7f7140108a10
2024-06-03T03:11:26.431 INFO:teuthology.orchestra.run.smithi117.stdout:/usr/bin/ceph: stderr
2024-06-03T03:11:18.579+0000 7f713ca00700 1 -- 172.21.15.117:0/3547610182 <== mon.0 v2:172.21.15.117:3300/0 2 ==== config(27 keys) ==== 1140+0+0 (secure 0 0 0) 0x7f7130004300 con 0x7f7140108a10
2024-06-03T03:11:26.431 INFO:teuthology.orchestra.run.smithi117.stdout:/usr/bin/ceph: stderr
2024-06-03T03:11:18.579+0000 7f713ca00700 1 -- 172.21.15.117:0/3547610182 <== mon.0 v2:172.21.15.117:3300/0 3 ==== mon_map magic: 0 ==== 205+0+0 (secure 0 0 0) 0x7f7130011b20 con 0x7f7140108a10
2024-06-03T03:11:26.431 INFO:teuthology.orchestra.run.smithi117.stdout:/usr/bin/ceph: stderr
2024-06-03T03:11:18.580+0000 7f7144a00700 1 -- 172.21.15.117:0/3547610182 >> [v2:172.21.15.117:3300/0,v1:172.21.15.117:6789/0] conn(0x7f7140108a10 msgr2=0x7f714010ae00 secure :-1 s=STATE_CONNECTION_ESTABLISHED l=1).mark_down
2024-06-03T03:11:26.431 INFO:teuthology.orchestra.run.smithi117.stdout:/usr/bin/ceph: stderr
2024-06-03T03:11:18.580+0000 7f7144a00700 1 --2- 172.21.15.117:0/3547610182 >> [v2:172.21.15.117:3300/0,v1:172.21.15.117:6789/0] conn(0x7f7140108a10 0x7f714010ae00 secure :-1 s=READY pgs=61 cs=0 l=1 rev1=1 crypto rx=0x7f71300098a0 tx=0x7f7130009bb0 comp rx=0 tx=0).stop
2024-06-03T03:11:26.431 INFO:teuthology.orchestra.run.smithi117.stdout:/usr/bin/ceph: stderr
2024-06-03T03:11:18.580+0000 7f7144a00700 1 -- 172.21.15.117:0/3547610182 shutdown_connections
2024-06-03T03:11:26.432 INFO:teuthology.orchestra.run.smithi117.stdout:/usr/bin/ceph: stderr
2024-06-03T03:11:18.580+0000 7f7144a00700 1 --2- 172.21.15.117:0/3547610182 >> [v2:172.21.15.117:3300/0,v1:172.21.15.117:6789/0] conn(0x7f7140108a10 0x7f714010ae00 unknown :-1 s=CLOSED pgs=61 cs=0 l=1 rev1=1 crypto rx=0 tx=0 comp rx=0 tx=0).stop
2024-06-03T03:11:26.432 INFO:teuthology.orchestra.run.smithi117.stdout:/usr/bin/ceph: stderr
2024-06-03T03:11:18.580+0000 7f7144a00700 1 -- 172.21.15.117:0/3547610182 >> 172.21.15.117:0/3547610182 conn(0x7f71401024e0 msgr2=0x7f7140104900 unknown :-1 s=STATE_NONE l=0).mark_down
2024-06-03T03:11:26.432 INFO:teuthology.orchestra.run.smithi117.stdout:/usr/bin/ceph: stderr
2024-06-03T03:11:18.580+0000 7f7144a00700 1 -- 172.21.15.117:0/3547610182 shutdown_connections
2024-06-03T03:11:26.432 INFO:teuthology.orchestra.run.smithi117.stdout:/usr/bin/ceph: stderr
2024-06-03T03:11:18.580+0000 7f7144a00700 1 -- 172.21.15.117:0/3547610182 wait complete.
2024-06-03T03:11:26.432 INFO:teuthology.orchestra.run.smithi117.stdout:/usr/bin/ceph: stderr
2024-06-03T03:11:18.581+0000 7f7144a00700 1 Processor -- start
2024-06-03T03:11:26.432 INFO:teuthology.orchestra.run.smithi117.stdout:/usr/bin/ceph: stderr
2024-06-03T03:11:18.581+0000 7f7144a00700 1 -- start start
2024-06-03T03:11:26.434 INFO:teuthology.orchestra.run.smithi117.stdout:/usr/bin/ceph: stderr
2024-06-03T03:11:18.582+0000 7f7144a00700 1 --2- >> [v2:172.21.15.117:3300/0,v1:172.21.15.117:6789/0] conn(0x7f7140108a10 0x7f7140108290 unknown :-1 s=NONE pgs=0 cs=0 l=1 rev1=0 crypto rx=0 tx=0 comp rx=0 tx=0).connect
2024-06-03T03:11:26.434 INFO:teuthology.orchestra.run.smithi117.stdout:/usr/bin/ceph: stderr
2024-06-03T03:11:18.582+0000 7f7144a00700 1 -- --> [v2:172.21.15.117:3300/0,v1:172.21.15.117:6789/0] -- mon_getmap magic: 0 -- 0x7f714010c3b0 con 0x7f7140108a10
2024-06-03T03:11:26.434 INFO:teuthology.orchestra.run.smithi117.stdout:/usr/bin/ceph: stderr
2024-06-03T03:11:18.582+0000 7f713de00700 1 --2- >> [v2:172.21.15.117:3300/0,v1:172.21.15.117:6789/0] conn(0x7f7140108a10 0x7f7140108290 unknown :-1 s=BANNER_CONNECTING pgs=0 cs=0 l=1 rev1=0 crypto rx=0 tx=0 comp rx=0 tx=0)._handle_peer_banner_payload supported=3 required=0
2024-06-03T03:11:26.434 INFO:teuthology.orchestra.run.smithi117.stdout:/usr/bin/ceph: stderr
2024-06-03T03:11:18.582+0000 7f713de00700 1 --2- >> [v2:172.21.15.117:3300/0,v1:172.21.15.117:6789/0] conn(0x7f7140108a10 0x7f7140108290 unknown :-1 s=HELLO_CONNECTING pgs=0 cs=0 l=1 rev1=1 crypto rx=0 tx=0 comp rx=0 tx=0).handle_hello peer v2:172.21.15.117:3300/0 says I am v2:172.21.15.117:42564/0 (socket says 172.21.15.117:42564)
2024-06-03T03:11:26.434 INFO:teuthology.orchestra.run.smithi117.stdout:/usr/bin/ceph: stderr
2024-06-03T03:11:18.582+0000 7f713de00700 1 -- 172.21.15.117:0/2177582694 learned_addr learned my addr 172.21.15.117:0/2177582694 (peer_addr_for_me v2:172.21.15.117:0/0)
2024-06-03T03:11:26.434 INFO:teuthology.orchestra.run.smithi117.stdout:/usr/bin/ceph: stderr
2024-06-03T03:11:18.582+0000 7f713de00700 1 -- 172.21.15.117:0/2177582694 --> [v2:172.21.15.117:3300/0,v1:172.21.15.117:6789/0] -- mon_subscribe({config=0+,monmap=0+}) -- 0x7f71401087d0 con 0x7f7140108a10
2024-06-03T03:11:26.434 INFO:teuthology.orchestra.run.smithi117.stdout:/usr/bin/ceph: stderr
2024-06-03T03:11:18.582+0000 7f713de00700 1 --2- 172.21.15.117:0/2177582694 >> [v2:172.21.15.117:3300/0,v1:172.21.15.117:6789/0] conn(0x7f7140108a10 0x7f7140108290 secure :-1 s=READY pgs=62 cs=0 l=1 rev1=1 crypto rx=0x7f71300117e0 tx=0x7f7130011ba0 comp rx=0 tx=0).ready entity=mon.0 client_cookie=0 server_cookie=0 in_seq=0 out_seq=0
2024-06-03T03:11:26.434 INFO:teuthology.orchestra.run.smithi117.stdout:/usr/bin/ceph: stderr
2024-06-03T03:11:18.583+0000 7f7136a00700 1 -- 172.21.15.117:0/2177582694 <== mon.0 v2:172.21.15.117:3300/0 1 ==== mon_map magic: 0 ==== 205+0+0 (secure 0 0 0) 0x7f7130003ba0 con 0x7f7140108a10
2024-06-03T03:11:26.435 INFO:teuthology.orchestra.run.smithi117.stdout:/usr/bin/ceph: stderr
2024-06-03T03:11:18.583+0000 7f7136a00700 1 -- 172.21.15.117:0/2177582694 <== mon.0 v2:172.21.15.117:3300/0 2 ==== config(27 keys) ==== 1140+0+0 (secure 0 0 0) 0x7f713001a910 con 0x7f7140108a10
2024-06-03T03:11:26.435 INFO:teuthology.orchestra.run.smithi117.stdout:/usr/bin/ceph: stderr
2024-06-03T03:11:18.583+0000 7f7144a00700 1 -- 172.21.15.117:0/2177582694 --> [v2:172.21.15.117:3300/0,v1:172.21.15.117:6789/0] -- mon_subscribe({mgrmap=0+}) -- 0x7f71401069c0 con 0x7f7140108a10
2024-06-03T03:11:26.435 INFO:teuthology.orchestra.run.smithi117.stdout:/usr/bin/ceph: stderr
2024-06-03T03:11:18.583+0000 7f7136a00700 1 -- 172.21.15.117:0/2177582694 <== mon.0 v2:172.21.15.117:3300/0 3 ==== mon_map magic: 0 ==== 205+0+0 (secure 0 0 0) 0x7f71300248f0 con 0x7f7140108a10
2024-06-03T03:11:26.435 INFO:teuthology.orchestra.run.smithi117.stdout:/usr/bin/ceph: stderr
2024-06-03T03:11:18.583+0000 7f7144a00700 1 -- 172.21.15.117:0/2177582694 --> [v2:172.21.15.117:3300/0,v1:172.21.15.117:6789/0] -- mon_subscribe({osdmap=0}) -- 0x7f7140106e80 con 0x7f7140108a10
2024-06-03T03:11:26.435 INFO:teuthology.orchestra.run.smithi117.stdout:/usr/bin/ceph: stderr
2024-06-03T03:11:18.584+0000 7f7136a00700 1 -- 172.21.15.117:0/2177582694 <== mon.0 v2:172.21.15.117:3300/0 4 ==== mgrmap(e 9) ==== 46300+0+0 (secure 0 0 0) 0x7f7130022020 con 0x7f7140108a10
2024-06-03T03:11:26.435 INFO:teuthology.orchestra.run.smithi117.stdout:/usr/bin/ceph: stderr
2024-06-03T03:11:18.584+0000 7f7136a00700 1 --2- 172.21.15.117:0/2177582694 >> [v2:172.21.15.117:6800/2142313590,v1:172.21.15.117:6801/2142313590] conn(0x7f7124039100 0x7f712403b5c0 unknown :-1 s=NONE pgs=0 cs=0 l=1 rev1=0 crypto rx=0 tx=0 comp rx=0 tx=0).connect
2024-06-03T03:11:26.435 INFO:teuthology.orchestra.run.smithi117.stdout:/usr/bin/ceph: stderr
2024-06-03T03:11:18.584+0000 7f7136a00700 1 -- 172.21.15.117:0/2177582694 --> [v2:172.21.15.117:6800/2142313590,v1:172.21.15.117:6801/2142313590] -- command(tid 0: {"prefix": "get_command_descriptions"}) -- 0x7f712403bcd0 con 0x7f7124039100
2024-06-03T03:11:26.435 INFO:teuthology.orchestra.run.smithi117.stdout:/usr/bin/ceph: stderr
2024-06-03T03:11:18.584+0000 7f7136a00700 1 -- 172.21.15.117:0/2177582694 <== mon.0 v2:172.21.15.117:3300/0 5 ==== osd_map(2..2 src has 1..2) ==== 940+0+0 (secure 0 0 0) 0x7f713004d6e0 con 0x7f7140108a10
2024-06-03T03:11:26.435 INFO:teuthology.orchestra.run.smithi117.stdout:/usr/bin/ceph: stderr
2024-06-03T03:11:18.585+0000 7f713d400700 1 -- 172.21.15.117:0/2177582694 >> [v2:172.21.15.117:6800/2142313590,v1:172.21.15.117:6801/2142313590] conn(0x7f7124039100 msgr2=0x7f712403b5c0 unknown :-1 s=STATE_CONNECTING_RE l=1).process reconnect failed to v2:172.21.15.117:6800/2142313590
2024-06-03T03:11:26.435 INFO:teuthology.orchestra.run.smithi117.stdout:/usr/bin/ceph: stderr
2024-06-03T03:11:18.585+0000 7f713d400700 1 --2- 172.21.15.117:0/2177582694 >> [v2:172.21.15.117:6800/2142313590,v1:172.21.15.117:6801/2142313590] conn(0x7f7124039100 0x7f712403b5c0 unknown :-1 s=START_CONNECT pgs=0 cs=0 l=1 rev1=0 crypto rx=0 tx=0 comp rx=0 tx=0)._fault waiting 0.200000
2024-06-03T03:11:26.435 INFO:teuthology.orchestra.run.smithi117.stdout:/usr/bin/ceph: stderr
2024-06-03T03:11:18.786+0000 7f713d400700 1 -- 172.21.15.117:0/2177582694 >> [v2:172.21.15.117:6800/2142313590,v1:172.21.15.117:6801/2142313590] conn(0x7f7124039100 msgr2=0x7f712403b5c0 unknown :-1 s=STATE_CONNECTING_RE l=1).process reconnect failed to v2:172.21.15.117:6800/2142313590
2024-06-03T03:11:26.435 INFO:teuthology.orchestra.run.smithi117.stdout:/usr/bin/ceph: stderr
2024-06-03T03:11:18.786+0000 7f713d400700 1 --2- 172.21.15.117:0/2177582694 >> [v2:172.21.15.117:6800/2142313590,v1:172.21.15.117:6801/2142313590] conn(0x7f7124039100 0x7f712403b5c0 unknown :-1 s=START_CONNECT pgs=0 cs=0 l=1 rev1=0 crypto rx=0 tx=0 comp rx=0 tx=0)._fault waiting 0.400000
2024-06-03T03:11:26.438 INFO:teuthology.orchestra.run.smithi117.stdout:/usr/bin/ceph: stderr
2024-06-03T03:11:19.187+0000 7f713d400700 1 -- 172.21.15.117:0/2177582694 >> [v2:172.21.15.117:6800/2142313590,v1:172.21.15.117:6801/2142313590] conn(0x7f7124039100 msgr2=0x7f712403b5c0 unknown :-1 s=STATE_CONNECTING_RE l=1).process reconnect failed to v2:172.21.15.117:6800/2142313590
2024-06-03T03:11:26.438 INFO:teuthology.orchestra.run.smithi117.stdout:/usr/bin/ceph: stderr
2024-06-03T03:11:19.187+0000 7f713d400700 1 --2- 172.21.15.117:0/2177582694 >> [v2:172.21.15.117:6800/2142313590,v1:172.21.15.117:6801/2142313590] conn(0x7f7124039100 0x7f712403b5c0 unknown :-1 s=START_CONNECT pgs=0 cs=0 l=1 rev1=0 crypto rx=0 tx=0 comp rx=0 tx=0)._fault waiting 0.800000
2024-06-03T03:11:26.438 INFO:teuthology.orchestra.run.smithi117.stdout:/usr/bin/ceph: stderr
2024-06-03T03:11:19.988+0000 7f713d400700 1 -- 172.21.15.117:0/2177582694 >> [v2:172.21.15.117:6800/2142313590,v1:172.21.15.117:6801/2142313590] conn(0x7f7124039100 msgr2=0x7f712403b5c0 unknown :-1 s=STATE_CONNECTING_RE l=1).process reconnect failed to v2:172.21.15.117:6800/2142313590
2024-06-03T03:11:26.438 INFO:teuthology.orchestra.run.smithi117.stdout:/usr/bin/ceph: stderr
2024-06-03T03:11:19.988+0000 7f713d400700 1 --2- 172.21.15.117:0/2177582694 >> [v2:172.21.15.117:6800/2142313590,v1:172.21.15.117:6801/2142313590] conn(0x7f7124039100 0x7f712403b5c0 unknown :-1 s=START_CONNECT pgs=0 cs=0 l=1 rev1=0 crypto rx=0 tx=0 comp rx=0 tx=0)._fault waiting 1.600000
2024-06-03T03:11:26.439 INFO:teuthology.orchestra.run.smithi117.stdout:/usr/bin/ceph: stderr
2024-06-03T03:11:21.590+0000 7f713d400700 1 -- 172.21.15.117:0/2177582694 >> [v2:172.21.15.117:6800/2142313590,v1:172.21.15.117:6801/2142313590] conn(0x7f7124039100 msgr2=0x7f712403b5c0 unknown :-1 s=STATE_CONNECTING_RE l=1).process reconnect failed to v2:172.21.15.117:6800/2142313590
2024-06-03T03:11:26.439 INFO:teuthology.orchestra.run.smithi117.stdout:/usr/bin/ceph: stderr
2024-06-03T03:11:21.590+0000 7f713d400700 1 --2- 172.21.15.117:0/2177582694 >> [v2:172.21.15.117:6800/2142313590,v1:172.21.15.117:6801/2142313590] conn(0x7f7124039100 0x7f712403b5c0 unknown :-1 s=START_CONNECT pgs=0 cs=0 l=1 rev1=0 crypto rx=0 tx=0 comp rx=0 tx=0)._fault waiting 3.200000
2024-06-03T03:11:26.439 INFO:teuthology.orchestra.run.smithi117.stdout:/usr/bin/ceph: stderr
2024-06-03T03:11:24.659+0000 7f7136a00700 1 -- 172.21.15.117:0/2177582694 <== mon.0 v2:172.21.15.117:3300/0 6 ==== mgrmap(e 10) ==== 46067+0+0 (secure 0 0 0) 0x7f713002d3f0 con 0x7f7140108a10
2024-06-03T03:11:26.439 INFO:teuthology.orchestra.run.smithi117.stdout:/usr/bin/ceph: stderr
2024-06-03T03:11:24.660+0000 7f7136a00700 1 -- 172.21.15.117:0/2177582694 >> [v2:172.21.15.117:6800/2142313590,v1:172.21.15.117:6801/2142313590] conn(0x7f7124039100 msgr2=0x7f712403b5c0 unknown :-1 s=STATE_CONNECTING l=1).mark_down
2024-06-03T03:11:26.439 INFO:teuthology.orchestra.run.smithi117.stdout:/usr/bin/ceph: stderr
2024-06-03T03:11:24.660+0000 7f7136a00700 1 --2- 172.21.15.117:0/2177582694 >> [v2:172.21.15.117:6800/2142313590,v1:172.21.15.117:6801/2142313590] conn(0x7f7124039100 0x7f712403b5c0 unknown :-1 s=START_CONNECT pgs=0 cs=0 l=1 rev1=0 crypto rx=0 tx=0 comp rx=0 tx=0).stop
2024-06-03T03:11:26.439 INFO:teuthology.orchestra.run.smithi117.stdout:/usr/bin/ceph: stderr
2024-06-03T03:11:25.661+0000 7f7136a00700 1 -- 172.21.15.117:0/2177582694 <== mon.0 v2:172.21.15.117:3300/0 7 ==== mgrmap(e 11) ==== 46194+0+0 (secure 0 0 0) 0x7f713004f510 con 0x7f7140108a10
2024-06-03T03:11:26.439 INFO:teuthology.orchestra.run.smithi117.stdout:/usr/bin/ceph: stderr
2024-06-03T03:11:25.661+0000 7f7136a00700 1 --2- 172.21.15.117:0/2177582694 >> [v2:172.21.15.117:6800/1398160887,v1:172.21.15.117:6801/1398160887] conn(0x7f712403cbc0 0x7f712403efb0 unknown :-1 s=NONE pgs=0 cs=0 l=1 rev1=0 crypto rx=0 tx=0 comp rx=0 tx=0).connect
2024-06-03T03:11:26.439 INFO:teuthology.orchestra.run.smithi117.stdout:/usr/bin/ceph: stderr
2024-06-03T03:11:25.662+0000 7f7136a00700 1 -- 172.21.15.117:0/2177582694 --> [v2:172.21.15.117:6800/1398160887,v1:172.21.15.117:6801/1398160887] -- command(tid 0: {"prefix": "get_command_descriptions"}) -- 0x7f712403bcd0 con 0x7f712403cbc0
2024-06-03T03:11:26.439 INFO:teuthology.orchestra.run.smithi117.stdout:/usr/bin/ceph: stderr
2024-06-03T03:11:25.662+0000 7f713d400700 1 --2- 172.21.15.117:0/2177582694 >> [v2:172.21.15.117:6800/1398160887,v1:172.21.15.117:6801/1398160887] conn(0x7f712403cbc0 0x7f712403efb0 unknown :-1 s=BANNER_CONNECTING pgs=0 cs=0 l=1 rev1=0 crypto rx=0 tx=0 comp rx=0 tx=0)._handle_peer_banner_payload supported=3 required=0
2024-06-03T03:11:26.439 INFO:teuthology.orchestra.run.smithi117.stdout:/usr/bin/ceph: stderr
2024-06-03T03:11:25.664+0000 7f713d400700 1 --2- 172.21.15.117:0/2177582694 >> [v2:172.21.15.117:6800/1398160887,v1:172.21.15.117:6801/1398160887] conn(0x7f712403cbc0 0x7f712403efb0 secure :-1 s=READY pgs=2 cs=0 l=1 rev1=1 crypto rx=0x7f712c003a10 tx=0x7f712c009270 comp rx=0 tx=0).ready entity=mgr.14152 client_cookie=0 server_cookie=0 in_seq=0 out_seq=0
2024-06-03T03:11:26.439 INFO:teuthology.orchestra.run.smithi117.stdout:/usr/bin/ceph: stderr
2024-06-03T03:11:25.665+0000 7f7136a00700 1 -- 172.21.15.117:0/2177582694 <== mgr.14152 v2:172.21.15.117:6800/1398160887 1 ==== command_reply(tid 0: 0 ) ==== 8+0+7774 (secure 0 0 0) 0x7f712403bcd0 con 0x7f712403cbc0
2024-06-03T03:11:26.439 INFO:teuthology.orchestra.run.smithi117.stdout:/usr/bin/ceph: stderr
2024-06-03T03:11:25.672+0000 7f7144a00700 1 -- 172.21.15.117:0/2177582694 --> [v2:172.21.15.117:6800/1398160887,v1:172.21.15.117:6801/1398160887] -- command(tid 1: {"prefix": "mgr_status"}) -- 0x7f71400695b0 con 0x7f712403cbc0
2024-06-03T03:11:26.439 INFO:teuthology.orchestra.run.smithi117.stdout:/usr/bin/ceph: stderr
2024-06-03T03:11:25.673+0000 7f7136a00700 1 -- 172.21.15.117:0/2177582694 <== mgr.14152 v2:172.21.15.117:6800/1398160887 2 ==== command_reply(tid 1: 0 ) ==== 8+0+52 (secure 0 0 0) 0x7f71400695b0 con 0x7f712403cbc0
2024-06-03T03:11:26.439 INFO:teuthology.orchestra.run.smithi117.stdout:/usr/bin/ceph: stderr
2024-06-03T03:11:25.673+0000 7f7144a00700 1 -- 172.21.15.117:0/2177582694 >> [v2:172.21.15.117:6800/1398160887,v1:172.21.15.117:6801/1398160887] conn(0x7f712403cbc0 msgr2=0x7f712403efb0 secure :-1 s=STATE_CONNECTION_ESTABLISHED l=1).mark_down
2024-06-03T03:11:26.440 INFO:teuthology.orchestra.run.smithi117.stdout:/usr/bin/ceph: stderr
2024-06-03T03:11:25.673+0000 7f7144a00700 1 --2- 172.21.15.117:0/2177582694 >> [v2:172.21.15.117:6800/1398160887,v1:172.21.15.117:6801/1398160887] conn(0x7f712403cbc0 0x7f712403efb0 secure :-1 s=READY pgs=2 cs=0 l=1 rev1=1 crypto rx=0x7f712c003a10 tx=0x7f712c009270 comp rx=0 tx=0).stop
2024-06-03T03:11:26.440 INFO:teuthology.orchestra.run.smithi117.stdout:/usr/bin/ceph: stderr
2024-06-03T03:11:25.673+0000 7f7144a00700 1 -- 172.21.15.117:0/2177582694 >> [v2:172.21.15.117:3300/0,v1:172.21.15.117:6789/0] conn(0x7f7140108a10 msgr2=0x7f7140108290 secure :-1 s=STATE_CONNECTION_ESTABLISHED l=1).mark_down
2024-06-03T03:11:26.440 INFO:teuthology.orchestra.run.smithi117.stdout:/usr/bin/ceph: stderr
2024-06-03T03:11:25.673+0000 7f7144a00700 1 --2- 172.21.15.117:0/2177582694 >> [v2:172.21.15.117:3300/0,v1:172.21.15.117:6789/0] conn(0x7f7140108a10 0x7f7140108290 secure :-1 s=READY pgs=62 cs=0 l=1 rev1=1 crypto rx=0x7f71300117e0 tx=0x7f7130011ba0 comp rx=0 tx=0).stop
2024-06-03T03:11:26.440 INFO:teuthology.orchestra.run.smithi117.stdout:/usr/bin/ceph: stderr
2024-06-03T03:11:25.674+0000 7f7144a00700 1 -- 172.21.15.117:0/2177582694 shutdown_connections
2024-06-03T03:11:26.440 INFO:teuthology.orchestra.run.smithi117.stdout:/usr/bin/ceph: stderr
2024-06-03T03:11:25.674+0000 7f7144a00700 1 --2- 172.21.15.117:0/2177582694 >> [v2:172.21.15.117:6800/1398160887,v1:172.21.15.117:6801/1398160887] conn(0x7f712403cbc0 0x7f712403efb0 unknown :-1 s=CLOSED pgs=2 cs=0 l=1 rev1=1 crypto rx=0 tx=0 comp rx=0 tx=0).stop
2024-06-03T03:11:26.440 INFO:teuthology.orchestra.run.smithi117.stdout:/usr/bin/ceph: stderr
2024-06-03T03:11:25.674+0000 7f7144a00700 1 --2- 172.21.15.117:0/2177582694 >> [v2:172.21.15.117:3300/0,v1:172.21.15.117:6789/0] conn(0x7f7140108a10 0x7f7140108290 unknown :-1 s=CLOSED pgs=62 cs=0 l=1 rev1=1 crypto rx=0 tx=0 comp rx=0 tx=0).stop
2024-06-03T03:11:26.440 INFO:teuthology.orchestra.run.smithi117.stdout:/usr/bin/ceph: stderr
2024-06-03T03:11:25.674+0000 7f7144a00700 1 --2- 172.21.15.117:0/2177582694 >> [v2:172.21.15.117:6800/2142313590,v1:172.21.15.117:6801/2142313590] conn(0x7f7124039100 0x7f712403b5c0 unknown :-1 s=CLOSED pgs=0 cs=0 l=1 rev1=0 crypto rx=0 tx=0 comp rx=0 tx=0).stop
2024-06-03T03:11:26.440 INFO:teuthology.orchestra.run.smithi117.stdout:/usr/bin/ceph: stderr
2024-06-03T03:11:25.674+0000 7f7144a00700 1 -- 172.21.15.117:0/2177582694 >> 172.21.15.117:0/2177582694 conn(0x7f71401024e0 msgr2=0x7f7140102fd0 unknown :-1 s=STATE_NONE l=0).mark_down
2024-06-03T03:11:26.440 INFO:teuthology.orchestra.run.smithi117.stdout:/usr/bin/ceph: stderr
2024-06-03T03:11:25.674+0000 7f7144a00700 1 -- 172.21.15.117:0/2177582694 shutdown_connections
2024-06-03T03:11:26.440 INFO:teuthology.orchestra.run.smithi117.stdout:/usr/bin/ceph: stderr
2024-06-03T03:11:25.674+0000 7f7144a00700 1 -- 172.21.15.117:0/2177582694 wait complete.
2024-06-03T03:11:26.440 INFO:teuthology.orchestra.run.smithi117.stdout:mgr epoch 9 is available
2024-06-03T03:11:26.440 INFO:teuthology.orchestra.run.smithi117.stdout:Generating a dashboard self-signed certificate...
2024-06-03T03:11:26.946 INFO:journalctl@ceph.mon.a.smithi117.stdout:Jun 03 03:11:26 smithi117 ceph-mon[31649]: [03/Jun/2024:03:11:24] ENGINE Bus STARTING
2024-06-03T03:11:26.947 INFO:journalctl@ceph.mon.a.smithi117.stdout:Jun 03 03:11:26 smithi117 ceph-mon[31649]: [03/Jun/2024:03:11:25] ENGINE Serving on http://172.21.15.117:8765
2024-06-03T03:11:26.947 INFO:journalctl@ceph.mon.a.smithi117.stdout:Jun 03 03:11:26 smithi117 ceph-mon[31649]: [03/Jun/2024:03:11:25] ENGINE Serving on https://172.21.15.117:7150
2024-06-03T03:11:26.947 INFO:journalctl@ceph.mon.a.smithi117.stdout:Jun 03 03:11:26 smithi117 ceph-mon[31649]: [03/Jun/2024:03:11:25] ENGINE Bus STARTED
2024-06-03T03:11:26.947 INFO:journalctl@ceph.mon.a.smithi117.stdout:Jun 03 03:11:26 smithi117 ceph-mon[31649]: from='client.14156 -' entity='client.admin' cmd=[{"prefix": "get_command_descriptions"}]: dispatch
2024-06-03T03:11:26.947 INFO:journalctl@ceph.mon.a.smithi117.stdout:Jun 03 03:11:26 smithi117 ceph-mon[31649]: from='client.14156 -' entity='client.admin' cmd=[{"prefix": "mgr_status"}]: dispatch
2024-06-03T03:11:28.196 INFO:journalctl@ceph.mon.a.smithi117.stdout:Jun 03 03:11:27 smithi117 ceph-mon[31649]: mgrmap e12: x(active, since 2s)
2024-06-03T03:11:28.196 INFO:journalctl@ceph.mon.a.smithi117.stdout:Jun 03 03:11:27 smithi117 ceph-mon[31649]: from='mgr.14152 172.21.15.117:0/649815484' entity='mgr.x'
2024-06-03T03:11:28.598 INFO:teuthology.orchestra.run.smithi117.stdout:/usr/bin/ceph: stdout Self-signed certificate created
2024-06-03T03:11:28.598 INFO:teuthology.orchestra.run.smithi117.stdout:/usr/bin/ceph: stderr
2024-06-03T03:11:27.565+0000 7faed1400700 1 Processor -- start
2024-06-03T03:11:28.599 INFO:teuthology.orchestra.run.smithi117.stdout:/usr/bin/ceph: stderr
2024-06-03T03:11:27.565+0000 7faed1400700 1 -- start start
2024-06-03T03:11:28.599 INFO:teuthology.orchestra.run.smithi117.stdout:/usr/bin/ceph: stderr
2024-06-03T03:11:27.565+0000 7faed1400700 1 --2- >> [v2:172.21.15.117:3300/0,v1:172.21.15.117:6789/0] conn(0x7faecc10a170 0x7faecc10a590 unknown :-1 s=NONE pgs=0 cs=0 l=0 rev1=0 crypto rx=0 tx=0 comp rx=0 tx=0).connect
2024-06-03T03:11:28.599 INFO:teuthology.orchestra.run.smithi117.stdout:/usr/bin/ceph: stderr
2024-06-03T03:11:27.565+0000 7faed1400700 1 -- --> [v2:172.21.15.117:3300/0,v1:172.21.15.117:6789/0] -- mon_getmap magic: 0 -- 0x7faecc10ab60 con 0x7faecc10a170
2024-06-03T03:11:28.599 INFO:teuthology.orchestra.run.smithi117.stdout:/usr/bin/ceph: stderr
2024-06-03T03:11:27.566+0000 7faeca800700 1 --2- >> [v2:172.21.15.117:3300/0,v1:172.21.15.117:6789/0] conn(0x7faecc10a170 0x7faecc10a590 unknown :-1 s=BANNER_CONNECTING pgs=0 cs=0 l=0 rev1=0 crypto rx=0 tx=0 comp rx=0 tx=0)._handle_peer_banner_payload supported=3 required=0
2024-06-03T03:11:28.599 INFO:teuthology.orchestra.run.smithi117.stdout:/usr/bin/ceph: stderr
2024-06-03T03:11:27.566+0000 7faeca800700 1 --2- >> [v2:172.21.15.117:3300/0,v1:172.21.15.117:6789/0] conn(0x7faecc10a170 0x7faecc10a590 unknown :-1 s=HELLO_CONNECTING pgs=0 cs=0 l=0 rev1=1 crypto rx=0 tx=0 comp rx=0 tx=0).handle_hello peer v2:172.21.15.117:3300/0 says I am v2:172.21.15.117:39124/0 (socket says 172.21.15.117:39124)
2024-06-03T03:11:28.599 INFO:teuthology.orchestra.run.smithi117.stdout:/usr/bin/ceph: stderr
2024-06-03T03:11:27.566+0000 7faeca800700 1 -- 172.21.15.117:0/3683493476 learned_addr learned my addr 172.21.15.117:0/3683493476 (peer_addr_for_me v2:172.21.15.117:0/0)
2024-06-03T03:11:28.599 INFO:teuthology.orchestra.run.smithi117.stdout:/usr/bin/ceph: stderr
2024-06-03T03:11:27.566+0000 7faeca800700 1 -- 172.21.15.117:0/3683493476 --> [v2:172.21.15.117:3300/0,v1:172.21.15.117:6789/0] -- mon_subscribe({config=0+,monmap=0+}) -- 0x7faecc10b370 con 0x7faecc10a170
2024-06-03T03:11:28.599 INFO:teuthology.orchestra.run.smithi117.stdout:/usr/bin/ceph: stderr
2024-06-03T03:11:27.567+0000 7faeca800700 1 --2- 172.21.15.117:0/3683493476 >> [v2:172.21.15.117:3300/0,v1:172.21.15.117:6789/0] conn(0x7faecc10a170 0x7faecc10a590 secure :-1 s=READY pgs=70 cs=0 l=1 rev1=1 crypto rx=0x7faebc0098a0 tx=0x7faebc009bb0 comp rx=0 tx=0).ready entity=mon.0 client_cookie=b48e0ad6609dabe6 server_cookie=0 in_seq=0 out_seq=0
2024-06-03T03:11:28.599 INFO:teuthology.orchestra.run.smithi117.stdout:/usr/bin/ceph: stderr
2024-06-03T03:11:27.567+0000 7faec9400700 1 -- 172.21.15.117:0/3683493476 <== mon.0 v2:172.21.15.117:3300/0 1 ==== mon_map magic: 0 ==== 205+0+0 (secure 0 0 0) 0x7faebc004160 con 0x7faecc10a170
2024-06-03T03:11:28.599 INFO:teuthology.orchestra.run.smithi117.stdout:/usr/bin/ceph: stderr
2024-06-03T03:11:27.567+0000 7faec9400700 1 -- 172.21.15.117:0/3683493476 <== mon.0 v2:172.21.15.117:3300/0 2 ==== config(27 keys) ==== 1140+0+0 (secure 0 0 0) 0x7faebc004300 con 0x7faecc10a170
2024-06-03T03:11:28.599 INFO:teuthology.orchestra.run.smithi117.stdout:/usr/bin/ceph: stderr
2024-06-03T03:11:27.567+0000 7faec9400700 1 -- 172.21.15.117:0/3683493476 <== mon.0 v2:172.21.15.117:3300/0 3 ==== mon_map magic: 0 ==== 205+0+0 (secure 0 0 0) 0x7faebc011b20 con 0x7faecc10a170
2024-06-03T03:11:28.600 INFO:teuthology.orchestra.run.smithi117.stdout:/usr/bin/ceph: stderr
2024-06-03T03:11:27.568+0000 7faed1400700 1 -- 172.21.15.117:0/3683493476 >> [v2:172.21.15.117:3300/0,v1:172.21.15.117:6789/0] conn(0x7faecc10a170 msgr2=0x7faecc10a590 secure :-1 s=STATE_CONNECTION_ESTABLISHED l=1).mark_down
2024-06-03T03:11:28.600 INFO:teuthology.orchestra.run.smithi117.stdout:/usr/bin/ceph: stderr
2024-06-03T03:11:27.568+0000 7faed1400700 1 --2- 172.21.15.117:0/3683493476 >> [v2:172.21.15.117:3300/0,v1:172.21.15.117:6789/0] conn(0x7faecc10a170 0x7faecc10a590 secure :-1 s=READY pgs=70 cs=0 l=1 rev1=1 crypto rx=0x7faebc0098a0 tx=0x7faebc009bb0 comp rx=0 tx=0).stop
2024-06-03T03:11:28.600 INFO:teuthology.orchestra.run.smithi117.stdout:/usr/bin/ceph: stderr
2024-06-03T03:11:27.568+0000 7faed1400700 1 -- 172.21.15.117:0/3683493476 shutdown_connections
2024-06-03T03:11:28.600 INFO:teuthology.orchestra.run.smithi117.stdout:/usr/bin/ceph: stderr
2024-06-03T03:11:27.568+0000 7faed1400700 1 --2- 172.21.15.117:0/3683493476 >> [v2:172.21.15.117:3300/0,v1:172.21.15.117:6789/0] conn(0x7faecc10a170 0x7faecc10a590 unknown :-1 s=CLOSED pgs=70 cs=0 l=1 rev1=1 crypto rx=0 tx=0 comp rx=0 tx=0).stop
2024-06-03T03:11:28.600 INFO:teuthology.orchestra.run.smithi117.stdout:/usr/bin/ceph: stderr
2024-06-03T03:11:27.568+0000 7faed1400700 1 -- 172.21.15.117:0/3683493476 >> 172.21.15.117:0/3683493476 conn(0x7faecc07d6c0 msgr2=0x7faecc07daf0 unknown :-1 s=STATE_NONE l=0).mark_down
2024-06-03T03:11:28.600 INFO:teuthology.orchestra.run.smithi117.stdout:/usr/bin/ceph: stderr
2024-06-03T03:11:27.568+0000 7faed1400700 1 -- 172.21.15.117:0/3683493476 shutdown_connections
2024-06-03T03:11:28.600 INFO:teuthology.orchestra.run.smithi117.stdout:/usr/bin/ceph: stderr
2024-06-03T03:11:27.568+0000 7faed1400700 1 -- 172.21.15.117:0/3683493476 wait complete.
2024-06-03T03:11:28.600 INFO:teuthology.orchestra.run.smithi117.stdout:/usr/bin/ceph: stderr
2024-06-03T03:11:27.569+0000 7faed1400700 1 Processor -- start
2024-06-03T03:11:28.600 INFO:teuthology.orchestra.run.smithi117.stdout:/usr/bin/ceph: stderr
2024-06-03T03:11:27.570+0000 7faed1400700 1 -- start start
2024-06-03T03:11:28.600 INFO:teuthology.orchestra.run.smithi117.stdout:/usr/bin/ceph: stderr
2024-06-03T03:11:27.570+0000 7faed1400700 1 --2- >> [v2:172.21.15.117:3300/0,v1:172.21.15.117:6789/0] conn(0x7faecc10a170 0x7faecc1a24d0 unknown :-1 s=NONE pgs=0 cs=0 l=1 rev1=0 crypto rx=0 tx=0 comp rx=0 tx=0).connect
2024-06-03T03:11:28.600 INFO:teuthology.orchestra.run.smithi117.stdout:/usr/bin/ceph: stderr
2024-06-03T03:11:27.570+0000 7faed1400700 1 -- --> [v2:172.21.15.117:3300/0,v1:172.21.15.117:6789/0] -- mon_getmap magic: 0 -- 0x7faecc10e720 con 0x7faecc10a170
2024-06-03T03:11:28.600 INFO:teuthology.orchestra.run.smithi117.stdout:/usr/bin/ceph: stderr
2024-06-03T03:11:27.570+0000 7faeca800700 1 --2- >> [v2:172.21.15.117:3300/0,v1:172.21.15.117:6789/0] conn(0x7faecc10a170 0x7faecc1a24d0 unknown :-1 s=BANNER_CONNECTING pgs=0 cs=0 l=1 rev1=0 crypto rx=0 tx=0 comp rx=0 tx=0)._handle_peer_banner_payload supported=3 required=0
2024-06-03T03:11:28.601 INFO:teuthology.orchestra.run.smithi117.stdout:/usr/bin/ceph: stderr
2024-06-03T03:11:27.570+0000 7faeca800700 1 --2- >> [v2:172.21.15.117:3300/0,v1:172.21.15.117:6789/0] conn(0x7faecc10a170 0x7faecc1a24d0 unknown :-1 s=HELLO_CONNECTING pgs=0 cs=0 l=1 rev1=1 crypto rx=0 tx=0 comp rx=0 tx=0).handle_hello peer v2:172.21.15.117:3300/0 says I am v2:172.21.15.117:39136/0 (socket says 172.21.15.117:39136)
2024-06-03T03:11:28.601 INFO:teuthology.orchestra.run.smithi117.stdout:/usr/bin/ceph: stderr
2024-06-03T03:11:27.570+0000 7faeca800700 1 -- 172.21.15.117:0/3011208155 learned_addr learned my addr 172.21.15.117:0/3011208155 (peer_addr_for_me v2:172.21.15.117:0/0)
2024-06-03T03:11:28.601 INFO:teuthology.orchestra.run.smithi117.stdout:/usr/bin/ceph: stderr
2024-06-03T03:11:27.571+0000 7faeca800700 1 -- 172.21.15.117:0/3011208155 --> [v2:172.21.15.117:3300/0,v1:172.21.15.117:6789/0] -- mon_subscribe({config=0+,monmap=0+}) -- 0x7faecc1a2a10 con 0x7faecc10a170
2024-06-03T03:11:28.601 INFO:teuthology.orchestra.run.smithi117.stdout:/usr/bin/ceph: stderr
2024-06-03T03:11:27.571+0000 7faeca800700 1 --2- 172.21.15.117:0/3011208155 >> [v2:172.21.15.117:3300/0,v1:172.21.15.117:6789/0] conn(0x7faecc10a170 0x7faecc1a24d0 secure :-1 s=READY pgs=71 cs=0 l=1 rev1=1 crypto rx=0x7faebc0117e0 tx=0x7faebc011c10 comp rx=0 tx=0).ready entity=mon.0 client_cookie=0 server_cookie=0 in_seq=0 out_seq=0
2024-06-03T03:11:28.601 INFO:teuthology.orchestra.run.smithi117.stdout:/usr/bin/ceph: stderr
2024-06-03T03:11:27.571+0000 7faec3400700 1 -- 172.21.15.117:0/3011208155 <== mon.0 v2:172.21.15.117:3300/0 1 ==== mon_map magic: 0 ==== 205+0+0 (secure 0 0 0) 0x7faebc003bf0 con 0x7faecc10a170
2024-06-03T03:11:28.601 INFO:teuthology.orchestra.run.smithi117.stdout:/usr/bin/ceph: stderr
2024-06-03T03:11:27.571+0000 7faec3400700 1 -- 172.21.15.117:0/3011208155 <== mon.0 v2:172.21.15.117:3300/0 2 ==== config(27 keys) ==== 1140+0+0 (secure 0 0 0) 0x7faebc01a910 con 0x7faecc10a170
2024-06-03T03:11:28.601 INFO:teuthology.orchestra.run.smithi117.stdout:/usr/bin/ceph: stderr
2024-06-03T03:11:27.571+0000 7faed1400700 1 -- 172.21.15.117:0/3011208155 --> [v2:172.21.15.117:3300/0,v1:172.21.15.117:6789/0] -- mon_subscribe({mgrmap=0+}) -- 0x7faecc1a2ca0 con 0x7faecc10a170
2024-06-03T03:11:28.601 INFO:teuthology.orchestra.run.smithi117.stdout:/usr/bin/ceph: stderr
2024-06-03T03:11:27.571+0000 7faec3400700 1 -- 172.21.15.117:0/3011208155 <== mon.0 v2:172.21.15.117:3300/0 3 ==== mon_map magic: 0 ==== 205+0+0 (secure 0 0 0) 0x7faebc0249a0 con 0x7faecc10a170
2024-06-03T03:11:28.601 INFO:teuthology.orchestra.run.smithi117.stdout:/usr/bin/ceph: stderr
2024-06-03T03:11:27.571+0000 7faed1400700 1 -- 172.21.15.117:0/3011208155 --> [v2:172.21.15.117:3300/0,v1:172.21.15.117:6789/0] -- mon_subscribe({osdmap=0}) -- 0x7faecc1a3100 con 0x7faecc10a170
2024-06-03T03:11:28.601 INFO:teuthology.orchestra.run.smithi117.stdout:/usr/bin/ceph: stderr
2024-06-03T03:11:27.573+0000 7faec3400700 1 -- 172.21.15.117:0/3011208155 <== mon.0 v2:172.21.15.117:3300/0 4 ==== mgrmap(e 12) ==== 46300+0+0 (secure 0 0 0) 0x7faebc022020 con 0x7faecc10a170
2024-06-03T03:11:28.601 INFO:teuthology.orchestra.run.smithi117.stdout:/usr/bin/ceph: stderr
2024-06-03T03:11:27.573+0000 7faed1400700 1 -- 172.21.15.117:0/3011208155 --> [v2:172.21.15.117:3300/0,v1:172.21.15.117:6789/0] -- mon_command({"prefix": "get_command_descriptions"} v 0) -- 0x7faecc063af0 con 0x7faecc10a170
2024-06-03T03:11:28.601 INFO:teuthology.orchestra.run.smithi117.stdout:/usr/bin/ceph: stderr
2024-06-03T03:11:27.573+0000 7faec3400700 1 --2- 172.21.15.117:0/3011208155 >> [v2:172.21.15.117:6800/1398160887,v1:172.21.15.117:6801/1398160887] conn(0x7faeb0039050 0x7faeb003b510 unknown :-1 s=NONE pgs=0 cs=0 l=1 rev1=0 crypto rx=0 tx=0 comp rx=0 tx=0).connect
2024-06-03T03:11:28.602 INFO:teuthology.orchestra.run.smithi117.stdout:/usr/bin/ceph: stderr
2024-06-03T03:11:27.573+0000 7faec3400700 1 -- 172.21.15.117:0/3011208155 <== mon.0 v2:172.21.15.117:3300/0 5 ==== osd_map(3..3 src has 1..3) ==== 1155+0+0 (secure 0 0 0) 0x7faebc04d490 con 0x7faecc10a170
2024-06-03T03:11:28.602 INFO:teuthology.orchestra.run.smithi117.stdout:/usr/bin/ceph: stderr
2024-06-03T03:11:27.573+0000 7faec9e00700 1 --2- 172.21.15.117:0/3011208155 >> [v2:172.21.15.117:6800/1398160887,v1:172.21.15.117:6801/1398160887] conn(0x7faeb0039050 0x7faeb003b510 unknown :-1 s=BANNER_CONNECTING pgs=0 cs=0 l=1 rev1=0 crypto rx=0 tx=0 comp rx=0 tx=0)._handle_peer_banner_payload supported=3 required=0
2024-06-03T03:11:28.602 INFO:teuthology.orchestra.run.smithi117.stdout:/usr/bin/ceph: stderr
2024-06-03T03:11:27.574+0000 7faec9e00700 1 --2- 172.21.15.117:0/3011208155 >> [v2:172.21.15.117:6800/1398160887,v1:172.21.15.117:6801/1398160887] conn(0x7faeb0039050 0x7faeb003b510 secure :-1 s=READY pgs=7 cs=0 l=1 rev1=1 crypto rx=0x7faeb8006fd0 tx=0x7faeb8006e40 comp rx=0 tx=0).ready entity=mgr.14152 client_cookie=0 server_cookie=0 in_seq=0 out_seq=0
2024-06-03T03:11:28.602 INFO:teuthology.orchestra.run.smithi117.stdout:/usr/bin/ceph: stderr
2024-06-03T03:11:27.579+0000 7faec3400700 1 -- 172.21.15.117:0/3011208155 <== mon.0 v2:172.21.15.117:3300/0 6 ==== mon_command_ack([{"prefix": "get_command_descriptions"}]=0 v0) ==== 72+0+186418 (secure 0 0 0) 0x7faebc011e20 con 0x7faecc10a170
2024-06-03T03:11:28.602 INFO:teuthology.orchestra.run.smithi117.stdout:/usr/bin/ceph: stderr
2024-06-03T03:11:27.812+0000 7faed1400700 1 -- 172.21.15.117:0/3011208155 --> [v2:172.21.15.117:6800/1398160887,v1:172.21.15.117:6801/1398160887] -- mgr_command(tid 0: {"prefix": "dashboard create-self-signed-cert", "target": ["mon-mgr", ""]}) -- 0x7faecc107b90 con 0x7faeb0039050
2024-06-03T03:11:28.602 INFO:teuthology.orchestra.run.smithi117.stdout:/usr/bin/ceph: stderr
2024-06-03T03:11:27.905+0000 7faec3400700 1 -- 172.21.15.117:0/3011208155 <== mgr.14152 v2:172.21.15.117:6800/1398160887 1 ==== mgr_command_reply(tid 0: 0 ) ==== 8+0+32 (secure 0 0 0) 0x7faecc107b90 con 0x7faeb0039050
2024-06-03T03:11:28.602 INFO:teuthology.orchestra.run.smithi117.stdout:/usr/bin/ceph: stderr
2024-06-03T03:11:27.909+0000 7faed1400700 1 -- 172.21.15.117:0/3011208155 >> [v2:172.21.15.117:6800/1398160887,v1:172.21.15.117:6801/1398160887] conn(0x7faeb0039050 msgr2=0x7faeb003b510 secure :-1 s=STATE_CONNECTION_ESTABLISHED l=1).mark_down
2024-06-03T03:11:28.602 INFO:teuthology.orchestra.run.smithi117.stdout:/usr/bin/ceph: stderr
2024-06-03T03:11:27.909+0000 7faed1400700 1 --2- 172.21.15.117:0/3011208155 >> [v2:172.21.15.117:6800/1398160887,v1:172.21.15.117:6801/1398160887] conn(0x7faeb0039050 0x7faeb003b510 secure :-1 s=READY pgs=7 cs=0 l=1 rev1=1 crypto rx=0x7faeb8006fd0 tx=0x7faeb8006e40 comp rx=0 tx=0).stop
2024-06-03T03:11:28.602 INFO:teuthology.orchestra.run.smithi117.stdout:/usr/bin/ceph: stderr
2024-06-03T03:11:27.909+0000 7faed1400700 1 -- 172.21.15.117:0/3011208155 >> [v2:172.21.15.117:3300/0,v1:172.21.15.117:6789/0] conn(0x7faecc10a170 msgr2=0x7faecc1a24d0 secure :-1 s=STATE_CONNECTION_ESTABLISHED l=1).mark_down
2024-06-03T03:11:28.602 INFO:teuthology.orchestra.run.smithi117.stdout:/usr/bin/ceph: stderr
2024-06-03T03:11:27.909+0000 7faed1400700 1 --2- 172.21.15.117:0/3011208155 >> [v2:172.21.15.117:3300/0,v1:172.21.15.117:6789/0] conn(0x7faecc10a170 0x7faecc1a24d0 secure :-1 s=READY pgs=71 cs=0 l=1 rev1=1 crypto rx=0x7faebc0117e0 tx=0x7faebc011c10 comp rx=0 tx=0).stop
2024-06-03T03:11:28.602 INFO:teuthology.orchestra.run.smithi117.stdout:/usr/bin/ceph: stderr
2024-06-03T03:11:27.909+0000 7faed1400700 1 -- 172.21.15.117:0/3011208155 shutdown_connections
2024-06-03T03:11:28.602 INFO:teuthology.orchestra.run.smithi117.stdout:/usr/bin/ceph: stderr
2024-06-03T03:11:27.909+0000 7faed1400700 1 --2- 172.21.15.117:0/3011208155 >> [v2:172.21.15.117:6800/1398160887,v1:172.21.15.117:6801/1398160887] conn(0x7faeb0039050 0x7faeb003b510 unknown :-1 s=CLOSED pgs=7 cs=0 l=1 rev1=1 crypto rx=0 tx=0 comp rx=0 tx=0).stop
2024-06-03T03:11:28.603 INFO:teuthology.orchestra.run.smithi117.stdout:/usr/bin/ceph: stderr
2024-06-03T03:11:27.909+0000 7faed1400700 1 --2- 172.21.15.117:0/3011208155 >> [v2:172.21.15.117:3300/0,v1:172.21.15.117:6789/0] conn(0x7faecc10a170 0x7faecc1a24d0 unknown :-1 s=CLOSED pgs=71 cs=0 l=1 rev1=1 crypto rx=0 tx=0 comp rx=0 tx=0).stop
2024-06-03T03:11:28.603 INFO:teuthology.orchestra.run.smithi117.stdout:/usr/bin/ceph: stderr
2024-06-03T03:11:27.909+0000 7faed1400700 1 -- 172.21.15.117:0/3011208155 >> 172.21.15.117:0/3011208155 conn(0x7faecc07d6c0 msgr2=0x7faecc107480 unknown :-1 s=STATE_NONE l=0).mark_down
2024-06-03T03:11:28.603 INFO:teuthology.orchestra.run.smithi117.stdout:/usr/bin/ceph: stderr
2024-06-03T03:11:27.909+0000 7faed1400700 1 -- 172.21.15.117:0/3011208155 shutdown_connections
2024-06-03T03:11:28.603 INFO:teuthology.orchestra.run.smithi117.stdout:/usr/bin/ceph: stderr
2024-06-03T03:11:27.910+0000 7faed1400700 1 -- 172.21.15.117:0/3011208155 wait complete.
2024-06-03T03:11:28.603 INFO:teuthology.orchestra.run.smithi117.stdout:Creating initial admin user...
2024-06-03T03:11:28.946 INFO:journalctl@ceph.mon.a.smithi117.stdout:Jun 03 03:11:28 smithi117 ceph-mon[31649]: from='client.14164 -' entity='client.admin' cmd=[{"prefix": "dashboard create-self-signed-cert", "target": ["mon-mgr", ""]}]: dispatch
2024-06-03T03:11:28.946 INFO:journalctl@ceph.mon.a.smithi117.stdout:Jun 03 03:11:28 smithi117 ceph-mon[31649]: from='mgr.14152 172.21.15.117:0/649815484' entity='mgr.x'
2024-06-03T03:11:28.947 INFO:journalctl@ceph.mon.a.smithi117.stdout:Jun 03 03:11:28 smithi117 ceph-mon[31649]: from='mgr.14152 172.21.15.117:0/649815484' entity='mgr.x'
2024-06-03T03:11:30.507 INFO:teuthology.orchestra.run.smithi117.stdout:/usr/bin/ceph: stdout {"username": "admin", "password": "$2b$12$wqGAN2BwyH4RU7XwZyScseVUaE..Yinfy8hm7h7EPiYznLeotbSQW", "roles": ["administrator"], "name": null, "email": null, "lastUpdate": 1717384289, "enabled": true, "pwdExpirationDate": null, "pwdUpdateRequired": true}
2024-06-03T03:11:30.507 INFO:teuthology.orchestra.run.smithi117.stdout:/usr/bin/ceph: stderr
2024-06-03T03:11:29.307+0000 7fa80e800700 1 Processor -- start
2024-06-03T03:11:30.507 INFO:teuthology.orchestra.run.smithi117.stdout:/usr/bin/ceph: stderr
2024-06-03T03:11:29.307+0000 7fa80e800700 1 -- start start
2024-06-03T03:11:30.507 INFO:teuthology.orchestra.run.smithi117.stdout:/usr/bin/ceph: stderr
2024-06-03T03:11:29.307+0000 7fa80e800700 1 --2- >> [v2:172.21.15.117:3300/0,v1:172.21.15.117:6789/0] conn(0x7fa808107d80 0x7fa8081081a0 unknown :-1 s=NONE pgs=0 cs=0 l=0 rev1=0 crypto rx=0 tx=0 comp rx=0 tx=0).connect
2024-06-03T03:11:30.507 INFO:teuthology.orchestra.run.smithi117.stdout:/usr/bin/ceph: stderr
2024-06-03T03:11:29.307+0000 7fa80e800700 1 -- --> [v2:172.21.15.117:3300/0,v1:172.21.15.117:6789/0] -- mon_getmap magic: 0 -- 0x7fa808108770 con 0x7fa808107d80
2024-06-03T03:11:30.507 INFO:teuthology.orchestra.run.smithi117.stdout:/usr/bin/ceph: stderr
2024-06-03T03:11:29.308+0000 7fa80d400700 1 --2- >> [v2:172.21.15.117:3300/0,v1:172.21.15.117:6789/0] conn(0x7fa808107d80 0x7fa8081081a0 unknown :-1 s=BANNER_CONNECTING pgs=0 cs=0 l=0 rev1=0 crypto rx=0 tx=0 comp rx=0 tx=0)._handle_peer_banner_payload supported=3 required=0
2024-06-03T03:11:30.507 INFO:teuthology.orchestra.run.smithi117.stdout:/usr/bin/ceph: stderr
2024-06-03T03:11:29.308+0000 7fa80d400700 1 --2- >> [v2:172.21.15.117:3300/0,v1:172.21.15.117:6789/0] conn(0x7fa808107d80 0x7fa8081081a0 unknown :-1 s=HELLO_CONNECTING pgs=0 cs=0 l=0 rev1=1 crypto rx=0 tx=0 comp rx=0 tx=0).handle_hello peer v2:172.21.15.117:3300/0 says I am v2:172.21.15.117:39140/0 (socket says 172.21.15.117:39140)
2024-06-03T03:11:30.507 INFO:teuthology.orchestra.run.smithi117.stdout:/usr/bin/ceph: stderr
2024-06-03T03:11:29.308+0000 7fa80d400700 1 -- 172.21.15.117:0/60644563 learned_addr learned my addr 172.21.15.117:0/60644563 (peer_addr_for_me v2:172.21.15.117:0/0)
2024-06-03T03:11:30.507 INFO:teuthology.orchestra.run.smithi117.stdout:/usr/bin/ceph: stderr
2024-06-03T03:11:29.308+0000 7fa80d400700 1 -- 172.21.15.117:0/60644563 --> [v2:172.21.15.117:3300/0,v1:172.21.15.117:6789/0] -- mon_subscribe({config=0+,monmap=0+}) -- 0x7fa808108f80 con 0x7fa808107d80
2024-06-03T03:11:30.507 INFO:teuthology.orchestra.run.smithi117.stdout:/usr/bin/ceph: stderr
2024-06-03T03:11:29.309+0000 7fa80d400700 1 --2- 172.21.15.117:0/60644563 >> [v2:172.21.15.117:3300/0,v1:172.21.15.117:6789/0] conn(0x7fa808107d80 0x7fa8081081a0 secure :-1 s=READY pgs=72 cs=0 l=1 rev1=1 crypto rx=0x7fa7fc009e80 tx=0x7fa7fc00b330 comp rx=0 tx=0).ready entity=mon.0 client_cookie=a0ac946e41d9e3cc server_cookie=0 in_seq=0 out_seq=0
2024-06-03T03:11:30.512 INFO:teuthology.orchestra.run.smithi117.stdout:/usr/bin/ceph: stderr
2024-06-03T03:11:29.309+0000 7fa807e00700 1 -- 172.21.15.117:0/60644563 <== mon.0 v2:172.21.15.117:3300/0 1 ==== mon_map magic: 0 ==== 205+0+0 (secure 0 0 0) 0x7fa7fc017070 con 0x7fa808107d80
2024-06-03T03:11:30.512 INFO:teuthology.orchestra.run.smithi117.stdout:/usr/bin/ceph: stderr
2024-06-03T03:11:29.309+0000 7fa807e00700 1 -- 172.21.15.117:0/60644563 <== mon.0 v2:172.21.15.117:3300/0 2 ==== config(27 keys) ==== 1140+0+0 (secure 0 0 0) 0x7fa7fc00b8c0 con 0x7fa808107d80
2024-06-03T03:11:30.512 INFO:teuthology.orchestra.run.smithi117.stdout:/usr/bin/ceph: stderr
2024-06-03T03:11:29.309+0000 7fa807e00700 1 -- 172.21.15.117:0/60644563 <== mon.0 v2:172.21.15.117:3300/0 3 ==== mon_map magic: 0 ==== 205+0+0 (secure 0 0 0) 0x7fa7fc0045c0 con 0x7fa808107d80
2024-06-03T03:11:30.512 INFO:teuthology.orchestra.run.smithi117.stdout:/usr/bin/ceph: stderr
2024-06-03T03:11:29.310+0000 7fa80e800700 1 -- 172.21.15.117:0/60644563 >> [v2:172.21.15.117:3300/0,v1:172.21.15.117:6789/0] conn(0x7fa808107d80 msgr2=0x7fa8081081a0 secure :-1 s=STATE_CONNECTION_ESTABLISHED l=1).mark_down
