2024-06-03T03:10:36.197 INFO:journalctl@ceph.mon.a.smithi117.stdout:Jun 03 03:10:35 smithi117 ceph-mon[31649]: mgrmap e2: x(active, starting, since 0.0102092s)
2024-06-03T03:10:36.197 INFO:journalctl@ceph.mon.a.smithi117.stdout:Jun 03 03:10:35 smithi117 ceph-mon[31649]: from='mgr.14100 172.21.15.117:0/2092201765' entity='mgr.x' cmd=[{"prefix": "mds metadata"}]: dispatch
2024-06-03T03:10:36.197 INFO:journalctl@ceph.mon.a.smithi117.stdout:Jun 03 03:10:35 smithi117 ceph-mon[31649]: from='mgr.14100 172.21.15.117:0/2092201765' entity='mgr.x' cmd=[{"prefix": "osd metadata"}]: dispatch
2024-06-03T03:10:36.197 INFO:journalctl@ceph.mon.a.smithi117.stdout:Jun 03 03:10:35 smithi117 ceph-mon[31649]: from='mgr.14100 172.21.15.117:0/2092201765' entity='mgr.x' cmd=[{"prefix": "mon metadata"}]: dispatch
2024-06-03T03:10:36.197 INFO:journalctl@ceph.mon.a.smithi117.stdout:Jun 03 03:10:35 smithi117 ceph-mon[31649]: from='mgr.14100 172.21.15.117:0/2092201765' entity='mgr.x' cmd=[{"prefix": "mds metadata"}]: dispatch
2024-06-03T03:10:36.197 INFO:journalctl@ceph.mon.a.smithi117.stdout:Jun 03 03:10:35 smithi117 ceph-mon[31649]: from='mgr.14100 172.21.15.117:0/2092201765' entity='mgr.x' cmd=[{"prefix": "osd metadata"}]: dispatch
2024-06-03T03:10:36.197 INFO:journalctl@ceph.mon.a.smithi117.stdout:Jun 03 03:10:35 smithi117 ceph-mon[31649]: from='mgr.14100 172.21.15.117:0/2092201765' entity='mgr.x' cmd=[{"prefix": "mon metadata"}]: dispatch
2024-06-03T03:10:36.197 INFO:journalctl@ceph.mon.a.smithi117.stdout:Jun 03 03:10:35 smithi117 ceph-mon[31649]: from='mgr.14100 172.21.15.117:0/2092201765' entity='mgr.x' cmd=[{"prefix": "mon metadata", "id": "a"}]: dispatch
2024-06-03T03:10:36.197 INFO:journalctl@ceph.mon.a.smithi117.stdout:Jun 03 03:10:35 smithi117 ceph-mon[31649]: from='mgr.14100 172.21.15.117:0/2092201765' entity='mgr.x' cmd=[{"prefix": "mgr metadata", "who": "x", "id": "x"}]: dispatch
2024-06-03T03:10:36.198 INFO:journalctl@ceph.mon.a.smithi117.stdout:Jun 03 03:10:35 smithi117 ceph-mon[31649]: Manager daemon x is now available
2024-06-03T03:10:36.198 INFO:journalctl@ceph.mon.a.smithi117.stdout:Jun 03 03:10:35 smithi117 ceph-mon[31649]: from='mgr.14100 172.21.15.117:0/2092201765' entity='mgr.x' cmd=[{"prefix":"config rm","who":"mgr","name":"mgr/rbd_support/x/mirror_snapshot_schedule"}]: dispatch
2024-06-03T03:10:36.198 INFO:journalctl@ceph.mon.a.smithi117.stdout:Jun 03 03:10:35 smithi117 ceph-mon[31649]: from='mgr.14100 172.21.15.117:0/2092201765' entity='mgr.x' cmd=[{"prefix":"config rm","who":"mgr","name":"mgr/rbd_support/x/trash_purge_schedule"}]: dispatch
2024-06-03T03:10:36.198 INFO:journalctl@ceph.mon.a.smithi117.stdout:Jun 03 03:10:35 smithi117 ceph-mon[31649]: from='mgr.14100 172.21.15.117:0/2092201765' entity='mgr.x'
2024-06-03T03:10:36.198 INFO:journalctl@ceph.mon.a.smithi117.stdout:Jun 03 03:10:35 smithi117 ceph-mon[31649]: from='mgr.14100 172.21.15.117:0/2092201765' entity='mgr.x'
2024-06-03T03:10:36.198 INFO:journalctl@ceph.mon.a.smithi117.stdout:Jun 03 03:10:35 smithi117 ceph-mon[31649]: from='mgr.14100 172.21.15.117:0/2092201765' entity='mgr.x'
2024-06-03T03:10:37.696 INFO:journalctl@ceph.mon.a.smithi117.stdout:Jun 03 03:10:37 smithi117 ceph-mon[31649]: mgrmap e3: x(active, since 1.0181s)
2024-06-03T03:10:38.696 INFO:journalctl@ceph.mon.a.smithi117.stdout:Jun 03 03:10:38 smithi117 ceph-mon[31649]: mgrmap e4: x(active, since 2s)
2024-06-03T03:10:39.139 INFO:teuthology.orchestra.run.smithi117.stdout:/usr/bin/ceph: stdout
2024-06-03T03:10:39.139 INFO:teuthology.orchestra.run.smithi117.stdout:/usr/bin/ceph: stdout {
2024-06-03T03:10:39.140 INFO:teuthology.orchestra.run.smithi117.stdout:/usr/bin/ceph: stdout "fsid": "a0e8473a-2156-11ef-bc9b-c7b262605968",
2024-06-03T03:10:39.140 INFO:teuthology.orchestra.run.smithi117.stdout:/usr/bin/ceph: stdout "health": {
2024-06-03T03:10:39.140 INFO:teuthology.orchestra.run.smithi117.stdout:/usr/bin/ceph: stdout "status": "HEALTH_OK",
2024-06-03T03:10:39.140 INFO:teuthology.orchestra.run.smithi117.stdout:/usr/bin/ceph: stdout "checks": {},
2024-06-03T03:10:39.141 INFO:teuthology.orchestra.run.smithi117.stdout:/usr/bin/ceph: stdout "mutes": []
2024-06-03T03:10:39.141 INFO:teuthology.orchestra.run.smithi117.stdout:/usr/bin/ceph: stdout },
2024-06-03T03:10:39.141 INFO:teuthology.orchestra.run.smithi117.stdout:/usr/bin/ceph: stdout "election_epoch": 5,
2024-06-03T03:10:39.141 INFO:teuthology.orchestra.run.smithi117.stdout:/usr/bin/ceph: stdout "quorum": [
2024-06-03T03:10:39.141 INFO:teuthology.orchestra.run.smithi117.stdout:/usr/bin/ceph: stdout 0
2024-06-03T03:10:39.142 INFO:teuthology.orchestra.run.smithi117.stdout:/usr/bin/ceph: stdout ],
2024-06-03T03:10:39.142 INFO:teuthology.orchestra.run.smithi117.stdout:/usr/bin/ceph: stdout "quorum_names": [
2024-06-03T03:10:39.142 INFO:teuthology.orchestra.run.smithi117.stdout:/usr/bin/ceph: stdout "a"
2024-06-03T03:10:39.142 INFO:teuthology.orchestra.run.smithi117.stdout:/usr/bin/ceph: stdout ],
2024-06-03T03:10:39.142 INFO:teuthology.orchestra.run.smithi117.stdout:/usr/bin/ceph: stdout "quorum_age": 14,
2024-06-03T03:10:39.142 INFO:teuthology.orchestra.run.smithi117.stdout:/usr/bin/ceph: stdout "monmap": {
2024-06-03T03:10:39.142 INFO:teuthology.orchestra.run.smithi117.stdout:/usr/bin/ceph: stdout "epoch": 1,
2024-06-03T03:10:39.142 INFO:teuthology.orchestra.run.smithi117.stdout:/usr/bin/ceph: stdout "min_mon_release_name": "squid",
2024-06-03T03:10:39.144 INFO:teuthology.orchestra.run.smithi117.stdout:/usr/bin/ceph: stdout "num_mons": 1
2024-06-03T03:10:39.144 INFO:teuthology.orchestra.run.smithi117.stdout:/usr/bin/ceph: stdout },
2024-06-03T03:10:39.144 INFO:teuthology.orchestra.run.smithi117.stdout:/usr/bin/ceph: stdout "osdmap": {
2024-06-03T03:10:39.144 INFO:teuthology.orchestra.run.smithi117.stdout:/usr/bin/ceph: stdout "epoch": 1,
2024-06-03T03:10:39.144 INFO:teuthology.orchestra.run.smithi117.stdout:/usr/bin/ceph: stdout "num_osds": 0,
2024-06-03T03:10:39.144 INFO:teuthology.orchestra.run.smithi117.stdout:/usr/bin/ceph: stdout "num_up_osds": 0,
2024-06-03T03:10:39.144 INFO:teuthology.orchestra.run.smithi117.stdout:/usr/bin/ceph: stdout "osd_up_since": 0,
2024-06-03T03:10:39.144 INFO:teuthology.orchestra.run.smithi117.stdout:/usr/bin/ceph: stdout "num_in_osds": 0,
2024-06-03T03:10:39.144 INFO:teuthology.orchestra.run.smithi117.stdout:/usr/bin/ceph: stdout "osd_in_since": 0,
2024-06-03T03:10:39.144 INFO:teuthology.orchestra.run.smithi117.stdout:/usr/bin/ceph: stdout "num_remapped_pgs": 0
2024-06-03T03:10:39.147 INFO:teuthology.orchestra.run.smithi117.stdout:/usr/bin/ceph: stdout },
2024-06-03T03:10:39.147 INFO:teuthology.orchestra.run.smithi117.stdout:/usr/bin/ceph: stdout "pgmap": {
2024-06-03T03:10:39.147 INFO:teuthology.orchestra.run.smithi117.stdout:/usr/bin/ceph: stdout "pgs_by_state": [],
2024-06-03T03:10:39.147 INFO:teuthology.orchestra.run.smithi117.stdout:/usr/bin/ceph: stdout "num_pgs": 0,
2024-06-03T03:10:39.148 INFO:teuthology.orchestra.run.smithi117.stdout:/usr/bin/ceph: stdout "num_pools": 0,
2024-06-03T03:10:39.148 INFO:teuthology.orchestra.run.smithi117.stdout:/usr/bin/ceph: stdout "num_objects": 0,
2024-06-03T03:10:39.148 INFO:teuthology.orchestra.run.smithi117.stdout:/usr/bin/ceph: stdout "data_bytes": 0,
2024-06-03T03:10:39.148 INFO:teuthology.orchestra.run.smithi117.stdout:/usr/bin/ceph: stdout "bytes_used": 0,
2024-06-03T03:10:39.148 INFO:teuthology.orchestra.run.smithi117.stdout:/usr/bin/ceph: stdout "bytes_avail": 0,
2024-06-03T03:10:39.148 INFO:teuthology.orchestra.run.smithi117.stdout:/usr/bin/ceph: stdout "bytes_total": 0
2024-06-03T03:10:39.148 INFO:teuthology.orchestra.run.smithi117.stdout:/usr/bin/ceph: stdout },
2024-06-03T03:10:39.148 INFO:teuthology.orchestra.run.smithi117.stdout:/usr/bin/ceph: stdout "fsmap": {
2024-06-03T03:10:39.148 INFO:teuthology.orchestra.run.smithi117.stdout:/usr/bin/ceph: stdout "epoch": 1,
2024-06-03T03:10:39.148 INFO:teuthology.orchestra.run.smithi117.stdout:/usr/bin/ceph: stdout "by_rank": [],
2024-06-03T03:10:39.148 INFO:teuthology.orchestra.run.smithi117.stdout:/usr/bin/ceph: stdout "up:standby": 0
2024-06-03T03:10:39.148 INFO:teuthology.orchestra.run.smithi117.stdout:/usr/bin/ceph: stdout },
2024-06-03T03:10:39.148 INFO:teuthology.orchestra.run.smithi117.stdout:/usr/bin/ceph: stdout "mgrmap": {
2024-06-03T03:10:39.149 INFO:teuthology.orchestra.run.smithi117.stdout:/usr/bin/ceph: stdout "available": true,
2024-06-03T03:10:39.149 INFO:teuthology.orchestra.run.smithi117.stdout:/usr/bin/ceph: stdout "num_standbys": 0,
2024-06-03T03:10:39.149 INFO:teuthology.orchestra.run.smithi117.stdout:/usr/bin/ceph: stdout "modules": [
2024-06-03T03:10:39.149 INFO:teuthology.orchestra.run.smithi117.stdout:/usr/bin/ceph: stdout "iostat",
2024-06-03T03:10:39.149 INFO:teuthology.orchestra.run.smithi117.stdout:/usr/bin/ceph: stdout "nfs",
2024-06-03T03:10:39.149 INFO:teuthology.orchestra.run.smithi117.stdout:/usr/bin/ceph: stdout "restful"
2024-06-03T03:10:39.149 INFO:teuthology.orchestra.run.smithi117.stdout:/usr/bin/ceph: stdout ],
2024-06-03T03:10:39.149 INFO:teuthology.orchestra.run.smithi117.stdout:/usr/bin/ceph: stdout "services": {}
2024-06-03T03:10:39.149 INFO:teuthology.orchestra.run.smithi117.stdout:/usr/bin/ceph: stdout },
2024-06-03T03:10:39.149 INFO:teuthology.orchestra.run.smithi117.stdout:/usr/bin/ceph: stdout "servicemap": {
2024-06-03T03:10:39.149 INFO:teuthology.orchestra.run.smithi117.stdout:/usr/bin/ceph: stdout "epoch": 1,
2024-06-03T03:10:39.150 INFO:teuthology.orchestra.run.smithi117.stdout:/usr/bin/ceph: stdout "modified": "2024-06-03T03:10:08.447523+0000",
2024-06-03T03:10:39.155 INFO:teuthology.orchestra.run.smithi117.stdout:/usr/bin/ceph: stdout "services": {}
2024-06-03T03:10:39.155 INFO:teuthology.orchestra.run.smithi117.stdout:/usr/bin/ceph: stdout },
2024-06-03T03:10:39.155 INFO:teuthology.orchestra.run.smithi117.stdout:/usr/bin/ceph: stdout "progress_events": {}
2024-06-03T03:10:39.155 INFO:teuthology.orchestra.run.smithi117.stdout:/usr/bin/ceph: stdout }
2024-06-03T03:10:39.155 INFO:teuthology.orchestra.run.smithi117.stdout:/usr/bin/ceph: stderr
2024-06-03T03:10:38.132+0000 7f5515400700 1 Processor -- start
2024-06-03T03:10:39.155 INFO:teuthology.orchestra.run.smithi117.stdout:/usr/bin/ceph: stderr
2024-06-03T03:10:38.132+0000 7f5515400700 1 -- start start
2024-06-03T03:10:39.155 INFO:teuthology.orchestra.run.smithi117.stdout:/usr/bin/ceph: stderr
2024-06-03T03:10:38.132+0000 7f5515400700 1 --2- >> [v2:172.21.15.117:3300/0,v1:172.21.15.117:6789/0] conn(0x7f5510081e10 0x7f5510082230 unknown :-1 s=NONE pgs=0 cs=0 l=0 rev1=0 crypto rx=0 tx=0 comp rx=0 tx=0).connect
2024-06-03T03:10:39.156 INFO:teuthology.orchestra.run.smithi117.stdout:/usr/bin/ceph: stderr
2024-06-03T03:10:38.132+0000 7f5515400700 1 -- --> [v2:172.21.15.117:3300/0,v1:172.21.15.117:6789/0] -- mon_getmap magic: 0 -- 0x7f5510082800 con 0x7f5510081e10
2024-06-03T03:10:39.156 INFO:teuthology.orchestra.run.smithi117.stdout:/usr/bin/ceph: stderr
2024-06-03T03:10:38.133+0000 7f550fe00700 1 --2- >> [v2:172.21.15.117:3300/0,v1:172.21.15.117:6789/0] conn(0x7f5510081e10 0x7f5510082230 unknown :-1 s=BANNER_CONNECTING pgs=0 cs=0 l=0 rev1=0 crypto rx=0 tx=0 comp rx=0 tx=0)._handle_peer_banner_payload supported=3 required=0
2024-06-03T03:10:39.156 INFO:teuthology.orchestra.run.smithi117.stdout:/usr/bin/ceph: stderr
2024-06-03T03:10:38.133+0000 7f550fe00700 1 --2- >> [v2:172.21.15.117:3300/0,v1:172.21.15.117:6789/0] conn(0x7f5510081e10 0x7f5510082230 unknown :-1 s=HELLO_CONNECTING pgs=0 cs=0 l=0 rev1=1 crypto rx=0 tx=0 comp rx=0 tx=0).handle_hello peer v2:172.21.15.117:3300/0 says I am v2:172.21.15.117:56874/0 (socket says 172.21.15.117:56874)
2024-06-03T03:10:39.156 INFO:teuthology.orchestra.run.smithi117.stdout:/usr/bin/ceph: stderr
2024-06-03T03:10:38.133+0000 7f550fe00700 1 -- 172.21.15.117:0/3661274334 learned_addr learned my addr 172.21.15.117:0/3661274334 (peer_addr_for_me v2:172.21.15.117:0/0)
2024-06-03T03:10:39.156 INFO:teuthology.orchestra.run.smithi117.stdout:/usr/bin/ceph: stderr
2024-06-03T03:10:38.133+0000 7f550fe00700 1 -- 172.21.15.117:0/3661274334 --> [v2:172.21.15.117:3300/0,v1:172.21.15.117:6789/0] -- mon_subscribe({config=0+,monmap=0+}) -- 0x7f551010f600 con 0x7f5510081e10
2024-06-03T03:10:39.156 INFO:teuthology.orchestra.run.smithi117.stdout:/usr/bin/ceph: stderr
2024-06-03T03:10:38.133+0000 7f550fe00700 1 --2- 172.21.15.117:0/3661274334 >> [v2:172.21.15.117:3300/0,v1:172.21.15.117:6789/0] conn(0x7f5510081e10 0x7f5510082230 secure :-1 s=READY pgs=18 cs=0 l=1 rev1=1 crypto rx=0x7f55000098a0 tx=0x7f5500009bb0 comp rx=0 tx=0).ready entity=mon.0 client_cookie=accd8f14a3a597de server_cookie=0 in_seq=0 out_seq=0
2024-06-03T03:10:39.156 INFO:teuthology.orchestra.run.smithi117.stdout:/usr/bin/ceph: stderr
2024-06-03T03:10:38.134+0000 7f550ea00700 1 -- 172.21.15.117:0/3661274334 <== mon.0 v2:172.21.15.117:3300/0 1 ==== mon_map magic: 0 ==== 205+0+0 (secure 0 0 0) 0x7f5500004160 con 0x7f5510081e10
2024-06-03T03:10:39.156 INFO:teuthology.orchestra.run.smithi117.stdout:/usr/bin/ceph: stderr
2024-06-03T03:10:38.134+0000 7f550ea00700 1 -- 172.21.15.117:0/3661274334 <== mon.0 v2:172.21.15.117:3300/0 2 ==== config(27 keys) ==== 1109+0+0 (secure 0 0 0) 0x7f5500004300 con 0x7f5510081e10
2024-06-03T03:10:39.156 INFO:teuthology.orchestra.run.smithi117.stdout:/usr/bin/ceph: stderr
2024-06-03T03:10:38.134+0000 7f550ea00700 1 -- 172.21.15.117:0/3661274334 <== mon.0 v2:172.21.15.117:3300/0 3 ==== mon_map magic: 0 ==== 205+0+0 (secure 0 0 0) 0x7f5500011b50 con 0x7f5510081e10
2024-06-03T03:10:39.156 INFO:teuthology.orchestra.run.smithi117.stdout:/usr/bin/ceph: stderr
2024-06-03T03:10:38.134+0000 7f5515400700 1 -- 172.21.15.117:0/3661274334 >> [v2:172.21.15.117:3300/0,v1:172.21.15.117:6789/0] conn(0x7f5510081e10 msgr2=0x7f5510082230 secure :-1 s=STATE_CONNECTION_ESTABLISHED l=1).mark_down
2024-06-03T03:10:39.157 INFO:teuthology.orchestra.run.smithi117.stdout:/usr/bin/ceph: stderr
2024-06-03T03:10:38.134+0000 7f5515400700 1 --2- 172.21.15.117:0/3661274334 >> [v2:172.21.15.117:3300/0,v1:172.21.15.117:6789/0] conn(0x7f5510081e10 0x7f5510082230 secure :-1 s=READY pgs=18 cs=0 l=1 rev1=1 crypto rx=0x7f55000098a0 tx=0x7f5500009bb0 comp rx=0 tx=0).stop
2024-06-03T03:10:39.157 INFO:teuthology.orchestra.run.smithi117.stdout:/usr/bin/ceph: stderr
2024-06-03T03:10:38.134+0000 7f5515400700 1 -- 172.21.15.117:0/3661274334 shutdown_connections
2024-06-03T03:10:39.157 INFO:teuthology.orchestra.run.smithi117.stdout:/usr/bin/ceph: stderr
2024-06-03T03:10:38.134+0000 7f5515400700 1 --2- 172.21.15.117:0/3661274334 >> [v2:172.21.15.117:3300/0,v1:172.21.15.117:6789/0] conn(0x7f5510081e10 0x7f5510082230 unknown :-1 s=CLOSED pgs=18 cs=0 l=1 rev1=1 crypto rx=0 tx=0 comp rx=0 tx=0).stop
2024-06-03T03:10:39.157 INFO:teuthology.orchestra.run.smithi117.stdout:/usr/bin/ceph: stderr
2024-06-03T03:10:38.134+0000 7f5515400700 1 -- 172.21.15.117:0/3661274334 >> 172.21.15.117:0/3661274334 conn(0x7f551007d370 msgr2=0x7f551007f7b0 unknown :-1 s=STATE_NONE l=0).mark_down
2024-06-03T03:10:39.157 INFO:teuthology.orchestra.run.smithi117.stdout:/usr/bin/ceph: stderr
2024-06-03T03:10:38.135+0000 7f5515400700 1 -- 172.21.15.117:0/3661274334 shutdown_connections
2024-06-03T03:10:39.157 INFO:teuthology.orchestra.run.smithi117.stdout:/usr/bin/ceph: stderr
2024-06-03T03:10:38.135+0000 7f5515400700 1 -- 172.21.15.117:0/3661274334 wait complete.
2024-06-03T03:10:39.157 INFO:teuthology.orchestra.run.smithi117.stdout:/usr/bin/ceph: stderr
2024-06-03T03:10:38.136+0000 7f5515400700 1 Processor -- start
2024-06-03T03:10:39.157 INFO:teuthology.orchestra.run.smithi117.stdout:/usr/bin/ceph: stderr
2024-06-03T03:10:38.136+0000 7f5515400700 1 -- start start
2024-06-03T03:10:39.157 INFO:teuthology.orchestra.run.smithi117.stdout:/usr/bin/ceph: stderr
2024-06-03T03:10:38.136+0000 7f5515400700 1 --2- >> [v2:172.21.15.117:3300/0,v1:172.21.15.117:6789/0] conn(0x7f5510081e10 0x7f55101a2410 unknown :-1 s=NONE pgs=0 cs=0 l=1 rev1=0 crypto rx=0 tx=0 comp rx=0 tx=0).connect
2024-06-03T03:10:39.157 INFO:teuthology.orchestra.run.smithi117.stdout:/usr/bin/ceph: stderr
2024-06-03T03:10:38.136+0000 7f5515400700 1 -- --> [v2:172.21.15.117:3300/0,v1:172.21.15.117:6789/0] -- mon_getmap magic: 0 -- 0x7f55101129b0 con 0x7f5510081e10
2024-06-03T03:10:39.157 INFO:teuthology.orchestra.run.smithi117.stdout:/usr/bin/ceph: stderr
2024-06-03T03:10:38.136+0000 7f550fe00700 1 --2- >> [v2:172.21.15.117:3300/0,v1:172.21.15.117:6789/0] conn(0x7f5510081e10 0x7f55101a2410 unknown :-1 s=BANNER_CONNECTING pgs=0 cs=0 l=1 rev1=0 crypto rx=0 tx=0 comp rx=0 tx=0)._handle_peer_banner_payload supported=3 required=0
2024-06-03T03:10:39.157 INFO:teuthology.orchestra.run.smithi117.stdout:/usr/bin/ceph: stderr
2024-06-03T03:10:38.136+0000 7f550fe00700 1 --2- >> [v2:172.21.15.117:3300/0,v1:172.21.15.117:6789/0] conn(0x7f5510081e10 0x7f55101a2410 unknown :-1 s=HELLO_CONNECTING pgs=0 cs=0 l=1 rev1=1 crypto rx=0 tx=0 comp rx=0 tx=0).handle_hello peer v2:172.21.15.117:3300/0 says I am v2:172.21.15.117:56886/0 (socket says 172.21.15.117:56886)
2024-06-03T03:10:39.157 INFO:teuthology.orchestra.run.smithi117.stdout:/usr/bin/ceph: stderr
2024-06-03T03:10:38.136+0000 7f550fe00700 1 -- 172.21.15.117:0/3241504469 learned_addr learned my addr 172.21.15.117:0/3241504469 (peer_addr_for_me v2:172.21.15.117:0/0)
2024-06-03T03:10:39.158 INFO:teuthology.orchestra.run.smithi117.stdout:/usr/bin/ceph: stderr
2024-06-03T03:10:38.137+0000 7f550fe00700 1 -- 172.21.15.117:0/3241504469 --> [v2:172.21.15.117:3300/0,v1:172.21.15.117:6789/0] -- mon_subscribe({config=0+,monmap=0+}) -- 0x7f55101a2950 con 0x7f5510081e10
2024-06-03T03:10:39.158 INFO:teuthology.orchestra.run.smithi117.stdout:/usr/bin/ceph: stderr
2024-06-03T03:10:38.137+0000 7f550fe00700 1 --2- 172.21.15.117:0/3241504469 >> [v2:172.21.15.117:3300/0,v1:172.21.15.117:6789/0] conn(0x7f5510081e10 0x7f55101a2410 secure :-1 s=READY pgs=19 cs=0 l=1 rev1=1 crypto rx=0x7f5500011b60 tx=0x7f5500011c40 comp rx=0 tx=0).ready entity=mon.0 client_cookie=0 server_cookie=0 in_seq=0 out_seq=0
2024-06-03T03:10:39.158 INFO:teuthology.orchestra.run.smithi117.stdout:/usr/bin/ceph: stderr
2024-06-03T03:10:38.137+0000 7f550cc00700 1 -- 172.21.15.117:0/3241504469 <== mon.0 v2:172.21.15.117:3300/0 1 ==== mon_map magic: 0 ==== 205+0+0 (secure 0 0 0) 0x7f5500003970 con 0x7f5510081e10
2024-06-03T03:10:39.158 INFO:teuthology.orchestra.run.smithi117.stdout:/usr/bin/ceph: stderr
2024-06-03T03:10:38.137+0000 7f550cc00700 1 -- 172.21.15.117:0/3241504469 <== mon.0 v2:172.21.15.117:3300/0 2 ==== config(27 keys) ==== 1109+0+0 (secure 0 0 0) 0x7f5500003b10 con 0x7f5510081e10
2024-06-03T03:10:39.158 INFO:teuthology.orchestra.run.smithi117.stdout:/usr/bin/ceph: stderr
2024-06-03T03:10:38.137+0000 7f550cc00700 1 -- 172.21.15.117:0/3241504469 <== mon.0 v2:172.21.15.117:3300/0 3 ==== mon_map magic: 0 ==== 205+0+0 (secure 0 0 0) 0x7f5500024580 con 0x7f5510081e10
2024-06-03T03:10:39.158 INFO:teuthology.orchestra.run.smithi117.stdout:/usr/bin/ceph: stderr
2024-06-03T03:10:38.137+0000 7f5515400700 1 -- 172.21.15.117:0/3241504469 --> [v2:172.21.15.117:3300/0,v1:172.21.15.117:6789/0] -- mon_subscribe({mgrmap=0+}) -- 0x7f55101a2be0 con 0x7f5510081e10
2024-06-03T03:10:39.158 INFO:teuthology.orchestra.run.smithi117.stdout:/usr/bin/ceph: stderr
2024-06-03T03:10:38.138+0000 7f5515400700 1 -- 172.21.15.117:0/3241504469 --> [v2:172.21.15.117:3300/0,v1:172.21.15.117:6789/0] -- mon_subscribe({osdmap=0}) -- 0x7f55101a58d0 con 0x7f5510081e10
2024-06-03T03:10:39.158 INFO:teuthology.orchestra.run.smithi117.stdout:/usr/bin/ceph: stderr
2024-06-03T03:10:38.139+0000 7f5515400700 1 -- 172.21.15.117:0/3241504469 --> [v2:172.21.15.117:3300/0,v1:172.21.15.117:6789/0] -- mon_command({"prefix": "get_command_descriptions"} v 0) -- 0x7f55100695b0 con 0x7f5510081e10
2024-06-03T03:10:39.158 INFO:teuthology.orchestra.run.smithi117.stdout:/usr/bin/ceph: stderr
2024-06-03T03:10:38.139+0000 7f550cc00700 1 -- 172.21.15.117:0/3241504469 <== mon.0 v2:172.21.15.117:3300/0 4 ==== mgrmap(e 4) ==== 46276+0+0 (secure 0 0 0) 0x7f550001a430 con 0x7f5510081e10
2024-06-03T03:10:39.158 INFO:teuthology.orchestra.run.smithi117.stdout:/usr/bin/ceph: stderr
2024-06-03T03:10:38.139+0000 7f550cc00700 1 --2- 172.21.15.117:0/3241504469 >> [v2:172.21.15.117:6800/2424554985,v1:172.21.15.117:6801/2424554985] conn(0x7f54f4039050 0x7f54f403b510 unknown :-1 s=NONE pgs=0 cs=0 l=1 rev1=0 crypto rx=0 tx=0 comp rx=0 tx=0).connect
2024-06-03T03:10:39.158 INFO:teuthology.orchestra.run.smithi117.stdout:/usr/bin/ceph: stderr
2024-06-03T03:10:38.139+0000 7f550cc00700 1 -- 172.21.15.117:0/3241504469 <== mon.0 v2:172.21.15.117:3300/0 5 ==== osd_map(1..1 src has 1..1) ==== 725+0+0 (secure 0 0 0) 0x7f5500011e00 con 0x7f5510081e10
2024-06-03T03:10:39.158 INFO:teuthology.orchestra.run.smithi117.stdout:/usr/bin/ceph: stderr
2024-06-03T03:10:38.140+0000 7f550f400700 1 --2- 172.21.15.117:0/3241504469 >> [v2:172.21.15.117:6800/2424554985,v1:172.21.15.117:6801/2424554985] conn(0x7f54f4039050 0x7f54f403b510 unknown :-1 s=BANNER_CONNECTING pgs=0 cs=0 l=1 rev1=0 crypto rx=0 tx=0 comp rx=0 tx=0)._handle_peer_banner_payload supported=3 required=0
2024-06-03T03:10:39.159 INFO:teuthology.orchestra.run.smithi117.stdout:/usr/bin/ceph: stderr
2024-06-03T03:10:38.141+0000 7f550f400700 1 --2- 172.21.15.117:0/3241504469 >> [v2:172.21.15.117:6800/2424554985,v1:172.21.15.117:6801/2424554985] conn(0x7f54f4039050 0x7f54f403b510 secure :-1 s=READY pgs=6 cs=0 l=1 rev1=1 crypto rx=0x7f54fc006fd0 tx=0x7f54fc006e40 comp rx=0 tx=0).ready entity=mgr.14100 client_cookie=0 server_cookie=0 in_seq=0 out_seq=0
2024-06-03T03:10:39.159 INFO:teuthology.orchestra.run.smithi117.stdout:/usr/bin/ceph: stderr
2024-06-03T03:10:38.146+0000 7f550cc00700 1 -- 172.21.15.117:0/3241504469 <== mon.0 v2:172.21.15.117:3300/0 6 ==== mon_command_ack([{"prefix": "get_command_descriptions"}]=0 v0) ==== 72+0+186418 (secure 0 0 0) 0x7f5500016260 con 0x7f5510081e10
2024-06-03T03:10:39.159 INFO:teuthology.orchestra.run.smithi117.stdout:/usr/bin/ceph: stderr
2024-06-03T03:10:38.449+0000 7f5515400700 1 -- 172.21.15.117:0/3241504469 --> [v2:172.21.15.117:3300/0,v1:172.21.15.117:6789/0] -- mon_command({"prefix": "status", "format": "json-pretty"} v 0) -- 0x7f55101a5aa0 con 0x7f5510081e10
2024-06-03T03:10:39.159 INFO:teuthology.orchestra.run.smithi117.stdout:/usr/bin/ceph: stderr
2024-06-03T03:10:38.450+0000 7f550cc00700 1 -- 172.21.15.117:0/3241504469 <== mon.0 v2:172.21.15.117:3300/0 7 ==== mon_command_ack([{"prefix": "status", "format": "json-pretty"}]=0 v0) ==== 79+0+1239 (secure 0 0 0) 0x7f5500019bf0 con 0x7f5510081e10
2024-06-03T03:10:39.159 INFO:teuthology.orchestra.run.smithi117.stdout:/usr/bin/ceph: stderr
2024-06-03T03:10:38.455+0000 7f5515400700 1 -- 172.21.15.117:0/3241504469 >> [v2:172.21.15.117:6800/2424554985,v1:172.21.15.117:6801/2424554985] conn(0x7f54f4039050 msgr2=0x7f54f403b510 secure :-1 s=STATE_CONNECTION_ESTABLISHED l=1).mark_down
2024-06-03T03:10:39.159 INFO:teuthology.orchestra.run.smithi117.stdout:/usr/bin/ceph: stderr
2024-06-03T03:10:38.455+0000 7f5515400700 1 --2- 172.21.15.117:0/3241504469 >> [v2:172.21.15.117:6800/2424554985,v1:172.21.15.117:6801/2424554985] conn(0x7f54f4039050 0x7f54f403b510 secure :-1 s=READY pgs=6 cs=0 l=1 rev1=1 crypto rx=0x7f54fc006fd0 tx=0x7f54fc006e40 comp rx=0 tx=0).stop
2024-06-03T03:10:39.159 INFO:teuthology.orchestra.run.smithi117.stdout:/usr/bin/ceph: stderr
2024-06-03T03:10:38.455+0000 7f5515400700 1 -- 172.21.15.117:0/3241504469 >> [v2:172.21.15.117:3300/0,v1:172.21.15.117:6789/0] conn(0x7f5510081e10 msgr2=0x7f55101a2410 secure :-1 s=STATE_CONNECTION_ESTABLISHED l=1).mark_down
2024-06-03T03:10:39.159 INFO:teuthology.orchestra.run.smithi117.stdout:/usr/bin/ceph: stderr
2024-06-03T03:10:38.455+0000 7f5515400700 1 --2- 172.21.15.117:0/3241504469 >> [v2:172.21.15.117:3300/0,v1:172.21.15.117:6789/0] conn(0x7f5510081e10 0x7f55101a2410 secure :-1 s=READY pgs=19 cs=0 l=1 rev1=1 crypto rx=0x7f5500011b60 tx=0x7f5500011c40 comp rx=0 tx=0).stop
2024-06-03T03:10:39.160 INFO:teuthology.orchestra.run.smithi117.stdout:/usr/bin/ceph: stderr
2024-06-03T03:10:38.455+0000 7f5515400700 1 -- 172.21.15.117:0/3241504469 shutdown_connections
2024-06-03T03:10:39.160 INFO:teuthology.orchestra.run.smithi117.stdout:/usr/bin/ceph: stderr
2024-06-03T03:10:38.455+0000 7f5515400700 1 --2- 172.21.15.117:0/3241504469 >> [v2:172.21.15.117:6800/2424554985,v1:172.21.15.117:6801/2424554985] conn(0x7f54f4039050 0x7f54f403b510 unknown :-1 s=CLOSED pgs=6 cs=0 l=1 rev1=1 crypto rx=0 tx=0 comp rx=0 tx=0).stop
2024-06-03T03:10:39.160 INFO:teuthology.orchestra.run.smithi117.stdout:/usr/bin/ceph: stderr
2024-06-03T03:10:38.455+0000 7f5515400700 1 --2- 172.21.15.117:0/3241504469 >> [v2:172.21.15.117:3300/0,v1:172.21.15.117:6789/0] conn(0x7f5510081e10 0x7f55101a2410 unknown :-1 s=CLOSED pgs=19 cs=0 l=1 rev1=1 crypto rx=0 tx=0 comp rx=0 tx=0).stop
2024-06-03T03:10:39.160 INFO:teuthology.orchestra.run.smithi117.stdout:/usr/bin/ceph: stderr
2024-06-03T03:10:38.455+0000 7f5515400700 1 -- 172.21.15.117:0/3241504469 >> 172.21.15.117:0/3241504469 conn(0x7f551007d370 msgr2=0x7f551007de40 unknown :-1 s=STATE_NONE l=0).mark_down
2024-06-03T03:10:39.160 INFO:teuthology.orchestra.run.smithi117.stdout:/usr/bin/ceph: stderr
2024-06-03T03:10:38.456+0000 7f5515400700 1 -- 172.21.15.117:0/3241504469 shutdown_connections
2024-06-03T03:10:39.160 INFO:teuthology.orchestra.run.smithi117.stdout:/usr/bin/ceph: stderr
2024-06-03T03:10:38.456+0000 7f5515400700 1 -- 172.21.15.117:0/3241504469 wait complete.
2024-06-03T03:10:39.160 INFO:teuthology.orchestra.run.smithi117.stdout:mgr is available
2024-06-03T03:10:39.696 INFO:journalctl@ceph.mon.a.smithi117.stdout:Jun 03 03:10:39 smithi117 ceph-mon[31649]: from='client.? 172.21.15.117:0/3241504469' entity='client.admin' cmd=[{"prefix": "status", "format": "json-pretty"}]: dispatch
2024-06-03T03:10:40.655 INFO:journalctl@ceph.mon.a.smithi117.stdout:Jun 03 03:10:40 smithi117 ceph-mon[31649]: from='client.? 172.21.15.117:0/2452955051' entity='client.admin' cmd=[{"prefix": "config assimilate-conf"}]: dispatch
2024-06-03T03:10:40.665 INFO:teuthology.orchestra.run.smithi117.stdout:/usr/bin/ceph: stdout
2024-06-03T03:10:40.665 INFO:teuthology.orchestra.run.smithi117.stdout:/usr/bin/ceph: stdout [global]
2024-06-03T03:10:40.665 INFO:teuthology.orchestra.run.smithi117.stdout:/usr/bin/ceph: stdout fsid = a0e8473a-2156-11ef-bc9b-c7b262605968
2024-06-03T03:10:40.665 INFO:teuthology.orchestra.run.smithi117.stdout:/usr/bin/ceph: stdout mon_osd_allow_pg_remap = true
2024-06-03T03:10:40.672 INFO:teuthology.orchestra.run.smithi117.stdout:/usr/bin/ceph: stdout mon_osd_allow_primary_affinity = true
2024-06-03T03:10:40.672 INFO:teuthology.orchestra.run.smithi117.stdout:/usr/bin/ceph: stdout mon_warn_on_no_sortbitwise = false
2024-06-03T03:10:40.672 INFO:teuthology.orchestra.run.smithi117.stdout:/usr/bin/ceph: stdout osd_crush_chooseleaf_type = 0
2024-06-03T03:10:40.672 INFO:teuthology.orchestra.run.smithi117.stdout:/usr/bin/ceph: stdout
2024-06-03T03:10:40.672 INFO:teuthology.orchestra.run.smithi117.stdout:/usr/bin/ceph: stdout [mgr]
2024-06-03T03:10:40.672 INFO:teuthology.orchestra.run.smithi117.stdout:/usr/bin/ceph: stdout mgr/telemetry/nag = false
2024-06-03T03:10:40.672 INFO:teuthology.orchestra.run.smithi117.stdout:/usr/bin/ceph: stdout
2024-06-03T03:10:40.672 INFO:teuthology.orchestra.run.smithi117.stdout:/usr/bin/ceph: stdout [osd]
2024-06-03T03:10:40.673 INFO:teuthology.orchestra.run.smithi117.stdout:/usr/bin/ceph: stdout mon_osd_backfillfull_ratio = 0.85
2024-06-03T03:10:40.673 INFO:teuthology.orchestra.run.smithi117.stdout:/usr/bin/ceph: stdout mon_osd_full_ratio = 0.9
2024-06-03T03:10:40.673 INFO:teuthology.orchestra.run.smithi117.stdout:/usr/bin/ceph: stdout mon_osd_nearfull_ratio = 0.8
2024-06-03T03:10:40.673 INFO:teuthology.orchestra.run.smithi117.stdout:/usr/bin/ceph: stdout osd_map_max_advance = 10
2024-06-03T03:10:40.673 INFO:teuthology.orchestra.run.smithi117.stdout:/usr/bin/ceph: stdout osd_sloppy_crc = true
2024-06-03T03:10:40.673 INFO:teuthology.orchestra.run.smithi117.stdout:/usr/bin/ceph: stderr
2024-06-03T03:10:39.735+0000 7fb810a00700 1 Processor -- start
2024-06-03T03:10:40.673 INFO:teuthology.orchestra.run.smithi117.stdout:/usr/bin/ceph: stderr
2024-06-03T03:10:39.735+0000 7fb810a00700 1 -- start start
2024-06-03T03:10:40.673 INFO:teuthology.orchestra.run.smithi117.stdout:/usr/bin/ceph: stderr
2024-06-03T03:10:39.736+0000 7fb810a00700 1 --2- >> [v2:172.21.15.117:3300/0,v1:172.21.15.117:6789/0] conn(0x7fb80c10a100 0x7fb80c10a520 unknown :-1 s=NONE pgs=0 cs=0 l=0 rev1=0 crypto rx=0 tx=0 comp rx=0 tx=0).connect
2024-06-03T03:10:40.673 INFO:teuthology.orchestra.run.smithi117.stdout:/usr/bin/ceph: stderr
2024-06-03T03:10:39.736+0000 7fb810a00700 1 -- --> [v2:172.21.15.117:3300/0,v1:172.21.15.117:6789/0] -- mon_getmap magic: 0 -- 0x7fb80c10aaf0 con 0x7fb80c10a100
2024-06-03T03:10:40.673 INFO:teuthology.orchestra.run.smithi117.stdout:/usr/bin/ceph: stderr
2024-06-03T03:10:39.736+0000 7fb80a800700 1 --2- >> [v2:172.21.15.117:3300/0,v1:172.21.15.117:6789/0] conn(0x7fb80c10a100 0x7fb80c10a520 unknown :-1 s=BANNER_CONNECTING pgs=0 cs=0 l=0 rev1=0 crypto rx=0 tx=0 comp rx=0 tx=0)._handle_peer_banner_payload supported=3 required=0
2024-06-03T03:10:40.673 INFO:teuthology.orchestra.run.smithi117.stdout:/usr/bin/ceph: stderr
2024-06-03T03:10:39.736+0000 7fb80a800700 1 --2- >> [v2:172.21.15.117:3300/0,v1:172.21.15.117:6789/0] conn(0x7fb80c10a100 0x7fb80c10a520 unknown :-1 s=HELLO_CONNECTING pgs=0 cs=0 l=0 rev1=1 crypto rx=0 tx=0 comp rx=0 tx=0).handle_hello peer v2:172.21.15.117:3300/0 says I am v2:172.21.15.117:56890/0 (socket says 172.21.15.117:56890)
2024-06-03T03:10:40.673 INFO:teuthology.orchestra.run.smithi117.stdout:/usr/bin/ceph: stderr
2024-06-03T03:10:39.736+0000 7fb80a800700 1 -- 172.21.15.117:0/2892267003 learned_addr learned my addr 172.21.15.117:0/2892267003 (peer_addr_for_me v2:172.21.15.117:0/0)
2024-06-03T03:10:40.673 INFO:teuthology.orchestra.run.smithi117.stdout:/usr/bin/ceph: stderr
2024-06-03T03:10:39.737+0000 7fb80a800700 1 -- 172.21.15.117:0/2892267003 --> [v2:172.21.15.117:3300/0,v1:172.21.15.117:6789/0] -- mon_subscribe({config=0+,monmap=0+}) -- 0x7fb80c10b1c0 con 0x7fb80c10a100
2024-06-03T03:10:40.674 INFO:teuthology.orchestra.run.smithi117.stdout:/usr/bin/ceph: stderr
2024-06-03T03:10:39.737+0000 7fb80a800700 1 --2- 172.21.15.117:0/2892267003 >> [v2:172.21.15.117:3300/0,v1:172.21.15.117:6789/0] conn(0x7fb80c10a100 0x7fb80c10a520 secure :-1 s=READY pgs=20 cs=0 l=1 rev1=1 crypto rx=0x7fb7fc0098a0 tx=0x7fb7fc009bb0 comp rx=0 tx=0).ready entity=mon.0 client_cookie=e7053f8d770d8682 server_cookie=0 in_seq=0 out_seq=0
2024-06-03T03:10:40.674 INFO:teuthology.orchestra.run.smithi117.stdout:/usr/bin/ceph: stderr
2024-06-03T03:10:39.738+0000 7fb809400700 1 -- 172.21.15.117:0/2892267003 <== mon.0 v2:172.21.15.117:3300/0 1 ==== mon_map magic: 0 ==== 205+0+0 (secure 0 0 0) 0x7fb7fc004160 con 0x7fb80c10a100
2024-06-03T03:10:40.674 INFO:teuthology.orchestra.run.smithi117.stdout:/usr/bin/ceph: stderr
2024-06-03T03:10:39.738+0000 7fb809400700 1 -- 172.21.15.117:0/2892267003 <== mon.0 v2:172.21.15.117:3300/0 2 ==== config(27 keys) ==== 1109+0+0 (secure 0 0 0) 0x7fb7fc004300 con 0x7fb80c10a100
2024-06-03T03:10:40.674 INFO:teuthology.orchestra.run.smithi117.stdout:/usr/bin/ceph: stderr
2024-06-03T03:10:39.738+0000 7fb809400700 1 -- 172.21.15.117:0/2892267003 <== mon.0 v2:172.21.15.117:3300/0 3 ==== mon_map magic: 0 ==== 205+0+0 (secure 0 0 0) 0x7fb7fc011b50 con 0x7fb80c10a100
2024-06-03T03:10:40.674 INFO:teuthology.orchestra.run.smithi117.stdout:/usr/bin/ceph: stderr
2024-06-03T03:10:39.738+0000 7fb810a00700 1 -- 172.21.15.117:0/2892267003 >> [v2:172.21.15.117:3300/0,v1:172.21.15.117:6789/0] conn(0x7fb80c10a100 msgr2=0x7fb80c10a520 secure :-1 s=STATE_CONNECTION_ESTABLISHED l=1).mark_down
2024-06-03T03:10:40.674 INFO:teuthology.orchestra.run.smithi117.stdout:/usr/bin/ceph: stderr
2024-06-03T03:10:39.738+0000 7fb810a00700 1 --2- 172.21.15.117:0/2892267003 >> [v2:172.21.15.117:3300/0,v1:172.21.15.117:6789/0] conn(0x7fb80c10a100 0x7fb80c10a520 secure :-1 s=READY pgs=20 cs=0 l=1 rev1=1 crypto rx=0x7fb7fc0098a0 tx=0x7fb7fc009bb0 comp rx=0 tx=0).stop
2024-06-03T03:10:40.674 INFO:teuthology.orchestra.run.smithi117.stdout:/usr/bin/ceph: stderr
2024-06-03T03:10:39.738+0000 7fb810a00700 1 -- 172.21.15.117:0/2892267003 shutdown_connections
2024-06-03T03:10:40.674 INFO:teuthology.orchestra.run.smithi117.stdout:/usr/bin/ceph: stderr
2024-06-03T03:10:39.738+0000 7fb810a00700 1 --2- 172.21.15.117:0/2892267003 >> [v2:172.21.15.117:3300/0,v1:172.21.15.117:6789/0] conn(0x7fb80c10a100 0x7fb80c10a520 unknown :-1 s=CLOSED pgs=20 cs=0 l=1 rev1=1 crypto rx=0 tx=0 comp rx=0 tx=0).stop
2024-06-03T03:10:40.674 INFO:teuthology.orchestra.run.smithi117.stdout:/usr/bin/ceph: stderr
2024-06-03T03:10:39.738+0000 7fb810a00700 1 -- 172.21.15.117:0/2892267003 >> 172.21.15.117:0/2892267003 conn(0x7fb80c07d370 msgr2=0x7fb80c07d7a0 unknown :-1 s=STATE_NONE l=0).mark_down
2024-06-03T03:10:40.674 INFO:teuthology.orchestra.run.smithi117.stdout:/usr/bin/ceph: stderr
2024-06-03T03:10:39.739+0000 7fb810a00700 1 -- 172.21.15.117:0/2892267003 shutdown_connections
2024-06-03T03:10:40.674 INFO:teuthology.orchestra.run.smithi117.stdout:/usr/bin/ceph: stderr
2024-06-03T03:10:39.739+0000 7fb810a00700 1 -- 172.21.15.117:0/2892267003 wait complete.
2024-06-03T03:10:40.674 INFO:teuthology.orchestra.run.smithi117.stdout:/usr/bin/ceph: stderr
2024-06-03T03:10:39.740+0000 7fb810a00700 1 Processor -- start
2024-06-03T03:10:40.675 INFO:teuthology.orchestra.run.smithi117.stdout:/usr/bin/ceph: stderr
2024-06-03T03:10:39.740+0000 7fb810a00700 1 -- start start
2024-06-03T03:10:40.675 INFO:teuthology.orchestra.run.smithi117.stdout:/usr/bin/ceph: stderr
2024-06-03T03:10:39.741+0000 7fb810a00700 1 --2- >> [v2:172.21.15.117:3300/0,v1:172.21.15.117:6789/0] conn(0x7fb80c10a100 0x7fb80c19dfc0 unknown :-1 s=NONE pgs=0 cs=0 l=1 rev1=0 crypto rx=0 tx=0 comp rx=0 tx=0).connect
2024-06-03T03:10:40.675 INFO:teuthology.orchestra.run.smithi117.stdout:/usr/bin/ceph: stderr
2024-06-03T03:10:39.741+0000 7fb810a00700 1 -- --> [v2:172.21.15.117:3300/0,v1:172.21.15.117:6789/0] -- mon_getmap magic: 0 -- 0x7fb80c10e570 con 0x7fb80c10a100
2024-06-03T03:10:40.675 INFO:teuthology.orchestra.run.smithi117.stdout:/usr/bin/ceph: stderr
2024-06-03T03:10:39.741+0000 7fb80a800700 1 --2- >> [v2:172.21.15.117:3300/0,v1:172.21.15.117:6789/0] conn(0x7fb80c10a100 0x7fb80c19dfc0 unknown :-1 s=BANNER_CONNECTING pgs=0 cs=0 l=1 rev1=0 crypto rx=0 tx=0 comp rx=0 tx=0)._handle_peer_banner_payload supported=3 required=0
2024-06-03T03:10:40.675 INFO:teuthology.orchestra.run.smithi117.stdout:/usr/bin/ceph: stderr
2024-06-03T03:10:39.741+0000 7fb80a800700 1 --2- >> [v2:172.21.15.117:3300/0,v1:172.21.15.117:6789/0] conn(0x7fb80c10a100 0x7fb80c19dfc0 unknown :-1 s=HELLO_CONNECTING pgs=0 cs=0 l=1 rev1=1 crypto rx=0 tx=0 comp rx=0 tx=0).handle_hello peer v2:172.21.15.117:3300/0 says I am v2:172.21.15.117:56894/0 (socket says 172.21.15.117:56894)
2024-06-03T03:10:40.675 INFO:teuthology.orchestra.run.smithi117.stdout:/usr/bin/ceph: stderr
2024-06-03T03:10:39.741+0000 7fb80a800700 1 -- 172.21.15.117:0/2452955051 learned_addr learned my addr 172.21.15.117:0/2452955051 (peer_addr_for_me v2:172.21.15.117:0/0)
2024-06-03T03:10:40.675 INFO:teuthology.orchestra.run.smithi117.stdout:/usr/bin/ceph: stderr
2024-06-03T03:10:39.741+0000 7fb80a800700 1 -- 172.21.15.117:0/2452955051 --> [v2:172.21.15.117:3300/0,v1:172.21.15.117:6789/0] -- mon_subscribe({config=0+,monmap=0+}) -- 0x7fb80c19e500 con 0x7fb80c10a100
2024-06-03T03:10:40.675 INFO:teuthology.orchestra.run.smithi117.stdout:/usr/bin/ceph: stderr
2024-06-03T03:10:39.742+0000 7fb80a800700 1 --2- 172.21.15.117:0/2452955051 >> [v2:172.21.15.117:3300/0,v1:172.21.15.117:6789/0] conn(0x7fb80c10a100 0x7fb80c19dfc0 secure :-1 s=READY pgs=21 cs=0 l=1 rev1=1 crypto rx=0x7fb7fc011b60 tx=0x7fb7fc011c40 comp rx=0 tx=0).ready entity=mon.0 client_cookie=0 server_cookie=0 in_seq=0 out_seq=0
2024-06-03T03:10:40.675 INFO:teuthology.orchestra.run.smithi117.stdout:/usr/bin/ceph: stderr
2024-06-03T03:10:39.742+0000 7fb803400700 1 -- 172.21.15.117:0/2452955051 <== mon.0 v2:172.21.15.117:3300/0 1 ==== mon_map magic: 0 ==== 205+0+0 (secure 0 0 0) 0x7fb7fc003970 con 0x7fb80c10a100
2024-06-03T03:10:40.675 INFO:teuthology.orchestra.run.smithi117.stdout:/usr/bin/ceph: stderr
2024-06-03T03:10:39.742+0000 7fb803400700 1 -- 172.21.15.117:0/2452955051 <== mon.0 v2:172.21.15.117:3300/0 2 ==== config(27 keys) ==== 1109+0+0 (secure 0 0 0) 0x7fb7fc003b10 con 0x7fb80c10a100
2024-06-03T03:10:40.675 INFO:teuthology.orchestra.run.smithi117.stdout:/usr/bin/ceph: stderr
2024-06-03T03:10:39.742+0000 7fb803400700 1 -- 172.21.15.117:0/2452955051 <== mon.0 v2:172.21.15.117:3300/0 3 ==== mon_map magic: 0 ==== 205+0+0 (secure 0 0 0) 0x7fb7fc024610 con 0x7fb80c10a100
2024-06-03T03:10:40.675 INFO:teuthology.orchestra.run.smithi117.stdout:/usr/bin/ceph: stderr
2024-06-03T03:10:39.742+0000 7fb810a00700 1 -- 172.21.15.117:0/2452955051 --> [v2:172.21.15.117:3300/0,v1:172.21.15.117:6789/0] -- mon_subscribe({mgrmap=0+}) -- 0x7fb80c19e790 con 0x7fb80c10a100
2024-06-03T03:10:40.675 INFO:teuthology.orchestra.run.smithi117.stdout:/usr/bin/ceph: stderr
2024-06-03T03:10:39.742+0000 7fb810a00700 1 -- 172.21.15.117:0/2452955051 --> [v2:172.21.15.117:3300/0,v1:172.21.15.117:6789/0] -- mon_subscribe({osdmap=0}) -- 0x7fb80c1a1480 con 0x7fb80c10a100
2024-06-03T03:10:40.675 INFO:teuthology.orchestra.run.smithi117.stdout:/usr/bin/ceph: stderr
2024-06-03T03:10:39.743+0000 7fb803400700 1 -- 172.21.15.117:0/2452955051 <== mon.0 v2:172.21.15.117:3300/0 4 ==== mgrmap(e 4) ==== 46276+0+0 (secure 0 0 0) 0x7fb7fc01a9f0 con 0x7fb80c10a100
2024-06-03T03:10:40.675 INFO:teuthology.orchestra.run.smithi117.stdout:/usr/bin/ceph: stderr
2024-06-03T03:10:39.743+0000 7fb810a00700 1 -- 172.21.15.117:0/2452955051 --> [v2:172.21.15.117:3300/0,v1:172.21.15.117:6789/0] -- mon_command({"prefix": "get_command_descriptions"} v 0) -- 0x7fb80c0695b0 con 0x7fb80c10a100
2024-06-03T03:10:40.676 INFO:teuthology.orchestra.run.smithi117.stdout:/usr/bin/ceph: stderr
2024-06-03T03:10:39.744+0000 7fb803400700 1 --2- 172.21.15.117:0/2452955051 >> [v2:172.21.15.117:6800/2424554985,v1:172.21.15.117:6801/2424554985] conn(0x7fb7f0039050 0x7fb7f003b510 unknown :-1 s=NONE pgs=0 cs=0 l=1 rev1=0 crypto rx=0 tx=0 comp rx=0 tx=0).connect
2024-06-03T03:10:40.676 INFO:teuthology.orchestra.run.smithi117.stdout:/usr/bin/ceph: stderr
2024-06-03T03:10:39.744+0000 7fb803400700 1 -- 172.21.15.117:0/2452955051 <== mon.0 v2:172.21.15.117:3300/0 5 ==== osd_map(1..1 src has 1..1) ==== 725+0+0 (secure 0 0 0) 0x7fb7fc011e00 con 0x7fb80c10a100
2024-06-03T03:10:40.676 INFO:teuthology.orchestra.run.smithi117.stdout:/usr/bin/ceph: stderr
2024-06-03T03:10:39.744+0000 7fb809e00700 1 --2- 172.21.15.117:0/2452955051 >> [v2:172.21.15.117:6800/2424554985,v1:172.21.15.117:6801/2424554985] conn(0x7fb7f0039050 0x7fb7f003b510 unknown :-1 s=BANNER_CONNECTING pgs=0 cs=0 l=1 rev1=0 crypto rx=0 tx=0 comp rx=0 tx=0)._handle_peer_banner_payload supported=3 required=0
2024-06-03T03:10:40.676 INFO:teuthology.orchestra.run.smithi117.stdout:/usr/bin/ceph: stderr
2024-06-03T03:10:39.745+0000 7fb809e00700 1 --2- 172.21.15.117:0/2452955051 >> [v2:172.21.15.117:6800/2424554985,v1:172.21.15.117:6801/2424554985] conn(0x7fb7f0039050 0x7fb7f003b510 secure :-1 s=READY pgs=7 cs=0 l=1 rev1=1 crypto rx=0x7fb7f8006fd0 tx=0x7fb7f8006e40 comp rx=0 tx=0).ready entity=mgr.14100 client_cookie=0 server_cookie=0 in_seq=0 out_seq=0
2024-06-03T03:10:40.676 INFO:teuthology.orchestra.run.smithi117.stdout:/usr/bin/ceph: stderr
2024-06-03T03:10:39.749+0000 7fb803400700 1 -- 172.21.15.117:0/2452955051 <== mon.0 v2:172.21.15.117:3300/0 6 ==== mon_command_ack([{"prefix": "get_command_descriptions"}]=0 v0) ==== 72+0+186418 (secure 0 0 0) 0x7fb7fc00b3e0 con 0x7fb80c10a100
2024-06-03T03:10:40.676 INFO:teuthology.orchestra.run.smithi117.stdout:/usr/bin/ceph: stderr
2024-06-03T03:10:39.972+0000 7fb810a00700 1 -- 172.21.15.117:0/2452955051 --> [v2:172.21.15.117:3300/0,v1:172.21.15.117:6789/0] -- mon_command({"prefix": "config assimilate-conf"} v 0) -- 0x7fb80c1a2bf0 con 0x7fb80c10a100
2024-06-03T03:10:40.676 INFO:teuthology.orchestra.run.smithi117.stdout:/usr/bin/ceph: stderr
2024-06-03T03:10:39.973+0000 7fb803400700 1 -- 172.21.15.117:0/2452955051 <== mon.0 v2:172.21.15.117:3300/0 7 ==== mon_command_ack([{"prefix": "config assimilate-conf"}]=0 v3) ==== 70+0+373 (secure 0 0 0) 0x7fb7fc04cbb0 con 0x7fb80c10a100
2024-06-03T03:10:40.676 INFO:teuthology.orchestra.run.smithi117.stdout:/usr/bin/ceph: stderr
2024-06-03T03:10:39.976+0000 7fb810a00700 1 -- 172.21.15.117:0/2452955051 >> [v2:172.21.15.117:6800/2424554985,v1:172.21.15.117:6801/2424554985] conn(0x7fb7f0039050 msgr2=0x7fb7f003b510 secure :-1 s=STATE_CONNECTION_ESTABLISHED l=1).mark_down
2024-06-03T03:10:40.676 INFO:teuthology.orchestra.run.smithi117.stdout:/usr/bin/ceph: stderr
2024-06-03T03:10:39.976+0000 7fb810a00700 1 --2- 172.21.15.117:0/2452955051 >> [v2:172.21.15.117:6800/2424554985,v1:172.21.15.117:6801/2424554985] conn(0x7fb7f0039050 0x7fb7f003b510 secure :-1 s=READY pgs=7 cs=0 l=1 rev1=1 crypto rx=0x7fb7f8006fd0 tx=0x7fb7f8006e40 comp rx=0 tx=0).stop
2024-06-03T03:10:40.676 INFO:teuthology.orchestra.run.smithi117.stdout:/usr/bin/ceph: stderr
2024-06-03T03:10:39.976+0000 7fb810a00700 1 -- 172.21.15.117:0/2452955051 >> [v2:172.21.15.117:3300/0,v1:172.21.15.117:6789/0] conn(0x7fb80c10a100 msgr2=0x7fb80c19dfc0 secure :-1 s=STATE_CONNECTION_ESTABLISHED l=1).mark_down
2024-06-03T03:10:40.676 INFO:teuthology.orchestra.run.smithi117.stdout:/usr/bin/ceph: stderr
2024-06-03T03:10:39.976+0000 7fb810a00700 1 --2- 172.21.15.117:0/2452955051 >> [v2:172.21.15.117:3300/0,v1:172.21.15.117:6789/0] conn(0x7fb80c10a100 0x7fb80c19dfc0 secure :-1 s=READY pgs=21 cs=0 l=1 rev1=1 crypto rx=0x7fb7fc011b60 tx=0x7fb7fc011c40 comp rx=0 tx=0).stop
2024-06-03T03:10:40.676 INFO:teuthology.orchestra.run.smithi117.stdout:/usr/bin/ceph: stderr
2024-06-03T03:10:39.977+0000 7fb810a00700 1 -- 172.21.15.117:0/2452955051 shutdown_connections
2024-06-03T03:10:40.676 INFO:teuthology.orchestra.run.smithi117.stdout:/usr/bin/ceph: stderr
2024-06-03T03:10:39.977+0000 7fb810a00700 1 --2- 172.21.15.117:0/2452955051 >> [v2:172.21.15.117:6800/2424554985,v1:172.21.15.117:6801/2424554985] conn(0x7fb7f0039050 0x7fb7f003b510 unknown :-1 s=CLOSED pgs=7 cs=0 l=1 rev1=1 crypto rx=0 tx=0 comp rx=0 tx=0).stop
2024-06-03T03:10:40.676 INFO:teuthology.orchestra.run.smithi117.stdout:/usr/bin/ceph: stderr
2024-06-03T03:10:39.977+0000 7fb810a00700 1 --2- 172.21.15.117:0/2452955051 >> [v2:172.21.15.117:3300/0,v1:172.21.15.117:6789/0] conn(0x7fb80c10a100 0x7fb80c19dfc0 unknown :-1 s=CLOSED pgs=21 cs=0 l=1 rev1=1 crypto rx=0 tx=0 comp rx=0 tx=0).stop
2024-06-03T03:10:40.677 INFO:teuthology.orchestra.run.smithi117.stdout:/usr/bin/ceph: stderr
2024-06-03T03:10:39.977+0000 7fb810a00700 1 -- 172.21.15.117:0/2452955051 >> 172.21.15.117:0/2452955051 conn(0x7fb80c07d370 msgr2=0x7fb80c107db0 unknown :-1 s=STATE_NONE l=0).mark_down
2024-06-03T03:10:40.677 INFO:teuthology.orchestra.run.smithi117.stdout:/usr/bin/ceph: stderr
2024-06-03T03:10:39.977+0000 7fb810a00700 1 -- 172.21.15.117:0/2452955051 shutdown_connections
2024-06-03T03:10:40.677 INFO:teuthology.orchestra.run.smithi117.stdout:/usr/bin/ceph: stderr
2024-06-03T03:10:39.977+0000 7fb810a00700 1 -- 172.21.15.117:0/2452955051 wait complete.
2024-06-03T03:10:40.677 INFO:teuthology.orchestra.run.smithi117.stdout:Enabling cephadm module...
2024-06-03T03:10:41.922 INFO:journalctl@ceph.mon.a.smithi117.stdout:Jun 03 03:10:41 smithi117 ceph-mon[31649]: from='client.? 172.21.15.117:0/1106029024' entity='client.admin' cmd=[{"prefix": "mgr module enable", "module": "cephadm"}]: dispatch
2024-06-03T03:10:41.923 INFO:journalctl@ceph.mgr.x.smithi117.stdout:Jun 03 03:10:41 smithi117 ceph-a0e8473a-2156-11ef-bc9b-c7b262605968-mgr-x[31883]: ignoring --setuser ceph since I am not root
2024-06-03T03:10:41.923 INFO:journalctl@ceph.mgr.x.smithi117.stdout:Jun 03 03:10:41 smithi117 ceph-a0e8473a-2156-11ef-bc9b-c7b262605968-mgr-x[31883]: ignoring --setgroup ceph since I am not root
2024-06-03T03:10:41.923 INFO:journalctl@ceph.mgr.x.smithi117.stdout:Jun 03 03:10:41 smithi117 ceph-a0e8473a-2156-11ef-bc9b-c7b262605968-mgr-x[31883]:
2024-06-03T03:10:41.921+0000 7f64cc58a200 -1 mgr[py] Module balancer has missing NOTIFY_TYPES member
2024-06-03T03:10:42.196 INFO:journalctl@ceph.mgr.x.smithi117.stdout:Jun 03 03:10:42 smithi117 ceph-a0e8473a-2156-11ef-bc9b-c7b262605968-mgr-x[31883]:
2024-06-03T03:10:42.162+0000 7f64cc58a200 -1 mgr[py] Module orchestrator has missing NOTIFY_TYPES member
2024-06-03T03:10:42.417 INFO:teuthology.orchestra.run.smithi117.stdout:/usr/bin/ceph: stderr
2024-06-03T03:10:41.281+0000 7fa3a9e00700 1 Processor -- start
2024-06-03T03:10:42.418 INFO:teuthology.orchestra.run.smithi117.stdout:/usr/bin/ceph: stderr
2024-06-03T03:10:41.281+0000 7fa3a9e00700 1 -- start start
2024-06-03T03:10:42.418 INFO:teuthology.orchestra.run.smithi117.stdout:/usr/bin/ceph: stderr
2024-06-03T03:10:41.282+0000 7fa3a9e00700 1 --2- >> [v2:172.21.15.117:3300/0,v1:172.21.15.117:6789/0] conn(0x7fa3a41089f0 0x7fa3a410ade0 unknown :-1 s=NONE pgs=0 cs=0 l=0 rev1=0 crypto rx=0 tx=0 comp rx=0 tx=0).connect
2024-06-03T03:10:42.418 INFO:teuthology.orchestra.run.smithi117.stdout:/usr/bin/ceph: stderr
2024-06-03T03:10:41.282+0000 7fa3a9e00700 1 -- --> [v2:172.21.15.117:3300/0,v1:172.21.15.117:6789/0] -- mon_getmap magic: 0 -- 0x7fa3a407c700 con 0x7fa3a41089f0
2024-06-03T03:10:42.418 INFO:teuthology.orchestra.run.smithi117.stdout:/usr/bin/ceph: stderr
2024-06-03T03:10:41.282+0000 7fa3a2a00700 1 --2- >> [v2:172.21.15.117:3300/0,v1:172.21.15.117:6789/0] conn(0x7fa3a41089f0 0x7fa3a410ade0 unknown :-1 s=BANNER_CONNECTING pgs=0 cs=0 l=0 rev1=0 crypto rx=0 tx=0 comp rx=0 tx=0)._handle_peer_banner_payload supported=3 required=0
2024-06-03T03:10:42.418 INFO:teuthology.orchestra.run.smithi117.stdout:/usr/bin/ceph: stderr
2024-06-03T03:10:41.282+0000 7fa3a2a00700 1 --2- >> [v2:172.21.15.117:3300/0,v1:172.21.15.117:6789/0] conn(0x7fa3a41089f0 0x7fa3a410ade0 unknown :-1 s=HELLO_CONNECTING pgs=0 cs=0 l=0 rev1=1 crypto rx=0 tx=0 comp rx=0 tx=0).handle_hello peer v2:172.21.15.117:3300/0 says I am v2:172.21.15.117:56904/0 (socket says 172.21.15.117:56904)
2024-06-03T03:10:42.418 INFO:teuthology.orchestra.run.smithi117.stdout:/usr/bin/ceph: stderr
2024-06-03T03:10:41.282+0000 7fa3a2a00700 1 -- 172.21.15.117:0/1371289077 learned_addr learned my addr 172.21.15.117:0/1371289077 (peer_addr_for_me v2:172.21.15.117:0/0)
2024-06-03T03:10:42.418 INFO:teuthology.orchestra.run.smithi117.stdout:/usr/bin/ceph: stderr
2024-06-03T03:10:41.283+0000 7fa3a2a00700 1 -- 172.21.15.117:0/1371289077 --> [v2:172.21.15.117:3300/0,v1:172.21.15.117:6789/0] -- mon_subscribe({config=0+,monmap=0+}) -- 0x7fa3a410b320 con 0x7fa3a41089f0
2024-06-03T03:10:42.418 INFO:teuthology.orchestra.run.smithi117.stdout:/usr/bin/ceph: stderr
2024-06-03T03:10:41.283+0000 7fa3a2a00700 1 --2- 172.21.15.117:0/1371289077 >> [v2:172.21.15.117:3300/0,v1:172.21.15.117:6789/0] conn(0x7fa3a41089f0 0x7fa3a410ade0 secure :-1 s=READY pgs=22 cs=0 l=1 rev1=1 crypto rx=0x7fa3940098a0 tx=0x7fa394009bb0 comp rx=0 tx=0).ready entity=mon.0 client_cookie=58c76afdb5664916 server_cookie=0 in_seq=0 out_seq=0
2024-06-03T03:10:42.418 INFO:teuthology.orchestra.run.smithi117.stdout:/usr/bin/ceph: stderr
2024-06-03T03:10:41.283+0000 7fa3a1600700 1 -- 172.21.15.117:0/1371289077 <== mon.0 v2:172.21.15.117:3300/0 1 ==== mon_map magic: 0 ==== 205+0+0 (secure 0 0 0) 0x7fa394004160 con 0x7fa3a41089f0
2024-06-03T03:10:42.418 INFO:teuthology.orchestra.run.smithi117.stdout:/usr/bin/ceph: stderr
2024-06-03T03:10:41.283+0000 7fa3a1600700 1 -- 172.21.15.117:0/1371289077 <== mon.0 v2:172.21.15.117:3300/0 2 ==== config(27 keys) ==== 1109+0+0 (secure 0 0 0) 0x7fa394004300 con 0x7fa3a41089f0
2024-06-03T03:10:42.418 INFO:teuthology.orchestra.run.smithi117.stdout:/usr/bin/ceph: stderr
2024-06-03T03:10:41.283+0000 7fa3a1600700 1 -- 172.21.15.117:0/1371289077 <== mon.0 v2:172.21.15.117:3300/0 3 ==== mon_map magic: 0 ==== 205+0+0 (secure 0 0 0) 0x7fa394011b50 con 0x7fa3a41089f0
2024-06-03T03:10:42.418 INFO:teuthology.orchestra.run.smithi117.stdout:/usr/bin/ceph: stderr
2024-06-03T03:10:41.284+0000 7fa3a9e00700 1 -- 172.21.15.117:0/1371289077 >> [v2:172.21.15.117:3300/0,v1:172.21.15.117:6789/0] conn(0x7fa3a41089f0 msgr2=0x7fa3a410ade0 secure :-1 s=STATE_CONNECTION_ESTABLISHED l=1).mark_down
2024-06-03T03:10:42.419 INFO:teuthology.orchestra.run.smithi117.stdout:/usr/bin/ceph: stderr
2024-06-03T03:10:41.284+0000 7fa3a9e00700 1 --2- 172.21.15.117:0/1371289077 >> [v2:172.21.15.117:3300/0,v1:172.21.15.117:6789/0] conn(0x7fa3a41089f0 0x7fa3a410ade0 secure :-1 s=READY pgs=22 cs=0 l=1 rev1=1 crypto rx=0x7fa3940098a0 tx=0x7fa394009bb0 comp rx=0 tx=0).stop
2024-06-03T03:10:42.419 INFO:teuthology.orchestra.run.smithi117.stdout:/usr/bin/ceph: stderr
2024-06-03T03:10:41.284+0000 7fa3a9e00700 1 -- 172.21.15.117:0/1371289077 shutdown_connections
2024-06-03T03:10:42.419 INFO:teuthology.orchestra.run.smithi117.stdout:/usr/bin/ceph: stderr
2024-06-03T03:10:41.284+0000 7fa3a9e00700 1 --2- 172.21.15.117:0/1371289077 >> [v2:172.21.15.117:3300/0,v1:172.21.15.117:6789/0] conn(0x7fa3a41089f0 0x7fa3a410ade0 unknown :-1 s=CLOSED pgs=22 cs=0 l=1 rev1=1 crypto rx=0 tx=0 comp rx=0 tx=0).stop
2024-06-03T03:10:42.419 INFO:teuthology.orchestra.run.smithi117.stdout:/usr/bin/ceph: stderr
2024-06-03T03:10:41.284+0000 7fa3a9e00700 1 -- 172.21.15.117:0/1371289077 >> 172.21.15.117:0/1371289077 conn(0x7fa3a4102420 msgr2=0x7fa3a4104840 unknown :-1 s=STATE_NONE l=0).mark_down
2024-06-03T03:10:42.419 INFO:teuthology.orchestra.run.smithi117.stdout:/usr/bin/ceph: stderr
2024-06-03T03:10:41.284+0000 7fa3a9e00700 1 -- 172.21.15.117:0/1371289077 shutdown_connections
