2024-06-06T01:32:12.847+0000 7f3cb96e3640 1 -- 172.21.15.7:0/2594105209 --> [v2:172.21.15.7:3300/0,v1:172.21.15.7:6789/0] -- mon_subscribe({osdmap=0}) v3 -- 0x7f3cb419a490 con 0x7f3cb4105c90
2024-06-06T01:32:13.971 INFO:teuthology.orchestra.run.smithi007.stdout:/usr/bin/ceph: stderr
2024-06-06T01:32:12.848+0000 7f3cabfff640 1 -- 172.21.15.7:0/2594105209 <== mon.0 v2:172.21.15.7:3300/0 4 ==== mgrmap(e 12) v1 ==== 44879+0+0 (secure 0 0 0) 0x7f3ca403a9f0 con 0x7f3cb4105c90
2024-06-06T01:32:13.971 INFO:teuthology.orchestra.run.smithi007.stdout:/usr/bin/ceph: stderr
2024-06-06T01:32:12.848+0000 7f3cabfff640 1 --2- 172.21.15.7:0/2594105209 >> [v2:172.21.15.7:6800/1001633468,v1:172.21.15.7:6801/1001633468] conn(0x7f3ca00378b0 0x7f3ca0039d70 unknown :-1 s=NONE pgs=0 cs=0 l=1 rev1=0 crypto rx=0 tx=0 comp rx=0 tx=0).connect
2024-06-06T01:32:13.971 INFO:teuthology.orchestra.run.smithi007.stdout:/usr/bin/ceph: stderr
2024-06-06T01:32:12.848+0000 7f3cb96e3640 1 -- 172.21.15.7:0/2594105209 --> [v2:172.21.15.7:3300/0,v1:172.21.15.7:6789/0] -- mon_command({"prefix": "get_command_descriptions"} v 0) v1 -- 0x7f3cb410a070 con 0x7f3cb4105c90
2024-06-06T01:32:13.971 INFO:teuthology.orchestra.run.smithi007.stdout:/usr/bin/ceph: stderr
2024-06-06T01:32:12.848+0000 7f3cabfff640 1 -- 172.21.15.7:0/2594105209 <== mon.0 v2:172.21.15.7:3300/0 5 ==== osd_map(3..3 src has 1..3) v4 ==== 1155+0+0 (secure 0 0 0) 0x7f3ca406aa80 con 0x7f3cb4105c90
2024-06-06T01:32:13.971 INFO:teuthology.orchestra.run.smithi007.stdout:/usr/bin/ceph: stderr
2024-06-06T01:32:12.848+0000 7f3cb27fc640 1 --2- 172.21.15.7:0/2594105209 >> [v2:172.21.15.7:6800/1001633468,v1:172.21.15.7:6801/1001633468] conn(0x7f3ca00378b0 0x7f3ca0039d70 unknown :-1 s=BANNER_CONNECTING pgs=0 cs=0 l=1 rev1=0 crypto rx=0 tx=0 comp rx=0 tx=0)._handle_peer_banner_payload supported=3 required=0
2024-06-06T01:32:13.971 INFO:teuthology.orchestra.run.smithi007.stdout:/usr/bin/ceph: stderr
2024-06-06T01:32:12.849+0000 7f3cb27fc640 1 --2- 172.21.15.7:0/2594105209 >> [v2:172.21.15.7:6800/1001633468,v1:172.21.15.7:6801/1001633468] conn(0x7f3ca00378b0 0x7f3ca0039d70 secure :-1 s=READY pgs=9 cs=0 l=1 rev1=1 crypto rx=0x7f3c9c0098c0 tx=0x7f3c9c006db0 comp rx=0 tx=0).ready entity=mgr.14162 client_cookie=0 server_cookie=0 in_seq=0 out_seq=0
2024-06-06T01:32:13.971 INFO:teuthology.orchestra.run.smithi007.stdout:/usr/bin/ceph: stderr
2024-06-06T01:32:12.853+0000 7f3cabfff640 1 -- 172.21.15.7:0/2594105209 <== mon.0 v2:172.21.15.7:3300/0 6 ==== mon_command_ack([{"prefix": "get_command_descriptions"}]=0 v0) v1 ==== 72+0+182498 (secure 0 0 0) 0x7f3ca403c400 con 0x7f3cb4105c90
2024-06-06T01:32:13.971 INFO:teuthology.orchestra.run.smithi007.stdout:/usr/bin/ceph: stderr
2024-06-06T01:32:13.038+0000 7f3cb96e3640 1 -- 172.21.15.7:0/2594105209 --> [v2:172.21.15.7:3300/0,v1:172.21.15.7:6789/0] -- mon_command({"prefix": "config get", "who": "mgr", "key": "mgr/dashboard/ssl_server_port"} v 0) v1 -- 0x7f3cb410a2b0 con 0x7f3cb4105c90
2024-06-06T01:32:13.971 INFO:teuthology.orchestra.run.smithi007.stdout:/usr/bin/ceph: stderr
2024-06-06T01:32:13.039+0000 7f3cabfff640 1 -- 172.21.15.7:0/2594105209 <== mon.0 v2:172.21.15.7:3300/0 7 ==== mon_command_ack([{"prefix": "config get", "who": "mgr", "key": "mgr/dashboard/ssl_server_port"}]=0 v8) v1 ==== 112+0+5 (secure 0 0 0) 0x7f3ca4043310 con 0x7f3cb4105c90
2024-06-06T01:32:13.971 INFO:teuthology.orchestra.run.smithi007.stdout:/usr/bin/ceph: stderr
2024-06-06T01:32:13.041+0000 7f3cb96e3640 1 -- 172.21.15.7:0/2594105209 >> [v2:172.21.15.7:6800/1001633468,v1:172.21.15.7:6801/1001633468] conn(0x7f3ca00378b0 msgr2=0x7f3ca0039d70 secure :-1 s=STATE_CONNECTION_ESTABLISHED l=1).mark_down
2024-06-06T01:32:13.972 INFO:teuthology.orchestra.run.smithi007.stdout:/usr/bin/ceph: stderr
2024-06-06T01:32:13.041+0000 7f3cb96e3640 1 --2- 172.21.15.7:0/2594105209 >> [v2:172.21.15.7:6800/1001633468,v1:172.21.15.7:6801/1001633468] conn(0x7f3ca00378b0 0x7f3ca0039d70 secure :-1 s=READY pgs=9 cs=0 l=1 rev1=1 crypto rx=0x7f3c9c0098c0 tx=0x7f3c9c006db0 comp rx=0 tx=0).stop
2024-06-06T01:32:13.972 INFO:teuthology.orchestra.run.smithi007.stdout:/usr/bin/ceph: stderr
2024-06-06T01:32:13.041+0000 7f3cb96e3640 1 -- 172.21.15.7:0/2594105209 >> [v2:172.21.15.7:3300/0,v1:172.21.15.7:6789/0] conn(0x7f3cb4105c90 msgr2=0x7f3cb41998b0 secure :-1 s=STATE_CONNECTION_ESTABLISHED l=1).mark_down
2024-06-06T01:32:13.972 INFO:teuthology.orchestra.run.smithi007.stdout:/usr/bin/ceph: stderr
2024-06-06T01:32:13.041+0000 7f3cb96e3640 1 --2- 172.21.15.7:0/2594105209 >> [v2:172.21.15.7:3300/0,v1:172.21.15.7:6789/0] conn(0x7f3cb4105c90 0x7f3cb41998b0 secure :-1 s=READY pgs=85 cs=0 l=1 rev1=1 crypto rx=0x7f3ca4009940 tx=0x7f3ca4032670 comp rx=0 tx=0).stop
2024-06-06T01:32:13.972 INFO:teuthology.orchestra.run.smithi007.stdout:/usr/bin/ceph: stderr
2024-06-06T01:32:13.041+0000 7f3cb96e3640 1 -- 172.21.15.7:0/2594105209 shutdown_connections
2024-06-06T01:32:13.972 INFO:teuthology.orchestra.run.smithi007.stdout:/usr/bin/ceph: stderr
2024-06-06T01:32:13.041+0000 7f3cb96e3640 1 --2- 172.21.15.7:0/2594105209 >> [v2:172.21.15.7:6800/1001633468,v1:172.21.15.7:6801/1001633468] conn(0x7f3ca00378b0 0x7f3ca0039d70 unknown :-1 s=CLOSED pgs=9 cs=0 l=1 rev1=1 crypto rx=0 tx=0 comp rx=0 tx=0).stop
2024-06-06T01:32:13.972 INFO:teuthology.orchestra.run.smithi007.stdout:/usr/bin/ceph: stderr
2024-06-06T01:32:13.041+0000 7f3cb96e3640 1 --2- 172.21.15.7:0/2594105209 >> [v2:172.21.15.7:3300/0,v1:172.21.15.7:6789/0] conn(0x7f3cb4105c90 0x7f3cb41998b0 unknown :-1 s=CLOSED pgs=85 cs=0 l=1 rev1=1 crypto rx=0 tx=0 comp rx=0 tx=0).stop
2024-06-06T01:32:13.972 INFO:teuthology.orchestra.run.smithi007.stdout:/usr/bin/ceph: stderr
2024-06-06T01:32:13.041+0000 7f3cb96e3640 1 -- 172.21.15.7:0/2594105209 >> 172.21.15.7:0/2594105209 conn(0x7f3cb4101270 msgr2=0x7f3cb4101cc0 unknown :-1 s=STATE_NONE l=0).mark_down
2024-06-06T01:32:13.972 INFO:teuthology.orchestra.run.smithi007.stdout:/usr/bin/ceph: stderr
2024-06-06T01:32:13.041+0000 7f3cb96e3640 1 -- 172.21.15.7:0/2594105209 shutdown_connections
2024-06-06T01:32:13.972 INFO:teuthology.orchestra.run.smithi007.stdout:/usr/bin/ceph: stderr
2024-06-06T01:32:13.041+0000 7f3cb96e3640 1 -- 172.21.15.7:0/2594105209 wait complete.
2024-06-06T01:32:13.977 INFO:teuthology.orchestra.run.smithi007.stdout:Non-zero exit code 1 from systemctl is-enabled firewalld.service
2024-06-06T01:32:13.977 INFO:teuthology.orchestra.run.smithi007.stdout:systemctl: stdout disabled
2024-06-06T01:32:13.985 INFO:teuthology.orchestra.run.smithi007.stdout:Non-zero exit code 3 from systemctl is-active firewalld.service
2024-06-06T01:32:13.985 INFO:teuthology.orchestra.run.smithi007.stdout:systemctl: stdout inactive
2024-06-06T01:32:13.985 INFO:teuthology.orchestra.run.smithi007.stdout:firewalld.service is not enabled
2024-06-06T01:32:13.986 INFO:teuthology.orchestra.run.smithi007.stdout:Not possible to open ports <[8443]>. firewalld.service is not available
2024-06-06T01:32:13.988 INFO:teuthology.orchestra.run.smithi007.stdout:Ceph Dashboard is now available at:
2024-06-06T01:32:13.988 INFO:teuthology.orchestra.run.smithi007.stdout:
2024-06-06T01:32:13.988 INFO:teuthology.orchestra.run.smithi007.stdout: URL: https://smithi007.front.sepia.ceph.com:8443/
2024-06-06T01:32:13.988 INFO:teuthology.orchestra.run.smithi007.stdout: User: admin
2024-06-06T01:32:13.988 INFO:teuthology.orchestra.run.smithi007.stdout: Password: n3dam64qzc
2024-06-06T01:32:13.988 INFO:teuthology.orchestra.run.smithi007.stdout:
2024-06-06T01:32:13.989 INFO:teuthology.orchestra.run.smithi007.stdout:Saving cluster configuration to /var/lib/ceph/4a9daba4-23a4-11ef-bc9b-c7b262605968/config directory
2024-06-06T01:32:13.989 INFO:teuthology.orchestra.run.smithi007.stdout:Enabling autotune for osd_memory_target
2024-06-06T01:32:15.182 INFO:journalctl@ceph.mon.smithi007.smithi007.stdout:Jun 06 01:32:15 smithi007 ceph-mon[29614]: mgrmap e13: smithi007.xyboyx(active, since 6s)
2024-06-06T01:32:15.189 INFO:teuthology.orchestra.run.smithi007.stdout:/usr/bin/ceph: stderr
2024-06-06T01:32:14.404+0000 7fb04bd6e640 1 Processor -- start
2024-06-06T01:32:15.189 INFO:teuthology.orchestra.run.smithi007.stdout:/usr/bin/ceph: stderr
2024-06-06T01:32:14.404+0000 7fb04bd6e640 1 -- start start
2024-06-06T01:32:15.189 INFO:teuthology.orchestra.run.smithi007.stdout:/usr/bin/ceph: stderr
2024-06-06T01:32:14.405+0000 7fb04bd6e640 1 --2- >> [v2:172.21.15.7:3300/0,v1:172.21.15.7:6789/0] conn(0x7fb044106680 0x7fb044108a70 unknown :-1 s=NONE pgs=0 cs=0 l=0 rev1=0 crypto rx=0 tx=0 comp rx=0 tx=0).connect
2024-06-06T01:32:15.189 INFO:teuthology.orchestra.run.smithi007.stdout:/usr/bin/ceph: stderr
2024-06-06T01:32:14.405+0000 7fb04bd6e640 1 -- --> [v2:172.21.15.7:3300/0,v1:172.21.15.7:6789/0] -- mon_getmap magic: 0 v1 -- 0x7fb044079e40 con 0x7fb044106680
2024-06-06T01:32:15.189 INFO:teuthology.orchestra.run.smithi007.stdout:/usr/bin/ceph: stderr
2024-06-06T01:32:14.405+0000 7fb049b0a640 1 --2- >> [v2:172.21.15.7:3300/0,v1:172.21.15.7:6789/0] conn(0x7fb044106680 0x7fb044108a70 unknown :-1 s=BANNER_CONNECTING pgs=0 cs=0 l=0 rev1=0 crypto rx=0 tx=0 comp rx=0 tx=0)._handle_peer_banner_payload supported=3 required=0
2024-06-06T01:32:15.189 INFO:teuthology.orchestra.run.smithi007.stdout:/usr/bin/ceph: stderr
2024-06-06T01:32:14.405+0000 7fb049b0a640 1 --2- >> [v2:172.21.15.7:3300/0,v1:172.21.15.7:6789/0] conn(0x7fb044106680 0x7fb044108a70 unknown :-1 s=HELLO_CONNECTING pgs=0 cs=0 l=0 rev1=1 crypto rx=0 tx=0 comp rx=0 tx=0).handle_hello peer v2:172.21.15.7:3300/0 says I am v2:172.21.15.7:41402/0 (socket says 172.21.15.7:41402)
2024-06-06T01:32:15.189 INFO:teuthology.orchestra.run.smithi007.stdout:/usr/bin/ceph: stderr
2024-06-06T01:32:14.405+0000 7fb049b0a640 1 -- 172.21.15.7:0/2328938917 learned_addr learned my addr 172.21.15.7:0/2328938917 (peer_addr_for_me v2:172.21.15.7:0/0)
2024-06-06T01:32:15.189 INFO:teuthology.orchestra.run.smithi007.stdout:/usr/bin/ceph: stderr
2024-06-06T01:32:14.405+0000 7fb049b0a640 1 -- 172.21.15.7:0/2328938917 --> [v2:172.21.15.7:3300/0,v1:172.21.15.7:6789/0] -- mon_subscribe({config=0+,monmap=0+}) v3 -- 0x7fb044108fb0 con 0x7fb044106680
2024-06-06T01:32:15.189 INFO:teuthology.orchestra.run.smithi007.stdout:/usr/bin/ceph: stderr
2024-06-06T01:32:14.406+0000 7fb049b0a640 1 --2- 172.21.15.7:0/2328938917 >> [v2:172.21.15.7:3300/0,v1:172.21.15.7:6789/0] conn(0x7fb044106680 0x7fb044108a70 secure :-1 s=READY pgs=86 cs=0 l=1 rev1=1 crypto rx=0x7fb03c009820 tx=0x7fb03c02a270 comp rx=0 tx=0).ready entity=mon.0 client_cookie=de9c1e853cc297ec server_cookie=0 in_seq=0 out_seq=0
2024-06-06T01:32:15.189 INFO:teuthology.orchestra.run.smithi007.stdout:/usr/bin/ceph: stderr
2024-06-06T01:32:14.406+0000 7fb048b08640 1 -- 172.21.15.7:0/2328938917 <== mon.0 v2:172.21.15.7:3300/0 1 ==== mon_map magic: 0 v1 ==== 229+0+0 (secure 0 0 0) 0x7fb03c02ad40 con 0x7fb044106680
2024-06-06T01:32:15.190 INFO:teuthology.orchestra.run.smithi007.stdout:/usr/bin/ceph: stderr
2024-06-06T01:32:14.406+0000 7fb048b08640 1 -- 172.21.15.7:0/2328938917 <== mon.0 v2:172.21.15.7:3300/0 2 ==== config(27 keys) v1 ==== 1109+0+0 (secure 0 0 0) 0x7fb03c032900 con 0x7fb044106680
2024-06-06T01:32:15.190 INFO:teuthology.orchestra.run.smithi007.stdout:/usr/bin/ceph: stderr
2024-06-06T01:32:14.406+0000 7fb048b08640 1 -- 172.21.15.7:0/2328938917 <== mon.0 v2:172.21.15.7:3300/0 3 ==== mon_map magic: 0 v1 ==== 229+0+0 (secure 0 0 0) 0x7fb03c030860 con 0x7fb044106680
2024-06-06T01:32:15.190 INFO:teuthology.orchestra.run.smithi007.stdout:/usr/bin/ceph: stderr
2024-06-06T01:32:14.407+0000 7fb04bd6e640 1 -- 172.21.15.7:0/2328938917 >> [v2:172.21.15.7:3300/0,v1:172.21.15.7:6789/0] conn(0x7fb044106680 msgr2=0x7fb044108a70 secure :-1 s=STATE_CONNECTION_ESTABLISHED l=1).mark_down
2024-06-06T01:32:15.190 INFO:teuthology.orchestra.run.smithi007.stdout:/usr/bin/ceph: stderr
2024-06-06T01:32:14.407+0000 7fb04bd6e640 1 --2- 172.21.15.7:0/2328938917 >> [v2:172.21.15.7:3300/0,v1:172.21.15.7:6789/0] conn(0x7fb044106680 0x7fb044108a70 secure :-1 s=READY pgs=86 cs=0 l=1 rev1=1 crypto rx=0x7fb03c009820 tx=0x7fb03c02a270 comp rx=0 tx=0).stop
2024-06-06T01:32:15.190 INFO:teuthology.orchestra.run.smithi007.stdout:/usr/bin/ceph: stderr
2024-06-06T01:32:14.407+0000 7fb04bd6e640 1 -- 172.21.15.7:0/2328938917 shutdown_connections
2024-06-06T01:32:15.190 INFO:teuthology.orchestra.run.smithi007.stdout:/usr/bin/ceph: stderr
2024-06-06T01:32:14.407+0000 7fb04bd6e640 1 --2- 172.21.15.7:0/2328938917 >> [v2:172.21.15.7:3300/0,v1:172.21.15.7:6789/0] conn(0x7fb044106680 0x7fb044108a70 unknown :-1 s=CLOSED pgs=86 cs=0 l=1 rev1=1 crypto rx=0 tx=0 comp rx=0 tx=0).stop
2024-06-06T01:32:15.190 INFO:teuthology.orchestra.run.smithi007.stdout:/usr/bin/ceph: stderr
2024-06-06T01:32:14.407+0000 7fb04bd6e640 1 -- 172.21.15.7:0/2328938917 >> 172.21.15.7:0/2328938917 conn(0x7fb0441000d0 msgr2=0x7fb0441024f0 unknown :-1 s=STATE_NONE l=0).mark_down
2024-06-06T01:32:15.190 INFO:teuthology.orchestra.run.smithi007.stdout:/usr/bin/ceph: stderr
2024-06-06T01:32:14.407+0000 7fb04bd6e640 1 -- 172.21.15.7:0/2328938917 shutdown_connections
2024-06-06T01:32:15.190 INFO:teuthology.orchestra.run.smithi007.stdout:/usr/bin/ceph: stderr
2024-06-06T01:32:14.407+0000 7fb04bd6e640 1 -- 172.21.15.7:0/2328938917 wait complete.
2024-06-06T01:32:15.190 INFO:teuthology.orchestra.run.smithi007.stdout:/usr/bin/ceph: stderr
2024-06-06T01:32:14.408+0000 7fb04bd6e640 1 Processor -- start
2024-06-06T01:32:15.190 INFO:teuthology.orchestra.run.smithi007.stdout:/usr/bin/ceph: stderr
2024-06-06T01:32:14.408+0000 7fb04bd6e640 1 -- start start
2024-06-06T01:32:15.191 INFO:teuthology.orchestra.run.smithi007.stdout:/usr/bin/ceph: stderr
2024-06-06T01:32:14.408+0000 7fb04bd6e640 1 --2- >> [v2:172.21.15.7:3300/0,v1:172.21.15.7:6789/0] conn(0x7fb044106680 0x7fb0441998a0 unknown :-1 s=NONE pgs=0 cs=0 l=1 rev1=0 crypto rx=0 tx=0 comp rx=0 tx=0).connect
2024-06-06T01:32:15.191 INFO:teuthology.orchestra.run.smithi007.stdout:/usr/bin/ceph: stderr
2024-06-06T01:32:14.408+0000 7fb04bd6e640 1 -- --> [v2:172.21.15.7:3300/0,v1:172.21.15.7:6789/0] -- mon_getmap magic: 0 v1 -- 0x7fb044199de0 con 0x7fb044106680
2024-06-06T01:32:15.191 INFO:teuthology.orchestra.run.smithi007.stdout:/usr/bin/ceph: stderr
2024-06-06T01:32:14.408+0000 7fb049b0a640 1 --2- >> [v2:172.21.15.7:3300/0,v1:172.21.15.7:6789/0] conn(0x7fb044106680 0x7fb0441998a0 unknown :-1 s=BANNER_CONNECTING pgs=0 cs=0 l=1 rev1=0 crypto rx=0 tx=0 comp rx=0 tx=0)._handle_peer_banner_payload supported=3 required=0
2024-06-06T01:32:15.191 INFO:teuthology.orchestra.run.smithi007.stdout:/usr/bin/ceph: stderr
2024-06-06T01:32:14.408+0000 7fb049b0a640 1 --2- >> [v2:172.21.15.7:3300/0,v1:172.21.15.7:6789/0] conn(0x7fb044106680 0x7fb0441998a0 unknown :-1 s=HELLO_CONNECTING pgs=0 cs=0 l=1 rev1=1 crypto rx=0 tx=0 comp rx=0 tx=0).handle_hello peer v2:172.21.15.7:3300/0 says I am v2:172.21.15.7:41406/0 (socket says 172.21.15.7:41406)
2024-06-06T01:32:15.191 INFO:teuthology.orchestra.run.smithi007.stdout:/usr/bin/ceph: stderr
2024-06-06T01:32:14.408+0000 7fb049b0a640 1 -- 172.21.15.7:0/2568999313 learned_addr learned my addr 172.21.15.7:0/2568999313 (peer_addr_for_me v2:172.21.15.7:0/0)
2024-06-06T01:32:15.191 INFO:teuthology.orchestra.run.smithi007.stdout:/usr/bin/ceph: stderr
2024-06-06T01:32:14.408+0000 7fb049b0a640 1 -- 172.21.15.7:0/2568999313 --> [v2:172.21.15.7:3300/0,v1:172.21.15.7:6789/0] -- mon_subscribe({config=0+,monmap=0+}) v3 -- 0x7fb03c0094d0 con 0x7fb044106680
2024-06-06T01:32:15.192 INFO:teuthology.orchestra.run.smithi007.stdout:/usr/bin/ceph: stderr
2024-06-06T01:32:14.409+0000 7fb049b0a640 1 --2- 172.21.15.7:0/2568999313 >> [v2:172.21.15.7:3300/0,v1:172.21.15.7:6789/0] conn(0x7fb044106680 0x7fb0441998a0 secure :-1 s=READY pgs=87 cs=0 l=1 rev1=1 crypto rx=0x7fb03c0097f0 tx=0x7fb03c030e90 comp rx=0 tx=0).ready entity=mon.0 client_cookie=0 server_cookie=0 in_seq=0 out_seq=0
2024-06-06T01:32:15.192 INFO:teuthology.orchestra.run.smithi007.stdout:/usr/bin/ceph: stderr
2024-06-06T01:32:14.409+0000 7fb03affd640 1 -- 172.21.15.7:0/2568999313 <== mon.0 v2:172.21.15.7:3300/0 1 ==== mon_map magic: 0 v1 ==== 229+0+0 (secure 0 0 0) 0x7fb03c040070 con 0x7fb044106680
2024-06-06T01:32:15.192 INFO:teuthology.orchestra.run.smithi007.stdout:/usr/bin/ceph: stderr
2024-06-06T01:32:14.409+0000 7fb03affd640 1 -- 172.21.15.7:0/2568999313 <== mon.0 v2:172.21.15.7:3300/0 2 ==== config(27 keys) v1 ==== 1109+0+0 (secure 0 0 0) 0x7fb03c032dd0 con 0x7fb044106680
2024-06-06T01:32:15.192 INFO:teuthology.orchestra.run.smithi007.stdout:/usr/bin/ceph: stderr
2024-06-06T01:32:14.409+0000 7fb04bd6e640 1 -- 172.21.15.7:0/2568999313 --> [v2:172.21.15.7:3300/0,v1:172.21.15.7:6789/0] -- mon_subscribe({mgrmap=0+}) v3 -- 0x7fb044199fe0 con 0x7fb044106680
2024-06-06T01:32:15.192 INFO:teuthology.orchestra.run.smithi007.stdout:/usr/bin/ceph: stderr
2024-06-06T01:32:14.409+0000 7fb03affd640 1 -- 172.21.15.7:0/2568999313 <== mon.0 v2:172.21.15.7:3300/0 3 ==== mon_map magic: 0 v1 ==== 229+0+0 (secure 0 0 0) 0x7fb03c03a800 con 0x7fb044106680
2024-06-06T01:32:15.192 INFO:teuthology.orchestra.run.smithi007.stdout:/usr/bin/ceph: stderr
2024-06-06T01:32:14.409+0000 7fb04bd6e640 1 -- 172.21.15.7:0/2568999313 --> [v2:172.21.15.7:3300/0,v1:172.21.15.7:6789/0] -- mon_subscribe({osdmap=0}) v3 -- 0x7fb04419a480 con 0x7fb044106680
2024-06-06T01:32:15.192 INFO:teuthology.orchestra.run.smithi007.stdout:/usr/bin/ceph: stderr
2024-06-06T01:32:14.410+0000 7fb03affd640 1 -- 172.21.15.7:0/2568999313 <== mon.0 v2:172.21.15.7:3300/0 4 ==== mgrmap(e 13) v1 ==== 44921+0+0 (secure 0 0 0) 0x7fb03c03c400 con 0x7fb044106680
2024-06-06T01:32:15.192 INFO:teuthology.orchestra.run.smithi007.stdout:/usr/bin/ceph: stderr
2024-06-06T01:32:14.410+0000 7fb04bd6e640 1 -- 172.21.15.7:0/2568999313 --> [v2:172.21.15.7:3300/0,v1:172.21.15.7:6789/0] -- mon_command({"prefix": "get_command_descriptions"} v 0) v1 -- 0x7fb044109e10 con 0x7fb044106680
2024-06-06T01:32:15.192 INFO:teuthology.orchestra.run.smithi007.stdout:/usr/bin/ceph: stderr
2024-06-06T01:32:14.410+0000 7fb03affd640 1 --2- 172.21.15.7:0/2568999313 >> [v2:172.21.15.7:6800/1001633468,v1:172.21.15.7:6801/1001633468] conn(0x7fb0300379a0 0x7fb030039e60 unknown :-1 s=NONE pgs=0 cs=0 l=1 rev1=0 crypto rx=0 tx=0 comp rx=0 tx=0).connect
2024-06-06T01:32:15.193 INFO:teuthology.orchestra.run.smithi007.stdout:/usr/bin/ceph: stderr
2024-06-06T01:32:14.410+0000 7fb03affd640 1 -- 172.21.15.7:0/2568999313 <== mon.0 v2:172.21.15.7:3300/0 5 ==== osd_map(3..3 src has 1..3) v4 ==== 1155+0+0 (secure 0 0 0) 0x7fb03c06a6d0 con 0x7fb044106680
2024-06-06T01:32:15.193 INFO:teuthology.orchestra.run.smithi007.stdout:/usr/bin/ceph: stderr
2024-06-06T01:32:14.411+0000 7fb049309640 1 --2- 172.21.15.7:0/2568999313 >> [v2:172.21.15.7:6800/1001633468,v1:172.21.15.7:6801/1001633468] conn(0x7fb0300379a0 0x7fb030039e60 unknown :-1 s=BANNER_CONNECTING pgs=0 cs=0 l=1 rev1=0 crypto rx=0 tx=0 comp rx=0 tx=0)._handle_peer_banner_payload supported=3 required=0
2024-06-06T01:32:15.193 INFO:teuthology.orchestra.run.smithi007.stdout:/usr/bin/ceph: stderr
2024-06-06T01:32:14.411+0000 7fb049309640 1 --2- 172.21.15.7:0/2568999313 >> [v2:172.21.15.7:6800/1001633468,v1:172.21.15.7:6801/1001633468] conn(0x7fb0300379a0 0x7fb030039e60 secure :-1 s=READY pgs=10 cs=0 l=1 rev1=1 crypto rx=0x7fb0340098c0 tx=0x7fb034006db0 comp rx=0 tx=0).ready entity=mgr.14162 client_cookie=0 server_cookie=0 in_seq=0 out_seq=0
2024-06-06T01:32:15.193 INFO:teuthology.orchestra.run.smithi007.stdout:/usr/bin/ceph: stderr
2024-06-06T01:32:14.415+0000 7fb03affd640 1 -- 172.21.15.7:0/2568999313 <== mon.0 v2:172.21.15.7:3300/0 6 ==== mon_command_ack([{"prefix": "get_command_descriptions"}]=0 v0) v1 ==== 72+0+182498 (secure 0 0 0) 0x7fb03c043ca0 con 0x7fb044106680
2024-06-06T01:32:15.193 INFO:teuthology.orchestra.run.smithi007.stdout:/usr/bin/ceph: stderr
2024-06-06T01:32:14.599+0000 7fb04bd6e640 1 -- 172.21.15.7:0/2568999313 --> [v2:172.21.15.7:3300/0,v1:172.21.15.7:6789/0] -- mon_command([{prefix=config set, name=osd_memory_target_autotune}] v 0) v1 -- 0x7fb04410a050 con 0x7fb044106680
2024-06-06T01:32:15.193 INFO:teuthology.orchestra.run.smithi007.stdout:/usr/bin/ceph: stderr
2024-06-06T01:32:14.599+0000 7fb03affd640 1 -- 172.21.15.7:0/2568999313 <== mon.0 v2:172.21.15.7:3300/0 7 ==== mon_command_ack([{prefix=config set, name=osd_memory_target_autotune}]=0 v8)=0 v8) v1 ==== 127+0+0 (secure 0 0 0) 0x7fb03c043ac0 con 0x7fb044106680
2024-06-06T01:32:15.193 INFO:teuthology.orchestra.run.smithi007.stdout:/usr/bin/ceph: stderr
2024-06-06T01:32:14.601+0000 7fb04bd6e640 1 -- 172.21.15.7:0/2568999313 >> [v2:172.21.15.7:6800/1001633468,v1:172.21.15.7:6801/1001633468] conn(0x7fb0300379a0 msgr2=0x7fb030039e60 secure :-1 s=STATE_CONNECTION_ESTABLISHED l=1).mark_down
2024-06-06T01:32:15.193 INFO:teuthology.orchestra.run.smithi007.stdout:/usr/bin/ceph: stderr
2024-06-06T01:32:14.601+0000 7fb04bd6e640 1 --2- 172.21.15.7:0/2568999313 >> [v2:172.21.15.7:6800/1001633468,v1:172.21.15.7:6801/1001633468] conn(0x7fb0300379a0 0x7fb030039e60 secure :-1 s=READY pgs=10 cs=0 l=1 rev1=1 crypto rx=0x7fb0340098c0 tx=0x7fb034006db0 comp rx=0 tx=0).stop
2024-06-06T01:32:15.193 INFO:teuthology.orchestra.run.smithi007.stdout:/usr/bin/ceph: stderr
2024-06-06T01:32:14.601+0000 7fb04bd6e640 1 -- 172.21.15.7:0/2568999313 >> [v2:172.21.15.7:3300/0,v1:172.21.15.7:6789/0] conn(0x7fb044106680 msgr2=0x7fb0441998a0 secure :-1 s=STATE_CONNECTION_ESTABLISHED l=1).mark_down
2024-06-06T01:32:15.193 INFO:teuthology.orchestra.run.smithi007.stdout:/usr/bin/ceph: stderr
2024-06-06T01:32:14.601+0000 7fb04bd6e640 1 --2- 172.21.15.7:0/2568999313 >> [v2:172.21.15.7:3300/0,v1:172.21.15.7:6789/0] conn(0x7fb044106680 0x7fb0441998a0 secure :-1 s=READY pgs=87 cs=0 l=1 rev1=1 crypto rx=0x7fb03c0097f0 tx=0x7fb03c030e90 comp rx=0 tx=0).stop
2024-06-06T01:32:15.193 INFO:teuthology.orchestra.run.smithi007.stdout:/usr/bin/ceph: stderr
2024-06-06T01:32:14.601+0000 7fb04bd6e640 1 -- 172.21.15.7:0/2568999313 shutdown_connections
2024-06-06T01:32:15.193 INFO:teuthology.orchestra.run.smithi007.stdout:/usr/bin/ceph: stderr
2024-06-06T01:32:14.601+0000 7fb04bd6e640 1 --2- 172.21.15.7:0/2568999313 >> [v2:172.21.15.7:6800/1001633468,v1:172.21.15.7:6801/1001633468] conn(0x7fb0300379a0 0x7fb030039e60 unknown :-1 s=CLOSED pgs=10 cs=0 l=1 rev1=1 crypto rx=0 tx=0 comp rx=0 tx=0).stop
2024-06-06T01:32:15.193 INFO:teuthology.orchestra.run.smithi007.stdout:/usr/bin/ceph: stderr
2024-06-06T01:32:14.601+0000 7fb04bd6e640 1 --2- 172.21.15.7:0/2568999313 >> [v2:172.21.15.7:3300/0,v1:172.21.15.7:6789/0] conn(0x7fb044106680 0x7fb0441998a0 unknown :-1 s=CLOSED pgs=87 cs=0 l=1 rev1=1 crypto rx=0 tx=0 comp rx=0 tx=0).stop
2024-06-06T01:32:15.194 INFO:teuthology.orchestra.run.smithi007.stdout:/usr/bin/ceph: stderr
2024-06-06T01:32:14.601+0000 7fb04bd6e640 1 -- 172.21.15.7:0/2568999313 >> 172.21.15.7:0/2568999313 conn(0x7fb0441000d0 msgr2=0x7fb044100af0 unknown :-1 s=STATE_NONE l=0).mark_down
2024-06-06T01:32:15.194 INFO:teuthology.orchestra.run.smithi007.stdout:/usr/bin/ceph: stderr
2024-06-06T01:32:14.601+0000 7fb04bd6e640 1 -- 172.21.15.7:0/2568999313 shutdown_connections
2024-06-06T01:32:15.194 INFO:teuthology.orchestra.run.smithi007.stdout:/usr/bin/ceph: stderr
2024-06-06T01:32:14.601+0000 7fb04bd6e640 1 -- 172.21.15.7:0/2568999313 wait complete.
2024-06-06T01:32:16.413 INFO:teuthology.orchestra.run.smithi007.stdout:/usr/bin/ceph: stderr
2024-06-06T01:32:15.591+0000 7fec9d460640 1 Processor -- start
2024-06-06T01:32:16.413 INFO:teuthology.orchestra.run.smithi007.stdout:/usr/bin/ceph: stderr
2024-06-06T01:32:15.592+0000 7fec9d460640 1 -- start start
2024-06-06T01:32:16.413 INFO:teuthology.orchestra.run.smithi007.stdout:/usr/bin/ceph: stderr
2024-06-06T01:32:15.592+0000 7fec9d460640 1 --2- >> [v2:172.21.15.7:3300/0,v1:172.21.15.7:6789/0] conn(0x7fec98105c20 0x7fec98106040 unknown :-1 s=NONE pgs=0 cs=0 l=0 rev1=0 crypto rx=0 tx=0 comp rx=0 tx=0).connect
2024-06-06T01:32:16.413 INFO:teuthology.orchestra.run.smithi007.stdout:/usr/bin/ceph: stderr
2024-06-06T01:32:15.592+0000 7fec9d460640 1 -- --> [v2:172.21.15.7:3300/0,v1:172.21.15.7:6789/0] -- mon_getmap magic: 0 v1 -- 0x7fec98106610 con 0x7fec98105c20
2024-06-06T01:32:16.413 INFO:teuthology.orchestra.run.smithi007.stdout:/usr/bin/ceph: stderr
2024-06-06T01:32:15.592+0000 7fec96ffd640 1 --2- >> [v2:172.21.15.7:3300/0,v1:172.21.15.7:6789/0] conn(0x7fec98105c20 0x7fec98106040 unknown :-1 s=BANNER_CONNECTING pgs=0 cs=0 l=0 rev1=0 crypto rx=0 tx=0 comp rx=0 tx=0)._handle_peer_banner_payload supported=3 required=0
2024-06-06T01:32:16.413 INFO:teuthology.orchestra.run.smithi007.stdout:/usr/bin/ceph: stderr
2024-06-06T01:32:15.592+0000 7fec96ffd640 1 --2- >> [v2:172.21.15.7:3300/0,v1:172.21.15.7:6789/0] conn(0x7fec98105c20 0x7fec98106040 unknown :-1 s=HELLO_CONNECTING pgs=0 cs=0 l=0 rev1=1 crypto rx=0 tx=0 comp rx=0 tx=0).handle_hello peer v2:172.21.15.7:3300/0 says I am v2:172.21.15.7:41416/0 (socket says 172.21.15.7:41416)
2024-06-06T01:32:16.413 INFO:teuthology.orchestra.run.smithi007.stdout:/usr/bin/ceph: stderr
2024-06-06T01:32:15.592+0000 7fec96ffd640 1 -- 172.21.15.7:0/3049018007 learned_addr learned my addr 172.21.15.7:0/3049018007 (peer_addr_for_me v2:172.21.15.7:0/0)
2024-06-06T01:32:16.413 INFO:teuthology.orchestra.run.smithi007.stdout:/usr/bin/ceph: stderr
2024-06-06T01:32:15.592+0000 7fec96ffd640 1 -- 172.21.15.7:0/3049018007 --> [v2:172.21.15.7:3300/0,v1:172.21.15.7:6789/0] -- mon_subscribe({config=0+,monmap=0+}) v3 -- 0x7fec98106e20 con 0x7fec98105c20
2024-06-06T01:32:16.413 INFO:teuthology.orchestra.run.smithi007.stdout:/usr/bin/ceph: stderr
2024-06-06T01:32:15.593+0000 7fec96ffd640 1 --2- 172.21.15.7:0/3049018007 >> [v2:172.21.15.7:3300/0,v1:172.21.15.7:6789/0] conn(0x7fec98105c20 0x7fec98106040 secure :-1 s=READY pgs=88 cs=0 l=1 rev1=1 crypto rx=0x7fec90009820 tx=0x7fec9002a270 comp rx=0 tx=0).ready entity=mon.0 client_cookie=8344f132b95ce24a server_cookie=0 in_seq=0 out_seq=0
2024-06-06T01:32:16.414 INFO:teuthology.orchestra.run.smithi007.stdout:/usr/bin/ceph: stderr
2024-06-06T01:32:15.593+0000 7fec95ffb640 1 -- 172.21.15.7:0/3049018007 <== mon.0 v2:172.21.15.7:3300/0 1 ==== mon_map magic: 0 v1 ==== 229+0+0 (secure 0 0 0) 0x7fec9002ad40 con 0x7fec98105c20
2024-06-06T01:32:16.414 INFO:teuthology.orchestra.run.smithi007.stdout:/usr/bin/ceph: stderr
2024-06-06T01:32:15.593+0000 7fec95ffb640 1 -- 172.21.15.7:0/3049018007 <== mon.0 v2:172.21.15.7:3300/0 2 ==== config(27 keys) v1 ==== 1109+0+0 (secure 0 0 0) 0x7fec90032900 con 0x7fec98105c20
2024-06-06T01:32:16.414 INFO:teuthology.orchestra.run.smithi007.stdout:/usr/bin/ceph: stderr
2024-06-06T01:32:15.593+0000 7fec95ffb640 1 -- 172.21.15.7:0/3049018007 <== mon.0 v2:172.21.15.7:3300/0 3 ==== mon_map magic: 0 v1 ==== 229+0+0 (secure 0 0 0) 0x7fec90030860 con 0x7fec98105c20
2024-06-06T01:32:16.414 INFO:teuthology.orchestra.run.smithi007.stdout:/usr/bin/ceph: stderr
2024-06-06T01:32:15.594+0000 7fec9d460640 1 -- 172.21.15.7:0/3049018007 >> [v2:172.21.15.7:3300/0,v1:172.21.15.7:6789/0] conn(0x7fec98105c20 msgr2=0x7fec98106040 secure :-1 s=STATE_CONNECTION_ESTABLISHED l=1).mark_down
2024-06-06T01:32:16.414 INFO:teuthology.orchestra.run.smithi007.stdout:/usr/bin/ceph: stderr
2024-06-06T01:32:15.594+0000 7fec9d460640 1 --2- 172.21.15.7:0/3049018007 >> [v2:172.21.15.7:3300/0,v1:172.21.15.7:6789/0] conn(0x7fec98105c20 0x7fec98106040 secure :-1 s=READY pgs=88 cs=0 l=1 rev1=1 crypto rx=0x7fec90009820 tx=0x7fec9002a270 comp rx=0 tx=0).stop
2024-06-06T01:32:16.414 INFO:teuthology.orchestra.run.smithi007.stdout:/usr/bin/ceph: stderr
2024-06-06T01:32:15.594+0000 7fec9d460640 1 -- 172.21.15.7:0/3049018007 shutdown_connections
2024-06-06T01:32:16.414 INFO:teuthology.orchestra.run.smithi007.stdout:/usr/bin/ceph: stderr
2024-06-06T01:32:15.594+0000 7fec9d460640 1 --2- 172.21.15.7:0/3049018007 >> [v2:172.21.15.7:3300/0,v1:172.21.15.7:6789/0] conn(0x7fec98105c20 0x7fec98106040 unknown :-1 s=CLOSED pgs=88 cs=0 l=1 rev1=1 crypto rx=0 tx=0 comp rx=0 tx=0).stop
2024-06-06T01:32:16.414 INFO:teuthology.orchestra.run.smithi007.stdout:/usr/bin/ceph: stderr
2024-06-06T01:32:15.594+0000 7fec9d460640 1 -- 172.21.15.7:0/3049018007 >> 172.21.15.7:0/3049018007 conn(0x7fec981011a0 msgr2=0x7fec98103600 unknown :-1 s=STATE_NONE l=0).mark_down
2024-06-06T01:32:16.414 INFO:teuthology.orchestra.run.smithi007.stdout:/usr/bin/ceph: stderr
2024-06-06T01:32:15.594+0000 7fec9d460640 1 -- 172.21.15.7:0/3049018007 shutdown_connections
2024-06-06T01:32:16.414 INFO:teuthology.orchestra.run.smithi007.stdout:/usr/bin/ceph: stderr
2024-06-06T01:32:15.594+0000 7fec9d460640 1 -- 172.21.15.7:0/3049018007 wait complete.
2024-06-06T01:32:16.414 INFO:teuthology.orchestra.run.smithi007.stdout:/usr/bin/ceph: stderr
2024-06-06T01:32:15.594+0000 7fec9d460640 1 Processor -- start
2024-06-06T01:32:16.414 INFO:teuthology.orchestra.run.smithi007.stdout:/usr/bin/ceph: stderr
2024-06-06T01:32:15.595+0000 7fec9d460640 1 -- start start
2024-06-06T01:32:16.414 INFO:teuthology.orchestra.run.smithi007.stdout:/usr/bin/ceph: stderr
2024-06-06T01:32:15.595+0000 7fec9d460640 1 --2- >> [v2:172.21.15.7:3300/0,v1:172.21.15.7:6789/0] conn(0x7fec98105c20 0x7fec9807bab0 unknown :-1 s=NONE pgs=0 cs=0 l=1 rev1=0 crypto rx=0 tx=0 comp rx=0 tx=0).connect
2024-06-06T01:32:16.415 INFO:teuthology.orchestra.run.smithi007.stdout:/usr/bin/ceph: stderr
2024-06-06T01:32:15.595+0000 7fec9d460640 1 -- --> [v2:172.21.15.7:3300/0,v1:172.21.15.7:6789/0] -- mon_getmap magic: 0 v1 -- 0x7fec9807bff0 con 0x7fec98105c20
2024-06-06T01:32:16.415 INFO:teuthology.orchestra.run.smithi007.stdout:/usr/bin/ceph: stderr
2024-06-06T01:32:15.595+0000 7fec96ffd640 1 --2- >> [v2:172.21.15.7:3300/0,v1:172.21.15.7:6789/0] conn(0x7fec98105c20 0x7fec9807bab0 unknown :-1 s=BANNER_CONNECTING pgs=0 cs=0 l=1 rev1=0 crypto rx=0 tx=0 comp rx=0 tx=0)._handle_peer_banner_payload supported=3 required=0
2024-06-06T01:32:16.415 INFO:teuthology.orchestra.run.smithi007.stdout:/usr/bin/ceph: stderr
2024-06-06T01:32:15.595+0000 7fec96ffd640 1 --2- >> [v2:172.21.15.7:3300/0,v1:172.21.15.7:6789/0] conn(0x7fec98105c20 0x7fec9807bab0 unknown :-1 s=HELLO_CONNECTING pgs=0 cs=0 l=1 rev1=1 crypto rx=0 tx=0 comp rx=0 tx=0).handle_hello peer v2:172.21.15.7:3300/0 says I am v2:172.21.15.7:41422/0 (socket says 172.21.15.7:41422)
2024-06-06T01:32:16.415 INFO:teuthology.orchestra.run.smithi007.stdout:/usr/bin/ceph: stderr
2024-06-06T01:32:15.595+0000 7fec96ffd640 1 -- 172.21.15.7:0/2675838790 learned_addr learned my addr 172.21.15.7:0/2675838790 (peer_addr_for_me v2:172.21.15.7:0/0)
2024-06-06T01:32:16.415 INFO:teuthology.orchestra.run.smithi007.stdout:/usr/bin/ceph: stderr
2024-06-06T01:32:15.595+0000 7fec96ffd640 1 -- 172.21.15.7:0/2675838790 --> [v2:172.21.15.7:3300/0,v1:172.21.15.7:6789/0] -- mon_subscribe({config=0+,monmap=0+}) v3 -- 0x7fec900094d0 con 0x7fec98105c20
2024-06-06T01:32:16.415 INFO:teuthology.orchestra.run.smithi007.stdout:/usr/bin/ceph: stderr
2024-06-06T01:32:15.595+0000 7fec96ffd640 1 --2- 172.21.15.7:0/2675838790 >> [v2:172.21.15.7:3300/0,v1:172.21.15.7:6789/0] conn(0x7fec98105c20 0x7fec9807bab0 secure :-1 s=READY pgs=89 cs=0 l=1 rev1=1 crypto rx=0x7fec90009940 tx=0x7fec90032670 comp rx=0 tx=0).ready entity=mon.0 client_cookie=0 server_cookie=0 in_seq=0 out_seq=0
2024-06-06T01:32:16.415 INFO:teuthology.orchestra.run.smithi007.stdout:/usr/bin/ceph: stderr
2024-06-06T01:32:15.596+0000 7fec8ffff640 1 -- 172.21.15.7:0/2675838790 <== mon.0 v2:172.21.15.7:3300/0 1 ==== mon_map magic: 0 v1 ==== 229+0+0 (secure 0 0 0) 0x7fec90032c80 con 0x7fec98105c20
2024-06-06T01:32:16.415 INFO:teuthology.orchestra.run.smithi007.stdout:/usr/bin/ceph: stderr
2024-06-06T01:32:15.596+0000 7fec8ffff640 1 -- 172.21.15.7:0/2675838790 <== mon.0 v2:172.21.15.7:3300/0 2 ==== config(27 keys) v1 ==== 1109+0+0 (secure 0 0 0) 0x7fec90032de0 con 0x7fec98105c20
2024-06-06T01:32:16.415 INFO:teuthology.orchestra.run.smithi007.stdout:/usr/bin/ceph: stderr
2024-06-06T01:32:15.596+0000 7fec8ffff640 1 -- 172.21.15.7:0/2675838790 <== mon.0 v2:172.21.15.7:3300/0 3 ==== mon_map magic: 0 v1 ==== 229+0+0 (secure 0 0 0) 0x7fec9003a730 con 0x7fec98105c20
2024-06-06T01:32:16.415 INFO:teuthology.orchestra.run.smithi007.stdout:/usr/bin/ceph: stderr
2024-06-06T01:32:15.596+0000 7fec9d460640 1 -- 172.21.15.7:0/2675838790 --> [v2:172.21.15.7:3300/0,v1:172.21.15.7:6789/0] -- mon_subscribe({mgrmap=0+}) v3 -- 0x7fec9807a230 con 0x7fec98105c20
2024-06-06T01:32:16.415 INFO:teuthology.orchestra.run.smithi007.stdout:/usr/bin/ceph: stderr
2024-06-06T01:32:15.596+0000 7fec9d460640 1 -- 172.21.15.7:0/2675838790 --> [v2:172.21.15.7:3300/0,v1:172.21.15.7:6789/0] -- mon_subscribe({osdmap=0}) v3 -- 0x7fec9807a6d0 con 0x7fec98105c20
2024-06-06T01:32:16.415 INFO:teuthology.orchestra.run.smithi007.stdout:/usr/bin/ceph: stderr
2024-06-06T01:32:15.596+0000 7fec8ffff640 1 -- 172.21.15.7:0/2675838790 <== mon.0 v2:172.21.15.7:3300/0 4 ==== mgrmap(e 13) v1 ==== 44921+0+0 (secure 0 0 0) 0x7fec9003a9a0 con 0x7fec98105c20
2024-06-06T01:32:16.415 INFO:teuthology.orchestra.run.smithi007.stdout:/usr/bin/ceph: stderr
2024-06-06T01:32:15.597+0000 7fec9d460640 1 -- 172.21.15.7:0/2675838790 --> [v2:172.21.15.7:3300/0,v1:172.21.15.7:6789/0] -- mon_command({"prefix": "get_command_descriptions"} v 0) v1 -- 0x7fec9810a050 con 0x7fec98105c20
2024-06-06T01:32:16.415 INFO:teuthology.orchestra.run.smithi007.stdout:/usr/bin/ceph: stderr
2024-06-06T01:32:15.597+0000 7fec8ffff640 1 --2- 172.21.15.7:0/2675838790 >> [v2:172.21.15.7:6800/1001633468,v1:172.21.15.7:6801/1001633468] conn(0x7fec840379a0 0x7fec84039e60 unknown :-1 s=NONE pgs=0 cs=0 l=1 rev1=0 crypto rx=0 tx=0 comp rx=0 tx=0).connect
2024-06-06T01:32:16.416 INFO:teuthology.orchestra.run.smithi007.stdout:/usr/bin/ceph: stderr
2024-06-06T01:32:15.597+0000 7fec8ffff640 1 -- 172.21.15.7:0/2675838790 <== mon.0 v2:172.21.15.7:3300/0 5 ==== osd_map(3..3 src has 1..3) v4 ==== 1155+0+0 (secure 0 0 0) 0x7fec9006ab80 con 0x7fec98105c20
2024-06-06T01:32:16.416 INFO:teuthology.orchestra.run.smithi007.stdout:/usr/bin/ceph: stderr
2024-06-06T01:32:15.597+0000 7fec967fc640 1 --2- 172.21.15.7:0/2675838790 >> [v2:172.21.15.7:6800/1001633468,v1:172.21.15.7:6801/1001633468] conn(0x7fec840379a0 0x7fec84039e60 unknown :-1 s=BANNER_CONNECTING pgs=0 cs=0 l=1 rev1=0 crypto rx=0 tx=0 comp rx=0 tx=0)._handle_peer_banner_payload supported=3 required=0
2024-06-06T01:32:16.416 INFO:teuthology.orchestra.run.smithi007.stdout:/usr/bin/ceph: stderr
2024-06-06T01:32:15.597+0000 7fec967fc640 1 --2- 172.21.15.7:0/2675838790 >> [v2:172.21.15.7:6800/1001633468,v1:172.21.15.7:6801/1001633468] conn(0x7fec840379a0 0x7fec84039e60 secure :-1 s=READY pgs=11 cs=0 l=1 rev1=1 crypto rx=0x7fec800098c0 tx=0x7fec80006db0 comp rx=0 tx=0).ready entity=mgr.14162 client_cookie=0 server_cookie=0 in_seq=0 out_seq=0
2024-06-06T01:32:16.416 INFO:teuthology.orchestra.run.smithi007.stdout:/usr/bin/ceph: stderr
2024-06-06T01:32:15.602+0000 7fec8ffff640 1 -- 172.21.15.7:0/2675838790 <== mon.0 v2:172.21.15.7:3300/0 6 ==== mon_command_ack([{"prefix": "get_command_descriptions"}]=0 v0) v1 ==== 72+0+182498 (secure 0 0 0) 0x7fec90039310 con 0x7fec98105c20
2024-06-06T01:32:16.416 INFO:teuthology.orchestra.run.smithi007.stdout:/usr/bin/ceph: stderr
2024-06-06T01:32:15.880+0000 7fec9d460640 1 -- 172.21.15.7:0/2675838790 --> [v2:172.21.15.7:3300/0,v1:172.21.15.7:6789/0] -- mon_command([{prefix=config-key set, key=mgr/dashboard/cluster/status}] v 0) v1 -- 0x7fec9807abc0 con 0x7fec98105c20
2024-06-06T01:32:16.416 INFO:teuthology.orchestra.run.smithi007.stdout:/usr/bin/ceph: stderr
2024-06-06T01:32:15.882+0000 7fec8ffff640 1 -- 172.21.15.7:0/2675838790 <== mon.0 v2:172.21.15.7:3300/0 7 ==== mon_command_ack([{prefix=config-key set, key=mgr/dashboard/cluster/status}]=0 set mgr/dashboard/cluster/status v34)=0 set mgr/dashboard/cluster/status v34) v1 ==== 153+0+0 (secure 0 0 0) 0x7fec90039310 con 0x7fec98105c20
2024-06-06T01:32:16.416 INFO:teuthology.orchestra.run.smithi007.stdout:/usr/bin/ceph: stderr set mgr/dashboard/cluster/status
2024-06-06T01:32:16.416 INFO:teuthology.orchestra.run.smithi007.stdout:/usr/bin/ceph: stderr
2024-06-06T01:32:15.885+0000 7fec9d460640 1 -- 172.21.15.7:0/2675838790 >> [v2:172.21.15.7:6800/1001633468,v1:172.21.15.7:6801/1001633468] conn(0x7fec840379a0 msgr2=0x7fec84039e60 secure :-1 s=STATE_CONNECTION_ESTABLISHED l=1).mark_down
2024-06-06T01:32:16.416 INFO:teuthology.orchestra.run.smithi007.stdout:/usr/bin/ceph: stderr
2024-06-06T01:32:15.885+0000 7fec9d460640 1 --2- 172.21.15.7:0/2675838790 >> [v2:172.21.15.7:6800/1001633468,v1:172.21.15.7:6801/1001633468] conn(0x7fec840379a0 0x7fec84039e60 secure :-1 s=READY pgs=11 cs=0 l=1 rev1=1 crypto rx=0x7fec800098c0 tx=0x7fec80006db0 comp rx=0 tx=0).stop
2024-06-06T01:32:16.416 INFO:teuthology.orchestra.run.smithi007.stdout:/usr/bin/ceph: stderr
2024-06-06T01:32:15.885+0000 7fec9d460640 1 -- 172.21.15.7:0/2675838790 >> [v2:172.21.15.7:3300/0,v1:172.21.15.7:6789/0] conn(0x7fec98105c20 msgr2=0x7fec9807bab0 secure :-1 s=STATE_CONNECTION_ESTABLISHED l=1).mark_down
2024-06-06T01:32:16.416 INFO:teuthology.orchestra.run.smithi007.stdout:/usr/bin/ceph: stderr
2024-06-06T01:32:15.885+0000 7fec9d460640 1 --2- 172.21.15.7:0/2675838790 >> [v2:172.21.15.7:3300/0,v1:172.21.15.7:6789/0] conn(0x7fec98105c20 0x7fec9807bab0 secure :-1 s=READY pgs=89 cs=0 l=1 rev1=1 crypto rx=0x7fec90009940 tx=0x7fec90032670 comp rx=0 tx=0).stop
2024-06-06T01:32:16.416 INFO:teuthology.orchestra.run.smithi007.stdout:/usr/bin/ceph: stderr
2024-06-06T01:32:15.885+0000 7fec9d460640 1 -- 172.21.15.7:0/2675838790 shutdown_connections
2024-06-06T01:32:16.416 INFO:teuthology.orchestra.run.smithi007.stdout:/usr/bin/ceph: stderr
2024-06-06T01:32:15.885+0000 7fec9d460640 1 --2- 172.21.15.7:0/2675838790 >> [v2:172.21.15.7:6800/1001633468,v1:172.21.15.7:6801/1001633468] conn(0x7fec840379a0 0x7fec84039e60 unknown :-1 s=CLOSED pgs=11 cs=0 l=1 rev1=1 crypto rx=0 tx=0 comp rx=0 tx=0).stop
2024-06-06T01:32:16.417 INFO:teuthology.orchestra.run.smithi007.stdout:/usr/bin/ceph: stderr
2024-06-06T01:32:15.885+0000 7fec9d460640 1 --2- 172.21.15.7:0/2675838790 >> [v2:172.21.15.7:3300/0,v1:172.21.15.7:6789/0] conn(0x7fec98105c20 0x7fec9807bab0 unknown :-1 s=CLOSED pgs=89 cs=0 l=1 rev1=1 crypto rx=0 tx=0 comp rx=0 tx=0).stop
2024-06-06T01:32:16.417 INFO:teuthology.orchestra.run.smithi007.stdout:/usr/bin/ceph: stderr
2024-06-06T01:32:15.885+0000 7fec9d460640 1 -- 172.21.15.7:0/2675838790 >> 172.21.15.7:0/2675838790 conn(0x7fec981011a0 msgr2=0x7fec98101b90 unknown :-1 s=STATE_NONE l=0).mark_down
2024-06-06T01:32:16.417 INFO:teuthology.orchestra.run.smithi007.stdout:/usr/bin/ceph: stderr
2024-06-06T01:32:15.885+0000 7fec9d460640 1 -- 172.21.15.7:0/2675838790 shutdown_connections
2024-06-06T01:32:16.417 INFO:teuthology.orchestra.run.smithi007.stdout:/usr/bin/ceph: stderr
2024-06-06T01:32:15.885+0000 7fec9d460640 1 -- 172.21.15.7:0/2675838790 wait complete.
2024-06-06T01:32:16.417 INFO:teuthology.orchestra.run.smithi007.stdout:You can access the Ceph CLI as following in case of multi-cluster or non-default config:
2024-06-06T01:32:16.417 INFO:teuthology.orchestra.run.smithi007.stdout:
2024-06-06T01:32:16.417 INFO:teuthology.orchestra.run.smithi007.stdout: sudo /home/ubuntu/cephtest/cephadm shell --fsid 4a9daba4-23a4-11ef-bc9b-c7b262605968 -c /etc/ceph/ceph.conf -k /etc/ceph/ceph.client.admin.keyring
2024-06-06T01:32:16.417 INFO:teuthology.orchestra.run.smithi007.stdout:
2024-06-06T01:32:16.417 INFO:teuthology.orchestra.run.smithi007.stdout:Or, if you are only running a single cluster on this host:
2024-06-06T01:32:16.417 INFO:teuthology.orchestra.run.smithi007.stdout:
2024-06-06T01:32:16.417 INFO:teuthology.orchestra.run.smithi007.stdout: sudo /home/ubuntu/cephtest/cephadm shell
2024-06-06T01:32:16.417 INFO:teuthology.orchestra.run.smithi007.stdout:
2024-06-06T01:32:16.417 INFO:teuthology.orchestra.run.smithi007.stdout:Please consider enabling telemetry to help improve Ceph:
2024-06-06T01:32:16.417 INFO:teuthology.orchestra.run.smithi007.stdout:
2024-06-06T01:32:16.417 INFO:teuthology.orchestra.run.smithi007.stdout: ceph telemetry on
2024-06-06T01:32:16.418 INFO:teuthology.orchestra.run.smithi007.stdout:
2024-06-06T01:32:16.418 INFO:teuthology.orchestra.run.smithi007.stdout:For more information see:
2024-06-06T01:32:16.418 INFO:teuthology.orchestra.run.smithi007.stdout:
2024-06-06T01:32:16.418 INFO:teuthology.orchestra.run.smithi007.stdout: https://docs.ceph.com/en/latest/mgr/telemetry/
2024-06-06T01:32:16.418 INFO:teuthology.orchestra.run.smithi007.stdout:
2024-06-06T01:32:16.418 INFO:teuthology.orchestra.run.smithi007.stdout:Bootstrap complete.
2024-06-06T01:32:16.452 INFO:tasks.cephadm:Fetching config...
2024-06-06T01:32:16.452 DEBUG:teuthology.orchestra.run.smithi007:> set -ex
2024-06-06T01:32:16.452 DEBUG:teuthology.orchestra.run.smithi007:> dd if=/etc/ceph/ceph.conf of=/dev/stdout
2024-06-06T01:32:16.469 INFO:tasks.cephadm:Fetching client.admin keyring...
2024-06-06T01:32:16.470 DEBUG:teuthology.orchestra.run.smithi007:> set -ex
2024-06-06T01:32:16.470 DEBUG:teuthology.orchestra.run.smithi007:> dd if=/etc/ceph/ceph.client.admin.keyring of=/dev/stdout
2024-06-06T01:32:16.526 INFO:tasks.cephadm:Fetching mon keyring...
2024-06-06T01:32:16.526 DEBUG:teuthology.orchestra.run.smithi007:> set -ex
2024-06-06T01:32:16.527 DEBUG:teuthology.orchestra.run.smithi007:> sudo dd if=/var/lib/ceph/4a9daba4-23a4-11ef-bc9b-c7b262605968/mon.smithi007/keyring of=/dev/stdout
2024-06-06T01:32:16.593 INFO:tasks.cephadm:Fetching pub ssh key...
2024-06-06T01:32:16.593 DEBUG:teuthology.orchestra.run.smithi007:> set -ex
2024-06-06T01:32:16.593 DEBUG:teuthology.orchestra.run.smithi007:> dd if=/home/ubuntu/cephtest/ceph.pub of=/dev/stdout
2024-06-06T01:32:16.650 INFO:tasks.cephadm:Installing pub ssh key for root users...
2024-06-06T01:32:16.650 DEBUG:teuthology.orchestra.run.smithi007:> sudo install -d -m 0700 /root/.ssh && echo 'ssh-rsa AAAAB3NzaC1yc2EAAAADAQABAAABgQDn57jU1/08SzoBvUm86izWOgfnu1Xd3gklbzOy32+a2tRbPb5iqDKNGu0EO2c2EWMXqaQGxkJdwBp2mRmjtGNQgKZGlpngX/JojT9xqL8qM6HlCrFE08bMaGH4XcoRrwQwcoXVMIFsMT/+HzjseqcetrlrdFeeI0j6C13dswoSDfsgOelB/cE5RSmcrpt+0cIFyFX5H2Jina1A+51yzWECLcSFHuz3gQ/VWBwWiy3fqdHu6MNabg42bTiCRg708Xpsxf0wd+x77Iri6XHA51/v22Fe7WLtpa3lytf8SYiOZU1pn1YU4yfT0j+uOkWwju5Gadk9yS7LnDFwLVCUMAG/H9kkwtyBxgXKTCi/9WM238XhXYTm+pd17siBwynMcLzJnB29tGUx7gNHxnVW+DpBEv7iaHB/zPPfja7neYQPqTlL6Re2qACbCJNqYOT7nZDItHWeoQ0STzWZohWL8tS3EDjOzw1LZ7M2pmWiT8Z0YBWU1p9V7bPZl39kZDnsiBc= ceph-4a9daba4-23a4-11ef-bc9b-c7b262605968' | sudo tee -a /root/.ssh/authorized_keys && sudo chmod 0600 /root/.ssh/authorized_keys
2024-06-06T01:32:16.726 INFO:teuthology.orchestra.run.smithi007.stdout:ssh-rsa AAAAB3NzaC1yc2EAAAADAQABAAABgQDn57jU1/08SzoBvUm86izWOgfnu1Xd3gklbzOy32+a2tRbPb5iqDKNGu0EO2c2EWMXqaQGxkJdwBp2mRmjtGNQgKZGlpngX/JojT9xqL8qM6HlCrFE08bMaGH4XcoRrwQwcoXVMIFsMT/+HzjseqcetrlrdFeeI0j6C13dswoSDfsgOelB/cE5RSmcrpt+0cIFyFX5H2Jina1A+51yzWECLcSFHuz3gQ/VWBwWiy3fqdHu6MNabg42bTiCRg708Xpsxf0wd+x77Iri6XHA51/v22Fe7WLtpa3lytf8SYiOZU1pn1YU4yfT0j+uOkWwju5Gadk9yS7LnDFwLVCUMAG/H9kkwtyBxgXKTCi/9WM238XhXYTm+pd17siBwynMcLzJnB29tGUx7gNHxnVW+DpBEv7iaHB/zPPfja7neYQPqTlL6Re2qACbCJNqYOT7nZDItHWeoQ0STzWZohWL8tS3EDjOzw1LZ7M2pmWiT8Z0YBWU1p9V7bPZl39kZDnsiBc= ceph-4a9daba4-23a4-11ef-bc9b-c7b262605968
2024-06-06T01:32:16.738 DEBUG:teuthology.orchestra.run.smithi097:> sudo install -d -m 0700 /root/.ssh && echo 'ssh-rsa AAAAB3NzaC1yc2EAAAADAQABAAABgQDn57jU1/08SzoBvUm86izWOgfnu1Xd3gklbzOy32+a2tRbPb5iqDKNGu0EO2c2EWMXqaQGxkJdwBp2mRmjtGNQgKZGlpngX/JojT9xqL8qM6HlCrFE08bMaGH4XcoRrwQwcoXVMIFsMT/+HzjseqcetrlrdFeeI0j6C13dswoSDfsgOelB/cE5RSmcrpt+0cIFyFX5H2Jina1A+51yzWECLcSFHuz3gQ/VWBwWiy3fqdHu6MNabg42bTiCRg708Xpsxf0wd+x77Iri6XHA51/v22Fe7WLtpa3lytf8SYiOZU1pn1YU4yfT0j+uOkWwju5Gadk9yS7LnDFwLVCUMAG/H9kkwtyBxgXKTCi/9WM238XhXYTm+pd17siBwynMcLzJnB29tGUx7gNHxnVW+DpBEv7iaHB/zPPfja7neYQPqTlL6Re2qACbCJNqYOT7nZDItHWeoQ0STzWZohWL8tS3EDjOzw1LZ7M2pmWiT8Z0YBWU1p9V7bPZl39kZDnsiBc= ceph-4a9daba4-23a4-11ef-bc9b-c7b262605968' | sudo tee -a /root/.ssh/authorized_keys && sudo chmod 0600 /root/.ssh/authorized_keys
2024-06-06T01:32:16.779 INFO:teuthology.orchestra.run.smithi097.stdout:ssh-rsa AAAAB3NzaC1yc2EAAAADAQABAAABgQDn57jU1/08SzoBvUm86izWOgfnu1Xd3gklbzOy32+a2tRbPb5iqDKNGu0EO2c2EWMXqaQGxkJdwBp2mRmjtGNQgKZGlpngX/JojT9xqL8qM6HlCrFE08bMaGH4XcoRrwQwcoXVMIFsMT/+HzjseqcetrlrdFeeI0j6C13dswoSDfsgOelB/cE5RSmcrpt+0cIFyFX5H2Jina1A+51yzWECLcSFHuz3gQ/VWBwWiy3fqdHu6MNabg42bTiCRg708Xpsxf0wd+x77Iri6XHA51/v22Fe7WLtpa3lytf8SYiOZU1pn1YU4yfT0j+uOkWwju5Gadk9yS7LnDFwLVCUMAG/H9kkwtyBxgXKTCi/9WM238XhXYTm+pd17siBwynMcLzJnB29tGUx7gNHxnVW+DpBEv7iaHB/zPPfja7neYQPqTlL6Re2qACbCJNqYOT7nZDItHWeoQ0STzWZohWL8tS3EDjOzw1LZ7M2pmWiT8Z0YBWU1p9V7bPZl39kZDnsiBc= ceph-4a9daba4-23a4-11ef-bc9b-c7b262605968
2024-06-06T01:32:16.791 DEBUG:teuthology.orchestra.run.smithi007:> sudo /home/ubuntu/cephtest/cephadm --image quay.ceph.io/ceph-ci/ceph:reef shell -c /etc/ceph/ceph.conf -k /etc/ceph/ceph.client.admin.keyring --fsid 4a9daba4-23a4-11ef-bc9b-c7b262605968 -- ceph config set mgr mgr/cephadm/allow_ptrace true
2024-06-06T01:32:17.008 INFO:teuthology.orchestra.run.smithi007.stderr:Inferring config /var/lib/ceph/4a9daba4-23a4-11ef-bc9b-c7b262605968/mon.smithi007/config
2024-06-06T01:32:17.113 INFO:journalctl@ceph.mon.smithi007.smithi007.stdout:Jun 06 01:32:16 smithi007 ceph-mon[29614]: from='client.? 172.21.15.7:0/2675838790' entity='client.admin'
2024-06-06T01:32:19.432 INFO:teuthology.orchestra.run.smithi007.stderr:2024-06-06T01:32:19.431+0000 7faddb935640 1 -- 172.21.15.7:0/2837393471 >> [v2:172.21.15.7:3300/0,v1:172.21.15.7:6789/0] conn(0x7fadd4100980 msgr2=0x7fadd4102d70 secure :-1 s=STATE_CONNECTION_ESTABLISHED l=1).mark_down
2024-06-06T01:32:19.432 INFO:teuthology.orchestra.run.smithi007.stderr:2024-06-06T01:32:19.431+0000 7faddb935640 1 --2- 172.21.15.7:0/2837393471 >> [v2:172.21.15.7:3300/0,v1:172.21.15.7:6789/0] conn(0x7fadd4100980 0x7fadd4102d70 secure :-1 s=READY pgs=90 cs=0 l=1 rev1=1 crypto rx=0x7fadd0009880 tx=0x7fadd002a5d0 comp rx=0 tx=0).stop
2024-06-06T01:32:19.432 INFO:teuthology.orchestra.run.smithi007.stderr:2024-06-06T01:32:19.431+0000 7faddb935640 1 -- 172.21.15.7:0/2837393471 shutdown_connections
2024-06-06T01:32:19.432 INFO:teuthology.orchestra.run.smithi007.stderr:2024-06-06T01:32:19.431+0000 7faddb935640 1 --2- 172.21.15.7:0/2837393471 >> [v2:172.21.15.7:3300/0,v1:172.21.15.7:6789/0] conn(0x7fadd4100980 0x7fadd4102d70 unknown :-1 s=CLOSED pgs=90 cs=0 l=1 rev1=1 crypto rx=0 tx=0 comp rx=0 tx=0).stop
2024-06-06T01:32:19.432 INFO:teuthology.orchestra.run.smithi007.stderr:2024-06-06T01:32:19.431+0000 7faddb935640 1 -- 172.21.15.7:0/2837393471 >> 172.21.15.7:0/2837393471 conn(0x7fadd40fa3b0 msgr2=0x7fadd40fc7d0 unknown :-1 s=STATE_NONE l=0).mark_down
2024-06-06T01:32:19.432 INFO:teuthology.orchestra.run.smithi007.stderr:2024-06-06T01:32:19.431+0000 7faddb935640 1 -- 172.21.15.7:0/2837393471 shutdown_connections
2024-06-06T01:32:19.433 INFO:teuthology.orchestra.run.smithi007.stderr:2024-06-06T01:32:19.431+0000 7faddb935640 1 -- 172.21.15.7:0/2837393471 wait complete.
2024-06-06T01:32:19.433 INFO:teuthology.orchestra.run.smithi007.stderr:2024-06-06T01:32:19.432+0000 7faddb935640 1 Processor -- start
2024-06-06T01:32:19.433 INFO:teuthology.orchestra.run.smithi007.stderr:2024-06-06T01:32:19.432+0000 7faddb935640 1 -- start start
2024-06-06T01:32:19.433 INFO:teuthology.orchestra.run.smithi007.stderr:2024-06-06T01:32:19.432+0000 7faddb935640 1 --2- >> [v2:172.21.15.7:3300/0,v1:172.21.15.7:6789/0] conn(0x7fadd4100980 0x7fadd406a2a0 unknown :-1 s=NONE pgs=0 cs=0 l=1 rev1=0 crypto rx=0 tx=0 comp rx=0 tx=0).connect
2024-06-06T01:32:19.433 INFO:teuthology.orchestra.run.smithi007.stderr:2024-06-06T01:32:19.432+0000 7faddb935640 1 -- --> [v2:172.21.15.7:3300/0,v1:172.21.15.7:6789/0] -- mon_getmap magic: 0 v1 -- 0x7fadd406a7e0 con 0x7fadd4100980
2024-06-06T01:32:19.433 INFO:teuthology.orchestra.run.smithi007.stderr:2024-06-06T01:32:19.432+0000 7fadd96d1640 1 --2- >> [v2:172.21.15.7:3300/0,v1:172.21.15.7:6789/0] conn(0x7fadd4100980 0x7fadd406a2a0 unknown :-1 s=BANNER_CONNECTING pgs=0 cs=0 l=1 rev1=0 crypto rx=0 tx=0 comp rx=0 tx=0)._handle_peer_banner_payload supported=3 required=0
2024-06-06T01:32:19.433 INFO:teuthology.orchestra.run.smithi007.stderr:2024-06-06T01:32:19.432+0000 7fadd96d1640 1 --2- >> [v2:172.21.15.7:3300/0,v1:172.21.15.7:6789/0] conn(0x7fadd4100980 0x7fadd406a2a0 unknown :-1 s=HELLO_CONNECTING pgs=0 cs=0 l=1 rev1=1 crypto rx=0 tx=0 comp rx=0 tx=0).handle_hello peer v2:172.21.15.7:3300/0 says I am v2:172.21.15.7:48936/0 (socket says 172.21.15.7:48936)
2024-06-06T01:32:19.434 INFO:teuthology.orchestra.run.smithi007.stderr:2024-06-06T01:32:19.432+0000 7fadd96d1640 1 -- 172.21.15.7:0/2824814461 learned_addr learned my addr 172.21.15.7:0/2824814461 (peer_addr_for_me v2:172.21.15.7:0/0)
2024-06-06T01:32:19.434 INFO:teuthology.orchestra.run.smithi007.stderr:2024-06-06T01:32:19.433+0000 7fadd96d1640 1 -- 172.21.15.7:0/2824814461 --> [v2:172.21.15.7:3300/0,v1:172.21.15.7:6789/0] -- mon_subscribe({config=0+,monmap=0+}) v3 -- 0x7fadd0009560 con 0x7fadd4100980
2024-06-06T01:32:19.434 INFO:teuthology.orchestra.run.smithi007.stderr:2024-06-06T01:32:19.433+0000 7fadd96d1640 1 --2- 172.21.15.7:0/2824814461 >> [v2:172.21.15.7:3300/0,v1:172.21.15.7:6789/0] conn(0x7fadd4100980 0x7fadd406a2a0 secure :-1 s=READY pgs=91 cs=0 l=1 rev1=1 crypto rx=0x7fadd0006010 tx=0x7fadd0005630 comp rx=0 tx=0).ready entity=mon.0 client_cookie=0 server_cookie=0 in_seq=0 out_seq=0
2024-06-06T01:32:19.434 INFO:teuthology.orchestra.run.smithi007.stderr:2024-06-06T01:32:19.433+0000 7fadca7fc640 1 -- 172.21.15.7:0/2824814461 <== mon.0 v2:172.21.15.7:3300/0 1 ==== mon_map magic: 0 v1 ==== 229+0+0 (secure 0 0 0) 0x7fadd0004aa0 con 0x7fadd4100980
2024-06-06T01:32:19.434 INFO:teuthology.orchestra.run.smithi007.stderr:2024-06-06T01:32:19.433+0000 7fadca7fc640 1 -- 172.21.15.7:0/2824814461 <== mon.0 v2:172.21.15.7:3300/0 2 ==== config(27 keys) v1 ==== 1109+0+0 (secure 0 0 0) 0x7fadd0004c00 con 0x7fadd4100980
