2024-06-06T03:09:29.922+0000 7f5704ff9640 1 -- 172.21.15.153:0/106783203 <== mon.0 v2:172.21.15.153:3300/0 6 ==== mon_command_ack([{"prefix": "get_command_descriptions"}]=0 v0) v1 ==== 72+0+175578 (secure 0 0 0) 0x7f56f8039320 con 0x7f5708100c50
2024-06-06T03:09:36.209 INFO:teuthology.orchestra.run.smithi153.stdout:/usr/bin/ceph: stderr
2024-06-06T03:09:30.134+0000 7f570e30c640 1 -- 172.21.15.153:0/106783203 --> [v2:172.21.15.153:3300/0,v1:172.21.15.153:6789/0] -- mon_command({"prefix": "mgr module enable", "module": "cephadm"} v 0) v1 -- 0x7f5708114000 con 0x7f5708100c50
2024-06-06T03:09:36.209 INFO:teuthology.orchestra.run.smithi153.stdout:/usr/bin/ceph: stderr
2024-06-06T03:09:30.601+0000 7f5704ff9640 1 -- 172.21.15.153:0/106783203 <== mon.0 v2:172.21.15.153:3300/0 7 ==== mgrmap(e 5) v1 ==== 41946+0+0 (secure 0 0 0) 0x7f56f8046780 con 0x7f5708100c50
2024-06-06T03:09:36.209 INFO:teuthology.orchestra.run.smithi153.stdout:/usr/bin/ceph: stderr
2024-06-06T03:09:30.602+0000 7f5704ff9640 1 -- 172.21.15.153:0/106783203 <== mon.0 v2:172.21.15.153:3300/0 8 ==== mon_command_ack([{"prefix": "mgr module enable", "module": "cephadm"}]=0 v5) v1 ==== 86+0+0 (secure 0 0 0) 0x7f56f8069710 con 0x7f5708100c50
2024-06-06T03:09:36.209 INFO:teuthology.orchestra.run.smithi153.stdout:/usr/bin/ceph: stderr
2024-06-06T03:09:30.606+0000 7f570e30c640 1 -- 172.21.15.153:0/106783203 >> [v2:172.21.15.153:6800/3563458677,v1:172.21.15.153:6801/3563458677] conn(0x7f56f00347c0 msgr2=0x7f56f0036c70 secure :-1 s=STATE_CONNECTION_ESTABLISHED l=1).mark_down
2024-06-06T03:09:36.209 INFO:teuthology.orchestra.run.smithi153.stdout:/usr/bin/ceph: stderr
2024-06-06T03:09:30.606+0000 7f570e30c640 1 --2- 172.21.15.153:0/106783203 >> [v2:172.21.15.153:6800/3563458677,v1:172.21.15.153:6801/3563458677] conn(0x7f56f00347c0 0x7f56f0036c70 secure :-1 s=READY pgs=8 cs=0 l=1 rev1=1 crypto rx=0x7f56fc006fd0 tx=0x7f56fc006db0 comp rx=0 tx=0).stop
2024-06-06T03:09:36.209 INFO:teuthology.orchestra.run.smithi153.stdout:/usr/bin/ceph: stderr
2024-06-06T03:09:30.606+0000 7f570e30c640 1 -- 172.21.15.153:0/106783203 >> [v2:172.21.15.153:3300/0,v1:172.21.15.153:6789/0] conn(0x7f5708100c50 msgr2=0x7f5708075b10 secure :-1 s=STATE_CONNECTION_ESTABLISHED l=1).mark_down
2024-06-06T03:09:36.209 INFO:teuthology.orchestra.run.smithi153.stdout:/usr/bin/ceph: stderr
2024-06-06T03:09:30.606+0000 7f570e30c640 1 --2- 172.21.15.153:0/106783203 >> [v2:172.21.15.153:3300/0,v1:172.21.15.153:6789/0] conn(0x7f5708100c50 0x7f5708075b10 secure :-1 s=READY pgs=21 cs=0 l=1 rev1=1 crypto rx=0x7f56f8009420 tx=0x7f56f8008040 comp rx=0 tx=0).stop
2024-06-06T03:09:36.209 INFO:teuthology.orchestra.run.smithi153.stdout:/usr/bin/ceph: stderr
2024-06-06T03:09:30.606+0000 7f570e30c640 1 -- 172.21.15.153:0/106783203 shutdown_connections
2024-06-06T03:09:36.209 INFO:teuthology.orchestra.run.smithi153.stdout:/usr/bin/ceph: stderr
2024-06-06T03:09:30.606+0000 7f570e30c640 1 --2- 172.21.15.153:0/106783203 >> [v2:172.21.15.153:6800/3563458677,v1:172.21.15.153:6801/3563458677] conn(0x7f56f00347c0 0x7f56f0036c70 unknown :-1 s=CLOSED pgs=8 cs=0 l=1 rev1=1 crypto rx=0 tx=0 comp rx=0 tx=0).stop
2024-06-06T03:09:36.210 INFO:teuthology.orchestra.run.smithi153.stdout:/usr/bin/ceph: stderr
2024-06-06T03:09:30.606+0000 7f570e30c640 1 --2- 172.21.15.153:0/106783203 >> [v2:172.21.15.153:3300/0,v1:172.21.15.153:6789/0] conn(0x7f5708100c50 0x7f5708075b10 unknown :-1 s=CLOSED pgs=21 cs=0 l=1 rev1=1 crypto rx=0 tx=0 comp rx=0 tx=0).stop
2024-06-06T03:09:36.210 INFO:teuthology.orchestra.run.smithi153.stdout:/usr/bin/ceph: stderr
2024-06-06T03:09:30.606+0000 7f570e30c640 1 -- 172.21.15.153:0/106783203 >> 172.21.15.153:0/106783203 conn(0x7f57080fc430 msgr2=0x7f57080fcfd0 unknown :-1 s=STATE_NONE l=0).mark_down
2024-06-06T03:09:36.210 INFO:teuthology.orchestra.run.smithi153.stdout:/usr/bin/ceph: stderr
2024-06-06T03:09:30.606+0000 7f570e30c640 1 -- 172.21.15.153:0/106783203 shutdown_connections
2024-06-06T03:09:36.210 INFO:teuthology.orchestra.run.smithi153.stdout:/usr/bin/ceph: stderr
2024-06-06T03:09:30.606+0000 7f570e30c640 1 -- 172.21.15.153:0/106783203 wait complete.
2024-06-06T03:09:36.502 INFO:journalctl@ceph.mon.smithi153.smithi153.stdout:Jun 06 03:09:36 smithi153 ceph-mon[29300]: Found migration_current of "None". Setting to last migration.
2024-06-06T03:09:36.502 INFO:journalctl@ceph.mon.smithi153.smithi153.stdout:Jun 06 03:09:36 smithi153 ceph-mon[29300]: mgrmap e7: smithi153.gidtue(active, since 1.00465s)
2024-06-06T03:09:38.194 INFO:journalctl@ceph.mon.smithi153.smithi153.stdout:Jun 06 03:09:37 smithi153 ceph-mon[29300]: [06/Jun/2024:03:09:36] ENGINE Bus STARTING
2024-06-06T03:09:38.195 INFO:journalctl@ceph.mon.smithi153.smithi153.stdout:Jun 06 03:09:37 smithi153 ceph-mon[29300]: [06/Jun/2024:03:09:36] ENGINE Serving on https://172.21.15.153:7150
2024-06-06T03:09:38.195 INFO:journalctl@ceph.mon.smithi153.smithi153.stdout:Jun 06 03:09:37 smithi153 ceph-mon[29300]: [06/Jun/2024:03:09:36] ENGINE Bus STARTED
2024-06-06T03:09:38.195 INFO:journalctl@ceph.mon.smithi153.smithi153.stdout:Jun 06 03:09:37 smithi153 ceph-mon[29300]: [06/Jun/2024:03:09:36] ENGINE Error in HTTPServer.serve
2024-06-06T03:09:38.195 INFO:journalctl@ceph.mon.smithi153.smithi153.stdout: Traceback (most recent call last):
2024-06-06T03:09:38.195 INFO:journalctl@ceph.mon.smithi153.smithi153.stdout: File "/lib/python3.9/site-packages/cheroot/server.py", line 1823, in serve
2024-06-06T03:09:38.195 INFO:journalctl@ceph.mon.smithi153.smithi153.stdout: self._connections.run(self.expiration_interval)
2024-06-06T03:09:38.195 INFO:journalctl@ceph.mon.smithi153.smithi153.stdout: File "/lib/python3.9/site-packages/cheroot/connections.py", line 203, in run
2024-06-06T03:09:38.195 INFO:journalctl@ceph.mon.smithi153.smithi153.stdout: self._run(expiration_interval)
2024-06-06T03:09:38.195 INFO:journalctl@ceph.mon.smithi153.smithi153.stdout: File "/lib/python3.9/site-packages/cheroot/connections.py", line 246, in _run
2024-06-06T03:09:38.195 INFO:journalctl@ceph.mon.smithi153.smithi153.stdout: new_conn = self._from_server_socket(self.server.socket)
2024-06-06T03:09:38.195 INFO:journalctl@ceph.mon.smithi153.smithi153.stdout: File "/lib/python3.9/site-packages/cheroot/connections.py", line 300, in _from_server_socket
2024-06-06T03:09:38.195 INFO:journalctl@ceph.mon.smithi153.smithi153.stdout: s, ssl_env = self.server.ssl_adapter.wrap(s)
2024-06-06T03:09:38.195 INFO:journalctl@ceph.mon.smithi153.smithi153.stdout: File "/lib/python3.9/site-packages/cheroot/ssl/builtin.py", line 277, in wrap
2024-06-06T03:09:38.196 INFO:journalctl@ceph.mon.smithi153.smithi153.stdout: s = self.context.wrap_socket(
2024-06-06T03:09:38.196 INFO:journalctl@ceph.mon.smithi153.smithi153.stdout: File "/lib64/python3.9/ssl.py", line 501, in wrap_socket
2024-06-06T03:09:38.196 INFO:journalctl@ceph.mon.smithi153.smithi153.stdout: return self.sslsocket_class._create(
2024-06-06T03:09:38.196 INFO:journalctl@ceph.mon.smithi153.smithi153.stdout: File "/lib64/python3.9/ssl.py", line 1074, in _create
2024-06-06T03:09:38.196 INFO:journalctl@ceph.mon.smithi153.smithi153.stdout: self.do_handshake()
2024-06-06T03:09:38.196 INFO:journalctl@ceph.mon.smithi153.smithi153.stdout: File "/lib64/python3.9/ssl.py", line 1343, in do_handshake
2024-06-06T03:09:38.196 INFO:journalctl@ceph.mon.smithi153.smithi153.stdout: self._sslobj.do_handshake()
2024-06-06T03:09:38.196 INFO:journalctl@ceph.mon.smithi153.smithi153.stdout: ssl.SSLZeroReturnError: TLS/SSL connection has been closed (EOF) (_ssl.c:1129)
2024-06-06T03:09:38.196 INFO:journalctl@ceph.mon.smithi153.smithi153.stdout:Jun 06 03:09:37 smithi153 ceph-mon[29300]: from='mgr.14118 172.21.15.153:0/2737557944' entity='mgr.smithi153.gidtue'
2024-06-06T03:09:38.196 INFO:journalctl@ceph.mon.smithi153.smithi153.stdout:Jun 06 03:09:37 smithi153 ceph-mon[29300]: from='mgr.14118 172.21.15.153:0/2737557944' entity='mgr.smithi153.gidtue' cmd=[{"prefix": "config dump", "format": "json"}]: dispatch
2024-06-06T03:09:39.068 INFO:journalctl@ceph.mon.smithi153.smithi153.stdout:Jun 06 03:09:38 smithi153 ceph-mon[29300]: mgrmap e8: smithi153.gidtue(active, since 2s)
2024-06-06T03:09:40.252 INFO:journalctl@ceph.mon.smithi153.smithi153.stdout:Jun 06 03:09:39 smithi153 ceph-mon[29300]: from='client.? 172.21.15.153:0/1418960771' entity='client.admin' cmd=[{"prefix": "mgr stat"}]: dispatch
2024-06-06T03:09:42.075 INFO:teuthology.orchestra.run.smithi153.stdout:/usr/bin/ceph: stdout {
2024-06-06T03:09:42.081 INFO:teuthology.orchestra.run.smithi153.stdout:/usr/bin/ceph: stdout "epoch": 8,
2024-06-06T03:09:42.081 INFO:teuthology.orchestra.run.smithi153.stdout:/usr/bin/ceph: stdout "available": true,
2024-06-06T03:09:42.081 INFO:teuthology.orchestra.run.smithi153.stdout:/usr/bin/ceph: stdout "active_name": "smithi153.gidtue",
2024-06-06T03:09:42.081 INFO:teuthology.orchestra.run.smithi153.stdout:/usr/bin/ceph: stdout "num_standby": 0
2024-06-06T03:09:42.081 INFO:teuthology.orchestra.run.smithi153.stdout:/usr/bin/ceph: stdout }
2024-06-06T03:09:42.081 INFO:teuthology.orchestra.run.smithi153.stdout:/usr/bin/ceph: stderr
2024-06-06T03:09:39.155+0000 7f03e8d55640 1 Processor -- start
2024-06-06T03:09:42.081 INFO:teuthology.orchestra.run.smithi153.stdout:/usr/bin/ceph: stderr
2024-06-06T03:09:39.155+0000 7f03e8d55640 1 -- start start
2024-06-06T03:09:42.082 INFO:teuthology.orchestra.run.smithi153.stdout:/usr/bin/ceph: stderr
2024-06-06T03:09:39.155+0000 7f03e8d55640 1 --2- >> [v2:172.21.15.153:3300/0,v1:172.21.15.153:6789/0] conn(0x7f03e4101c30 0x7f03e4102040 unknown :-1 s=NONE pgs=0 cs=0 l=0 rev1=0 crypto rx=0 tx=0 comp rx=0 tx=0).connect
2024-06-06T03:09:42.082 INFO:teuthology.orchestra.run.smithi153.stdout:/usr/bin/ceph: stderr
2024-06-06T03:09:39.155+0000 7f03e8d55640 1 -- --> [v2:172.21.15.153:3300/0,v1:172.21.15.153:6789/0] -- mon_getmap magic: 0 v1 -- 0x7f03e4102580 con 0x7f03e4101c30
2024-06-06T03:09:42.082 INFO:teuthology.orchestra.run.smithi153.stdout:/usr/bin/ceph: stderr
2024-06-06T03:09:39.155+0000 7f03e259c640 1 --2- >> [v2:172.21.15.153:3300/0,v1:172.21.15.153:6789/0] conn(0x7f03e4101c30 0x7f03e4102040 unknown :-1 s=BANNER_CONNECTING pgs=0 cs=0 l=0 rev1=0 crypto rx=0 tx=0 comp rx=0 tx=0)._handle_peer_banner_payload supported=3 required=0
2024-06-06T03:09:42.082 INFO:teuthology.orchestra.run.smithi153.stdout:/usr/bin/ceph: stderr
2024-06-06T03:09:39.155+0000 7f03e259c640 1 --2- >> [v2:172.21.15.153:3300/0,v1:172.21.15.153:6789/0] conn(0x7f03e4101c30 0x7f03e4102040 unknown :-1 s=HELLO_CONNECTING pgs=0 cs=0 l=0 rev1=1 crypto rx=0 tx=0 comp rx=0 tx=0).handle_hello peer v2:172.21.15.153:3300/0 says I am v2:172.21.15.153:39380/0 (socket says 172.21.15.153:39380)
2024-06-06T03:09:42.082 INFO:teuthology.orchestra.run.smithi153.stdout:/usr/bin/ceph: stderr
2024-06-06T03:09:39.155+0000 7f03e259c640 1 -- 172.21.15.153:0/1925108324 learned_addr learned my addr 172.21.15.153:0/1925108324 (peer_addr_for_me v2:172.21.15.153:0/0)
2024-06-06T03:09:42.082 INFO:teuthology.orchestra.run.smithi153.stdout:/usr/bin/ceph: stderr
2024-06-06T03:09:39.156+0000 7f03e259c640 1 -- 172.21.15.153:0/1925108324 --> [v2:172.21.15.153:3300/0,v1:172.21.15.153:6789/0] -- mon_subscribe({config=0+,monmap=0+}) v3 -- 0x7f03e41026c0 con 0x7f03e4101c30
2024-06-06T03:09:42.082 INFO:teuthology.orchestra.run.smithi153.stdout:/usr/bin/ceph: stderr
2024-06-06T03:09:39.156+0000 7f03e259c640 1 --2- 172.21.15.153:0/1925108324 >> [v2:172.21.15.153:3300/0,v1:172.21.15.153:6789/0] conn(0x7f03e4101c30 0x7f03e4102040 secure :-1 s=READY pgs=31 cs=0 l=1 rev1=1 crypto rx=0x7f03d4009840 tx=0x7f03d40091d0 comp rx=0 tx=0).ready entity=mon.0 client_cookie=59c8943297d210ca server_cookie=0 in_seq=0 out_seq=0
2024-06-06T03:09:42.082 INFO:teuthology.orchestra.run.smithi153.stdout:/usr/bin/ceph: stderr
2024-06-06T03:09:39.157+0000 7f03e1d9b640 1 -- 172.21.15.153:0/1925108324 <== mon.0 v2:172.21.15.153:3300/0 1 ==== mon_map magic: 0 v1 ==== 229+0+0 (secure 0 0 0) 0x7f03d4032440 con 0x7f03e4101c30
2024-06-06T03:09:42.082 INFO:teuthology.orchestra.run.smithi153.stdout:/usr/bin/ceph: stderr
2024-06-06T03:09:39.157+0000 7f03e1d9b640 1 -- 172.21.15.153:0/1925108324 <== mon.0 v2:172.21.15.153:3300/0 2 ==== config(27 keys) v1 ==== 1044+0+0 (secure 0 0 0) 0x7f03d4032a30 con 0x7f03e4101c30
2024-06-06T03:09:42.082 INFO:teuthology.orchestra.run.smithi153.stdout:/usr/bin/ceph: stderr
2024-06-06T03:09:39.157+0000 7f03e1d9b640 1 -- 172.21.15.153:0/1925108324 <== mon.0 v2:172.21.15.153:3300/0 3 ==== mon_map magic: 0 v1 ==== 229+0+0 (secure 0 0 0) 0x7f03d4031ad0 con 0x7f03e4101c30
2024-06-06T03:09:42.082 INFO:teuthology.orchestra.run.smithi153.stdout:/usr/bin/ceph: stderr
2024-06-06T03:09:39.157+0000 7f03e8d55640 1 -- 172.21.15.153:0/1925108324 >> [v2:172.21.15.153:3300/0,v1:172.21.15.153:6789/0] conn(0x7f03e4101c30 msgr2=0x7f03e4102040 secure :-1 s=STATE_CONNECTION_ESTABLISHED l=1).mark_down
2024-06-06T03:09:42.082 INFO:teuthology.orchestra.run.smithi153.stdout:/usr/bin/ceph: stderr
2024-06-06T03:09:39.157+0000 7f03e8d55640 1 --2- 172.21.15.153:0/1925108324 >> [v2:172.21.15.153:3300/0,v1:172.21.15.153:6789/0] conn(0x7f03e4101c30 0x7f03e4102040 secure :-1 s=READY pgs=31 cs=0 l=1 rev1=1 crypto rx=0x7f03d4009840 tx=0x7f03d40091d0 comp rx=0 tx=0).stop
2024-06-06T03:09:42.083 INFO:teuthology.orchestra.run.smithi153.stdout:/usr/bin/ceph: stderr
2024-06-06T03:09:39.157+0000 7f03e8d55640 1 -- 172.21.15.153:0/1925108324 shutdown_connections
2024-06-06T03:09:42.083 INFO:teuthology.orchestra.run.smithi153.stdout:/usr/bin/ceph: stderr
2024-06-06T03:09:39.157+0000 7f03e8d55640 1 --2- 172.21.15.153:0/1925108324 >> [v2:172.21.15.153:3300/0,v1:172.21.15.153:6789/0] conn(0x7f03e4101c30 0x7f03e4102040 unknown :-1 s=CLOSED pgs=31 cs=0 l=1 rev1=1 crypto rx=0 tx=0 comp rx=0 tx=0).stop
2024-06-06T03:09:42.083 INFO:teuthology.orchestra.run.smithi153.stdout:/usr/bin/ceph: stderr
2024-06-06T03:09:39.157+0000 7f03e8d55640 1 -- 172.21.15.153:0/1925108324 >> 172.21.15.153:0/1925108324 conn(0x7f03e40fd430 msgr2=0x7f03e40ff840 unknown :-1 s=STATE_NONE l=0).mark_down
2024-06-06T03:09:42.083 INFO:teuthology.orchestra.run.smithi153.stdout:/usr/bin/ceph: stderr
2024-06-06T03:09:39.157+0000 7f03e8d55640 1 -- 172.21.15.153:0/1925108324 shutdown_connections
2024-06-06T03:09:42.083 INFO:teuthology.orchestra.run.smithi153.stdout:/usr/bin/ceph: stderr
2024-06-06T03:09:39.157+0000 7f03e8d55640 1 -- 172.21.15.153:0/1925108324 wait complete.
2024-06-06T03:09:42.083 INFO:teuthology.orchestra.run.smithi153.stdout:/usr/bin/ceph: stderr
2024-06-06T03:09:39.158+0000 7f03e8d55640 1 Processor -- start
2024-06-06T03:09:42.083 INFO:teuthology.orchestra.run.smithi153.stdout:/usr/bin/ceph: stderr
2024-06-06T03:09:39.158+0000 7f03e8d55640 1 -- start start
2024-06-06T03:09:42.083 INFO:teuthology.orchestra.run.smithi153.stdout:/usr/bin/ceph: stderr
2024-06-06T03:09:39.158+0000 7f03e8d55640 1 --2- >> [v2:172.21.15.153:3300/0,v1:172.21.15.153:6789/0] conn(0x7f03e4101c30 0x7f03e4110a80 unknown :-1 s=NONE pgs=0 cs=0 l=1 rev1=0 crypto rx=0 tx=0 comp rx=0 tx=0).connect
2024-06-06T03:09:42.083 INFO:teuthology.orchestra.run.smithi153.stdout:/usr/bin/ceph: stderr
2024-06-06T03:09:39.158+0000 7f03e8d55640 1 -- --> [v2:172.21.15.153:3300/0,v1:172.21.15.153:6789/0] -- mon_getmap magic: 0 v1 -- 0x7f03e4110fc0 con 0x7f03e4101c30
2024-06-06T03:09:42.083 INFO:teuthology.orchestra.run.smithi153.stdout:/usr/bin/ceph: stderr
2024-06-06T03:09:39.158+0000 7f03e259c640 1 --2- >> [v2:172.21.15.153:3300/0,v1:172.21.15.153:6789/0] conn(0x7f03e4101c30 0x7f03e4110a80 unknown :-1 s=BANNER_CONNECTING pgs=0 cs=0 l=1 rev1=0 crypto rx=0 tx=0 comp rx=0 tx=0)._handle_peer_banner_payload supported=3 required=0
2024-06-06T03:09:42.083 INFO:teuthology.orchestra.run.smithi153.stdout:/usr/bin/ceph: stderr
2024-06-06T03:09:39.158+0000 7f03e259c640 1 --2- >> [v2:172.21.15.153:3300/0,v1:172.21.15.153:6789/0] conn(0x7f03e4101c30 0x7f03e4110a80 unknown :-1 s=HELLO_CONNECTING pgs=0 cs=0 l=1 rev1=1 crypto rx=0 tx=0 comp rx=0 tx=0).handle_hello peer v2:172.21.15.153:3300/0 says I am v2:172.21.15.153:39388/0 (socket says 172.21.15.153:39388)
2024-06-06T03:09:42.083 INFO:teuthology.orchestra.run.smithi153.stdout:/usr/bin/ceph: stderr
2024-06-06T03:09:39.158+0000 7f03e259c640 1 -- 172.21.15.153:0/1418960771 learned_addr learned my addr 172.21.15.153:0/1418960771 (peer_addr_for_me v2:172.21.15.153:0/0)
2024-06-06T03:09:42.084 INFO:teuthology.orchestra.run.smithi153.stdout:/usr/bin/ceph: stderr
2024-06-06T03:09:39.158+0000 7f03e259c640 1 -- 172.21.15.153:0/1418960771 --> [v2:172.21.15.153:3300/0,v1:172.21.15.153:6789/0] -- mon_subscribe({config=0+,monmap=0+}) v3 -- 0x7f03d4009450 con 0x7f03e4101c30
2024-06-06T03:09:42.084 INFO:teuthology.orchestra.run.smithi153.stdout:/usr/bin/ceph: stderr
2024-06-06T03:09:39.158+0000 7f03e259c640 1 --2- 172.21.15.153:0/1418960771 >> [v2:172.21.15.153:3300/0,v1:172.21.15.153:6789/0] conn(0x7f03e4101c30 0x7f03e4110a80 secure :-1 s=READY pgs=32 cs=0 l=1 rev1=1 crypto rx=0x7f03d40317b0 tx=0x7f03d4008040 comp rx=0 tx=0).ready entity=mon.0 client_cookie=0 server_cookie=0 in_seq=0 out_seq=0
2024-06-06T03:09:42.084 INFO:teuthology.orchestra.run.smithi153.stdout:/usr/bin/ceph: stderr
2024-06-06T03:09:39.159+0000 7f03daffd640 1 -- 172.21.15.153:0/1418960771 <== mon.0 v2:172.21.15.153:3300/0 1 ==== mon_map magic: 0 v1 ==== 229+0+0 (secure 0 0 0) 0x7f03d4031e90 con 0x7f03e4101c30
2024-06-06T03:09:42.084 INFO:teuthology.orchestra.run.smithi153.stdout:/usr/bin/ceph: stderr
2024-06-06T03:09:39.159+0000 7f03daffd640 1 -- 172.21.15.153:0/1418960771 <== mon.0 v2:172.21.15.153:3300/0 2 ==== config(27 keys) v1 ==== 1044+0+0 (secure 0 0 0) 0x7f03d403daf0 con 0x7f03e4101c30
2024-06-06T03:09:42.084 INFO:teuthology.orchestra.run.smithi153.stdout:/usr/bin/ceph: stderr
2024-06-06T03:09:39.159+0000 7f03e8d55640 1 -- 172.21.15.153:0/1418960771 --> [v2:172.21.15.153:3300/0,v1:172.21.15.153:6789/0] -- mon_subscribe({mgrmap=0+}) v3 -- 0x7f03e41111c0 con 0x7f03e4101c30
2024-06-06T03:09:42.084 INFO:teuthology.orchestra.run.smithi153.stdout:/usr/bin/ceph: stderr
2024-06-06T03:09:39.159+0000 7f03daffd640 1 -- 172.21.15.153:0/1418960771 <== mon.0 v2:172.21.15.153:3300/0 3 ==== mon_map magic: 0 v1 ==== 229+0+0 (secure 0 0 0) 0x7f03d403baa0 con 0x7f03e4101c30
2024-06-06T03:09:42.084 INFO:teuthology.orchestra.run.smithi153.stdout:/usr/bin/ceph: stderr
2024-06-06T03:09:39.159+0000 7f03e8d55640 1 -- 172.21.15.153:0/1418960771 --> [v2:172.21.15.153:3300/0,v1:172.21.15.153:6789/0] -- mon_subscribe({osdmap=0}) v3 -- 0x7f03e4111630 con 0x7f03e4101c30
2024-06-06T03:09:42.084 INFO:teuthology.orchestra.run.smithi153.stdout:/usr/bin/ceph: stderr
2024-06-06T03:09:39.160+0000 7f03daffd640 1 -- 172.21.15.153:0/1418960771 <== mon.0 v2:172.21.15.153:3300/0 4 ==== mgrmap(e 8) v1 ==== 41946+0+0 (secure 0 0 0) 0x7f03d4039070 con 0x7f03e4101c30
2024-06-06T03:09:42.084 INFO:teuthology.orchestra.run.smithi153.stdout:/usr/bin/ceph: stderr
2024-06-06T03:09:39.160+0000 7f03e8d55640 1 -- 172.21.15.153:0/1418960771 --> [v2:172.21.15.153:3300/0,v1:172.21.15.153:6789/0] -- mon_command({"prefix": "get_command_descriptions"} v 0) v1 -- 0x7f03e404b480 con 0x7f03e4101c30
2024-06-06T03:09:42.084 INFO:teuthology.orchestra.run.smithi153.stdout:/usr/bin/ceph: stderr
2024-06-06T03:09:39.160+0000 7f03daffd640 1 --2- 172.21.15.153:0/1418960771 >> [v2:172.21.15.153:6800/1921588694,v1:172.21.15.153:6801/1921588694] conn(0x7f03d0034860 0x7f03d0036d10 unknown :-1 s=NONE pgs=0 cs=0 l=1 rev1=0 crypto rx=0 tx=0 comp rx=0 tx=0).connect
2024-06-06T03:09:42.084 INFO:teuthology.orchestra.run.smithi153.stdout:/usr/bin/ceph: stderr
2024-06-06T03:09:39.160+0000 7f03daffd640 1 -- 172.21.15.153:0/1418960771 <== mon.0 v2:172.21.15.153:3300/0 5 ==== osd_map(2..2 src has 1..2) v4 ==== 936+0+0 (secure 0 0 0) 0x7f03d40676a0 con 0x7f03e4101c30
2024-06-06T03:09:42.084 INFO:teuthology.orchestra.run.smithi153.stdout:/usr/bin/ceph: stderr
2024-06-06T03:09:39.160+0000 7f03dbfff640 1 --2- 172.21.15.153:0/1418960771 >> [v2:172.21.15.153:6800/1921588694,v1:172.21.15.153:6801/1921588694] conn(0x7f03d0034860 0x7f03d0036d10 unknown :-1 s=BANNER_CONNECTING pgs=0 cs=0 l=1 rev1=0 crypto rx=0 tx=0 comp rx=0 tx=0)._handle_peer_banner_payload supported=3 required=0
2024-06-06T03:09:42.084 INFO:teuthology.orchestra.run.smithi153.stdout:/usr/bin/ceph: stderr
2024-06-06T03:09:39.160+0000 7f03dbfff640 1 --2- 172.21.15.153:0/1418960771 >> [v2:172.21.15.153:6800/1921588694,v1:172.21.15.153:6801/1921588694] conn(0x7f03d0034860 0x7f03d0036d10 secure :-1 s=READY pgs=6 cs=0 l=1 rev1=1 crypto rx=0x7f03cc006fd0 tx=0x7f03cc006db0 comp rx=0 tx=0).ready entity=mgr.14118 client_cookie=0 server_cookie=0 in_seq=0 out_seq=0
2024-06-06T03:09:42.085 INFO:teuthology.orchestra.run.smithi153.stdout:/usr/bin/ceph: stderr
2024-06-06T03:09:39.165+0000 7f03daffd640 1 -- 172.21.15.153:0/1418960771 <== mon.0 v2:172.21.15.153:3300/0 6 ==== mon_command_ack([{"prefix": "get_command_descriptions"}]=0 v0) v1 ==== 72+0+175578 (secure 0 0 0) 0x7f03d403ca00 con 0x7f03e4101c30
2024-06-06T03:09:42.085 INFO:teuthology.orchestra.run.smithi153.stdout:/usr/bin/ceph: stderr
2024-06-06T03:09:39.373+0000 7f03e8d55640 1 -- 172.21.15.153:0/1418960771 --> [v2:172.21.15.153:3300/0,v1:172.21.15.153:6789/0] -- mon_command({"prefix": "mgr stat"} v 0) v1 -- 0x7f03e4103a90 con 0x7f03e4101c30
2024-06-06T03:09:42.085 INFO:teuthology.orchestra.run.smithi153.stdout:/usr/bin/ceph: stderr
2024-06-06T03:09:39.373+0000 7f03daffd640 1 -- 172.21.15.153:0/1418960771 <== mon.0 v2:172.21.15.153:3300/0 7 ==== mon_command_ack([{"prefix": "mgr stat"}]=0 v8) v1 ==== 56+0+103 (secure 0 0 0) 0x7f03d4041070 con 0x7f03e4101c30
2024-06-06T03:09:42.085 INFO:teuthology.orchestra.run.smithi153.stdout:/usr/bin/ceph: stderr
2024-06-06T03:09:39.375+0000 7f03e8d55640 1 -- 172.21.15.153:0/1418960771 >> [v2:172.21.15.153:6800/1921588694,v1:172.21.15.153:6801/1921588694] conn(0x7f03d0034860 msgr2=0x7f03d0036d10 secure :-1 s=STATE_CONNECTION_ESTABLISHED l=1).mark_down
2024-06-06T03:09:42.085 INFO:teuthology.orchestra.run.smithi153.stdout:/usr/bin/ceph: stderr
2024-06-06T03:09:39.375+0000 7f03e8d55640 1 --2- 172.21.15.153:0/1418960771 >> [v2:172.21.15.153:6800/1921588694,v1:172.21.15.153:6801/1921588694] conn(0x7f03d0034860 0x7f03d0036d10 secure :-1 s=READY pgs=6 cs=0 l=1 rev1=1 crypto rx=0x7f03cc006fd0 tx=0x7f03cc006db0 comp rx=0 tx=0).stop
2024-06-06T03:09:42.085 INFO:teuthology.orchestra.run.smithi153.stdout:/usr/bin/ceph: stderr
2024-06-06T03:09:39.375+0000 7f03e8d55640 1 -- 172.21.15.153:0/1418960771 >> [v2:172.21.15.153:3300/0,v1:172.21.15.153:6789/0] conn(0x7f03e4101c30 msgr2=0x7f03e4110a80 secure :-1 s=STATE_CONNECTION_ESTABLISHED l=1).mark_down
2024-06-06T03:09:42.085 INFO:teuthology.orchestra.run.smithi153.stdout:/usr/bin/ceph: stderr
2024-06-06T03:09:39.375+0000 7f03e8d55640 1 --2- 172.21.15.153:0/1418960771 >> [v2:172.21.15.153:3300/0,v1:172.21.15.153:6789/0] conn(0x7f03e4101c30 0x7f03e4110a80 secure :-1 s=READY pgs=32 cs=0 l=1 rev1=1 crypto rx=0x7f03d40317b0 tx=0x7f03d4008040 comp rx=0 tx=0).stop
2024-06-06T03:09:42.085 INFO:teuthology.orchestra.run.smithi153.stdout:/usr/bin/ceph: stderr
2024-06-06T03:09:39.375+0000 7f03e8d55640 1 -- 172.21.15.153:0/1418960771 shutdown_connections
2024-06-06T03:09:42.085 INFO:teuthology.orchestra.run.smithi153.stdout:/usr/bin/ceph: stderr
2024-06-06T03:09:39.375+0000 7f03e8d55640 1 --2- 172.21.15.153:0/1418960771 >> [v2:172.21.15.153:6800/1921588694,v1:172.21.15.153:6801/1921588694] conn(0x7f03d0034860 0x7f03d0036d10 unknown :-1 s=CLOSED pgs=6 cs=0 l=1 rev1=1 crypto rx=0 tx=0 comp rx=0 tx=0).stop
2024-06-06T03:09:42.086 INFO:teuthology.orchestra.run.smithi153.stdout:/usr/bin/ceph: stderr
2024-06-06T03:09:39.375+0000 7f03e8d55640 1 --2- 172.21.15.153:0/1418960771 >> [v2:172.21.15.153:3300/0,v1:172.21.15.153:6789/0] conn(0x7f03e4101c30 0x7f03e4110a80 unknown :-1 s=CLOSED pgs=32 cs=0 l=1 rev1=1 crypto rx=0 tx=0 comp rx=0 tx=0).stop
2024-06-06T03:09:42.086 INFO:teuthology.orchestra.run.smithi153.stdout:/usr/bin/ceph: stderr
2024-06-06T03:09:39.375+0000 7f03e8d55640 1 -- 172.21.15.153:0/1418960771 >> 172.21.15.153:0/1418960771 conn(0x7f03e40fd430 msgr2=0x7f03e40fdfd0 unknown :-1 s=STATE_NONE l=0).mark_down
2024-06-06T03:09:42.086 INFO:teuthology.orchestra.run.smithi153.stdout:/usr/bin/ceph: stderr
2024-06-06T03:09:39.375+0000 7f03e8d55640 1 -- 172.21.15.153:0/1418960771 shutdown_connections
2024-06-06T03:09:42.086 INFO:teuthology.orchestra.run.smithi153.stdout:/usr/bin/ceph: stderr
2024-06-06T03:09:39.375+0000 7f03e8d55640 1 -- 172.21.15.153:0/1418960771 wait complete.
2024-06-06T03:09:42.086 INFO:teuthology.orchestra.run.smithi153.stdout:Waiting for the mgr to restart...
2024-06-06T03:09:42.086 INFO:teuthology.orchestra.run.smithi153.stdout:Waiting for mgr epoch 8...
2024-06-06T03:09:43.002 INFO:journalctl@ceph.mon.smithi153.smithi153.stdout:Jun 06 03:09:42 smithi153 ceph-mon[29300]: from='client.14128 -' entity='client.admin' cmd=[{"prefix": "get_command_descriptions"}]: dispatch
2024-06-06T03:09:43.002 INFO:journalctl@ceph.mon.smithi153.smithi153.stdout:Jun 06 03:09:42 smithi153 ceph-mon[29300]: from='client.14128 -' entity='client.admin' cmd=[{"prefix": "mgr_status"}]: dispatch
2024-06-06T03:09:43.085 INFO:teuthology.orchestra.run.smithi153.stdout:/usr/bin/ceph: stdout {
2024-06-06T03:09:43.085 INFO:teuthology.orchestra.run.smithi153.stdout:/usr/bin/ceph: stdout "mgrmap_epoch": 8,
2024-06-06T03:09:43.085 INFO:teuthology.orchestra.run.smithi153.stdout:/usr/bin/ceph: stdout "initialized": true
2024-06-06T03:09:43.085 INFO:teuthology.orchestra.run.smithi153.stdout:/usr/bin/ceph: stdout }
2024-06-06T03:09:43.085 INFO:teuthology.orchestra.run.smithi153.stdout:/usr/bin/ceph: stderr
2024-06-06T03:09:42.454+0000 7fdd4a653640 1 Processor -- start
2024-06-06T03:09:43.085 INFO:teuthology.orchestra.run.smithi153.stdout:/usr/bin/ceph: stderr
2024-06-06T03:09:42.455+0000 7fdd4a653640 1 -- start start
2024-06-06T03:09:43.086 INFO:teuthology.orchestra.run.smithi153.stdout:/usr/bin/ceph: stderr
2024-06-06T03:09:42.455+0000 7fdd4a653640 1 --2- >> [v2:172.21.15.153:3300/0,v1:172.21.15.153:6789/0] conn(0x7fdd44075b60 0x7fdd44104980 unknown :-1 s=NONE pgs=0 cs=0 l=0 rev1=0 crypto rx=0 tx=0 comp rx=0 tx=0).connect
2024-06-06T03:09:43.086 INFO:teuthology.orchestra.run.smithi153.stdout:/usr/bin/ceph: stderr
2024-06-06T03:09:42.455+0000 7fdd4a653640 1 -- --> [v2:172.21.15.153:3300/0,v1:172.21.15.153:6789/0] -- mon_getmap magic: 0 v1 -- 0x7fdd44075f70 con 0x7fdd44075b60
2024-06-06T03:09:43.086 INFO:teuthology.orchestra.run.smithi153.stdout:/usr/bin/ceph: stderr
2024-06-06T03:09:42.455+0000 7fdd43fff640 1 --2- >> [v2:172.21.15.153:3300/0,v1:172.21.15.153:6789/0] conn(0x7fdd44075b60 0x7fdd44104980 unknown :-1 s=BANNER_CONNECTING pgs=0 cs=0 l=0 rev1=0 crypto rx=0 tx=0 comp rx=0 tx=0)._handle_peer_banner_payload supported=3 required=0
2024-06-06T03:09:43.086 INFO:teuthology.orchestra.run.smithi153.stdout:/usr/bin/ceph: stderr
2024-06-06T03:09:42.455+0000 7fdd43fff640 1 --2- >> [v2:172.21.15.153:3300/0,v1:172.21.15.153:6789/0] conn(0x7fdd44075b60 0x7fdd44104980 unknown :-1 s=HELLO_CONNECTING pgs=0 cs=0 l=0 rev1=1 crypto rx=0 tx=0 comp rx=0 tx=0).handle_hello peer v2:172.21.15.153:3300/0 says I am v2:172.21.15.153:55642/0 (socket says 172.21.15.153:55642)
2024-06-06T03:09:43.086 INFO:teuthology.orchestra.run.smithi153.stdout:/usr/bin/ceph: stderr
2024-06-06T03:09:42.455+0000 7fdd43fff640 1 -- 172.21.15.153:0/3642710030 learned_addr learned my addr 172.21.15.153:0/3642710030 (peer_addr_for_me v2:172.21.15.153:0/0)
2024-06-06T03:09:43.086 INFO:teuthology.orchestra.run.smithi153.stdout:/usr/bin/ceph: stderr
2024-06-06T03:09:42.456+0000 7fdd43fff640 1 -- 172.21.15.153:0/3642710030 --> [v2:172.21.15.153:3300/0,v1:172.21.15.153:6789/0] -- mon_subscribe({config=0+,monmap=0+}) v3 -- 0x7fdd44104ec0 con 0x7fdd44075b60
2024-06-06T03:09:43.086 INFO:teuthology.orchestra.run.smithi153.stdout:/usr/bin/ceph: stderr
2024-06-06T03:09:42.456+0000 7fdd43fff640 1 --2- 172.21.15.153:0/3642710030 >> [v2:172.21.15.153:3300/0,v1:172.21.15.153:6789/0] conn(0x7fdd44075b60 0x7fdd44104980 secure :-1 s=READY pgs=33 cs=0 l=1 rev1=1 crypto rx=0x7fdd34009840 tx=0x7fdd340091d0 comp rx=0 tx=0).ready entity=mon.0 client_cookie=e07075be6cc5fb46 server_cookie=0 in_seq=0 out_seq=0
2024-06-06T03:09:43.086 INFO:teuthology.orchestra.run.smithi153.stdout:/usr/bin/ceph: stderr
2024-06-06T03:09:42.456+0000 7fdd42ffd640 1 -- 172.21.15.153:0/3642710030 <== mon.0 v2:172.21.15.153:3300/0 1 ==== mon_map magic: 0 v1 ==== 229+0+0 (secure 0 0 0) 0x7fdd34032440 con 0x7fdd44075b60
2024-06-06T03:09:43.086 INFO:teuthology.orchestra.run.smithi153.stdout:/usr/bin/ceph: stderr
2024-06-06T03:09:42.456+0000 7fdd42ffd640 1 -- 172.21.15.153:0/3642710030 <== mon.0 v2:172.21.15.153:3300/0 2 ==== config(27 keys) v1 ==== 1044+0+0 (secure 0 0 0) 0x7fdd34032a30 con 0x7fdd44075b60
2024-06-06T03:09:43.086 INFO:teuthology.orchestra.run.smithi153.stdout:/usr/bin/ceph: stderr
2024-06-06T03:09:42.457+0000 7fdd42ffd640 1 -- 172.21.15.153:0/3642710030 <== mon.0 v2:172.21.15.153:3300/0 3 ==== mon_map magic: 0 v1 ==== 229+0+0 (secure 0 0 0) 0x7fdd34031ad0 con 0x7fdd44075b60
2024-06-06T03:09:43.086 INFO:teuthology.orchestra.run.smithi153.stdout:/usr/bin/ceph: stderr
2024-06-06T03:09:42.457+0000 7fdd4a653640 1 -- 172.21.15.153:0/3642710030 >> [v2:172.21.15.153:3300/0,v1:172.21.15.153:6789/0] conn(0x7fdd44075b60 msgr2=0x7fdd44104980 secure :-1 s=STATE_CONNECTION_ESTABLISHED l=1).mark_down
2024-06-06T03:09:43.086 INFO:teuthology.orchestra.run.smithi153.stdout:/usr/bin/ceph: stderr
2024-06-06T03:09:42.457+0000 7fdd4a653640 1 --2- 172.21.15.153:0/3642710030 >> [v2:172.21.15.153:3300/0,v1:172.21.15.153:6789/0] conn(0x7fdd44075b60 0x7fdd44104980 secure :-1 s=READY pgs=33 cs=0 l=1 rev1=1 crypto rx=0x7fdd34009840 tx=0x7fdd340091d0 comp rx=0 tx=0).stop
2024-06-06T03:09:43.086 INFO:teuthology.orchestra.run.smithi153.stdout:/usr/bin/ceph: stderr
2024-06-06T03:09:42.457+0000 7fdd4a653640 1 -- 172.21.15.153:0/3642710030 shutdown_connections
2024-06-06T03:09:43.087 INFO:teuthology.orchestra.run.smithi153.stdout:/usr/bin/ceph: stderr
2024-06-06T03:09:42.457+0000 7fdd4a653640 1 --2- 172.21.15.153:0/3642710030 >> [v2:172.21.15.153:3300/0,v1:172.21.15.153:6789/0] conn(0x7fdd44075b60 0x7fdd44104980 unknown :-1 s=CLOSED pgs=33 cs=0 l=1 rev1=1 crypto rx=0 tx=0 comp rx=0 tx=0).stop
2024-06-06T03:09:43.087 INFO:teuthology.orchestra.run.smithi153.stdout:/usr/bin/ceph: stderr
2024-06-06T03:09:42.457+0000 7fdd4a653640 1 -- 172.21.15.153:0/3642710030 >> 172.21.15.153:0/3642710030 conn(0x7fdd440fc430 msgr2=0x7fdd440fe840 unknown :-1 s=STATE_NONE l=0).mark_down
2024-06-06T03:09:43.087 INFO:teuthology.orchestra.run.smithi153.stdout:/usr/bin/ceph: stderr
2024-06-06T03:09:42.457+0000 7fdd4a653640 1 -- 172.21.15.153:0/3642710030 shutdown_connections
2024-06-06T03:09:43.087 INFO:teuthology.orchestra.run.smithi153.stdout:/usr/bin/ceph: stderr
2024-06-06T03:09:42.457+0000 7fdd4a653640 1 -- 172.21.15.153:0/3642710030 wait complete.
2024-06-06T03:09:43.087 INFO:teuthology.orchestra.run.smithi153.stdout:/usr/bin/ceph: stderr
2024-06-06T03:09:42.458+0000 7fdd4a653640 1 Processor -- start
2024-06-06T03:09:43.087 INFO:teuthology.orchestra.run.smithi153.stdout:/usr/bin/ceph: stderr
2024-06-06T03:09:42.458+0000 7fdd4a653640 1 -- start start
2024-06-06T03:09:43.087 INFO:teuthology.orchestra.run.smithi153.stdout:/usr/bin/ceph: stderr
2024-06-06T03:09:42.458+0000 7fdd4a653640 1 --2- >> [v2:172.21.15.153:3300/0,v1:172.21.15.153:6789/0] conn(0x7fdd44075b60 0x7fdd44110b20 unknown :-1 s=NONE pgs=0 cs=0 l=1 rev1=0 crypto rx=0 tx=0 comp rx=0 tx=0).connect
2024-06-06T03:09:43.087 INFO:teuthology.orchestra.run.smithi153.stdout:/usr/bin/ceph: stderr
2024-06-06T03:09:42.458+0000 7fdd4a653640 1 -- --> [v2:172.21.15.153:3300/0,v1:172.21.15.153:6789/0] -- mon_getmap magic: 0 v1 -- 0x7fdd44111060 con 0x7fdd44075b60
2024-06-06T03:09:43.087 INFO:teuthology.orchestra.run.smithi153.stdout:/usr/bin/ceph: stderr
2024-06-06T03:09:42.458+0000 7fdd43fff640 1 --2- >> [v2:172.21.15.153:3300/0,v1:172.21.15.153:6789/0] conn(0x7fdd44075b60 0x7fdd44110b20 unknown :-1 s=BANNER_CONNECTING pgs=0 cs=0 l=1 rev1=0 crypto rx=0 tx=0 comp rx=0 tx=0)._handle_peer_banner_payload supported=3 required=0
2024-06-06T03:09:43.087 INFO:teuthology.orchestra.run.smithi153.stdout:/usr/bin/ceph: stderr
2024-06-06T03:09:42.458+0000 7fdd43fff640 1 --2- >> [v2:172.21.15.153:3300/0,v1:172.21.15.153:6789/0] conn(0x7fdd44075b60 0x7fdd44110b20 unknown :-1 s=HELLO_CONNECTING pgs=0 cs=0 l=1 rev1=1 crypto rx=0 tx=0 comp rx=0 tx=0).handle_hello peer v2:172.21.15.153:3300/0 says I am v2:172.21.15.153:55646/0 (socket says 172.21.15.153:55646)
2024-06-06T03:09:43.087 INFO:teuthology.orchestra.run.smithi153.stdout:/usr/bin/ceph: stderr
2024-06-06T03:09:42.458+0000 7fdd43fff640 1 -- 172.21.15.153:0/1319442281 learned_addr learned my addr 172.21.15.153:0/1319442281 (peer_addr_for_me v2:172.21.15.153:0/0)
2024-06-06T03:09:43.087 INFO:teuthology.orchestra.run.smithi153.stdout:/usr/bin/ceph: stderr
2024-06-06T03:09:42.459+0000 7fdd43fff640 1 -- 172.21.15.153:0/1319442281 --> [v2:172.21.15.153:3300/0,v1:172.21.15.153:6789/0] -- mon_subscribe({config=0+,monmap=0+}) v3 -- 0x7fdd34009450 con 0x7fdd44075b60
2024-06-06T03:09:43.087 INFO:teuthology.orchestra.run.smithi153.stdout:/usr/bin/ceph: stderr
2024-06-06T03:09:42.459+0000 7fdd43fff640 1 --2- 172.21.15.153:0/1319442281 >> [v2:172.21.15.153:3300/0,v1:172.21.15.153:6789/0] conn(0x7fdd44075b60 0x7fdd44110b20 secure :-1 s=READY pgs=34 cs=0 l=1 rev1=1 crypto rx=0x7fdd34006f00 tx=0x7fdd34008040 comp rx=0 tx=0).ready entity=mon.0 client_cookie=0 server_cookie=0 in_seq=0 out_seq=0
2024-06-06T03:09:43.087 INFO:teuthology.orchestra.run.smithi153.stdout:/usr/bin/ceph: stderr
2024-06-06T03:09:42.459+0000 7fdd40ff9640 1 -- 172.21.15.153:0/1319442281 <== mon.0 v2:172.21.15.153:3300/0 1 ==== mon_map magic: 0 v1 ==== 229+0+0 (secure 0 0 0) 0x7fdd3403d450 con 0x7fdd44075b60
2024-06-06T03:09:43.088 INFO:teuthology.orchestra.run.smithi153.stdout:/usr/bin/ceph: stderr
2024-06-06T03:09:42.459+0000 7fdd40ff9640 1 -- 172.21.15.153:0/1319442281 <== mon.0 v2:172.21.15.153:3300/0 2 ==== config(27 keys) v1 ==== 1044+0+0 (secure 0 0 0) 0x7fdd3403da40 con 0x7fdd44075b60
2024-06-06T03:09:43.088 INFO:teuthology.orchestra.run.smithi153.stdout:/usr/bin/ceph: stderr
2024-06-06T03:09:42.459+0000 7fdd40ff9640 1 -- 172.21.15.153:0/1319442281 <== mon.0 v2:172.21.15.153:3300/0 3 ==== mon_map magic: 0 v1 ==== 229+0+0 (secure 0 0 0) 0x7fdd3403bb10 con 0x7fdd44075b60
2024-06-06T03:09:43.088 INFO:teuthology.orchestra.run.smithi153.stdout:/usr/bin/ceph: stderr
2024-06-06T03:09:42.459+0000 7fdd4a653640 1 -- 172.21.15.153:0/1319442281 --> [v2:172.21.15.153:3300/0,v1:172.21.15.153:6789/0] -- mon_subscribe({mgrmap=0+}) v3 -- 0x7fdd44111260 con 0x7fdd44075b60
2024-06-06T03:09:43.088 INFO:teuthology.orchestra.run.smithi153.stdout:/usr/bin/ceph: stderr
2024-06-06T03:09:42.459+0000 7fdd4a653640 1 -- 172.21.15.153:0/1319442281 --> [v2:172.21.15.153:3300/0,v1:172.21.15.153:6789/0] -- mon_subscribe({osdmap=0}) v3 -- 0x7fdd441116d0 con 0x7fdd44075b60
2024-06-06T03:09:43.088 INFO:teuthology.orchestra.run.smithi153.stdout:/usr/bin/ceph: stderr
2024-06-06T03:09:42.460+0000 7fdd40ff9640 1 -- 172.21.15.153:0/1319442281 <== mon.0 v2:172.21.15.153:3300/0 4 ==== mgrmap(e 8) v1 ==== 41946+0+0 (secure 0 0 0) 0x7fdd34039070 con 0x7fdd44075b60
2024-06-06T03:09:43.088 INFO:teuthology.orchestra.run.smithi153.stdout:/usr/bin/ceph: stderr
2024-06-06T03:09:42.460+0000 7fdd40ff9640 1 --2- 172.21.15.153:0/1319442281 >> [v2:172.21.15.153:6800/1921588694,v1:172.21.15.153:6801/1921588694] conn(0x7fdd2c034860 0x7fdd2c036d10 unknown :-1 s=NONE pgs=0 cs=0 l=1 rev1=0 crypto rx=0 tx=0 comp rx=0 tx=0).connect
2024-06-06T03:09:43.088 INFO:teuthology.orchestra.run.smithi153.stdout:/usr/bin/ceph: stderr
2024-06-06T03:09:42.460+0000 7fdd4a653640 1 -- 172.21.15.153:0/1319442281 --> [v2:172.21.15.153:6800/1921588694,v1:172.21.15.153:6801/1921588694] -- command(tid 0: {"prefix": "get_command_descriptions"}) v1 -- 0x7fdd441116d0 con 0x7fdd2c034860
2024-06-06T03:09:43.088 INFO:teuthology.orchestra.run.smithi153.stdout:/usr/bin/ceph: stderr
2024-06-06T03:09:42.460+0000 7fdd40ff9640 1 -- 172.21.15.153:0/1319442281 <== mon.0 v2:172.21.15.153:3300/0 5 ==== osd_map(2..2 src has 1..2) v4 ==== 936+0+0 (secure 0 0 0) 0x7fdd34067590 con 0x7fdd44075b60
2024-06-06T03:09:43.088 INFO:teuthology.orchestra.run.smithi153.stdout:/usr/bin/ceph: stderr
2024-06-06T03:09:42.460+0000 7fdd437fe640 1 --2- 172.21.15.153:0/1319442281 >> [v2:172.21.15.153:6800/1921588694,v1:172.21.15.153:6801/1921588694] conn(0x7fdd2c034860 0x7fdd2c036d10 unknown :-1 s=BANNER_CONNECTING pgs=0 cs=0 l=1 rev1=0 crypto rx=0 tx=0 comp rx=0 tx=0)._handle_peer_banner_payload supported=3 required=0
2024-06-06T03:09:43.088 INFO:teuthology.orchestra.run.smithi153.stdout:/usr/bin/ceph: stderr
2024-06-06T03:09:42.460+0000 7fdd437fe640 1 --2- 172.21.15.153:0/1319442281 >> [v2:172.21.15.153:6800/1921588694,v1:172.21.15.153:6801/1921588694] conn(0x7fdd2c034860 0x7fdd2c036d10 secure :-1 s=READY pgs=7 cs=0 l=1 rev1=1 crypto rx=0x7fdd38006fd0 tx=0x7fdd38006db0 comp rx=0 tx=0).ready entity=mgr.14118 client_cookie=0 server_cookie=0 in_seq=0 out_seq=0
2024-06-06T03:09:43.089 INFO:teuthology.orchestra.run.smithi153.stdout:/usr/bin/ceph: stderr
2024-06-06T03:09:42.461+0000 7fdd40ff9640 1 -- 172.21.15.153:0/1319442281 <== mgr.14118 v2:172.21.15.153:6800/1921588694 1 ==== command_reply(tid 0: 0 ) v1 ==== 8+0+6549 (secure 0 0 0) 0x7fdd441116d0 con 0x7fdd2c034860
2024-06-06T03:09:43.089 INFO:teuthology.orchestra.run.smithi153.stdout:/usr/bin/ceph: stderr
2024-06-06T03:09:42.466+0000 7fdd4a653640 1 -- 172.21.15.153:0/1319442281 --> [v2:172.21.15.153:6800/1921588694,v1:172.21.15.153:6801/1921588694] -- command(tid 1: {"prefix": "mgr_status"}) v1 -- 0x7fdd4404b480 con 0x7fdd2c034860
2024-06-06T03:09:43.089 INFO:teuthology.orchestra.run.smithi153.stdout:/usr/bin/ceph: stderr
2024-06-06T03:09:42.466+0000 7fdd40ff9640 1 -- 172.21.15.153:0/1319442281 <== mgr.14118 v2:172.21.15.153:6800/1921588694 2 ==== command_reply(tid 1: 0 ) v1 ==== 8+0+51 (secure 0 0 0) 0x7fdd4404b480 con 0x7fdd2c034860
2024-06-06T03:09:43.089 INFO:teuthology.orchestra.run.smithi153.stdout:/usr/bin/ceph: stderr
2024-06-06T03:09:42.466+0000 7fdd4a653640 1 -- 172.21.15.153:0/1319442281 >> [v2:172.21.15.153:6800/1921588694,v1:172.21.15.153:6801/1921588694] conn(0x7fdd2c034860 msgr2=0x7fdd2c036d10 secure :-1 s=STATE_CONNECTION_ESTABLISHED l=1).mark_down
2024-06-06T03:09:43.089 INFO:teuthology.orchestra.run.smithi153.stdout:/usr/bin/ceph: stderr
2024-06-06T03:09:42.466+0000 7fdd4a653640 1 --2- 172.21.15.153:0/1319442281 >> [v2:172.21.15.153:6800/1921588694,v1:172.21.15.153:6801/1921588694] conn(0x7fdd2c034860 0x7fdd2c036d10 secure :-1 s=READY pgs=7 cs=0 l=1 rev1=1 crypto rx=0x7fdd38006fd0 tx=0x7fdd38006db0 comp rx=0 tx=0).stop
2024-06-06T03:09:43.089 INFO:teuthology.orchestra.run.smithi153.stdout:/usr/bin/ceph: stderr
2024-06-06T03:09:42.466+0000 7fdd4a653640 1 -- 172.21.15.153:0/1319442281 >> [v2:172.21.15.153:3300/0,v1:172.21.15.153:6789/0] conn(0x7fdd44075b60 msgr2=0x7fdd44110b20 secure :-1 s=STATE_CONNECTION_ESTABLISHED l=1).mark_down
2024-06-06T03:09:43.089 INFO:teuthology.orchestra.run.smithi153.stdout:/usr/bin/ceph: stderr
2024-06-06T03:09:42.466+0000 7fdd4a653640 1 --2- 172.21.15.153:0/1319442281 >> [v2:172.21.15.153:3300/0,v1:172.21.15.153:6789/0] conn(0x7fdd44075b60 0x7fdd44110b20 secure :-1 s=READY pgs=34 cs=0 l=1 rev1=1 crypto rx=0x7fdd34006f00 tx=0x7fdd34008040 comp rx=0 tx=0).stop
2024-06-06T03:09:43.089 INFO:teuthology.orchestra.run.smithi153.stdout:/usr/bin/ceph: stderr
2024-06-06T03:09:42.466+0000 7fdd4a653640 1 -- 172.21.15.153:0/1319442281 shutdown_connections
2024-06-06T03:09:43.089 INFO:teuthology.orchestra.run.smithi153.stdout:/usr/bin/ceph: stderr
2024-06-06T03:09:42.466+0000 7fdd4a653640 1 --2- 172.21.15.153:0/1319442281 >> [v2:172.21.15.153:6800/1921588694,v1:172.21.15.153:6801/1921588694] conn(0x7fdd2c034860 0x7fdd2c036d10 unknown :-1 s=CLOSED pgs=7 cs=0 l=1 rev1=1 crypto rx=0 tx=0 comp rx=0 tx=0).stop
2024-06-06T03:09:43.089 INFO:teuthology.orchestra.run.smithi153.stdout:/usr/bin/ceph: stderr
2024-06-06T03:09:42.466+0000 7fdd4a653640 1 --2- 172.21.15.153:0/1319442281 >> [v2:172.21.15.153:3300/0,v1:172.21.15.153:6789/0] conn(0x7fdd44075b60 0x7fdd44110b20 unknown :-1 s=CLOSED pgs=34 cs=0 l=1 rev1=1 crypto rx=0 tx=0 comp rx=0 tx=0).stop
2024-06-06T03:09:43.089 INFO:teuthology.orchestra.run.smithi153.stdout:/usr/bin/ceph: stderr
2024-06-06T03:09:42.466+0000 7fdd4a653640 1 -- 172.21.15.153:0/1319442281 >> 172.21.15.153:0/1319442281 conn(0x7fdd440fc430 msgr2=0x7fdd440fd030 unknown :-1 s=STATE_NONE l=0).mark_down
2024-06-06T03:09:43.089 INFO:teuthology.orchestra.run.smithi153.stdout:/usr/bin/ceph: stderr
2024-06-06T03:09:42.467+0000 7fdd4a653640 1 -- 172.21.15.153:0/1319442281 shutdown_connections
2024-06-06T03:09:43.089 INFO:teuthology.orchestra.run.smithi153.stdout:/usr/bin/ceph: stderr
2024-06-06T03:09:42.467+0000 7fdd4a653640 1 -- 172.21.15.153:0/1319442281 wait complete.
2024-06-06T03:09:43.090 INFO:teuthology.orchestra.run.smithi153.stdout:mgr epoch 8 is available
2024-06-06T03:09:43.090 INFO:teuthology.orchestra.run.smithi153.stdout:Setting orchestrator backend to cephadm...
2024-06-06T03:09:44.234 INFO:teuthology.orchestra.run.smithi153.stdout:/usr/bin/ceph: stderr
2024-06-06T03:09:43.481+0000 7f4930b08640 1 Processor -- start
2024-06-06T03:09:44.234 INFO:teuthology.orchestra.run.smithi153.stdout:/usr/bin/ceph: stderr
2024-06-06T03:09:43.482+0000 7f4930b08640 1 -- start start
2024-06-06T03:09:44.234 INFO:teuthology.orchestra.run.smithi153.stdout:/usr/bin/ceph: stderr
2024-06-06T03:09:43.482+0000 7f4930b08640 1 --2- >> [v2:172.21.15.153:3300/0,v1:172.21.15.153:6789/0] conn(0x7f492c101d90 0x7f492c1021a0 unknown :-1 s=NONE pgs=0 cs=0 l=0 rev1=0 crypto rx=0 tx=0 comp rx=0 tx=0).connect
2024-06-06T03:09:44.234 INFO:teuthology.orchestra.run.smithi153.stdout:/usr/bin/ceph: stderr
2024-06-06T03:09:43.482+0000 7f4930b08640 1 -- --> [v2:172.21.15.153:3300/0,v1:172.21.15.153:6789/0] -- mon_getmap magic: 0 v1 -- 0x7f492c1026e0 con 0x7f492c101d90
2024-06-06T03:09:44.234 INFO:teuthology.orchestra.run.smithi153.stdout:/usr/bin/ceph: stderr
2024-06-06T03:09:43.482+0000 7f492a59c640 1 --2- >> [v2:172.21.15.153:3300/0,v1:172.21.15.153:6789/0] conn(0x7f492c101d90 0x7f492c1021a0 unknown :-1 s=BANNER_CONNECTING pgs=0 cs=0 l=0 rev1=0 crypto rx=0 tx=0 comp rx=0 tx=0)._handle_peer_banner_payload supported=3 required=0
2024-06-06T03:09:44.234 INFO:teuthology.orchestra.run.smithi153.stdout:/usr/bin/ceph: stderr
2024-06-06T03:09:43.482+0000 7f492a59c640 1 --2- >> [v2:172.21.15.153:3300/0,v1:172.21.15.153:6789/0] conn(0x7f492c101d90 0x7f492c1021a0 unknown :-1 s=HELLO_CONNECTING pgs=0 cs=0 l=0 rev1=1 crypto rx=0 tx=0 comp rx=0 tx=0).handle_hello peer v2:172.21.15.153:3300/0 says I am v2:172.21.15.153:55658/0 (socket says 172.21.15.153:55658)
2024-06-06T03:09:44.234 INFO:teuthology.orchestra.run.smithi153.stdout:/usr/bin/ceph: stderr
2024-06-06T03:09:43.482+0000 7f492a59c640 1 -- 172.21.15.153:0/1538716969 learned_addr learned my addr 172.21.15.153:0/1538716969 (peer_addr_for_me v2:172.21.15.153:0/0)
2024-06-06T03:09:44.234 INFO:teuthology.orchestra.run.smithi153.stdout:/usr/bin/ceph: stderr
2024-06-06T03:09:43.482+0000 7f492a59c640 1 -- 172.21.15.153:0/1538716969 --> [v2:172.21.15.153:3300/0,v1:172.21.15.153:6789/0] -- mon_subscribe({config=0+,monmap=0+}) v3 -- 0x7f492c102820 con 0x7f492c101d90
2024-06-06T03:09:44.234 INFO:teuthology.orchestra.run.smithi153.stdout:/usr/bin/ceph: stderr
2024-06-06T03:09:43.483+0000 7f492a59c640 1 --2- 172.21.15.153:0/1538716969 >> [v2:172.21.15.153:3300/0,v1:172.21.15.153:6789/0] conn(0x7f492c101d90 0x7f492c1021a0 secure :-1 s=READY pgs=35 cs=0 l=1 rev1=1 crypto rx=0x7f491c009840 tx=0x7f491c0091d0 comp rx=0 tx=0).ready entity=mon.0 client_cookie=57f2ca1f299dec6b server_cookie=0 in_seq=0 out_seq=0
2024-06-06T03:09:44.234 INFO:teuthology.orchestra.run.smithi153.stdout:/usr/bin/ceph: stderr
2024-06-06T03:09:43.483+0000 7f492959a640 1 -- 172.21.15.153:0/1538716969 <== mon.0 v2:172.21.15.153:3300/0 1 ==== mon_map magic: 0 v1 ==== 229+0+0 (secure 0 0 0) 0x7f491c032440 con 0x7f492c101d90
2024-06-06T03:09:44.235 INFO:teuthology.orchestra.run.smithi153.stdout:/usr/bin/ceph: stderr
2024-06-06T03:09:43.483+0000 7f492959a640 1 -- 172.21.15.153:0/1538716969 <== mon.0 v2:172.21.15.153:3300/0 2 ==== config(27 keys) v1 ==== 1044+0+0 (secure 0 0 0) 0x7f491c032a30 con 0x7f492c101d90
2024-06-06T03:09:44.235 INFO:teuthology.orchestra.run.smithi153.stdout:/usr/bin/ceph: stderr
2024-06-06T03:09:43.483+0000 7f492959a640 1 -- 172.21.15.153:0/1538716969 <== mon.0 v2:172.21.15.153:3300/0 3 ==== mon_map magic: 0 v1 ==== 229+0+0 (secure 0 0 0) 0x7f491c031ad0 con 0x7f492c101d90
2024-06-06T03:09:44.235 INFO:teuthology.orchestra.run.smithi153.stdout:/usr/bin/ceph: stderr
2024-06-06T03:09:43.484+0000 7f4930b08640 1 -- 172.21.15.153:0/1538716969 >> [v2:172.21.15.153:3300/0,v1:172.21.15.153:6789/0] conn(0x7f492c101d90 msgr2=0x7f492c1021a0 secure :-1 s=STATE_CONNECTION_ESTABLISHED l=1).mark_down
2024-06-06T03:09:44.235 INFO:teuthology.orchestra.run.smithi153.stdout:/usr/bin/ceph: stderr
2024-06-06T03:09:43.484+0000 7f4930b08640 1 --2- 172.21.15.153:0/1538716969 >> [v2:172.21.15.153:3300/0,v1:172.21.15.153:6789/0] conn(0x7f492c101d90 0x7f492c1021a0 secure :-1 s=READY pgs=35 cs=0 l=1 rev1=1 crypto rx=0x7f491c009840 tx=0x7f491c0091d0 comp rx=0 tx=0).stop
2024-06-06T03:09:44.235 INFO:teuthology.orchestra.run.smithi153.stdout:/usr/bin/ceph: stderr
2024-06-06T03:09:43.484+0000 7f4930b08640 1 -- 172.21.15.153:0/1538716969 shutdown_connections
2024-06-06T03:09:44.235 INFO:teuthology.orchestra.run.smithi153.stdout:/usr/bin/ceph: stderr
2024-06-06T03:09:43.484+0000 7f4930b08640 1 --2- 172.21.15.153:0/1538716969 >> [v2:172.21.15.153:3300/0,v1:172.21.15.153:6789/0] conn(0x7f492c101d90 0x7f492c1021a0 unknown :-1 s=CLOSED pgs=35 cs=0 l=1 rev1=1 crypto rx=0 tx=0 comp rx=0 tx=0).stop
2024-06-06T03:09:44.235 INFO:teuthology.orchestra.run.smithi153.stdout:/usr/bin/ceph: stderr
2024-06-06T03:09:43.484+0000 7f4930b08640 1 -- 172.21.15.153:0/1538716969 >> 172.21.15.153:0/1538716969 conn(0x7f492c0fd5b0 msgr2=0x7f492c0ff9c0 unknown :-1 s=STATE_NONE l=0).mark_down
2024-06-06T03:09:44.235 INFO:teuthology.orchestra.run.smithi153.stdout:/usr/bin/ceph: stderr
2024-06-06T03:09:43.484+0000 7f4930b08640 1 -- 172.21.15.153:0/1538716969 shutdown_connections
2024-06-06T03:09:44.235 INFO:teuthology.orchestra.run.smithi153.stdout:/usr/bin/ceph: stderr
2024-06-06T03:09:43.484+0000 7f4930b08640 1 -- 172.21.15.153:0/1538716969 wait complete.
2024-06-06T03:09:44.235 INFO:teuthology.orchestra.run.smithi153.stdout:/usr/bin/ceph: stderr
2024-06-06T03:09:43.484+0000 7f4930b08640 1 Processor -- start
2024-06-06T03:09:44.235 INFO:teuthology.orchestra.run.smithi153.stdout:/usr/bin/ceph: stderr
2024-06-06T03:09:43.484+0000 7f4930b08640 1 -- start start
2024-06-06T03:09:44.235 INFO:teuthology.orchestra.run.smithi153.stdout:/usr/bin/ceph: stderr
2024-06-06T03:09:43.484+0000 7f4930b08640 1 --2- >> [v2:172.21.15.153:3300/0,v1:172.21.15.153:6789/0] conn(0x7f492c101d90 0x7f492c077bc0 unknown :-1 s=NONE pgs=0 cs=0 l=1 rev1=0 crypto rx=0 tx=0 comp rx=0 tx=0).connect
2024-06-06T03:09:44.235 INFO:teuthology.orchestra.run.smithi153.stdout:/usr/bin/ceph: stderr
2024-06-06T03:09:43.484+0000 7f4930b08640 1 -- --> [v2:172.21.15.153:3300/0,v1:172.21.15.153:6789/0] -- mon_getmap magic: 0 v1 -- 0x7f492c078100 con 0x7f492c101d90
2024-06-06T03:09:44.236 INFO:teuthology.orchestra.run.smithi153.stdout:/usr/bin/ceph: stderr
2024-06-06T03:09:43.485+0000 7f492a59c640 1 --2- >> [v2:172.21.15.153:3300/0,v1:172.21.15.153:6789/0] conn(0x7f492c101d90 0x7f492c077bc0 unknown :-1 s=BANNER_CONNECTING pgs=0 cs=0 l=1 rev1=0 crypto rx=0 tx=0 comp rx=0 tx=0)._handle_peer_banner_payload supported=3 required=0
2024-06-06T03:09:44.236 INFO:teuthology.orchestra.run.smithi153.stdout:/usr/bin/ceph: stderr
2024-06-06T03:09:43.485+0000 7f492a59c640 1 --2- >> [v2:172.21.15.153:3300/0,v1:172.21.15.153:6789/0] conn(0x7f492c101d90 0x7f492c077bc0 unknown :-1 s=HELLO_CONNECTING pgs=0 cs=0 l=1 rev1=1 crypto rx=0 tx=0 comp rx=0 tx=0).handle_hello peer v2:172.21.15.153:3300/0 says I am v2:172.21.15.153:55666/0 (socket says 172.21.15.153:55666)
2024-06-06T03:09:44.236 INFO:teuthology.orchestra.run.smithi153.stdout:/usr/bin/ceph: stderr
2024-06-06T03:09:43.485+0000 7f492a59c640 1 -- 172.21.15.153:0/3376180884 learned_addr learned my addr 172.21.15.153:0/3376180884 (peer_addr_for_me v2:172.21.15.153:0/0)
2024-06-06T03:09:44.236 INFO:teuthology.orchestra.run.smithi153.stdout:/usr/bin/ceph: stderr
2024-06-06T03:09:43.485+0000 7f492a59c640 1 -- 172.21.15.153:0/3376180884 --> [v2:172.21.15.153:3300/0,v1:172.21.15.153:6789/0] -- mon_subscribe({config=0+,monmap=0+}) v3 -- 0x7f491c009450 con 0x7f492c101d90
2024-06-06T03:09:44.236 INFO:teuthology.orchestra.run.smithi153.stdout:/usr/bin/ceph: stderr
2024-06-06T03:09:43.485+0000 7f492a59c640 1 --2- 172.21.15.153:0/3376180884 >> [v2:172.21.15.153:3300/0,v1:172.21.15.153:6789/0] conn(0x7f492c101d90 0x7f492c077bc0 secure :-1 s=READY pgs=36 cs=0 l=1 rev1=1 crypto rx=0x7f491c0317b0 tx=0x7f491c008040 comp rx=0 tx=0).ready entity=mon.0 client_cookie=0 server_cookie=0 in_seq=0 out_seq=0
2024-06-06T03:09:44.236 INFO:teuthology.orchestra.run.smithi153.stdout:/usr/bin/ceph: stderr
2024-06-06T03:09:43.485+0000 7f491affd640 1 -- 172.21.15.153:0/3376180884 <== mon.0 v2:172.21.15.153:3300/0 1 ==== mon_map magic: 0 v1 ==== 229+0+0 (secure 0 0 0) 0x7f491c031e90 con 0x7f492c101d90
2024-06-06T03:09:44.236 INFO:teuthology.orchestra.run.smithi153.stdout:/usr/bin/ceph: stderr
2024-06-06T03:09:43.485+0000 7f491affd640 1 -- 172.21.15.153:0/3376180884 <== mon.0 v2:172.21.15.153:3300/0 2 ==== config(27 keys) v1 ==== 1044+0+0 (secure 0 0 0) 0x7f491c03daf0 con 0x7f492c101d90
