2024-06-06T03:14:37.840+0000 7f50bda44700 1 -- --> [v2:172.21.15.50:3300/0,v1:172.21.15.50:6789/0] -- mon_getmap magic: 0 -- 0x7f50b810c120 con 0x7f50b8108830
2024-06-06T03:14:38.570 INFO:teuthology.orchestra.run.smithi050.stdout:/usr/bin/ceph: stderr
2024-06-06T03:14:37.841+0000 7f50b6ffd700 1 --2- >> [v2:172.21.15.50:3300/0,v1:172.21.15.50:6789/0] conn(0x7f50b8108830 0x7f50b819bc70 unknown :-1 s=BANNER_CONNECTING pgs=0 cs=0 l=1 rev1=0 crypto rx=0 tx=0 comp rx=0 tx=0)._handle_peer_banner_payload supported=3 required=0
2024-06-06T03:14:38.570 INFO:teuthology.orchestra.run.smithi050.stdout:/usr/bin/ceph: stderr
2024-06-06T03:14:37.841+0000 7f50b6ffd700 1 --2- >> [v2:172.21.15.50:3300/0,v1:172.21.15.50:6789/0] conn(0x7f50b8108830 0x7f50b819bc70 unknown :-1 s=HELLO_CONNECTING pgs=0 cs=0 l=1 rev1=1 crypto rx=0 tx=0 comp rx=0 tx=0).handle_hello peer v2:172.21.15.50:3300/0 says I am v2:172.21.15.50:41104/0 (socket says 172.21.15.50:41104)
2024-06-06T03:14:38.570 INFO:teuthology.orchestra.run.smithi050.stdout:/usr/bin/ceph: stderr
2024-06-06T03:14:37.841+0000 7f50b6ffd700 1 -- 172.21.15.50:0/2697433073 learned_addr learned my addr 172.21.15.50:0/2697433073 (peer_addr_for_me v2:172.21.15.50:0/0)
2024-06-06T03:14:38.570 INFO:teuthology.orchestra.run.smithi050.stdout:/usr/bin/ceph: stderr
2024-06-06T03:14:37.841+0000 7f50b6ffd700 1 -- 172.21.15.50:0/2697433073 --> [v2:172.21.15.50:3300/0,v1:172.21.15.50:6789/0] -- mon_subscribe({config=0+,monmap=0+}) -- 0x7f50b819c1b0 con 0x7f50b8108830
2024-06-06T03:14:38.570 INFO:teuthology.orchestra.run.smithi050.stdout:/usr/bin/ceph: stderr
2024-06-06T03:14:37.841+0000 7f50b6ffd700 1 --2- 172.21.15.50:0/2697433073 >> [v2:172.21.15.50:3300/0,v1:172.21.15.50:6789/0] conn(0x7f50b8108830 0x7f50b819bc70 secure :-1 s=READY pgs=21 cs=0 l=1 rev1=1 crypto rx=0x7f50a8006af0 tx=0x7f50a8011c40 comp rx=0 tx=0).ready entity=mon.0 client_cookie=0 server_cookie=0 in_seq=0 out_seq=0
2024-06-06T03:14:38.570 INFO:teuthology.orchestra.run.smithi050.stdout:/usr/bin/ceph: stderr
2024-06-06T03:14:37.841+0000 7f50bca42700 1 -- 172.21.15.50:0/2697433073 <== mon.0 v2:172.21.15.50:3300/0 1 ==== mon_map magic: 0 ==== 205+0+0 (secure 0 0 0) 0x7f50a80039e0 con 0x7f50b8108830
2024-06-06T03:14:38.570 INFO:teuthology.orchestra.run.smithi050.stdout:/usr/bin/ceph: stderr
2024-06-06T03:14:37.841+0000 7f50bda44700 1 -- 172.21.15.50:0/2697433073 --> [v2:172.21.15.50:3300/0,v1:172.21.15.50:6789/0] -- mon_subscribe({mgrmap=0+}) -- 0x7f50b819c440 con 0x7f50b8108830
2024-06-06T03:14:38.571 INFO:teuthology.orchestra.run.smithi050.stdout:/usr/bin/ceph: stderr
2024-06-06T03:14:37.841+0000 7f50bca42700 1 -- 172.21.15.50:0/2697433073 <== mon.0 v2:172.21.15.50:3300/0 2 ==== config(26 keys) ==== 1071+0+0 (secure 0 0 0) 0x7f50a8003b80 con 0x7f50b8108830
2024-06-06T03:14:38.571 INFO:teuthology.orchestra.run.smithi050.stdout:/usr/bin/ceph: stderr
2024-06-06T03:14:37.841+0000 7f50bca42700 1 -- 172.21.15.50:0/2697433073 <== mon.0 v2:172.21.15.50:3300/0 3 ==== mon_map magic: 0 ==== 205+0+0 (secure 0 0 0) 0x7f50a80196a0 con 0x7f50b8108830
2024-06-06T03:14:38.571 INFO:teuthology.orchestra.run.smithi050.stdout:/usr/bin/ceph: stderr
2024-06-06T03:14:37.841+0000 7f50bda44700 1 -- 172.21.15.50:0/2697433073 --> [v2:172.21.15.50:3300/0,v1:172.21.15.50:6789/0] -- mon_subscribe({osdmap=0}) -- 0x7f50b819f130 con 0x7f50b8108830
2024-06-06T03:14:38.571 INFO:teuthology.orchestra.run.smithi050.stdout:/usr/bin/ceph: stderr
2024-06-06T03:14:37.842+0000 7f50bca42700 1 -- 172.21.15.50:0/2697433073 <== mon.0 v2:172.21.15.50:3300/0 4 ==== mgrmap(e 4) ==== 46276+0+0 (secure 0 0 0) 0x7f50a801a430 con 0x7f50b8108830
2024-06-06T03:14:38.571 INFO:teuthology.orchestra.run.smithi050.stdout:/usr/bin/ceph: stderr
2024-06-06T03:14:37.842+0000 7f50bda44700 1 -- 172.21.15.50:0/2697433073 --> [v2:172.21.15.50:3300/0,v1:172.21.15.50:6789/0] -- mon_command({"prefix": "get_command_descriptions"} v 0) -- 0x7f50b8063af0 con 0x7f50b8108830
2024-06-06T03:14:38.571 INFO:teuthology.orchestra.run.smithi050.stdout:/usr/bin/ceph: stderr
2024-06-06T03:14:37.842+0000 7f50bca42700 1 --2- 172.21.15.50:0/2697433073 >> [v2:172.21.15.50:6800/2617801068,v1:172.21.15.50:6801/2617801068] conn(0x7f50a4039000 0x7f50a403b4c0 unknown :-1 s=NONE pgs=0 cs=0 l=1 rev1=0 crypto rx=0 tx=0 comp rx=0 tx=0).connect
2024-06-06T03:14:38.571 INFO:teuthology.orchestra.run.smithi050.stdout:/usr/bin/ceph: stderr
2024-06-06T03:14:37.842+0000 7f50bca42700 1 -- 172.21.15.50:0/2697433073 <== mon.0 v2:172.21.15.50:3300/0 5 ==== osd_map(1..1 src has 1..1) ==== 725+0+0 (secure 0 0 0) 0x7f50a804d540 con 0x7f50b8108830
2024-06-06T03:14:38.571 INFO:teuthology.orchestra.run.smithi050.stdout:/usr/bin/ceph: stderr
2024-06-06T03:14:37.843+0000 7f50ae7fc700 1 --2- 172.21.15.50:0/2697433073 >> [v2:172.21.15.50:6800/2617801068,v1:172.21.15.50:6801/2617801068] conn(0x7f50a4039000 0x7f50a403b4c0 unknown :-1 s=BANNER_CONNECTING pgs=0 cs=0 l=1 rev1=0 crypto rx=0 tx=0 comp rx=0 tx=0)._handle_peer_banner_payload supported=3 required=0
2024-06-06T03:14:38.571 INFO:teuthology.orchestra.run.smithi050.stdout:/usr/bin/ceph: stderr
2024-06-06T03:14:37.843+0000 7f50ae7fc700 1 --2- 172.21.15.50:0/2697433073 >> [v2:172.21.15.50:6800/2617801068,v1:172.21.15.50:6801/2617801068] conn(0x7f50a4039000 0x7f50a403b4c0 secure :-1 s=READY pgs=7 cs=0 l=1 rev1=1 crypto rx=0x7f50a0006fd0 tx=0x7f50a0006e40 comp rx=0 tx=0).ready entity=mgr.14100 client_cookie=0 server_cookie=0 in_seq=0 out_seq=0
2024-06-06T03:14:38.571 INFO:teuthology.orchestra.run.smithi050.stdout:/usr/bin/ceph: stderr
2024-06-06T03:14:37.847+0000 7f50bca42700 1 -- 172.21.15.50:0/2697433073 <== mon.0 v2:172.21.15.50:3300/0 6 ==== mon_command_ack([{"prefix": "get_command_descriptions"}]=0 v0) ==== 72+0+186418 (secure 0 0 0) 0x7f50a8023e00 con 0x7f50b8108830
2024-06-06T03:14:38.571 INFO:teuthology.orchestra.run.smithi050.stdout:/usr/bin/ceph: stderr
2024-06-06T03:14:38.052+0000 7f50bda44700 1 -- 172.21.15.50:0/2697433073 --> [v2:172.21.15.50:3300/0,v1:172.21.15.50:6789/0] -- mon_command({"prefix": "config assimilate-conf"} v 0) -- 0x7f50b819f300 con 0x7f50b8108830
2024-06-06T03:14:38.571 INFO:teuthology.orchestra.run.smithi050.stdout:/usr/bin/ceph: stderr
2024-06-06T03:14:38.053+0000 7f50bca42700 1 -- 172.21.15.50:0/2697433073 <== mon.0 v2:172.21.15.50:3300/0 7 ==== mon_command_ack([{"prefix": "config assimilate-conf"}]=0 v3) ==== 70+0+373 (secure 0 0 0) 0x7f50b819f300 con 0x7f50b8108830
2024-06-06T03:14:38.571 INFO:teuthology.orchestra.run.smithi050.stdout:/usr/bin/ceph: stderr
2024-06-06T03:14:38.056+0000 7f50bda44700 1 -- 172.21.15.50:0/2697433073 >> [v2:172.21.15.50:6800/2617801068,v1:172.21.15.50:6801/2617801068] conn(0x7f50a4039000 msgr2=0x7f50a403b4c0 secure :-1 s=STATE_CONNECTION_ESTABLISHED l=1).mark_down
2024-06-06T03:14:38.571 INFO:teuthology.orchestra.run.smithi050.stdout:/usr/bin/ceph: stderr
2024-06-06T03:14:38.056+0000 7f50bda44700 1 --2- 172.21.15.50:0/2697433073 >> [v2:172.21.15.50:6800/2617801068,v1:172.21.15.50:6801/2617801068] conn(0x7f50a4039000 0x7f50a403b4c0 secure :-1 s=READY pgs=7 cs=0 l=1 rev1=1 crypto rx=0x7f50a0006fd0 tx=0x7f50a0006e40 comp rx=0 tx=0).stop
2024-06-06T03:14:38.572 INFO:teuthology.orchestra.run.smithi050.stdout:/usr/bin/ceph: stderr
2024-06-06T03:14:38.056+0000 7f50bda44700 1 -- 172.21.15.50:0/2697433073 >> [v2:172.21.15.50:3300/0,v1:172.21.15.50:6789/0] conn(0x7f50b8108830 msgr2=0x7f50b819bc70 secure :-1 s=STATE_CONNECTION_ESTABLISHED l=1).mark_down
2024-06-06T03:14:38.572 INFO:teuthology.orchestra.run.smithi050.stdout:/usr/bin/ceph: stderr
2024-06-06T03:14:38.056+0000 7f50bda44700 1 --2- 172.21.15.50:0/2697433073 >> [v2:172.21.15.50:3300/0,v1:172.21.15.50:6789/0] conn(0x7f50b8108830 0x7f50b819bc70 secure :-1 s=READY pgs=21 cs=0 l=1 rev1=1 crypto rx=0x7f50a8006af0 tx=0x7f50a8011c40 comp rx=0 tx=0).stop
2024-06-06T03:14:38.572 INFO:teuthology.orchestra.run.smithi050.stdout:/usr/bin/ceph: stderr
2024-06-06T03:14:38.056+0000 7f50bda44700 1 -- 172.21.15.50:0/2697433073 shutdown_connections
2024-06-06T03:14:38.572 INFO:teuthology.orchestra.run.smithi050.stdout:/usr/bin/ceph: stderr
2024-06-06T03:14:38.056+0000 7f50bda44700 1 --2- 172.21.15.50:0/2697433073 >> [v2:172.21.15.50:6800/2617801068,v1:172.21.15.50:6801/2617801068] conn(0x7f50a4039000 0x7f50a403b4c0 unknown :-1 s=CLOSED pgs=7 cs=0 l=1 rev1=1 crypto rx=0 tx=0 comp rx=0 tx=0).stop
2024-06-06T03:14:38.572 INFO:teuthology.orchestra.run.smithi050.stdout:/usr/bin/ceph: stderr
2024-06-06T03:14:38.056+0000 7f50bda44700 1 --2- 172.21.15.50:0/2697433073 >> [v2:172.21.15.50:3300/0,v1:172.21.15.50:6789/0] conn(0x7f50b8108830 0x7f50b819bc70 unknown :-1 s=CLOSED pgs=21 cs=0 l=1 rev1=1 crypto rx=0 tx=0 comp rx=0 tx=0).stop
2024-06-06T03:14:38.572 INFO:teuthology.orchestra.run.smithi050.stdout:/usr/bin/ceph: stderr
2024-06-06T03:14:38.056+0000 7f50bda44700 1 -- 172.21.15.50:0/2697433073 >> 172.21.15.50:0/2697433073 conn(0x7f50b8102240 msgr2=0x7f50b8102ce0 unknown :-1 s=STATE_NONE l=0).mark_down
2024-06-06T03:14:38.572 INFO:teuthology.orchestra.run.smithi050.stdout:/usr/bin/ceph: stderr
2024-06-06T03:14:38.056+0000 7f50bda44700 1 -- 172.21.15.50:0/2697433073 shutdown_connections
2024-06-06T03:14:38.572 INFO:teuthology.orchestra.run.smithi050.stdout:/usr/bin/ceph: stderr
2024-06-06T03:14:38.056+0000 7f50bda44700 1 -- 172.21.15.50:0/2697433073 wait complete.
2024-06-06T03:14:38.572 INFO:teuthology.orchestra.run.smithi050.stdout:Enabling cephadm module...
2024-06-06T03:14:39.501 INFO:journalctl@ceph.mon.a.smithi050.stdout:Jun 06 03:14:39 smithi050 ceph-mon[32421]: from='client.? 172.21.15.50:0/3347295843' entity='client.admin' cmd=[{"prefix": "mgr module enable", "module": "cephadm"}]: dispatch
2024-06-06T03:14:39.501 INFO:journalctl@ceph.mgr.x.smithi050.stdout:Jun 06 03:14:39 smithi050 ceph-b6263b26-23b2-11ef-bc9b-c7b262605968-mgr-x[32650]: ignoring --setuser ceph since I am not root
2024-06-06T03:14:39.502 INFO:journalctl@ceph.mgr.x.smithi050.stdout:Jun 06 03:14:39 smithi050 ceph-b6263b26-23b2-11ef-bc9b-c7b262605968-mgr-x[32650]: ignoring --setgroup ceph since I am not root
2024-06-06T03:14:39.502 INFO:journalctl@ceph.mgr.x.smithi050.stdout:Jun 06 03:14:39 smithi050 ceph-b6263b26-23b2-11ef-bc9b-c7b262605968-mgr-x[32650]:
2024-06-06T03:14:39.453+0000 7f4a8e70b200 -1 mgr[py] Module balancer has missing NOTIFY_TYPES member
2024-06-06T03:14:39.840 INFO:journalctl@ceph.mgr.x.smithi050.stdout:Jun 06 03:14:39 smithi050 ceph-b6263b26-23b2-11ef-bc9b-c7b262605968-mgr-x[32650]:
2024-06-06T03:14:39.645+0000 7f4a8e70b200 -1 mgr[py] Module orchestrator has missing NOTIFY_TYPES member
2024-06-06T03:14:39.840 INFO:journalctl@ceph.mgr.x.smithi050.stdout:Jun 06 03:14:39 smithi050 ceph-b6263b26-23b2-11ef-bc9b-c7b262605968-mgr-x[32650]:
2024-06-06T03:14:39.751+0000 7f4a8e70b200 -1 mgr[py] Module snap_schedule has missing NOTIFY_TYPES member
2024-06-06T03:14:39.847 INFO:teuthology.orchestra.run.smithi050.stdout:/usr/bin/ceph: stderr
2024-06-06T03:14:38.952+0000 7f8ea98ef700 1 Processor -- start
2024-06-06T03:14:39.847 INFO:teuthology.orchestra.run.smithi050.stdout:/usr/bin/ceph: stderr
2024-06-06T03:14:38.952+0000 7f8ea98ef700 1 -- start start
2024-06-06T03:14:39.847 INFO:teuthology.orchestra.run.smithi050.stdout:/usr/bin/ceph: stderr
2024-06-06T03:14:38.952+0000 7f8ea98ef700 1 --2- >> [v2:172.21.15.50:3300/0,v1:172.21.15.50:6789/0] conn(0x7f8ea4108860 0x7f8ea410ac50 unknown :-1 s=NONE pgs=0 cs=0 l=0 rev1=0 crypto rx=0 tx=0 comp rx=0 tx=0).connect
2024-06-06T03:14:39.847 INFO:teuthology.orchestra.run.smithi050.stdout:/usr/bin/ceph: stderr
2024-06-06T03:14:38.952+0000 7f8ea98ef700 1 -- --> [v2:172.21.15.50:3300/0,v1:172.21.15.50:6789/0] -- mon_getmap magic: 0 -- 0x7f8ea407be60 con 0x7f8ea4108860
2024-06-06T03:14:39.847 INFO:teuthology.orchestra.run.smithi050.stdout:/usr/bin/ceph: stderr
2024-06-06T03:14:38.952+0000 7f8ea2ffd700 1 --2- >> [v2:172.21.15.50:3300/0,v1:172.21.15.50:6789/0] conn(0x7f8ea4108860 0x7f8ea410ac50 unknown :-1 s=BANNER_CONNECTING pgs=0 cs=0 l=0 rev1=0 crypto rx=0 tx=0 comp rx=0 tx=0)._handle_peer_banner_payload supported=3 required=0
2024-06-06T03:14:39.847 INFO:teuthology.orchestra.run.smithi050.stdout:/usr/bin/ceph: stderr
2024-06-06T03:14:38.952+0000 7f8ea2ffd700 1 --2- >> [v2:172.21.15.50:3300/0,v1:172.21.15.50:6789/0] conn(0x7f8ea4108860 0x7f8ea410ac50 unknown :-1 s=HELLO_CONNECTING pgs=0 cs=0 l=0 rev1=1 crypto rx=0 tx=0 comp rx=0 tx=0).handle_hello peer v2:172.21.15.50:3300/0 says I am v2:172.21.15.50:41116/0 (socket says 172.21.15.50:41116)
2024-06-06T03:14:39.847 INFO:teuthology.orchestra.run.smithi050.stdout:/usr/bin/ceph: stderr
2024-06-06T03:14:38.952+0000 7f8ea2ffd700 1 -- 172.21.15.50:0/2988813041 learned_addr learned my addr 172.21.15.50:0/2988813041 (peer_addr_for_me v2:172.21.15.50:0/0)
2024-06-06T03:14:39.848 INFO:teuthology.orchestra.run.smithi050.stdout:/usr/bin/ceph: stderr
2024-06-06T03:14:38.953+0000 7f8ea2ffd700 1 -- 172.21.15.50:0/2988813041 --> [v2:172.21.15.50:3300/0,v1:172.21.15.50:6789/0] -- mon_subscribe({config=0+,monmap=0+}) -- 0x7f8ea410b190 con 0x7f8ea4108860
2024-06-06T03:14:39.848 INFO:teuthology.orchestra.run.smithi050.stdout:/usr/bin/ceph: stderr
2024-06-06T03:14:38.953+0000 7f8ea2ffd700 1 --2- 172.21.15.50:0/2988813041 >> [v2:172.21.15.50:3300/0,v1:172.21.15.50:6789/0] conn(0x7f8ea4108860 0x7f8ea410ac50 secure :-1 s=READY pgs=22 cs=0 l=1 rev1=1 crypto rx=0x7f8e940098a0 tx=0x7f8e94009bb0 comp rx=0 tx=0).ready entity=mon.0 client_cookie=3972dd5ae27a4b88 server_cookie=0 in_seq=0 out_seq=0
2024-06-06T03:14:39.848 INFO:teuthology.orchestra.run.smithi050.stdout:/usr/bin/ceph: stderr
2024-06-06T03:14:38.953+0000 7f8ea27fc700 1 -- 172.21.15.50:0/2988813041 <== mon.0 v2:172.21.15.50:3300/0 1 ==== mon_map magic: 0 ==== 205+0+0 (secure 0 0 0) 0x7f8e94004160 con 0x7f8ea4108860
2024-06-06T03:14:39.848 INFO:teuthology.orchestra.run.smithi050.stdout:/usr/bin/ceph: stderr
2024-06-06T03:14:38.953+0000 7f8ea27fc700 1 -- 172.21.15.50:0/2988813041 <== mon.0 v2:172.21.15.50:3300/0 2 ==== config(26 keys) ==== 1071+0+0 (secure 0 0 0) 0x7f8e94004300 con 0x7f8ea4108860
2024-06-06T03:14:39.848 INFO:teuthology.orchestra.run.smithi050.stdout:/usr/bin/ceph: stderr
2024-06-06T03:14:38.953+0000 7f8ea27fc700 1 -- 172.21.15.50:0/2988813041 <== mon.0 v2:172.21.15.50:3300/0 3 ==== mon_map magic: 0 ==== 205+0+0 (secure 0 0 0) 0x7f8e94011a80 con 0x7f8ea4108860
2024-06-06T03:14:39.848 INFO:teuthology.orchestra.run.smithi050.stdout:/usr/bin/ceph: stderr
2024-06-06T03:14:38.954+0000 7f8ea98ef700 1 -- 172.21.15.50:0/2988813041 >> [v2:172.21.15.50:3300/0,v1:172.21.15.50:6789/0] conn(0x7f8ea4108860 msgr2=0x7f8ea410ac50 secure :-1 s=STATE_CONNECTION_ESTABLISHED l=1).mark_down
2024-06-06T03:14:39.848 INFO:teuthology.orchestra.run.smithi050.stdout:/usr/bin/ceph: stderr
2024-06-06T03:14:38.954+0000 7f8ea98ef700 1 --2- 172.21.15.50:0/2988813041 >> [v2:172.21.15.50:3300/0,v1:172.21.15.50:6789/0] conn(0x7f8ea4108860 0x7f8ea410ac50 secure :-1 s=READY pgs=22 cs=0 l=1 rev1=1 crypto rx=0x7f8e940098a0 tx=0x7f8e94009bb0 comp rx=0 tx=0).stop
2024-06-06T03:14:39.848 INFO:teuthology.orchestra.run.smithi050.stdout:/usr/bin/ceph: stderr
2024-06-06T03:14:38.954+0000 7f8ea98ef700 1 -- 172.21.15.50:0/2988813041 shutdown_connections
2024-06-06T03:14:39.848 INFO:teuthology.orchestra.run.smithi050.stdout:/usr/bin/ceph: stderr
2024-06-06T03:14:38.954+0000 7f8ea98ef700 1 --2- 172.21.15.50:0/2988813041 >> [v2:172.21.15.50:3300/0,v1:172.21.15.50:6789/0] conn(0x7f8ea4108860 0x7f8ea410ac50 unknown :-1 s=CLOSED pgs=22 cs=0 l=1 rev1=1 crypto rx=0 tx=0 comp rx=0 tx=0).stop
2024-06-06T03:14:39.848 INFO:teuthology.orchestra.run.smithi050.stdout:/usr/bin/ceph: stderr
2024-06-06T03:14:38.954+0000 7f8ea98ef700 1 -- 172.21.15.50:0/2988813041 >> 172.21.15.50:0/2988813041 conn(0x7f8ea4102290 msgr2=0x7f8ea41046b0 unknown :-1 s=STATE_NONE l=0).mark_down
2024-06-06T03:14:39.848 INFO:teuthology.orchestra.run.smithi050.stdout:/usr/bin/ceph: stderr
2024-06-06T03:14:38.954+0000 7f8ea98ef700 1 -- 172.21.15.50:0/2988813041 shutdown_connections
2024-06-06T03:14:39.848 INFO:teuthology.orchestra.run.smithi050.stdout:/usr/bin/ceph: stderr
2024-06-06T03:14:38.954+0000 7f8ea98ef700 1 -- 172.21.15.50:0/2988813041 wait complete.
2024-06-06T03:14:39.848 INFO:teuthology.orchestra.run.smithi050.stdout:/usr/bin/ceph: stderr
2024-06-06T03:14:38.954+0000 7f8ea98ef700 1 Processor -- start
2024-06-06T03:14:39.849 INFO:teuthology.orchestra.run.smithi050.stdout:/usr/bin/ceph: stderr
2024-06-06T03:14:38.954+0000 7f8ea98ef700 1 -- start start
2024-06-06T03:14:39.849 INFO:teuthology.orchestra.run.smithi050.stdout:/usr/bin/ceph: stderr
2024-06-06T03:14:38.955+0000 7f8ea98ef700 1 --2- >> [v2:172.21.15.50:3300/0,v1:172.21.15.50:6789/0] conn(0x7f8ea4108860 0x7f8ea41080e0 unknown :-1 s=NONE pgs=0 cs=0 l=1 rev1=0 crypto rx=0 tx=0 comp rx=0 tx=0).connect
2024-06-06T03:14:39.849 INFO:teuthology.orchestra.run.smithi050.stdout:/usr/bin/ceph: stderr
2024-06-06T03:14:38.955+0000 7f8ea98ef700 1 -- --> [v2:172.21.15.50:3300/0,v1:172.21.15.50:6789/0] -- mon_getmap magic: 0 -- 0x7f8ea410c150 con 0x7f8ea4108860
2024-06-06T03:14:39.849 INFO:teuthology.orchestra.run.smithi050.stdout:/usr/bin/ceph: stderr
2024-06-06T03:14:38.955+0000 7f8ea2ffd700 1 --2- >> [v2:172.21.15.50:3300/0,v1:172.21.15.50:6789/0] conn(0x7f8ea4108860 0x7f8ea41080e0 unknown :-1 s=BANNER_CONNECTING pgs=0 cs=0 l=1 rev1=0 crypto rx=0 tx=0 comp rx=0 tx=0)._handle_peer_banner_payload supported=3 required=0
2024-06-06T03:14:39.849 INFO:teuthology.orchestra.run.smithi050.stdout:/usr/bin/ceph: stderr
2024-06-06T03:14:38.955+0000 7f8ea2ffd700 1 --2- >> [v2:172.21.15.50:3300/0,v1:172.21.15.50:6789/0] conn(0x7f8ea4108860 0x7f8ea41080e0 unknown :-1 s=HELLO_CONNECTING pgs=0 cs=0 l=1 rev1=1 crypto rx=0 tx=0 comp rx=0 tx=0).handle_hello peer v2:172.21.15.50:3300/0 says I am v2:172.21.15.50:41118/0 (socket says 172.21.15.50:41118)
2024-06-06T03:14:39.849 INFO:teuthology.orchestra.run.smithi050.stdout:/usr/bin/ceph: stderr
2024-06-06T03:14:38.955+0000 7f8ea2ffd700 1 -- 172.21.15.50:0/3347295843 learned_addr learned my addr 172.21.15.50:0/3347295843 (peer_addr_for_me v2:172.21.15.50:0/0)
2024-06-06T03:14:39.849 INFO:teuthology.orchestra.run.smithi050.stdout:/usr/bin/ceph: stderr
2024-06-06T03:14:38.955+0000 7f8ea2ffd700 1 -- 172.21.15.50:0/3347295843 --> [v2:172.21.15.50:3300/0,v1:172.21.15.50:6789/0] -- mon_subscribe({config=0+,monmap=0+}) -- 0x7f8ea4108620 con 0x7f8ea4108860
2024-06-06T03:14:39.849 INFO:teuthology.orchestra.run.smithi050.stdout:/usr/bin/ceph: stderr
2024-06-06T03:14:38.955+0000 7f8ea2ffd700 1 --2- 172.21.15.50:0/3347295843 >> [v2:172.21.15.50:3300/0,v1:172.21.15.50:6789/0] conn(0x7f8ea4108860 0x7f8ea41080e0 secure :-1 s=READY pgs=23 cs=0 l=1 rev1=1 crypto rx=0x7f8e94006af0 tx=0x7f8e94011c40 comp rx=0 tx=0).ready entity=mon.0 client_cookie=0 server_cookie=0 in_seq=0 out_seq=0
2024-06-06T03:14:39.849 INFO:teuthology.orchestra.run.smithi050.stdout:/usr/bin/ceph: stderr
2024-06-06T03:14:38.955+0000 7f8ea88ed700 1 -- 172.21.15.50:0/3347295843 <== mon.0 v2:172.21.15.50:3300/0 1 ==== mon_map magic: 0 ==== 205+0+0 (secure 0 0 0) 0x7f8e940039e0 con 0x7f8ea4108860
2024-06-06T03:14:39.849 INFO:teuthology.orchestra.run.smithi050.stdout:/usr/bin/ceph: stderr
2024-06-06T03:14:38.955+0000 7f8ea88ed700 1 -- 172.21.15.50:0/3347295843 <== mon.0 v2:172.21.15.50:3300/0 2 ==== config(26 keys) ==== 1071+0+0 (secure 0 0 0) 0x7f8e94003b80 con 0x7f8ea4108860
2024-06-06T03:14:39.849 INFO:teuthology.orchestra.run.smithi050.stdout:/usr/bin/ceph: stderr
2024-06-06T03:14:38.955+0000 7f8ea98ef700 1 -- 172.21.15.50:0/3347295843 --> [v2:172.21.15.50:3300/0,v1:172.21.15.50:6789/0] -- mon_subscribe({mgrmap=0+}) -- 0x7f8ea4106810 con 0x7f8ea4108860
2024-06-06T03:14:39.849 INFO:teuthology.orchestra.run.smithi050.stdout:/usr/bin/ceph: stderr
2024-06-06T03:14:38.955+0000 7f8ea88ed700 1 -- 172.21.15.50:0/3347295843 <== mon.0 v2:172.21.15.50:3300/0 3 ==== mon_map magic: 0 ==== 205+0+0 (secure 0 0 0) 0x7f8e940196a0 con 0x7f8ea4108860
2024-06-06T03:14:39.849 INFO:teuthology.orchestra.run.smithi050.stdout:/usr/bin/ceph: stderr
2024-06-06T03:14:38.956+0000 7f8ea98ef700 1 -- 172.21.15.50:0/3347295843 --> [v2:172.21.15.50:3300/0,v1:172.21.15.50:6789/0] -- mon_subscribe({osdmap=0}) -- 0x7f8ea4106d50 con 0x7f8ea4108860
2024-06-06T03:14:39.849 INFO:teuthology.orchestra.run.smithi050.stdout:/usr/bin/ceph: stderr
2024-06-06T03:14:38.956+0000 7f8ea88ed700 1 -- 172.21.15.50:0/3347295843 <== mon.0 v2:172.21.15.50:3300/0 4 ==== mgrmap(e 4) ==== 46276+0+0 (secure 0 0 0) 0x7f8e940199a0 con 0x7f8ea4108860
2024-06-06T03:14:39.850 INFO:teuthology.orchestra.run.smithi050.stdout:/usr/bin/ceph: stderr
2024-06-06T03:14:38.956+0000 7f8ea98ef700 1 -- 172.21.15.50:0/3347295843 --> [v2:172.21.15.50:3300/0,v1:172.21.15.50:6789/0] -- mon_command({"prefix": "get_command_descriptions"} v 0) -- 0x7f8ea4063af0 con 0x7f8ea4108860
2024-06-06T03:14:39.850 INFO:teuthology.orchestra.run.smithi050.stdout:/usr/bin/ceph: stderr
2024-06-06T03:14:38.957+0000 7f8ea88ed700 1 --2- 172.21.15.50:0/3347295843 >> [v2:172.21.15.50:6800/2617801068,v1:172.21.15.50:6801/2617801068] conn(0x7f8e90038fb0 0x7f8e9003b470 unknown :-1 s=NONE pgs=0 cs=0 l=1 rev1=0 crypto rx=0 tx=0 comp rx=0 tx=0).connect
2024-06-06T03:14:39.850 INFO:teuthology.orchestra.run.smithi050.stdout:/usr/bin/ceph: stderr
2024-06-06T03:14:38.957+0000 7f8ea88ed700 1 -- 172.21.15.50:0/3347295843 <== mon.0 v2:172.21.15.50:3300/0 5 ==== osd_map(1..1 src has 1..1) ==== 725+0+0 (secure 0 0 0) 0x7f8e9404d5c0 con 0x7f8ea4108860
2024-06-06T03:14:39.850 INFO:teuthology.orchestra.run.smithi050.stdout:/usr/bin/ceph: stderr
2024-06-06T03:14:38.957+0000 7f8e9a7fc700 1 --2- 172.21.15.50:0/3347295843 >> [v2:172.21.15.50:6800/2617801068,v1:172.21.15.50:6801/2617801068] conn(0x7f8e90038fb0 0x7f8e9003b470 unknown :-1 s=BANNER_CONNECTING pgs=0 cs=0 l=1 rev1=0 crypto rx=0 tx=0 comp rx=0 tx=0)._handle_peer_banner_payload supported=3 required=0
2024-06-06T03:14:39.850 INFO:teuthology.orchestra.run.smithi050.stdout:/usr/bin/ceph: stderr
2024-06-06T03:14:38.957+0000 7f8e9a7fc700 1 --2- 172.21.15.50:0/3347295843 >> [v2:172.21.15.50:6800/2617801068,v1:172.21.15.50:6801/2617801068] conn(0x7f8e90038fb0 0x7f8e9003b470 secure :-1 s=READY pgs=8 cs=0 l=1 rev1=1 crypto rx=0x7f8e8c006fd0 tx=0x7f8e8c006e40 comp rx=0 tx=0).ready entity=mgr.14100 client_cookie=0 server_cookie=0 in_seq=0 out_seq=0
2024-06-06T03:14:39.850 INFO:teuthology.orchestra.run.smithi050.stdout:/usr/bin/ceph: stderr
2024-06-06T03:14:38.962+0000 7f8ea88ed700 1 -- 172.21.15.50:0/3347295843 <== mon.0 v2:172.21.15.50:3300/0 6 ==== mon_command_ack([{"prefix": "get_command_descriptions"}]=0 v0) ==== 72+0+186418 (secure 0 0 0) 0x7f8e9404cfe0 con 0x7f8ea4108860
2024-06-06T03:14:39.850 INFO:teuthology.orchestra.run.smithi050.stdout:/usr/bin/ceph: stderr
2024-06-06T03:14:39.227+0000 7f8ea98ef700 1 -- 172.21.15.50:0/3347295843 --> [v2:172.21.15.50:3300/0,v1:172.21.15.50:6789/0] -- mon_command({"prefix": "mgr module enable", "module": "cephadm"} v 0) -- 0x7f8ea4106fd0 con 0x7f8ea4108860
2024-06-06T03:14:39.850 INFO:teuthology.orchestra.run.smithi050.stdout:/usr/bin/ceph: stderr
2024-06-06T03:14:39.278+0000 7f8ea88ed700 1 -- 172.21.15.50:0/3347295843 <== mon.0 v2:172.21.15.50:3300/0 7 ==== mon_command_ack([{"prefix": "mgr module enable", "module": "cephadm"}]=0 v5) ==== 86+0+0 (secure 0 0 0) 0x7f8e94019d40 con 0x7f8ea4108860
2024-06-06T03:14:39.850 INFO:teuthology.orchestra.run.smithi050.stdout:/usr/bin/ceph: stderr
2024-06-06T03:14:39.280+0000 7f8ea88ed700 1 -- 172.21.15.50:0/3347295843 <== mon.0 v2:172.21.15.50:3300/0 8 ==== mgrmap(e 5) ==== 46287+0+0 (secure 0 0 0) 0x7f8e9402d960 con 0x7f8ea4108860
2024-06-06T03:14:39.850 INFO:teuthology.orchestra.run.smithi050.stdout:/usr/bin/ceph: stderr
2024-06-06T03:14:39.281+0000 7f8ea98ef700 1 -- 172.21.15.50:0/3347295843 >> [v2:172.21.15.50:6800/2617801068,v1:172.21.15.50:6801/2617801068] conn(0x7f8e90038fb0 msgr2=0x7f8e9003b470 secure :-1 s=STATE_CONNECTION_ESTABLISHED l=1).mark_down
2024-06-06T03:14:39.850 INFO:teuthology.orchestra.run.smithi050.stdout:/usr/bin/ceph: stderr
2024-06-06T03:14:39.281+0000 7f8ea98ef700 1 --2- 172.21.15.50:0/3347295843 >> [v2:172.21.15.50:6800/2617801068,v1:172.21.15.50:6801/2617801068] conn(0x7f8e90038fb0 0x7f8e9003b470 secure :-1 s=READY pgs=8 cs=0 l=1 rev1=1 crypto rx=0x7f8e8c006fd0 tx=0x7f8e8c006e40 comp rx=0 tx=0).stop
2024-06-06T03:14:39.850 INFO:teuthology.orchestra.run.smithi050.stdout:/usr/bin/ceph: stderr
2024-06-06T03:14:39.281+0000 7f8ea98ef700 1 -- 172.21.15.50:0/3347295843 >> [v2:172.21.15.50:3300/0,v1:172.21.15.50:6789/0] conn(0x7f8ea4108860 msgr2=0x7f8ea41080e0 secure :-1 s=STATE_CONNECTION_ESTABLISHED l=1).mark_down
2024-06-06T03:14:39.851 INFO:teuthology.orchestra.run.smithi050.stdout:/usr/bin/ceph: stderr
2024-06-06T03:14:39.281+0000 7f8ea98ef700 1 --2- 172.21.15.50:0/3347295843 >> [v2:172.21.15.50:3300/0,v1:172.21.15.50:6789/0] conn(0x7f8ea4108860 0x7f8ea41080e0 secure :-1 s=READY pgs=23 cs=0 l=1 rev1=1 crypto rx=0x7f8e94006af0 tx=0x7f8e94011c40 comp rx=0 tx=0).stop
2024-06-06T03:14:39.851 INFO:teuthology.orchestra.run.smithi050.stdout:/usr/bin/ceph: stderr
2024-06-06T03:14:39.281+0000 7f8ea98ef700 1 -- 172.21.15.50:0/3347295843 shutdown_connections
2024-06-06T03:14:39.851 INFO:teuthology.orchestra.run.smithi050.stdout:/usr/bin/ceph: stderr
2024-06-06T03:14:39.281+0000 7f8ea98ef700 1 --2- 172.21.15.50:0/3347295843 >> [v2:172.21.15.50:6800/2617801068,v1:172.21.15.50:6801/2617801068] conn(0x7f8e90038fb0 0x7f8e9003b470 unknown :-1 s=CLOSED pgs=8 cs=0 l=1 rev1=1 crypto rx=0 tx=0 comp rx=0 tx=0).stop
2024-06-06T03:14:39.851 INFO:teuthology.orchestra.run.smithi050.stdout:/usr/bin/ceph: stderr
2024-06-06T03:14:39.281+0000 7f8ea98ef700 1 --2- 172.21.15.50:0/3347295843 >> [v2:172.21.15.50:3300/0,v1:172.21.15.50:6789/0] conn(0x7f8ea4108860 0x7f8ea41080e0 unknown :-1 s=CLOSED pgs=23 cs=0 l=1 rev1=1 crypto rx=0 tx=0 comp rx=0 tx=0).stop
2024-06-06T03:14:39.851 INFO:teuthology.orchestra.run.smithi050.stdout:/usr/bin/ceph: stderr
2024-06-06T03:14:39.281+0000 7f8ea98ef700 1 -- 172.21.15.50:0/3347295843 >> 172.21.15.50:0/3347295843 conn(0x7f8ea4102290 msgr2=0x7f8ea4102d80 unknown :-1 s=STATE_NONE l=0).mark_down
2024-06-06T03:14:39.851 INFO:teuthology.orchestra.run.smithi050.stdout:/usr/bin/ceph: stderr
2024-06-06T03:14:39.281+0000 7f8ea98ef700 1 -- 172.21.15.50:0/3347295843 shutdown_connections
2024-06-06T03:14:39.851 INFO:teuthology.orchestra.run.smithi050.stdout:/usr/bin/ceph: stderr
2024-06-06T03:14:39.281+0000 7f8ea98ef700 1 -- 172.21.15.50:0/3347295843 wait complete.
2024-06-06T03:14:40.100 INFO:journalctl@ceph.mgr.x.smithi050.stdout:Jun 06 03:14:40 smithi050 ceph-b6263b26-23b2-11ef-bc9b-c7b262605968-mgr-x[32650]:
2024-06-06T03:14:40.077+0000 7f4a8e70b200 -1 mgr[py] Module progress has missing NOTIFY_TYPES member
2024-06-06T03:14:40.501 INFO:journalctl@ceph.mon.a.smithi050.stdout:Jun 06 03:14:40 smithi050 ceph-mon[32421]: from='client.? 172.21.15.50:0/3347295843' entity='client.admin' cmd='[{"prefix": "mgr module enable", "module": "cephadm"}]': finished
2024-06-06T03:14:40.501 INFO:journalctl@ceph.mon.a.smithi050.stdout:Jun 06 03:14:40 smithi050 ceph-mon[32421]: mgrmap e5: x(active, since 5s)
2024-06-06T03:14:40.501 INFO:journalctl@ceph.mgr.x.smithi050.stdout:Jun 06 03:14:40 smithi050 ceph-b6263b26-23b2-11ef-bc9b-c7b262605968-mgr-x[32650]:
2024-06-06T03:14:40.169+0000 7f4a8e70b200 -1 mgr[py] Module influx has missing NOTIFY_TYPES member
2024-06-06T03:14:41.205 INFO:teuthology.orchestra.run.smithi050.stdout:/usr/bin/ceph: stdout {
2024-06-06T03:14:41.205 INFO:teuthology.orchestra.run.smithi050.stdout:/usr/bin/ceph: stdout "epoch": 5,
2024-06-06T03:14:41.205 INFO:teuthology.orchestra.run.smithi050.stdout:/usr/bin/ceph: stdout "available": true,
2024-06-06T03:14:41.205 INFO:teuthology.orchestra.run.smithi050.stdout:/usr/bin/ceph: stdout "active_name": "x",
2024-06-06T03:14:41.205 INFO:teuthology.orchestra.run.smithi050.stdout:/usr/bin/ceph: stdout "num_standby": 0
2024-06-06T03:14:41.205 INFO:teuthology.orchestra.run.smithi050.stdout:/usr/bin/ceph: stdout }
2024-06-06T03:14:41.205 INFO:teuthology.orchestra.run.smithi050.stdout:/usr/bin/ceph: stderr
2024-06-06T03:14:40.304+0000 7f724f5fc700 1 Processor -- start
2024-06-06T03:14:41.205 INFO:teuthology.orchestra.run.smithi050.stdout:/usr/bin/ceph: stderr
2024-06-06T03:14:40.304+0000 7f724f5fc700 1 -- start start
2024-06-06T03:14:41.206 INFO:teuthology.orchestra.run.smithi050.stdout:/usr/bin/ceph: stderr
2024-06-06T03:14:40.305+0000 7f724f5fc700 1 --2- >> [v2:172.21.15.50:3300/0,v1:172.21.15.50:6789/0] conn(0x7f72481087f0 0x7f724810abe0 unknown :-1 s=NONE pgs=0 cs=0 l=0 rev1=0 crypto rx=0 tx=0 comp rx=0 tx=0).connect
2024-06-06T03:14:41.206 INFO:teuthology.orchestra.run.smithi050.stdout:/usr/bin/ceph: stderr
2024-06-06T03:14:40.305+0000 7f724f5fc700 1 -- --> [v2:172.21.15.50:3300/0,v1:172.21.15.50:6789/0] -- mon_getmap magic: 0 -- 0x7f724807be60 con 0x7f72481087f0
2024-06-06T03:14:41.206 INFO:teuthology.orchestra.run.smithi050.stdout:/usr/bin/ceph: stderr
2024-06-06T03:14:40.305+0000 7f724d398700 1 --2- >> [v2:172.21.15.50:3300/0,v1:172.21.15.50:6789/0] conn(0x7f72481087f0 0x7f724810abe0 unknown :-1 s=BANNER_CONNECTING pgs=0 cs=0 l=0 rev1=0 crypto rx=0 tx=0 comp rx=0 tx=0)._handle_peer_banner_payload supported=3 required=0
2024-06-06T03:14:41.206 INFO:teuthology.orchestra.run.smithi050.stdout:/usr/bin/ceph: stderr
2024-06-06T03:14:40.305+0000 7f724d398700 1 --2- >> [v2:172.21.15.50:3300/0,v1:172.21.15.50:6789/0] conn(0x7f72481087f0 0x7f724810abe0 unknown :-1 s=HELLO_CONNECTING pgs=0 cs=0 l=0 rev1=1 crypto rx=0 tx=0 comp rx=0 tx=0).handle_hello peer v2:172.21.15.50:3300/0 says I am v2:172.21.15.50:41144/0 (socket says 172.21.15.50:41144)
2024-06-06T03:14:41.206 INFO:teuthology.orchestra.run.smithi050.stdout:/usr/bin/ceph: stderr
2024-06-06T03:14:40.305+0000 7f724d398700 1 -- 172.21.15.50:0/1597348410 learned_addr learned my addr 172.21.15.50:0/1597348410 (peer_addr_for_me v2:172.21.15.50:0/0)
2024-06-06T03:14:41.206 INFO:teuthology.orchestra.run.smithi050.stdout:/usr/bin/ceph: stderr
2024-06-06T03:14:40.305+0000 7f724d398700 1 -- 172.21.15.50:0/1597348410 --> [v2:172.21.15.50:3300/0,v1:172.21.15.50:6789/0] -- mon_subscribe({config=0+,monmap=0+}) -- 0x7f724810b120 con 0x7f72481087f0
2024-06-06T03:14:41.206 INFO:teuthology.orchestra.run.smithi050.stdout:/usr/bin/ceph: stderr
2024-06-06T03:14:40.305+0000 7f724d398700 1 --2- 172.21.15.50:0/1597348410 >> [v2:172.21.15.50:3300/0,v1:172.21.15.50:6789/0] conn(0x7f72481087f0 0x7f724810abe0 secure :-1 s=READY pgs=26 cs=0 l=1 rev1=1 crypto rx=0x7f72440098a0 tx=0x7f7244009bb0 comp rx=0 tx=0).ready entity=mon.0 client_cookie=7773a0ef32c8d681 server_cookie=0 in_seq=0 out_seq=0
2024-06-06T03:14:41.206 INFO:teuthology.orchestra.run.smithi050.stdout:/usr/bin/ceph: stderr
2024-06-06T03:14:40.305+0000 7f723ffff700 1 -- 172.21.15.50:0/1597348410 <== mon.0 v2:172.21.15.50:3300/0 1 ==== mon_map magic: 0 ==== 205+0+0 (secure 0 0 0) 0x7f7244004160 con 0x7f72481087f0
2024-06-06T03:14:41.206 INFO:teuthology.orchestra.run.smithi050.stdout:/usr/bin/ceph: stderr
2024-06-06T03:14:40.305+0000 7f723ffff700 1 -- 172.21.15.50:0/1597348410 <== mon.0 v2:172.21.15.50:3300/0 2 ==== config(26 keys) ==== 1071+0+0 (secure 0 0 0) 0x7f7244004300 con 0x7f72481087f0
2024-06-06T03:14:41.206 INFO:teuthology.orchestra.run.smithi050.stdout:/usr/bin/ceph: stderr
2024-06-06T03:14:40.305+0000 7f723ffff700 1 -- 172.21.15.50:0/1597348410 <== mon.0 v2:172.21.15.50:3300/0 3 ==== mon_map magic: 0 ==== 205+0+0 (secure 0 0 0) 0x7f7244011a80 con 0x7f72481087f0
2024-06-06T03:14:41.206 INFO:teuthology.orchestra.run.smithi050.stdout:/usr/bin/ceph: stderr
2024-06-06T03:14:40.306+0000 7f724f5fc700 1 -- 172.21.15.50:0/1597348410 >> [v2:172.21.15.50:3300/0,v1:172.21.15.50:6789/0] conn(0x7f72481087f0 msgr2=0x7f724810abe0 secure :-1 s=STATE_CONNECTION_ESTABLISHED l=1).mark_down
2024-06-06T03:14:41.206 INFO:teuthology.orchestra.run.smithi050.stdout:/usr/bin/ceph: stderr
2024-06-06T03:14:40.306+0000 7f724f5fc700 1 --2- 172.21.15.50:0/1597348410 >> [v2:172.21.15.50:3300/0,v1:172.21.15.50:6789/0] conn(0x7f72481087f0 0x7f724810abe0 secure :-1 s=READY pgs=26 cs=0 l=1 rev1=1 crypto rx=0x7f72440098a0 tx=0x7f7244009bb0 comp rx=0 tx=0).stop
2024-06-06T03:14:41.207 INFO:teuthology.orchestra.run.smithi050.stdout:/usr/bin/ceph: stderr
2024-06-06T03:14:40.306+0000 7f724f5fc700 1 -- 172.21.15.50:0/1597348410 shutdown_connections
2024-06-06T03:14:41.207 INFO:teuthology.orchestra.run.smithi050.stdout:/usr/bin/ceph: stderr
2024-06-06T03:14:40.306+0000 7f724f5fc700 1 --2- 172.21.15.50:0/1597348410 >> [v2:172.21.15.50:3300/0,v1:172.21.15.50:6789/0] conn(0x7f72481087f0 0x7f724810abe0 unknown :-1 s=CLOSED pgs=26 cs=0 l=1 rev1=1 crypto rx=0 tx=0 comp rx=0 tx=0).stop
2024-06-06T03:14:41.207 INFO:teuthology.orchestra.run.smithi050.stdout:/usr/bin/ceph: stderr
2024-06-06T03:14:40.306+0000 7f724f5fc700 1 -- 172.21.15.50:0/1597348410 >> 172.21.15.50:0/1597348410 conn(0x7f7248102200 msgr2=0x7f7248104620 unknown :-1 s=STATE_NONE l=0).mark_down
2024-06-06T03:14:41.207 INFO:teuthology.orchestra.run.smithi050.stdout:/usr/bin/ceph: stderr
2024-06-06T03:14:40.307+0000 7f724f5fc700 1 -- 172.21.15.50:0/1597348410 shutdown_connections
2024-06-06T03:14:41.207 INFO:teuthology.orchestra.run.smithi050.stdout:/usr/bin/ceph: stderr
2024-06-06T03:14:40.307+0000 7f724f5fc700 1 -- 172.21.15.50:0/1597348410 wait complete.
2024-06-06T03:14:41.207 INFO:teuthology.orchestra.run.smithi050.stdout:/usr/bin/ceph: stderr
2024-06-06T03:14:40.307+0000 7f724f5fc700 1 Processor -- start
2024-06-06T03:14:41.207 INFO:teuthology.orchestra.run.smithi050.stdout:/usr/bin/ceph: stderr
2024-06-06T03:14:40.307+0000 7f724f5fc700 1 -- start start
2024-06-06T03:14:41.207 INFO:teuthology.orchestra.run.smithi050.stdout:/usr/bin/ceph: stderr
2024-06-06T03:14:40.307+0000 7f724f5fc700 1 --2- >> [v2:172.21.15.50:3300/0,v1:172.21.15.50:6789/0] conn(0x7f72481087f0 0x7f724819bc90 unknown :-1 s=NONE pgs=0 cs=0 l=1 rev1=0 crypto rx=0 tx=0 comp rx=0 tx=0).connect
2024-06-06T03:14:41.207 INFO:teuthology.orchestra.run.smithi050.stdout:/usr/bin/ceph: stderr
2024-06-06T03:14:40.307+0000 7f724f5fc700 1 -- --> [v2:172.21.15.50:3300/0,v1:172.21.15.50:6789/0] -- mon_getmap magic: 0 -- 0x7f724810c0e0 con 0x7f72481087f0
2024-06-06T03:14:41.207 INFO:teuthology.orchestra.run.smithi050.stdout:/usr/bin/ceph: stderr
2024-06-06T03:14:40.308+0000 7f724d398700 1 --2- >> [v2:172.21.15.50:3300/0,v1:172.21.15.50:6789/0] conn(0x7f72481087f0 0x7f724819bc90 unknown :-1 s=BANNER_CONNECTING pgs=0 cs=0 l=1 rev1=0 crypto rx=0 tx=0 comp rx=0 tx=0)._handle_peer_banner_payload supported=3 required=0
2024-06-06T03:14:41.207 INFO:teuthology.orchestra.run.smithi050.stdout:/usr/bin/ceph: stderr
2024-06-06T03:14:40.308+0000 7f724d398700 1 --2- >> [v2:172.21.15.50:3300/0,v1:172.21.15.50:6789/0] conn(0x7f72481087f0 0x7f724819bc90 unknown :-1 s=HELLO_CONNECTING pgs=0 cs=0 l=1 rev1=1 crypto rx=0 tx=0 comp rx=0 tx=0).handle_hello peer v2:172.21.15.50:3300/0 says I am v2:172.21.15.50:41160/0 (socket says 172.21.15.50:41160)
2024-06-06T03:14:41.207 INFO:teuthology.orchestra.run.smithi050.stdout:/usr/bin/ceph: stderr
2024-06-06T03:14:40.308+0000 7f724d398700 1 -- 172.21.15.50:0/1040591973 learned_addr learned my addr 172.21.15.50:0/1040591973 (peer_addr_for_me v2:172.21.15.50:0/0)
2024-06-06T03:14:41.207 INFO:teuthology.orchestra.run.smithi050.stdout:/usr/bin/ceph: stderr
2024-06-06T03:14:40.308+0000 7f724d398700 1 -- 172.21.15.50:0/1040591973 --> [v2:172.21.15.50:3300/0,v1:172.21.15.50:6789/0] -- mon_subscribe({config=0+,monmap=0+}) -- 0x7f724819c1d0 con 0x7f72481087f0
2024-06-06T03:14:41.208 INFO:teuthology.orchestra.run.smithi050.stdout:/usr/bin/ceph: stderr
2024-06-06T03:14:40.308+0000 7f724d398700 1 --2- 172.21.15.50:0/1040591973 >> [v2:172.21.15.50:3300/0,v1:172.21.15.50:6789/0] conn(0x7f72481087f0 0x7f724819bc90 secure :-1 s=READY pgs=27 cs=0 l=1 rev1=1 crypto rx=0x7f7244011a50 tx=0x7f7244011b30 comp rx=0 tx=0).ready entity=mon.0 client_cookie=0 server_cookie=0 in_seq=0 out_seq=0
2024-06-06T03:14:41.208 INFO:teuthology.orchestra.run.smithi050.stdout:/usr/bin/ceph: stderr
2024-06-06T03:14:40.308+0000 7f723e7fc700 1 -- 172.21.15.50:0/1040591973 <== mon.0 v2:172.21.15.50:3300/0 1 ==== mon_map magic: 0 ==== 205+0+0 (secure 0 0 0) 0x7f7244003a80 con 0x7f72481087f0
2024-06-06T03:14:41.208 INFO:teuthology.orchestra.run.smithi050.stdout:/usr/bin/ceph: stderr
2024-06-06T03:14:40.308+0000 7f723e7fc700 1 -- 172.21.15.50:0/1040591973 <== mon.0 v2:172.21.15.50:3300/0 2 ==== config(26 keys) ==== 1071+0+0 (secure 0 0 0) 0x7f7244003c20 con 0x7f72481087f0
2024-06-06T03:14:41.208 INFO:teuthology.orchestra.run.smithi050.stdout:/usr/bin/ceph: stderr
2024-06-06T03:14:40.308+0000 7f724f5fc700 1 -- 172.21.15.50:0/1040591973 --> [v2:172.21.15.50:3300/0,v1:172.21.15.50:6789/0] -- mon_subscribe({mgrmap=0+}) -- 0x7f724819c460 con 0x7f72481087f0
2024-06-06T03:14:41.208 INFO:teuthology.orchestra.run.smithi050.stdout:/usr/bin/ceph: stderr
2024-06-06T03:14:40.308+0000 7f723e7fc700 1 -- 172.21.15.50:0/1040591973 <== mon.0 v2:172.21.15.50:3300/0 3 ==== mon_map magic: 0 ==== 205+0+0 (secure 0 0 0) 0x7f724401a650 con 0x7f72481087f0
2024-06-06T03:14:41.208 INFO:teuthology.orchestra.run.smithi050.stdout:/usr/bin/ceph: stderr
2024-06-06T03:14:40.308+0000 7f724f5fc700 1 -- 172.21.15.50:0/1040591973 --> [v2:172.21.15.50:3300/0,v1:172.21.15.50:6789/0] -- mon_subscribe({osdmap=0}) -- 0x7f724819f150 con 0x7f72481087f0
2024-06-06T03:14:41.208 INFO:teuthology.orchestra.run.smithi050.stdout:/usr/bin/ceph: stderr
2024-06-06T03:14:40.309+0000 7f723e7fc700 1 -- 172.21.15.50:0/1040591973 <== mon.0 v2:172.21.15.50:3300/0 4 ==== mgrmap(e 5) ==== 46287+0+0 (secure 0 0 0) 0x7f724401a900 con 0x7f72481087f0
2024-06-06T03:14:41.208 INFO:teuthology.orchestra.run.smithi050.stdout:/usr/bin/ceph: stderr
2024-06-06T03:14:40.309+0000 7f724f5fc700 1 -- 172.21.15.50:0/1040591973 --> [v2:172.21.15.50:3300/0,v1:172.21.15.50:6789/0] -- mon_command({"prefix": "get_command_descriptions"} v 0) -- 0x7f7248063af0 con 0x7f72481087f0
2024-06-06T03:14:41.208 INFO:teuthology.orchestra.run.smithi050.stdout:/usr/bin/ceph: stderr
2024-06-06T03:14:40.310+0000 7f723e7fc700 1 --2- 172.21.15.50:0/1040591973 >> [v2:172.21.15.50:6800/2617801068,v1:172.21.15.50:6801/2617801068] conn(0x7f72340390a0 0x7f723403b560 unknown :-1 s=NONE pgs=0 cs=0 l=1 rev1=0 crypto rx=0 tx=0 comp rx=0 tx=0).connect
2024-06-06T03:14:41.208 INFO:teuthology.orchestra.run.smithi050.stdout:/usr/bin/ceph: stderr
2024-06-06T03:14:40.310+0000 7f723e7fc700 1 -- 172.21.15.50:0/1040591973 <== mon.0 v2:172.21.15.50:3300/0 5 ==== osd_map(1..1 src has 1..1) ==== 725+0+0 (secure 0 0 0) 0x7f724404d4b0 con 0x7f72481087f0
2024-06-06T03:14:41.208 INFO:teuthology.orchestra.run.smithi050.stdout:/usr/bin/ceph: stderr
2024-06-06T03:14:40.310+0000 7f724cb97700 1 -- 172.21.15.50:0/1040591973 >> [v2:172.21.15.50:6800/2617801068,v1:172.21.15.50:6801/2617801068] conn(0x7f72340390a0 msgr2=0x7f723403b560 unknown :-1 s=STATE_CONNECTING_RE l=1).process reconnect failed to v2:172.21.15.50:6800/2617801068
2024-06-06T03:14:41.208 INFO:teuthology.orchestra.run.smithi050.stdout:/usr/bin/ceph: stderr
2024-06-06T03:14:40.310+0000 7f724cb97700 1 --2- 172.21.15.50:0/1040591973 >> [v2:172.21.15.50:6800/2617801068,v1:172.21.15.50:6801/2617801068] conn(0x7f72340390a0 0x7f723403b560 unknown :-1 s=START_CONNECT pgs=0 cs=0 l=1 rev1=0 crypto rx=0 tx=0 comp rx=0 tx=0)._fault waiting 0.200000
2024-06-06T03:14:41.208 INFO:teuthology.orchestra.run.smithi050.stdout:/usr/bin/ceph: stderr
2024-06-06T03:14:40.315+0000 7f723e7fc700 1 -- 172.21.15.50:0/1040591973 <== mon.0 v2:172.21.15.50:3300/0 6 ==== mon_command_ack([{"prefix": "get_command_descriptions"}]=0 v0) ==== 72+0+186418 (secure 0 0 0) 0x7f7244019c70 con 0x7f72481087f0
2024-06-06T03:14:41.209 INFO:teuthology.orchestra.run.smithi050.stdout:/usr/bin/ceph: stderr
2024-06-06T03:14:40.511+0000 7f724cb97700 1 -- 172.21.15.50:0/1040591973 >> [v2:172.21.15.50:6800/2617801068,v1:172.21.15.50:6801/2617801068] conn(0x7f72340390a0 msgr2=0x7f723403b560 unknown :-1 s=STATE_CONNECTING_RE l=1).process reconnect failed to v2:172.21.15.50:6800/2617801068
2024-06-06T03:14:41.209 INFO:teuthology.orchestra.run.smithi050.stdout:/usr/bin/ceph: stderr
2024-06-06T03:14:40.511+0000 7f724cb97700 1 --2- 172.21.15.50:0/1040591973 >> [v2:172.21.15.50:6800/2617801068,v1:172.21.15.50:6801/2617801068] conn(0x7f72340390a0 0x7f723403b560 unknown :-1 s=START_CONNECT pgs=0 cs=0 l=1 rev1=0 crypto rx=0 tx=0 comp rx=0 tx=0)._fault waiting 0.400000
2024-06-06T03:14:41.209 INFO:teuthology.orchestra.run.smithi050.stdout:/usr/bin/ceph: stderr
2024-06-06T03:14:40.618+0000 7f724f5fc700 1 -- 172.21.15.50:0/1040591973 --> [v2:172.21.15.50:3300/0,v1:172.21.15.50:6789/0] -- mon_command({"prefix": "mgr stat"} v 0) -- 0x7f724819f320 con 0x7f72481087f0
2024-06-06T03:14:41.209 INFO:teuthology.orchestra.run.smithi050.stdout:/usr/bin/ceph: stderr
2024-06-06T03:14:40.618+0000 7f723e7fc700 1 -- 172.21.15.50:0/1040591973 <== mon.0 v2:172.21.15.50:3300/0 7 ==== mon_command_ack([{"prefix": "mgr stat"}]=0 v5) ==== 56+0+88 (secure 0 0 0) 0x7f724819f320 con 0x7f72481087f0
2024-06-06T03:14:41.209 INFO:teuthology.orchestra.run.smithi050.stdout:/usr/bin/ceph: stderr
2024-06-06T03:14:40.623+0000 7f724f5fc700 1 -- 172.21.15.50:0/1040591973 >> [v2:172.21.15.50:6800/2617801068,v1:172.21.15.50:6801/2617801068] conn(0x7f72340390a0 msgr2=0x7f723403b560 unknown :-1 s=STATE_CONNECTING l=1).mark_down
2024-06-06T03:14:41.209 INFO:teuthology.orchestra.run.smithi050.stdout:/usr/bin/ceph: stderr
2024-06-06T03:14:40.623+0000 7f724f5fc700 1 --2- 172.21.15.50:0/1040591973 >> [v2:172.21.15.50:6800/2617801068,v1:172.21.15.50:6801/2617801068] conn(0x7f72340390a0 0x7f723403b560 unknown :-1 s=START_CONNECT pgs=0 cs=0 l=1 rev1=0 crypto rx=0 tx=0 comp rx=0 tx=0).stop
2024-06-06T03:14:41.209 INFO:teuthology.orchestra.run.smithi050.stdout:/usr/bin/ceph: stderr
2024-06-06T03:14:40.623+0000 7f724f5fc700 1 -- 172.21.15.50:0/1040591973 >> [v2:172.21.15.50:3300/0,v1:172.21.15.50:6789/0] conn(0x7f72481087f0 msgr2=0x7f724819bc90 secure :-1 s=STATE_CONNECTION_ESTABLISHED l=1).mark_down
2024-06-06T03:14:41.209 INFO:teuthology.orchestra.run.smithi050.stdout:/usr/bin/ceph: stderr
2024-06-06T03:14:40.623+0000 7f724f5fc700 1 --2- 172.21.15.50:0/1040591973 >> [v2:172.21.15.50:3300/0,v1:172.21.15.50:6789/0] conn(0x7f72481087f0 0x7f724819bc90 secure :-1 s=READY pgs=27 cs=0 l=1 rev1=1 crypto rx=0x7f7244011a50 tx=0x7f7244011b30 comp rx=0 tx=0).stop
2024-06-06T03:14:41.209 INFO:teuthology.orchestra.run.smithi050.stdout:/usr/bin/ceph: stderr
2024-06-06T03:14:40.624+0000 7f724f5fc700 1 -- 172.21.15.50:0/1040591973 shutdown_connections
2024-06-06T03:14:41.209 INFO:teuthology.orchestra.run.smithi050.stdout:/usr/bin/ceph: stderr
2024-06-06T03:14:40.624+0000 7f724f5fc700 1 --2- 172.21.15.50:0/1040591973 >> [v2:172.21.15.50:6800/2617801068,v1:172.21.15.50:6801/2617801068] conn(0x7f72340390a0 0x7f723403b560 unknown :-1 s=CLOSED pgs=0 cs=0 l=1 rev1=0 crypto rx=0 tx=0 comp rx=0 tx=0).stop
2024-06-06T03:14:41.209 INFO:teuthology.orchestra.run.smithi050.stdout:/usr/bin/ceph: stderr
2024-06-06T03:14:40.624+0000 7f724f5fc700 1 --2- 172.21.15.50:0/1040591973 >> [v2:172.21.15.50:3300/0,v1:172.21.15.50:6789/0] conn(0x7f72481087f0 0x7f724819bc90 unknown :-1 s=CLOSED pgs=27 cs=0 l=1 rev1=1 crypto rx=0 tx=0 comp rx=0 tx=0).stop
2024-06-06T03:14:41.209 INFO:teuthology.orchestra.run.smithi050.stdout:/usr/bin/ceph: stderr
2024-06-06T03:14:40.624+0000 7f724f5fc700 1 -- 172.21.15.50:0/1040591973 >> 172.21.15.50:0/1040591973 conn(0x7f7248102200 msgr2=0x7f7248102d40 unknown :-1 s=STATE_NONE l=0).mark_down
2024-06-06T03:14:41.209 INFO:teuthology.orchestra.run.smithi050.stdout:/usr/bin/ceph: stderr
2024-06-06T03:14:40.624+0000 7f724f5fc700 1 -- 172.21.15.50:0/1040591973 shutdown_connections
2024-06-06T03:14:41.210 INFO:teuthology.orchestra.run.smithi050.stdout:/usr/bin/ceph: stderr
2024-06-06T03:14:40.624+0000 7f724f5fc700 1 -- 172.21.15.50:0/1040591973 wait complete.
2024-06-06T03:14:41.210 INFO:teuthology.orchestra.run.smithi050.stdout:Waiting for the mgr to restart...
2024-06-06T03:14:41.210 INFO:teuthology.orchestra.run.smithi050.stdout:Waiting for mgr epoch 5...
2024-06-06T03:14:41.447 INFO:journalctl@ceph.mon.a.smithi050.stdout:Jun 06 03:14:41 smithi050 ceph-mon[32421]: from='client.? 172.21.15.50:0/1040591973' entity='client.admin' cmd=[{"prefix": "mgr stat"}]: dispatch
2024-06-06T03:14:41.447 INFO:journalctl@ceph.mgr.x.smithi050.stdout:Jun 06 03:14:41 smithi050 ceph-b6263b26-23b2-11ef-bc9b-c7b262605968-mgr-x[32650]:
2024-06-06T03:14:41.437+0000 7f4a8e70b200 -1 mgr[py] Module telegraf has missing NOTIFY_TYPES member
2024-06-06T03:14:41.870 INFO:journalctl@ceph.mgr.x.smithi050.stdout:Jun 06 03:14:41 smithi050 ceph-b6263b26-23b2-11ef-bc9b-c7b262605968-mgr-x[32650]:
2024-06-06T03:14:41.617+0000 7f4a8e70b200 -1 mgr[py] Module osd_support has missing NOTIFY_TYPES member
2024-06-06T03:14:41.870 INFO:journalctl@ceph.mgr.x.smithi050.stdout:Jun 06 03:14:41 smithi050 ceph-b6263b26-23b2-11ef-bc9b-c7b262605968-mgr-x[32650]:
2024-06-06T03:14:41.795+0000 7f4a8e70b200 -1 mgr[py] Module iostat has missing NOTIFY_TYPES member
2024-06-06T03:14:42.189 INFO:journalctl@ceph.mgr.x.smithi050.stdout:Jun 06 03:14:42 smithi050 ceph-b6263b26-23b2-11ef-bc9b-c7b262605968-mgr-x[32650]:
2024-06-06T03:14:42.094+0000 7f4a8e70b200 -1 mgr[py] Module alerts has missing NOTIFY_TYPES member
2024-06-06T03:14:42.190 INFO:journalctl@ceph.mgr.x.smithi050.stdout:Jun 06 03:14:42 smithi050 ceph-b6263b26-23b2-11ef-bc9b-c7b262605968-mgr-x[32650]:
2024-06-06T03:14:42.190+0000 7f4a8e70b200 -1 mgr[py] Module selftest has missing NOTIFY_TYPES member
2024-06-06T03:14:42.501 INFO:journalctl@ceph.mgr.x.smithi050.stdout:Jun 06 03:14:42 smithi050 ceph-b6263b26-23b2-11ef-bc9b-c7b262605968-mgr-x[32650]:
2024-06-06T03:14:42.401+0000 7f4a8e70b200 -1 mgr[py] Module pg_autoscaler has missing NOTIFY_TYPES member
2024-06-06T03:14:43.001 INFO:journalctl@ceph.mgr.x.smithi050.stdout:Jun 06 03:14:42 smithi050 ceph-b6263b26-23b2-11ef-bc9b-c7b262605968-mgr-x[32650]:
2024-06-06T03:14:42.601+0000 7f4a8e70b200 -1 mgr[py] Module test_orchestrator has missing NOTIFY_TYPES member
2024-06-06T03:14:43.501 INFO:journalctl@ceph.mgr.x.smithi050.stdout:Jun 06 03:14:43 smithi050 ceph-b6263b26-23b2-11ef-bc9b-c7b262605968-mgr-x[32650]:
2024-06-06T03:14:43.230+0000 7f4a8e70b200 -1 mgr[py] Module rook has missing NOTIFY_TYPES member
2024-06-06T03:14:43.976 INFO:journalctl@ceph.mgr.x.smithi050.stdout:Jun 06 03:14:43 smithi050 ceph-b6263b26-23b2-11ef-bc9b-c7b262605968-mgr-x[32650]:
2024-06-06T03:14:43.668+0000 7f4a8e70b200 -1 mgr[py] Module volumes has missing NOTIFY_TYPES member
2024-06-06T03:14:43.976 INFO:journalctl@ceph.mgr.x.smithi050.stdout:Jun 06 03:14:43 smithi050 ceph-b6263b26-23b2-11ef-bc9b-c7b262605968-mgr-x[32650]:
2024-06-06T03:14:43.769+0000 7f4a8e70b200 -1 mgr[py] Module crash has missing NOTIFY_TYPES member
2024-06-06T03:14:43.976 INFO:journalctl@ceph.mgr.x.smithi050.stdout:Jun 06 03:14:43 smithi050 ceph-b6263b26-23b2-11ef-bc9b-c7b262605968-mgr-x[32650]:
2024-06-06T03:14:43.977+0000 7f4a8e70b200 -1 mgr[py] Module rgw has missing NOTIFY_TYPES member
2024-06-06T03:14:44.870 INFO:journalctl@ceph.mgr.x.smithi050.stdout:Jun 06 03:14:44 smithi050 ceph-b6263b26-23b2-11ef-bc9b-c7b262605968-mgr-x[32650]:
2024-06-06T03:14:44.523+0000 7f4a8e70b200 -1 mgr[py] Module prometheus has missing NOTIFY_TYPES member
2024-06-06T03:14:44.870 INFO:journalctl@ceph.mgr.x.smithi050.stdout:Jun 06 03:14:44 smithi050 ceph-b6263b26-23b2-11ef-bc9b-c7b262605968-mgr-x[32650]:
2024-06-06T03:14:44.618+0000 7f4a8e70b200 -1 mgr[py] Module devicehealth has missing NOTIFY_TYPES member
2024-06-06T03:14:45.226 INFO:journalctl@ceph.mgr.x.smithi050.stdout:Jun 06 03:14:44 smithi050 ceph-b6263b26-23b2-11ef-bc9b-c7b262605968-mgr-x[32650]:
2024-06-06T03:14:44.871+0000 7f4a8e70b200 -1 mgr[py] Module telemetry has missing NOTIFY_TYPES member
2024-06-06T03:14:45.226 INFO:journalctl@ceph.mgr.x.smithi050.stdout:Jun 06 03:14:45 smithi050 ceph-b6263b26-23b2-11ef-bc9b-c7b262605968-mgr-x[32650]:
2024-06-06T03:14:45.009+0000 7f4a8e70b200 -1 mgr[py] Module diskprediction_local has missing NOTIFY_TYPES member
2024-06-06T03:14:45.226 INFO:journalctl@ceph.mgr.x.smithi050.stdout:Jun 06 03:14:45 smithi050 ceph-b6263b26-23b2-11ef-bc9b-c7b262605968-mgr-x[32650]:
2024-06-06T03:14:45.107+0000 7f4a8e70b200 -1 mgr[py] Module osd_perf_query has missing NOTIFY_TYPES member
2024-06-06T03:14:45.226 INFO:journalctl@ceph.mgr.x.smithi050.stdout:Jun 06 03:14:45 smithi050 ceph-b6263b26-23b2-11ef-bc9b-c7b262605968-mgr-x[32650]:
2024-06-06T03:14:45.226+0000 7f4a8e70b200 -1 mgr[py] Module rbd_support has missing NOTIFY_TYPES member
2024-06-06T03:14:46.001 INFO:journalctl@ceph.mgr.x.smithi050.stdout:Jun 06 03:14:45 smithi050 ceph-b6263b26-23b2-11ef-bc9b-c7b262605968-mgr-x[32650]:
2024-06-06T03:14:45.537+0000 7f4a8e70b200 -1 mgr[py] Module zabbix has missing NOTIFY_TYPES member
2024-06-06T03:14:46.439 INFO:journalctl@ceph.mgr.x.smithi050.stdout:Jun 06 03:14:46 smithi050 ceph-b6263b26-23b2-11ef-bc9b-c7b262605968-mgr-x[32650]:
2024-06-06T03:14:46.163+0000 7f4a8e70b200 -1 mgr[py] Module status has missing NOTIFY_TYPES member
2024-06-06T03:14:46.439 INFO:journalctl@ceph.mgr.x.smithi050.stdout:Jun 06 03:14:46 smithi050 ceph-b6263b26-23b2-11ef-bc9b-c7b262605968-mgr-x[32650]:
2024-06-06T03:14:46.387+0000 7f4a8e70b200 -1 mgr[py] Module nfs has missing NOTIFY_TYPES member
2024-06-06T03:14:46.751 INFO:journalctl@ceph.mon.a.smithi050.stdout:Jun 06 03:14:46 smithi050 ceph-mon[32421]: Active manager daemon x restarted
2024-06-06T03:14:46.751 INFO:journalctl@ceph.mon.a.smithi050.stdout:Jun 06 03:14:46 smithi050 ceph-mon[32421]: Activating manager daemon x
2024-06-06T03:14:46.751 INFO:journalctl@ceph.mon.a.smithi050.stdout:Jun 06 03:14:46 smithi050 ceph-mon[32421]: osdmap e2: 0 total, 0 up, 0 in
