2024-06-06T03:27:43.408+0000 7f3531d9b700 1 -- 172.21.15.40:0/671046774 >> [v2:172.21.15.40:6800/3930494734,v1:172.21.15.40:6801/3930494734] conn(0x7f351c0390b0 msgr2=0x7f351c03b570 unknown :-1 s=STATE_CONNECTING_RE l=1).process reconnect failed to v2:172.21.15.40:6800/3930494734
2024-06-06T03:27:49.162 INFO:teuthology.orchestra.run.smithi040.stdout:/usr/bin/ceph: stderr
2024-06-06T03:27:43.408+0000 7f3531d9b700 1 --2- 172.21.15.40:0/671046774 >> [v2:172.21.15.40:6800/3930494734,v1:172.21.15.40:6801/3930494734] conn(0x7f351c0390b0 0x7f351c03b570 unknown :-1 s=START_CONNECT pgs=0 cs=0 l=1 rev1=0 crypto rx=0 tx=0 comp rx=0 tx=0)._fault waiting 0.400000
2024-06-06T03:27:49.162 INFO:teuthology.orchestra.run.smithi040.stdout:/usr/bin/ceph: stderr
2024-06-06T03:27:43.809+0000 7f3531d9b700 1 -- 172.21.15.40:0/671046774 >> [v2:172.21.15.40:6800/3930494734,v1:172.21.15.40:6801/3930494734] conn(0x7f351c0390b0 msgr2=0x7f351c03b570 unknown :-1 s=STATE_CONNECTING_RE l=1).process reconnect failed to v2:172.21.15.40:6800/3930494734
2024-06-06T03:27:49.162 INFO:teuthology.orchestra.run.smithi040.stdout:/usr/bin/ceph: stderr
2024-06-06T03:27:43.809+0000 7f3531d9b700 1 --2- 172.21.15.40:0/671046774 >> [v2:172.21.15.40:6800/3930494734,v1:172.21.15.40:6801/3930494734] conn(0x7f351c0390b0 0x7f351c03b570 unknown :-1 s=START_CONNECT pgs=0 cs=0 l=1 rev1=0 crypto rx=0 tx=0 comp rx=0 tx=0)._fault waiting 0.800000
2024-06-06T03:27:49.162 INFO:teuthology.orchestra.run.smithi040.stdout:/usr/bin/ceph: stderr
2024-06-06T03:27:44.610+0000 7f3531d9b700 1 -- 172.21.15.40:0/671046774 >> [v2:172.21.15.40:6800/3930494734,v1:172.21.15.40:6801/3930494734] conn(0x7f351c0390b0 msgr2=0x7f351c03b570 unknown :-1 s=STATE_CONNECTING_RE l=1).process reconnect failed to v2:172.21.15.40:6800/3930494734
2024-06-06T03:27:49.162 INFO:teuthology.orchestra.run.smithi040.stdout:/usr/bin/ceph: stderr
2024-06-06T03:27:44.610+0000 7f3531d9b700 1 --2- 172.21.15.40:0/671046774 >> [v2:172.21.15.40:6800/3930494734,v1:172.21.15.40:6801/3930494734] conn(0x7f351c0390b0 0x7f351c03b570 unknown :-1 s=START_CONNECT pgs=0 cs=0 l=1 rev1=0 crypto rx=0 tx=0 comp rx=0 tx=0)._fault waiting 1.600000
2024-06-06T03:27:49.162 INFO:teuthology.orchestra.run.smithi040.stdout:/usr/bin/ceph: stderr
2024-06-06T03:27:46.211+0000 7f3531d9b700 1 -- 172.21.15.40:0/671046774 >> [v2:172.21.15.40:6800/3930494734,v1:172.21.15.40:6801/3930494734] conn(0x7f351c0390b0 msgr2=0x7f351c03b570 unknown :-1 s=STATE_CONNECTING_RE l=1).process reconnect failed to v2:172.21.15.40:6800/3930494734
2024-06-06T03:27:49.163 INFO:teuthology.orchestra.run.smithi040.stdout:/usr/bin/ceph: stderr
2024-06-06T03:27:46.211+0000 7f3531d9b700 1 --2- 172.21.15.40:0/671046774 >> [v2:172.21.15.40:6800/3930494734,v1:172.21.15.40:6801/3930494734] conn(0x7f351c0390b0 0x7f351c03b570 unknown :-1 s=START_CONNECT pgs=0 cs=0 l=1 rev1=0 crypto rx=0 tx=0 comp rx=0 tx=0)._fault waiting 3.200000
2024-06-06T03:27:49.163 INFO:teuthology.orchestra.run.smithi040.stdout:/usr/bin/ceph: stderr
2024-06-06T03:27:47.580+0000 7f35237fe700 1 -- 172.21.15.40:0/671046774 <== mon.0 v2:172.21.15.40:3300/0 6 ==== mgrmap(e 10) ==== 46067+0+0 (secure 0 0 0) 0x7f352401ad10 con 0x7f35341089e0
2024-06-06T03:27:49.163 INFO:teuthology.orchestra.run.smithi040.stdout:/usr/bin/ceph: stderr
2024-06-06T03:27:47.580+0000 7f35237fe700 1 -- 172.21.15.40:0/671046774 >> [v2:172.21.15.40:6800/3930494734,v1:172.21.15.40:6801/3930494734] conn(0x7f351c0390b0 msgr2=0x7f351c03b570 unknown :-1 s=STATE_CONNECTING l=1).mark_down
2024-06-06T03:27:49.163 INFO:teuthology.orchestra.run.smithi040.stdout:/usr/bin/ceph: stderr
2024-06-06T03:27:47.580+0000 7f35237fe700 1 --2- 172.21.15.40:0/671046774 >> [v2:172.21.15.40:6800/3930494734,v1:172.21.15.40:6801/3930494734] conn(0x7f351c0390b0 0x7f351c03b570 unknown :-1 s=START_CONNECT pgs=0 cs=0 l=1 rev1=0 crypto rx=0 tx=0 comp rx=0 tx=0).stop
2024-06-06T03:27:49.163 INFO:teuthology.orchestra.run.smithi040.stdout:/usr/bin/ceph: stderr
2024-06-06T03:27:48.582+0000 7f35237fe700 1 -- 172.21.15.40:0/671046774 <== mon.0 v2:172.21.15.40:3300/0 7 ==== mgrmap(e 11) ==== 46194+0+0 (secure 0 0 0) 0x7f352404e8b0 con 0x7f35341089e0
2024-06-06T03:27:49.163 INFO:teuthology.orchestra.run.smithi040.stdout:/usr/bin/ceph: stderr
2024-06-06T03:27:48.582+0000 7f35237fe700 1 --2- 172.21.15.40:0/671046774 >> [v2:172.21.15.40:6800/869712339,v1:172.21.15.40:6801/869712339] conn(0x7f351c03c980 0x7f351c03ed70 unknown :-1 s=NONE pgs=0 cs=0 l=1 rev1=0 crypto rx=0 tx=0 comp rx=0 tx=0).connect
2024-06-06T03:27:49.163 INFO:teuthology.orchestra.run.smithi040.stdout:/usr/bin/ceph: stderr
2024-06-06T03:27:48.583+0000 7f35237fe700 1 -- 172.21.15.40:0/671046774 --> [v2:172.21.15.40:6800/869712339,v1:172.21.15.40:6801/869712339] -- command(tid 0: {"prefix": "get_command_descriptions"}) -- 0x7f3524008ea0 con 0x7f351c03c980
2024-06-06T03:27:49.163 INFO:teuthology.orchestra.run.smithi040.stdout:/usr/bin/ceph: stderr
2024-06-06T03:27:48.583+0000 7f3531d9b700 1 --2- 172.21.15.40:0/671046774 >> [v2:172.21.15.40:6800/869712339,v1:172.21.15.40:6801/869712339] conn(0x7f351c03c980 0x7f351c03ed70 unknown :-1 s=BANNER_CONNECTING pgs=0 cs=0 l=1 rev1=0 crypto rx=0 tx=0 comp rx=0 tx=0)._handle_peer_banner_payload supported=3 required=0
2024-06-06T03:27:49.163 INFO:teuthology.orchestra.run.smithi040.stdout:/usr/bin/ceph: stderr
2024-06-06T03:27:48.584+0000 7f3531d9b700 1 --2- 172.21.15.40:0/671046774 >> [v2:172.21.15.40:6800/869712339,v1:172.21.15.40:6801/869712339] conn(0x7f351c03c980 0x7f351c03ed70 secure :-1 s=READY pgs=1 cs=0 l=1 rev1=1 crypto rx=0x7f3528003a10 tx=0x7f3528009270 comp rx=0 tx=0).ready entity=mgr.14152 client_cookie=0 server_cookie=0 in_seq=0 out_seq=0
2024-06-06T03:27:49.163 INFO:teuthology.orchestra.run.smithi040.stdout:/usr/bin/ceph: stderr
2024-06-06T03:27:48.584+0000 7f35237fe700 1 -- 172.21.15.40:0/671046774 <== mgr.14152 v2:172.21.15.40:6800/869712339 1 ==== command_reply(tid 0: 0 ) ==== 8+0+7774 (secure 0 0 0) 0x7f3524008ea0 con 0x7f351c03c980
2024-06-06T03:27:49.163 INFO:teuthology.orchestra.run.smithi040.stdout:/usr/bin/ceph: stderr
2024-06-06T03:27:48.598+0000 7f3538f03700 1 -- 172.21.15.40:0/671046774 --> [v2:172.21.15.40:6800/869712339,v1:172.21.15.40:6801/869712339] -- command(tid 1: {"prefix": "mgr_status"}) -- 0x7f3534103640 con 0x7f351c03c980
2024-06-06T03:27:49.164 INFO:teuthology.orchestra.run.smithi040.stdout:/usr/bin/ceph: stderr
2024-06-06T03:27:48.598+0000 7f35237fe700 1 -- 172.21.15.40:0/671046774 <== mgr.14152 v2:172.21.15.40:6800/869712339 2 ==== command_reply(tid 1: 0 ) ==== 8+0+52 (secure 0 0 0) 0x7f3534103640 con 0x7f351c03c980
2024-06-06T03:27:49.164 INFO:teuthology.orchestra.run.smithi040.stdout:/usr/bin/ceph: stderr
2024-06-06T03:27:48.598+0000 7f3538f03700 1 -- 172.21.15.40:0/671046774 >> [v2:172.21.15.40:6800/869712339,v1:172.21.15.40:6801/869712339] conn(0x7f351c03c980 msgr2=0x7f351c03ed70 secure :-1 s=STATE_CONNECTION_ESTABLISHED l=1).mark_down
2024-06-06T03:27:49.164 INFO:teuthology.orchestra.run.smithi040.stdout:/usr/bin/ceph: stderr
2024-06-06T03:27:48.598+0000 7f3538f03700 1 --2- 172.21.15.40:0/671046774 >> [v2:172.21.15.40:6800/869712339,v1:172.21.15.40:6801/869712339] conn(0x7f351c03c980 0x7f351c03ed70 secure :-1 s=READY pgs=1 cs=0 l=1 rev1=1 crypto rx=0x7f3528003a10 tx=0x7f3528009270 comp rx=0 tx=0).stop
2024-06-06T03:27:49.164 INFO:teuthology.orchestra.run.smithi040.stdout:/usr/bin/ceph: stderr
2024-06-06T03:27:48.598+0000 7f3538f03700 1 -- 172.21.15.40:0/671046774 >> [v2:172.21.15.40:3300/0,v1:172.21.15.40:6789/0] conn(0x7f35341089e0 msgr2=0x7f353419be10 secure :-1 s=STATE_CONNECTION_ESTABLISHED l=1).mark_down
2024-06-06T03:27:49.164 INFO:teuthology.orchestra.run.smithi040.stdout:/usr/bin/ceph: stderr
2024-06-06T03:27:48.598+0000 7f3538f03700 1 --2- 172.21.15.40:0/671046774 >> [v2:172.21.15.40:3300/0,v1:172.21.15.40:6789/0] conn(0x7f35341089e0 0x7f353419be10 secure :-1 s=READY pgs=62 cs=0 l=1 rev1=1 crypto rx=0x7f35240116a0 tx=0x7f3524011ba0 comp rx=0 tx=0).stop
2024-06-06T03:27:49.164 INFO:teuthology.orchestra.run.smithi040.stdout:/usr/bin/ceph: stderr
2024-06-06T03:27:48.598+0000 7f3538f03700 1 -- 172.21.15.40:0/671046774 shutdown_connections
2024-06-06T03:27:49.164 INFO:teuthology.orchestra.run.smithi040.stdout:/usr/bin/ceph: stderr
2024-06-06T03:27:48.598+0000 7f3538f03700 1 --2- 172.21.15.40:0/671046774 >> [v2:172.21.15.40:6800/869712339,v1:172.21.15.40:6801/869712339] conn(0x7f351c03c980 0x7f351c03ed70 unknown :-1 s=CLOSED pgs=1 cs=0 l=1 rev1=1 crypto rx=0 tx=0 comp rx=0 tx=0).stop
2024-06-06T03:27:49.164 INFO:teuthology.orchestra.run.smithi040.stdout:/usr/bin/ceph: stderr
2024-06-06T03:27:48.598+0000 7f3538f03700 1 --2- 172.21.15.40:0/671046774 >> [v2:172.21.15.40:3300/0,v1:172.21.15.40:6789/0] conn(0x7f35341089e0 0x7f353419be10 unknown :-1 s=CLOSED pgs=62 cs=0 l=1 rev1=1 crypto rx=0 tx=0 comp rx=0 tx=0).stop
2024-06-06T03:27:49.164 INFO:teuthology.orchestra.run.smithi040.stdout:/usr/bin/ceph: stderr
2024-06-06T03:27:48.598+0000 7f3538f03700 1 --2- 172.21.15.40:0/671046774 >> [v2:172.21.15.40:6800/3930494734,v1:172.21.15.40:6801/3930494734] conn(0x7f351c0390b0 0x7f351c03b570 unknown :-1 s=CLOSED pgs=0 cs=0 l=1 rev1=0 crypto rx=0 tx=0 comp rx=0 tx=0).stop
2024-06-06T03:27:49.164 INFO:teuthology.orchestra.run.smithi040.stdout:/usr/bin/ceph: stderr
2024-06-06T03:27:48.598+0000 7f3538f03700 1 -- 172.21.15.40:0/671046774 >> 172.21.15.40:0/671046774 conn(0x7f35341023f0 msgr2=0x7f3534102f30 unknown :-1 s=STATE_NONE l=0).mark_down
2024-06-06T03:27:49.164 INFO:teuthology.orchestra.run.smithi040.stdout:/usr/bin/ceph: stderr
2024-06-06T03:27:48.598+0000 7f3538f03700 1 -- 172.21.15.40:0/671046774 shutdown_connections
2024-06-06T03:27:49.164 INFO:teuthology.orchestra.run.smithi040.stdout:/usr/bin/ceph: stderr
2024-06-06T03:27:48.598+0000 7f3538f03700 1 -- 172.21.15.40:0/671046774 wait complete.
2024-06-06T03:27:49.164 INFO:teuthology.orchestra.run.smithi040.stdout:mgr epoch 9 is available
2024-06-06T03:27:49.165 INFO:teuthology.orchestra.run.smithi040.stdout:Generating a dashboard self-signed certificate...
2024-06-06T03:27:49.830 INFO:journalctl@ceph.mon.a.smithi040.stdout:Jun 06 03:27:49 smithi040 ceph-mon[32220]: [06/Jun/2024:03:27:48] ENGINE Bus STARTING
2024-06-06T03:27:49.830 INFO:journalctl@ceph.mon.a.smithi040.stdout:Jun 06 03:27:49 smithi040 ceph-mon[32220]: [06/Jun/2024:03:27:48] ENGINE Serving on https://172.21.15.40:7150
2024-06-06T03:27:49.830 INFO:journalctl@ceph.mon.a.smithi040.stdout:Jun 06 03:27:49 smithi040 ceph-mon[32220]: [06/Jun/2024:03:27:49] ENGINE Serving on http://172.21.15.40:8765
2024-06-06T03:27:49.830 INFO:journalctl@ceph.mon.a.smithi040.stdout:Jun 06 03:27:49 smithi040 ceph-mon[32220]: [06/Jun/2024:03:27:49] ENGINE Bus STARTED
2024-06-06T03:27:50.554 INFO:teuthology.orchestra.run.smithi040.stdout:/usr/bin/ceph: stdout Self-signed certificate created
2024-06-06T03:27:50.554 INFO:teuthology.orchestra.run.smithi040.stdout:/usr/bin/ceph: stderr
2024-06-06T03:27:49.566+0000 7f6aec320700 1 Processor -- start
2024-06-06T03:27:50.555 INFO:teuthology.orchestra.run.smithi040.stdout:/usr/bin/ceph: stderr
2024-06-06T03:27:49.566+0000 7f6aec320700 1 -- start start
2024-06-06T03:27:50.555 INFO:teuthology.orchestra.run.smithi040.stdout:/usr/bin/ceph: stderr
2024-06-06T03:27:49.566+0000 7f6aec320700 1 --2- >> [v2:172.21.15.40:3300/0,v1:172.21.15.40:6789/0] conn(0x7f6ae4107f80 0x7f6ae41083a0 unknown :-1 s=NONE pgs=0 cs=0 l=0 rev1=0 crypto rx=0 tx=0 comp rx=0 tx=0).connect
2024-06-06T03:27:50.555 INFO:teuthology.orchestra.run.smithi040.stdout:/usr/bin/ceph: stderr
2024-06-06T03:27:49.566+0000 7f6aec320700 1 -- --> [v2:172.21.15.40:3300/0,v1:172.21.15.40:6789/0] -- mon_getmap magic: 0 -- 0x7f6ae4108970 con 0x7f6ae4107f80
2024-06-06T03:27:50.555 INFO:teuthology.orchestra.run.smithi040.stdout:/usr/bin/ceph: stderr
2024-06-06T03:27:49.567+0000 7f6aea0bc700 1 --2- >> [v2:172.21.15.40:3300/0,v1:172.21.15.40:6789/0] conn(0x7f6ae4107f80 0x7f6ae41083a0 unknown :-1 s=BANNER_CONNECTING pgs=0 cs=0 l=0 rev1=0 crypto rx=0 tx=0 comp rx=0 tx=0)._handle_peer_banner_payload supported=3 required=0
2024-06-06T03:27:50.555 INFO:teuthology.orchestra.run.smithi040.stdout:/usr/bin/ceph: stderr
2024-06-06T03:27:49.567+0000 7f6aea0bc700 1 --2- >> [v2:172.21.15.40:3300/0,v1:172.21.15.40:6789/0] conn(0x7f6ae4107f80 0x7f6ae41083a0 unknown :-1 s=HELLO_CONNECTING pgs=0 cs=0 l=0 rev1=1 crypto rx=0 tx=0 comp rx=0 tx=0).handle_hello peer v2:172.21.15.40:3300/0 says I am v2:172.21.15.40:55322/0 (socket says 172.21.15.40:55322)
2024-06-06T03:27:50.555 INFO:teuthology.orchestra.run.smithi040.stdout:/usr/bin/ceph: stderr
2024-06-06T03:27:49.567+0000 7f6aea0bc700 1 -- 172.21.15.40:0/982467701 learned_addr learned my addr 172.21.15.40:0/982467701 (peer_addr_for_me v2:172.21.15.40:0/0)
2024-06-06T03:27:50.555 INFO:teuthology.orchestra.run.smithi040.stdout:/usr/bin/ceph: stderr
2024-06-06T03:27:49.567+0000 7f6aea0bc700 1 -- 172.21.15.40:0/982467701 --> [v2:172.21.15.40:3300/0,v1:172.21.15.40:6789/0] -- mon_subscribe({config=0+,monmap=0+}) -- 0x7f6ae4109180 con 0x7f6ae4107f80
2024-06-06T03:27:50.555 INFO:teuthology.orchestra.run.smithi040.stdout:/usr/bin/ceph: stderr
2024-06-06T03:27:49.567+0000 7f6aea0bc700 1 --2- 172.21.15.40:0/982467701 >> [v2:172.21.15.40:3300/0,v1:172.21.15.40:6789/0] conn(0x7f6ae4107f80 0x7f6ae41083a0 secure :-1 s=READY pgs=70 cs=0 l=1 rev1=1 crypto rx=0x7f6ad4009e80 tx=0x7f6ad400b330 comp rx=0 tx=0).ready entity=mon.0 client_cookie=f01b97490667de87 server_cookie=0 in_seq=0 out_seq=0
2024-06-06T03:27:50.555 INFO:teuthology.orchestra.run.smithi040.stdout:/usr/bin/ceph: stderr
2024-06-06T03:27:49.567+0000 7f6ae90ba700 1 -- 172.21.15.40:0/982467701 <== mon.0 v2:172.21.15.40:3300/0 1 ==== mon_map magic: 0 ==== 205+0+0 (secure 0 0 0) 0x7f6ad4017070 con 0x7f6ae4107f80
2024-06-06T03:27:50.555 INFO:teuthology.orchestra.run.smithi040.stdout:/usr/bin/ceph: stderr
2024-06-06T03:27:49.567+0000 7f6ae90ba700 1 -- 172.21.15.40:0/982467701 <== mon.0 v2:172.21.15.40:3300/0 2 ==== config(27 keys) ==== 1140+0+0 (secure 0 0 0) 0x7f6ad400b8c0 con 0x7f6ae4107f80
2024-06-06T03:27:50.555 INFO:teuthology.orchestra.run.smithi040.stdout:/usr/bin/ceph: stderr
2024-06-06T03:27:49.567+0000 7f6ae90ba700 1 -- 172.21.15.40:0/982467701 <== mon.0 v2:172.21.15.40:3300/0 3 ==== mon_map magic: 0 ==== 205+0+0 (secure 0 0 0) 0x7f6ad40045c0 con 0x7f6ae4107f80
2024-06-06T03:27:50.555 INFO:teuthology.orchestra.run.smithi040.stdout:/usr/bin/ceph: stderr
2024-06-06T03:27:49.568+0000 7f6aec320700 1 -- 172.21.15.40:0/982467701 >> [v2:172.21.15.40:3300/0,v1:172.21.15.40:6789/0] conn(0x7f6ae4107f80 msgr2=0x7f6ae41083a0 secure :-1 s=STATE_CONNECTION_ESTABLISHED l=1).mark_down
2024-06-06T03:27:50.555 INFO:teuthology.orchestra.run.smithi040.stdout:/usr/bin/ceph: stderr
2024-06-06T03:27:49.568+0000 7f6aec320700 1 --2- 172.21.15.40:0/982467701 >> [v2:172.21.15.40:3300/0,v1:172.21.15.40:6789/0] conn(0x7f6ae4107f80 0x7f6ae41083a0 secure :-1 s=READY pgs=70 cs=0 l=1 rev1=1 crypto rx=0x7f6ad4009e80 tx=0x7f6ad400b330 comp rx=0 tx=0).stop
2024-06-06T03:27:50.556 INFO:teuthology.orchestra.run.smithi040.stdout:/usr/bin/ceph: stderr
2024-06-06T03:27:49.568+0000 7f6aec320700 1 -- 172.21.15.40:0/982467701 shutdown_connections
2024-06-06T03:27:50.556 INFO:teuthology.orchestra.run.smithi040.stdout:/usr/bin/ceph: stderr
2024-06-06T03:27:49.568+0000 7f6aec320700 1 --2- 172.21.15.40:0/982467701 >> [v2:172.21.15.40:3300/0,v1:172.21.15.40:6789/0] conn(0x7f6ae4107f80 0x7f6ae41083a0 unknown :-1 s=CLOSED pgs=70 cs=0 l=1 rev1=1 crypto rx=0 tx=0 comp rx=0 tx=0).stop
2024-06-06T03:27:50.556 INFO:teuthology.orchestra.run.smithi040.stdout:/usr/bin/ceph: stderr
2024-06-06T03:27:49.568+0000 7f6aec320700 1 -- 172.21.15.40:0/982467701 >> 172.21.15.40:0/982467701 conn(0x7f6ae4103580 msgr2=0x7f6ae41059a0 unknown :-1 s=STATE_NONE l=0).mark_down
2024-06-06T03:27:50.556 INFO:teuthology.orchestra.run.smithi040.stdout:/usr/bin/ceph: stderr
2024-06-06T03:27:49.568+0000 7f6aec320700 1 -- 172.21.15.40:0/982467701 shutdown_connections
2024-06-06T03:27:50.556 INFO:teuthology.orchestra.run.smithi040.stdout:/usr/bin/ceph: stderr
2024-06-06T03:27:49.568+0000 7f6aec320700 1 -- 172.21.15.40:0/982467701 wait complete.
2024-06-06T03:27:50.556 INFO:teuthology.orchestra.run.smithi040.stdout:/usr/bin/ceph: stderr
2024-06-06T03:27:49.569+0000 7f6aec320700 1 Processor -- start
2024-06-06T03:27:50.556 INFO:teuthology.orchestra.run.smithi040.stdout:/usr/bin/ceph: stderr
2024-06-06T03:27:49.569+0000 7f6aec320700 1 -- start start
2024-06-06T03:27:50.556 INFO:teuthology.orchestra.run.smithi040.stdout:/usr/bin/ceph: stderr
2024-06-06T03:27:49.569+0000 7f6aec320700 1 --2- >> [v2:172.21.15.40:3300/0,v1:172.21.15.40:6789/0] conn(0x7f6ae4107f80 0x7f6ae419bec0 unknown :-1 s=NONE pgs=0 cs=0 l=1 rev1=0 crypto rx=0 tx=0 comp rx=0 tx=0).connect
2024-06-06T03:27:50.556 INFO:teuthology.orchestra.run.smithi040.stdout:/usr/bin/ceph: stderr
2024-06-06T03:27:49.569+0000 7f6aec320700 1 -- --> [v2:172.21.15.40:3300/0,v1:172.21.15.40:6789/0] -- mon_getmap magic: 0 -- 0x7f6ae410c530 con 0x7f6ae4107f80
2024-06-06T03:27:50.556 INFO:teuthology.orchestra.run.smithi040.stdout:/usr/bin/ceph: stderr
2024-06-06T03:27:49.569+0000 7f6aea0bc700 1 --2- >> [v2:172.21.15.40:3300/0,v1:172.21.15.40:6789/0] conn(0x7f6ae4107f80 0x7f6ae419bec0 unknown :-1 s=BANNER_CONNECTING pgs=0 cs=0 l=1 rev1=0 crypto rx=0 tx=0 comp rx=0 tx=0)._handle_peer_banner_payload supported=3 required=0
2024-06-06T03:27:50.556 INFO:teuthology.orchestra.run.smithi040.stdout:/usr/bin/ceph: stderr
2024-06-06T03:27:49.569+0000 7f6aea0bc700 1 --2- >> [v2:172.21.15.40:3300/0,v1:172.21.15.40:6789/0] conn(0x7f6ae4107f80 0x7f6ae419bec0 unknown :-1 s=HELLO_CONNECTING pgs=0 cs=0 l=1 rev1=1 crypto rx=0 tx=0 comp rx=0 tx=0).handle_hello peer v2:172.21.15.40:3300/0 says I am v2:172.21.15.40:55326/0 (socket says 172.21.15.40:55326)
2024-06-06T03:27:50.556 INFO:teuthology.orchestra.run.smithi040.stdout:/usr/bin/ceph: stderr
2024-06-06T03:27:49.569+0000 7f6aea0bc700 1 -- 172.21.15.40:0/915340723 learned_addr learned my addr 172.21.15.40:0/915340723 (peer_addr_for_me v2:172.21.15.40:0/0)
2024-06-06T03:27:50.557 INFO:teuthology.orchestra.run.smithi040.stdout:/usr/bin/ceph: stderr
2024-06-06T03:27:49.569+0000 7f6aea0bc700 1 -- 172.21.15.40:0/915340723 --> [v2:172.21.15.40:3300/0,v1:172.21.15.40:6789/0] -- mon_subscribe({config=0+,monmap=0+}) -- 0x7f6ae419c400 con 0x7f6ae4107f80
2024-06-06T03:27:50.557 INFO:teuthology.orchestra.run.smithi040.stdout:/usr/bin/ceph: stderr
2024-06-06T03:27:49.570+0000 7f6aea0bc700 1 --2- 172.21.15.40:0/915340723 >> [v2:172.21.15.40:3300/0,v1:172.21.15.40:6789/0] conn(0x7f6ae4107f80 0x7f6ae419bec0 secure :-1 s=READY pgs=71 cs=0 l=1 rev1=1 crypto rx=0x7f6ad4003fa0 tx=0x7f6ad4004080 comp rx=0 tx=0).ready entity=mon.0 client_cookie=0 server_cookie=0 in_seq=0 out_seq=0
2024-06-06T03:27:50.557 INFO:teuthology.orchestra.run.smithi040.stdout:/usr/bin/ceph: stderr
2024-06-06T03:27:49.570+0000 7f6ae37fe700 1 -- 172.21.15.40:0/915340723 <== mon.0 v2:172.21.15.40:3300/0 1 ==== mon_map magic: 0 ==== 205+0+0 (secure 0 0 0) 0x7f6ad4020020 con 0x7f6ae4107f80
2024-06-06T03:27:50.557 INFO:teuthology.orchestra.run.smithi040.stdout:/usr/bin/ceph: stderr
2024-06-06T03:27:49.570+0000 7f6ae37fe700 1 -- 172.21.15.40:0/915340723 <== mon.0 v2:172.21.15.40:3300/0 2 ==== config(27 keys) ==== 1140+0+0 (secure 0 0 0) 0x7f6ad400bba0 con 0x7f6ae4107f80
2024-06-06T03:27:50.557 INFO:teuthology.orchestra.run.smithi040.stdout:/usr/bin/ceph: stderr
2024-06-06T03:27:49.570+0000 7f6aec320700 1 -- 172.21.15.40:0/915340723 --> [v2:172.21.15.40:3300/0,v1:172.21.15.40:6789/0] -- mon_subscribe({mgrmap=0+}) -- 0x7f6ae419c690 con 0x7f6ae4107f80
2024-06-06T03:27:50.557 INFO:teuthology.orchestra.run.smithi040.stdout:/usr/bin/ceph: stderr
2024-06-06T03:27:49.570+0000 7f6ae37fe700 1 -- 172.21.15.40:0/915340723 <== mon.0 v2:172.21.15.40:3300/0 3 ==== mon_map magic: 0 ==== 205+0+0 (secure 0 0 0) 0x7f6ad4017040 con 0x7f6ae4107f80
2024-06-06T03:27:50.557 INFO:teuthology.orchestra.run.smithi040.stdout:/usr/bin/ceph: stderr
2024-06-06T03:27:49.570+0000 7f6aec320700 1 -- 172.21.15.40:0/915340723 --> [v2:172.21.15.40:3300/0,v1:172.21.15.40:6789/0] -- mon_subscribe({osdmap=0}) -- 0x7f6ae419f380 con 0x7f6ae4107f80
2024-06-06T03:27:50.557 INFO:teuthology.orchestra.run.smithi040.stdout:/usr/bin/ceph: stderr
2024-06-06T03:27:49.571+0000 7f6ae37fe700 1 -- 172.21.15.40:0/915340723 <== mon.0 v2:172.21.15.40:3300/0 4 ==== mgrmap(e 11) ==== 46194+0+0 (secure 0 0 0) 0x7f6ad4023020 con 0x7f6ae4107f80
2024-06-06T03:27:50.557 INFO:teuthology.orchestra.run.smithi040.stdout:/usr/bin/ceph: stderr
2024-06-06T03:27:49.571+0000 7f6aec320700 1 -- 172.21.15.40:0/915340723 --> [v2:172.21.15.40:3300/0,v1:172.21.15.40:6789/0] -- mon_command({"prefix": "get_command_descriptions"} v 0) -- 0x7f6ae410c6b0 con 0x7f6ae4107f80
2024-06-06T03:27:50.557 INFO:teuthology.orchestra.run.smithi040.stdout:/usr/bin/ceph: stderr
2024-06-06T03:27:49.571+0000 7f6ae37fe700 1 --2- 172.21.15.40:0/915340723 >> [v2:172.21.15.40:6800/869712339,v1:172.21.15.40:6801/869712339] conn(0x7f6acc038f90 0x7f6acc03b450 unknown :-1 s=NONE pgs=0 cs=0 l=1 rev1=0 crypto rx=0 tx=0 comp rx=0 tx=0).connect
2024-06-06T03:27:50.557 INFO:teuthology.orchestra.run.smithi040.stdout:/usr/bin/ceph: stderr
2024-06-06T03:27:49.571+0000 7f6ae37fe700 1 -- 172.21.15.40:0/915340723 <== mon.0 v2:172.21.15.40:3300/0 5 ==== osd_map(3..3 src has 1..3) ==== 1155+0+0 (secure 0 0 0) 0x7f6ad400f050 con 0x7f6ae4107f80
2024-06-06T03:27:50.557 INFO:teuthology.orchestra.run.smithi040.stdout:/usr/bin/ceph: stderr
2024-06-06T03:27:49.571+0000 7f6ae98bb700 1 --2- 172.21.15.40:0/915340723 >> [v2:172.21.15.40:6800/869712339,v1:172.21.15.40:6801/869712339] conn(0x7f6acc038f90 0x7f6acc03b450 unknown :-1 s=BANNER_CONNECTING pgs=0 cs=0 l=1 rev1=0 crypto rx=0 tx=0 comp rx=0 tx=0)._handle_peer_banner_payload supported=3 required=0
2024-06-06T03:27:50.557 INFO:teuthology.orchestra.run.smithi040.stdout:/usr/bin/ceph: stderr
2024-06-06T03:27:49.571+0000 7f6ae98bb700 1 --2- 172.21.15.40:0/915340723 >> [v2:172.21.15.40:6800/869712339,v1:172.21.15.40:6801/869712339] conn(0x7f6acc038f90 0x7f6acc03b450 secure :-1 s=READY pgs=7 cs=0 l=1 rev1=1 crypto rx=0x7f6ad8006fd0 tx=0x7f6ad8006e40 comp rx=0 tx=0).ready entity=mgr.14152 client_cookie=0 server_cookie=0 in_seq=0 out_seq=0
2024-06-06T03:27:50.558 INFO:teuthology.orchestra.run.smithi040.stdout:/usr/bin/ceph: stderr
2024-06-06T03:27:49.576+0000 7f6ae37fe700 1 -- 172.21.15.40:0/915340723 <== mon.0 v2:172.21.15.40:3300/0 6 ==== mon_command_ack([{"prefix": "get_command_descriptions"}]=0 v0) ==== 72+0+186418 (secure 0 0 0) 0x7f6ad402a020 con 0x7f6ae4107f80
2024-06-06T03:27:50.558 INFO:teuthology.orchestra.run.smithi040.stdout:/usr/bin/ceph: stderr
2024-06-06T03:27:49.637+0000 7f6ae37fe700 1 -- 172.21.15.40:0/915340723 <== mon.0 v2:172.21.15.40:3300/0 7 ==== mgrmap(e 12) ==== 46300+0+0 (secure 0 0 0) 0x7f6ad4012950 con 0x7f6ae4107f80
2024-06-06T03:27:50.558 INFO:teuthology.orchestra.run.smithi040.stdout:/usr/bin/ceph: stderr
2024-06-06T03:27:49.790+0000 7f6aec320700 1 -- 172.21.15.40:0/915340723 --> [v2:172.21.15.40:6800/869712339,v1:172.21.15.40:6801/869712339] -- mgr_command(tid 0: {"prefix": "dashboard create-self-signed-cert", "target": ["mon-mgr", ""]}) -- 0x7f6ae41047a0 con 0x7f6acc038f90
2024-06-06T03:27:50.558 INFO:teuthology.orchestra.run.smithi040.stdout:/usr/bin/ceph: stderr
2024-06-06T03:27:49.969+0000 7f6ae37fe700 1 -- 172.21.15.40:0/915340723 <== mgr.14152 v2:172.21.15.40:6800/869712339 1 ==== mgr_command_reply(tid 0: 0 ) ==== 8+0+32 (secure 0 0 0) 0x7f6ae41047a0 con 0x7f6acc038f90
2024-06-06T03:27:50.558 INFO:teuthology.orchestra.run.smithi040.stdout:/usr/bin/ceph: stderr
2024-06-06T03:27:49.972+0000 7f6aec320700 1 -- 172.21.15.40:0/915340723 >> [v2:172.21.15.40:6800/869712339,v1:172.21.15.40:6801/869712339] conn(0x7f6acc038f90 msgr2=0x7f6acc03b450 secure :-1 s=STATE_CONNECTION_ESTABLISHED l=1).mark_down
2024-06-06T03:27:50.558 INFO:teuthology.orchestra.run.smithi040.stdout:/usr/bin/ceph: stderr
2024-06-06T03:27:49.972+0000 7f6aec320700 1 --2- 172.21.15.40:0/915340723 >> [v2:172.21.15.40:6800/869712339,v1:172.21.15.40:6801/869712339] conn(0x7f6acc038f90 0x7f6acc03b450 secure :-1 s=READY pgs=7 cs=0 l=1 rev1=1 crypto rx=0x7f6ad8006fd0 tx=0x7f6ad8006e40 comp rx=0 tx=0).stop
2024-06-06T03:27:50.558 INFO:teuthology.orchestra.run.smithi040.stdout:/usr/bin/ceph: stderr
2024-06-06T03:27:49.972+0000 7f6aec320700 1 -- 172.21.15.40:0/915340723 >> [v2:172.21.15.40:3300/0,v1:172.21.15.40:6789/0] conn(0x7f6ae4107f80 msgr2=0x7f6ae419bec0 secure :-1 s=STATE_CONNECTION_ESTABLISHED l=1).mark_down
2024-06-06T03:27:50.558 INFO:teuthology.orchestra.run.smithi040.stdout:/usr/bin/ceph: stderr
2024-06-06T03:27:49.972+0000 7f6aec320700 1 --2- 172.21.15.40:0/915340723 >> [v2:172.21.15.40:3300/0,v1:172.21.15.40:6789/0] conn(0x7f6ae4107f80 0x7f6ae419bec0 secure :-1 s=READY pgs=71 cs=0 l=1 rev1=1 crypto rx=0x7f6ad4003fa0 tx=0x7f6ad4004080 comp rx=0 tx=0).stop
2024-06-06T03:27:50.558 INFO:teuthology.orchestra.run.smithi040.stdout:/usr/bin/ceph: stderr
2024-06-06T03:27:49.973+0000 7f6aec320700 1 -- 172.21.15.40:0/915340723 shutdown_connections
2024-06-06T03:27:50.558 INFO:teuthology.orchestra.run.smithi040.stdout:/usr/bin/ceph: stderr
2024-06-06T03:27:49.973+0000 7f6aec320700 1 --2- 172.21.15.40:0/915340723 >> [v2:172.21.15.40:6800/869712339,v1:172.21.15.40:6801/869712339] conn(0x7f6acc038f90 0x7f6acc03b450 unknown :-1 s=CLOSED pgs=7 cs=0 l=1 rev1=1 crypto rx=0 tx=0 comp rx=0 tx=0).stop
2024-06-06T03:27:50.558 INFO:teuthology.orchestra.run.smithi040.stdout:/usr/bin/ceph: stderr
2024-06-06T03:27:49.973+0000 7f6aec320700 1 --2- 172.21.15.40:0/915340723 >> [v2:172.21.15.40:3300/0,v1:172.21.15.40:6789/0] conn(0x7f6ae4107f80 0x7f6ae419bec0 unknown :-1 s=CLOSED pgs=71 cs=0 l=1 rev1=1 crypto rx=0 tx=0 comp rx=0 tx=0).stop
2024-06-06T03:27:50.558 INFO:teuthology.orchestra.run.smithi040.stdout:/usr/bin/ceph: stderr
2024-06-06T03:27:49.973+0000 7f6aec320700 1 -- 172.21.15.40:0/915340723 >> 172.21.15.40:0/915340723 conn(0x7f6ae4103580 msgr2=0x7f6ae4104090 unknown :-1 s=STATE_NONE l=0).mark_down
2024-06-06T03:27:50.559 INFO:teuthology.orchestra.run.smithi040.stdout:/usr/bin/ceph: stderr
2024-06-06T03:27:49.973+0000 7f6aec320700 1 -- 172.21.15.40:0/915340723 shutdown_connections
2024-06-06T03:27:50.559 INFO:teuthology.orchestra.run.smithi040.stdout:/usr/bin/ceph: stderr
2024-06-06T03:27:49.973+0000 7f6aec320700 1 -- 172.21.15.40:0/915340723 wait complete.
2024-06-06T03:27:50.559 INFO:teuthology.orchestra.run.smithi040.stdout:Creating initial admin user...
2024-06-06T03:27:50.830 INFO:journalctl@ceph.mon.a.smithi040.stdout:Jun 06 03:27:50 smithi040 ceph-mon[32220]: mgrmap e12: x(active, since 2s)
2024-06-06T03:27:50.830 INFO:journalctl@ceph.mon.a.smithi040.stdout:Jun 06 03:27:50 smithi040 ceph-mon[32220]: from='client.14164 -' entity='client.admin' cmd=[{"prefix": "dashboard create-self-signed-cert", "target": ["mon-mgr", ""]}]: dispatch
2024-06-06T03:27:50.830 INFO:journalctl@ceph.mon.a.smithi040.stdout:Jun 06 03:27:50 smithi040 ceph-mon[32220]: from='mgr.14152 172.21.15.40:0/165219287' entity='mgr.x'
2024-06-06T03:27:50.830 INFO:journalctl@ceph.mon.a.smithi040.stdout:Jun 06 03:27:50 smithi040 ceph-mon[32220]: from='mgr.14152 172.21.15.40:0/165219287' entity='mgr.x'
2024-06-06T03:27:50.830 INFO:journalctl@ceph.mon.a.smithi040.stdout:Jun 06 03:27:50 smithi040 ceph-mon[32220]: from='mgr.14152 172.21.15.40:0/165219287' entity='mgr.x'
2024-06-06T03:27:51.736 INFO:journalctl@ceph.mon.a.smithi040.stdout:Jun 06 03:27:51 smithi040 ceph-mon[32220]: from='client.14166 -' entity='client.admin' cmd=[{"prefix": "dashboard ac-user-create", "username": "admin", "rolename": "administrator", "force_password": true, "pwd_update_required": true, "target": ["mon-mgr", ""]}]: dispatch
2024-06-06T03:27:51.736 INFO:journalctl@ceph.mon.a.smithi040.stdout:Jun 06 03:27:51 smithi040 ceph-mon[32220]: from='mgr.14152 172.21.15.40:0/165219287' entity='mgr.x'
2024-06-06T03:27:51.736 INFO:journalctl@ceph.mon.a.smithi040.stdout:Jun 06 03:27:51 smithi040 ceph-mon[32220]: from='mgr.14152 172.21.15.40:0/165219287' entity='mgr.x'
2024-06-06T03:27:52.044 INFO:teuthology.orchestra.run.smithi040.stdout:/usr/bin/ceph: stdout {"username": "admin", "password": "$2b$12$qEyBjkKto62DN16qJDx9rOlq1gv3oJJYlujYBqMnNd8j/FjAjxgJC", "roles": ["administrator"], "name": null, "email": null, "lastUpdate": 1717644471, "enabled": true, "pwdExpirationDate": null, "pwdUpdateRequired": true}
2024-06-06T03:27:52.045 INFO:teuthology.orchestra.run.smithi040.stdout:/usr/bin/ceph: stderr
2024-06-06T03:27:50.978+0000 7fa51f9d3700 1 Processor -- start
2024-06-06T03:27:52.045 INFO:teuthology.orchestra.run.smithi040.stdout:/usr/bin/ceph: stderr
2024-06-06T03:27:50.978+0000 7fa51f9d3700 1 -- start start
2024-06-06T03:27:52.045 INFO:teuthology.orchestra.run.smithi040.stdout:/usr/bin/ceph: stderr
2024-06-06T03:27:50.978+0000 7fa51f9d3700 1 --2- >> [v2:172.21.15.40:3300/0,v1:172.21.15.40:6789/0] conn(0x7fa518106840 0x7fa518106c60 unknown :-1 s=NONE pgs=0 cs=0 l=0 rev1=0 crypto rx=0 tx=0 comp rx=0 tx=0).connect
2024-06-06T03:27:52.045 INFO:teuthology.orchestra.run.smithi040.stdout:/usr/bin/ceph: stderr
2024-06-06T03:27:50.978+0000 7fa51f9d3700 1 -- --> [v2:172.21.15.40:3300/0,v1:172.21.15.40:6789/0] -- mon_getmap magic: 0 -- 0x7fa51807be40 con 0x7fa518106840
2024-06-06T03:27:52.045 INFO:teuthology.orchestra.run.smithi040.stdout:/usr/bin/ceph: stderr
2024-06-06T03:27:50.978+0000 7fa51d76f700 1 --2- >> [v2:172.21.15.40:3300/0,v1:172.21.15.40:6789/0] conn(0x7fa518106840 0x7fa518106c60 unknown :-1 s=BANNER_CONNECTING pgs=0 cs=0 l=0 rev1=0 crypto rx=0 tx=0 comp rx=0 tx=0)._handle_peer_banner_payload supported=3 required=0
2024-06-06T03:27:52.045 INFO:teuthology.orchestra.run.smithi040.stdout:/usr/bin/ceph: stderr
2024-06-06T03:27:50.978+0000 7fa51d76f700 1 --2- >> [v2:172.21.15.40:3300/0,v1:172.21.15.40:6789/0] conn(0x7fa518106840 0x7fa518106c60 unknown :-1 s=HELLO_CONNECTING pgs=0 cs=0 l=0 rev1=1 crypto rx=0 tx=0 comp rx=0 tx=0).handle_hello peer v2:172.21.15.40:3300/0 says I am v2:172.21.15.40:55332/0 (socket says 172.21.15.40:55332)
2024-06-06T03:27:52.045 INFO:teuthology.orchestra.run.smithi040.stdout:/usr/bin/ceph: stderr
2024-06-06T03:27:50.978+0000 7fa51d76f700 1 -- 172.21.15.40:0/1828187156 learned_addr learned my addr 172.21.15.40:0/1828187156 (peer_addr_for_me v2:172.21.15.40:0/0)
2024-06-06T03:27:52.045 INFO:teuthology.orchestra.run.smithi040.stdout:/usr/bin/ceph: stderr
2024-06-06T03:27:50.979+0000 7fa51d76f700 1 -- 172.21.15.40:0/1828187156 --> [v2:172.21.15.40:3300/0,v1:172.21.15.40:6789/0] -- mon_subscribe({config=0+,monmap=0+}) -- 0x7fa5181071a0 con 0x7fa518106840
2024-06-06T03:27:52.045 INFO:teuthology.orchestra.run.smithi040.stdout:/usr/bin/ceph: stderr
2024-06-06T03:27:50.979+0000 7fa51d76f700 1 --2- 172.21.15.40:0/1828187156 >> [v2:172.21.15.40:3300/0,v1:172.21.15.40:6789/0] conn(0x7fa518106840 0x7fa518106c60 secure :-1 s=READY pgs=72 cs=0 l=1 rev1=1 crypto rx=0x7fa5140098a0 tx=0x7fa514009bb0 comp rx=0 tx=0).ready entity=mon.0 client_cookie=ba1ce4f61586dd34 server_cookie=0 in_seq=0 out_seq=0
2024-06-06T03:27:52.045 INFO:teuthology.orchestra.run.smithi040.stdout:/usr/bin/ceph: stderr
2024-06-06T03:27:50.979+0000 7fa50ffff700 1 -- 172.21.15.40:0/1828187156 <== mon.0 v2:172.21.15.40:3300/0 1 ==== mon_map magic: 0 ==== 205+0+0 (secure 0 0 0) 0x7fa514004160 con 0x7fa518106840
2024-06-06T03:27:52.045 INFO:teuthology.orchestra.run.smithi040.stdout:/usr/bin/ceph: stderr
2024-06-06T03:27:50.979+0000 7fa50ffff700 1 -- 172.21.15.40:0/1828187156 <== mon.0 v2:172.21.15.40:3300/0 2 ==== config(27 keys) ==== 1140+0+0 (secure 0 0 0) 0x7fa514004300 con 0x7fa518106840
2024-06-06T03:27:52.045 INFO:teuthology.orchestra.run.smithi040.stdout:/usr/bin/ceph: stderr
2024-06-06T03:27:50.979+0000 7fa50ffff700 1 -- 172.21.15.40:0/1828187156 <== mon.0 v2:172.21.15.40:3300/0 3 ==== mon_map magic: 0 ==== 205+0+0 (secure 0 0 0) 0x7fa514011b20 con 0x7fa518106840
2024-06-06T03:27:52.046 INFO:teuthology.orchestra.run.smithi040.stdout:/usr/bin/ceph: stderr
2024-06-06T03:27:50.980+0000 7fa51f9d3700 1 -- 172.21.15.40:0/1828187156 >> [v2:172.21.15.40:3300/0,v1:172.21.15.40:6789/0] conn(0x7fa518106840 msgr2=0x7fa518106c60 secure :-1 s=STATE_CONNECTION_ESTABLISHED l=1).mark_down
2024-06-06T03:27:52.046 INFO:teuthology.orchestra.run.smithi040.stdout:/usr/bin/ceph: stderr
2024-06-06T03:27:50.980+0000 7fa51f9d3700 1 --2- 172.21.15.40:0/1828187156 >> [v2:172.21.15.40:3300/0,v1:172.21.15.40:6789/0] conn(0x7fa518106840 0x7fa518106c60 secure :-1 s=READY pgs=72 cs=0 l=1 rev1=1 crypto rx=0x7fa5140098a0 tx=0x7fa514009bb0 comp rx=0 tx=0).stop
2024-06-06T03:27:52.046 INFO:teuthology.orchestra.run.smithi040.stdout:/usr/bin/ceph: stderr
2024-06-06T03:27:50.980+0000 7fa51f9d3700 1 -- 172.21.15.40:0/1828187156 shutdown_connections
2024-06-06T03:27:52.046 INFO:teuthology.orchestra.run.smithi040.stdout:/usr/bin/ceph: stderr
2024-06-06T03:27:50.980+0000 7fa51f9d3700 1 --2- 172.21.15.40:0/1828187156 >> [v2:172.21.15.40:3300/0,v1:172.21.15.40:6789/0] conn(0x7fa518106840 0x7fa518106c60 unknown :-1 s=CLOSED pgs=72 cs=0 l=1 rev1=1 crypto rx=0 tx=0 comp rx=0 tx=0).stop
2024-06-06T03:27:52.046 INFO:teuthology.orchestra.run.smithi040.stdout:/usr/bin/ceph: stderr
2024-06-06T03:27:50.980+0000 7fa51f9d3700 1 -- 172.21.15.40:0/1828187156 >> 172.21.15.40:0/1828187156 conn(0x7fa518102440 msgr2=0x7fa518104880 unknown :-1 s=STATE_NONE l=0).mark_down
2024-06-06T03:27:52.046 INFO:teuthology.orchestra.run.smithi040.stdout:/usr/bin/ceph: stderr
2024-06-06T03:27:50.980+0000 7fa51f9d3700 1 -- 172.21.15.40:0/1828187156 shutdown_connections
2024-06-06T03:27:52.046 INFO:teuthology.orchestra.run.smithi040.stdout:/usr/bin/ceph: stderr
2024-06-06T03:27:50.980+0000 7fa51f9d3700 1 -- 172.21.15.40:0/1828187156 wait complete.
2024-06-06T03:27:52.046 INFO:teuthology.orchestra.run.smithi040.stdout:/usr/bin/ceph: stderr
2024-06-06T03:27:50.980+0000 7fa51f9d3700 1 Processor -- start
2024-06-06T03:27:52.046 INFO:teuthology.orchestra.run.smithi040.stdout:/usr/bin/ceph: stderr
2024-06-06T03:27:50.981+0000 7fa51f9d3700 1 -- start start
2024-06-06T03:27:52.046 INFO:teuthology.orchestra.run.smithi040.stdout:/usr/bin/ceph: stderr
2024-06-06T03:27:50.981+0000 7fa51f9d3700 1 --2- >> [v2:172.21.15.40:3300/0,v1:172.21.15.40:6789/0] conn(0x7fa518106840 0x7fa51819e090 unknown :-1 s=NONE pgs=0 cs=0 l=1 rev1=0 crypto rx=0 tx=0 comp rx=0 tx=0).connect
2024-06-06T03:27:52.046 INFO:teuthology.orchestra.run.smithi040.stdout:/usr/bin/ceph: stderr
2024-06-06T03:27:50.981+0000 7fa51f9d3700 1 -- --> [v2:172.21.15.40:3300/0,v1:172.21.15.40:6789/0] -- mon_getmap magic: 0 -- 0x7fa518108270 con 0x7fa518106840
2024-06-06T03:27:52.046 INFO:teuthology.orchestra.run.smithi040.stdout:/usr/bin/ceph: stderr
2024-06-06T03:27:50.981+0000 7fa51d76f700 1 --2- >> [v2:172.21.15.40:3300/0,v1:172.21.15.40:6789/0] conn(0x7fa518106840 0x7fa51819e090 unknown :-1 s=BANNER_CONNECTING pgs=0 cs=0 l=1 rev1=0 crypto rx=0 tx=0 comp rx=0 tx=0)._handle_peer_banner_payload supported=3 required=0
2024-06-06T03:27:52.047 INFO:teuthology.orchestra.run.smithi040.stdout:/usr/bin/ceph: stderr
2024-06-06T03:27:50.981+0000 7fa51d76f700 1 --2- >> [v2:172.21.15.40:3300/0,v1:172.21.15.40:6789/0] conn(0x7fa518106840 0x7fa51819e090 unknown :-1 s=HELLO_CONNECTING pgs=0 cs=0 l=1 rev1=1 crypto rx=0 tx=0 comp rx=0 tx=0).handle_hello peer v2:172.21.15.40:3300/0 says I am v2:172.21.15.40:55342/0 (socket says 172.21.15.40:55342)
2024-06-06T03:27:52.047 INFO:teuthology.orchestra.run.smithi040.stdout:/usr/bin/ceph: stderr
2024-06-06T03:27:50.981+0000 7fa51d76f700 1 -- 172.21.15.40:0/1616978355 learned_addr learned my addr 172.21.15.40:0/1616978355 (peer_addr_for_me v2:172.21.15.40:0/0)
2024-06-06T03:27:52.047 INFO:teuthology.orchestra.run.smithi040.stdout:/usr/bin/ceph: stderr
2024-06-06T03:27:50.981+0000 7fa51d76f700 1 -- 172.21.15.40:0/1616978355 --> [v2:172.21.15.40:3300/0,v1:172.21.15.40:6789/0] -- mon_subscribe({config=0+,monmap=0+}) -- 0x7fa51819e5d0 con 0x7fa518106840
2024-06-06T03:27:52.047 INFO:teuthology.orchestra.run.smithi040.stdout:/usr/bin/ceph: stderr
2024-06-06T03:27:50.981+0000 7fa51d76f700 1 --2- 172.21.15.40:0/1616978355 >> [v2:172.21.15.40:3300/0,v1:172.21.15.40:6789/0] conn(0x7fa518106840 0x7fa51819e090 secure :-1 s=READY pgs=73 cs=0 l=1 rev1=1 crypto rx=0x7fa514011b60 tx=0x7fa514011c40 comp rx=0 tx=0).ready entity=mon.0 client_cookie=0 server_cookie=0 in_seq=0 out_seq=0
2024-06-06T03:27:52.047 INFO:teuthology.orchestra.run.smithi040.stdout:/usr/bin/ceph: stderr
2024-06-06T03:27:50.981+0000 7fa50e7fc700 1 -- 172.21.15.40:0/1616978355 <== mon.0 v2:172.21.15.40:3300/0 1 ==== mon_map magic: 0 ==== 205+0+0 (secure 0 0 0) 0x7fa514003b60 con 0x7fa518106840
2024-06-06T03:27:52.047 INFO:teuthology.orchestra.run.smithi040.stdout:/usr/bin/ceph: stderr
2024-06-06T03:27:50.982+0000 7fa51f9d3700 1 -- 172.21.15.40:0/1616978355 --> [v2:172.21.15.40:3300/0,v1:172.21.15.40:6789/0] -- mon_subscribe({mgrmap=0+}) -- 0x7fa51819e860 con 0x7fa518106840
2024-06-06T03:27:52.047 INFO:teuthology.orchestra.run.smithi040.stdout:/usr/bin/ceph: stderr
2024-06-06T03:27:50.982+0000 7fa50e7fc700 1 -- 172.21.15.40:0/1616978355 <== mon.0 v2:172.21.15.40:3300/0 2 ==== config(27 keys) ==== 1140+0+0 (secure 0 0 0) 0x7fa51401a910 con 0x7fa518106840
2024-06-06T03:27:52.047 INFO:teuthology.orchestra.run.smithi040.stdout:/usr/bin/ceph: stderr
2024-06-06T03:27:50.982+0000 7fa50e7fc700 1 -- 172.21.15.40:0/1616978355 <== mon.0 v2:172.21.15.40:3300/0 3 ==== mon_map magic: 0 ==== 205+0+0 (secure 0 0 0) 0x7fa514024930 con 0x7fa518106840
2024-06-06T03:27:52.047 INFO:teuthology.orchestra.run.smithi040.stdout:/usr/bin/ceph: stderr
2024-06-06T03:27:50.982+0000 7fa51f9d3700 1 -- 172.21.15.40:0/1616978355 --> [v2:172.21.15.40:3300/0,v1:172.21.15.40:6789/0] -- mon_subscribe({osdmap=0}) -- 0x7fa51819ecc0 con 0x7fa518106840
2024-06-06T03:27:52.047 INFO:teuthology.orchestra.run.smithi040.stdout:/usr/bin/ceph: stderr
2024-06-06T03:27:50.982+0000 7fa50e7fc700 1 -- 172.21.15.40:0/1616978355 <== mon.0 v2:172.21.15.40:3300/0 4 ==== mgrmap(e 12) ==== 46300+0+0 (secure 0 0 0) 0x7fa514022020 con 0x7fa518106840
2024-06-06T03:27:52.047 INFO:teuthology.orchestra.run.smithi040.stdout:/usr/bin/ceph: stderr
2024-06-06T03:27:50.983+0000 7fa50e7fc700 1 --2- 172.21.15.40:0/1616978355 >> [v2:172.21.15.40:6800/869712339,v1:172.21.15.40:6801/869712339] conn(0x7fa5040390a0 0x7fa50403b560 unknown :-1 s=NONE pgs=0 cs=0 l=1 rev1=0 crypto rx=0 tx=0 comp rx=0 tx=0).connect
2024-06-06T03:27:52.047 INFO:teuthology.orchestra.run.smithi040.stdout:/usr/bin/ceph: stderr
2024-06-06T03:27:50.983+0000 7fa50e7fc700 1 -- 172.21.15.40:0/1616978355 <== mon.0 v2:172.21.15.40:3300/0 5 ==== osd_map(3..3 src has 1..3) ==== 1155+0+0 (secure 0 0 0) 0x7fa51404d3b0 con 0x7fa518106840
2024-06-06T03:27:52.047 INFO:teuthology.orchestra.run.smithi040.stdout:/usr/bin/ceph: stderr
2024-06-06T03:27:50.983+0000 7fa51f9d3700 1 -- 172.21.15.40:0/1616978355 --> [v2:172.21.15.40:3300/0,v1:172.21.15.40:6789/0] -- mon_command({"prefix": "get_command_descriptions"} v 0) -- 0x7fa518063af0 con 0x7fa518106840
2024-06-06T03:27:52.048 INFO:teuthology.orchestra.run.smithi040.stdout:/usr/bin/ceph: stderr
2024-06-06T03:27:50.983+0000 7fa51cf6e700 1 --2- 172.21.15.40:0/1616978355 >> [v2:172.21.15.40:6800/869712339,v1:172.21.15.40:6801/869712339] conn(0x7fa5040390a0 0x7fa50403b560 unknown :-1 s=BANNER_CONNECTING pgs=0 cs=0 l=1 rev1=0 crypto rx=0 tx=0 comp rx=0 tx=0)._handle_peer_banner_payload supported=3 required=0
2024-06-06T03:27:52.048 INFO:teuthology.orchestra.run.smithi040.stdout:/usr/bin/ceph: stderr
2024-06-06T03:27:50.983+0000 7fa51cf6e700 1 --2- 172.21.15.40:0/1616978355 >> [v2:172.21.15.40:6800/869712339,v1:172.21.15.40:6801/869712339] conn(0x7fa5040390a0 0x7fa50403b560 secure :-1 s=READY pgs=8 cs=0 l=1 rev1=1 crypto rx=0x7fa508006fd0 tx=0x7fa508006e40 comp rx=0 tx=0).ready entity=mgr.14152 client_cookie=0 server_cookie=0 in_seq=0 out_seq=0
2024-06-06T03:27:52.048 INFO:teuthology.orchestra.run.smithi040.stdout:/usr/bin/ceph: stderr
2024-06-06T03:27:50.988+0000 7fa50e7fc700 1 -- 172.21.15.40:0/1616978355 <== mon.0 v2:172.21.15.40:3300/0 6 ==== mon_command_ack([{"prefix": "get_command_descriptions"}]=0 v0) ==== 72+0+186418 (secure 0 0 0) 0x7fa5140172b0 con 0x7fa518106840
2024-06-06T03:27:52.048 INFO:teuthology.orchestra.run.smithi040.stdout:/usr/bin/ceph: stderr
2024-06-06T03:27:51.215+0000 7fa51f9d3700 1 -- 172.21.15.40:0/1616978355 --> [v2:172.21.15.40:6800/869712339,v1:172.21.15.40:6801/869712339] -- mgr_command(tid 0: {"prefix": "dashboard ac-user-create", "username": "admin", "rolename": "administrator", "force_password": true, "pwd_update_required": true, "target": ["mon-mgr", ""]}) -- 0x7fa518197bc0 con 0x7fa5040390a0
2024-06-06T03:27:52.048 INFO:teuthology.orchestra.run.smithi040.stdout:/usr/bin/ceph: stderr
2024-06-06T03:27:51.463+0000 7fa50e7fc700 1 -- 172.21.15.40:0/1616978355 <== mgr.14152 v2:172.21.15.40:6800/869712339 1 ==== mgr_command_reply(tid 0: 0 ) ==== 8+0+252 (secure 0 0 0) 0x7fa518197bc0 con 0x7fa5040390a0
2024-06-06T03:27:52.048 INFO:teuthology.orchestra.run.smithi040.stdout:/usr/bin/ceph: stderr
2024-06-06T03:27:51.465+0000 7fa51f9d3700 1 -- 172.21.15.40:0/1616978355 >> [v2:172.21.15.40:6800/869712339,v1:172.21.15.40:6801/869712339] conn(0x7fa5040390a0 msgr2=0x7fa50403b560 secure :-1 s=STATE_CONNECTION_ESTABLISHED l=1).mark_down
2024-06-06T03:27:52.048 INFO:teuthology.orchestra.run.smithi040.stdout:/usr/bin/ceph: stderr
2024-06-06T03:27:51.465+0000 7fa51f9d3700 1 --2- 172.21.15.40:0/1616978355 >> [v2:172.21.15.40:6800/869712339,v1:172.21.15.40:6801/869712339] conn(0x7fa5040390a0 0x7fa50403b560 secure :-1 s=READY pgs=8 cs=0 l=1 rev1=1 crypto rx=0x7fa508006fd0 tx=0x7fa508006e40 comp rx=0 tx=0).stop
2024-06-06T03:27:52.048 INFO:teuthology.orchestra.run.smithi040.stdout:/usr/bin/ceph: stderr
2024-06-06T03:27:51.465+0000 7fa51f9d3700 1 -- 172.21.15.40:0/1616978355 >> [v2:172.21.15.40:3300/0,v1:172.21.15.40:6789/0] conn(0x7fa518106840 msgr2=0x7fa51819e090 secure :-1 s=STATE_CONNECTION_ESTABLISHED l=1).mark_down
2024-06-06T03:27:52.048 INFO:teuthology.orchestra.run.smithi040.stdout:/usr/bin/ceph: stderr
2024-06-06T03:27:51.465+0000 7fa51f9d3700 1 --2- 172.21.15.40:0/1616978355 >> [v2:172.21.15.40:3300/0,v1:172.21.15.40:6789/0] conn(0x7fa518106840 0x7fa51819e090 secure :-1 s=READY pgs=73 cs=0 l=1 rev1=1 crypto rx=0x7fa514011b60 tx=0x7fa514011c40 comp rx=0 tx=0).stop
2024-06-06T03:27:52.048 INFO:teuthology.orchestra.run.smithi040.stdout:/usr/bin/ceph: stderr
2024-06-06T03:27:51.465+0000 7fa51f9d3700 1 -- 172.21.15.40:0/1616978355 shutdown_connections
2024-06-06T03:27:52.048 INFO:teuthology.orchestra.run.smithi040.stdout:/usr/bin/ceph: stderr
2024-06-06T03:27:51.465+0000 7fa51f9d3700 1 --2- 172.21.15.40:0/1616978355 >> [v2:172.21.15.40:6800/869712339,v1:172.21.15.40:6801/869712339] conn(0x7fa5040390a0 0x7fa50403b560 unknown :-1 s=CLOSED pgs=8 cs=0 l=1 rev1=1 crypto rx=0 tx=0 comp rx=0 tx=0).stop
2024-06-06T03:27:52.048 INFO:teuthology.orchestra.run.smithi040.stdout:/usr/bin/ceph: stderr
2024-06-06T03:27:51.465+0000 7fa51f9d3700 1 --2- 172.21.15.40:0/1616978355 >> [v2:172.21.15.40:3300/0,v1:172.21.15.40:6789/0] conn(0x7fa518106840 0x7fa51819e090 unknown :-1 s=CLOSED pgs=73 cs=0 l=1 rev1=1 crypto rx=0 tx=0 comp rx=0 tx=0).stop
2024-06-06T03:27:52.048 INFO:teuthology.orchestra.run.smithi040.stdout:/usr/bin/ceph: stderr
2024-06-06T03:27:51.465+0000 7fa51f9d3700 1 -- 172.21.15.40:0/1616978355 >> 172.21.15.40:0/1616978355 conn(0x7fa518102440 msgr2=0x7fa518194d00 unknown :-1 s=STATE_NONE l=0).mark_down
2024-06-06T03:27:52.049 INFO:teuthology.orchestra.run.smithi040.stdout:/usr/bin/ceph: stderr
2024-06-06T03:27:51.465+0000 7fa51f9d3700 1 -- 172.21.15.40:0/1616978355 shutdown_connections
2024-06-06T03:27:52.049 INFO:teuthology.orchestra.run.smithi040.stdout:/usr/bin/ceph: stderr
2024-06-06T03:27:51.465+0000 7fa51f9d3700 1 -- 172.21.15.40:0/1616978355 wait complete.
2024-06-06T03:27:52.049 INFO:teuthology.orchestra.run.smithi040.stdout:Fetching dashboard port number...
2024-06-06T03:27:52.830 INFO:journalctl@ceph.mon.a.smithi040.stdout:Jun 06 03:27:52 smithi040 ceph-mon[32220]: from='client.? 172.21.15.40:0/2166120093' entity='client.admin' cmd=[{"prefix": "config get", "who": "mgr", "key": "mgr/dashboard/ssl_server_port"}]: dispatch
2024-06-06T03:27:54.034 INFO:teuthology.orchestra.run.smithi040.stdout:/usr/bin/ceph: stdout 8443
2024-06-06T03:27:54.034 INFO:teuthology.orchestra.run.smithi040.stdout:/usr/bin/ceph: stderr
2024-06-06T03:27:52.495+0000 7f5cf72f7700 1 Processor -- start
2024-06-06T03:27:54.034 INFO:teuthology.orchestra.run.smithi040.stdout:/usr/bin/ceph: stderr
2024-06-06T03:27:52.495+0000 7f5cf72f7700 1 -- start start
2024-06-06T03:27:54.034 INFO:teuthology.orchestra.run.smithi040.stdout:/usr/bin/ceph: stderr
2024-06-06T03:27:52.495+0000 7f5cf72f7700 1 --2- >> [v2:172.21.15.40:3300/0,v1:172.21.15.40:6789/0] conn(0x7f5cf0106e90 0x7f5cf01072b0 unknown :-1 s=NONE pgs=0 cs=0 l=0 rev1=0 crypto rx=0 tx=0 comp rx=0 tx=0).connect
2024-06-06T03:27:54.034 INFO:teuthology.orchestra.run.smithi040.stdout:/usr/bin/ceph: stderr
2024-06-06T03:27:52.495+0000 7f5cf72f7700 1 -- --> [v2:172.21.15.40:3300/0,v1:172.21.15.40:6789/0] -- mon_getmap magic: 0 -- 0x7f5cf01077f0 con 0x7f5cf0106e90
2024-06-06T03:27:54.034 INFO:teuthology.orchestra.run.smithi040.stdout:/usr/bin/ceph: stderr
2024-06-06T03:27:52.496+0000 7f5cf5093700 1 --2- >> [v2:172.21.15.40:3300/0,v1:172.21.15.40:6789/0] conn(0x7f5cf0106e90 0x7f5cf01072b0 unknown :-1 s=BANNER_CONNECTING pgs=0 cs=0 l=0 rev1=0 crypto rx=0 tx=0 comp rx=0 tx=0)._handle_peer_banner_payload supported=3 required=0
2024-06-06T03:27:54.035 INFO:teuthology.orchestra.run.smithi040.stdout:/usr/bin/ceph: stderr
2024-06-06T03:27:52.496+0000 7f5cf5093700 1 --2- >> [v2:172.21.15.40:3300/0,v1:172.21.15.40:6789/0] conn(0x7f5cf0106e90 0x7f5cf01072b0 unknown :-1 s=HELLO_CONNECTING pgs=0 cs=0 l=0 rev1=1 crypto rx=0 tx=0 comp rx=0 tx=0).handle_hello peer v2:172.21.15.40:3300/0 says I am v2:172.21.15.40:55358/0 (socket says 172.21.15.40:55358)
2024-06-06T03:27:54.035 INFO:teuthology.orchestra.run.smithi040.stdout:/usr/bin/ceph: stderr
2024-06-06T03:27:52.496+0000 7f5cf5093700 1 -- 172.21.15.40:0/925596574 learned_addr learned my addr 172.21.15.40:0/925596574 (peer_addr_for_me v2:172.21.15.40:0/0)
2024-06-06T03:27:54.035 INFO:teuthology.orchestra.run.smithi040.stdout:/usr/bin/ceph: stderr
2024-06-06T03:27:52.496+0000 7f5cf5093700 1 -- 172.21.15.40:0/925596574 --> [v2:172.21.15.40:3300/0,v1:172.21.15.40:6789/0] -- mon_subscribe({config=0+,monmap=0+}) -- 0x7f5cf0107fa0 con 0x7f5cf0106e90
2024-06-06T03:27:54.035 INFO:teuthology.orchestra.run.smithi040.stdout:/usr/bin/ceph: stderr
2024-06-06T03:27:52.496+0000 7f5cf5093700 1 --2- 172.21.15.40:0/925596574 >> [v2:172.21.15.40:3300/0,v1:172.21.15.40:6789/0] conn(0x7f5cf0106e90 0x7f5cf01072b0 secure :-1 s=READY pgs=74 cs=0 l=1 rev1=1 crypto rx=0x7f5cec0098a0 tx=0x7f5cec009bb0 comp rx=0 tx=0).ready entity=mon.0 client_cookie=3e2ef4a700c4f05b server_cookie=0 in_seq=0 out_seq=0
2024-06-06T03:27:54.035 INFO:teuthology.orchestra.run.smithi040.stdout:/usr/bin/ceph: stderr
2024-06-06T03:27:52.496+0000 7f5ce7fff700 1 -- 172.21.15.40:0/925596574 <== mon.0 v2:172.21.15.40:3300/0 1 ==== mon_map magic: 0 ==== 205+0+0 (secure 0 0 0) 0x7f5cec004160 con 0x7f5cf0106e90
2024-06-06T03:27:54.035 INFO:teuthology.orchestra.run.smithi040.stdout:/usr/bin/ceph: stderr
2024-06-06T03:27:52.497+0000 7f5ce7fff700 1 -- 172.21.15.40:0/925596574 <== mon.0 v2:172.21.15.40:3300/0 2 ==== config(27 keys) ==== 1140+0+0 (secure 0 0 0) 0x7f5cec004300 con 0x7f5cf0106e90
2024-06-06T03:27:54.035 INFO:teuthology.orchestra.run.smithi040.stdout:/usr/bin/ceph: stderr
2024-06-06T03:27:52.497+0000 7f5ce7fff700 1 -- 172.21.15.40:0/925596574 <== mon.0 v2:172.21.15.40:3300/0 3 ==== mon_map magic: 0 ==== 205+0+0 (secure 0 0 0) 0x7f5cec011b20 con 0x7f5cf0106e90
2024-06-06T03:27:54.035 INFO:teuthology.orchestra.run.smithi040.stdout:/usr/bin/ceph: stderr
2024-06-06T03:27:52.497+0000 7f5cf72f7700 1 -- 172.21.15.40:0/925596574 >> [v2:172.21.15.40:3300/0,v1:172.21.15.40:6789/0] conn(0x7f5cf0106e90 msgr2=0x7f5cf01072b0 secure :-1 s=STATE_CONNECTION_ESTABLISHED l=1).mark_down
2024-06-06T03:27:54.035 INFO:teuthology.orchestra.run.smithi040.stdout:/usr/bin/ceph: stderr
2024-06-06T03:27:52.497+0000 7f5cf72f7700 1 --2- 172.21.15.40:0/925596574 >> [v2:172.21.15.40:3300/0,v1:172.21.15.40:6789/0] conn(0x7f5cf0106e90 0x7f5cf01072b0 secure :-1 s=READY pgs=74 cs=0 l=1 rev1=1 crypto rx=0x7f5cec0098a0 tx=0x7f5cec009bb0 comp rx=0 tx=0).stop
2024-06-06T03:27:54.035 INFO:teuthology.orchestra.run.smithi040.stdout:/usr/bin/ceph: stderr
2024-06-06T03:27:52.497+0000 7f5cf72f7700 1 -- 172.21.15.40:0/925596574 shutdown_connections
2024-06-06T03:27:54.035 INFO:teuthology.orchestra.run.smithi040.stdout:/usr/bin/ceph: stderr
2024-06-06T03:27:52.497+0000 7f5cf72f7700 1 --2- 172.21.15.40:0/925596574 >> [v2:172.21.15.40:3300/0,v1:172.21.15.40:6789/0] conn(0x7f5cf0106e90 0x7f5cf01072b0 unknown :-1 s=CLOSED pgs=74 cs=0 l=1 rev1=1 crypto rx=0 tx=0 comp rx=0 tx=0).stop
2024-06-06T03:27:54.035 INFO:teuthology.orchestra.run.smithi040.stdout:/usr/bin/ceph: stderr
2024-06-06T03:27:52.497+0000 7f5cf72f7700 1 -- 172.21.15.40:0/925596574 >> 172.21.15.40:0/925596574 conn(0x7f5cf0102430 msgr2=0x7f5cf0104870 unknown :-1 s=STATE_NONE l=0).mark_down
2024-06-06T03:27:54.035 INFO:teuthology.orchestra.run.smithi040.stdout:/usr/bin/ceph: stderr
2024-06-06T03:27:52.497+0000 7f5cf72f7700 1 -- 172.21.15.40:0/925596574 shutdown_connections
2024-06-06T03:27:54.035 INFO:teuthology.orchestra.run.smithi040.stdout:/usr/bin/ceph: stderr
2024-06-06T03:27:52.497+0000 7f5cf72f7700 1 -- 172.21.15.40:0/925596574 wait complete.
2024-06-06T03:27:54.036 INFO:teuthology.orchestra.run.smithi040.stdout:/usr/bin/ceph: stderr
