2024-06-06T04:19:53.356 INFO:journalctl@ceph.mon.a.smithi045.stdout:Jun 06 04:19:53 smithi045 ceph-mon[32299]: from='client.14144 -' entity='client.admin' cmd=[{"prefix": "orch apply", "service_type": "mgr", "unmanaged": true, "target": ["mon-mgr", ""]}]: dispatch
2024-06-06T04:19:53.356 INFO:journalctl@ceph.mon.a.smithi045.stdout:Jun 06 04:19:53 smithi045 ceph-mon[32299]: Saving service mgr spec with placement count:2
2024-06-06T04:19:53.356 INFO:journalctl@ceph.mon.a.smithi045.stdout:Jun 06 04:19:53 smithi045 ceph-mon[32299]: from='mgr.14120 172.21.15.45:0/910569368' entity='mgr.x'
2024-06-06T04:19:54.446 INFO:journalctl@ceph.mon.a.smithi045.stdout:Jun 06 04:19:54 smithi045 ceph-mon[32299]: from='client.? 172.21.15.45:0/2900765356' entity='client.admin'
2024-06-06T04:19:54.446 INFO:journalctl@ceph.mon.a.smithi045.stdout:Jun 06 04:19:54 smithi045 ceph-mon[32299]: from='mgr.14120 172.21.15.45:0/910569368' entity='mgr.x'
2024-06-06T04:19:54.453 INFO:teuthology.orchestra.run.smithi045.stdout:/usr/bin/ceph: stderr
2024-06-06T04:19:53.119+0000 7f3622065700 1 Processor -- start
2024-06-06T04:19:54.453 INFO:teuthology.orchestra.run.smithi045.stdout:/usr/bin/ceph: stderr
2024-06-06T04:19:53.119+0000 7f3622065700 1 -- start start
2024-06-06T04:19:54.453 INFO:teuthology.orchestra.run.smithi045.stdout:/usr/bin/ceph: stderr
2024-06-06T04:19:53.119+0000 7f3622065700 1 --2- >> [v2:172.21.15.45:3300/0,v1:172.21.15.45:6789/0] conn(0x7f361c07de70 0x7f361c07c2d0 unknown :-1 s=NONE pgs=0 cs=0 l=0 rev1=0 crypto rx=0 tx=0 comp rx=0 tx=0).connect
2024-06-06T04:19:54.453 INFO:teuthology.orchestra.run.smithi045.stdout:/usr/bin/ceph: stderr
2024-06-06T04:19:53.119+0000 7f3622065700 1 -- --> [v2:172.21.15.45:3300/0,v1:172.21.15.45:6789/0] -- mon_getmap magic: 0 -- 0x7f361c07c8a0 con 0x7f361c07de70
2024-06-06T04:19:54.453 INFO:teuthology.orchestra.run.smithi045.stdout:/usr/bin/ceph: stderr
2024-06-06T04:19:53.120+0000 7f361b7fe700 1 --2- >> [v2:172.21.15.45:3300/0,v1:172.21.15.45:6789/0] conn(0x7f361c07de70 0x7f361c07c2d0 unknown :-1 s=BANNER_CONNECTING pgs=0 cs=0 l=0 rev1=0 crypto rx=0 tx=0 comp rx=0 tx=0)._handle_peer_banner_payload supported=3 required=0
2024-06-06T04:19:54.453 INFO:teuthology.orchestra.run.smithi045.stdout:/usr/bin/ceph: stderr
2024-06-06T04:19:53.120+0000 7f361b7fe700 1 --2- >> [v2:172.21.15.45:3300/0,v1:172.21.15.45:6789/0] conn(0x7f361c07de70 0x7f361c07c2d0 unknown :-1 s=HELLO_CONNECTING pgs=0 cs=0 l=0 rev1=1 crypto rx=0 tx=0 comp rx=0 tx=0).handle_hello peer v2:172.21.15.45:3300/0 says I am v2:172.21.15.45:45406/0 (socket says 172.21.15.45:45406)
2024-06-06T04:19:54.453 INFO:teuthology.orchestra.run.smithi045.stdout:/usr/bin/ceph: stderr
2024-06-06T04:19:53.120+0000 7f361b7fe700 1 -- 172.21.15.45:0/2216399432 learned_addr learned my addr 172.21.15.45:0/2216399432 (peer_addr_for_me v2:172.21.15.45:0/0)
2024-06-06T04:19:54.453 INFO:teuthology.orchestra.run.smithi045.stdout:/usr/bin/ceph: stderr
2024-06-06T04:19:53.120+0000 7f361b7fe700 1 -- 172.21.15.45:0/2216399432 --> [v2:172.21.15.45:3300/0,v1:172.21.15.45:6789/0] -- mon_subscribe({config=0+,monmap=0+}) -- 0x7f361c07ca20 con 0x7f361c07de70
2024-06-06T04:19:54.453 INFO:teuthology.orchestra.run.smithi045.stdout:/usr/bin/ceph: stderr
2024-06-06T04:19:53.120+0000 7f361b7fe700 1 --2- 172.21.15.45:0/2216399432 >> [v2:172.21.15.45:3300/0,v1:172.21.15.45:6789/0] conn(0x7f361c07de70 0x7f361c07c2d0 secure :-1 s=READY pgs=51 cs=0 l=1 rev1=1 crypto rx=0x7f360c0098a0 tx=0x7f360c009bb0 comp rx=0 tx=0).ready entity=mon.0 client_cookie=ba4a110640220ba8 server_cookie=0 in_seq=0 out_seq=0
2024-06-06T04:19:54.453 INFO:teuthology.orchestra.run.smithi045.stdout:/usr/bin/ceph: stderr
2024-06-06T04:19:53.120+0000 7f361a7fc700 1 -- 172.21.15.45:0/2216399432 <== mon.0 v2:172.21.15.45:3300/0 1 ==== mon_map magic: 0 ==== 205+0+0 (secure 0 0 0) 0x7f360c004160 con 0x7f361c07de70
2024-06-06T04:19:54.453 INFO:teuthology.orchestra.run.smithi045.stdout:/usr/bin/ceph: stderr
2024-06-06T04:19:53.120+0000 7f361a7fc700 1 -- 172.21.15.45:0/2216399432 <== mon.0 v2:172.21.15.45:3300/0 2 ==== config(26 keys) ==== 1102+0+0 (secure 0 0 0) 0x7f360c004300 con 0x7f361c07de70
2024-06-06T04:19:54.453 INFO:teuthology.orchestra.run.smithi045.stdout:/usr/bin/ceph: stderr
2024-06-06T04:19:53.120+0000 7f361a7fc700 1 -- 172.21.15.45:0/2216399432 <== mon.0 v2:172.21.15.45:3300/0 3 ==== mon_map magic: 0 ==== 205+0+0 (secure 0 0 0) 0x7f360c011a50 con 0x7f361c07de70
2024-06-06T04:19:54.454 INFO:teuthology.orchestra.run.smithi045.stdout:/usr/bin/ceph: stderr
2024-06-06T04:19:53.121+0000 7f3622065700 1 -- 172.21.15.45:0/2216399432 >> [v2:172.21.15.45:3300/0,v1:172.21.15.45:6789/0] conn(0x7f361c07de70 msgr2=0x7f361c07c2d0 secure :-1 s=STATE_CONNECTION_ESTABLISHED l=1).mark_down
2024-06-06T04:19:54.454 INFO:teuthology.orchestra.run.smithi045.stdout:/usr/bin/ceph: stderr
2024-06-06T04:19:53.121+0000 7f3622065700 1 --2- 172.21.15.45:0/2216399432 >> [v2:172.21.15.45:3300/0,v1:172.21.15.45:6789/0] conn(0x7f361c07de70 0x7f361c07c2d0 secure :-1 s=READY pgs=51 cs=0 l=1 rev1=1 crypto rx=0x7f360c0098a0 tx=0x7f360c009bb0 comp rx=0 tx=0).stop
2024-06-06T04:19:54.454 INFO:teuthology.orchestra.run.smithi045.stdout:/usr/bin/ceph: stderr
2024-06-06T04:19:53.121+0000 7f3622065700 1 -- 172.21.15.45:0/2216399432 shutdown_connections
2024-06-06T04:19:54.454 INFO:teuthology.orchestra.run.smithi045.stdout:/usr/bin/ceph: stderr
2024-06-06T04:19:53.121+0000 7f3622065700 1 --2- 172.21.15.45:0/2216399432 >> [v2:172.21.15.45:3300/0,v1:172.21.15.45:6789/0] conn(0x7f361c07de70 0x7f361c07c2d0 unknown :-1 s=CLOSED pgs=51 cs=0 l=1 rev1=1 crypto rx=0 tx=0 comp rx=0 tx=0).stop
2024-06-06T04:19:54.454 INFO:teuthology.orchestra.run.smithi045.stdout:/usr/bin/ceph: stderr
2024-06-06T04:19:53.121+0000 7f3622065700 1 -- 172.21.15.45:0/2216399432 >> 172.21.15.45:0/2216399432 conn(0x7f361c103320 msgr2=0x7f361c105740 unknown :-1 s=STATE_NONE l=0).mark_down
2024-06-06T04:19:54.454 INFO:teuthology.orchestra.run.smithi045.stdout:/usr/bin/ceph: stderr
2024-06-06T04:19:53.121+0000 7f3622065700 1 -- 172.21.15.45:0/2216399432 shutdown_connections
2024-06-06T04:19:54.454 INFO:teuthology.orchestra.run.smithi045.stdout:/usr/bin/ceph: stderr
2024-06-06T04:19:53.121+0000 7f3622065700 1 -- 172.21.15.45:0/2216399432 wait complete.
2024-06-06T04:19:54.454 INFO:teuthology.orchestra.run.smithi045.stdout:/usr/bin/ceph: stderr
2024-06-06T04:19:53.122+0000 7f3622065700 1 Processor -- start
2024-06-06T04:19:54.454 INFO:teuthology.orchestra.run.smithi045.stdout:/usr/bin/ceph: stderr
2024-06-06T04:19:53.122+0000 7f3622065700 1 -- start start
2024-06-06T04:19:54.454 INFO:teuthology.orchestra.run.smithi045.stdout:/usr/bin/ceph: stderr
2024-06-06T04:19:53.122+0000 7f3622065700 1 --2- >> [v2:172.21.15.45:3300/0,v1:172.21.15.45:6789/0] conn(0x7f361c07de70 0x7f361c19de50 unknown :-1 s=NONE pgs=0 cs=0 l=1 rev1=0 crypto rx=0 tx=0 comp rx=0 tx=0).connect
2024-06-06T04:19:54.454 INFO:teuthology.orchestra.run.smithi045.stdout:/usr/bin/ceph: stderr
2024-06-06T04:19:53.122+0000 7f3622065700 1 -- --> [v2:172.21.15.45:3300/0,v1:172.21.15.45:6789/0] -- mon_getmap magic: 0 -- 0x7f361c10e380 con 0x7f361c07de70
2024-06-06T04:19:54.454 INFO:teuthology.orchestra.run.smithi045.stdout:/usr/bin/ceph: stderr
2024-06-06T04:19:53.123+0000 7f361b7fe700 1 --2- >> [v2:172.21.15.45:3300/0,v1:172.21.15.45:6789/0] conn(0x7f361c07de70 0x7f361c19de50 unknown :-1 s=BANNER_CONNECTING pgs=0 cs=0 l=1 rev1=0 crypto rx=0 tx=0 comp rx=0 tx=0)._handle_peer_banner_payload supported=3 required=0
2024-06-06T04:19:54.454 INFO:teuthology.orchestra.run.smithi045.stdout:/usr/bin/ceph: stderr
2024-06-06T04:19:53.123+0000 7f361b7fe700 1 --2- >> [v2:172.21.15.45:3300/0,v1:172.21.15.45:6789/0] conn(0x7f361c07de70 0x7f361c19de50 unknown :-1 s=HELLO_CONNECTING pgs=0 cs=0 l=1 rev1=1 crypto rx=0 tx=0 comp rx=0 tx=0).handle_hello peer v2:172.21.15.45:3300/0 says I am v2:172.21.15.45:45408/0 (socket says 172.21.15.45:45408)
2024-06-06T04:19:54.455 INFO:teuthology.orchestra.run.smithi045.stdout:/usr/bin/ceph: stderr
2024-06-06T04:19:53.123+0000 7f361b7fe700 1 -- 172.21.15.45:0/2900765356 learned_addr learned my addr 172.21.15.45:0/2900765356 (peer_addr_for_me v2:172.21.15.45:0/0)
2024-06-06T04:19:54.455 INFO:teuthology.orchestra.run.smithi045.stdout:/usr/bin/ceph: stderr
2024-06-06T04:19:53.123+0000 7f361b7fe700 1 -- 172.21.15.45:0/2900765356 --> [v2:172.21.15.45:3300/0,v1:172.21.15.45:6789/0] -- mon_subscribe({config=0+,monmap=0+}) -- 0x7f361c19e390 con 0x7f361c07de70
2024-06-06T04:19:54.455 INFO:teuthology.orchestra.run.smithi045.stdout:/usr/bin/ceph: stderr
2024-06-06T04:19:53.123+0000 7f361b7fe700 1 --2- 172.21.15.45:0/2900765356 >> [v2:172.21.15.45:3300/0,v1:172.21.15.45:6789/0] conn(0x7f361c07de70 0x7f361c19de50 secure :-1 s=READY pgs=52 cs=0 l=1 rev1=1 crypto rx=0x7f360c011a20 tx=0x7f360c011b00 comp rx=0 tx=0).ready entity=mon.0 client_cookie=0 server_cookie=0 in_seq=0 out_seq=0
2024-06-06T04:19:54.455 INFO:teuthology.orchestra.run.smithi045.stdout:/usr/bin/ceph: stderr
2024-06-06T04:19:53.123+0000 7f3618ff9700 1 -- 172.21.15.45:0/2900765356 <== mon.0 v2:172.21.15.45:3300/0 1 ==== mon_map magic: 0 ==== 205+0+0 (secure 0 0 0) 0x7f360c0039c0 con 0x7f361c07de70
2024-06-06T04:19:54.455 INFO:teuthology.orchestra.run.smithi045.stdout:/usr/bin/ceph: stderr
2024-06-06T04:19:53.123+0000 7f3622065700 1 -- 172.21.15.45:0/2900765356 --> [v2:172.21.15.45:3300/0,v1:172.21.15.45:6789/0] -- mon_subscribe({mgrmap=0+}) -- 0x7f361c19e620 con 0x7f361c07de70
2024-06-06T04:19:54.455 INFO:teuthology.orchestra.run.smithi045.stdout:/usr/bin/ceph: stderr
2024-06-06T04:19:53.124+0000 7f3622065700 1 -- 172.21.15.45:0/2900765356 --> [v2:172.21.15.45:3300/0,v1:172.21.15.45:6789/0] -- mon_subscribe({osdmap=0}) -- 0x7f361c1a1310 con 0x7f361c07de70
2024-06-06T04:19:54.455 INFO:teuthology.orchestra.run.smithi045.stdout:/usr/bin/ceph: stderr
2024-06-06T04:19:53.124+0000 7f3618ff9700 1 -- 172.21.15.45:0/2900765356 <== mon.0 v2:172.21.15.45:3300/0 2 ==== config(26 keys) ==== 1102+0+0 (secure 0 0 0) 0x7f360c003b60 con 0x7f361c07de70
2024-06-06T04:19:54.455 INFO:teuthology.orchestra.run.smithi045.stdout:/usr/bin/ceph: stderr
2024-06-06T04:19:53.125+0000 7f3618ff9700 1 -- 172.21.15.45:0/2900765356 <== mon.0 v2:172.21.15.45:3300/0 3 ==== mon_map magic: 0 ==== 205+0+0 (secure 0 0 0) 0x7f360c01a720 con 0x7f361c07de70
2024-06-06T04:19:54.455 INFO:teuthology.orchestra.run.smithi045.stdout:/usr/bin/ceph: stderr
2024-06-06T04:19:53.125+0000 7f3618ff9700 1 -- 172.21.15.45:0/2900765356 <== mon.0 v2:172.21.15.45:3300/0 4 ==== mgrmap(e 8) ==== 46287+0+0 (secure 0 0 0) 0x7f360c01a980 con 0x7f361c07de70
2024-06-06T04:19:54.455 INFO:teuthology.orchestra.run.smithi045.stdout:/usr/bin/ceph: stderr
2024-06-06T04:19:53.125+0000 7f3622065700 1 -- 172.21.15.45:0/2900765356 --> [v2:172.21.15.45:3300/0,v1:172.21.15.45:6789/0] -- mon_command({"prefix": "get_command_descriptions"} v 0) -- 0x7f361c063af0 con 0x7f361c07de70
2024-06-06T04:19:54.455 INFO:teuthology.orchestra.run.smithi045.stdout:/usr/bin/ceph: stderr
2024-06-06T04:19:53.125+0000 7f3618ff9700 1 --2- 172.21.15.45:0/2900765356 >> [v2:172.21.15.45:6800/3465796147,v1:172.21.15.45:6801/3465796147] conn(0x7f3604038cb0 0x7f360403b170 unknown :-1 s=NONE pgs=0 cs=0 l=1 rev1=0 crypto rx=0 tx=0 comp rx=0 tx=0).connect
2024-06-06T04:19:54.455 INFO:teuthology.orchestra.run.smithi045.stdout:/usr/bin/ceph: stderr
2024-06-06T04:19:53.125+0000 7f3618ff9700 1 -- 172.21.15.45:0/2900765356 <== mon.0 v2:172.21.15.45:3300/0 5 ==== osd_map(2..2 src has 1..2) ==== 940+0+0 (secure 0 0 0) 0x7f360c04d780 con 0x7f361c07de70
2024-06-06T04:19:54.455 INFO:teuthology.orchestra.run.smithi045.stdout:/usr/bin/ceph: stderr
2024-06-06T04:19:53.125+0000 7f361affd700 1 --2- 172.21.15.45:0/2900765356 >> [v2:172.21.15.45:6800/3465796147,v1:172.21.15.45:6801/3465796147] conn(0x7f3604038cb0 0x7f360403b170 unknown :-1 s=BANNER_CONNECTING pgs=0 cs=0 l=1 rev1=0 crypto rx=0 tx=0 comp rx=0 tx=0)._handle_peer_banner_payload supported=3 required=0
2024-06-06T04:19:54.456 INFO:teuthology.orchestra.run.smithi045.stdout:/usr/bin/ceph: stderr
2024-06-06T04:19:53.126+0000 7f361affd700 1 --2- 172.21.15.45:0/2900765356 >> [v2:172.21.15.45:6800/3465796147,v1:172.21.15.45:6801/3465796147] conn(0x7f3604038cb0 0x7f360403b170 secure :-1 s=READY pgs=14 cs=0 l=1 rev1=1 crypto rx=0x7f3610006fd0 tx=0x7f3610006e40 comp rx=0 tx=0).ready entity=mgr.14120 client_cookie=0 server_cookie=0 in_seq=0 out_seq=0
2024-06-06T04:19:54.456 INFO:teuthology.orchestra.run.smithi045.stdout:/usr/bin/ceph: stderr
2024-06-06T04:19:53.130+0000 7f3618ff9700 1 -- 172.21.15.45:0/2900765356 <== mon.0 v2:172.21.15.45:3300/0 6 ==== mon_command_ack([{"prefix": "get_command_descriptions"}]=0 v0) ==== 72+0+186418 (secure 0 0 0) 0x7f360c019c70 con 0x7f361c07de70
2024-06-06T04:19:54.456 INFO:teuthology.orchestra.run.smithi045.stdout:/usr/bin/ceph: stderr
2024-06-06T04:19:53.355+0000 7f3622065700 1 -- 172.21.15.45:0/2900765356 --> [v2:172.21.15.45:3300/0,v1:172.21.15.45:6789/0] -- mon_command([{prefix=config set, name=mgr/cephadm/container_init}] v 0) -- 0x7f361c1a1870 con 0x7f361c07de70
2024-06-06T04:19:54.456 INFO:teuthology.orchestra.run.smithi045.stdout:/usr/bin/ceph: stderr
2024-06-06T04:19:53.357+0000 7f3618ff9700 1 -- 172.21.15.45:0/2900765356 <== mon.0 v2:172.21.15.45:3300/0 7 ==== mon_command_ack([{prefix=config set, name=mgr/cephadm/container_init}]=0 v7)=0 v7) ==== 142+0+0 (secure 0 0 0) 0x7f360c00ba30 con 0x7f361c07de70
2024-06-06T04:19:54.456 INFO:teuthology.orchestra.run.smithi045.stdout:/usr/bin/ceph: stderr
2024-06-06T04:19:53.360+0000 7f3622065700 1 -- 172.21.15.45:0/2900765356 >> [v2:172.21.15.45:6800/3465796147,v1:172.21.15.45:6801/3465796147] conn(0x7f3604038cb0 msgr2=0x7f360403b170 secure :-1 s=STATE_CONNECTION_ESTABLISHED l=1).mark_down
2024-06-06T04:19:54.456 INFO:teuthology.orchestra.run.smithi045.stdout:/usr/bin/ceph: stderr
2024-06-06T04:19:53.360+0000 7f3622065700 1 --2- 172.21.15.45:0/2900765356 >> [v2:172.21.15.45:6800/3465796147,v1:172.21.15.45:6801/3465796147] conn(0x7f3604038cb0 0x7f360403b170 secure :-1 s=READY pgs=14 cs=0 l=1 rev1=1 crypto rx=0x7f3610006fd0 tx=0x7f3610006e40 comp rx=0 tx=0).stop
2024-06-06T04:19:54.456 INFO:teuthology.orchestra.run.smithi045.stdout:/usr/bin/ceph: stderr
2024-06-06T04:19:53.360+0000 7f3622065700 1 -- 172.21.15.45:0/2900765356 >> [v2:172.21.15.45:3300/0,v1:172.21.15.45:6789/0] conn(0x7f361c07de70 msgr2=0x7f361c19de50 secure :-1 s=STATE_CONNECTION_ESTABLISHED l=1).mark_down
2024-06-06T04:19:54.456 INFO:teuthology.orchestra.run.smithi045.stdout:/usr/bin/ceph: stderr
2024-06-06T04:19:53.360+0000 7f3622065700 1 --2- 172.21.15.45:0/2900765356 >> [v2:172.21.15.45:3300/0,v1:172.21.15.45:6789/0] conn(0x7f361c07de70 0x7f361c19de50 secure :-1 s=READY pgs=52 cs=0 l=1 rev1=1 crypto rx=0x7f360c011a20 tx=0x7f360c011b00 comp rx=0 tx=0).stop
2024-06-06T04:19:54.456 INFO:teuthology.orchestra.run.smithi045.stdout:/usr/bin/ceph: stderr
2024-06-06T04:19:53.360+0000 7f3622065700 1 -- 172.21.15.45:0/2900765356 shutdown_connections
2024-06-06T04:19:54.456 INFO:teuthology.orchestra.run.smithi045.stdout:/usr/bin/ceph: stderr
2024-06-06T04:19:53.360+0000 7f3622065700 1 --2- 172.21.15.45:0/2900765356 >> [v2:172.21.15.45:6800/3465796147,v1:172.21.15.45:6801/3465796147] conn(0x7f3604038cb0 0x7f360403b170 unknown :-1 s=CLOSED pgs=14 cs=0 l=1 rev1=1 crypto rx=0 tx=0 comp rx=0 tx=0).stop
2024-06-06T04:19:54.456 INFO:teuthology.orchestra.run.smithi045.stdout:/usr/bin/ceph: stderr
2024-06-06T04:19:53.360+0000 7f3622065700 1 --2- 172.21.15.45:0/2900765356 >> [v2:172.21.15.45:3300/0,v1:172.21.15.45:6789/0] conn(0x7f361c07de70 0x7f361c19de50 unknown :-1 s=CLOSED pgs=52 cs=0 l=1 rev1=1 crypto rx=0 tx=0 comp rx=0 tx=0).stop
2024-06-06T04:19:54.456 INFO:teuthology.orchestra.run.smithi045.stdout:/usr/bin/ceph: stderr
2024-06-06T04:19:53.360+0000 7f3622065700 1 -- 172.21.15.45:0/2900765356 >> 172.21.15.45:0/2900765356 conn(0x7f361c103320 msgr2=0x7f361c103e00 unknown :-1 s=STATE_NONE l=0).mark_down
2024-06-06T04:19:54.456 INFO:teuthology.orchestra.run.smithi045.stdout:/usr/bin/ceph: stderr
2024-06-06T04:19:53.360+0000 7f3622065700 1 -- 172.21.15.45:0/2900765356 shutdown_connections
2024-06-06T04:19:54.456 INFO:teuthology.orchestra.run.smithi045.stdout:/usr/bin/ceph: stderr
2024-06-06T04:19:53.360+0000 7f3622065700 1 -- 172.21.15.45:0/2900765356 wait complete.
2024-06-06T04:19:55.735 INFO:teuthology.orchestra.run.smithi045.stdout:/usr/bin/ceph: stderr
2024-06-06T04:19:54.876+0000 7f4f1de9f700 1 Processor -- start
2024-06-06T04:19:55.735 INFO:teuthology.orchestra.run.smithi045.stdout:/usr/bin/ceph: stderr
2024-06-06T04:19:54.876+0000 7f4f1de9f700 1 -- start start
2024-06-06T04:19:55.735 INFO:teuthology.orchestra.run.smithi045.stdout:/usr/bin/ceph: stderr
2024-06-06T04:19:54.876+0000 7f4f1de9f700 1 --2- >> [v2:172.21.15.45:3300/0,v1:172.21.15.45:6789/0] conn(0x7f4f18108840 0x7f4f1810ac30 unknown :-1 s=NONE pgs=0 cs=0 l=0 rev1=0 crypto rx=0 tx=0 comp rx=0 tx=0).connect
2024-06-06T04:19:55.735 INFO:teuthology.orchestra.run.smithi045.stdout:/usr/bin/ceph: stderr
2024-06-06T04:19:54.876+0000 7f4f1de9f700 1 -- --> [v2:172.21.15.45:3300/0,v1:172.21.15.45:6789/0] -- mon_getmap magic: 0 -- 0x7f4f1807be20 con 0x7f4f18108840
2024-06-06T04:19:55.736 INFO:teuthology.orchestra.run.smithi045.stdout:/usr/bin/ceph: stderr
2024-06-06T04:19:54.876+0000 7f4f177fe700 1 --2- >> [v2:172.21.15.45:3300/0,v1:172.21.15.45:6789/0] conn(0x7f4f18108840 0x7f4f1810ac30 unknown :-1 s=BANNER_CONNECTING pgs=0 cs=0 l=0 rev1=0 crypto rx=0 tx=0 comp rx=0 tx=0)._handle_peer_banner_payload supported=3 required=0
2024-06-06T04:19:55.736 INFO:teuthology.orchestra.run.smithi045.stdout:/usr/bin/ceph: stderr
2024-06-06T04:19:54.876+0000 7f4f177fe700 1 --2- >> [v2:172.21.15.45:3300/0,v1:172.21.15.45:6789/0] conn(0x7f4f18108840 0x7f4f1810ac30 unknown :-1 s=HELLO_CONNECTING pgs=0 cs=0 l=0 rev1=1 crypto rx=0 tx=0 comp rx=0 tx=0).handle_hello peer v2:172.21.15.45:3300/0 says I am v2:172.21.15.45:45422/0 (socket says 172.21.15.45:45422)
2024-06-06T04:19:55.736 INFO:teuthology.orchestra.run.smithi045.stdout:/usr/bin/ceph: stderr
2024-06-06T04:19:54.876+0000 7f4f177fe700 1 -- 172.21.15.45:0/3354335988 learned_addr learned my addr 172.21.15.45:0/3354335988 (peer_addr_for_me v2:172.21.15.45:0/0)
2024-06-06T04:19:55.736 INFO:teuthology.orchestra.run.smithi045.stdout:/usr/bin/ceph: stderr
2024-06-06T04:19:54.877+0000 7f4f177fe700 1 -- 172.21.15.45:0/3354335988 --> [v2:172.21.15.45:3300/0,v1:172.21.15.45:6789/0] -- mon_subscribe({config=0+,monmap=0+}) -- 0x7f4f1810b170 con 0x7f4f18108840
2024-06-06T04:19:55.736 INFO:teuthology.orchestra.run.smithi045.stdout:/usr/bin/ceph: stderr
2024-06-06T04:19:54.877+0000 7f4f177fe700 1 --2- 172.21.15.45:0/3354335988 >> [v2:172.21.15.45:3300/0,v1:172.21.15.45:6789/0] conn(0x7f4f18108840 0x7f4f1810ac30 secure :-1 s=READY pgs=53 cs=0 l=1 rev1=1 crypto rx=0x7f4f0800f960 tx=0x7f4f0800fc70 comp rx=0 tx=0).ready entity=mon.0 client_cookie=e45b602ec4a55550 server_cookie=0 in_seq=0 out_seq=0
2024-06-06T04:19:55.736 INFO:teuthology.orchestra.run.smithi045.stdout:/usr/bin/ceph: stderr
2024-06-06T04:19:54.877+0000 7f4f167fc700 1 -- 172.21.15.45:0/3354335988 <== mon.0 v2:172.21.15.45:3300/0 1 ==== mon_map magic: 0 ==== 205+0+0 (secure 0 0 0) 0x7f4f0801c070 con 0x7f4f18108840
2024-06-06T04:19:55.736 INFO:teuthology.orchestra.run.smithi045.stdout:/usr/bin/ceph: stderr
2024-06-06T04:19:54.877+0000 7f4f167fc700 1 -- 172.21.15.45:0/3354335988 <== mon.0 v2:172.21.15.45:3300/0 2 ==== config(26 keys) ==== 1102+0+0 (secure 0 0 0) 0x7f4f08004030 con 0x7f4f18108840
2024-06-06T04:19:55.736 INFO:teuthology.orchestra.run.smithi045.stdout:/usr/bin/ceph: stderr
2024-06-06T04:19:54.877+0000 7f4f167fc700 1 -- 172.21.15.45:0/3354335988 <== mon.0 v2:172.21.15.45:3300/0 3 ==== mon_map magic: 0 ==== 205+0+0 (secure 0 0 0) 0x7f4f08003c00 con 0x7f4f18108840
2024-06-06T04:19:55.736 INFO:teuthology.orchestra.run.smithi045.stdout:/usr/bin/ceph: stderr
2024-06-06T04:19:54.878+0000 7f4f1de9f700 1 -- 172.21.15.45:0/3354335988 >> [v2:172.21.15.45:3300/0,v1:172.21.15.45:6789/0] conn(0x7f4f18108840 msgr2=0x7f4f1810ac30 secure :-1 s=STATE_CONNECTION_ESTABLISHED l=1).mark_down
2024-06-06T04:19:55.736 INFO:teuthology.orchestra.run.smithi045.stdout:/usr/bin/ceph: stderr
2024-06-06T04:19:54.878+0000 7f4f1de9f700 1 --2- 172.21.15.45:0/3354335988 >> [v2:172.21.15.45:3300/0,v1:172.21.15.45:6789/0] conn(0x7f4f18108840 0x7f4f1810ac30 secure :-1 s=READY pgs=53 cs=0 l=1 rev1=1 crypto rx=0x7f4f0800f960 tx=0x7f4f0800fc70 comp rx=0 tx=0).stop
2024-06-06T04:19:55.736 INFO:teuthology.orchestra.run.smithi045.stdout:/usr/bin/ceph: stderr
2024-06-06T04:19:54.878+0000 7f4f1de9f700 1 -- 172.21.15.45:0/3354335988 shutdown_connections
2024-06-06T04:19:55.736 INFO:teuthology.orchestra.run.smithi045.stdout:/usr/bin/ceph: stderr
2024-06-06T04:19:54.878+0000 7f4f1de9f700 1 --2- 172.21.15.45:0/3354335988 >> [v2:172.21.15.45:3300/0,v1:172.21.15.45:6789/0] conn(0x7f4f18108840 0x7f4f1810ac30 unknown :-1 s=CLOSED pgs=53 cs=0 l=1 rev1=1 crypto rx=0 tx=0 comp rx=0 tx=0).stop
2024-06-06T04:19:55.736 INFO:teuthology.orchestra.run.smithi045.stdout:/usr/bin/ceph: stderr
2024-06-06T04:19:54.878+0000 7f4f1de9f700 1 -- 172.21.15.45:0/3354335988 >> 172.21.15.45:0/3354335988 conn(0x7f4f181021f0 msgr2=0x7f4f18104630 unknown :-1 s=STATE_NONE l=0).mark_down
2024-06-06T04:19:55.737 INFO:teuthology.orchestra.run.smithi045.stdout:/usr/bin/ceph: stderr
2024-06-06T04:19:54.878+0000 7f4f1de9f700 1 -- 172.21.15.45:0/3354335988 shutdown_connections
2024-06-06T04:19:55.737 INFO:teuthology.orchestra.run.smithi045.stdout:/usr/bin/ceph: stderr
2024-06-06T04:19:54.878+0000 7f4f1de9f700 1 -- 172.21.15.45:0/3354335988 wait complete.
2024-06-06T04:19:55.737 INFO:teuthology.orchestra.run.smithi045.stdout:/usr/bin/ceph: stderr
2024-06-06T04:19:54.879+0000 7f4f1de9f700 1 Processor -- start
2024-06-06T04:19:55.737 INFO:teuthology.orchestra.run.smithi045.stdout:/usr/bin/ceph: stderr
2024-06-06T04:19:54.879+0000 7f4f1de9f700 1 -- start start
2024-06-06T04:19:55.737 INFO:teuthology.orchestra.run.smithi045.stdout:/usr/bin/ceph: stderr
2024-06-06T04:19:54.879+0000 7f4f1de9f700 1 --2- >> [v2:172.21.15.45:3300/0,v1:172.21.15.45:6789/0] conn(0x7f4f18108840 0x7f4f18199a40 unknown :-1 s=NONE pgs=0 cs=0 l=1 rev1=0 crypto rx=0 tx=0 comp rx=0 tx=0).connect
2024-06-06T04:19:55.737 INFO:teuthology.orchestra.run.smithi045.stdout:/usr/bin/ceph: stderr
2024-06-06T04:19:54.879+0000 7f4f1de9f700 1 -- --> [v2:172.21.15.45:3300/0,v1:172.21.15.45:6789/0] -- mon_getmap magic: 0 -- 0x7f4f18107400 con 0x7f4f18108840
2024-06-06T04:19:55.737 INFO:teuthology.orchestra.run.smithi045.stdout:/usr/bin/ceph: stderr
2024-06-06T04:19:54.879+0000 7f4f177fe700 1 --2- >> [v2:172.21.15.45:3300/0,v1:172.21.15.45:6789/0] conn(0x7f4f18108840 0x7f4f18199a40 unknown :-1 s=BANNER_CONNECTING pgs=0 cs=0 l=1 rev1=0 crypto rx=0 tx=0 comp rx=0 tx=0)._handle_peer_banner_payload supported=3 required=0
2024-06-06T04:19:55.737 INFO:teuthology.orchestra.run.smithi045.stdout:/usr/bin/ceph: stderr
2024-06-06T04:19:54.879+0000 7f4f177fe700 1 --2- >> [v2:172.21.15.45:3300/0,v1:172.21.15.45:6789/0] conn(0x7f4f18108840 0x7f4f18199a40 unknown :-1 s=HELLO_CONNECTING pgs=0 cs=0 l=1 rev1=1 crypto rx=0 tx=0 comp rx=0 tx=0).handle_hello peer v2:172.21.15.45:3300/0 says I am v2:172.21.15.45:45426/0 (socket says 172.21.15.45:45426)
2024-06-06T04:19:55.737 INFO:teuthology.orchestra.run.smithi045.stdout:/usr/bin/ceph: stderr
2024-06-06T04:19:54.879+0000 7f4f177fe700 1 -- 172.21.15.45:0/3594668278 learned_addr learned my addr 172.21.15.45:0/3594668278 (peer_addr_for_me v2:172.21.15.45:0/0)
2024-06-06T04:19:55.737 INFO:teuthology.orchestra.run.smithi045.stdout:/usr/bin/ceph: stderr
2024-06-06T04:19:54.879+0000 7f4f177fe700 1 -- 172.21.15.45:0/3594668278 --> [v2:172.21.15.45:3300/0,v1:172.21.15.45:6789/0] -- mon_subscribe({config=0+,monmap=0+}) -- 0x7f4f18199f80 con 0x7f4f18108840
2024-06-06T04:19:55.737 INFO:teuthology.orchestra.run.smithi045.stdout:/usr/bin/ceph: stderr
2024-06-06T04:19:54.880+0000 7f4f177fe700 1 --2- 172.21.15.45:0/3594668278 >> [v2:172.21.15.45:3300/0,v1:172.21.15.45:6789/0] conn(0x7f4f18108840 0x7f4f18199a40 secure :-1 s=READY pgs=54 cs=0 l=1 rev1=1 crypto rx=0x7f4f0800f5e0 tx=0x7f4f080044c0 comp rx=0 tx=0).ready entity=mon.0 client_cookie=0 server_cookie=0 in_seq=0 out_seq=0
2024-06-06T04:19:55.737 INFO:teuthology.orchestra.run.smithi045.stdout:/usr/bin/ceph: stderr
2024-06-06T04:19:54.880+0000 7f4f14ff9700 1 -- 172.21.15.45:0/3594668278 <== mon.0 v2:172.21.15.45:3300/0 1 ==== mon_map magic: 0 ==== 205+0+0 (secure 0 0 0) 0x7f4f0801c040 con 0x7f4f18108840
2024-06-06T04:19:55.737 INFO:teuthology.orchestra.run.smithi045.stdout:/usr/bin/ceph: stderr
2024-06-06T04:19:54.880+0000 7f4f1de9f700 1 -- 172.21.15.45:0/3594668278 --> [v2:172.21.15.45:3300/0,v1:172.21.15.45:6789/0] -- mon_subscribe({mgrmap=0+}) -- 0x7f4f1819a210 con 0x7f4f18108840
2024-06-06T04:19:55.737 INFO:teuthology.orchestra.run.smithi045.stdout:/usr/bin/ceph: stderr
2024-06-06T04:19:54.880+0000 7f4f14ff9700 1 -- 172.21.15.45:0/3594668278 <== mon.0 v2:172.21.15.45:3300/0 2 ==== config(26 keys) ==== 1102+0+0 (secure 0 0 0) 0x7f4f08025070 con 0x7f4f18108840
2024-06-06T04:19:55.738 INFO:teuthology.orchestra.run.smithi045.stdout:/usr/bin/ceph: stderr
2024-06-06T04:19:54.880+0000 7f4f14ff9700 1 -- 172.21.15.45:0/3594668278 <== mon.0 v2:172.21.15.45:3300/0 3 ==== mon_map magic: 0 ==== 205+0+0 (secure 0 0 0) 0x7f4f080206a0 con 0x7f4f18108840
2024-06-06T04:19:55.738 INFO:teuthology.orchestra.run.smithi045.stdout:/usr/bin/ceph: stderr
2024-06-06T04:19:54.880+0000 7f4f1de9f700 1 -- 172.21.15.45:0/3594668278 --> [v2:172.21.15.45:3300/0,v1:172.21.15.45:6789/0] -- mon_subscribe({osdmap=0}) -- 0x7f4f1819cf00 con 0x7f4f18108840
2024-06-06T04:19:55.738 INFO:teuthology.orchestra.run.smithi045.stdout:/usr/bin/ceph: stderr
2024-06-06T04:19:54.881+0000 7f4f14ff9700 1 -- 172.21.15.45:0/3594668278 <== mon.0 v2:172.21.15.45:3300/0 4 ==== mgrmap(e 8) ==== 46287+0+0 (secure 0 0 0) 0x7f4f08020950 con 0x7f4f18108840
2024-06-06T04:19:55.738 INFO:teuthology.orchestra.run.smithi045.stdout:/usr/bin/ceph: stderr
2024-06-06T04:19:54.881+0000 7f4f1de9f700 1 -- 172.21.15.45:0/3594668278 --> [v2:172.21.15.45:3300/0,v1:172.21.15.45:6789/0] -- mon_command({"prefix": "get_command_descriptions"} v 0) -- 0x7f4f18063af0 con 0x7f4f18108840
2024-06-06T04:19:55.738 INFO:teuthology.orchestra.run.smithi045.stdout:/usr/bin/ceph: stderr
2024-06-06T04:19:54.881+0000 7f4f14ff9700 1 --2- 172.21.15.45:0/3594668278 >> [v2:172.21.15.45:6800/3465796147,v1:172.21.15.45:6801/3465796147] conn(0x7f4f00039050 0x7f4f0003b510 unknown :-1 s=NONE pgs=0 cs=0 l=1 rev1=0 crypto rx=0 tx=0 comp rx=0 tx=0).connect
2024-06-06T04:19:55.738 INFO:teuthology.orchestra.run.smithi045.stdout:/usr/bin/ceph: stderr
2024-06-06T04:19:54.881+0000 7f4f14ff9700 1 -- 172.21.15.45:0/3594668278 <== mon.0 v2:172.21.15.45:3300/0 5 ==== osd_map(2..2 src has 1..2) ==== 940+0+0 (secure 0 0 0) 0x7f4f08014070 con 0x7f4f18108840
2024-06-06T04:19:55.738 INFO:teuthology.orchestra.run.smithi045.stdout:/usr/bin/ceph: stderr
2024-06-06T04:19:54.882+0000 7f4f16ffd700 1 --2- 172.21.15.45:0/3594668278 >> [v2:172.21.15.45:6800/3465796147,v1:172.21.15.45:6801/3465796147] conn(0x7f4f00039050 0x7f4f0003b510 unknown :-1 s=BANNER_CONNECTING pgs=0 cs=0 l=1 rev1=0 crypto rx=0 tx=0 comp rx=0 tx=0)._handle_peer_banner_payload supported=3 required=0
2024-06-06T04:19:55.738 INFO:teuthology.orchestra.run.smithi045.stdout:/usr/bin/ceph: stderr
2024-06-06T04:19:54.882+0000 7f4f16ffd700 1 --2- 172.21.15.45:0/3594668278 >> [v2:172.21.15.45:6800/3465796147,v1:172.21.15.45:6801/3465796147] conn(0x7f4f00039050 0x7f4f0003b510 secure :-1 s=READY pgs=15 cs=0 l=1 rev1=1 crypto rx=0x7f4f0c006fd0 tx=0x7f4f0c006e40 comp rx=0 tx=0).ready entity=mgr.14120 client_cookie=0 server_cookie=0 in_seq=0 out_seq=0
2024-06-06T04:19:55.738 INFO:teuthology.orchestra.run.smithi045.stdout:/usr/bin/ceph: stderr
2024-06-06T04:19:54.886+0000 7f4f14ff9700 1 -- 172.21.15.45:0/3594668278 <== mon.0 v2:172.21.15.45:3300/0 6 ==== mon_command_ack([{"prefix": "get_command_descriptions"}]=0 v0) ==== 72+0+186418 (secure 0 0 0) 0x7f4f08025220 con 0x7f4f18108840
2024-06-06T04:19:55.738 INFO:teuthology.orchestra.run.smithi045.stdout:/usr/bin/ceph: stderr
2024-06-06T04:19:55.093+0000 7f4f1de9f700 1 -- 172.21.15.45:0/3594668278 --> [v2:172.21.15.45:3300/0,v1:172.21.15.45:6789/0] -- mon_command([{prefix=config set, name=mgr/dashboard/ssl_server_port}] v 0) -- 0x7f4f1802dfa0 con 0x7f4f18108840
2024-06-06T04:19:55.738 INFO:teuthology.orchestra.run.smithi045.stdout:/usr/bin/ceph: stderr
2024-06-06T04:19:55.095+0000 7f4f14ff9700 1 -- 172.21.15.45:0/3594668278 <== mon.0 v2:172.21.15.45:3300/0 7 ==== mon_command_ack([{prefix=config set, name=mgr/dashboard/ssl_server_port}]=0 v8)=0 v8) ==== 130+0+0 (secure 0 0 0) 0x7f4f08027dd0 con 0x7f4f18108840
2024-06-06T04:19:55.738 INFO:teuthology.orchestra.run.smithi045.stdout:/usr/bin/ceph: stderr
2024-06-06T04:19:55.098+0000 7f4f1de9f700 1 -- 172.21.15.45:0/3594668278 >> [v2:172.21.15.45:6800/3465796147,v1:172.21.15.45:6801/3465796147] conn(0x7f4f00039050 msgr2=0x7f4f0003b510 secure :-1 s=STATE_CONNECTION_ESTABLISHED l=1).mark_down
2024-06-06T04:19:55.739 INFO:teuthology.orchestra.run.smithi045.stdout:/usr/bin/ceph: stderr
2024-06-06T04:19:55.098+0000 7f4f1de9f700 1 --2- 172.21.15.45:0/3594668278 >> [v2:172.21.15.45:6800/3465796147,v1:172.21.15.45:6801/3465796147] conn(0x7f4f00039050 0x7f4f0003b510 secure :-1 s=READY pgs=15 cs=0 l=1 rev1=1 crypto rx=0x7f4f0c006fd0 tx=0x7f4f0c006e40 comp rx=0 tx=0).stop
2024-06-06T04:19:55.739 INFO:teuthology.orchestra.run.smithi045.stdout:/usr/bin/ceph: stderr
2024-06-06T04:19:55.098+0000 7f4f1de9f700 1 -- 172.21.15.45:0/3594668278 >> [v2:172.21.15.45:3300/0,v1:172.21.15.45:6789/0] conn(0x7f4f18108840 msgr2=0x7f4f18199a40 secure :-1 s=STATE_CONNECTION_ESTABLISHED l=1).mark_down
2024-06-06T04:19:55.739 INFO:teuthology.orchestra.run.smithi045.stdout:/usr/bin/ceph: stderr
2024-06-06T04:19:55.098+0000 7f4f1de9f700 1 --2- 172.21.15.45:0/3594668278 >> [v2:172.21.15.45:3300/0,v1:172.21.15.45:6789/0] conn(0x7f4f18108840 0x7f4f18199a40 secure :-1 s=READY pgs=54 cs=0 l=1 rev1=1 crypto rx=0x7f4f0800f5e0 tx=0x7f4f080044c0 comp rx=0 tx=0).stop
2024-06-06T04:19:55.739 INFO:teuthology.orchestra.run.smithi045.stdout:/usr/bin/ceph: stderr
2024-06-06T04:19:55.098+0000 7f4f1de9f700 1 -- 172.21.15.45:0/3594668278 shutdown_connections
2024-06-06T04:19:55.739 INFO:teuthology.orchestra.run.smithi045.stdout:/usr/bin/ceph: stderr
2024-06-06T04:19:55.098+0000 7f4f1de9f700 1 --2- 172.21.15.45:0/3594668278 >> [v2:172.21.15.45:6800/3465796147,v1:172.21.15.45:6801/3465796147] conn(0x7f4f00039050 0x7f4f0003b510 unknown :-1 s=CLOSED pgs=15 cs=0 l=1 rev1=1 crypto rx=0 tx=0 comp rx=0 tx=0).stop
2024-06-06T04:19:55.739 INFO:teuthology.orchestra.run.smithi045.stdout:/usr/bin/ceph: stderr
2024-06-06T04:19:55.098+0000 7f4f1de9f700 1 --2- 172.21.15.45:0/3594668278 >> [v2:172.21.15.45:3300/0,v1:172.21.15.45:6789/0] conn(0x7f4f18108840 0x7f4f18199a40 unknown :-1 s=CLOSED pgs=54 cs=0 l=1 rev1=1 crypto rx=0 tx=0 comp rx=0 tx=0).stop
2024-06-06T04:19:55.739 INFO:teuthology.orchestra.run.smithi045.stdout:/usr/bin/ceph: stderr
2024-06-06T04:19:55.098+0000 7f4f1de9f700 1 -- 172.21.15.45:0/3594668278 >> 172.21.15.45:0/3594668278 conn(0x7f4f181021f0 msgr2=0x7f4f18102ae0 unknown :-1 s=STATE_NONE l=0).mark_down
2024-06-06T04:19:55.739 INFO:teuthology.orchestra.run.smithi045.stdout:/usr/bin/ceph: stderr
2024-06-06T04:19:55.098+0000 7f4f1de9f700 1 -- 172.21.15.45:0/3594668278 shutdown_connections
2024-06-06T04:19:55.739 INFO:teuthology.orchestra.run.smithi045.stdout:/usr/bin/ceph: stderr
2024-06-06T04:19:55.098+0000 7f4f1de9f700 1 -- 172.21.15.45:0/3594668278 wait complete.
2024-06-06T04:19:55.739 INFO:teuthology.orchestra.run.smithi045.stdout:Enabling the dashboard module...
2024-06-06T04:19:56.397 INFO:journalctl@ceph.mon.a.smithi045.stdout:Jun 06 04:19:56 smithi045 ceph-mon[32299]: from='client.? 172.21.15.45:0/3594668278' entity='client.admin'
2024-06-06T04:19:56.398 INFO:journalctl@ceph.mon.a.smithi045.stdout:Jun 06 04:19:56 smithi045 ceph-mon[32299]: from='mgr.14120 172.21.15.45:0/910569368' entity='mgr.x'
2024-06-06T04:19:57.328 INFO:journalctl@ceph.mon.a.smithi045.stdout:Jun 06 04:19:57 smithi045 ceph-mon[32299]: from='client.? 172.21.15.45:0/317573542' entity='client.admin' cmd=[{"prefix": "mgr module enable", "module": "dashboard"}]: dispatch
2024-06-06T04:19:57.329 INFO:journalctl@ceph.mgr.x.smithi045.stdout:Jun 06 04:19:57 smithi045 ceph-c4f6b938-23bb-11ef-bc9b-c7b262605968-mgr-x[32530]: ignoring --setuser ceph since I am not root
2024-06-06T04:19:57.329 INFO:journalctl@ceph.mgr.x.smithi045.stdout:Jun 06 04:19:57 smithi045 ceph-c4f6b938-23bb-11ef-bc9b-c7b262605968-mgr-x[32530]: ignoring --setgroup ceph since I am not root
2024-06-06T04:19:57.329 INFO:journalctl@ceph.mgr.x.smithi045.stdout:Jun 06 04:19:57 smithi045 ceph-c4f6b938-23bb-11ef-bc9b-c7b262605968-mgr-x[32530]:
2024-06-06T04:19:57.282+0000 7f12a8d19200 -1 mgr[py] Module balancer has missing NOTIFY_TYPES member
2024-06-06T04:19:57.584 INFO:journalctl@ceph.mgr.x.smithi045.stdout:Jun 06 04:19:57 smithi045 ceph-c4f6b938-23bb-11ef-bc9b-c7b262605968-mgr-x[32530]:
2024-06-06T04:19:57.476+0000 7f12a8d19200 -1 mgr[py] Module orchestrator has missing NOTIFY_TYPES member
2024-06-06T04:19:57.907 INFO:journalctl@ceph.mgr.x.smithi045.stdout:Jun 06 04:19:57 smithi045 ceph-c4f6b938-23bb-11ef-bc9b-c7b262605968-mgr-x[32530]:
2024-06-06T04:19:57.584+0000 7f12a8d19200 -1 mgr[py] Module snap_schedule has missing NOTIFY_TYPES member
2024-06-06T04:19:57.926 INFO:teuthology.orchestra.run.smithi045.stdout:/usr/bin/ceph: stderr
2024-06-06T04:19:56.159+0000 7f1997e84700 1 Processor -- start
2024-06-06T04:19:57.931 INFO:teuthology.orchestra.run.smithi045.stdout:/usr/bin/ceph: stderr
2024-06-06T04:19:56.159+0000 7f1997e84700 1 -- start start
2024-06-06T04:19:57.931 INFO:teuthology.orchestra.run.smithi045.stdout:/usr/bin/ceph: stderr
2024-06-06T04:19:56.159+0000 7f1997e84700 1 --2- >> [v2:172.21.15.45:3300/0,v1:172.21.15.45:6789/0] conn(0x7f1990107dc0 0x7f19901081e0 unknown :-1 s=NONE pgs=0 cs=0 l=0 rev1=0 crypto rx=0 tx=0 comp rx=0 tx=0).connect
2024-06-06T04:19:57.931 INFO:teuthology.orchestra.run.smithi045.stdout:/usr/bin/ceph: stderr
2024-06-06T04:19:56.160+0000 7f1997e84700 1 -- --> [v2:172.21.15.45:3300/0,v1:172.21.15.45:6789/0] -- mon_getmap magic: 0 -- 0x7f19901087b0 con 0x7f1990107dc0
2024-06-06T04:19:57.931 INFO:teuthology.orchestra.run.smithi045.stdout:/usr/bin/ceph: stderr
2024-06-06T04:19:56.160+0000 7f1995c20700 1 --2- >> [v2:172.21.15.45:3300/0,v1:172.21.15.45:6789/0] conn(0x7f1990107dc0 0x7f19901081e0 unknown :-1 s=BANNER_CONNECTING pgs=0 cs=0 l=0 rev1=0 crypto rx=0 tx=0 comp rx=0 tx=0)._handle_peer_banner_payload supported=3 required=0
2024-06-06T04:19:57.931 INFO:teuthology.orchestra.run.smithi045.stdout:/usr/bin/ceph: stderr
2024-06-06T04:19:56.160+0000 7f1995c20700 1 --2- >> [v2:172.21.15.45:3300/0,v1:172.21.15.45:6789/0] conn(0x7f1990107dc0 0x7f19901081e0 unknown :-1 s=HELLO_CONNECTING pgs=0 cs=0 l=0 rev1=1 crypto rx=0 tx=0 comp rx=0 tx=0).handle_hello peer v2:172.21.15.45:3300/0 says I am v2:172.21.15.45:45442/0 (socket says 172.21.15.45:45442)
2024-06-06T04:19:57.931 INFO:teuthology.orchestra.run.smithi045.stdout:/usr/bin/ceph: stderr
2024-06-06T04:19:56.160+0000 7f1995c20700 1 -- 172.21.15.45:0/3393924811 learned_addr learned my addr 172.21.15.45:0/3393924811 (peer_addr_for_me v2:172.21.15.45:0/0)
2024-06-06T04:19:57.931 INFO:teuthology.orchestra.run.smithi045.stdout:/usr/bin/ceph: stderr
2024-06-06T04:19:56.160+0000 7f1995c20700 1 -- 172.21.15.45:0/3393924811 --> [v2:172.21.15.45:3300/0,v1:172.21.15.45:6789/0] -- mon_subscribe({config=0+,monmap=0+}) -- 0x7f1990108f20 con 0x7f1990107dc0
2024-06-06T04:19:57.931 INFO:teuthology.orchestra.run.smithi045.stdout:/usr/bin/ceph: stderr
2024-06-06T04:19:56.160+0000 7f1995c20700 1 --2- 172.21.15.45:0/3393924811 >> [v2:172.21.15.45:3300/0,v1:172.21.15.45:6789/0] conn(0x7f1990107dc0 0x7f19901081e0 secure :-1 s=READY pgs=55 cs=0 l=1 rev1=1 crypto rx=0x7f198c009e80 tx=0x7f198c00b330 comp rx=0 tx=0).ready entity=mon.0 client_cookie=c5daa1b291f47089 server_cookie=0 in_seq=0 out_seq=0
2024-06-06T04:19:57.931 INFO:teuthology.orchestra.run.smithi045.stdout:/usr/bin/ceph: stderr
2024-06-06T04:19:56.160+0000 7f1994c1e700 1 -- 172.21.15.45:0/3393924811 <== mon.0 v2:172.21.15.45:3300/0 1 ==== mon_map magic: 0 ==== 205+0+0 (secure 0 0 0) 0x7f198c017070 con 0x7f1990107dc0
2024-06-06T04:19:57.931 INFO:teuthology.orchestra.run.smithi045.stdout:/usr/bin/ceph: stderr
2024-06-06T04:19:56.160+0000 7f1994c1e700 1 -- 172.21.15.45:0/3393924811 <== mon.0 v2:172.21.15.45:3300/0 2 ==== config(26 keys) ==== 1102+0+0 (secure 0 0 0) 0x7f198c00b8c0 con 0x7f1990107dc0
2024-06-06T04:19:57.931 INFO:teuthology.orchestra.run.smithi045.stdout:/usr/bin/ceph: stderr
2024-06-06T04:19:56.160+0000 7f1994c1e700 1 -- 172.21.15.45:0/3393924811 <== mon.0 v2:172.21.15.45:3300/0 3 ==== mon_map magic: 0 ==== 205+0+0 (secure 0 0 0) 0x7f198c004490 con 0x7f1990107dc0
2024-06-06T04:19:57.932 INFO:teuthology.orchestra.run.smithi045.stdout:/usr/bin/ceph: stderr
2024-06-06T04:19:56.161+0000 7f1997e84700 1 -- 172.21.15.45:0/3393924811 >> [v2:172.21.15.45:3300/0,v1:172.21.15.45:6789/0] conn(0x7f1990107dc0 msgr2=0x7f19901081e0 secure :-1 s=STATE_CONNECTION_ESTABLISHED l=1).mark_down
2024-06-06T04:19:57.932 INFO:teuthology.orchestra.run.smithi045.stdout:/usr/bin/ceph: stderr
2024-06-06T04:19:56.161+0000 7f1997e84700 1 --2- 172.21.15.45:0/3393924811 >> [v2:172.21.15.45:3300/0,v1:172.21.15.45:6789/0] conn(0x7f1990107dc0 0x7f19901081e0 secure :-1 s=READY pgs=55 cs=0 l=1 rev1=1 crypto rx=0x7f198c009e80 tx=0x7f198c00b330 comp rx=0 tx=0).stop
2024-06-06T04:19:57.932 INFO:teuthology.orchestra.run.smithi045.stdout:/usr/bin/ceph: stderr
2024-06-06T04:19:56.161+0000 7f1997e84700 1 -- 172.21.15.45:0/3393924811 shutdown_connections
2024-06-06T04:19:57.932 INFO:teuthology.orchestra.run.smithi045.stdout:/usr/bin/ceph: stderr
2024-06-06T04:19:56.161+0000 7f1997e84700 1 --2- 172.21.15.45:0/3393924811 >> [v2:172.21.15.45:3300/0,v1:172.21.15.45:6789/0] conn(0x7f1990107dc0 0x7f19901081e0 unknown :-1 s=CLOSED pgs=55 cs=0 l=1 rev1=1 crypto rx=0 tx=0 comp rx=0 tx=0).stop
2024-06-06T04:19:57.932 INFO:teuthology.orchestra.run.smithi045.stdout:/usr/bin/ceph: stderr
2024-06-06T04:19:56.161+0000 7f1997e84700 1 -- 172.21.15.45:0/3393924811 >> 172.21.15.45:0/3393924811 conn(0x7f1990103340 msgr2=0x7f19901057a0 unknown :-1 s=STATE_NONE l=0).mark_down
2024-06-06T04:19:57.932 INFO:teuthology.orchestra.run.smithi045.stdout:/usr/bin/ceph: stderr
2024-06-06T04:19:56.161+0000 7f1997e84700 1 -- 172.21.15.45:0/3393924811 shutdown_connections
2024-06-06T04:19:57.932 INFO:teuthology.orchestra.run.smithi045.stdout:/usr/bin/ceph: stderr
2024-06-06T04:19:56.161+0000 7f1997e84700 1 -- 172.21.15.45:0/3393924811 wait complete.
2024-06-06T04:19:57.932 INFO:teuthology.orchestra.run.smithi045.stdout:/usr/bin/ceph: stderr
2024-06-06T04:19:56.161+0000 7f1997e84700 1 Processor -- start
2024-06-06T04:19:57.932 INFO:teuthology.orchestra.run.smithi045.stdout:/usr/bin/ceph: stderr
2024-06-06T04:19:56.162+0000 7f1997e84700 1 -- start start
2024-06-06T04:19:57.932 INFO:teuthology.orchestra.run.smithi045.stdout:/usr/bin/ceph: stderr
2024-06-06T04:19:56.162+0000 7f1997e84700 1 --2- >> [v2:172.21.15.45:3300/0,v1:172.21.15.45:6789/0] conn(0x7f1990107dc0 0x7f199007db60 unknown :-1 s=NONE pgs=0 cs=0 l=1 rev1=0 crypto rx=0 tx=0 comp rx=0 tx=0).connect
2024-06-06T04:19:57.932 INFO:teuthology.orchestra.run.smithi045.stdout:/usr/bin/ceph: stderr
2024-06-06T04:19:56.162+0000 7f1997e84700 1 -- --> [v2:172.21.15.45:3300/0,v1:172.21.15.45:6789/0] -- mon_getmap magic: 0 -- 0x7f199010c2d0 con 0x7f1990107dc0
2024-06-06T04:19:57.932 INFO:teuthology.orchestra.run.smithi045.stdout:/usr/bin/ceph: stderr
2024-06-06T04:19:56.162+0000 7f1995c20700 1 --2- >> [v2:172.21.15.45:3300/0,v1:172.21.15.45:6789/0] conn(0x7f1990107dc0 0x7f199007db60 unknown :-1 s=BANNER_CONNECTING pgs=0 cs=0 l=1 rev1=0 crypto rx=0 tx=0 comp rx=0 tx=0)._handle_peer_banner_payload supported=3 required=0
2024-06-06T04:19:57.932 INFO:teuthology.orchestra.run.smithi045.stdout:/usr/bin/ceph: stderr
2024-06-06T04:19:56.162+0000 7f1995c20700 1 --2- >> [v2:172.21.15.45:3300/0,v1:172.21.15.45:6789/0] conn(0x7f1990107dc0 0x7f199007db60 unknown :-1 s=HELLO_CONNECTING pgs=0 cs=0 l=1 rev1=1 crypto rx=0 tx=0 comp rx=0 tx=0).handle_hello peer v2:172.21.15.45:3300/0 says I am v2:172.21.15.45:45454/0 (socket says 172.21.15.45:45454)
2024-06-06T04:19:57.932 INFO:teuthology.orchestra.run.smithi045.stdout:/usr/bin/ceph: stderr
2024-06-06T04:19:56.162+0000 7f1995c20700 1 -- 172.21.15.45:0/317573542 learned_addr learned my addr 172.21.15.45:0/317573542 (peer_addr_for_me v2:172.21.15.45:0/0)
2024-06-06T04:19:57.932 INFO:teuthology.orchestra.run.smithi045.stdout:/usr/bin/ceph: stderr
2024-06-06T04:19:56.162+0000 7f1995c20700 1 -- 172.21.15.45:0/317573542 --> [v2:172.21.15.45:3300/0,v1:172.21.15.45:6789/0] -- mon_subscribe({config=0+,monmap=0+}) -- 0x7f199007e0a0 con 0x7f1990107dc0
2024-06-06T04:19:57.933 INFO:teuthology.orchestra.run.smithi045.stdout:/usr/bin/ceph: stderr
2024-06-06T04:19:56.162+0000 7f1995c20700 1 --2- 172.21.15.45:0/317573542 >> [v2:172.21.15.45:3300/0,v1:172.21.15.45:6789/0] conn(0x7f1990107dc0 0x7f199007db60 secure :-1 s=READY pgs=56 cs=0 l=1 rev1=1 crypto rx=0x7f198c003c50 tx=0x7f198c003d30 comp rx=0 tx=0).ready entity=mon.0 client_cookie=0 server_cookie=0 in_seq=0 out_seq=0
2024-06-06T04:19:57.933 INFO:teuthology.orchestra.run.smithi045.stdout:/usr/bin/ceph: stderr
2024-06-06T04:19:56.162+0000 7f1986ffd700 1 -- 172.21.15.45:0/317573542 <== mon.0 v2:172.21.15.45:3300/0 1 ==== mon_map magic: 0 ==== 205+0+0 (secure 0 0 0) 0x7f198c020020 con 0x7f1990107dc0
2024-06-06T04:19:57.933 INFO:teuthology.orchestra.run.smithi045.stdout:/usr/bin/ceph: stderr
2024-06-06T04:19:56.162+0000 7f1986ffd700 1 -- 172.21.15.45:0/317573542 <== mon.0 v2:172.21.15.45:3300/0 2 ==== config(26 keys) ==== 1102+0+0 (secure 0 0 0) 0x7f198c00bc60 con 0x7f1990107dc0
2024-06-06T04:19:57.933 INFO:teuthology.orchestra.run.smithi045.stdout:/usr/bin/ceph: stderr
2024-06-06T04:19:56.162+0000 7f1997e84700 1 -- 172.21.15.45:0/317573542 --> [v2:172.21.15.45:3300/0,v1:172.21.15.45:6789/0] -- mon_subscribe({mgrmap=0+}) -- 0x7f199007c290 con 0x7f1990107dc0
2024-06-06T04:19:57.933 INFO:teuthology.orchestra.run.smithi045.stdout:/usr/bin/ceph: stderr
2024-06-06T04:19:56.162+0000 7f1986ffd700 1 -- 172.21.15.45:0/317573542 <== mon.0 v2:172.21.15.45:3300/0 3 ==== mon_map magic: 0 ==== 205+0+0 (secure 0 0 0) 0x7f198c017040 con 0x7f1990107dc0
2024-06-06T04:19:57.933 INFO:teuthology.orchestra.run.smithi045.stdout:/usr/bin/ceph: stderr
2024-06-06T04:19:56.162+0000 7f1997e84700 1 -- 172.21.15.45:0/317573542 --> [v2:172.21.15.45:3300/0,v1:172.21.15.45:6789/0] -- mon_subscribe({osdmap=0}) -- 0x7f199007c7d0 con 0x7f1990107dc0
2024-06-06T04:19:57.933 INFO:teuthology.orchestra.run.smithi045.stdout:/usr/bin/ceph: stderr
2024-06-06T04:19:56.163+0000 7f1986ffd700 1 -- 172.21.15.45:0/317573542 <== mon.0 v2:172.21.15.45:3300/0 4 ==== mgrmap(e 8) ==== 46287+0+0 (secure 0 0 0) 0x7f198c023020 con 0x7f1990107dc0
2024-06-06T04:19:57.933 INFO:teuthology.orchestra.run.smithi045.stdout:/usr/bin/ceph: stderr
2024-06-06T04:19:56.163+0000 7f1997e84700 1 -- 172.21.15.45:0/317573542 --> [v2:172.21.15.45:3300/0,v1:172.21.15.45:6789/0] -- mon_command({"prefix": "get_command_descriptions"} v 0) -- 0x7f1990063af0 con 0x7f1990107dc0
2024-06-06T04:19:57.933 INFO:teuthology.orchestra.run.smithi045.stdout:/usr/bin/ceph: stderr
2024-06-06T04:19:56.163+0000 7f1986ffd700 1 --2- 172.21.15.45:0/317573542 >> [v2:172.21.15.45:6800/3465796147,v1:172.21.15.45:6801/3465796147] conn(0x7f197c0390a0 0x7f197c03b560 unknown :-1 s=NONE pgs=0 cs=0 l=1 rev1=0 crypto rx=0 tx=0 comp rx=0 tx=0).connect
2024-06-06T04:19:57.933 INFO:teuthology.orchestra.run.smithi045.stdout:/usr/bin/ceph: stderr
2024-06-06T04:19:56.164+0000 7f1986ffd700 1 -- 172.21.15.45:0/317573542 <== mon.0 v2:172.21.15.45:3300/0 5 ==== osd_map(2..2 src has 1..2) ==== 940+0+0 (secure 0 0 0) 0x7f198c00f050 con 0x7f1990107dc0
2024-06-06T04:19:57.933 INFO:teuthology.orchestra.run.smithi045.stdout:/usr/bin/ceph: stderr
2024-06-06T04:19:56.164+0000 7f199541f700 1 --2- 172.21.15.45:0/317573542 >> [v2:172.21.15.45:6800/3465796147,v1:172.21.15.45:6801/3465796147] conn(0x7f197c0390a0 0x7f197c03b560 unknown :-1 s=BANNER_CONNECTING pgs=0 cs=0 l=1 rev1=0 crypto rx=0 tx=0 comp rx=0 tx=0)._handle_peer_banner_payload supported=3 required=0
2024-06-06T04:19:57.933 INFO:teuthology.orchestra.run.smithi045.stdout:/usr/bin/ceph: stderr
2024-06-06T04:19:56.164+0000 7f199541f700 1 --2- 172.21.15.45:0/317573542 >> [v2:172.21.15.45:6800/3465796147,v1:172.21.15.45:6801/3465796147] conn(0x7f197c0390a0 0x7f197c03b560 secure :-1 s=READY pgs=16 cs=0 l=1 rev1=1 crypto rx=0x7f1980006fd0 tx=0x7f1980006e40 comp rx=0 tx=0).ready entity=mgr.14120 client_cookie=0 server_cookie=0 in_seq=0 out_seq=0
2024-06-06T04:19:57.933 INFO:teuthology.orchestra.run.smithi045.stdout:/usr/bin/ceph: stderr
2024-06-06T04:19:56.169+0000 7f1986ffd700 1 -- 172.21.15.45:0/317573542 <== mon.0 v2:172.21.15.45:3300/0 6 ==== mon_command_ack([{"prefix": "get_command_descriptions"}]=0 v0) ==== 72+0+186418 (secure 0 0 0) 0x7f198c02a020 con 0x7f1990107dc0
2024-06-06T04:19:57.934 INFO:teuthology.orchestra.run.smithi045.stdout:/usr/bin/ceph: stderr
2024-06-06T04:19:56.449+0000 7f1997e84700 1 -- 172.21.15.45:0/317573542 --> [v2:172.21.15.45:3300/0,v1:172.21.15.45:6789/0] -- mon_command({"prefix": "mgr module enable", "module": "dashboard"} v 0) -- 0x7f199007cf30 con 0x7f1990107dc0
2024-06-06T04:19:57.934 INFO:teuthology.orchestra.run.smithi045.stdout:/usr/bin/ceph: stderr
2024-06-06T04:19:57.097+0000 7f1986ffd700 1 -- 172.21.15.45:0/317573542 <== mon.0 v2:172.21.15.45:3300/0 7 ==== mon_command_ack([{"prefix": "mgr module enable", "module": "dashboard"}]=0 v9) ==== 88+0+0 (secure 0 0 0) 0x7f198c02b260 con 0x7f1990107dc0
2024-06-06T04:19:57.934 INFO:teuthology.orchestra.run.smithi045.stdout:/usr/bin/ceph: stderr
2024-06-06T04:19:57.099+0000 7f1986ffd700 1 -- 172.21.15.45:0/317573542 <== mon.0 v2:172.21.15.45:3300/0 8 ==== mgrmap(e 9) ==== 46300+0+0 (secure 0 0 0) 0x7f198c02d350 con 0x7f1990107dc0
2024-06-06T04:19:57.934 INFO:teuthology.orchestra.run.smithi045.stdout:/usr/bin/ceph: stderr
2024-06-06T04:19:57.100+0000 7f1997e84700 1 -- 172.21.15.45:0/317573542 >> [v2:172.21.15.45:6800/3465796147,v1:172.21.15.45:6801/3465796147] conn(0x7f197c0390a0 msgr2=0x7f197c03b560 secure :-1 s=STATE_CONNECTION_ESTABLISHED l=1).mark_down
2024-06-06T04:19:57.934 INFO:teuthology.orchestra.run.smithi045.stdout:/usr/bin/ceph: stderr
2024-06-06T04:19:57.100+0000 7f1997e84700 1 --2- 172.21.15.45:0/317573542 >> [v2:172.21.15.45:6800/3465796147,v1:172.21.15.45:6801/3465796147] conn(0x7f197c0390a0 0x7f197c03b560 secure :-1 s=READY pgs=16 cs=0 l=1 rev1=1 crypto rx=0x7f1980006fd0 tx=0x7f1980006e40 comp rx=0 tx=0).stop
2024-06-06T04:19:57.934 INFO:teuthology.orchestra.run.smithi045.stdout:/usr/bin/ceph: stderr
2024-06-06T04:19:57.100+0000 7f1997e84700 1 -- 172.21.15.45:0/317573542 >> [v2:172.21.15.45:3300/0,v1:172.21.15.45:6789/0] conn(0x7f1990107dc0 msgr2=0x7f199007db60 secure :-1 s=STATE_CONNECTION_ESTABLISHED l=1).mark_down
2024-06-06T04:19:57.934 INFO:teuthology.orchestra.run.smithi045.stdout:/usr/bin/ceph: stderr
2024-06-06T04:19:57.100+0000 7f1997e84700 1 --2- 172.21.15.45:0/317573542 >> [v2:172.21.15.45:3300/0,v1:172.21.15.45:6789/0] conn(0x7f1990107dc0 0x7f199007db60 secure :-1 s=READY pgs=56 cs=0 l=1 rev1=1 crypto rx=0x7f198c003c50 tx=0x7f198c003d30 comp rx=0 tx=0).stop
2024-06-06T04:19:57.934 INFO:teuthology.orchestra.run.smithi045.stdout:/usr/bin/ceph: stderr
2024-06-06T04:19:57.100+0000 7f1997e84700 1 -- 172.21.15.45:0/317573542 shutdown_connections
2024-06-06T04:19:57.934 INFO:teuthology.orchestra.run.smithi045.stdout:/usr/bin/ceph: stderr
2024-06-06T04:19:57.100+0000 7f1997e84700 1 --2- 172.21.15.45:0/317573542 >> [v2:172.21.15.45:6800/3465796147,v1:172.21.15.45:6801/3465796147] conn(0x7f197c0390a0 0x7f197c03b560 unknown :-1 s=CLOSED pgs=16 cs=0 l=1 rev1=1 crypto rx=0 tx=0 comp rx=0 tx=0).stop
2024-06-06T04:19:57.934 INFO:teuthology.orchestra.run.smithi045.stdout:/usr/bin/ceph: stderr
2024-06-06T04:19:57.100+0000 7f1997e84700 1 --2- 172.21.15.45:0/317573542 >> [v2:172.21.15.45:3300/0,v1:172.21.15.45:6789/0] conn(0x7f1990107dc0 0x7f199007db60 unknown :-1 s=CLOSED pgs=56 cs=0 l=1 rev1=1 crypto rx=0 tx=0 comp rx=0 tx=0).stop
2024-06-06T04:19:57.934 INFO:teuthology.orchestra.run.smithi045.stdout:/usr/bin/ceph: stderr
2024-06-06T04:19:57.100+0000 7f1997e84700 1 -- 172.21.15.45:0/317573542 >> 172.21.15.45:0/317573542 conn(0x7f1990103340 msgr2=0x7f1990103e50 unknown :-1 s=STATE_NONE l=0).mark_down
2024-06-06T04:19:57.934 INFO:teuthology.orchestra.run.smithi045.stdout:/usr/bin/ceph: stderr
2024-06-06T04:19:57.100+0000 7f1997e84700 1 -- 172.21.15.45:0/317573542 shutdown_connections
2024-06-06T04:19:57.934 INFO:teuthology.orchestra.run.smithi045.stdout:/usr/bin/ceph: stderr
2024-06-06T04:19:57.101+0000 7f1997e84700 1 -- 172.21.15.45:0/317573542 wait complete.
2024-06-06T04:19:58.226 INFO:journalctl@ceph.mon.a.smithi045.stdout:Jun 06 04:19:58 smithi045 ceph-mon[32299]: from='client.? 172.21.15.45:0/317573542' entity='client.admin' cmd='[{"prefix": "mgr module enable", "module": "dashboard"}]': finished
2024-06-06T04:19:58.227 INFO:journalctl@ceph.mon.a.smithi045.stdout:Jun 06 04:19:58 smithi045 ceph-mon[32299]: mgrmap e9: x(active, since 20s)
2024-06-06T04:19:58.227 INFO:journalctl@ceph.mgr.x.smithi045.stdout:Jun 06 04:19:57 smithi045 ceph-c4f6b938-23bb-11ef-bc9b-c7b262605968-mgr-x[32530]:
2024-06-06T04:19:57.907+0000 7f12a8d19200 -1 mgr[py] Module progress has missing NOTIFY_TYPES member
