2024-06-06T06:49:45.999+0000 7fd83f7fe700 1 -- 172.21.15.73:0/1526822750 --> [v2:172.21.15.73:3300/0,v1:172.21.15.73:6789/0] -- mon_subscribe({config=0+,monmap=0+}) -- 0x7fd84019b0f0 con 0x7fd840106c00
2024-06-06T06:49:46.813 INFO:teuthology.orchestra.run.smithi073.stdout:/usr/bin/ceph: stderr
2024-06-06T06:49:45.999+0000 7fd83f7fe700 1 --2- 172.21.15.73:0/1526822750 >> [v2:172.21.15.73:3300/0,v1:172.21.15.73:6789/0] conn(0x7fd840106c00 0x7fd84019abb0 secure :-1 s=READY pgs=60 cs=0 l=1 rev1=1 crypto rx=0x7fd828011a20 tx=0x7fd828011b00 comp rx=0 tx=0).ready entity=mon.0 client_cookie=0 server_cookie=0 in_seq=0 out_seq=0
2024-06-06T06:49:46.813 INFO:teuthology.orchestra.run.smithi073.stdout:/usr/bin/ceph: stderr
2024-06-06T06:49:45.999+0000 7fd83cff9700 1 -- 172.21.15.73:0/1526822750 <== mon.0 v2:172.21.15.73:3300/0 1 ==== mon_map magic: 0 ==== 205+0+0 (secure 0 0 0) 0x7fd828003af0 con 0x7fd840106c00
2024-06-06T06:49:46.813 INFO:teuthology.orchestra.run.smithi073.stdout:/usr/bin/ceph: stderr
2024-06-06T06:49:45.999+0000 7fd83cff9700 1 -- 172.21.15.73:0/1526822750 <== mon.0 v2:172.21.15.73:3300/0 2 ==== config(26 keys) ==== 1102+0+0 (secure 0 0 0) 0x7fd82801a8e0 con 0x7fd840106c00
2024-06-06T06:49:46.813 INFO:teuthology.orchestra.run.smithi073.stdout:/usr/bin/ceph: stderr
2024-06-06T06:49:45.999+0000 7fd845cf2700 1 -- 172.21.15.73:0/1526822750 --> [v2:172.21.15.73:3300/0,v1:172.21.15.73:6789/0] -- mon_subscribe({mgrmap=0+}) -- 0x7fd84019b380 con 0x7fd840106c00
2024-06-06T06:49:46.813 INFO:teuthology.orchestra.run.smithi073.stdout:/usr/bin/ceph: stderr
2024-06-06T06:49:45.999+0000 7fd83cff9700 1 -- 172.21.15.73:0/1526822750 <== mon.0 v2:172.21.15.73:3300/0 3 ==== mon_map magic: 0 ==== 205+0+0 (secure 0 0 0) 0x7fd828024860 con 0x7fd840106c00
2024-06-06T06:49:46.813 INFO:teuthology.orchestra.run.smithi073.stdout:/usr/bin/ceph: stderr
2024-06-06T06:49:45.999+0000 7fd845cf2700 1 -- 172.21.15.73:0/1526822750 --> [v2:172.21.15.73:3300/0,v1:172.21.15.73:6789/0] -- mon_subscribe({osdmap=0}) -- 0x7fd84019e070 con 0x7fd840106c00
2024-06-06T06:49:46.813 INFO:teuthology.orchestra.run.smithi073.stdout:/usr/bin/ceph: stderr
2024-06-06T06:49:46.000+0000 7fd83cff9700 1 -- 172.21.15.73:0/1526822750 <== mon.0 v2:172.21.15.73:3300/0 4 ==== mgrmap(e 9) ==== 46300+0+0 (secure 0 0 0) 0x7fd828022020 con 0x7fd840106c00
2024-06-06T06:49:46.813 INFO:teuthology.orchestra.run.smithi073.stdout:/usr/bin/ceph: stderr
2024-06-06T06:49:46.000+0000 7fd83cff9700 1 --2- 172.21.15.73:0/1526822750 >> [v2:172.21.15.73:6800/3054677757,v1:172.21.15.73:6801/3054677757] conn(0x7fd82c0390a0 0x7fd82c03b560 unknown :-1 s=NONE pgs=0 cs=0 l=1 rev1=0 crypto rx=0 tx=0 comp rx=0 tx=0).connect
2024-06-06T06:49:46.814 INFO:teuthology.orchestra.run.smithi073.stdout:/usr/bin/ceph: stderr
2024-06-06T06:49:46.000+0000 7fd845cf2700 1 -- 172.21.15.73:0/1526822750 --> [v2:172.21.15.73:3300/0,v1:172.21.15.73:6789/0] -- mon_command({"prefix": "get_command_descriptions"} v 0) -- 0x7fd840063af0 con 0x7fd840106c00
2024-06-06T06:49:46.814 INFO:teuthology.orchestra.run.smithi073.stdout:/usr/bin/ceph: stderr
2024-06-06T06:49:46.000+0000 7fd83effd700 1 -- 172.21.15.73:0/1526822750 >> [v2:172.21.15.73:6800/3054677757,v1:172.21.15.73:6801/3054677757] conn(0x7fd82c0390a0 msgr2=0x7fd82c03b560 unknown :-1 s=STATE_CONNECTING_RE l=1).process reconnect failed to v2:172.21.15.73:6800/3054677757
2024-06-06T06:49:46.814 INFO:teuthology.orchestra.run.smithi073.stdout:/usr/bin/ceph: stderr
2024-06-06T06:49:46.000+0000 7fd83cff9700 1 -- 172.21.15.73:0/1526822750 <== mon.0 v2:172.21.15.73:3300/0 5 ==== osd_map(2..2 src has 1..2) ==== 940+0+0 (secure 0 0 0) 0x7fd82804e230 con 0x7fd840106c00
2024-06-06T06:49:46.814 INFO:teuthology.orchestra.run.smithi073.stdout:/usr/bin/ceph: stderr
2024-06-06T06:49:46.000+0000 7fd83effd700 1 --2- 172.21.15.73:0/1526822750 >> [v2:172.21.15.73:6800/3054677757,v1:172.21.15.73:6801/3054677757] conn(0x7fd82c0390a0 0x7fd82c03b560 unknown :-1 s=START_CONNECT pgs=0 cs=0 l=1 rev1=0 crypto rx=0 tx=0 comp rx=0 tx=0)._fault waiting 0.200000
2024-06-06T06:49:46.814 INFO:teuthology.orchestra.run.smithi073.stdout:/usr/bin/ceph: stderr
2024-06-06T06:49:46.005+0000 7fd83cff9700 1 -- 172.21.15.73:0/1526822750 <== mon.0 v2:172.21.15.73:3300/0 6 ==== mon_command_ack([{"prefix": "get_command_descriptions"}]=0 v0) ==== 72+0+186418 (secure 0 0 0) 0x7fd82800b3e0 con 0x7fd840106c00
2024-06-06T06:49:46.814 INFO:teuthology.orchestra.run.smithi073.stdout:/usr/bin/ceph: stderr
2024-06-06T06:49:46.201+0000 7fd83effd700 1 -- 172.21.15.73:0/1526822750 >> [v2:172.21.15.73:6800/3054677757,v1:172.21.15.73:6801/3054677757] conn(0x7fd82c0390a0 msgr2=0x7fd82c03b560 unknown :-1 s=STATE_CONNECTING_RE l=1).process reconnect failed to v2:172.21.15.73:6800/3054677757
2024-06-06T06:49:46.814 INFO:teuthology.orchestra.run.smithi073.stdout:/usr/bin/ceph: stderr
2024-06-06T06:49:46.201+0000 7fd83effd700 1 --2- 172.21.15.73:0/1526822750 >> [v2:172.21.15.73:6800/3054677757,v1:172.21.15.73:6801/3054677757] conn(0x7fd82c0390a0 0x7fd82c03b560 unknown :-1 s=START_CONNECT pgs=0 cs=0 l=1 rev1=0 crypto rx=0 tx=0 comp rx=0 tx=0)._fault waiting 0.400000
2024-06-06T06:49:46.814 INFO:teuthology.orchestra.run.smithi073.stdout:/usr/bin/ceph: stderr
2024-06-06T06:49:46.264+0000 7fd845cf2700 1 -- 172.21.15.73:0/1526822750 --> [v2:172.21.15.73:3300/0,v1:172.21.15.73:6789/0] -- mon_command({"prefix": "mgr stat"} v 0) -- 0x7fd84019e5f0 con 0x7fd840106c00
2024-06-06T06:49:46.814 INFO:teuthology.orchestra.run.smithi073.stdout:/usr/bin/ceph: stderr
2024-06-06T06:49:46.264+0000 7fd83cff9700 1 -- 172.21.15.73:0/1526822750 <== mon.0 v2:172.21.15.73:3300/0 7 ==== mon_command_ack([{"prefix": "mgr stat"}]=0 v9) ==== 56+0+88 (secure 0 0 0) 0x7fd828021d80 con 0x7fd840106c00
2024-06-06T06:49:46.815 INFO:teuthology.orchestra.run.smithi073.stdout:/usr/bin/ceph: stderr
2024-06-06T06:49:46.267+0000 7fd845cf2700 1 -- 172.21.15.73:0/1526822750 >> [v2:172.21.15.73:6800/3054677757,v1:172.21.15.73:6801/3054677757] conn(0x7fd82c0390a0 msgr2=0x7fd82c03b560 unknown :-1 s=STATE_CONNECTING l=1).mark_down
2024-06-06T06:49:46.815 INFO:teuthology.orchestra.run.smithi073.stdout:/usr/bin/ceph: stderr
2024-06-06T06:49:46.267+0000 7fd845cf2700 1 --2- 172.21.15.73:0/1526822750 >> [v2:172.21.15.73:6800/3054677757,v1:172.21.15.73:6801/3054677757] conn(0x7fd82c0390a0 0x7fd82c03b560 unknown :-1 s=START_CONNECT pgs=0 cs=0 l=1 rev1=0 crypto rx=0 tx=0 comp rx=0 tx=0).stop
2024-06-06T06:49:46.815 INFO:teuthology.orchestra.run.smithi073.stdout:/usr/bin/ceph: stderr
2024-06-06T06:49:46.267+0000 7fd845cf2700 1 -- 172.21.15.73:0/1526822750 >> [v2:172.21.15.73:3300/0,v1:172.21.15.73:6789/0] conn(0x7fd840106c00 msgr2=0x7fd84019abb0 secure :-1 s=STATE_CONNECTION_ESTABLISHED l=1).mark_down
2024-06-06T06:49:46.815 INFO:teuthology.orchestra.run.smithi073.stdout:/usr/bin/ceph: stderr
2024-06-06T06:49:46.267+0000 7fd845cf2700 1 --2- 172.21.15.73:0/1526822750 >> [v2:172.21.15.73:3300/0,v1:172.21.15.73:6789/0] conn(0x7fd840106c00 0x7fd84019abb0 secure :-1 s=READY pgs=60 cs=0 l=1 rev1=1 crypto rx=0x7fd828011a20 tx=0x7fd828011b00 comp rx=0 tx=0).stop
2024-06-06T06:49:46.815 INFO:teuthology.orchestra.run.smithi073.stdout:/usr/bin/ceph: stderr
2024-06-06T06:49:46.267+0000 7fd845cf2700 1 -- 172.21.15.73:0/1526822750 shutdown_connections
2024-06-06T06:49:46.815 INFO:teuthology.orchestra.run.smithi073.stdout:/usr/bin/ceph: stderr
2024-06-06T06:49:46.267+0000 7fd845cf2700 1 --2- 172.21.15.73:0/1526822750 >> [v2:172.21.15.73:6800/3054677757,v1:172.21.15.73:6801/3054677757] conn(0x7fd82c0390a0 0x7fd82c03b560 unknown :-1 s=CLOSED pgs=0 cs=0 l=1 rev1=0 crypto rx=0 tx=0 comp rx=0 tx=0).stop
2024-06-06T06:49:46.815 INFO:teuthology.orchestra.run.smithi073.stdout:/usr/bin/ceph: stderr
2024-06-06T06:49:46.267+0000 7fd845cf2700 1 --2- 172.21.15.73:0/1526822750 >> [v2:172.21.15.73:3300/0,v1:172.21.15.73:6789/0] conn(0x7fd840106c00 0x7fd84019abb0 unknown :-1 s=CLOSED pgs=60 cs=0 l=1 rev1=1 crypto rx=0 tx=0 comp rx=0 tx=0).stop
2024-06-06T06:49:46.815 INFO:teuthology.orchestra.run.smithi073.stdout:/usr/bin/ceph: stderr
2024-06-06T06:49:46.267+0000 7fd845cf2700 1 -- 172.21.15.73:0/1526822750 >> 172.21.15.73:0/1526822750 conn(0x7fd8401021e0 msgr2=0x7fd840102d40 unknown :-1 s=STATE_NONE l=0).mark_down
2024-06-06T06:49:46.815 INFO:teuthology.orchestra.run.smithi073.stdout:/usr/bin/ceph: stderr
2024-06-06T06:49:46.268+0000 7fd845cf2700 1 -- 172.21.15.73:0/1526822750 shutdown_connections
2024-06-06T06:49:46.815 INFO:teuthology.orchestra.run.smithi073.stdout:/usr/bin/ceph: stderr
2024-06-06T06:49:46.268+0000 7fd845cf2700 1 -- 172.21.15.73:0/1526822750 wait complete.
2024-06-06T06:49:46.815 INFO:teuthology.orchestra.run.smithi073.stdout:Waiting for the mgr to restart...
2024-06-06T06:49:46.815 INFO:teuthology.orchestra.run.smithi073.stdout:Waiting for mgr epoch 9...
2024-06-06T06:49:47.074 INFO:journalctl@ceph.mgr.x.smithi073.stdout:Jun 06 06:49:47 smithi073 ceph-b6cc6aaa-23d0-11ef-bc9b-c7b262605968-mgr-x[32530]:
2024-06-06T06:49:47.020+0000 7fac2bf7c200 -1 mgr[py] Module alerts has missing NOTIFY_TYPES member
2024-06-06T06:49:47.341 INFO:journalctl@ceph.mgr.x.smithi073.stdout:Jun 06 06:49:47 smithi073 ceph-b6cc6aaa-23d0-11ef-bc9b-c7b262605968-mgr-x[32530]:
2024-06-06T06:49:47.118+0000 7fac2bf7c200 -1 mgr[py] Module selftest has missing NOTIFY_TYPES member
2024-06-06T06:49:47.774 INFO:journalctl@ceph.mgr.x.smithi073.stdout:Jun 06 06:49:47 smithi073 ceph-b6cc6aaa-23d0-11ef-bc9b-c7b262605968-mgr-x[32530]:
2024-06-06T06:49:47.339+0000 7fac2bf7c200 -1 mgr[py] Module pg_autoscaler has missing NOTIFY_TYPES member
2024-06-06T06:49:47.774 INFO:journalctl@ceph.mgr.x.smithi073.stdout:Jun 06 06:49:47 smithi073 ceph-b6cc6aaa-23d0-11ef-bc9b-c7b262605968-mgr-x[32530]:
2024-06-06T06:49:47.537+0000 7fac2bf7c200 -1 mgr[py] Module test_orchestrator has missing NOTIFY_TYPES member
2024-06-06T06:49:48.274 INFO:journalctl@ceph.mgr.x.smithi073.stdout:Jun 06 06:49:48 smithi073 ceph-b6cc6aaa-23d0-11ef-bc9b-c7b262605968-mgr-x[32530]:
2024-06-06T06:49:48.136+0000 7fac2bf7c200 -1 mgr[py] Module rook has missing NOTIFY_TYPES member
2024-06-06T06:49:48.867 INFO:journalctl@ceph.mgr.x.smithi073.stdout:Jun 06 06:49:48 smithi073 ceph-b6cc6aaa-23d0-11ef-bc9b-c7b262605968-mgr-x[32530]:
2024-06-06T06:49:48.563+0000 7fac2bf7c200 -1 mgr[py] Module volumes has missing NOTIFY_TYPES member
2024-06-06T06:49:48.867 INFO:journalctl@ceph.mgr.x.smithi073.stdout:Jun 06 06:49:48 smithi073 ceph-b6cc6aaa-23d0-11ef-bc9b-c7b262605968-mgr-x[32530]:
2024-06-06T06:49:48.660+0000 7fac2bf7c200 -1 mgr[py] Module crash has missing NOTIFY_TYPES member
2024-06-06T06:49:48.867 INFO:journalctl@ceph.mgr.x.smithi073.stdout:Jun 06 06:49:48 smithi073 ceph-b6cc6aaa-23d0-11ef-bc9b-c7b262605968-mgr-x[32530]:
2024-06-06T06:49:48.864+0000 7fac2bf7c200 -1 mgr[py] Module rgw has missing NOTIFY_TYPES member
2024-06-06T06:49:49.734 INFO:journalctl@ceph.mgr.x.smithi073.stdout:Jun 06 06:49:49 smithi073 ceph-b6cc6aaa-23d0-11ef-bc9b-c7b262605968-mgr-x[32530]:
2024-06-06T06:49:49.397+0000 7fac2bf7c200 -1 mgr[py] Module prometheus has missing NOTIFY_TYPES member
2024-06-06T06:49:49.735 INFO:journalctl@ceph.mgr.x.smithi073.stdout:Jun 06 06:49:49 smithi073 ceph-b6cc6aaa-23d0-11ef-bc9b-c7b262605968-mgr-x[32530]:
2024-06-06T06:49:49.489+0000 7fac2bf7c200 -1 mgr[py] Module devicehealth has missing NOTIFY_TYPES member
2024-06-06T06:49:50.024 INFO:journalctl@ceph.mgr.x.smithi073.stdout:Jun 06 06:49:49 smithi073 ceph-b6cc6aaa-23d0-11ef-bc9b-c7b262605968-mgr-x[32530]:
2024-06-06T06:49:49.732+0000 7fac2bf7c200 -1 mgr[py] Module telemetry has missing NOTIFY_TYPES member
2024-06-06T06:49:50.025 INFO:journalctl@ceph.mgr.x.smithi073.stdout:Jun 06 06:49:49 smithi073 ceph-b6cc6aaa-23d0-11ef-bc9b-c7b262605968-mgr-x[32530]:
2024-06-06T06:49:49.866+0000 7fac2bf7c200 -1 mgr[py] Module diskprediction_local has missing NOTIFY_TYPES member
2024-06-06T06:49:50.025 INFO:journalctl@ceph.mgr.x.smithi073.stdout:Jun 06 06:49:49 smithi073 ceph-b6cc6aaa-23d0-11ef-bc9b-c7b262605968-mgr-x[32530]:
2024-06-06T06:49:49.963+0000 7fac2bf7c200 -1 mgr[py] Module osd_perf_query has missing NOTIFY_TYPES member
2024-06-06T06:49:50.391 INFO:journalctl@ceph.mgr.x.smithi073.stdout:Jun 06 06:49:50 smithi073 ceph-b6cc6aaa-23d0-11ef-bc9b-c7b262605968-mgr-x[32530]:
2024-06-06T06:49:50.078+0000 7fac2bf7c200 -1 mgr[py] Module rbd_support has missing NOTIFY_TYPES member
2024-06-06T06:49:50.392 INFO:journalctl@ceph.mgr.x.smithi073.stdout:Jun 06 06:49:50 smithi073 ceph-b6cc6aaa-23d0-11ef-bc9b-c7b262605968-mgr-x[32530]:
2024-06-06T06:49:50.389+0000 7fac2bf7c200 -1 mgr[py] Module zabbix has missing NOTIFY_TYPES member
2024-06-06T06:49:51.268 INFO:journalctl@ceph.mgr.x.smithi073.stdout:Jun 06 06:49:50 smithi073 ceph-b6cc6aaa-23d0-11ef-bc9b-c7b262605968-mgr-x[32530]:
2024-06-06T06:49:50.994+0000 7fac2bf7c200 -1 mgr[py] Module status has missing NOTIFY_TYPES member
2024-06-06T06:49:51.268 INFO:journalctl@ceph.mgr.x.smithi073.stdout:Jun 06 06:49:51 smithi073 ceph-b6cc6aaa-23d0-11ef-bc9b-c7b262605968-mgr-x[32530]:
2024-06-06T06:49:51.214+0000 7fac2bf7c200 -1 mgr[py] Module nfs has missing NOTIFY_TYPES member
2024-06-06T06:49:51.525 INFO:journalctl@ceph.mon.a.smithi073.stdout:Jun 06 06:49:51 smithi073 ceph-mon[32303]: Active manager daemon x restarted
2024-06-06T06:49:51.525 INFO:journalctl@ceph.mon.a.smithi073.stdout:Jun 06 06:49:51 smithi073 ceph-mon[32303]: Activating manager daemon x
2024-06-06T06:49:51.525 INFO:journalctl@ceph.mon.a.smithi073.stdout:Jun 06 06:49:51 smithi073 ceph-mon[32303]: osdmap e3: 0 total, 0 up, 0 in
2024-06-06T06:49:51.525 INFO:journalctl@ceph.mon.a.smithi073.stdout:Jun 06 06:49:51 smithi073 ceph-mon[32303]: mgrmap e10: x(active, starting, since 0.00328371s)
2024-06-06T06:49:51.525 INFO:journalctl@ceph.mon.a.smithi073.stdout:Jun 06 06:49:51 smithi073 ceph-mon[32303]: from='mgr.14152 172.21.15.73:0/3070486241' entity='mgr.x' cmd=[{"prefix": "mon metadata", "id": "a"}]: dispatch
2024-06-06T06:49:51.525 INFO:journalctl@ceph.mon.a.smithi073.stdout:Jun 06 06:49:51 smithi073 ceph-mon[32303]: from='mgr.14152 172.21.15.73:0/3070486241' entity='mgr.x' cmd=[{"prefix": "mgr metadata", "who": "x", "id": "x"}]: dispatch
2024-06-06T06:49:51.525 INFO:journalctl@ceph.mon.a.smithi073.stdout:Jun 06 06:49:51 smithi073 ceph-mon[32303]: from='mgr.14152 172.21.15.73:0/3070486241' entity='mgr.x' cmd=[{"prefix": "mds metadata"}]: dispatch
2024-06-06T06:49:51.525 INFO:journalctl@ceph.mon.a.smithi073.stdout:Jun 06 06:49:51 smithi073 ceph-mon[32303]: from='mgr.14152 172.21.15.73:0/3070486241' entity='mgr.x' cmd=[{"prefix": "osd metadata"}]: dispatch
2024-06-06T06:49:51.525 INFO:journalctl@ceph.mon.a.smithi073.stdout:Jun 06 06:49:51 smithi073 ceph-mon[32303]: from='mgr.14152 172.21.15.73:0/3070486241' entity='mgr.x' cmd=[{"prefix": "mon metadata"}]: dispatch
2024-06-06T06:49:51.525 INFO:journalctl@ceph.mon.a.smithi073.stdout:Jun 06 06:49:51 smithi073 ceph-mon[32303]: Manager daemon x is now available
2024-06-06T06:49:51.525 INFO:journalctl@ceph.mon.a.smithi073.stdout:Jun 06 06:49:51 smithi073 ceph-mon[32303]: from='mgr.14152 172.21.15.73:0/3070486241' entity='mgr.x' cmd=[{"prefix": "config dump", "format": "json"}]: dispatch
2024-06-06T06:49:51.525 INFO:journalctl@ceph.mon.a.smithi073.stdout:Jun 06 06:49:51 smithi073 ceph-mon[32303]: from='mgr.14152 172.21.15.73:0/3070486241' entity='mgr.x' cmd=[{"prefix":"config rm","who":"mgr","name":"mgr/rbd_support/x/mirror_snapshot_schedule"}]: dispatch
2024-06-06T06:49:51.526 INFO:journalctl@ceph.mon.a.smithi073.stdout:Jun 06 06:49:51 smithi073 ceph-mon[32303]: from='mgr.14152 172.21.15.73:0/3070486241' entity='mgr.x' cmd=[{"prefix":"config rm","who":"mgr","name":"mgr/rbd_support/x/trash_purge_schedule"}]: dispatch
2024-06-06T06:49:53.069 INFO:teuthology.orchestra.run.smithi073.stdout:/usr/bin/ceph: stdout {
2024-06-06T06:49:53.069 INFO:teuthology.orchestra.run.smithi073.stdout:/usr/bin/ceph: stdout "mgrmap_epoch": 11,
2024-06-06T06:49:53.069 INFO:teuthology.orchestra.run.smithi073.stdout:/usr/bin/ceph: stdout "initialized": true
2024-06-06T06:49:53.069 INFO:teuthology.orchestra.run.smithi073.stdout:/usr/bin/ceph: stdout }
2024-06-06T06:49:53.069 INFO:teuthology.orchestra.run.smithi073.stdout:/usr/bin/ceph: stderr
2024-06-06T06:49:47.292+0000 7f7c6fca2700 1 Processor -- start
2024-06-06T06:49:53.069 INFO:teuthology.orchestra.run.smithi073.stdout:/usr/bin/ceph: stderr
2024-06-06T06:49:47.293+0000 7f7c6fca2700 1 -- start start
2024-06-06T06:49:53.070 INFO:teuthology.orchestra.run.smithi073.stdout:/usr/bin/ceph: stderr
2024-06-06T06:49:47.293+0000 7f7c6fca2700 1 --2- >> [v2:172.21.15.73:3300/0,v1:172.21.15.73:6789/0] conn(0x7f7c68106c10 0x7f7c68107030 unknown :-1 s=NONE pgs=0 cs=0 l=0 rev1=0 crypto rx=0 tx=0 comp rx=0 tx=0).connect
2024-06-06T06:49:53.070 INFO:teuthology.orchestra.run.smithi073.stdout:/usr/bin/ceph: stderr
2024-06-06T06:49:47.293+0000 7f7c6fca2700 1 -- --> [v2:172.21.15.73:3300/0,v1:172.21.15.73:6789/0] -- mon_getmap magic: 0 -- 0x7f7c68107600 con 0x7f7c68106c10
2024-06-06T06:49:53.070 INFO:teuthology.orchestra.run.smithi073.stdout:/usr/bin/ceph: stderr
2024-06-06T06:49:47.293+0000 7f7c6da3e700 1 --2- >> [v2:172.21.15.73:3300/0,v1:172.21.15.73:6789/0] conn(0x7f7c68106c10 0x7f7c68107030 unknown :-1 s=BANNER_CONNECTING pgs=0 cs=0 l=0 rev1=0 crypto rx=0 tx=0 comp rx=0 tx=0)._handle_peer_banner_payload supported=3 required=0
2024-06-06T06:49:53.070 INFO:teuthology.orchestra.run.smithi073.stdout:/usr/bin/ceph: stderr
2024-06-06T06:49:47.293+0000 7f7c6da3e700 1 --2- >> [v2:172.21.15.73:3300/0,v1:172.21.15.73:6789/0] conn(0x7f7c68106c10 0x7f7c68107030 unknown :-1 s=HELLO_CONNECTING pgs=0 cs=0 l=0 rev1=1 crypto rx=0 tx=0 comp rx=0 tx=0).handle_hello peer v2:172.21.15.73:3300/0 says I am v2:172.21.15.73:37428/0 (socket says 172.21.15.73:37428)
2024-06-06T06:49:53.070 INFO:teuthology.orchestra.run.smithi073.stdout:/usr/bin/ceph: stderr
2024-06-06T06:49:47.293+0000 7f7c6da3e700 1 -- 172.21.15.73:0/1156228456 learned_addr learned my addr 172.21.15.73:0/1156228456 (peer_addr_for_me v2:172.21.15.73:0/0)
2024-06-06T06:49:53.070 INFO:teuthology.orchestra.run.smithi073.stdout:/usr/bin/ceph: stderr
2024-06-06T06:49:47.293+0000 7f7c6da3e700 1 -- 172.21.15.73:0/1156228456 --> [v2:172.21.15.73:3300/0,v1:172.21.15.73:6789/0] -- mon_subscribe({config=0+,monmap=0+}) -- 0x7f7c68107dc0 con 0x7f7c68106c10
2024-06-06T06:49:53.070 INFO:teuthology.orchestra.run.smithi073.stdout:/usr/bin/ceph: stderr
2024-06-06T06:49:47.294+0000 7f7c6da3e700 1 --2- 172.21.15.73:0/1156228456 >> [v2:172.21.15.73:3300/0,v1:172.21.15.73:6789/0] conn(0x7f7c68106c10 0x7f7c68107030 secure :-1 s=READY pgs=61 cs=0 l=1 rev1=1 crypto rx=0x7f7c640098a0 tx=0x7f7c64009bb0 comp rx=0 tx=0).ready entity=mon.0 client_cookie=82a8a0e18f143740 server_cookie=0 in_seq=0 out_seq=0
2024-06-06T06:49:53.070 INFO:teuthology.orchestra.run.smithi073.stdout:/usr/bin/ceph: stderr
2024-06-06T06:49:47.294+0000 7f7c6ca3c700 1 -- 172.21.15.73:0/1156228456 <== mon.0 v2:172.21.15.73:3300/0 1 ==== mon_map magic: 0 ==== 205+0+0 (secure 0 0 0) 0x7f7c64004160 con 0x7f7c68106c10
2024-06-06T06:49:53.070 INFO:teuthology.orchestra.run.smithi073.stdout:/usr/bin/ceph: stderr
2024-06-06T06:49:47.294+0000 7f7c6ca3c700 1 -- 172.21.15.73:0/1156228456 <== mon.0 v2:172.21.15.73:3300/0 2 ==== config(26 keys) ==== 1102+0+0 (secure 0 0 0) 0x7f7c64004300 con 0x7f7c68106c10
2024-06-06T06:49:53.070 INFO:teuthology.orchestra.run.smithi073.stdout:/usr/bin/ceph: stderr
2024-06-06T06:49:47.294+0000 7f7c6ca3c700 1 -- 172.21.15.73:0/1156228456 <== mon.0 v2:172.21.15.73:3300/0 3 ==== mon_map magic: 0 ==== 205+0+0 (secure 0 0 0) 0x7f7c64011a50 con 0x7f7c68106c10
2024-06-06T06:49:53.070 INFO:teuthology.orchestra.run.smithi073.stdout:/usr/bin/ceph: stderr
2024-06-06T06:49:47.294+0000 7f7c6fca2700 1 -- 172.21.15.73:0/1156228456 >> [v2:172.21.15.73:3300/0,v1:172.21.15.73:6789/0] conn(0x7f7c68106c10 msgr2=0x7f7c68107030 secure :-1 s=STATE_CONNECTION_ESTABLISHED l=1).mark_down
2024-06-06T06:49:53.070 INFO:teuthology.orchestra.run.smithi073.stdout:/usr/bin/ceph: stderr
2024-06-06T06:49:47.294+0000 7f7c6fca2700 1 --2- 172.21.15.73:0/1156228456 >> [v2:172.21.15.73:3300/0,v1:172.21.15.73:6789/0] conn(0x7f7c68106c10 0x7f7c68107030 secure :-1 s=READY pgs=61 cs=0 l=1 rev1=1 crypto rx=0x7f7c640098a0 tx=0x7f7c64009bb0 comp rx=0 tx=0).stop
2024-06-06T06:49:53.071 INFO:teuthology.orchestra.run.smithi073.stdout:/usr/bin/ceph: stderr
2024-06-06T06:49:47.295+0000 7f7c6fca2700 1 -- 172.21.15.73:0/1156228456 shutdown_connections
2024-06-06T06:49:53.071 INFO:teuthology.orchestra.run.smithi073.stdout:/usr/bin/ceph: stderr
2024-06-06T06:49:47.295+0000 7f7c6fca2700 1 --2- 172.21.15.73:0/1156228456 >> [v2:172.21.15.73:3300/0,v1:172.21.15.73:6789/0] conn(0x7f7c68106c10 0x7f7c68107030 unknown :-1 s=CLOSED pgs=61 cs=0 l=1 rev1=1 crypto rx=0 tx=0 comp rx=0 tx=0).stop
2024-06-06T06:49:53.071 INFO:teuthology.orchestra.run.smithi073.stdout:/usr/bin/ceph: stderr
2024-06-06T06:49:47.295+0000 7f7c6fca2700 1 -- 172.21.15.73:0/1156228456 >> 172.21.15.73:0/1156228456 conn(0x7f7c68102250 msgr2=0x7f7c68104670 unknown :-1 s=STATE_NONE l=0).mark_down
2024-06-06T06:49:53.071 INFO:teuthology.orchestra.run.smithi073.stdout:/usr/bin/ceph: stderr
2024-06-06T06:49:47.295+0000 7f7c6fca2700 1 -- 172.21.15.73:0/1156228456 shutdown_connections
2024-06-06T06:49:53.071 INFO:teuthology.orchestra.run.smithi073.stdout:/usr/bin/ceph: stderr
2024-06-06T06:49:47.295+0000 7f7c6fca2700 1 -- 172.21.15.73:0/1156228456 wait complete.
2024-06-06T06:49:53.071 INFO:teuthology.orchestra.run.smithi073.stdout:/usr/bin/ceph: stderr
2024-06-06T06:49:47.295+0000 7f7c6fca2700 1 Processor -- start
2024-06-06T06:49:53.071 INFO:teuthology.orchestra.run.smithi073.stdout:/usr/bin/ceph: stderr
2024-06-06T06:49:47.295+0000 7f7c6fca2700 1 -- start start
2024-06-06T06:49:53.071 INFO:teuthology.orchestra.run.smithi073.stdout:/usr/bin/ceph: stderr
2024-06-06T06:49:47.295+0000 7f7c6fca2700 1 --2- >> [v2:172.21.15.73:3300/0,v1:172.21.15.73:6789/0] conn(0x7f7c68106c10 0x7f7c6819bbf0 unknown :-1 s=NONE pgs=0 cs=0 l=1 rev1=0 crypto rx=0 tx=0 comp rx=0 tx=0).connect
2024-06-06T06:49:53.071 INFO:teuthology.orchestra.run.smithi073.stdout:/usr/bin/ceph: stderr
2024-06-06T06:49:47.295+0000 7f7c6fca2700 1 -- --> [v2:172.21.15.73:3300/0,v1:172.21.15.73:6789/0] -- mon_getmap magic: 0 -- 0x7f7c6810b170 con 0x7f7c68106c10
2024-06-06T06:49:53.071 INFO:teuthology.orchestra.run.smithi073.stdout:/usr/bin/ceph: stderr
2024-06-06T06:49:47.296+0000 7f7c6da3e700 1 --2- >> [v2:172.21.15.73:3300/0,v1:172.21.15.73:6789/0] conn(0x7f7c68106c10 0x7f7c6819bbf0 unknown :-1 s=BANNER_CONNECTING pgs=0 cs=0 l=1 rev1=0 crypto rx=0 tx=0 comp rx=0 tx=0)._handle_peer_banner_payload supported=3 required=0
2024-06-06T06:49:53.071 INFO:teuthology.orchestra.run.smithi073.stdout:/usr/bin/ceph: stderr
2024-06-06T06:49:47.296+0000 7f7c6da3e700 1 --2- >> [v2:172.21.15.73:3300/0,v1:172.21.15.73:6789/0] conn(0x7f7c68106c10 0x7f7c6819bbf0 unknown :-1 s=HELLO_CONNECTING pgs=0 cs=0 l=1 rev1=1 crypto rx=0 tx=0 comp rx=0 tx=0).handle_hello peer v2:172.21.15.73:3300/0 says I am v2:172.21.15.73:37432/0 (socket says 172.21.15.73:37432)
2024-06-06T06:49:53.071 INFO:teuthology.orchestra.run.smithi073.stdout:/usr/bin/ceph: stderr
2024-06-06T06:49:47.296+0000 7f7c6da3e700 1 -- 172.21.15.73:0/963084767 learned_addr learned my addr 172.21.15.73:0/963084767 (peer_addr_for_me v2:172.21.15.73:0/0)
2024-06-06T06:49:53.072 INFO:teuthology.orchestra.run.smithi073.stdout:/usr/bin/ceph: stderr
2024-06-06T06:49:47.296+0000 7f7c6da3e700 1 -- 172.21.15.73:0/963084767 --> [v2:172.21.15.73:3300/0,v1:172.21.15.73:6789/0] -- mon_subscribe({config=0+,monmap=0+}) -- 0x7f7c6819c130 con 0x7f7c68106c10
2024-06-06T06:49:53.072 INFO:teuthology.orchestra.run.smithi073.stdout:/usr/bin/ceph: stderr
2024-06-06T06:49:47.296+0000 7f7c6da3e700 1 --2- 172.21.15.73:0/963084767 >> [v2:172.21.15.73:3300/0,v1:172.21.15.73:6789/0] conn(0x7f7c68106c10 0x7f7c6819bbf0 secure :-1 s=READY pgs=62 cs=0 l=1 rev1=1 crypto rx=0x7f7c64006b20 tx=0x7f7c64011ad0 comp rx=0 tx=0).ready entity=mon.0 client_cookie=0 server_cookie=0 in_seq=0 out_seq=0
2024-06-06T06:49:53.072 INFO:teuthology.orchestra.run.smithi073.stdout:/usr/bin/ceph: stderr
2024-06-06T06:49:47.296+0000 7f7c5effd700 1 -- 172.21.15.73:0/963084767 <== mon.0 v2:172.21.15.73:3300/0 1 ==== mon_map magic: 0 ==== 205+0+0 (secure 0 0 0) 0x7f7c640039e0 con 0x7f7c68106c10
2024-06-06T06:49:53.072 INFO:teuthology.orchestra.run.smithi073.stdout:/usr/bin/ceph: stderr
2024-06-06T06:49:47.296+0000 7f7c5effd700 1 -- 172.21.15.73:0/963084767 <== mon.0 v2:172.21.15.73:3300/0 2 ==== config(26 keys) ==== 1102+0+0 (secure 0 0 0) 0x7f7c6401a8e0 con 0x7f7c68106c10
2024-06-06T06:49:53.072 INFO:teuthology.orchestra.run.smithi073.stdout:/usr/bin/ceph: stderr
2024-06-06T06:49:47.296+0000 7f7c5effd700 1 -- 172.21.15.73:0/963084767 <== mon.0 v2:172.21.15.73:3300/0 3 ==== mon_map magic: 0 ==== 205+0+0 (secure 0 0 0) 0x7f7c640247e0 con 0x7f7c68106c10
2024-06-06T06:49:53.072 INFO:teuthology.orchestra.run.smithi073.stdout:/usr/bin/ceph: stderr
2024-06-06T06:49:47.296+0000 7f7c6fca2700 1 -- 172.21.15.73:0/963084767 --> [v2:172.21.15.73:3300/0,v1:172.21.15.73:6789/0] -- mon_subscribe({mgrmap=0+}) -- 0x7f7c6819c3c0 con 0x7f7c68106c10
2024-06-06T06:49:53.072 INFO:teuthology.orchestra.run.smithi073.stdout:/usr/bin/ceph: stderr
2024-06-06T06:49:47.296+0000 7f7c6fca2700 1 -- 172.21.15.73:0/963084767 --> [v2:172.21.15.73:3300/0,v1:172.21.15.73:6789/0] -- mon_subscribe({osdmap=0}) -- 0x7f7c6819f0b0 con 0x7f7c68106c10
2024-06-06T06:49:53.072 INFO:teuthology.orchestra.run.smithi073.stdout:/usr/bin/ceph: stderr
2024-06-06T06:49:47.297+0000 7f7c5effd700 1 -- 172.21.15.73:0/963084767 <== mon.0 v2:172.21.15.73:3300/0 4 ==== mgrmap(e 9) ==== 46300+0+0 (secure 0 0 0) 0x7f7c64022020 con 0x7f7c68106c10
2024-06-06T06:49:53.072 INFO:teuthology.orchestra.run.smithi073.stdout:/usr/bin/ceph: stderr
2024-06-06T06:49:47.297+0000 7f7c5effd700 1 --2- 172.21.15.73:0/963084767 >> [v2:172.21.15.73:6800/3054677757,v1:172.21.15.73:6801/3054677757] conn(0x7f7c540390f0 0x7f7c5403b5b0 unknown :-1 s=NONE pgs=0 cs=0 l=1 rev1=0 crypto rx=0 tx=0 comp rx=0 tx=0).connect
2024-06-06T06:49:53.072 INFO:teuthology.orchestra.run.smithi073.stdout:/usr/bin/ceph: stderr
2024-06-06T06:49:47.297+0000 7f7c5effd700 1 -- 172.21.15.73:0/963084767 --> [v2:172.21.15.73:6800/3054677757,v1:172.21.15.73:6801/3054677757] -- command(tid 0: {"prefix": "get_command_descriptions"}) -- 0x7f7c5403bcc0 con 0x7f7c540390f0
2024-06-06T06:49:53.072 INFO:teuthology.orchestra.run.smithi073.stdout:/usr/bin/ceph: stderr
2024-06-06T06:49:47.298+0000 7f7c5effd700 1 -- 172.21.15.73:0/963084767 <== mon.0 v2:172.21.15.73:3300/0 5 ==== osd_map(2..2 src has 1..2) ==== 940+0+0 (secure 0 0 0) 0x7f7c6404d430 con 0x7f7c68106c10
2024-06-06T06:49:53.072 INFO:teuthology.orchestra.run.smithi073.stdout:/usr/bin/ceph: stderr
2024-06-06T06:49:47.298+0000 7f7c6d23d700 1 -- 172.21.15.73:0/963084767 >> [v2:172.21.15.73:6800/3054677757,v1:172.21.15.73:6801/3054677757] conn(0x7f7c540390f0 msgr2=0x7f7c5403b5b0 unknown :-1 s=STATE_CONNECTING_RE l=1).process reconnect failed to v2:172.21.15.73:6800/3054677757
2024-06-06T06:49:53.072 INFO:teuthology.orchestra.run.smithi073.stdout:/usr/bin/ceph: stderr
2024-06-06T06:49:47.298+0000 7f7c6d23d700 1 --2- 172.21.15.73:0/963084767 >> [v2:172.21.15.73:6800/3054677757,v1:172.21.15.73:6801/3054677757] conn(0x7f7c540390f0 0x7f7c5403b5b0 unknown :-1 s=START_CONNECT pgs=0 cs=0 l=1 rev1=0 crypto rx=0 tx=0 comp rx=0 tx=0)._fault waiting 0.200000
2024-06-06T06:49:53.072 INFO:teuthology.orchestra.run.smithi073.stdout:/usr/bin/ceph: stderr
2024-06-06T06:49:47.499+0000 7f7c6d23d700 1 -- 172.21.15.73:0/963084767 >> [v2:172.21.15.73:6800/3054677757,v1:172.21.15.73:6801/3054677757] conn(0x7f7c540390f0 msgr2=0x7f7c5403b5b0 unknown :-1 s=STATE_CONNECTING_RE l=1).process reconnect failed to v2:172.21.15.73:6800/3054677757
2024-06-06T06:49:53.073 INFO:teuthology.orchestra.run.smithi073.stdout:/usr/bin/ceph: stderr
2024-06-06T06:49:47.499+0000 7f7c6d23d700 1 --2- 172.21.15.73:0/963084767 >> [v2:172.21.15.73:6800/3054677757,v1:172.21.15.73:6801/3054677757] conn(0x7f7c540390f0 0x7f7c5403b5b0 unknown :-1 s=START_CONNECT pgs=0 cs=0 l=1 rev1=0 crypto rx=0 tx=0 comp rx=0 tx=0)._fault waiting 0.400000
2024-06-06T06:49:53.073 INFO:teuthology.orchestra.run.smithi073.stdout:/usr/bin/ceph: stderr
2024-06-06T06:49:47.900+0000 7f7c6d23d700 1 -- 172.21.15.73:0/963084767 >> [v2:172.21.15.73:6800/3054677757,v1:172.21.15.73:6801/3054677757] conn(0x7f7c540390f0 msgr2=0x7f7c5403b5b0 unknown :-1 s=STATE_CONNECTING_RE l=1).process reconnect failed to v2:172.21.15.73:6800/3054677757
2024-06-06T06:49:53.073 INFO:teuthology.orchestra.run.smithi073.stdout:/usr/bin/ceph: stderr
2024-06-06T06:49:47.900+0000 7f7c6d23d700 1 --2- 172.21.15.73:0/963084767 >> [v2:172.21.15.73:6800/3054677757,v1:172.21.15.73:6801/3054677757] conn(0x7f7c540390f0 0x7f7c5403b5b0 unknown :-1 s=START_CONNECT pgs=0 cs=0 l=1 rev1=0 crypto rx=0 tx=0 comp rx=0 tx=0)._fault waiting 0.800000
2024-06-06T06:49:53.073 INFO:teuthology.orchestra.run.smithi073.stdout:/usr/bin/ceph: stderr
2024-06-06T06:49:48.701+0000 7f7c6d23d700 1 -- 172.21.15.73:0/963084767 >> [v2:172.21.15.73:6800/3054677757,v1:172.21.15.73:6801/3054677757] conn(0x7f7c540390f0 msgr2=0x7f7c5403b5b0 unknown :-1 s=STATE_CONNECTING_RE l=1).process reconnect failed to v2:172.21.15.73:6800/3054677757
2024-06-06T06:49:53.073 INFO:teuthology.orchestra.run.smithi073.stdout:/usr/bin/ceph: stderr
2024-06-06T06:49:48.701+0000 7f7c6d23d700 1 --2- 172.21.15.73:0/963084767 >> [v2:172.21.15.73:6800/3054677757,v1:172.21.15.73:6801/3054677757] conn(0x7f7c540390f0 0x7f7c5403b5b0 unknown :-1 s=START_CONNECT pgs=0 cs=0 l=1 rev1=0 crypto rx=0 tx=0 comp rx=0 tx=0)._fault waiting 1.600000
2024-06-06T06:49:53.073 INFO:teuthology.orchestra.run.smithi073.stdout:/usr/bin/ceph: stderr
2024-06-06T06:49:50.302+0000 7f7c6d23d700 1 -- 172.21.15.73:0/963084767 >> [v2:172.21.15.73:6800/3054677757,v1:172.21.15.73:6801/3054677757] conn(0x7f7c540390f0 msgr2=0x7f7c5403b5b0 unknown :-1 s=STATE_CONNECTING_RE l=1).process reconnect failed to v2:172.21.15.73:6800/3054677757
2024-06-06T06:49:53.073 INFO:teuthology.orchestra.run.smithi073.stdout:/usr/bin/ceph: stderr
2024-06-06T06:49:50.302+0000 7f7c6d23d700 1 --2- 172.21.15.73:0/963084767 >> [v2:172.21.15.73:6800/3054677757,v1:172.21.15.73:6801/3054677757] conn(0x7f7c540390f0 0x7f7c5403b5b0 unknown :-1 s=START_CONNECT pgs=0 cs=0 l=1 rev1=0 crypto rx=0 tx=0 comp rx=0 tx=0)._fault waiting 3.200000
2024-06-06T06:49:53.073 INFO:teuthology.orchestra.run.smithi073.stdout:/usr/bin/ceph: stderr
2024-06-06T06:49:51.218+0000 7f7c5effd700 1 -- 172.21.15.73:0/963084767 <== mon.0 v2:172.21.15.73:3300/0 6 ==== mgrmap(e 10) ==== 46067+0+0 (secure 0 0 0) 0x7f7c6401a5c0 con 0x7f7c68106c10
2024-06-06T06:49:53.073 INFO:teuthology.orchestra.run.smithi073.stdout:/usr/bin/ceph: stderr
2024-06-06T06:49:51.218+0000 7f7c5effd700 1 -- 172.21.15.73:0/963084767 >> [v2:172.21.15.73:6800/3054677757,v1:172.21.15.73:6801/3054677757] conn(0x7f7c540390f0 msgr2=0x7f7c5403b5b0 unknown :-1 s=STATE_CONNECTING l=1).mark_down
2024-06-06T06:49:53.073 INFO:teuthology.orchestra.run.smithi073.stdout:/usr/bin/ceph: stderr
2024-06-06T06:49:51.218+0000 7f7c5effd700 1 --2- 172.21.15.73:0/963084767 >> [v2:172.21.15.73:6800/3054677757,v1:172.21.15.73:6801/3054677757] conn(0x7f7c540390f0 0x7f7c5403b5b0 unknown :-1 s=START_CONNECT pgs=0 cs=0 l=1 rev1=0 crypto rx=0 tx=0 comp rx=0 tx=0).stop
2024-06-06T06:49:53.073 INFO:teuthology.orchestra.run.smithi073.stdout:/usr/bin/ceph: stderr
2024-06-06T06:49:52.219+0000 7f7c5effd700 1 -- 172.21.15.73:0/963084767 <== mon.0 v2:172.21.15.73:3300/0 7 ==== mgrmap(e 11) ==== 46194+0+0 (secure 0 0 0) 0x7f7c6404f620 con 0x7f7c68106c10
2024-06-06T06:49:53.073 INFO:teuthology.orchestra.run.smithi073.stdout:/usr/bin/ceph: stderr
2024-06-06T06:49:52.219+0000 7f7c5effd700 1 --2- 172.21.15.73:0/963084767 >> [v2:172.21.15.73:6800/793833713,v1:172.21.15.73:6801/793833713] conn(0x7f7c5403cbb0 0x7f7c5403efa0 unknown :-1 s=NONE pgs=0 cs=0 l=1 rev1=0 crypto rx=0 tx=0 comp rx=0 tx=0).connect
2024-06-06T06:49:53.073 INFO:teuthology.orchestra.run.smithi073.stdout:/usr/bin/ceph: stderr
2024-06-06T06:49:52.219+0000 7f7c5effd700 1 -- 172.21.15.73:0/963084767 --> [v2:172.21.15.73:6800/793833713,v1:172.21.15.73:6801/793833713] -- command(tid 0: {"prefix": "get_command_descriptions"}) -- 0x7f7c5403bcc0 con 0x7f7c5403cbb0
2024-06-06T06:49:53.074 INFO:teuthology.orchestra.run.smithi073.stdout:/usr/bin/ceph: stderr
2024-06-06T06:49:52.220+0000 7f7c6d23d700 1 --2- 172.21.15.73:0/963084767 >> [v2:172.21.15.73:6800/793833713,v1:172.21.15.73:6801/793833713] conn(0x7f7c5403cbb0 0x7f7c5403efa0 unknown :-1 s=BANNER_CONNECTING pgs=0 cs=0 l=1 rev1=0 crypto rx=0 tx=0 comp rx=0 tx=0)._handle_peer_banner_payload supported=3 required=0
2024-06-06T06:49:53.074 INFO:teuthology.orchestra.run.smithi073.stdout:/usr/bin/ceph: stderr
2024-06-06T06:49:52.220+0000 7f7c6d23d700 1 --2- 172.21.15.73:0/963084767 >> [v2:172.21.15.73:6800/793833713,v1:172.21.15.73:6801/793833713] conn(0x7f7c5403cbb0 0x7f7c5403efa0 secure :-1 s=READY pgs=2 cs=0 l=1 rev1=1 crypto rx=0x7f7c58003a10 tx=0x7f7c58009270 comp rx=0 tx=0).ready entity=mgr.14152 client_cookie=0 server_cookie=0 in_seq=0 out_seq=0
2024-06-06T06:49:53.074 INFO:teuthology.orchestra.run.smithi073.stdout:/usr/bin/ceph: stderr
2024-06-06T06:49:52.221+0000 7f7c5effd700 1 -- 172.21.15.73:0/963084767 <== mgr.14152 v2:172.21.15.73:6800/793833713 1 ==== command_reply(tid 0: 0 ) ==== 8+0+7774 (secure 0 0 0) 0x7f7c5403bcc0 con 0x7f7c5403cbb0
2024-06-06T06:49:53.074 INFO:teuthology.orchestra.run.smithi073.stdout:/usr/bin/ceph: stderr
2024-06-06T06:49:52.228+0000 7f7c6fca2700 1 -- 172.21.15.73:0/963084767 --> [v2:172.21.15.73:6800/793833713,v1:172.21.15.73:6801/793833713] -- command(tid 1: {"prefix": "mgr_status"}) -- 0x7f7c6810afc0 con 0x7f7c5403cbb0
2024-06-06T06:49:53.074 INFO:teuthology.orchestra.run.smithi073.stdout:/usr/bin/ceph: stderr
2024-06-06T06:49:52.228+0000 7f7c5effd700 1 -- 172.21.15.73:0/963084767 <== mgr.14152 v2:172.21.15.73:6800/793833713 2 ==== command_reply(tid 1: 0 ) ==== 8+0+52 (secure 0 0 0) 0x7f7c6810afc0 con 0x7f7c5403cbb0
2024-06-06T06:49:53.074 INFO:teuthology.orchestra.run.smithi073.stdout:/usr/bin/ceph: stderr
2024-06-06T06:49:52.228+0000 7f7c6fca2700 1 -- 172.21.15.73:0/963084767 >> [v2:172.21.15.73:6800/793833713,v1:172.21.15.73:6801/793833713] conn(0x7f7c5403cbb0 msgr2=0x7f7c5403efa0 secure :-1 s=STATE_CONNECTION_ESTABLISHED l=1).mark_down
2024-06-06T06:49:53.074 INFO:teuthology.orchestra.run.smithi073.stdout:/usr/bin/ceph: stderr
2024-06-06T06:49:52.228+0000 7f7c6fca2700 1 --2- 172.21.15.73:0/963084767 >> [v2:172.21.15.73:6800/793833713,v1:172.21.15.73:6801/793833713] conn(0x7f7c5403cbb0 0x7f7c5403efa0 secure :-1 s=READY pgs=2 cs=0 l=1 rev1=1 crypto rx=0x7f7c58003a10 tx=0x7f7c58009270 comp rx=0 tx=0).stop
2024-06-06T06:49:53.074 INFO:teuthology.orchestra.run.smithi073.stdout:/usr/bin/ceph: stderr
2024-06-06T06:49:52.228+0000 7f7c6fca2700 1 -- 172.21.15.73:0/963084767 >> [v2:172.21.15.73:3300/0,v1:172.21.15.73:6789/0] conn(0x7f7c68106c10 msgr2=0x7f7c6819bbf0 secure :-1 s=STATE_CONNECTION_ESTABLISHED l=1).mark_down
2024-06-06T06:49:53.074 INFO:teuthology.orchestra.run.smithi073.stdout:/usr/bin/ceph: stderr
2024-06-06T06:49:52.228+0000 7f7c6fca2700 1 --2- 172.21.15.73:0/963084767 >> [v2:172.21.15.73:3300/0,v1:172.21.15.73:6789/0] conn(0x7f7c68106c10 0x7f7c6819bbf0 secure :-1 s=READY pgs=62 cs=0 l=1 rev1=1 crypto rx=0x7f7c64006b20 tx=0x7f7c64011ad0 comp rx=0 tx=0).stop
2024-06-06T06:49:53.074 INFO:teuthology.orchestra.run.smithi073.stdout:/usr/bin/ceph: stderr
2024-06-06T06:49:52.228+0000 7f7c6fca2700 1 -- 172.21.15.73:0/963084767 shutdown_connections
2024-06-06T06:49:53.074 INFO:teuthology.orchestra.run.smithi073.stdout:/usr/bin/ceph: stderr
2024-06-06T06:49:52.228+0000 7f7c6fca2700 1 --2- 172.21.15.73:0/963084767 >> [v2:172.21.15.73:6800/793833713,v1:172.21.15.73:6801/793833713] conn(0x7f7c5403cbb0 0x7f7c5403efa0 unknown :-1 s=CLOSED pgs=2 cs=0 l=1 rev1=1 crypto rx=0 tx=0 comp rx=0 tx=0).stop
2024-06-06T06:49:53.074 INFO:teuthology.orchestra.run.smithi073.stdout:/usr/bin/ceph: stderr
2024-06-06T06:49:52.228+0000 7f7c6fca2700 1 --2- 172.21.15.73:0/963084767 >> [v2:172.21.15.73:3300/0,v1:172.21.15.73:6789/0] conn(0x7f7c68106c10 0x7f7c6819bbf0 unknown :-1 s=CLOSED pgs=62 cs=0 l=1 rev1=1 crypto rx=0 tx=0 comp rx=0 tx=0).stop
2024-06-06T06:49:53.074 INFO:teuthology.orchestra.run.smithi073.stdout:/usr/bin/ceph: stderr
2024-06-06T06:49:52.228+0000 7f7c6fca2700 1 --2- 172.21.15.73:0/963084767 >> [v2:172.21.15.73:6800/3054677757,v1:172.21.15.73:6801/3054677757] conn(0x7f7c540390f0 0x7f7c5403b5b0 unknown :-1 s=CLOSED pgs=0 cs=0 l=1 rev1=0 crypto rx=0 tx=0 comp rx=0 tx=0).stop
2024-06-06T06:49:53.075 INFO:teuthology.orchestra.run.smithi073.stdout:/usr/bin/ceph: stderr
2024-06-06T06:49:52.228+0000 7f7c6fca2700 1 -- 172.21.15.73:0/963084767 >> 172.21.15.73:0/963084767 conn(0x7f7c68102250 msgr2=0x7f7c68102cb0 unknown :-1 s=STATE_NONE l=0).mark_down
2024-06-06T06:49:53.075 INFO:teuthology.orchestra.run.smithi073.stdout:/usr/bin/ceph: stderr
2024-06-06T06:49:52.228+0000 7f7c6fca2700 1 -- 172.21.15.73:0/963084767 shutdown_connections
2024-06-06T06:49:53.075 INFO:teuthology.orchestra.run.smithi073.stdout:/usr/bin/ceph: stderr
2024-06-06T06:49:52.228+0000 7f7c6fca2700 1 -- 172.21.15.73:0/963084767 wait complete.
2024-06-06T06:49:53.075 INFO:teuthology.orchestra.run.smithi073.stdout:mgr epoch 9 is available
2024-06-06T06:49:53.075 INFO:teuthology.orchestra.run.smithi073.stdout:Generating a dashboard self-signed certificate...
2024-06-06T06:49:53.388 INFO:journalctl@ceph.mon.a.smithi073.stdout:Jun 06 06:49:53 smithi073 ceph-mon[32303]: [06/Jun/2024:06:49:52] ENGINE Bus STARTING
2024-06-06T06:49:53.388 INFO:journalctl@ceph.mon.a.smithi073.stdout:Jun 06 06:49:53 smithi073 ceph-mon[32303]: from='client.14156 -' entity='client.admin' cmd=[{"prefix": "get_command_descriptions"}]: dispatch
2024-06-06T06:49:53.389 INFO:journalctl@ceph.mon.a.smithi073.stdout:Jun 06 06:49:53 smithi073 ceph-mon[32303]: mgrmap e11: x(active, since 1.00603s)
2024-06-06T06:49:53.389 INFO:journalctl@ceph.mon.a.smithi073.stdout:Jun 06 06:49:53 smithi073 ceph-mon[32303]: from='client.14156 -' entity='client.admin' cmd=[{"prefix": "mgr_status"}]: dispatch
2024-06-06T06:49:53.389 INFO:journalctl@ceph.mon.a.smithi073.stdout:Jun 06 06:49:53 smithi073 ceph-mon[32303]: from='mgr.14152 172.21.15.73:0/3070486241' entity='mgr.x'
2024-06-06T06:49:54.366 INFO:teuthology.orchestra.run.smithi073.stdout:/usr/bin/ceph: stdout Self-signed certificate created
2024-06-06T06:49:54.367 INFO:teuthology.orchestra.run.smithi073.stdout:/usr/bin/ceph: stderr
2024-06-06T06:49:53.491+0000 7f6db8af1700 1 Processor -- start
2024-06-06T06:49:54.367 INFO:teuthology.orchestra.run.smithi073.stdout:/usr/bin/ceph: stderr
2024-06-06T06:49:53.491+0000 7f6db8af1700 1 -- start start
2024-06-06T06:49:54.367 INFO:teuthology.orchestra.run.smithi073.stdout:/usr/bin/ceph: stderr
2024-06-06T06:49:53.491+0000 7f6db8af1700 1 --2- >> [v2:172.21.15.73:3300/0,v1:172.21.15.73:6789/0] conn(0x7f6db41081e0 0x7f6db4108600 unknown :-1 s=NONE pgs=0 cs=0 l=0 rev1=0 crypto rx=0 tx=0 comp rx=0 tx=0).connect
2024-06-06T06:49:54.367 INFO:teuthology.orchestra.run.smithi073.stdout:/usr/bin/ceph: stderr
2024-06-06T06:49:53.491+0000 7f6db8af1700 1 -- --> [v2:172.21.15.73:3300/0,v1:172.21.15.73:6789/0] -- mon_getmap magic: 0 -- 0x7f6db4108bd0 con 0x7f6db41081e0
2024-06-06T06:49:54.367 INFO:teuthology.orchestra.run.smithi073.stdout:/usr/bin/ceph: stderr
2024-06-06T06:49:53.491+0000 7f6db259c700 1 --2- >> [v2:172.21.15.73:3300/0,v1:172.21.15.73:6789/0] conn(0x7f6db41081e0 0x7f6db4108600 unknown :-1 s=BANNER_CONNECTING pgs=0 cs=0 l=0 rev1=0 crypto rx=0 tx=0 comp rx=0 tx=0)._handle_peer_banner_payload supported=3 required=0
2024-06-06T06:49:54.367 INFO:teuthology.orchestra.run.smithi073.stdout:/usr/bin/ceph: stderr
2024-06-06T06:49:53.492+0000 7f6db259c700 1 --2- >> [v2:172.21.15.73:3300/0,v1:172.21.15.73:6789/0] conn(0x7f6db41081e0 0x7f6db4108600 unknown :-1 s=HELLO_CONNECTING pgs=0 cs=0 l=0 rev1=1 crypto rx=0 tx=0 comp rx=0 tx=0).handle_hello peer v2:172.21.15.73:3300/0 says I am v2:172.21.15.73:37498/0 (socket says 172.21.15.73:37498)
2024-06-06T06:49:54.367 INFO:teuthology.orchestra.run.smithi073.stdout:/usr/bin/ceph: stderr
2024-06-06T06:49:53.492+0000 7f6db259c700 1 -- 172.21.15.73:0/1327330373 learned_addr learned my addr 172.21.15.73:0/1327330373 (peer_addr_for_me v2:172.21.15.73:0/0)
2024-06-06T06:49:54.367 INFO:teuthology.orchestra.run.smithi073.stdout:/usr/bin/ceph: stderr
2024-06-06T06:49:53.492+0000 7f6db259c700 1 -- 172.21.15.73:0/1327330373 --> [v2:172.21.15.73:3300/0,v1:172.21.15.73:6789/0] -- mon_subscribe({config=0+,monmap=0+}) -- 0x7f6db4106e40 con 0x7f6db41081e0
2024-06-06T06:49:54.367 INFO:teuthology.orchestra.run.smithi073.stdout:/usr/bin/ceph: stderr
2024-06-06T06:49:53.492+0000 7f6db259c700 1 --2- 172.21.15.73:0/1327330373 >> [v2:172.21.15.73:3300/0,v1:172.21.15.73:6789/0] conn(0x7f6db41081e0 0x7f6db4108600 secure :-1 s=READY pgs=70 cs=0 l=1 rev1=1 crypto rx=0x7f6da40098a0 tx=0x7f6da4009bb0 comp rx=0 tx=0).ready entity=mon.0 client_cookie=d8cc9e76603fe0a0 server_cookie=0 in_seq=0 out_seq=0
2024-06-06T06:49:54.367 INFO:teuthology.orchestra.run.smithi073.stdout:/usr/bin/ceph: stderr
2024-06-06T06:49:53.492+0000 7f6db159a700 1 -- 172.21.15.73:0/1327330373 <== mon.0 v2:172.21.15.73:3300/0 1 ==== mon_map magic: 0 ==== 205+0+0 (secure 0 0 0) 0x7f6da4004160 con 0x7f6db41081e0
2024-06-06T06:49:54.367 INFO:teuthology.orchestra.run.smithi073.stdout:/usr/bin/ceph: stderr
2024-06-06T06:49:53.492+0000 7f6db159a700 1 -- 172.21.15.73:0/1327330373 <== mon.0 v2:172.21.15.73:3300/0 2 ==== config(26 keys) ==== 1102+0+0 (secure 0 0 0) 0x7f6da4004300 con 0x7f6db41081e0
2024-06-06T06:49:54.368 INFO:teuthology.orchestra.run.smithi073.stdout:/usr/bin/ceph: stderr
2024-06-06T06:49:53.492+0000 7f6db159a700 1 -- 172.21.15.73:0/1327330373 <== mon.0 v2:172.21.15.73:3300/0 3 ==== mon_map magic: 0 ==== 205+0+0 (secure 0 0 0) 0x7f6da4011a50 con 0x7f6db41081e0
2024-06-06T06:49:54.368 INFO:teuthology.orchestra.run.smithi073.stdout:/usr/bin/ceph: stderr
2024-06-06T06:49:53.493+0000 7f6db8af1700 1 -- 172.21.15.73:0/1327330373 >> [v2:172.21.15.73:3300/0,v1:172.21.15.73:6789/0] conn(0x7f6db41081e0 msgr2=0x7f6db4108600 secure :-1 s=STATE_CONNECTION_ESTABLISHED l=1).mark_down
2024-06-06T06:49:54.368 INFO:teuthology.orchestra.run.smithi073.stdout:/usr/bin/ceph: stderr
2024-06-06T06:49:53.493+0000 7f6db8af1700 1 --2- 172.21.15.73:0/1327330373 >> [v2:172.21.15.73:3300/0,v1:172.21.15.73:6789/0] conn(0x7f6db41081e0 0x7f6db4108600 secure :-1 s=READY pgs=70 cs=0 l=1 rev1=1 crypto rx=0x7f6da40098a0 tx=0x7f6da4009bb0 comp rx=0 tx=0).stop
2024-06-06T06:49:54.368 INFO:teuthology.orchestra.run.smithi073.stdout:/usr/bin/ceph: stderr
2024-06-06T06:49:53.493+0000 7f6db8af1700 1 -- 172.21.15.73:0/1327330373 shutdown_connections
2024-06-06T06:49:54.368 INFO:teuthology.orchestra.run.smithi073.stdout:/usr/bin/ceph: stderr
2024-06-06T06:49:53.493+0000 7f6db8af1700 1 --2- 172.21.15.73:0/1327330373 >> [v2:172.21.15.73:3300/0,v1:172.21.15.73:6789/0] conn(0x7f6db41081e0 0x7f6db4108600 unknown :-1 s=CLOSED pgs=70 cs=0 l=1 rev1=1 crypto rx=0 tx=0 comp rx=0 tx=0).stop
2024-06-06T06:49:54.368 INFO:teuthology.orchestra.run.smithi073.stdout:/usr/bin/ceph: stderr
2024-06-06T06:49:53.493+0000 7f6db8af1700 1 -- 172.21.15.73:0/1327330373 >> 172.21.15.73:0/1327330373 conn(0x7f6db4101910 msgr2=0x7f6db4103d30 unknown :-1 s=STATE_NONE l=0).mark_down
2024-06-06T06:49:54.368 INFO:teuthology.orchestra.run.smithi073.stdout:/usr/bin/ceph: stderr
2024-06-06T06:49:53.493+0000 7f6db8af1700 1 -- 172.21.15.73:0/1327330373 shutdown_connections
2024-06-06T06:49:54.368 INFO:teuthology.orchestra.run.smithi073.stdout:/usr/bin/ceph: stderr
2024-06-06T06:49:53.493+0000 7f6db8af1700 1 -- 172.21.15.73:0/1327330373 wait complete.
2024-06-06T06:49:54.368 INFO:teuthology.orchestra.run.smithi073.stdout:/usr/bin/ceph: stderr
2024-06-06T06:49:53.494+0000 7f6db8af1700 1 Processor -- start
2024-06-06T06:49:54.368 INFO:teuthology.orchestra.run.smithi073.stdout:/usr/bin/ceph: stderr
2024-06-06T06:49:53.494+0000 7f6db8af1700 1 -- start start
2024-06-06T06:49:54.368 INFO:teuthology.orchestra.run.smithi073.stdout:/usr/bin/ceph: stderr
2024-06-06T06:49:53.494+0000 7f6db8af1700 1 --2- >> [v2:172.21.15.73:3300/0,v1:172.21.15.73:6789/0] conn(0x7f6db41081e0 0x7f6db419bcc0 unknown :-1 s=NONE pgs=0 cs=0 l=1 rev1=0 crypto rx=0 tx=0 comp rx=0 tx=0).connect
2024-06-06T06:49:54.368 INFO:teuthology.orchestra.run.smithi073.stdout:/usr/bin/ceph: stderr
2024-06-06T06:49:53.494+0000 7f6db8af1700 1 -- --> [v2:172.21.15.73:3300/0,v1:172.21.15.73:6789/0] -- mon_getmap magic: 0 -- 0x7f6db410b200 con 0x7f6db41081e0
2024-06-06T06:49:54.368 INFO:teuthology.orchestra.run.smithi073.stdout:/usr/bin/ceph: stderr
2024-06-06T06:49:53.494+0000 7f6db259c700 1 --2- >> [v2:172.21.15.73:3300/0,v1:172.21.15.73:6789/0] conn(0x7f6db41081e0 0x7f6db419bcc0 unknown :-1 s=BANNER_CONNECTING pgs=0 cs=0 l=1 rev1=0 crypto rx=0 tx=0 comp rx=0 tx=0)._handle_peer_banner_payload supported=3 required=0
2024-06-06T06:49:54.368 INFO:teuthology.orchestra.run.smithi073.stdout:/usr/bin/ceph: stderr
2024-06-06T06:49:53.494+0000 7f6db259c700 1 --2- >> [v2:172.21.15.73:3300/0,v1:172.21.15.73:6789/0] conn(0x7f6db41081e0 0x7f6db419bcc0 unknown :-1 s=HELLO_CONNECTING pgs=0 cs=0 l=1 rev1=1 crypto rx=0 tx=0 comp rx=0 tx=0).handle_hello peer v2:172.21.15.73:3300/0 says I am v2:172.21.15.73:37510/0 (socket says 172.21.15.73:37510)
2024-06-06T06:49:54.369 INFO:teuthology.orchestra.run.smithi073.stdout:/usr/bin/ceph: stderr
2024-06-06T06:49:53.494+0000 7f6db259c700 1 -- 172.21.15.73:0/2635184626 learned_addr learned my addr 172.21.15.73:0/2635184626 (peer_addr_for_me v2:172.21.15.73:0/0)
2024-06-06T06:49:54.369 INFO:teuthology.orchestra.run.smithi073.stdout:/usr/bin/ceph: stderr
2024-06-06T06:49:53.495+0000 7f6db259c700 1 -- 172.21.15.73:0/2635184626 --> [v2:172.21.15.73:3300/0,v1:172.21.15.73:6789/0] -- mon_subscribe({config=0+,monmap=0+}) -- 0x7f6db419c200 con 0x7f6db41081e0
2024-06-06T06:49:54.369 INFO:teuthology.orchestra.run.smithi073.stdout:/usr/bin/ceph: stderr
2024-06-06T06:49:53.495+0000 7f6db259c700 1 --2- 172.21.15.73:0/2635184626 >> [v2:172.21.15.73:3300/0,v1:172.21.15.73:6789/0] conn(0x7f6db41081e0 0x7f6db419bcc0 secure :-1 s=READY pgs=71 cs=0 l=1 rev1=1 crypto rx=0x7f6da4011a20 tx=0x7f6da4011b00 comp rx=0 tx=0).ready entity=mon.0 client_cookie=0 server_cookie=0 in_seq=0 out_seq=0
2024-06-06T06:49:54.369 INFO:teuthology.orchestra.run.smithi073.stdout:/usr/bin/ceph: stderr
2024-06-06T06:49:53.495+0000 7f6da37fe700 1 -- 172.21.15.73:0/2635184626 <== mon.0 v2:172.21.15.73:3300/0 1 ==== mon_map magic: 0 ==== 205+0+0 (secure 0 0 0) 0x7f6da4003af0 con 0x7f6db41081e0
2024-06-06T06:49:54.369 INFO:teuthology.orchestra.run.smithi073.stdout:/usr/bin/ceph: stderr
2024-06-06T06:49:53.495+0000 7f6da37fe700 1 -- 172.21.15.73:0/2635184626 <== mon.0 v2:172.21.15.73:3300/0 2 ==== config(26 keys) ==== 1102+0+0 (secure 0 0 0) 0x7f6da401a8e0 con 0x7f6db41081e0
2024-06-06T06:49:54.369 INFO:teuthology.orchestra.run.smithi073.stdout:/usr/bin/ceph: stderr
2024-06-06T06:49:53.495+0000 7f6db8af1700 1 -- 172.21.15.73:0/2635184626 --> [v2:172.21.15.73:3300/0,v1:172.21.15.73:6789/0] -- mon_subscribe({mgrmap=0+}) -- 0x7f6db419c490 con 0x7f6db41081e0
2024-06-06T06:49:54.369 INFO:teuthology.orchestra.run.smithi073.stdout:/usr/bin/ceph: stderr
2024-06-06T06:49:53.495+0000 7f6da37fe700 1 -- 172.21.15.73:0/2635184626 <== mon.0 v2:172.21.15.73:3300/0 3 ==== mon_map magic: 0 ==== 205+0+0 (secure 0 0 0) 0x7f6da4024860 con 0x7f6db41081e0
2024-06-06T06:49:54.369 INFO:teuthology.orchestra.run.smithi073.stdout:/usr/bin/ceph: stderr
2024-06-06T06:49:53.495+0000 7f6db8af1700 1 -- 172.21.15.73:0/2635184626 --> [v2:172.21.15.73:3300/0,v1:172.21.15.73:6789/0] -- mon_subscribe({osdmap=0}) -- 0x7f6db419f180 con 0x7f6db41081e0
2024-06-06T06:49:54.369 INFO:teuthology.orchestra.run.smithi073.stdout:/usr/bin/ceph: stderr
2024-06-06T06:49:53.496+0000 7f6da37fe700 1 -- 172.21.15.73:0/2635184626 <== mon.0 v2:172.21.15.73:3300/0 4 ==== mgrmap(e 11) ==== 46194+0+0 (secure 0 0 0) 0x7f6da4022020 con 0x7f6db41081e0
2024-06-06T06:49:54.369 INFO:teuthology.orchestra.run.smithi073.stdout:/usr/bin/ceph: stderr
2024-06-06T06:49:53.496+0000 7f6da37fe700 1 --2- 172.21.15.73:0/2635184626 >> [v2:172.21.15.73:6800/793833713,v1:172.21.15.73:6801/793833713] conn(0x7f6d9c038ff0 0x7f6d9c03b4b0 unknown :-1 s=NONE pgs=0 cs=0 l=1 rev1=0 crypto rx=0 tx=0 comp rx=0 tx=0).connect
2024-06-06T06:49:54.369 INFO:teuthology.orchestra.run.smithi073.stdout:/usr/bin/ceph: stderr
2024-06-06T06:49:53.496+0000 7f6da37fe700 1 -- 172.21.15.73:0/2635184626 <== mon.0 v2:172.21.15.73:3300/0 5 ==== osd_map(3..3 src has 1..3) ==== 1155+0+0 (secure 0 0 0) 0x7f6da404e100 con 0x7f6db41081e0
2024-06-06T06:49:54.369 INFO:teuthology.orchestra.run.smithi073.stdout:/usr/bin/ceph: stderr
2024-06-06T06:49:53.496+0000 7f6db8af1700 1 -- 172.21.15.73:0/2635184626 --> [v2:172.21.15.73:3300/0,v1:172.21.15.73:6789/0] -- mon_command({"prefix": "get_command_descriptions"} v 0) -- 0x7f6db4063af0 con 0x7f6db41081e0
2024-06-06T06:49:54.369 INFO:teuthology.orchestra.run.smithi073.stdout:/usr/bin/ceph: stderr
2024-06-06T06:49:53.496+0000 7f6db1d9b700 1 --2- 172.21.15.73:0/2635184626 >> [v2:172.21.15.73:6800/793833713,v1:172.21.15.73:6801/793833713] conn(0x7f6d9c038ff0 0x7f6d9c03b4b0 unknown :-1 s=BANNER_CONNECTING pgs=0 cs=0 l=1 rev1=0 crypto rx=0 tx=0 comp rx=0 tx=0)._handle_peer_banner_payload supported=3 required=0
2024-06-06T06:49:54.370 INFO:teuthology.orchestra.run.smithi073.stdout:/usr/bin/ceph: stderr
