2024-06-06T06:49:12.532 INFO:teuthology.orchestra.run.smithi073.stdout:/usr/bin/ceph: stdout "num_objects": 0,
2024-06-06T06:49:12.532 INFO:teuthology.orchestra.run.smithi073.stdout:/usr/bin/ceph: stdout "data_bytes": 0,
2024-06-06T06:49:12.532 INFO:teuthology.orchestra.run.smithi073.stdout:/usr/bin/ceph: stdout "bytes_used": 0,
2024-06-06T06:49:12.532 INFO:teuthology.orchestra.run.smithi073.stdout:/usr/bin/ceph: stdout "bytes_avail": 0,
2024-06-06T06:49:12.532 INFO:teuthology.orchestra.run.smithi073.stdout:/usr/bin/ceph: stdout "bytes_total": 0
2024-06-06T06:49:12.532 INFO:teuthology.orchestra.run.smithi073.stdout:/usr/bin/ceph: stdout },
2024-06-06T06:49:12.532 INFO:teuthology.orchestra.run.smithi073.stdout:/usr/bin/ceph: stdout "fsmap": {
2024-06-06T06:49:12.532 INFO:teuthology.orchestra.run.smithi073.stdout:/usr/bin/ceph: stdout "epoch": 1,
2024-06-06T06:49:12.532 INFO:teuthology.orchestra.run.smithi073.stdout:/usr/bin/ceph: stdout "by_rank": [],
2024-06-06T06:49:12.532 INFO:teuthology.orchestra.run.smithi073.stdout:/usr/bin/ceph: stdout "up:standby": 0
2024-06-06T06:49:12.532 INFO:teuthology.orchestra.run.smithi073.stdout:/usr/bin/ceph: stdout },
2024-06-06T06:49:12.532 INFO:teuthology.orchestra.run.smithi073.stdout:/usr/bin/ceph: stdout "mgrmap": {
2024-06-06T06:49:12.533 INFO:teuthology.orchestra.run.smithi073.stdout:/usr/bin/ceph: stdout "available": false,
2024-06-06T06:49:12.533 INFO:teuthology.orchestra.run.smithi073.stdout:/usr/bin/ceph: stdout "num_standbys": 0,
2024-06-06T06:49:12.533 INFO:teuthology.orchestra.run.smithi073.stdout:/usr/bin/ceph: stdout "modules": [
2024-06-06T06:49:12.533 INFO:teuthology.orchestra.run.smithi073.stdout:/usr/bin/ceph: stdout "iostat",
2024-06-06T06:49:12.533 INFO:teuthology.orchestra.run.smithi073.stdout:/usr/bin/ceph: stdout "nfs",
2024-06-06T06:49:12.533 INFO:teuthology.orchestra.run.smithi073.stdout:/usr/bin/ceph: stdout "restful"
2024-06-06T06:49:12.533 INFO:teuthology.orchestra.run.smithi073.stdout:/usr/bin/ceph: stdout ],
2024-06-06T06:49:12.533 INFO:teuthology.orchestra.run.smithi073.stdout:/usr/bin/ceph: stdout "services": {}
2024-06-06T06:49:12.533 INFO:teuthology.orchestra.run.smithi073.stdout:/usr/bin/ceph: stdout },
2024-06-06T06:49:12.533 INFO:teuthology.orchestra.run.smithi073.stdout:/usr/bin/ceph: stdout "servicemap": {
2024-06-06T06:49:12.533 INFO:teuthology.orchestra.run.smithi073.stdout:/usr/bin/ceph: stdout "epoch": 1,
2024-06-06T06:49:12.533 INFO:teuthology.orchestra.run.smithi073.stdout:/usr/bin/ceph: stdout "modified": "2024-06-06T06:48:47.254721+0000",
2024-06-06T06:49:12.533 INFO:teuthology.orchestra.run.smithi073.stdout:/usr/bin/ceph: stdout "services": {}
2024-06-06T06:49:12.533 INFO:teuthology.orchestra.run.smithi073.stdout:/usr/bin/ceph: stdout },
2024-06-06T06:49:12.534 INFO:teuthology.orchestra.run.smithi073.stdout:/usr/bin/ceph: stdout "progress_events": {}
2024-06-06T06:49:12.534 INFO:teuthology.orchestra.run.smithi073.stdout:/usr/bin/ceph: stdout }
2024-06-06T06:49:12.534 INFO:teuthology.orchestra.run.smithi073.stdout:/usr/bin/ceph: stderr
2024-06-06T06:49:11.044+0000 7f0ffbd39700 1 Processor -- start
2024-06-06T06:49:12.534 INFO:teuthology.orchestra.run.smithi073.stdout:/usr/bin/ceph: stderr
2024-06-06T06:49:11.044+0000 7f0ffbd39700 1 -- start start
2024-06-06T06:49:12.534 INFO:teuthology.orchestra.run.smithi073.stdout:/usr/bin/ceph: stderr
2024-06-06T06:49:11.044+0000 7f0ffbd39700 1 --2- >> [v2:172.21.15.73:3300/0,v1:172.21.15.73:6789/0] conn(0x7f0ff41092d0 0x7f0ff41096f0 unknown :-1 s=NONE pgs=0 cs=0 l=0 rev1=0 crypto rx=0 tx=0 comp rx=0 tx=0).connect
2024-06-06T06:49:12.534 INFO:teuthology.orchestra.run.smithi073.stdout:/usr/bin/ceph: stderr
2024-06-06T06:49:11.044+0000 7f0ffbd39700 1 -- --> [v2:172.21.15.73:3300/0,v1:172.21.15.73:6789/0] -- mon_getmap magic: 0 -- 0x7f0ff4109cc0 con 0x7f0ff41092d0
2024-06-06T06:49:12.534 INFO:teuthology.orchestra.run.smithi073.stdout:/usr/bin/ceph: stderr
2024-06-06T06:49:11.044+0000 7f0ff9ad5700 1 --2- >> [v2:172.21.15.73:3300/0,v1:172.21.15.73:6789/0] conn(0x7f0ff41092d0 0x7f0ff41096f0 unknown :-1 s=BANNER_CONNECTING pgs=0 cs=0 l=0 rev1=0 crypto rx=0 tx=0 comp rx=0 tx=0)._handle_peer_banner_payload supported=3 required=0
2024-06-06T06:49:12.534 INFO:teuthology.orchestra.run.smithi073.stdout:/usr/bin/ceph: stderr
2024-06-06T06:49:11.044+0000 7f0ff9ad5700 1 --2- >> [v2:172.21.15.73:3300/0,v1:172.21.15.73:6789/0] conn(0x7f0ff41092d0 0x7f0ff41096f0 unknown :-1 s=HELLO_CONNECTING pgs=0 cs=0 l=0 rev1=1 crypto rx=0 tx=0 comp rx=0 tx=0).handle_hello peer v2:172.21.15.73:3300/0 says I am v2:172.21.15.73:46748/0 (socket says 172.21.15.73:46748)
2024-06-06T06:49:12.534 INFO:teuthology.orchestra.run.smithi073.stdout:/usr/bin/ceph: stderr
2024-06-06T06:49:11.044+0000 7f0ff9ad5700 1 -- 172.21.15.73:0/1052175221 learned_addr learned my addr 172.21.15.73:0/1052175221 (peer_addr_for_me v2:172.21.15.73:0/0)
2024-06-06T06:49:12.534 INFO:teuthology.orchestra.run.smithi073.stdout:/usr/bin/ceph: stderr
2024-06-06T06:49:11.045+0000 7f0ff9ad5700 1 -- 172.21.15.73:0/1052175221 --> [v2:172.21.15.73:3300/0,v1:172.21.15.73:6789/0] -- mon_subscribe({config=0+,monmap=0+}) -- 0x7f0ff4109e40 con 0x7f0ff41092d0
2024-06-06T06:49:12.534 INFO:teuthology.orchestra.run.smithi073.stdout:/usr/bin/ceph: stderr
2024-06-06T06:49:11.045+0000 7f0ff9ad5700 1 --2- 172.21.15.73:0/1052175221 >> [v2:172.21.15.73:3300/0,v1:172.21.15.73:6789/0] conn(0x7f0ff41092d0 0x7f0ff41096f0 secure :-1 s=READY pgs=9 cs=0 l=1 rev1=1 crypto rx=0x7f0ff00098a0 tx=0x7f0ff0009bb0 comp rx=0 tx=0).ready entity=mon.0 client_cookie=6e5ea5b7562a8700 server_cookie=0 in_seq=0 out_seq=0
2024-06-06T06:49:12.534 INFO:teuthology.orchestra.run.smithi073.stdout:/usr/bin/ceph: stderr
2024-06-06T06:49:11.045+0000 7f0ff8ad3700 1 -- 172.21.15.73:0/1052175221 <== mon.0 v2:172.21.15.73:3300/0 1 ==== mon_map magic: 0 ==== 205+0+0 (secure 0 0 0) 0x7f0ff0004160 con 0x7f0ff41092d0
2024-06-06T06:49:12.534 INFO:teuthology.orchestra.run.smithi073.stdout:/usr/bin/ceph: stderr
2024-06-06T06:49:11.045+0000 7f0ff8ad3700 1 -- 172.21.15.73:0/1052175221 <== mon.0 v2:172.21.15.73:3300/0 2 ==== config(26 keys) ==== 1071+0+0 (secure 0 0 0) 0x7f0ff0004300 con 0x7f0ff41092d0
2024-06-06T06:49:12.535 INFO:teuthology.orchestra.run.smithi073.stdout:/usr/bin/ceph: stderr
2024-06-06T06:49:11.045+0000 7f0ff8ad3700 1 -- 172.21.15.73:0/1052175221 <== mon.0 v2:172.21.15.73:3300/0 3 ==== mon_map magic: 0 ==== 205+0+0 (secure 0 0 0) 0x7f0ff0011a80 con 0x7f0ff41092d0
2024-06-06T06:49:12.535 INFO:teuthology.orchestra.run.smithi073.stdout:/usr/bin/ceph: stderr
2024-06-06T06:49:11.046+0000 7f0ffbd39700 1 -- 172.21.15.73:0/1052175221 >> [v2:172.21.15.73:3300/0,v1:172.21.15.73:6789/0] conn(0x7f0ff41092d0 msgr2=0x7f0ff41096f0 secure :-1 s=STATE_CONNECTION_ESTABLISHED l=1).mark_down
2024-06-06T06:49:12.535 INFO:teuthology.orchestra.run.smithi073.stdout:/usr/bin/ceph: stderr
2024-06-06T06:49:11.046+0000 7f0ffbd39700 1 --2- 172.21.15.73:0/1052175221 >> [v2:172.21.15.73:3300/0,v1:172.21.15.73:6789/0] conn(0x7f0ff41092d0 0x7f0ff41096f0 secure :-1 s=READY pgs=9 cs=0 l=1 rev1=1 crypto rx=0x7f0ff00098a0 tx=0x7f0ff0009bb0 comp rx=0 tx=0).stop
2024-06-06T06:49:12.535 INFO:teuthology.orchestra.run.smithi073.stdout:/usr/bin/ceph: stderr
2024-06-06T06:49:11.046+0000 7f0ffbd39700 1 -- 172.21.15.73:0/1052175221 shutdown_connections
2024-06-06T06:49:12.535 INFO:teuthology.orchestra.run.smithi073.stdout:/usr/bin/ceph: stderr
2024-06-06T06:49:11.046+0000 7f0ffbd39700 1 --2- 172.21.15.73:0/1052175221 >> [v2:172.21.15.73:3300/0,v1:172.21.15.73:6789/0] conn(0x7f0ff41092d0 0x7f0ff41096f0 unknown :-1 s=CLOSED pgs=9 cs=0 l=1 rev1=1 crypto rx=0 tx=0 comp rx=0 tx=0).stop
2024-06-06T06:49:12.535 INFO:teuthology.orchestra.run.smithi073.stdout:/usr/bin/ceph: stderr
2024-06-06T06:49:11.046+0000 7f0ffbd39700 1 -- 172.21.15.73:0/1052175221 >> 172.21.15.73:0/1052175221 conn(0x7f0ff4101910 msgr2=0x7f0ff4103d30 unknown :-1 s=STATE_NONE l=0).mark_down
2024-06-06T06:49:12.535 INFO:teuthology.orchestra.run.smithi073.stdout:/usr/bin/ceph: stderr
2024-06-06T06:49:11.046+0000 7f0ffbd39700 1 -- 172.21.15.73:0/1052175221 shutdown_connections
2024-06-06T06:49:12.535 INFO:teuthology.orchestra.run.smithi073.stdout:/usr/bin/ceph: stderr
2024-06-06T06:49:11.046+0000 7f0ffbd39700 1 -- 172.21.15.73:0/1052175221 wait complete.
2024-06-06T06:49:12.535 INFO:teuthology.orchestra.run.smithi073.stdout:/usr/bin/ceph: stderr
2024-06-06T06:49:11.046+0000 7f0ffbd39700 1 Processor -- start
2024-06-06T06:49:12.535 INFO:teuthology.orchestra.run.smithi073.stdout:/usr/bin/ceph: stderr
2024-06-06T06:49:11.046+0000 7f0ffbd39700 1 -- start start
2024-06-06T06:49:12.535 INFO:teuthology.orchestra.run.smithi073.stdout:/usr/bin/ceph: stderr
2024-06-06T06:49:11.047+0000 7f0ffbd39700 1 --2- >> [v2:172.21.15.73:3300/0,v1:172.21.15.73:6789/0] conn(0x7f0ff41092d0 0x7f0ff419bc50 unknown :-1 s=NONE pgs=0 cs=0 l=1 rev1=0 crypto rx=0 tx=0 comp rx=0 tx=0).connect
2024-06-06T06:49:12.536 INFO:teuthology.orchestra.run.smithi073.stdout:/usr/bin/ceph: stderr
2024-06-06T06:49:11.047+0000 7f0ffbd39700 1 -- --> [v2:172.21.15.73:3300/0,v1:172.21.15.73:6789/0] -- mon_getmap magic: 0 -- 0x7f0ff4106ad0 con 0x7f0ff41092d0
2024-06-06T06:49:12.536 INFO:teuthology.orchestra.run.smithi073.stdout:/usr/bin/ceph: stderr
2024-06-06T06:49:11.047+0000 7f0ff9ad5700 1 --2- >> [v2:172.21.15.73:3300/0,v1:172.21.15.73:6789/0] conn(0x7f0ff41092d0 0x7f0ff419bc50 unknown :-1 s=BANNER_CONNECTING pgs=0 cs=0 l=1 rev1=0 crypto rx=0 tx=0 comp rx=0 tx=0)._handle_peer_banner_payload supported=3 required=0
2024-06-06T06:49:12.536 INFO:teuthology.orchestra.run.smithi073.stdout:/usr/bin/ceph: stderr
2024-06-06T06:49:11.047+0000 7f0ff9ad5700 1 --2- >> [v2:172.21.15.73:3300/0,v1:172.21.15.73:6789/0] conn(0x7f0ff41092d0 0x7f0ff419bc50 unknown :-1 s=HELLO_CONNECTING pgs=0 cs=0 l=1 rev1=1 crypto rx=0 tx=0 comp rx=0 tx=0).handle_hello peer v2:172.21.15.73:3300/0 says I am v2:172.21.15.73:46754/0 (socket says 172.21.15.73:46754)
2024-06-06T06:49:12.536 INFO:teuthology.orchestra.run.smithi073.stdout:/usr/bin/ceph: stderr
2024-06-06T06:49:11.047+0000 7f0ff9ad5700 1 -- 172.21.15.73:0/1503612523 learned_addr learned my addr 172.21.15.73:0/1503612523 (peer_addr_for_me v2:172.21.15.73:0/0)
2024-06-06T06:49:12.536 INFO:teuthology.orchestra.run.smithi073.stdout:/usr/bin/ceph: stderr
2024-06-06T06:49:11.047+0000 7f0ff9ad5700 1 -- 172.21.15.73:0/1503612523 --> [v2:172.21.15.73:3300/0,v1:172.21.15.73:6789/0] -- mon_subscribe({config=0+,monmap=0+}) -- 0x7f0ff419c190 con 0x7f0ff41092d0
2024-06-06T06:49:12.536 INFO:teuthology.orchestra.run.smithi073.stdout:/usr/bin/ceph: stderr
2024-06-06T06:49:11.047+0000 7f0ff9ad5700 1 --2- 172.21.15.73:0/1503612523 >> [v2:172.21.15.73:3300/0,v1:172.21.15.73:6789/0] conn(0x7f0ff41092d0 0x7f0ff419bc50 secure :-1 s=READY pgs=10 cs=0 l=1 rev1=1 crypto rx=0x7f0ff0006af0 tx=0x7f0ff0011b70 comp rx=0 tx=0).ready entity=mon.0 client_cookie=0 server_cookie=0 in_seq=0 out_seq=0
2024-06-06T06:49:12.536 INFO:teuthology.orchestra.run.smithi073.stdout:/usr/bin/ceph: stderr
2024-06-06T06:49:11.047+0000 7f0feaffd700 1 -- 172.21.15.73:0/1503612523 <== mon.0 v2:172.21.15.73:3300/0 1 ==== mon_map magic: 0 ==== 205+0+0 (secure 0 0 0) 0x7f0ff0003930 con 0x7f0ff41092d0
2024-06-06T06:49:12.536 INFO:teuthology.orchestra.run.smithi073.stdout:/usr/bin/ceph: stderr
2024-06-06T06:49:11.047+0000 7f0ffbd39700 1 -- 172.21.15.73:0/1503612523 --> [v2:172.21.15.73:3300/0,v1:172.21.15.73:6789/0] -- mon_subscribe({mgrmap=0+}) -- 0x7f0ff419c480 con 0x7f0ff41092d0
2024-06-06T06:49:12.536 INFO:teuthology.orchestra.run.smithi073.stdout:/usr/bin/ceph: stderr
2024-06-06T06:49:11.047+0000 7f0ffbd39700 1 -- 172.21.15.73:0/1503612523 --> [v2:172.21.15.73:3300/0,v1:172.21.15.73:6789/0] -- mon_subscribe({osdmap=0}) -- 0x7f0ff419f110 con 0x7f0ff41092d0
2024-06-06T06:49:12.536 INFO:teuthology.orchestra.run.smithi073.stdout:/usr/bin/ceph: stderr
2024-06-06T06:49:11.047+0000 7f0feaffd700 1 -- 172.21.15.73:0/1503612523 <== mon.0 v2:172.21.15.73:3300/0 2 ==== config(26 keys) ==== 1071+0+0 (secure 0 0 0) 0x7f0ff0003ad0 con 0x7f0ff41092d0
2024-06-06T06:49:12.536 INFO:teuthology.orchestra.run.smithi073.stdout:/usr/bin/ceph: stderr
2024-06-06T06:49:11.048+0000 7f0feaffd700 1 -- 172.21.15.73:0/1503612523 <== mon.0 v2:172.21.15.73:3300/0 3 ==== mon_map magic: 0 ==== 205+0+0 (secure 0 0 0) 0x7f0ff0004300 con 0x7f0ff41092d0
2024-06-06T06:49:12.536 INFO:teuthology.orchestra.run.smithi073.stdout:/usr/bin/ceph: stderr
2024-06-06T06:49:11.048+0000 7f0feaffd700 1 -- 172.21.15.73:0/1503612523 <== mon.0 v2:172.21.15.73:3300/0 4 ==== mgrmap(e 1) ==== 807+0+0 (secure 0 0 0) 0x7f0ff0019970 con 0x7f0ff41092d0
2024-06-06T06:49:12.536 INFO:teuthology.orchestra.run.smithi073.stdout:/usr/bin/ceph: stderr
2024-06-06T06:49:11.048+0000 7f0feaffd700 1 -- 172.21.15.73:0/1503612523 <== mon.0 v2:172.21.15.73:3300/0 5 ==== osd_map(1..1 src has 1..1) ==== 725+0+0 (secure 0 0 0) 0x7f0ff0024730 con 0x7f0ff41092d0
2024-06-06T06:49:12.537 INFO:teuthology.orchestra.run.smithi073.stdout:/usr/bin/ceph: stderr
2024-06-06T06:49:11.048+0000 7f0ffbd39700 1 -- 172.21.15.73:0/1503612523 --> [v2:172.21.15.73:3300/0,v1:172.21.15.73:6789/0] -- mon_command({"prefix": "get_command_descriptions"} v 0) -- 0x7f0fd8005360 con 0x7f0ff41092d0
2024-06-06T06:49:12.537 INFO:teuthology.orchestra.run.smithi073.stdout:/usr/bin/ceph: stderr
2024-06-06T06:49:11.052+0000 7f0feaffd700 1 -- 172.21.15.73:0/1503612523 <== mon.0 v2:172.21.15.73:3300/0 6 ==== mon_command_ack([{"prefix": "get_command_descriptions"}]=0 v0) ==== 72+0+73141 (secure 0 0 0) 0x7f0ff0043dd0 con 0x7f0ff41092d0
2024-06-06T06:49:12.537 INFO:teuthology.orchestra.run.smithi073.stdout:/usr/bin/ceph: stderr
2024-06-06T06:49:11.125+0000 7f0ffbd39700 1 -- 172.21.15.73:0/1503612523 --> [v2:172.21.15.73:3300/0,v1:172.21.15.73:6789/0] -- mon_command({"prefix": "status", "format": "json-pretty"} v 0) -- 0x7f0fd8005650 con 0x7f0ff41092d0
2024-06-06T06:49:12.537 INFO:teuthology.orchestra.run.smithi073.stdout:/usr/bin/ceph: stderr
2024-06-06T06:49:11.125+0000 7f0feaffd700 1 -- 172.21.15.73:0/1503612523 <== mon.0 v2:172.21.15.73:3300/0 7 ==== mon_command_ack([{"prefix": "status", "format": "json-pretty"}]=0 v0) ==== 79+0+1239 (secure 0 0 0) 0x7f0ff0032020 con 0x7f0ff41092d0
2024-06-06T06:49:12.537 INFO:teuthology.orchestra.run.smithi073.stdout:/usr/bin/ceph: stderr
2024-06-06T06:49:11.126+0000 7f0ffbd39700 1 -- 172.21.15.73:0/1503612523 >> [v2:172.21.15.73:3300/0,v1:172.21.15.73:6789/0] conn(0x7f0ff41092d0 msgr2=0x7f0ff419bc50 secure :-1 s=STATE_CONNECTION_ESTABLISHED l=1).mark_down
2024-06-06T06:49:12.537 INFO:teuthology.orchestra.run.smithi073.stdout:/usr/bin/ceph: stderr
2024-06-06T06:49:11.126+0000 7f0ffbd39700 1 --2- 172.21.15.73:0/1503612523 >> [v2:172.21.15.73:3300/0,v1:172.21.15.73:6789/0] conn(0x7f0ff41092d0 0x7f0ff419bc50 secure :-1 s=READY pgs=10 cs=0 l=1 rev1=1 crypto rx=0x7f0ff0006af0 tx=0x7f0ff0011b70 comp rx=0 tx=0).stop
2024-06-06T06:49:12.537 INFO:teuthology.orchestra.run.smithi073.stdout:/usr/bin/ceph: stderr
2024-06-06T06:49:11.126+0000 7f0ffbd39700 1 -- 172.21.15.73:0/1503612523 shutdown_connections
2024-06-06T06:49:12.537 INFO:teuthology.orchestra.run.smithi073.stdout:/usr/bin/ceph: stderr
2024-06-06T06:49:11.126+0000 7f0ffbd39700 1 --2- 172.21.15.73:0/1503612523 >> [v2:172.21.15.73:3300/0,v1:172.21.15.73:6789/0] conn(0x7f0ff41092d0 0x7f0ff419bc50 unknown :-1 s=CLOSED pgs=10 cs=0 l=1 rev1=1 crypto rx=0 tx=0 comp rx=0 tx=0).stop
2024-06-06T06:49:12.537 INFO:teuthology.orchestra.run.smithi073.stdout:/usr/bin/ceph: stderr
2024-06-06T06:49:11.126+0000 7f0ffbd39700 1 -- 172.21.15.73:0/1503612523 >> 172.21.15.73:0/1503612523 conn(0x7f0ff4101910 msgr2=0x7f0ff4102480 unknown :-1 s=STATE_NONE l=0).mark_down
2024-06-06T06:49:12.537 INFO:teuthology.orchestra.run.smithi073.stdout:/usr/bin/ceph: stderr
2024-06-06T06:49:11.126+0000 7f0ffbd39700 1 -- 172.21.15.73:0/1503612523 shutdown_connections
2024-06-06T06:49:12.537 INFO:teuthology.orchestra.run.smithi073.stdout:/usr/bin/ceph: stderr
2024-06-06T06:49:11.126+0000 7f0ffbd39700 1 -- 172.21.15.73:0/1503612523 wait complete.
2024-06-06T06:49:12.537 INFO:teuthology.orchestra.run.smithi073.stdout:mgr not available, waiting (3/15)...
2024-06-06T06:49:14.524 INFO:journalctl@ceph.mon.a.smithi073.stdout:Jun 06 06:49:14 smithi073 ceph-mon[32303]: mgrmap e4: x(active, since 2s)
2024-06-06T06:49:15.524 INFO:journalctl@ceph.mon.a.smithi073.stdout:Jun 06 06:49:15 smithi073 ceph-mon[32303]: from='client.? 172.21.15.73:0/3117902121' entity='client.admin' cmd=[{"prefix": "status", "format": "json-pretty"}]: dispatch
2024-06-06T06:49:15.792 INFO:teuthology.orchestra.run.smithi073.stdout:/usr/bin/ceph: stdout
2024-06-06T06:49:15.795 INFO:teuthology.orchestra.run.smithi073.stdout:/usr/bin/ceph: stdout {
2024-06-06T06:49:15.795 INFO:teuthology.orchestra.run.smithi073.stdout:/usr/bin/ceph: stdout "fsid": "b6cc6aaa-23d0-11ef-bc9b-c7b262605968",
2024-06-06T06:49:15.795 INFO:teuthology.orchestra.run.smithi073.stdout:/usr/bin/ceph: stdout "health": {
2024-06-06T06:49:15.795 INFO:teuthology.orchestra.run.smithi073.stdout:/usr/bin/ceph: stdout "status": "HEALTH_OK",
2024-06-06T06:49:15.795 INFO:teuthology.orchestra.run.smithi073.stdout:/usr/bin/ceph: stdout "checks": {},
2024-06-06T06:49:15.795 INFO:teuthology.orchestra.run.smithi073.stdout:/usr/bin/ceph: stdout "mutes": []
2024-06-06T06:49:15.795 INFO:teuthology.orchestra.run.smithi073.stdout:/usr/bin/ceph: stdout },
2024-06-06T06:49:15.795 INFO:teuthology.orchestra.run.smithi073.stdout:/usr/bin/ceph: stdout "election_epoch": 5,
2024-06-06T06:49:15.795 INFO:teuthology.orchestra.run.smithi073.stdout:/usr/bin/ceph: stdout "quorum": [
2024-06-06T06:49:15.795 INFO:teuthology.orchestra.run.smithi073.stdout:/usr/bin/ceph: stdout 0
2024-06-06T06:49:15.796 INFO:teuthology.orchestra.run.smithi073.stdout:/usr/bin/ceph: stdout ],
2024-06-06T06:49:15.796 INFO:teuthology.orchestra.run.smithi073.stdout:/usr/bin/ceph: stdout "quorum_names": [
2024-06-06T06:49:15.796 INFO:teuthology.orchestra.run.smithi073.stdout:/usr/bin/ceph: stdout "a"
2024-06-06T06:49:15.796 INFO:teuthology.orchestra.run.smithi073.stdout:/usr/bin/ceph: stdout ],
2024-06-06T06:49:15.796 INFO:teuthology.orchestra.run.smithi073.stdout:/usr/bin/ceph: stdout "quorum_age": 12,
2024-06-06T06:49:15.796 INFO:teuthology.orchestra.run.smithi073.stdout:/usr/bin/ceph: stdout "monmap": {
2024-06-06T06:49:15.796 INFO:teuthology.orchestra.run.smithi073.stdout:/usr/bin/ceph: stdout "epoch": 1,
2024-06-06T06:49:15.796 INFO:teuthology.orchestra.run.smithi073.stdout:/usr/bin/ceph: stdout "min_mon_release_name": "squid",
2024-06-06T06:49:15.796 INFO:teuthology.orchestra.run.smithi073.stdout:/usr/bin/ceph: stdout "num_mons": 1
2024-06-06T06:49:15.796 INFO:teuthology.orchestra.run.smithi073.stdout:/usr/bin/ceph: stdout },
2024-06-06T06:49:15.796 INFO:teuthology.orchestra.run.smithi073.stdout:/usr/bin/ceph: stdout "osdmap": {
2024-06-06T06:49:15.796 INFO:teuthology.orchestra.run.smithi073.stdout:/usr/bin/ceph: stdout "epoch": 1,
2024-06-06T06:49:15.796 INFO:teuthology.orchestra.run.smithi073.stdout:/usr/bin/ceph: stdout "num_osds": 0,
2024-06-06T06:49:15.796 INFO:teuthology.orchestra.run.smithi073.stdout:/usr/bin/ceph: stdout "num_up_osds": 0,
2024-06-06T06:49:15.797 INFO:teuthology.orchestra.run.smithi073.stdout:/usr/bin/ceph: stdout "osd_up_since": 0,
2024-06-06T06:49:15.804 INFO:teuthology.orchestra.run.smithi073.stdout:/usr/bin/ceph: stdout "num_in_osds": 0,
2024-06-06T06:49:15.805 INFO:teuthology.orchestra.run.smithi073.stdout:/usr/bin/ceph: stdout "osd_in_since": 0,
2024-06-06T06:49:15.805 INFO:teuthology.orchestra.run.smithi073.stdout:/usr/bin/ceph: stdout "num_remapped_pgs": 0
2024-06-06T06:49:15.805 INFO:teuthology.orchestra.run.smithi073.stdout:/usr/bin/ceph: stdout },
2024-06-06T06:49:15.805 INFO:teuthology.orchestra.run.smithi073.stdout:/usr/bin/ceph: stdout "pgmap": {
2024-06-06T06:49:15.805 INFO:teuthology.orchestra.run.smithi073.stdout:/usr/bin/ceph: stdout "pgs_by_state": [],
2024-06-06T06:49:15.805 INFO:teuthology.orchestra.run.smithi073.stdout:/usr/bin/ceph: stdout "num_pgs": 0,
2024-06-06T06:49:15.805 INFO:teuthology.orchestra.run.smithi073.stdout:/usr/bin/ceph: stdout "num_pools": 0,
2024-06-06T06:49:15.805 INFO:teuthology.orchestra.run.smithi073.stdout:/usr/bin/ceph: stdout "num_objects": 0,
2024-06-06T06:49:15.805 INFO:teuthology.orchestra.run.smithi073.stdout:/usr/bin/ceph: stdout "data_bytes": 0,
2024-06-06T06:49:15.805 INFO:teuthology.orchestra.run.smithi073.stdout:/usr/bin/ceph: stdout "bytes_used": 0,
2024-06-06T06:49:15.805 INFO:teuthology.orchestra.run.smithi073.stdout:/usr/bin/ceph: stdout "bytes_avail": 0,
2024-06-06T06:49:15.805 INFO:teuthology.orchestra.run.smithi073.stdout:/usr/bin/ceph: stdout "bytes_total": 0
2024-06-06T06:49:15.805 INFO:teuthology.orchestra.run.smithi073.stdout:/usr/bin/ceph: stdout },
2024-06-06T06:49:15.806 INFO:teuthology.orchestra.run.smithi073.stdout:/usr/bin/ceph: stdout "fsmap": {
2024-06-06T06:49:15.806 INFO:teuthology.orchestra.run.smithi073.stdout:/usr/bin/ceph: stdout "epoch": 1,
2024-06-06T06:49:15.806 INFO:teuthology.orchestra.run.smithi073.stdout:/usr/bin/ceph: stdout "by_rank": [],
2024-06-06T06:49:15.806 INFO:teuthology.orchestra.run.smithi073.stdout:/usr/bin/ceph: stdout "up:standby": 0
2024-06-06T06:49:15.806 INFO:teuthology.orchestra.run.smithi073.stdout:/usr/bin/ceph: stdout },
2024-06-06T06:49:15.806 INFO:teuthology.orchestra.run.smithi073.stdout:/usr/bin/ceph: stdout "mgrmap": {
2024-06-06T06:49:15.806 INFO:teuthology.orchestra.run.smithi073.stdout:/usr/bin/ceph: stdout "available": true,
2024-06-06T06:49:15.806 INFO:teuthology.orchestra.run.smithi073.stdout:/usr/bin/ceph: stdout "num_standbys": 0,
2024-06-06T06:49:15.806 INFO:teuthology.orchestra.run.smithi073.stdout:/usr/bin/ceph: stdout "modules": [
2024-06-06T06:49:15.806 INFO:teuthology.orchestra.run.smithi073.stdout:/usr/bin/ceph: stdout "iostat",
2024-06-06T06:49:15.806 INFO:teuthology.orchestra.run.smithi073.stdout:/usr/bin/ceph: stdout "nfs",
2024-06-06T06:49:15.806 INFO:teuthology.orchestra.run.smithi073.stdout:/usr/bin/ceph: stdout "restful"
2024-06-06T06:49:15.806 INFO:teuthology.orchestra.run.smithi073.stdout:/usr/bin/ceph: stdout ],
2024-06-06T06:49:15.806 INFO:teuthology.orchestra.run.smithi073.stdout:/usr/bin/ceph: stdout "services": {}
2024-06-06T06:49:15.807 INFO:teuthology.orchestra.run.smithi073.stdout:/usr/bin/ceph: stdout },
2024-06-06T06:49:15.807 INFO:teuthology.orchestra.run.smithi073.stdout:/usr/bin/ceph: stdout "servicemap": {
2024-06-06T06:49:15.807 INFO:teuthology.orchestra.run.smithi073.stdout:/usr/bin/ceph: stdout "epoch": 1,
2024-06-06T06:49:15.807 INFO:teuthology.orchestra.run.smithi073.stdout:/usr/bin/ceph: stdout "modified": "2024-06-06T06:48:47.254721+0000",
2024-06-06T06:49:15.807 INFO:teuthology.orchestra.run.smithi073.stdout:/usr/bin/ceph: stdout "services": {}
2024-06-06T06:49:15.807 INFO:teuthology.orchestra.run.smithi073.stdout:/usr/bin/ceph: stdout },
2024-06-06T06:49:15.807 INFO:teuthology.orchestra.run.smithi073.stdout:/usr/bin/ceph: stdout "progress_events": {}
2024-06-06T06:49:15.807 INFO:teuthology.orchestra.run.smithi073.stdout:/usr/bin/ceph: stdout }
2024-06-06T06:49:15.807 INFO:teuthology.orchestra.run.smithi073.stdout:/usr/bin/ceph: stderr
2024-06-06T06:49:14.935+0000 7fb683145700 1 Processor -- start
2024-06-06T06:49:15.807 INFO:teuthology.orchestra.run.smithi073.stdout:/usr/bin/ceph: stderr
2024-06-06T06:49:14.935+0000 7fb683145700 1 -- start start
2024-06-06T06:49:15.807 INFO:teuthology.orchestra.run.smithi073.stdout:/usr/bin/ceph: stderr
2024-06-06T06:49:14.936+0000 7fb683145700 1 --2- >> [v2:172.21.15.73:3300/0,v1:172.21.15.73:6789/0] conn(0x7fb67c1087d0 0x7fb67c10abc0 unknown :-1 s=NONE pgs=0 cs=0 l=0 rev1=0 crypto rx=0 tx=0 comp rx=0 tx=0).connect
2024-06-06T06:49:15.807 INFO:teuthology.orchestra.run.smithi073.stdout:/usr/bin/ceph: stderr
2024-06-06T06:49:14.936+0000 7fb683145700 1 -- --> [v2:172.21.15.73:3300/0,v1:172.21.15.73:6789/0] -- mon_getmap magic: 0 -- 0x7fb67c07be30 con 0x7fb67c1087d0
2024-06-06T06:49:15.807 INFO:teuthology.orchestra.run.smithi073.stdout:/usr/bin/ceph: stderr
2024-06-06T06:49:14.936+0000 7fb680ee1700 1 --2- >> [v2:172.21.15.73:3300/0,v1:172.21.15.73:6789/0] conn(0x7fb67c1087d0 0x7fb67c10abc0 unknown :-1 s=BANNER_CONNECTING pgs=0 cs=0 l=0 rev1=0 crypto rx=0 tx=0 comp rx=0 tx=0)._handle_peer_banner_payload supported=3 required=0
2024-06-06T06:49:15.808 INFO:teuthology.orchestra.run.smithi073.stdout:/usr/bin/ceph: stderr
2024-06-06T06:49:14.936+0000 7fb680ee1700 1 --2- >> [v2:172.21.15.73:3300/0,v1:172.21.15.73:6789/0] conn(0x7fb67c1087d0 0x7fb67c10abc0 unknown :-1 s=HELLO_CONNECTING pgs=0 cs=0 l=0 rev1=1 crypto rx=0 tx=0 comp rx=0 tx=0).handle_hello peer v2:172.21.15.73:3300/0 says I am v2:172.21.15.73:46838/0 (socket says 172.21.15.73:46838)
2024-06-06T06:49:15.808 INFO:teuthology.orchestra.run.smithi073.stdout:/usr/bin/ceph: stderr
2024-06-06T06:49:14.936+0000 7fb680ee1700 1 -- 172.21.15.73:0/2619650171 learned_addr learned my addr 172.21.15.73:0/2619650171 (peer_addr_for_me v2:172.21.15.73:0/0)
2024-06-06T06:49:15.808 INFO:teuthology.orchestra.run.smithi073.stdout:/usr/bin/ceph: stderr
2024-06-06T06:49:14.936+0000 7fb680ee1700 1 -- 172.21.15.73:0/2619650171 --> [v2:172.21.15.73:3300/0,v1:172.21.15.73:6789/0] -- mon_subscribe({config=0+,monmap=0+}) -- 0x7fb67c10b100 con 0x7fb67c1087d0
2024-06-06T06:49:15.808 INFO:teuthology.orchestra.run.smithi073.stdout:/usr/bin/ceph: stderr
2024-06-06T06:49:14.936+0000 7fb680ee1700 1 --2- 172.21.15.73:0/2619650171 >> [v2:172.21.15.73:3300/0,v1:172.21.15.73:6789/0] conn(0x7fb67c1087d0 0x7fb67c10abc0 secure :-1 s=READY pgs=18 cs=0 l=1 rev1=1 crypto rx=0x7fb6780098a0 tx=0x7fb678009bb0 comp rx=0 tx=0).ready entity=mon.0 client_cookie=83a6f90c7fb7b5b3 server_cookie=0 in_seq=0 out_seq=0
2024-06-06T06:49:15.808 INFO:teuthology.orchestra.run.smithi073.stdout:/usr/bin/ceph: stderr
2024-06-06T06:49:14.937+0000 7fb6737fe700 1 -- 172.21.15.73:0/2619650171 <== mon.0 v2:172.21.15.73:3300/0 1 ==== mon_map magic: 0 ==== 205+0+0 (secure 0 0 0) 0x7fb678004160 con 0x7fb67c1087d0
2024-06-06T06:49:15.808 INFO:teuthology.orchestra.run.smithi073.stdout:/usr/bin/ceph: stderr
2024-06-06T06:49:14.937+0000 7fb6737fe700 1 -- 172.21.15.73:0/2619650171 <== mon.0 v2:172.21.15.73:3300/0 2 ==== config(26 keys) ==== 1071+0+0 (secure 0 0 0) 0x7fb678004300 con 0x7fb67c1087d0
2024-06-06T06:49:15.808 INFO:teuthology.orchestra.run.smithi073.stdout:/usr/bin/ceph: stderr
2024-06-06T06:49:14.937+0000 7fb6737fe700 1 -- 172.21.15.73:0/2619650171 <== mon.0 v2:172.21.15.73:3300/0 3 ==== mon_map magic: 0 ==== 205+0+0 (secure 0 0 0) 0x7fb678011a80 con 0x7fb67c1087d0
2024-06-06T06:49:15.808 INFO:teuthology.orchestra.run.smithi073.stdout:/usr/bin/ceph: stderr
2024-06-06T06:49:14.937+0000 7fb683145700 1 -- 172.21.15.73:0/2619650171 >> [v2:172.21.15.73:3300/0,v1:172.21.15.73:6789/0] conn(0x7fb67c1087d0 msgr2=0x7fb67c10abc0 secure :-1 s=STATE_CONNECTION_ESTABLISHED l=1).mark_down
2024-06-06T06:49:15.808 INFO:teuthology.orchestra.run.smithi073.stdout:/usr/bin/ceph: stderr
2024-06-06T06:49:14.937+0000 7fb683145700 1 --2- 172.21.15.73:0/2619650171 >> [v2:172.21.15.73:3300/0,v1:172.21.15.73:6789/0] conn(0x7fb67c1087d0 0x7fb67c10abc0 secure :-1 s=READY pgs=18 cs=0 l=1 rev1=1 crypto rx=0x7fb6780098a0 tx=0x7fb678009bb0 comp rx=0 tx=0).stop
2024-06-06T06:49:15.808 INFO:teuthology.orchestra.run.smithi073.stdout:/usr/bin/ceph: stderr
2024-06-06T06:49:14.937+0000 7fb683145700 1 -- 172.21.15.73:0/2619650171 shutdown_connections
2024-06-06T06:49:15.808 INFO:teuthology.orchestra.run.smithi073.stdout:/usr/bin/ceph: stderr
2024-06-06T06:49:14.937+0000 7fb683145700 1 --2- 172.21.15.73:0/2619650171 >> [v2:172.21.15.73:3300/0,v1:172.21.15.73:6789/0] conn(0x7fb67c1087d0 0x7fb67c10abc0 unknown :-1 s=CLOSED pgs=18 cs=0 l=1 rev1=1 crypto rx=0 tx=0 comp rx=0 tx=0).stop
2024-06-06T06:49:15.808 INFO:teuthology.orchestra.run.smithi073.stdout:/usr/bin/ceph: stderr
2024-06-06T06:49:14.937+0000 7fb683145700 1 -- 172.21.15.73:0/2619650171 >> 172.21.15.73:0/2619650171 conn(0x7fb67c1021e0 msgr2=0x7fb67c104600 unknown :-1 s=STATE_NONE l=0).mark_down
2024-06-06T06:49:15.808 INFO:teuthology.orchestra.run.smithi073.stdout:/usr/bin/ceph: stderr
2024-06-06T06:49:14.937+0000 7fb683145700 1 -- 172.21.15.73:0/2619650171 shutdown_connections
2024-06-06T06:49:15.808 INFO:teuthology.orchestra.run.smithi073.stdout:/usr/bin/ceph: stderr
2024-06-06T06:49:14.937+0000 7fb683145700 1 -- 172.21.15.73:0/2619650171 wait complete.
2024-06-06T06:49:15.809 INFO:teuthology.orchestra.run.smithi073.stdout:/usr/bin/ceph: stderr
2024-06-06T06:49:14.938+0000 7fb683145700 1 Processor -- start
2024-06-06T06:49:15.809 INFO:teuthology.orchestra.run.smithi073.stdout:/usr/bin/ceph: stderr
2024-06-06T06:49:14.938+0000 7fb683145700 1 -- start start
2024-06-06T06:49:15.809 INFO:teuthology.orchestra.run.smithi073.stdout:/usr/bin/ceph: stderr
2024-06-06T06:49:14.938+0000 7fb683145700 1 --2- >> [v2:172.21.15.73:3300/0,v1:172.21.15.73:6789/0] conn(0x7fb67c1087d0 0x7fb67c19ded0 unknown :-1 s=NONE pgs=0 cs=0 l=1 rev1=0 crypto rx=0 tx=0 comp rx=0 tx=0).connect
2024-06-06T06:49:15.809 INFO:teuthology.orchestra.run.smithi073.stdout:/usr/bin/ceph: stderr
2024-06-06T06:49:14.938+0000 7fb683145700 1 -- --> [v2:172.21.15.73:3300/0,v1:172.21.15.73:6789/0] -- mon_getmap magic: 0 -- 0x7fb67c107360 con 0x7fb67c1087d0
2024-06-06T06:49:15.809 INFO:teuthology.orchestra.run.smithi073.stdout:/usr/bin/ceph: stderr
2024-06-06T06:49:14.938+0000 7fb680ee1700 1 --2- >> [v2:172.21.15.73:3300/0,v1:172.21.15.73:6789/0] conn(0x7fb67c1087d0 0x7fb67c19ded0 unknown :-1 s=BANNER_CONNECTING pgs=0 cs=0 l=1 rev1=0 crypto rx=0 tx=0 comp rx=0 tx=0)._handle_peer_banner_payload supported=3 required=0
2024-06-06T06:49:15.809 INFO:teuthology.orchestra.run.smithi073.stdout:/usr/bin/ceph: stderr
2024-06-06T06:49:14.938+0000 7fb680ee1700 1 --2- >> [v2:172.21.15.73:3300/0,v1:172.21.15.73:6789/0] conn(0x7fb67c1087d0 0x7fb67c19ded0 unknown :-1 s=HELLO_CONNECTING pgs=0 cs=0 l=1 rev1=1 crypto rx=0 tx=0 comp rx=0 tx=0).handle_hello peer v2:172.21.15.73:3300/0 says I am v2:172.21.15.73:46850/0 (socket says 172.21.15.73:46850)
2024-06-06T06:49:15.809 INFO:teuthology.orchestra.run.smithi073.stdout:/usr/bin/ceph: stderr
2024-06-06T06:49:14.938+0000 7fb680ee1700 1 -- 172.21.15.73:0/3117902121 learned_addr learned my addr 172.21.15.73:0/3117902121 (peer_addr_for_me v2:172.21.15.73:0/0)
2024-06-06T06:49:15.809 INFO:teuthology.orchestra.run.smithi073.stdout:/usr/bin/ceph: stderr
2024-06-06T06:49:14.938+0000 7fb680ee1700 1 -- 172.21.15.73:0/3117902121 --> [v2:172.21.15.73:3300/0,v1:172.21.15.73:6789/0] -- mon_subscribe({config=0+,monmap=0+}) -- 0x7fb67c19e410 con 0x7fb67c1087d0
2024-06-06T06:49:15.809 INFO:teuthology.orchestra.run.smithi073.stdout:/usr/bin/ceph: stderr
2024-06-06T06:49:14.939+0000 7fb680ee1700 1 --2- 172.21.15.73:0/3117902121 >> [v2:172.21.15.73:3300/0,v1:172.21.15.73:6789/0] conn(0x7fb67c1087d0 0x7fb67c19ded0 secure :-1 s=READY pgs=19 cs=0 l=1 rev1=1 crypto rx=0x7fb678006af0 tx=0x7fb678011b70 comp rx=0 tx=0).ready entity=mon.0 client_cookie=0 server_cookie=0 in_seq=0 out_seq=0
2024-06-06T06:49:15.809 INFO:teuthology.orchestra.run.smithi073.stdout:/usr/bin/ceph: stderr
2024-06-06T06:49:14.939+0000 7fb671ffb700 1 -- 172.21.15.73:0/3117902121 <== mon.0 v2:172.21.15.73:3300/0 1 ==== mon_map magic: 0 ==== 205+0+0 (secure 0 0 0) 0x7fb678003930 con 0x7fb67c1087d0
2024-06-06T06:49:15.809 INFO:teuthology.orchestra.run.smithi073.stdout:/usr/bin/ceph: stderr
2024-06-06T06:49:14.939+0000 7fb671ffb700 1 -- 172.21.15.73:0/3117902121 <== mon.0 v2:172.21.15.73:3300/0 2 ==== config(26 keys) ==== 1071+0+0 (secure 0 0 0) 0x7fb678003ad0 con 0x7fb67c1087d0
2024-06-06T06:49:15.809 INFO:teuthology.orchestra.run.smithi073.stdout:/usr/bin/ceph: stderr
2024-06-06T06:49:14.939+0000 7fb683145700 1 -- 172.21.15.73:0/3117902121 --> [v2:172.21.15.73:3300/0,v1:172.21.15.73:6789/0] -- mon_subscribe({mgrmap=0+}) -- 0x7fb67c19e6a0 con 0x7fb67c1087d0
2024-06-06T06:49:15.809 INFO:teuthology.orchestra.run.smithi073.stdout:/usr/bin/ceph: stderr
2024-06-06T06:49:14.939+0000 7fb671ffb700 1 -- 172.21.15.73:0/3117902121 <== mon.0 v2:172.21.15.73:3300/0 3 ==== mon_map magic: 0 ==== 205+0+0 (secure 0 0 0) 0x7fb6780195e0 con 0x7fb67c1087d0
2024-06-06T06:49:15.810 INFO:teuthology.orchestra.run.smithi073.stdout:/usr/bin/ceph: stderr
2024-06-06T06:49:14.939+0000 7fb683145700 1 -- 172.21.15.73:0/3117902121 --> [v2:172.21.15.73:3300/0,v1:172.21.15.73:6789/0] -- mon_subscribe({osdmap=0}) -- 0x7fb67c1a1390 con 0x7fb67c1087d0
2024-06-06T06:49:15.810 INFO:teuthology.orchestra.run.smithi073.stdout:/usr/bin/ceph: stderr
2024-06-06T06:49:14.940+0000 7fb671ffb700 1 -- 172.21.15.73:0/3117902121 <== mon.0 v2:172.21.15.73:3300/0 4 ==== mgrmap(e 4) ==== 46276+0+0 (secure 0 0 0) 0x7fb678019890 con 0x7fb67c1087d0
2024-06-06T06:49:15.810 INFO:teuthology.orchestra.run.smithi073.stdout:/usr/bin/ceph: stderr
2024-06-06T06:49:14.940+0000 7fb671ffb700 1 --2- 172.21.15.73:0/3117902121 >> [v2:172.21.15.73:6800/961923295,v1:172.21.15.73:6801/961923295] conn(0x7fb664039000 0x7fb66403b4c0 unknown :-1 s=NONE pgs=0 cs=0 l=1 rev1=0 crypto rx=0 tx=0 comp rx=0 tx=0).connect
2024-06-06T06:49:15.810 INFO:teuthology.orchestra.run.smithi073.stdout:/usr/bin/ceph: stderr
2024-06-06T06:49:14.940+0000 7fb671ffb700 1 -- 172.21.15.73:0/3117902121 <== mon.0 v2:172.21.15.73:3300/0 5 ==== osd_map(1..1 src has 1..1) ==== 725+0+0 (secure 0 0 0) 0x7fb67804d4f0 con 0x7fb67c1087d0
2024-06-06T06:49:15.810 INFO:teuthology.orchestra.run.smithi073.stdout:/usr/bin/ceph: stderr
2024-06-06T06:49:14.940+0000 7fb673fff700 1 --2- 172.21.15.73:0/3117902121 >> [v2:172.21.15.73:6800/961923295,v1:172.21.15.73:6801/961923295] conn(0x7fb664039000 0x7fb66403b4c0 unknown :-1 s=BANNER_CONNECTING pgs=0 cs=0 l=1 rev1=0 crypto rx=0 tx=0 comp rx=0 tx=0)._handle_peer_banner_payload supported=3 required=0
2024-06-06T06:49:15.810 INFO:teuthology.orchestra.run.smithi073.stdout:/usr/bin/ceph: stderr
2024-06-06T06:49:14.940+0000 7fb683145700 1 -- 172.21.15.73:0/3117902121 --> [v2:172.21.15.73:3300/0,v1:172.21.15.73:6789/0] -- mon_command({"prefix": "get_command_descriptions"} v 0) -- 0x7fb67c063af0 con 0x7fb67c1087d0
2024-06-06T06:49:15.810 INFO:teuthology.orchestra.run.smithi073.stdout:/usr/bin/ceph: stderr
2024-06-06T06:49:14.941+0000 7fb673fff700 1 --2- 172.21.15.73:0/3117902121 >> [v2:172.21.15.73:6800/961923295,v1:172.21.15.73:6801/961923295] conn(0x7fb664039000 0x7fb66403b4c0 secure :-1 s=READY pgs=6 cs=0 l=1 rev1=1 crypto rx=0x7fb66c006fd0 tx=0x7fb66c006e40 comp rx=0 tx=0).ready entity=mgr.14100 client_cookie=0 server_cookie=0 in_seq=0 out_seq=0
2024-06-06T06:49:15.810 INFO:teuthology.orchestra.run.smithi073.stdout:/usr/bin/ceph: stderr
2024-06-06T06:49:14.950+0000 7fb671ffb700 1 -- 172.21.15.73:0/3117902121 <== mon.0 v2:172.21.15.73:3300/0 6 ==== mon_command_ack([{"prefix": "get_command_descriptions"}]=0 v0) ==== 72+0+186418 (secure 0 0 0) 0x7fb67804cf10 con 0x7fb67c1087d0
2024-06-06T06:49:15.810 INFO:teuthology.orchestra.run.smithi073.stdout:/usr/bin/ceph: stderr
2024-06-06T06:49:15.239+0000 7fb683145700 1 -- 172.21.15.73:0/3117902121 --> [v2:172.21.15.73:3300/0,v1:172.21.15.73:6789/0] -- mon_command({"prefix": "status", "format": "json-pretty"} v 0) -- 0x7fb67c02ded0 con 0x7fb67c1087d0
2024-06-06T06:49:15.810 INFO:teuthology.orchestra.run.smithi073.stdout:/usr/bin/ceph: stderr
2024-06-06T06:49:15.240+0000 7fb671ffb700 1 -- 172.21.15.73:0/3117902121 <== mon.0 v2:172.21.15.73:3300/0 7 ==== mon_command_ack([{"prefix": "status", "format": "json-pretty"}]=0 v0) ==== 79+0+1239 (secure 0 0 0) 0x7fb67800fda0 con 0x7fb67c1087d0
2024-06-06T06:49:15.810 INFO:teuthology.orchestra.run.smithi073.stdout:/usr/bin/ceph: stderr
2024-06-06T06:49:15.243+0000 7fb683145700 1 -- 172.21.15.73:0/3117902121 >> [v2:172.21.15.73:6800/961923295,v1:172.21.15.73:6801/961923295] conn(0x7fb664039000 msgr2=0x7fb66403b4c0 secure :-1 s=STATE_CONNECTION_ESTABLISHED l=1).mark_down
2024-06-06T06:49:15.810 INFO:teuthology.orchestra.run.smithi073.stdout:/usr/bin/ceph: stderr
2024-06-06T06:49:15.243+0000 7fb683145700 1 --2- 172.21.15.73:0/3117902121 >> [v2:172.21.15.73:6800/961923295,v1:172.21.15.73:6801/961923295] conn(0x7fb664039000 0x7fb66403b4c0 secure :-1 s=READY pgs=6 cs=0 l=1 rev1=1 crypto rx=0x7fb66c006fd0 tx=0x7fb66c006e40 comp rx=0 tx=0).stop
2024-06-06T06:49:15.810 INFO:teuthology.orchestra.run.smithi073.stdout:/usr/bin/ceph: stderr
2024-06-06T06:49:15.243+0000 7fb683145700 1 -- 172.21.15.73:0/3117902121 >> [v2:172.21.15.73:3300/0,v1:172.21.15.73:6789/0] conn(0x7fb67c1087d0 msgr2=0x7fb67c19ded0 secure :-1 s=STATE_CONNECTION_ESTABLISHED l=1).mark_down
2024-06-06T06:49:15.811 INFO:teuthology.orchestra.run.smithi073.stdout:/usr/bin/ceph: stderr
2024-06-06T06:49:15.243+0000 7fb683145700 1 --2- 172.21.15.73:0/3117902121 >> [v2:172.21.15.73:3300/0,v1:172.21.15.73:6789/0] conn(0x7fb67c1087d0 0x7fb67c19ded0 secure :-1 s=READY pgs=19 cs=0 l=1 rev1=1 crypto rx=0x7fb678006af0 tx=0x7fb678011b70 comp rx=0 tx=0).stop
2024-06-06T06:49:15.811 INFO:teuthology.orchestra.run.smithi073.stdout:/usr/bin/ceph: stderr
2024-06-06T06:49:15.243+0000 7fb683145700 1 -- 172.21.15.73:0/3117902121 shutdown_connections
2024-06-06T06:49:15.811 INFO:teuthology.orchestra.run.smithi073.stdout:/usr/bin/ceph: stderr
2024-06-06T06:49:15.243+0000 7fb683145700 1 --2- 172.21.15.73:0/3117902121 >> [v2:172.21.15.73:6800/961923295,v1:172.21.15.73:6801/961923295] conn(0x7fb664039000 0x7fb66403b4c0 unknown :-1 s=CLOSED pgs=6 cs=0 l=1 rev1=1 crypto rx=0 tx=0 comp rx=0 tx=0).stop
2024-06-06T06:49:15.811 INFO:teuthology.orchestra.run.smithi073.stdout:/usr/bin/ceph: stderr
2024-06-06T06:49:15.243+0000 7fb683145700 1 --2- 172.21.15.73:0/3117902121 >> [v2:172.21.15.73:3300/0,v1:172.21.15.73:6789/0] conn(0x7fb67c1087d0 0x7fb67c19ded0 unknown :-1 s=CLOSED pgs=19 cs=0 l=1 rev1=1 crypto rx=0 tx=0 comp rx=0 tx=0).stop
2024-06-06T06:49:15.811 INFO:teuthology.orchestra.run.smithi073.stdout:/usr/bin/ceph: stderr
2024-06-06T06:49:15.243+0000 7fb683145700 1 -- 172.21.15.73:0/3117902121 >> 172.21.15.73:0/3117902121 conn(0x7fb67c1021e0 msgr2=0x7fb67c102aa0 unknown :-1 s=STATE_NONE l=0).mark_down
2024-06-06T06:49:15.811 INFO:teuthology.orchestra.run.smithi073.stdout:/usr/bin/ceph: stderr
2024-06-06T06:49:15.243+0000 7fb683145700 1 -- 172.21.15.73:0/3117902121 shutdown_connections
2024-06-06T06:49:15.811 INFO:teuthology.orchestra.run.smithi073.stdout:/usr/bin/ceph: stderr
2024-06-06T06:49:15.243+0000 7fb683145700 1 -- 172.21.15.73:0/3117902121 wait complete.
2024-06-06T06:49:15.811 INFO:teuthology.orchestra.run.smithi073.stdout:mgr is available
2024-06-06T06:49:16.771 INFO:journalctl@ceph.mon.a.smithi073.stdout:Jun 06 06:49:16 smithi073 ceph-mon[32303]: from='client.? 172.21.15.73:0/3028852777' entity='client.admin' cmd=[{"prefix": "config assimilate-conf"}]: dispatch
2024-06-06T06:49:17.022 INFO:teuthology.orchestra.run.smithi073.stdout:/usr/bin/ceph: stdout
2024-06-06T06:49:17.022 INFO:teuthology.orchestra.run.smithi073.stdout:/usr/bin/ceph: stdout [global]
2024-06-06T06:49:17.022 INFO:teuthology.orchestra.run.smithi073.stdout:/usr/bin/ceph: stdout fsid = b6cc6aaa-23d0-11ef-bc9b-c7b262605968
2024-06-06T06:49:17.022 INFO:teuthology.orchestra.run.smithi073.stdout:/usr/bin/ceph: stdout mon_osd_allow_pg_remap = true
2024-06-06T06:49:17.022 INFO:teuthology.orchestra.run.smithi073.stdout:/usr/bin/ceph: stdout mon_osd_allow_primary_affinity = true
2024-06-06T06:49:17.022 INFO:teuthology.orchestra.run.smithi073.stdout:/usr/bin/ceph: stdout mon_warn_on_no_sortbitwise = false
2024-06-06T06:49:17.022 INFO:teuthology.orchestra.run.smithi073.stdout:/usr/bin/ceph: stdout osd_crush_chooseleaf_type = 0
2024-06-06T06:49:17.023 INFO:teuthology.orchestra.run.smithi073.stdout:/usr/bin/ceph: stdout
2024-06-06T06:49:17.023 INFO:teuthology.orchestra.run.smithi073.stdout:/usr/bin/ceph: stdout [mgr]
2024-06-06T06:49:17.023 INFO:teuthology.orchestra.run.smithi073.stdout:/usr/bin/ceph: stdout mgr/telemetry/nag = false
2024-06-06T06:49:17.023 INFO:teuthology.orchestra.run.smithi073.stdout:/usr/bin/ceph: stdout
2024-06-06T06:49:17.023 INFO:teuthology.orchestra.run.smithi073.stdout:/usr/bin/ceph: stdout [osd]
2024-06-06T06:49:17.023 INFO:teuthology.orchestra.run.smithi073.stdout:/usr/bin/ceph: stdout mon_osd_backfillfull_ratio = 0.85
2024-06-06T06:49:17.023 INFO:teuthology.orchestra.run.smithi073.stdout:/usr/bin/ceph: stdout mon_osd_full_ratio = 0.9
2024-06-06T06:49:17.023 INFO:teuthology.orchestra.run.smithi073.stdout:/usr/bin/ceph: stdout mon_osd_nearfull_ratio = 0.8
2024-06-06T06:49:17.023 INFO:teuthology.orchestra.run.smithi073.stdout:/usr/bin/ceph: stdout osd_map_max_advance = 10
2024-06-06T06:49:17.023 INFO:teuthology.orchestra.run.smithi073.stdout:/usr/bin/ceph: stdout osd_sloppy_crc = true
2024-06-06T06:49:17.023 INFO:teuthology.orchestra.run.smithi073.stdout:/usr/bin/ceph: stderr
2024-06-06T06:49:16.217+0000 7efccb95f700 1 Processor -- start
2024-06-06T06:49:17.023 INFO:teuthology.orchestra.run.smithi073.stdout:/usr/bin/ceph: stderr
2024-06-06T06:49:16.217+0000 7efccb95f700 1 -- start start
2024-06-06T06:49:17.024 INFO:teuthology.orchestra.run.smithi073.stdout:/usr/bin/ceph: stderr
2024-06-06T06:49:16.217+0000 7efccb95f700 1 --2- >> [v2:172.21.15.73:3300/0,v1:172.21.15.73:6789/0] conn(0x7efcc407e6c0 0x7efcc407cb70 unknown :-1 s=NONE pgs=0 cs=0 l=0 rev1=0 crypto rx=0 tx=0 comp rx=0 tx=0).connect
2024-06-06T06:49:17.024 INFO:teuthology.orchestra.run.smithi073.stdout:/usr/bin/ceph: stderr
2024-06-06T06:49:16.217+0000 7efccb95f700 1 -- --> [v2:172.21.15.73:3300/0,v1:172.21.15.73:6789/0] -- mon_getmap magic: 0 -- 0x7efcc407d140 con 0x7efcc407e6c0
2024-06-06T06:49:17.024 INFO:teuthology.orchestra.run.smithi073.stdout:/usr/bin/ceph: stderr
2024-06-06T06:49:16.217+0000 7efcc96fb700 1 --2- >> [v2:172.21.15.73:3300/0,v1:172.21.15.73:6789/0] conn(0x7efcc407e6c0 0x7efcc407cb70 unknown :-1 s=BANNER_CONNECTING pgs=0 cs=0 l=0 rev1=0 crypto rx=0 tx=0 comp rx=0 tx=0)._handle_peer_banner_payload supported=3 required=0
2024-06-06T06:49:17.024 INFO:teuthology.orchestra.run.smithi073.stdout:/usr/bin/ceph: stderr
2024-06-06T06:49:16.217+0000 7efcc96fb700 1 --2- >> [v2:172.21.15.73:3300/0,v1:172.21.15.73:6789/0] conn(0x7efcc407e6c0 0x7efcc407cb70 unknown :-1 s=HELLO_CONNECTING pgs=0 cs=0 l=0 rev1=1 crypto rx=0 tx=0 comp rx=0 tx=0).handle_hello peer v2:172.21.15.73:3300/0 says I am v2:172.21.15.73:45740/0 (socket says 172.21.15.73:45740)
2024-06-06T06:49:17.024 INFO:teuthology.orchestra.run.smithi073.stdout:/usr/bin/ceph: stderr
2024-06-06T06:49:16.217+0000 7efcc96fb700 1 -- 172.21.15.73:0/2556792369 learned_addr learned my addr 172.21.15.73:0/2556792369 (peer_addr_for_me v2:172.21.15.73:0/0)
2024-06-06T06:49:17.024 INFO:teuthology.orchestra.run.smithi073.stdout:/usr/bin/ceph: stderr
2024-06-06T06:49:16.218+0000 7efcc96fb700 1 -- 172.21.15.73:0/2556792369 --> [v2:172.21.15.73:3300/0,v1:172.21.15.73:6789/0] -- mon_subscribe({config=0+,monmap=0+}) -- 0x7efcc407d2c0 con 0x7efcc407e6c0
2024-06-06T06:49:17.024 INFO:teuthology.orchestra.run.smithi073.stdout:/usr/bin/ceph: stderr
2024-06-06T06:49:16.218+0000 7efcc96fb700 1 --2- 172.21.15.73:0/2556792369 >> [v2:172.21.15.73:3300/0,v1:172.21.15.73:6789/0] conn(0x7efcc407e6c0 0x7efcc407cb70 secure :-1 s=READY pgs=20 cs=0 l=1 rev1=1 crypto rx=0x7efcc00098a0 tx=0x7efcc0009bb0 comp rx=0 tx=0).ready entity=mon.0 client_cookie=bb2b54f747040339 server_cookie=0 in_seq=0 out_seq=0
2024-06-06T06:49:17.024 INFO:teuthology.orchestra.run.smithi073.stdout:/usr/bin/ceph: stderr
2024-06-06T06:49:16.218+0000 7efcbbfff700 1 -- 172.21.15.73:0/2556792369 <== mon.0 v2:172.21.15.73:3300/0 1 ==== mon_map magic: 0 ==== 205+0+0 (secure 0 0 0) 0x7efcc0004160 con 0x7efcc407e6c0
2024-06-06T06:49:17.024 INFO:teuthology.orchestra.run.smithi073.stdout:/usr/bin/ceph: stderr
2024-06-06T06:49:16.218+0000 7efcbbfff700 1 -- 172.21.15.73:0/2556792369 <== mon.0 v2:172.21.15.73:3300/0 2 ==== config(26 keys) ==== 1071+0+0 (secure 0 0 0) 0x7efcc0004300 con 0x7efcc407e6c0
2024-06-06T06:49:17.024 INFO:teuthology.orchestra.run.smithi073.stdout:/usr/bin/ceph: stderr
2024-06-06T06:49:16.218+0000 7efcbbfff700 1 -- 172.21.15.73:0/2556792369 <== mon.0 v2:172.21.15.73:3300/0 3 ==== mon_map magic: 0 ==== 205+0+0 (secure 0 0 0) 0x7efcc0011a80 con 0x7efcc407e6c0
2024-06-06T06:49:17.024 INFO:teuthology.orchestra.run.smithi073.stdout:/usr/bin/ceph: stderr
2024-06-06T06:49:16.218+0000 7efccb95f700 1 -- 172.21.15.73:0/2556792369 >> [v2:172.21.15.73:3300/0,v1:172.21.15.73:6789/0] conn(0x7efcc407e6c0 msgr2=0x7efcc407cb70 secure :-1 s=STATE_CONNECTION_ESTABLISHED l=1).mark_down
2024-06-06T06:49:17.024 INFO:teuthology.orchestra.run.smithi073.stdout:/usr/bin/ceph: stderr
2024-06-06T06:49:16.218+0000 7efccb95f700 1 --2- 172.21.15.73:0/2556792369 >> [v2:172.21.15.73:3300/0,v1:172.21.15.73:6789/0] conn(0x7efcc407e6c0 0x7efcc407cb70 secure :-1 s=READY pgs=20 cs=0 l=1 rev1=1 crypto rx=0x7efcc00098a0 tx=0x7efcc0009bb0 comp rx=0 tx=0).stop
2024-06-06T06:49:17.025 INFO:teuthology.orchestra.run.smithi073.stdout:/usr/bin/ceph: stderr
2024-06-06T06:49:16.219+0000 7efccb95f700 1 -- 172.21.15.73:0/2556792369 shutdown_connections
2024-06-06T06:49:17.025 INFO:teuthology.orchestra.run.smithi073.stdout:/usr/bin/ceph: stderr
2024-06-06T06:49:16.219+0000 7efccb95f700 1 --2- 172.21.15.73:0/2556792369 >> [v2:172.21.15.73:3300/0,v1:172.21.15.73:6789/0] conn(0x7efcc407e6c0 0x7efcc407cb70 unknown :-1 s=CLOSED pgs=20 cs=0 l=1 rev1=1 crypto rx=0 tx=0 comp rx=0 tx=0).stop
2024-06-06T06:49:17.025 INFO:teuthology.orchestra.run.smithi073.stdout:/usr/bin/ceph: stderr
2024-06-06T06:49:16.219+0000 7efccb95f700 1 -- 172.21.15.73:0/2556792369 >> 172.21.15.73:0/2556792369 conn(0x7efcc4103370 msgr2=0x7efcc4105790 unknown :-1 s=STATE_NONE l=0).mark_down
2024-06-06T06:49:17.025 INFO:teuthology.orchestra.run.smithi073.stdout:/usr/bin/ceph: stderr
2024-06-06T06:49:16.219+0000 7efccb95f700 1 -- 172.21.15.73:0/2556792369 shutdown_connections
2024-06-06T06:49:17.025 INFO:teuthology.orchestra.run.smithi073.stdout:/usr/bin/ceph: stderr
2024-06-06T06:49:16.219+0000 7efccb95f700 1 -- 172.21.15.73:0/2556792369 wait complete.
2024-06-06T06:49:17.025 INFO:teuthology.orchestra.run.smithi073.stdout:/usr/bin/ceph: stderr
2024-06-06T06:49:16.219+0000 7efccb95f700 1 Processor -- start
2024-06-06T06:49:17.025 INFO:teuthology.orchestra.run.smithi073.stdout:/usr/bin/ceph: stderr
2024-06-06T06:49:16.219+0000 7efccb95f700 1 -- start start
2024-06-06T06:49:17.025 INFO:teuthology.orchestra.run.smithi073.stdout:/usr/bin/ceph: stderr
2024-06-06T06:49:16.219+0000 7efccb95f700 1 --2- >> [v2:172.21.15.73:3300/0,v1:172.21.15.73:6789/0] conn(0x7efcc407e6c0 0x7efcc419de40 unknown :-1 s=NONE pgs=0 cs=0 l=1 rev1=0 crypto rx=0 tx=0 comp rx=0 tx=0).connect
2024-06-06T06:49:17.025 INFO:teuthology.orchestra.run.smithi073.stdout:/usr/bin/ceph: stderr
2024-06-06T06:49:16.219+0000 7efccb95f700 1 -- --> [v2:172.21.15.73:3300/0,v1:172.21.15.73:6789/0] -- mon_getmap magic: 0 -- 0x7efcc410e2e0 con 0x7efcc407e6c0
2024-06-06T06:49:17.025 INFO:teuthology.orchestra.run.smithi073.stdout:/usr/bin/ceph: stderr
2024-06-06T06:49:16.219+0000 7efcc96fb700 1 --2- >> [v2:172.21.15.73:3300/0,v1:172.21.15.73:6789/0] conn(0x7efcc407e6c0 0x7efcc419de40 unknown :-1 s=BANNER_CONNECTING pgs=0 cs=0 l=1 rev1=0 crypto rx=0 tx=0 comp rx=0 tx=0)._handle_peer_banner_payload supported=3 required=0
2024-06-06T06:49:17.025 INFO:teuthology.orchestra.run.smithi073.stdout:/usr/bin/ceph: stderr
2024-06-06T06:49:16.220+0000 7efcc96fb700 1 --2- >> [v2:172.21.15.73:3300/0,v1:172.21.15.73:6789/0] conn(0x7efcc407e6c0 0x7efcc419de40 unknown :-1 s=HELLO_CONNECTING pgs=0 cs=0 l=1 rev1=1 crypto rx=0 tx=0 comp rx=0 tx=0).handle_hello peer v2:172.21.15.73:3300/0 says I am v2:172.21.15.73:45756/0 (socket says 172.21.15.73:45756)
2024-06-06T06:49:17.025 INFO:teuthology.orchestra.run.smithi073.stdout:/usr/bin/ceph: stderr
2024-06-06T06:49:16.220+0000 7efcc96fb700 1 -- 172.21.15.73:0/3028852777 learned_addr learned my addr 172.21.15.73:0/3028852777 (peer_addr_for_me v2:172.21.15.73:0/0)
2024-06-06T06:49:17.025 INFO:teuthology.orchestra.run.smithi073.stdout:/usr/bin/ceph: stderr
2024-06-06T06:49:16.220+0000 7efcc96fb700 1 -- 172.21.15.73:0/3028852777 --> [v2:172.21.15.73:3300/0,v1:172.21.15.73:6789/0] -- mon_subscribe({config=0+,monmap=0+}) -- 0x7efcc419e380 con 0x7efcc407e6c0
2024-06-06T06:49:17.026 INFO:teuthology.orchestra.run.smithi073.stdout:/usr/bin/ceph: stderr
2024-06-06T06:49:16.220+0000 7efcc96fb700 1 --2- 172.21.15.73:0/3028852777 >> [v2:172.21.15.73:3300/0,v1:172.21.15.73:6789/0] conn(0x7efcc407e6c0 0x7efcc419de40 secure :-1 s=READY pgs=21 cs=0 l=1 rev1=1 crypto rx=0x7efcc0011a50 tx=0x7efcc0011b30 comp rx=0 tx=0).ready entity=mon.0 client_cookie=0 server_cookie=0 in_seq=0 out_seq=0
2024-06-06T06:49:17.026 INFO:teuthology.orchestra.run.smithi073.stdout:/usr/bin/ceph: stderr
2024-06-06T06:49:16.220+0000 7efcba7fc700 1 -- 172.21.15.73:0/3028852777 <== mon.0 v2:172.21.15.73:3300/0 1 ==== mon_map magic: 0 ==== 205+0+0 (secure 0 0 0) 0x7efcc0003a80 con 0x7efcc407e6c0
2024-06-06T06:49:17.026 INFO:teuthology.orchestra.run.smithi073.stdout:/usr/bin/ceph: stderr
2024-06-06T06:49:16.220+0000 7efcba7fc700 1 -- 172.21.15.73:0/3028852777 <== mon.0 v2:172.21.15.73:3300/0 2 ==== config(26 keys) ==== 1071+0+0 (secure 0 0 0) 0x7efcc0003c20 con 0x7efcc407e6c0
2024-06-06T06:49:17.026 INFO:teuthology.orchestra.run.smithi073.stdout:/usr/bin/ceph: stderr
2024-06-06T06:49:16.220+0000 7efccb95f700 1 -- 172.21.15.73:0/3028852777 --> [v2:172.21.15.73:3300/0,v1:172.21.15.73:6789/0] -- mon_subscribe({mgrmap=0+}) -- 0x7efcc419e610 con 0x7efcc407e6c0
2024-06-06T06:49:17.026 INFO:teuthology.orchestra.run.smithi073.stdout:/usr/bin/ceph: stderr
2024-06-06T06:49:16.220+0000 7efcba7fc700 1 -- 172.21.15.73:0/3028852777 <== mon.0 v2:172.21.15.73:3300/0 3 ==== mon_map magic: 0 ==== 205+0+0 (secure 0 0 0) 0x7efcc001a650 con 0x7efcc407e6c0
