2024-06-06T06:56:20.675 INFO:teuthology.orchestra.run.smithi077.stdout:/usr/bin/ceph: stderr
2024-06-06T06:56:19.904+0000 7fba2dded640 1 --2- >> [v2:172.21.15.77:3300/0,v1:172.21.15.77:6789/0] conn(0x7fba28100c50 0x7fba28101060 unknown :-1 s=BANNER_CONNECTING pgs=0 cs=0 l=0 rev1=0 crypto rx=0 tx=0 comp rx=0 tx=0)._handle_peer_banner_payload supported=3 required=0
2024-06-06T06:56:20.675 INFO:teuthology.orchestra.run.smithi077.stdout:/usr/bin/ceph: stderr
2024-06-06T06:56:19.904+0000 7fba2dded640 1 --2- >> [v2:172.21.15.77:3300/0,v1:172.21.15.77:6789/0] conn(0x7fba28100c50 0x7fba28101060 unknown :-1 s=HELLO_CONNECTING pgs=0 cs=0 l=0 rev1=1 crypto rx=0 tx=0 comp rx=0 tx=0).handle_hello peer v2:172.21.15.77:3300/0 says I am v2:172.21.15.77:39592/0 (socket says 172.21.15.77:39592)
2024-06-06T06:56:20.675 INFO:teuthology.orchestra.run.smithi077.stdout:/usr/bin/ceph: stderr
2024-06-06T06:56:19.904+0000 7fba2dded640 1 -- 172.21.15.77:0/4170156867 learned_addr learned my addr 172.21.15.77:0/4170156867 (peer_addr_for_me v2:172.21.15.77:0/0)
2024-06-06T06:56:20.675 INFO:teuthology.orchestra.run.smithi077.stdout:/usr/bin/ceph: stderr
2024-06-06T06:56:19.904+0000 7fba2dded640 1 -- 172.21.15.77:0/4170156867 --> [v2:172.21.15.77:3300/0,v1:172.21.15.77:6789/0] -- mon_subscribe({config=0+,monmap=0+}) v3 -- 0x7fba281016e0 con 0x7fba28100c50
2024-06-06T06:56:20.675 INFO:teuthology.orchestra.run.smithi077.stdout:/usr/bin/ceph: stderr
2024-06-06T06:56:19.905+0000 7fba2dded640 1 --2- 172.21.15.77:0/4170156867 >> [v2:172.21.15.77:3300/0,v1:172.21.15.77:6789/0] conn(0x7fba28100c50 0x7fba28101060 secure :-1 s=READY pgs=47 cs=0 l=1 rev1=1 crypto rx=0x7fba24009840 tx=0x7fba240091d0 comp rx=0 tx=0).ready entity=mon.0 client_cookie=5b6222aea21ef7ec server_cookie=0 in_seq=0 out_seq=0
2024-06-06T06:56:20.675 INFO:teuthology.orchestra.run.smithi077.stdout:/usr/bin/ceph: stderr
2024-06-06T06:56:19.905+0000 7fba2cdeb640 1 -- 172.21.15.77:0/4170156867 <== mon.0 v2:172.21.15.77:3300/0 1 ==== mon_map magic: 0 v1 ==== 229+0+0 (secure 0 0 0) 0x7fba24032440 con 0x7fba28100c50
2024-06-06T06:56:20.675 INFO:teuthology.orchestra.run.smithi077.stdout:/usr/bin/ceph: stderr
2024-06-06T06:56:19.905+0000 7fba2cdeb640 1 -- 172.21.15.77:0/4170156867 <== mon.0 v2:172.21.15.77:3300/0 2 ==== config(27 keys) v1 ==== 1044+0+0 (secure 0 0 0) 0x7fba24032a30 con 0x7fba28100c50
2024-06-06T06:56:20.676 INFO:teuthology.orchestra.run.smithi077.stdout:/usr/bin/ceph: stderr
2024-06-06T06:56:19.905+0000 7fba2cdeb640 1 -- 172.21.15.77:0/4170156867 <== mon.0 v2:172.21.15.77:3300/0 3 ==== mon_map magic: 0 v1 ==== 229+0+0 (secure 0 0 0) 0x7fba24031ad0 con 0x7fba28100c50
2024-06-06T06:56:20.676 INFO:teuthology.orchestra.run.smithi077.stdout:/usr/bin/ceph: stderr
2024-06-06T06:56:19.905+0000 7fba30051640 1 -- 172.21.15.77:0/4170156867 >> [v2:172.21.15.77:3300/0,v1:172.21.15.77:6789/0] conn(0x7fba28100c50 msgr2=0x7fba28101060 secure :-1 s=STATE_CONNECTION_ESTABLISHED l=1).mark_down
2024-06-06T06:56:20.676 INFO:teuthology.orchestra.run.smithi077.stdout:/usr/bin/ceph: stderr
2024-06-06T06:56:19.905+0000 7fba30051640 1 --2- 172.21.15.77:0/4170156867 >> [v2:172.21.15.77:3300/0,v1:172.21.15.77:6789/0] conn(0x7fba28100c50 0x7fba28101060 secure :-1 s=READY pgs=47 cs=0 l=1 rev1=1 crypto rx=0x7fba24009840 tx=0x7fba240091d0 comp rx=0 tx=0).stop
2024-06-06T06:56:20.676 INFO:teuthology.orchestra.run.smithi077.stdout:/usr/bin/ceph: stderr
2024-06-06T06:56:19.906+0000 7fba30051640 1 -- 172.21.15.77:0/4170156867 shutdown_connections
2024-06-06T06:56:20.676 INFO:teuthology.orchestra.run.smithi077.stdout:/usr/bin/ceph: stderr
2024-06-06T06:56:19.906+0000 7fba30051640 1 --2- 172.21.15.77:0/4170156867 >> [v2:172.21.15.77:3300/0,v1:172.21.15.77:6789/0] conn(0x7fba28100c50 0x7fba28101060 unknown :-1 s=CLOSED pgs=47 cs=0 l=1 rev1=1 crypto rx=0 tx=0 comp rx=0 tx=0).stop
2024-06-06T06:56:20.676 INFO:teuthology.orchestra.run.smithi077.stdout:/usr/bin/ceph: stderr
2024-06-06T06:56:19.906+0000 7fba30051640 1 -- 172.21.15.77:0/4170156867 >> 172.21.15.77:0/4170156867 conn(0x7fba280fc430 msgr2=0x7fba280fe840 unknown :-1 s=STATE_NONE l=0).mark_down
2024-06-06T06:56:20.676 INFO:teuthology.orchestra.run.smithi077.stdout:/usr/bin/ceph: stderr
2024-06-06T06:56:19.906+0000 7fba30051640 1 -- 172.21.15.77:0/4170156867 shutdown_connections
2024-06-06T06:56:20.676 INFO:teuthology.orchestra.run.smithi077.stdout:/usr/bin/ceph: stderr
2024-06-06T06:56:19.906+0000 7fba30051640 1 -- 172.21.15.77:0/4170156867 wait complete.
2024-06-06T06:56:20.676 INFO:teuthology.orchestra.run.smithi077.stdout:/usr/bin/ceph: stderr
2024-06-06T06:56:19.906+0000 7fba30051640 1 Processor -- start
2024-06-06T06:56:20.676 INFO:teuthology.orchestra.run.smithi077.stdout:/usr/bin/ceph: stderr
2024-06-06T06:56:19.906+0000 7fba30051640 1 -- start start
2024-06-06T06:56:20.676 INFO:teuthology.orchestra.run.smithi077.stdout:/usr/bin/ceph: stderr
2024-06-06T06:56:19.906+0000 7fba30051640 1 --2- >> [v2:172.21.15.77:3300/0,v1:172.21.15.77:6789/0] conn(0x7fba28100c50 0x7fba28075af0 unknown :-1 s=NONE pgs=0 cs=0 l=1 rev1=0 crypto rx=0 tx=0 comp rx=0 tx=0).connect
2024-06-06T06:56:20.676 INFO:teuthology.orchestra.run.smithi077.stdout:/usr/bin/ceph: stderr
2024-06-06T06:56:19.906+0000 7fba30051640 1 -- --> [v2:172.21.15.77:3300/0,v1:172.21.15.77:6789/0] -- mon_getmap magic: 0 v1 -- 0x7fba28111620 con 0x7fba28100c50
2024-06-06T06:56:20.676 INFO:teuthology.orchestra.run.smithi077.stdout:/usr/bin/ceph: stderr
2024-06-06T06:56:19.906+0000 7fba2dded640 1 --2- >> [v2:172.21.15.77:3300/0,v1:172.21.15.77:6789/0] conn(0x7fba28100c50 0x7fba28075af0 unknown :-1 s=BANNER_CONNECTING pgs=0 cs=0 l=1 rev1=0 crypto rx=0 tx=0 comp rx=0 tx=0)._handle_peer_banner_payload supported=3 required=0
2024-06-06T06:56:20.677 INFO:teuthology.orchestra.run.smithi077.stdout:/usr/bin/ceph: stderr
2024-06-06T06:56:19.906+0000 7fba2dded640 1 --2- >> [v2:172.21.15.77:3300/0,v1:172.21.15.77:6789/0] conn(0x7fba28100c50 0x7fba28075af0 unknown :-1 s=HELLO_CONNECTING pgs=0 cs=0 l=1 rev1=1 crypto rx=0 tx=0 comp rx=0 tx=0).handle_hello peer v2:172.21.15.77:3300/0 says I am v2:172.21.15.77:39594/0 (socket says 172.21.15.77:39594)
2024-06-06T06:56:20.677 INFO:teuthology.orchestra.run.smithi077.stdout:/usr/bin/ceph: stderr
2024-06-06T06:56:19.906+0000 7fba2dded640 1 -- 172.21.15.77:0/2155386760 learned_addr learned my addr 172.21.15.77:0/2155386760 (peer_addr_for_me v2:172.21.15.77:0/0)
2024-06-06T06:56:20.677 INFO:teuthology.orchestra.run.smithi077.stdout:/usr/bin/ceph: stderr
2024-06-06T06:56:19.907+0000 7fba2dded640 1 -- 172.21.15.77:0/2155386760 --> [v2:172.21.15.77:3300/0,v1:172.21.15.77:6789/0] -- mon_subscribe({config=0+,monmap=0+}) v3 -- 0x7fba24009450 con 0x7fba28100c50
2024-06-06T06:56:20.677 INFO:teuthology.orchestra.run.smithi077.stdout:/usr/bin/ceph: stderr
2024-06-06T06:56:19.907+0000 7fba2dded640 1 --2- 172.21.15.77:0/2155386760 >> [v2:172.21.15.77:3300/0,v1:172.21.15.77:6789/0] conn(0x7fba28100c50 0x7fba28075af0 secure :-1 s=READY pgs=48 cs=0 l=1 rev1=1 crypto rx=0x7fba240317b0 tx=0x7fba24008040 comp rx=0 tx=0).ready entity=mon.0 client_cookie=0 server_cookie=0 in_seq=0 out_seq=0
2024-06-06T06:56:20.677 INFO:teuthology.orchestra.run.smithi077.stdout:/usr/bin/ceph: stderr
2024-06-06T06:56:19.907+0000 7fba1e7fc640 1 -- 172.21.15.77:0/2155386760 <== mon.0 v2:172.21.15.77:3300/0 1 ==== mon_map magic: 0 v1 ==== 229+0+0 (secure 0 0 0) 0x7fba24031e90 con 0x7fba28100c50
2024-06-06T06:56:20.677 INFO:teuthology.orchestra.run.smithi077.stdout:/usr/bin/ceph: stderr
2024-06-06T06:56:19.907+0000 7fba1e7fc640 1 -- 172.21.15.77:0/2155386760 <== mon.0 v2:172.21.15.77:3300/0 2 ==== config(27 keys) v1 ==== 1044+0+0 (secure 0 0 0) 0x7fba2403daf0 con 0x7fba28100c50
2024-06-06T06:56:20.677 INFO:teuthology.orchestra.run.smithi077.stdout:/usr/bin/ceph: stderr
2024-06-06T06:56:19.907+0000 7fba30051640 1 -- 172.21.15.77:0/2155386760 --> [v2:172.21.15.77:3300/0,v1:172.21.15.77:6789/0] -- mon_subscribe({mgrmap=0+}) v3 -- 0x7fba28115c30 con 0x7fba28100c50
2024-06-06T06:56:20.677 INFO:teuthology.orchestra.run.smithi077.stdout:/usr/bin/ceph: stderr
2024-06-06T06:56:19.907+0000 7fba1e7fc640 1 -- 172.21.15.77:0/2155386760 <== mon.0 v2:172.21.15.77:3300/0 3 ==== mon_map magic: 0 v1 ==== 229+0+0 (secure 0 0 0) 0x7fba2403baa0 con 0x7fba28100c50
2024-06-06T06:56:20.677 INFO:teuthology.orchestra.run.smithi077.stdout:/usr/bin/ceph: stderr
2024-06-06T06:56:19.907+0000 7fba30051640 1 -- 172.21.15.77:0/2155386760 --> [v2:172.21.15.77:3300/0,v1:172.21.15.77:6789/0] -- mon_subscribe({osdmap=0}) v3 -- 0x7fba28115f60 con 0x7fba28100c50
2024-06-06T06:56:20.677 INFO:teuthology.orchestra.run.smithi077.stdout:/usr/bin/ceph: stderr
2024-06-06T06:56:19.908+0000 7fba1e7fc640 1 -- 172.21.15.77:0/2155386760 <== mon.0 v2:172.21.15.77:3300/0 4 ==== mgrmap(e 8) v1 ==== 41946+0+0 (secure 0 0 0) 0x7fba24039070 con 0x7fba28100c50
2024-06-06T06:56:20.677 INFO:teuthology.orchestra.run.smithi077.stdout:/usr/bin/ceph: stderr
2024-06-06T06:56:19.908+0000 7fba1e7fc640 1 --2- 172.21.15.77:0/2155386760 >> [v2:172.21.15.77:6800/4098464893,v1:172.21.15.77:6801/4098464893] conn(0x7fba14034860 0x7fba14036d10 unknown :-1 s=NONE pgs=0 cs=0 l=1 rev1=0 crypto rx=0 tx=0 comp rx=0 tx=0).connect
2024-06-06T06:56:20.677 INFO:teuthology.orchestra.run.smithi077.stdout:/usr/bin/ceph: stderr
2024-06-06T06:56:19.908+0000 7fba1e7fc640 1 -- 172.21.15.77:0/2155386760 <== mon.0 v2:172.21.15.77:3300/0 5 ==== osd_map(2..2 src has 1..2) v4 ==== 936+0+0 (secure 0 0 0) 0x7fba24067a50 con 0x7fba28100c50
2024-06-06T06:56:20.677 INFO:teuthology.orchestra.run.smithi077.stdout:/usr/bin/ceph: stderr
2024-06-06T06:56:19.908+0000 7fba30051640 1 -- 172.21.15.77:0/2155386760 --> [v2:172.21.15.77:3300/0,v1:172.21.15.77:6789/0] -- mon_command({"prefix": "get_command_descriptions"} v 0) v1 -- 0x7fba2804b480 con 0x7fba28100c50
2024-06-06T06:56:20.677 INFO:teuthology.orchestra.run.smithi077.stdout:/usr/bin/ceph: stderr
2024-06-06T06:56:19.908+0000 7fba2d5ec640 1 --2- 172.21.15.77:0/2155386760 >> [v2:172.21.15.77:6800/4098464893,v1:172.21.15.77:6801/4098464893] conn(0x7fba14034860 0x7fba14036d10 unknown :-1 s=BANNER_CONNECTING pgs=0 cs=0 l=1 rev1=0 crypto rx=0 tx=0 comp rx=0 tx=0)._handle_peer_banner_payload supported=3 required=0
2024-06-06T06:56:20.678 INFO:teuthology.orchestra.run.smithi077.stdout:/usr/bin/ceph: stderr
2024-06-06T06:56:19.908+0000 7fba2d5ec640 1 --2- 172.21.15.77:0/2155386760 >> [v2:172.21.15.77:6800/4098464893,v1:172.21.15.77:6801/4098464893] conn(0x7fba14034860 0x7fba14036d10 secure :-1 s=READY pgs=13 cs=0 l=1 rev1=1 crypto rx=0x7fba18006fd0 tx=0x7fba18006db0 comp rx=0 tx=0).ready entity=mgr.14118 client_cookie=0 server_cookie=0 in_seq=0 out_seq=0
2024-06-06T06:56:20.678 INFO:teuthology.orchestra.run.smithi077.stdout:/usr/bin/ceph: stderr
2024-06-06T06:56:19.913+0000 7fba1e7fc640 1 -- 172.21.15.77:0/2155386760 <== mon.0 v2:172.21.15.77:3300/0 6 ==== mon_command_ack([{"prefix": "get_command_descriptions"}]=0 v0) v1 ==== 72+0+175578 (secure 0 0 0) 0x7fba24041020 con 0x7fba28100c50
2024-06-06T06:56:20.678 INFO:teuthology.orchestra.run.smithi077.stdout:/usr/bin/ceph: stderr
2024-06-06T06:56:20.091+0000 7fba30051640 1 -- 172.21.15.77:0/2155386760 --> [v2:172.21.15.77:6800/4098464893,v1:172.21.15.77:6801/4098464893] -- mgr_command(tid 0: {"prefix": "orch apply", "service_type": "mgr", "target": ["mon-mgr", ""]}) v1 -- 0x7fba281161b0 con 0x7fba14034860
2024-06-06T06:56:20.678 INFO:teuthology.orchestra.run.smithi077.stdout:/usr/bin/ceph: stderr
2024-06-06T06:56:20.098+0000 7fba1e7fc640 1 -- 172.21.15.77:0/2155386760 <== mgr.14118 v2:172.21.15.77:6800/4098464893 1 ==== mgr_command_reply(tid 0: 0 ) v1 ==== 8+0+24 (secure 0 0 0) 0x7fba281161b0 con 0x7fba14034860
2024-06-06T06:56:20.678 INFO:teuthology.orchestra.run.smithi077.stdout:/usr/bin/ceph: stderr
2024-06-06T06:56:20.100+0000 7fba30051640 1 -- 172.21.15.77:0/2155386760 >> [v2:172.21.15.77:6800/4098464893,v1:172.21.15.77:6801/4098464893] conn(0x7fba14034860 msgr2=0x7fba14036d10 secure :-1 s=STATE_CONNECTION_ESTABLISHED l=1).mark_down
2024-06-06T06:56:20.678 INFO:teuthology.orchestra.run.smithi077.stdout:/usr/bin/ceph: stderr
2024-06-06T06:56:20.100+0000 7fba30051640 1 --2- 172.21.15.77:0/2155386760 >> [v2:172.21.15.77:6800/4098464893,v1:172.21.15.77:6801/4098464893] conn(0x7fba14034860 0x7fba14036d10 secure :-1 s=READY pgs=13 cs=0 l=1 rev1=1 crypto rx=0x7fba18006fd0 tx=0x7fba18006db0 comp rx=0 tx=0).stop
2024-06-06T06:56:20.678 INFO:teuthology.orchestra.run.smithi077.stdout:/usr/bin/ceph: stderr
2024-06-06T06:56:20.100+0000 7fba30051640 1 -- 172.21.15.77:0/2155386760 >> [v2:172.21.15.77:3300/0,v1:172.21.15.77:6789/0] conn(0x7fba28100c50 msgr2=0x7fba28075af0 secure :-1 s=STATE_CONNECTION_ESTABLISHED l=1).mark_down
2024-06-06T06:56:20.678 INFO:teuthology.orchestra.run.smithi077.stdout:/usr/bin/ceph: stderr
2024-06-06T06:56:20.100+0000 7fba30051640 1 --2- 172.21.15.77:0/2155386760 >> [v2:172.21.15.77:3300/0,v1:172.21.15.77:6789/0] conn(0x7fba28100c50 0x7fba28075af0 secure :-1 s=READY pgs=48 cs=0 l=1 rev1=1 crypto rx=0x7fba240317b0 tx=0x7fba24008040 comp rx=0 tx=0).stop
2024-06-06T06:56:20.678 INFO:teuthology.orchestra.run.smithi077.stdout:/usr/bin/ceph: stderr
2024-06-06T06:56:20.100+0000 7fba30051640 1 -- 172.21.15.77:0/2155386760 shutdown_connections
2024-06-06T06:56:20.678 INFO:teuthology.orchestra.run.smithi077.stdout:/usr/bin/ceph: stderr
2024-06-06T06:56:20.100+0000 7fba30051640 1 --2- 172.21.15.77:0/2155386760 >> [v2:172.21.15.77:6800/4098464893,v1:172.21.15.77:6801/4098464893] conn(0x7fba14034860 0x7fba14036d10 unknown :-1 s=CLOSED pgs=13 cs=0 l=1 rev1=1 crypto rx=0 tx=0 comp rx=0 tx=0).stop
2024-06-06T06:56:20.678 INFO:teuthology.orchestra.run.smithi077.stdout:/usr/bin/ceph: stderr
2024-06-06T06:56:20.100+0000 7fba30051640 1 --2- 172.21.15.77:0/2155386760 >> [v2:172.21.15.77:3300/0,v1:172.21.15.77:6789/0] conn(0x7fba28100c50 0x7fba28075af0 unknown :-1 s=CLOSED pgs=48 cs=0 l=1 rev1=1 crypto rx=0 tx=0 comp rx=0 tx=0).stop
2024-06-06T06:56:20.678 INFO:teuthology.orchestra.run.smithi077.stdout:/usr/bin/ceph: stderr
2024-06-06T06:56:20.100+0000 7fba30051640 1 -- 172.21.15.77:0/2155386760 >> 172.21.15.77:0/2155386760 conn(0x7fba280fc430 msgr2=0x7fba280fcfc0 unknown :-1 s=STATE_NONE l=0).mark_down
2024-06-06T06:56:20.678 INFO:teuthology.orchestra.run.smithi077.stdout:/usr/bin/ceph: stderr
2024-06-06T06:56:20.100+0000 7fba30051640 1 -- 172.21.15.77:0/2155386760 shutdown_connections
2024-06-06T06:56:20.679 INFO:teuthology.orchestra.run.smithi077.stdout:/usr/bin/ceph: stderr
2024-06-06T06:56:20.100+0000 7fba30051640 1 -- 172.21.15.77:0/2155386760 wait complete.
2024-06-06T06:56:20.679 INFO:teuthology.orchestra.run.smithi077.stdout:Deploying crash service with default placement...
2024-06-06T06:56:21.454 INFO:journalctl@ceph.mon.smithi077.smithi077.stdout:Jun 06 06:56:21 smithi077 ceph-mon[29126]: from='client.14142 -' entity='client.admin' cmd=[{"prefix": "orch apply", "service_type": "mgr", "target": ["mon-mgr", ""]}]: dispatch
2024-06-06T06:56:21.455 INFO:journalctl@ceph.mon.smithi077.smithi077.stdout:Jun 06 06:56:21 smithi077 ceph-mon[29126]: Saving service mgr spec with placement count:2
2024-06-06T06:56:21.455 INFO:journalctl@ceph.mon.smithi077.smithi077.stdout:Jun 06 06:56:21 smithi077 ceph-mon[29126]: from='mgr.14118 172.21.15.77:0/3694758882' entity='mgr.smithi077.xsysrh'
2024-06-06T06:56:22.646 INFO:journalctl@ceph.mon.smithi077.smithi077.stdout:Jun 06 06:56:22 smithi077 ceph-mon[29126]: from='mgr.14118 172.21.15.77:0/3694758882' entity='mgr.smithi077.xsysrh'
2024-06-06T06:56:22.646 INFO:journalctl@ceph.mon.smithi077.smithi077.stdout:Jun 06 06:56:22 smithi077 ceph-mon[29126]: from='mgr.14118 172.21.15.77:0/3694758882' entity='mgr.smithi077.xsysrh'
2024-06-06T06:56:22.647 INFO:journalctl@ceph.mon.smithi077.smithi077.stdout:Jun 06 06:56:22 smithi077 ceph-mon[29126]: from='client.14144 -' entity='client.admin' cmd=[{"prefix": "orch apply", "service_type": "crash", "target": ["mon-mgr", ""]}]: dispatch
2024-06-06T06:56:22.647 INFO:journalctl@ceph.mon.smithi077.smithi077.stdout:Jun 06 06:56:22 smithi077 ceph-mon[29126]: Saving service crash spec with placement *
2024-06-06T06:56:22.647 INFO:journalctl@ceph.mon.smithi077.smithi077.stdout:Jun 06 06:56:22 smithi077 ceph-mon[29126]: from='mgr.14118 172.21.15.77:0/3694758882' entity='mgr.smithi077.xsysrh'
2024-06-06T06:56:23.547 INFO:teuthology.orchestra.run.smithi077.stdout:/usr/bin/ceph: stdout Scheduled crash update...
2024-06-06T06:56:23.548 INFO:teuthology.orchestra.run.smithi077.stdout:/usr/bin/ceph: stderr
2024-06-06T06:56:22.140+0000 7f030e860640 1 Processor -- start
2024-06-06T06:56:23.548 INFO:teuthology.orchestra.run.smithi077.stdout:/usr/bin/ceph: stderr
2024-06-06T06:56:22.140+0000 7f030e860640 1 -- start start
2024-06-06T06:56:23.548 INFO:teuthology.orchestra.run.smithi077.stdout:/usr/bin/ceph: stderr
2024-06-06T06:56:22.140+0000 7f030e860640 1 --2- >> [v2:172.21.15.77:3300/0,v1:172.21.15.77:6789/0] conn(0x7f0308077d10 0x7f0308076240 unknown :-1 s=NONE pgs=0 cs=0 l=0 rev1=0 crypto rx=0 tx=0 comp rx=0 tx=0).connect
2024-06-06T06:56:23.548 INFO:teuthology.orchestra.run.smithi077.stdout:/usr/bin/ceph: stderr
2024-06-06T06:56:22.140+0000 7f030e860640 1 -- --> [v2:172.21.15.77:3300/0,v1:172.21.15.77:6789/0] -- mon_getmap magic: 0 v1 -- 0x7f0308078120 con 0x7f0308077d10
2024-06-06T06:56:23.548 INFO:teuthology.orchestra.run.smithi077.stdout:/usr/bin/ceph: stderr
2024-06-06T06:56:22.140+0000 7f0307fff640 1 --2- >> [v2:172.21.15.77:3300/0,v1:172.21.15.77:6789/0] conn(0x7f0308077d10 0x7f0308076240 unknown :-1 s=BANNER_CONNECTING pgs=0 cs=0 l=0 rev1=0 crypto rx=0 tx=0 comp rx=0 tx=0)._handle_peer_banner_payload supported=3 required=0
2024-06-06T06:56:23.548 INFO:teuthology.orchestra.run.smithi077.stdout:/usr/bin/ceph: stderr
2024-06-06T06:56:22.140+0000 7f0307fff640 1 --2- >> [v2:172.21.15.77:3300/0,v1:172.21.15.77:6789/0] conn(0x7f0308077d10 0x7f0308076240 unknown :-1 s=HELLO_CONNECTING pgs=0 cs=0 l=0 rev1=1 crypto rx=0 tx=0 comp rx=0 tx=0).handle_hello peer v2:172.21.15.77:3300/0 says I am v2:172.21.15.77:59066/0 (socket says 172.21.15.77:59066)
2024-06-06T06:56:23.548 INFO:teuthology.orchestra.run.smithi077.stdout:/usr/bin/ceph: stderr
2024-06-06T06:56:22.140+0000 7f0307fff640 1 -- 172.21.15.77:0/432360769 learned_addr learned my addr 172.21.15.77:0/432360769 (peer_addr_for_me v2:172.21.15.77:0/0)
2024-06-06T06:56:23.548 INFO:teuthology.orchestra.run.smithi077.stdout:/usr/bin/ceph: stderr
2024-06-06T06:56:22.140+0000 7f0307fff640 1 -- 172.21.15.77:0/432360769 --> [v2:172.21.15.77:3300/0,v1:172.21.15.77:6789/0] -- mon_subscribe({config=0+,monmap=0+}) v3 -- 0x7f0308076780 con 0x7f0308077d10
2024-06-06T06:56:23.549 INFO:teuthology.orchestra.run.smithi077.stdout:/usr/bin/ceph: stderr
2024-06-06T06:56:22.141+0000 7f0307fff640 1 --2- 172.21.15.77:0/432360769 >> [v2:172.21.15.77:3300/0,v1:172.21.15.77:6789/0] conn(0x7f0308077d10 0x7f0308076240 secure :-1 s=READY pgs=49 cs=0 l=1 rev1=1 crypto rx=0x7f02f8009840 tx=0x7f02f80091d0 comp rx=0 tx=0).ready entity=mon.0 client_cookie=3b17ceb9c3abafae server_cookie=0 in_seq=0 out_seq=0
2024-06-06T06:56:23.549 INFO:teuthology.orchestra.run.smithi077.stdout:/usr/bin/ceph: stderr
2024-06-06T06:56:22.141+0000 7f0306ffd640 1 -- 172.21.15.77:0/432360769 <== mon.0 v2:172.21.15.77:3300/0 1 ==== mon_map magic: 0 v1 ==== 229+0+0 (secure 0 0 0) 0x7f02f8032440 con 0x7f0308077d10
2024-06-06T06:56:23.549 INFO:teuthology.orchestra.run.smithi077.stdout:/usr/bin/ceph: stderr
2024-06-06T06:56:22.141+0000 7f0306ffd640 1 -- 172.21.15.77:0/432360769 <== mon.0 v2:172.21.15.77:3300/0 2 ==== config(27 keys) v1 ==== 1109+0+0 (secure 0 0 0) 0x7f02f8032a70 con 0x7f0308077d10
2024-06-06T06:56:23.549 INFO:teuthology.orchestra.run.smithi077.stdout:/usr/bin/ceph: stderr
2024-06-06T06:56:22.141+0000 7f0306ffd640 1 -- 172.21.15.77:0/432360769 <== mon.0 v2:172.21.15.77:3300/0 3 ==== mon_map magic: 0 v1 ==== 229+0+0 (secure 0 0 0) 0x7f02f8031ad0 con 0x7f0308077d10
2024-06-06T06:56:23.549 INFO:teuthology.orchestra.run.smithi077.stdout:/usr/bin/ceph: stderr
2024-06-06T06:56:22.142+0000 7f030e860640 1 -- 172.21.15.77:0/432360769 >> [v2:172.21.15.77:3300/0,v1:172.21.15.77:6789/0] conn(0x7f0308077d10 msgr2=0x7f0308076240 secure :-1 s=STATE_CONNECTION_ESTABLISHED l=1).mark_down
2024-06-06T06:56:23.549 INFO:teuthology.orchestra.run.smithi077.stdout:/usr/bin/ceph: stderr
2024-06-06T06:56:22.142+0000 7f030e860640 1 --2- 172.21.15.77:0/432360769 >> [v2:172.21.15.77:3300/0,v1:172.21.15.77:6789/0] conn(0x7f0308077d10 0x7f0308076240 secure :-1 s=READY pgs=49 cs=0 l=1 rev1=1 crypto rx=0x7f02f8009840 tx=0x7f02f80091d0 comp rx=0 tx=0).stop
2024-06-06T06:56:23.549 INFO:teuthology.orchestra.run.smithi077.stdout:/usr/bin/ceph: stderr
2024-06-06T06:56:22.142+0000 7f030e860640 1 -- 172.21.15.77:0/432360769 shutdown_connections
2024-06-06T06:56:23.550 INFO:teuthology.orchestra.run.smithi077.stdout:/usr/bin/ceph: stderr
2024-06-06T06:56:22.142+0000 7f030e860640 1 --2- 172.21.15.77:0/432360769 >> [v2:172.21.15.77:3300/0,v1:172.21.15.77:6789/0] conn(0x7f0308077d10 0x7f0308076240 unknown :-1 s=CLOSED pgs=49 cs=0 l=1 rev1=1 crypto rx=0 tx=0 comp rx=0 tx=0).stop
2024-06-06T06:56:23.550 INFO:teuthology.orchestra.run.smithi077.stdout:/usr/bin/ceph: stderr
2024-06-06T06:56:22.142+0000 7f030e860640 1 -- 172.21.15.77:0/432360769 >> 172.21.15.77:0/432360769 conn(0x7f03080fd4d0 msgr2=0x7f03080ff8e0 unknown :-1 s=STATE_NONE l=0).mark_down
2024-06-06T06:56:23.550 INFO:teuthology.orchestra.run.smithi077.stdout:/usr/bin/ceph: stderr
2024-06-06T06:56:22.142+0000 7f030e860640 1 -- 172.21.15.77:0/432360769 shutdown_connections
2024-06-06T06:56:23.550 INFO:teuthology.orchestra.run.smithi077.stdout:/usr/bin/ceph: stderr
2024-06-06T06:56:22.142+0000 7f030e860640 1 -- 172.21.15.77:0/432360769 wait complete.
2024-06-06T06:56:23.550 INFO:teuthology.orchestra.run.smithi077.stdout:/usr/bin/ceph: stderr
2024-06-06T06:56:22.142+0000 7f030e860640 1 Processor -- start
2024-06-06T06:56:23.550 INFO:teuthology.orchestra.run.smithi077.stdout:/usr/bin/ceph: stderr
2024-06-06T06:56:22.143+0000 7f030e860640 1 -- start start
2024-06-06T06:56:23.550 INFO:teuthology.orchestra.run.smithi077.stdout:/usr/bin/ceph: stderr
2024-06-06T06:56:22.143+0000 7f030e860640 1 --2- >> [v2:172.21.15.77:3300/0,v1:172.21.15.77:6789/0] conn(0x7f0308077d10 0x7f0308113130 unknown :-1 s=NONE pgs=0 cs=0 l=1 rev1=0 crypto rx=0 tx=0 comp rx=0 tx=0).connect
2024-06-06T06:56:23.550 INFO:teuthology.orchestra.run.smithi077.stdout:/usr/bin/ceph: stderr
2024-06-06T06:56:22.143+0000 7f030e860640 1 -- --> [v2:172.21.15.77:3300/0,v1:172.21.15.77:6789/0] -- mon_getmap magic: 0 v1 -- 0x7f0308113670 con 0x7f0308077d10
2024-06-06T06:56:23.550 INFO:teuthology.orchestra.run.smithi077.stdout:/usr/bin/ceph: stderr
2024-06-06T06:56:22.143+0000 7f0307fff640 1 --2- >> [v2:172.21.15.77:3300/0,v1:172.21.15.77:6789/0] conn(0x7f0308077d10 0x7f0308113130 unknown :-1 s=BANNER_CONNECTING pgs=0 cs=0 l=1 rev1=0 crypto rx=0 tx=0 comp rx=0 tx=0)._handle_peer_banner_payload supported=3 required=0
2024-06-06T06:56:23.550 INFO:teuthology.orchestra.run.smithi077.stdout:/usr/bin/ceph: stderr
2024-06-06T06:56:22.143+0000 7f0307fff640 1 --2- >> [v2:172.21.15.77:3300/0,v1:172.21.15.77:6789/0] conn(0x7f0308077d10 0x7f0308113130 unknown :-1 s=HELLO_CONNECTING pgs=0 cs=0 l=1 rev1=1 crypto rx=0 tx=0 comp rx=0 tx=0).handle_hello peer v2:172.21.15.77:3300/0 says I am v2:172.21.15.77:59070/0 (socket says 172.21.15.77:59070)
2024-06-06T06:56:23.550 INFO:teuthology.orchestra.run.smithi077.stdout:/usr/bin/ceph: stderr
2024-06-06T06:56:22.143+0000 7f0307fff640 1 -- 172.21.15.77:0/4027605753 learned_addr learned my addr 172.21.15.77:0/4027605753 (peer_addr_for_me v2:172.21.15.77:0/0)
2024-06-06T06:56:23.550 INFO:teuthology.orchestra.run.smithi077.stdout:/usr/bin/ceph: stderr
2024-06-06T06:56:22.143+0000 7f0307fff640 1 -- 172.21.15.77:0/4027605753 --> [v2:172.21.15.77:3300/0,v1:172.21.15.77:6789/0] -- mon_subscribe({config=0+,monmap=0+}) v3 -- 0x7f02f8009450 con 0x7f0308077d10
2024-06-06T06:56:23.551 INFO:teuthology.orchestra.run.smithi077.stdout:/usr/bin/ceph: stderr
2024-06-06T06:56:22.143+0000 7f0307fff640 1 --2- 172.21.15.77:0/4027605753 >> [v2:172.21.15.77:3300/0,v1:172.21.15.77:6789/0] conn(0x7f0308077d10 0x7f0308113130 secure :-1 s=READY pgs=50 cs=0 l=1 rev1=1 crypto rx=0x7f02f8009810 tx=0x7f02f802c040 comp rx=0 tx=0).ready entity=mon.0 client_cookie=0 server_cookie=0 in_seq=0 out_seq=0
2024-06-06T06:56:23.551 INFO:teuthology.orchestra.run.smithi077.stdout:/usr/bin/ceph: stderr
2024-06-06T06:56:22.143+0000 7f0304ff9640 1 -- 172.21.15.77:0/4027605753 <== mon.0 v2:172.21.15.77:3300/0 1 ==== mon_map magic: 0 v1 ==== 229+0+0 (secure 0 0 0) 0x7f02f8032880 con 0x7f0308077d10
2024-06-06T06:56:23.551 INFO:teuthology.orchestra.run.smithi077.stdout:/usr/bin/ceph: stderr
2024-06-06T06:56:22.144+0000 7f030e860640 1 -- 172.21.15.77:0/4027605753 --> [v2:172.21.15.77:3300/0,v1:172.21.15.77:6789/0] -- mon_subscribe({mgrmap=0+}) v3 -- 0x7f0308113870 con 0x7f0308077d10
2024-06-06T06:56:23.551 INFO:teuthology.orchestra.run.smithi077.stdout:/usr/bin/ceph: stderr
2024-06-06T06:56:22.144+0000 7f0304ff9640 1 -- 172.21.15.77:0/4027605753 <== mon.0 v2:172.21.15.77:3300/0 2 ==== config(27 keys) v1 ==== 1109+0+0 (secure 0 0 0) 0x7f02f803b910 con 0x7f0308077d10
2024-06-06T06:56:23.551 INFO:teuthology.orchestra.run.smithi077.stdout:/usr/bin/ceph: stderr
2024-06-06T06:56:22.144+0000 7f0304ff9640 1 -- 172.21.15.77:0/4027605753 <== mon.0 v2:172.21.15.77:3300/0 3 ==== mon_map magic: 0 v1 ==== 229+0+0 (secure 0 0 0) 0x7f02f803a9c0 con 0x7f0308077d10
2024-06-06T06:56:23.551 INFO:teuthology.orchestra.run.smithi077.stdout:/usr/bin/ceph: stderr
2024-06-06T06:56:22.144+0000 7f030e860640 1 -- 172.21.15.77:0/4027605753 --> [v2:172.21.15.77:3300/0,v1:172.21.15.77:6789/0] -- mon_subscribe({osdmap=0}) v3 -- 0x7f0308113ce0 con 0x7f0308077d10
2024-06-06T06:56:23.551 INFO:teuthology.orchestra.run.smithi077.stdout:/usr/bin/ceph: stderr
2024-06-06T06:56:22.144+0000 7f0304ff9640 1 -- 172.21.15.77:0/4027605753 <== mon.0 v2:172.21.15.77:3300/0 4 ==== mgrmap(e 8) v1 ==== 41946+0+0 (secure 0 0 0) 0x7f02f8039070 con 0x7f0308077d10
2024-06-06T06:56:23.551 INFO:teuthology.orchestra.run.smithi077.stdout:/usr/bin/ceph: stderr
2024-06-06T06:56:22.144+0000 7f0304ff9640 1 --2- 172.21.15.77:0/4027605753 >> [v2:172.21.15.77:6800/4098464893,v1:172.21.15.77:6801/4098464893] conn(0x7f02f0034810 0x7f02f0036cc0 unknown :-1 s=NONE pgs=0 cs=0 l=1 rev1=0 crypto rx=0 tx=0 comp rx=0 tx=0).connect
2024-06-06T06:56:23.551 INFO:teuthology.orchestra.run.smithi077.stdout:/usr/bin/ceph: stderr
2024-06-06T06:56:22.145+0000 7f0304ff9640 1 -- 172.21.15.77:0/4027605753 <== mon.0 v2:172.21.15.77:3300/0 5 ==== osd_map(2..2 src has 1..2) v4 ==== 936+0+0 (secure 0 0 0) 0x7f02f8066bf0 con 0x7f0308077d10
2024-06-06T06:56:23.551 INFO:teuthology.orchestra.run.smithi077.stdout:/usr/bin/ceph: stderr
2024-06-06T06:56:22.145+0000 7f03077fe640 1 --2- 172.21.15.77:0/4027605753 >> [v2:172.21.15.77:6800/4098464893,v1:172.21.15.77:6801/4098464893] conn(0x7f02f0034810 0x7f02f0036cc0 unknown :-1 s=BANNER_CONNECTING pgs=0 cs=0 l=1 rev1=0 crypto rx=0 tx=0 comp rx=0 tx=0)._handle_peer_banner_payload supported=3 required=0
2024-06-06T06:56:23.551 INFO:teuthology.orchestra.run.smithi077.stdout:/usr/bin/ceph: stderr
2024-06-06T06:56:22.145+0000 7f030e860640 1 -- 172.21.15.77:0/4027605753 --> [v2:172.21.15.77:3300/0,v1:172.21.15.77:6789/0] -- mon_command({"prefix": "get_command_descriptions"} v 0) v1 -- 0x7f030805ead0 con 0x7f0308077d10
2024-06-06T06:56:23.551 INFO:teuthology.orchestra.run.smithi077.stdout:/usr/bin/ceph: stderr
2024-06-06T06:56:22.145+0000 7f03077fe640 1 --2- 172.21.15.77:0/4027605753 >> [v2:172.21.15.77:6800/4098464893,v1:172.21.15.77:6801/4098464893] conn(0x7f02f0034810 0x7f02f0036cc0 secure :-1 s=READY pgs=14 cs=0 l=1 rev1=1 crypto rx=0x7f02fc006fd0 tx=0x7f02fc006db0 comp rx=0 tx=0).ready entity=mgr.14118 client_cookie=0 server_cookie=0 in_seq=0 out_seq=0
2024-06-06T06:56:23.551 INFO:teuthology.orchestra.run.smithi077.stdout:/usr/bin/ceph: stderr
2024-06-06T06:56:22.149+0000 7f0304ff9640 1 -- 172.21.15.77:0/4027605753 <== mon.0 v2:172.21.15.77:3300/0 6 ==== mon_command_ack([{"prefix": "get_command_descriptions"}]=0 v0) v1 ==== 72+0+175578 (secure 0 0 0) 0x7f02f803f080 con 0x7f0308077d10
2024-06-06T06:56:23.551 INFO:teuthology.orchestra.run.smithi077.stdout:/usr/bin/ceph: stderr
2024-06-06T06:56:22.344+0000 7f030e860640 1 -- 172.21.15.77:0/4027605753 --> [v2:172.21.15.77:6800/4098464893,v1:172.21.15.77:6801/4098464893] -- mgr_command(tid 0: {"prefix": "orch apply", "service_type": "crash", "target": ["mon-mgr", ""]}) v1 -- 0x7f03081080e0 con 0x7f02f0034810
2024-06-06T06:56:23.552 INFO:teuthology.orchestra.run.smithi077.stdout:/usr/bin/ceph: stderr
2024-06-06T06:56:22.348+0000 7f0304ff9640 1 -- 172.21.15.77:0/4027605753 <== mgr.14118 v2:172.21.15.77:6800/4098464893 1 ==== mgr_command_reply(tid 0: 0 ) v1 ==== 8+0+26 (secure 0 0 0) 0x7f03081080e0 con 0x7f02f0034810
2024-06-06T06:56:23.552 INFO:teuthology.orchestra.run.smithi077.stdout:/usr/bin/ceph: stderr
2024-06-06T06:56:22.350+0000 7f030e860640 1 -- 172.21.15.77:0/4027605753 >> [v2:172.21.15.77:6800/4098464893,v1:172.21.15.77:6801/4098464893] conn(0x7f02f0034810 msgr2=0x7f02f0036cc0 secure :-1 s=STATE_CONNECTION_ESTABLISHED l=1).mark_down
2024-06-06T06:56:23.552 INFO:teuthology.orchestra.run.smithi077.stdout:/usr/bin/ceph: stderr
2024-06-06T06:56:22.350+0000 7f030e860640 1 --2- 172.21.15.77:0/4027605753 >> [v2:172.21.15.77:6800/4098464893,v1:172.21.15.77:6801/4098464893] conn(0x7f02f0034810 0x7f02f0036cc0 secure :-1 s=READY pgs=14 cs=0 l=1 rev1=1 crypto rx=0x7f02fc006fd0 tx=0x7f02fc006db0 comp rx=0 tx=0).stop
2024-06-06T06:56:23.552 INFO:teuthology.orchestra.run.smithi077.stdout:/usr/bin/ceph: stderr
2024-06-06T06:56:22.350+0000 7f030e860640 1 -- 172.21.15.77:0/4027605753 >> [v2:172.21.15.77:3300/0,v1:172.21.15.77:6789/0] conn(0x7f0308077d10 msgr2=0x7f0308113130 secure :-1 s=STATE_CONNECTION_ESTABLISHED l=1).mark_down
2024-06-06T06:56:23.552 INFO:teuthology.orchestra.run.smithi077.stdout:/usr/bin/ceph: stderr
2024-06-06T06:56:22.350+0000 7f030e860640 1 --2- 172.21.15.77:0/4027605753 >> [v2:172.21.15.77:3300/0,v1:172.21.15.77:6789/0] conn(0x7f0308077d10 0x7f0308113130 secure :-1 s=READY pgs=50 cs=0 l=1 rev1=1 crypto rx=0x7f02f8009810 tx=0x7f02f802c040 comp rx=0 tx=0).stop
2024-06-06T06:56:23.552 INFO:teuthology.orchestra.run.smithi077.stdout:/usr/bin/ceph: stderr
2024-06-06T06:56:22.351+0000 7f030e860640 1 -- 172.21.15.77:0/4027605753 shutdown_connections
2024-06-06T06:56:23.552 INFO:teuthology.orchestra.run.smithi077.stdout:/usr/bin/ceph: stderr
2024-06-06T06:56:22.351+0000 7f030e860640 1 --2- 172.21.15.77:0/4027605753 >> [v2:172.21.15.77:6800/4098464893,v1:172.21.15.77:6801/4098464893] conn(0x7f02f0034810 0x7f02f0036cc0 unknown :-1 s=CLOSED pgs=14 cs=0 l=1 rev1=1 crypto rx=0 tx=0 comp rx=0 tx=0).stop
2024-06-06T06:56:23.552 INFO:teuthology.orchestra.run.smithi077.stdout:/usr/bin/ceph: stderr
2024-06-06T06:56:22.351+0000 7f030e860640 1 --2- 172.21.15.77:0/4027605753 >> [v2:172.21.15.77:3300/0,v1:172.21.15.77:6789/0] conn(0x7f0308077d10 0x7f0308113130 unknown :-1 s=CLOSED pgs=50 cs=0 l=1 rev1=1 crypto rx=0 tx=0 comp rx=0 tx=0).stop
2024-06-06T06:56:23.552 INFO:teuthology.orchestra.run.smithi077.stdout:/usr/bin/ceph: stderr
2024-06-06T06:56:22.351+0000 7f030e860640 1 -- 172.21.15.77:0/4027605753 >> 172.21.15.77:0/4027605753 conn(0x7f03080fd4d0 msgr2=0x7f03080fe4a0 unknown :-1 s=STATE_NONE l=0).mark_down
2024-06-06T06:56:23.552 INFO:teuthology.orchestra.run.smithi077.stdout:/usr/bin/ceph: stderr
2024-06-06T06:56:22.351+0000 7f030e860640 1 -- 172.21.15.77:0/4027605753 shutdown_connections
2024-06-06T06:56:23.552 INFO:teuthology.orchestra.run.smithi077.stdout:/usr/bin/ceph: stderr
2024-06-06T06:56:22.351+0000 7f030e860640 1 -- 172.21.15.77:0/4027605753 wait complete.
2024-06-06T06:56:23.552 INFO:teuthology.orchestra.run.smithi077.stdout:Deploying prometheus service with default placement...
2024-06-06T06:56:24.192 INFO:journalctl@ceph.mon.smithi077.smithi077.stdout:Jun 06 06:56:24 smithi077 ceph-mon[29126]: from='mgr.14118 172.21.15.77:0/3694758882' entity='mgr.smithi077.xsysrh'
2024-06-06T06:56:24.787 INFO:teuthology.orchestra.run.smithi077.stdout:/usr/bin/ceph: stdout Scheduled prometheus update...
2024-06-06T06:56:24.787 INFO:teuthology.orchestra.run.smithi077.stdout:/usr/bin/ceph: stderr
2024-06-06T06:56:23.997+0000 7f33727d7640 1 Processor -- start
2024-06-06T06:56:24.788 INFO:teuthology.orchestra.run.smithi077.stdout:/usr/bin/ceph: stderr
2024-06-06T06:56:23.997+0000 7f33727d7640 1 -- start start
2024-06-06T06:56:24.788 INFO:teuthology.orchestra.run.smithi077.stdout:/usr/bin/ceph: stderr
2024-06-06T06:56:23.997+0000 7f33727d7640 1 --2- >> [v2:172.21.15.77:3300/0,v1:172.21.15.77:6789/0] conn(0x7f336c075ba0 0x7f336c104940 unknown :-1 s=NONE pgs=0 cs=0 l=0 rev1=0 crypto rx=0 tx=0 comp rx=0 tx=0).connect
2024-06-06T06:56:24.788 INFO:teuthology.orchestra.run.smithi077.stdout:/usr/bin/ceph: stderr
2024-06-06T06:56:23.997+0000 7f33727d7640 1 -- --> [v2:172.21.15.77:3300/0,v1:172.21.15.77:6789/0] -- mon_getmap magic: 0 v1 -- 0x7f336c104e80 con 0x7f336c075ba0
2024-06-06T06:56:24.788 INFO:teuthology.orchestra.run.smithi077.stdout:/usr/bin/ceph: stderr
2024-06-06T06:56:23.997+0000 7f336bfff640 1 --2- >> [v2:172.21.15.77:3300/0,v1:172.21.15.77:6789/0] conn(0x7f336c075ba0 0x7f336c104940 unknown :-1 s=BANNER_CONNECTING pgs=0 cs=0 l=0 rev1=0 crypto rx=0 tx=0 comp rx=0 tx=0)._handle_peer_banner_payload supported=3 required=0
2024-06-06T06:56:24.788 INFO:teuthology.orchestra.run.smithi077.stdout:/usr/bin/ceph: stderr
2024-06-06T06:56:23.997+0000 7f336bfff640 1 --2- >> [v2:172.21.15.77:3300/0,v1:172.21.15.77:6789/0] conn(0x7f336c075ba0 0x7f336c104940 unknown :-1 s=HELLO_CONNECTING pgs=0 cs=0 l=0 rev1=1 crypto rx=0 tx=0 comp rx=0 tx=0).handle_hello peer v2:172.21.15.77:3300/0 says I am v2:172.21.15.77:59082/0 (socket says 172.21.15.77:59082)
2024-06-06T06:56:24.788 INFO:teuthology.orchestra.run.smithi077.stdout:/usr/bin/ceph: stderr
2024-06-06T06:56:23.997+0000 7f336bfff640 1 -- 172.21.15.77:0/3132887902 learned_addr learned my addr 172.21.15.77:0/3132887902 (peer_addr_for_me v2:172.21.15.77:0/0)
2024-06-06T06:56:24.788 INFO:teuthology.orchestra.run.smithi077.stdout:/usr/bin/ceph: stderr
2024-06-06T06:56:23.997+0000 7f336bfff640 1 -- 172.21.15.77:0/3132887902 --> [v2:172.21.15.77:3300/0,v1:172.21.15.77:6789/0] -- mon_subscribe({config=0+,monmap=0+}) v3 -- 0x7f336c104fc0 con 0x7f336c075ba0
2024-06-06T06:56:24.788 INFO:teuthology.orchestra.run.smithi077.stdout:/usr/bin/ceph: stderr
2024-06-06T06:56:23.998+0000 7f336bfff640 1 --2- 172.21.15.77:0/3132887902 >> [v2:172.21.15.77:3300/0,v1:172.21.15.77:6789/0] conn(0x7f336c075ba0 0x7f336c104940 secure :-1 s=READY pgs=51 cs=0 l=1 rev1=1 crypto rx=0x7f335c009840 tx=0x7f335c0091d0 comp rx=0 tx=0).ready entity=mon.0 client_cookie=847274845ab78d8e server_cookie=0 in_seq=0 out_seq=0
2024-06-06T06:56:24.788 INFO:teuthology.orchestra.run.smithi077.stdout:/usr/bin/ceph: stderr
2024-06-06T06:56:23.998+0000 7f336affd640 1 -- 172.21.15.77:0/3132887902 <== mon.0 v2:172.21.15.77:3300/0 1 ==== mon_map magic: 0 v1 ==== 229+0+0 (secure 0 0 0) 0x7f335c032440 con 0x7f336c075ba0
2024-06-06T06:56:24.788 INFO:teuthology.orchestra.run.smithi077.stdout:/usr/bin/ceph: stderr
2024-06-06T06:56:23.998+0000 7f336affd640 1 -- 172.21.15.77:0/3132887902 <== mon.0 v2:172.21.15.77:3300/0 2 ==== config(27 keys) v1 ==== 1109+0+0 (secure 0 0 0) 0x7f335c032a70 con 0x7f336c075ba0
2024-06-06T06:56:24.788 INFO:teuthology.orchestra.run.smithi077.stdout:/usr/bin/ceph: stderr
2024-06-06T06:56:23.998+0000 7f336affd640 1 -- 172.21.15.77:0/3132887902 <== mon.0 v2:172.21.15.77:3300/0 3 ==== mon_map magic: 0 v1 ==== 229+0+0 (secure 0 0 0) 0x7f335c031ad0 con 0x7f336c075ba0
2024-06-06T06:56:24.788 INFO:teuthology.orchestra.run.smithi077.stdout:/usr/bin/ceph: stderr
2024-06-06T06:56:23.999+0000 7f33727d7640 1 -- 172.21.15.77:0/3132887902 >> [v2:172.21.15.77:3300/0,v1:172.21.15.77:6789/0] conn(0x7f336c075ba0 msgr2=0x7f336c104940 secure :-1 s=STATE_CONNECTION_ESTABLISHED l=1).mark_down
2024-06-06T06:56:24.788 INFO:teuthology.orchestra.run.smithi077.stdout:/usr/bin/ceph: stderr
2024-06-06T06:56:23.999+0000 7f33727d7640 1 --2- 172.21.15.77:0/3132887902 >> [v2:172.21.15.77:3300/0,v1:172.21.15.77:6789/0] conn(0x7f336c075ba0 0x7f336c104940 secure :-1 s=READY pgs=51 cs=0 l=1 rev1=1 crypto rx=0x7f335c009840 tx=0x7f335c0091d0 comp rx=0 tx=0).stop
2024-06-06T06:56:24.789 INFO:teuthology.orchestra.run.smithi077.stdout:/usr/bin/ceph: stderr
2024-06-06T06:56:23.999+0000 7f33727d7640 1 -- 172.21.15.77:0/3132887902 shutdown_connections
2024-06-06T06:56:24.789 INFO:teuthology.orchestra.run.smithi077.stdout:/usr/bin/ceph: stderr
2024-06-06T06:56:23.999+0000 7f33727d7640 1 --2- 172.21.15.77:0/3132887902 >> [v2:172.21.15.77:3300/0,v1:172.21.15.77:6789/0] conn(0x7f336c075ba0 0x7f336c104940 unknown :-1 s=CLOSED pgs=51 cs=0 l=1 rev1=1 crypto rx=0 tx=0 comp rx=0 tx=0).stop
2024-06-06T06:56:24.789 INFO:teuthology.orchestra.run.smithi077.stdout:/usr/bin/ceph: stderr
2024-06-06T06:56:23.999+0000 7f33727d7640 1 -- 172.21.15.77:0/3132887902 >> 172.21.15.77:0/3132887902 conn(0x7f336c0fc430 msgr2=0x7f336c0fe840 unknown :-1 s=STATE_NONE l=0).mark_down
2024-06-06T06:56:24.789 INFO:teuthology.orchestra.run.smithi077.stdout:/usr/bin/ceph: stderr
2024-06-06T06:56:23.999+0000 7f33727d7640 1 -- 172.21.15.77:0/3132887902 shutdown_connections
2024-06-06T06:56:24.789 INFO:teuthology.orchestra.run.smithi077.stdout:/usr/bin/ceph: stderr
2024-06-06T06:56:23.999+0000 7f33727d7640 1 -- 172.21.15.77:0/3132887902 wait complete.
2024-06-06T06:56:24.789 INFO:teuthology.orchestra.run.smithi077.stdout:/usr/bin/ceph: stderr
2024-06-06T06:56:23.999+0000 7f33727d7640 1 Processor -- start
2024-06-06T06:56:24.789 INFO:teuthology.orchestra.run.smithi077.stdout:/usr/bin/ceph: stderr
2024-06-06T06:56:24.000+0000 7f33727d7640 1 -- start start
2024-06-06T06:56:24.789 INFO:teuthology.orchestra.run.smithi077.stdout:/usr/bin/ceph: stderr
2024-06-06T06:56:24.000+0000 7f33727d7640 1 --2- >> [v2:172.21.15.77:3300/0,v1:172.21.15.77:6789/0] conn(0x7f336c075ba0 0x7f336c110be0 unknown :-1 s=NONE pgs=0 cs=0 l=1 rev1=0 crypto rx=0 tx=0 comp rx=0 tx=0).connect
2024-06-06T06:56:24.789 INFO:teuthology.orchestra.run.smithi077.stdout:/usr/bin/ceph: stderr
2024-06-06T06:56:24.000+0000 7f33727d7640 1 -- --> [v2:172.21.15.77:3300/0,v1:172.21.15.77:6789/0] -- mon_getmap magic: 0 v1 -- 0x7f336c111120 con 0x7f336c075ba0
2024-06-06T06:56:24.789 INFO:teuthology.orchestra.run.smithi077.stdout:/usr/bin/ceph: stderr
2024-06-06T06:56:24.000+0000 7f336bfff640 1 --2- >> [v2:172.21.15.77:3300/0,v1:172.21.15.77:6789/0] conn(0x7f336c075ba0 0x7f336c110be0 unknown :-1 s=BANNER_CONNECTING pgs=0 cs=0 l=1 rev1=0 crypto rx=0 tx=0 comp rx=0 tx=0)._handle_peer_banner_payload supported=3 required=0
2024-06-06T06:56:24.789 INFO:teuthology.orchestra.run.smithi077.stdout:/usr/bin/ceph: stderr
2024-06-06T06:56:24.000+0000 7f336bfff640 1 --2- >> [v2:172.21.15.77:3300/0,v1:172.21.15.77:6789/0] conn(0x7f336c075ba0 0x7f336c110be0 unknown :-1 s=HELLO_CONNECTING pgs=0 cs=0 l=1 rev1=1 crypto rx=0 tx=0 comp rx=0 tx=0).handle_hello peer v2:172.21.15.77:3300/0 says I am v2:172.21.15.77:59092/0 (socket says 172.21.15.77:59092)
2024-06-06T06:56:24.789 INFO:teuthology.orchestra.run.smithi077.stdout:/usr/bin/ceph: stderr
2024-06-06T06:56:24.000+0000 7f336bfff640 1 -- 172.21.15.77:0/649387100 learned_addr learned my addr 172.21.15.77:0/649387100 (peer_addr_for_me v2:172.21.15.77:0/0)
2024-06-06T06:56:24.789 INFO:teuthology.orchestra.run.smithi077.stdout:/usr/bin/ceph: stderr
2024-06-06T06:56:24.000+0000 7f336bfff640 1 -- 172.21.15.77:0/649387100 --> [v2:172.21.15.77:3300/0,v1:172.21.15.77:6789/0] -- mon_subscribe({config=0+,monmap=0+}) v3 -- 0x7f335c009450 con 0x7f336c075ba0
2024-06-06T06:56:24.789 INFO:teuthology.orchestra.run.smithi077.stdout:/usr/bin/ceph: stderr
2024-06-06T06:56:24.000+0000 7f336bfff640 1 --2- 172.21.15.77:0/649387100 >> [v2:172.21.15.77:3300/0,v1:172.21.15.77:6789/0] conn(0x7f336c075ba0 0x7f336c110be0 secure :-1 s=READY pgs=52 cs=0 l=1 rev1=1 crypto rx=0x7f335c0098a0 tx=0x7f335c02c040 comp rx=0 tx=0).ready entity=mon.0 client_cookie=0 server_cookie=0 in_seq=0 out_seq=0
2024-06-06T06:56:24.790 INFO:teuthology.orchestra.run.smithi077.stdout:/usr/bin/ceph: stderr
2024-06-06T06:56:24.000+0000 7f3368ff9640 1 -- 172.21.15.77:0/649387100 <== mon.0 v2:172.21.15.77:3300/0 1 ==== mon_map magic: 0 v1 ==== 229+0+0 (secure 0 0 0) 0x7f335c031e90 con 0x7f336c075ba0
2024-06-06T06:56:24.790 INFO:teuthology.orchestra.run.smithi077.stdout:/usr/bin/ceph: stderr
2024-06-06T06:56:24.000+0000 7f3368ff9640 1 -- 172.21.15.77:0/649387100 <== mon.0 v2:172.21.15.77:3300/0 2 ==== config(27 keys) v1 ==== 1109+0+0 (secure 0 0 0) 0x7f335c03b910 con 0x7f336c075ba0
2024-06-06T06:56:24.790 INFO:teuthology.orchestra.run.smithi077.stdout:/usr/bin/ceph: stderr
2024-06-06T06:56:24.000+0000 7f33727d7640 1 -- 172.21.15.77:0/649387100 --> [v2:172.21.15.77:3300/0,v1:172.21.15.77:6789/0] -- mon_subscribe({mgrmap=0+}) v3 -- 0x7f336c111320 con 0x7f336c075ba0
2024-06-06T06:56:24.790 INFO:teuthology.orchestra.run.smithi077.stdout:/usr/bin/ceph: stderr
2024-06-06T06:56:24.000+0000 7f3368ff9640 1 -- 172.21.15.77:0/649387100 <== mon.0 v2:172.21.15.77:3300/0 3 ==== mon_map magic: 0 v1 ==== 229+0+0 (secure 0 0 0) 0x7f335c03a9b0 con 0x7f336c075ba0
2024-06-06T06:56:24.790 INFO:teuthology.orchestra.run.smithi077.stdout:/usr/bin/ceph: stderr
2024-06-06T06:56:24.000+0000 7f33727d7640 1 -- 172.21.15.77:0/649387100 --> [v2:172.21.15.77:3300/0,v1:172.21.15.77:6789/0] -- mon_subscribe({osdmap=0}) v3 -- 0x7f336c111790 con 0x7f336c075ba0
2024-06-06T06:56:24.790 INFO:teuthology.orchestra.run.smithi077.stdout:/usr/bin/ceph: stderr
2024-06-06T06:56:24.001+0000 7f3368ff9640 1 -- 172.21.15.77:0/649387100 <== mon.0 v2:172.21.15.77:3300/0 4 ==== mgrmap(e 8) v1 ==== 41946+0+0 (secure 0 0 0) 0x7f335c039070 con 0x7f336c075ba0
2024-06-06T06:56:24.790 INFO:teuthology.orchestra.run.smithi077.stdout:/usr/bin/ceph: stderr
2024-06-06T06:56:24.001+0000 7f33727d7640 1 -- 172.21.15.77:0/649387100 --> [v2:172.21.15.77:3300/0,v1:172.21.15.77:6789/0] -- mon_command({"prefix": "get_command_descriptions"} v 0) v1 -- 0x7f336c04b480 con 0x7f336c075ba0
2024-06-06T06:56:24.790 INFO:teuthology.orchestra.run.smithi077.stdout:/usr/bin/ceph: stderr
2024-06-06T06:56:24.001+0000 7f3368ff9640 1 --2- 172.21.15.77:0/649387100 >> [v2:172.21.15.77:6800/4098464893,v1:172.21.15.77:6801/4098464893] conn(0x7f3354034860 0x7f3354036d10 unknown :-1 s=NONE pgs=0 cs=0 l=1 rev1=0 crypto rx=0 tx=0 comp rx=0 tx=0).connect
2024-06-06T06:56:24.790 INFO:teuthology.orchestra.run.smithi077.stdout:/usr/bin/ceph: stderr
2024-06-06T06:56:24.002+0000 7f3368ff9640 1 -- 172.21.15.77:0/649387100 <== mon.0 v2:172.21.15.77:3300/0 5 ==== osd_map(2..2 src has 1..2) v4 ==== 936+0+0 (secure 0 0 0) 0x7f335c066d90 con 0x7f336c075ba0
2024-06-06T06:56:24.790 INFO:teuthology.orchestra.run.smithi077.stdout:/usr/bin/ceph: stderr
2024-06-06T06:56:24.002+0000 7f336b7fe640 1 --2- 172.21.15.77:0/649387100 >> [v2:172.21.15.77:6800/4098464893,v1:172.21.15.77:6801/4098464893] conn(0x7f3354034860 0x7f3354036d10 unknown :-1 s=BANNER_CONNECTING pgs=0 cs=0 l=1 rev1=0 crypto rx=0 tx=0 comp rx=0 tx=0)._handle_peer_banner_payload supported=3 required=0
2024-06-06T06:56:24.790 INFO:teuthology.orchestra.run.smithi077.stdout:/usr/bin/ceph: stderr
2024-06-06T06:56:24.002+0000 7f336b7fe640 1 --2- 172.21.15.77:0/649387100 >> [v2:172.21.15.77:6800/4098464893,v1:172.21.15.77:6801/4098464893] conn(0x7f3354034860 0x7f3354036d10 secure :-1 s=READY pgs=15 cs=0 l=1 rev1=1 crypto rx=0x7f3360006fd0 tx=0x7f3360006db0 comp rx=0 tx=0).ready entity=mgr.14118 client_cookie=0 server_cookie=0 in_seq=0 out_seq=0
2024-06-06T06:56:24.790 INFO:teuthology.orchestra.run.smithi077.stdout:/usr/bin/ceph: stderr
2024-06-06T06:56:24.006+0000 7f3368ff9640 1 -- 172.21.15.77:0/649387100 <== mon.0 v2:172.21.15.77:3300/0 6 ==== mon_command_ack([{"prefix": "get_command_descriptions"}]=0 v0) v1 ==== 72+0+175578 (secure 0 0 0) 0x7f335c030750 con 0x7f336c075ba0
2024-06-06T06:56:24.791 INFO:teuthology.orchestra.run.smithi077.stdout:/usr/bin/ceph: stderr
2024-06-06T06:56:24.191+0000 7f33727d7640 1 -- 172.21.15.77:0/649387100 --> [v2:172.21.15.77:6800/4098464893,v1:172.21.15.77:6801/4098464893] -- mgr_command(tid 0: {"prefix": "orch apply", "service_type": "prometheus", "target": ["mon-mgr", ""]}) v1 -- 0x7f336c111790 con 0x7f3354034860
2024-06-06T06:56:24.791 INFO:teuthology.orchestra.run.smithi077.stdout:/usr/bin/ceph: stderr
2024-06-06T06:56:24.196+0000 7f3368ff9640 1 -- 172.21.15.77:0/649387100 <== mgr.14118 v2:172.21.15.77:6800/4098464893 1 ==== mgr_command_reply(tid 0: 0 ) v1 ==== 8+0+31 (secure 0 0 0) 0x7f336c111790 con 0x7f3354034860
2024-06-06T06:56:24.791 INFO:teuthology.orchestra.run.smithi077.stdout:/usr/bin/ceph: stderr
2024-06-06T06:56:24.198+0000 7f33727d7640 1 -- 172.21.15.77:0/649387100 >> [v2:172.21.15.77:6800/4098464893,v1:172.21.15.77:6801/4098464893] conn(0x7f3354034860 msgr2=0x7f3354036d10 secure :-1 s=STATE_CONNECTION_ESTABLISHED l=1).mark_down
2024-06-06T06:56:24.791 INFO:teuthology.orchestra.run.smithi077.stdout:/usr/bin/ceph: stderr
2024-06-06T06:56:24.198+0000 7f33727d7640 1 --2- 172.21.15.77:0/649387100 >> [v2:172.21.15.77:6800/4098464893,v1:172.21.15.77:6801/4098464893] conn(0x7f3354034860 0x7f3354036d10 secure :-1 s=READY pgs=15 cs=0 l=1 rev1=1 crypto rx=0x7f3360006fd0 tx=0x7f3360006db0 comp rx=0 tx=0).stop
2024-06-06T06:56:24.791 INFO:teuthology.orchestra.run.smithi077.stdout:/usr/bin/ceph: stderr
2024-06-06T06:56:24.198+0000 7f33727d7640 1 -- 172.21.15.77:0/649387100 >> [v2:172.21.15.77:3300/0,v1:172.21.15.77:6789/0] conn(0x7f336c075ba0 msgr2=0x7f336c110be0 secure :-1 s=STATE_CONNECTION_ESTABLISHED l=1).mark_down
2024-06-06T06:56:24.791 INFO:teuthology.orchestra.run.smithi077.stdout:/usr/bin/ceph: stderr
2024-06-06T06:56:24.198+0000 7f33727d7640 1 --2- 172.21.15.77:0/649387100 >> [v2:172.21.15.77:3300/0,v1:172.21.15.77:6789/0] conn(0x7f336c075ba0 0x7f336c110be0 secure :-1 s=READY pgs=52 cs=0 l=1 rev1=1 crypto rx=0x7f335c0098a0 tx=0x7f335c02c040 comp rx=0 tx=0).stop
2024-06-06T06:56:24.791 INFO:teuthology.orchestra.run.smithi077.stdout:/usr/bin/ceph: stderr
2024-06-06T06:56:24.198+0000 7f33727d7640 1 -- 172.21.15.77:0/649387100 shutdown_connections
2024-06-06T06:56:24.791 INFO:teuthology.orchestra.run.smithi077.stdout:/usr/bin/ceph: stderr
2024-06-06T06:56:24.198+0000 7f33727d7640 1 --2- 172.21.15.77:0/649387100 >> [v2:172.21.15.77:6800/4098464893,v1:172.21.15.77:6801/4098464893] conn(0x7f3354034860 0x7f3354036d10 unknown :-1 s=CLOSED pgs=15 cs=0 l=1 rev1=1 crypto rx=0 tx=0 comp rx=0 tx=0).stop
2024-06-06T06:56:24.791 INFO:teuthology.orchestra.run.smithi077.stdout:/usr/bin/ceph: stderr
2024-06-06T06:56:24.198+0000 7f33727d7640 1 --2- 172.21.15.77:0/649387100 >> [v2:172.21.15.77:3300/0,v1:172.21.15.77:6789/0] conn(0x7f336c075ba0 0x7f336c110be0 unknown :-1 s=CLOSED pgs=52 cs=0 l=1 rev1=1 crypto rx=0 tx=0 comp rx=0 tx=0).stop
2024-06-06T06:56:24.791 INFO:teuthology.orchestra.run.smithi077.stdout:/usr/bin/ceph: stderr
2024-06-06T06:56:24.198+0000 7f33727d7640 1 -- 172.21.15.77:0/649387100 >> 172.21.15.77:0/649387100 conn(0x7f336c0fc430 msgr2=0x7f336c0fd120 unknown :-1 s=STATE_NONE l=0).mark_down
2024-06-06T06:56:24.791 INFO:teuthology.orchestra.run.smithi077.stdout:/usr/bin/ceph: stderr
2024-06-06T06:56:24.198+0000 7f33727d7640 1 -- 172.21.15.77:0/649387100 shutdown_connections
2024-06-06T06:56:24.791 INFO:teuthology.orchestra.run.smithi077.stdout:/usr/bin/ceph: stderr
2024-06-06T06:56:24.198+0000 7f33727d7640 1 -- 172.21.15.77:0/649387100 wait complete.
2024-06-06T06:56:24.791 INFO:teuthology.orchestra.run.smithi077.stdout:Deploying grafana service with default placement...
2024-06-06T06:56:25.379 INFO:journalctl@ceph.mon.smithi077.smithi077.stdout:Jun 06 06:56:25 smithi077 ceph-mon[29126]: from='mgr.14118 172.21.15.77:0/3694758882' entity='mgr.smithi077.xsysrh'
2024-06-06T06:56:25.379 INFO:journalctl@ceph.mon.smithi077.smithi077.stdout:Jun 06 06:56:25 smithi077 ceph-mon[29126]: from='client.14146 -' entity='client.admin' cmd=[{"prefix": "orch apply", "service_type": "prometheus", "target": ["mon-mgr", ""]}]: dispatch
2024-06-06T06:56:25.379 INFO:journalctl@ceph.mon.smithi077.smithi077.stdout:Jun 06 06:56:25 smithi077 ceph-mon[29126]: Saving service prometheus spec with placement count:1
2024-06-06T06:56:25.379 INFO:journalctl@ceph.mon.smithi077.smithi077.stdout:Jun 06 06:56:25 smithi077 ceph-mon[29126]: from='mgr.14118 172.21.15.77:0/3694758882' entity='mgr.smithi077.xsysrh'
2024-06-06T06:56:26.087 INFO:teuthology.orchestra.run.smithi077.stdout:/usr/bin/ceph: stdout Scheduled grafana update...
2024-06-06T06:56:26.088 INFO:teuthology.orchestra.run.smithi077.stdout:/usr/bin/ceph: stderr
2024-06-06T06:56:25.183+0000 7f61960f1640 1 Processor -- start
2024-06-06T06:56:26.088 INFO:teuthology.orchestra.run.smithi077.stdout:/usr/bin/ceph: stderr
2024-06-06T06:56:25.183+0000 7f61960f1640 1 -- start start
2024-06-06T06:56:26.088 INFO:teuthology.orchestra.run.smithi077.stdout:/usr/bin/ceph: stderr
2024-06-06T06:56:25.183+0000 7f61960f1640 1 --2- >> [v2:172.21.15.77:3300/0,v1:172.21.15.77:6789/0] conn(0x7f6190075b20 0x7f6190106dc0 unknown :-1 s=NONE pgs=0 cs=0 l=0 rev1=0 crypto rx=0 tx=0 comp rx=0 tx=0).connect
2024-06-06T06:56:26.088 INFO:teuthology.orchestra.run.smithi077.stdout:/usr/bin/ceph: stderr
2024-06-06T06:56:25.183+0000 7f61960f1640 1 -- --> [v2:172.21.15.77:3300/0,v1:172.21.15.77:6789/0] -- mon_getmap magic: 0 v1 -- 0x7f6190075f30 con 0x7f6190075b20
2024-06-06T06:56:26.088 INFO:teuthology.orchestra.run.smithi077.stdout:/usr/bin/ceph: stderr
