2024-06-06T06:56:25.183+0000 7f618f7fe640 1 --2- >> [v2:172.21.15.77:3300/0,v1:172.21.15.77:6789/0] conn(0x7f6190075b20 0x7f6190106dc0 unknown :-1 s=BANNER_CONNECTING pgs=0 cs=0 l=0 rev1=0 crypto rx=0 tx=0 comp rx=0 tx=0)._handle_peer_banner_payload supported=3 required=0
2024-06-06T06:56:26.088 INFO:teuthology.orchestra.run.smithi077.stdout:/usr/bin/ceph: stderr
2024-06-06T06:56:25.183+0000 7f618f7fe640 1 --2- >> [v2:172.21.15.77:3300/0,v1:172.21.15.77:6789/0] conn(0x7f6190075b20 0x7f6190106dc0 unknown :-1 s=HELLO_CONNECTING pgs=0 cs=0 l=0 rev1=1 crypto rx=0 tx=0 comp rx=0 tx=0).handle_hello peer v2:172.21.15.77:3300/0 says I am v2:172.21.15.77:59106/0 (socket says 172.21.15.77:59106)
2024-06-06T06:56:26.088 INFO:teuthology.orchestra.run.smithi077.stdout:/usr/bin/ceph: stderr
2024-06-06T06:56:25.183+0000 7f618f7fe640 1 -- 172.21.15.77:0/2758661816 learned_addr learned my addr 172.21.15.77:0/2758661816 (peer_addr_for_me v2:172.21.15.77:0/0)
2024-06-06T06:56:26.088 INFO:teuthology.orchestra.run.smithi077.stdout:/usr/bin/ceph: stderr
2024-06-06T06:56:25.184+0000 7f618f7fe640 1 -- 172.21.15.77:0/2758661816 --> [v2:172.21.15.77:3300/0,v1:172.21.15.77:6789/0] -- mon_subscribe({config=0+,monmap=0+}) v3 -- 0x7f61901027b0 con 0x7f6190075b20
2024-06-06T06:56:26.088 INFO:teuthology.orchestra.run.smithi077.stdout:/usr/bin/ceph: stderr
2024-06-06T06:56:25.184+0000 7f618f7fe640 1 --2- 172.21.15.77:0/2758661816 >> [v2:172.21.15.77:3300/0,v1:172.21.15.77:6789/0] conn(0x7f6190075b20 0x7f6190106dc0 secure :-1 s=READY pgs=53 cs=0 l=1 rev1=1 crypto rx=0x7f6180009840 tx=0x7f61800091d0 comp rx=0 tx=0).ready entity=mon.0 client_cookie=581bc21e2c5d194b server_cookie=0 in_seq=0 out_seq=0
2024-06-06T06:56:26.088 INFO:teuthology.orchestra.run.smithi077.stdout:/usr/bin/ceph: stderr
2024-06-06T06:56:25.184+0000 7f618e7fc640 1 -- 172.21.15.77:0/2758661816 <== mon.0 v2:172.21.15.77:3300/0 1 ==== mon_map magic: 0 v1 ==== 229+0+0 (secure 0 0 0) 0x7f6180032440 con 0x7f6190075b20
2024-06-06T06:56:26.088 INFO:teuthology.orchestra.run.smithi077.stdout:/usr/bin/ceph: stderr
2024-06-06T06:56:25.185+0000 7f618e7fc640 1 -- 172.21.15.77:0/2758661816 <== mon.0 v2:172.21.15.77:3300/0 2 ==== config(27 keys) v1 ==== 1109+0+0 (secure 0 0 0) 0x7f6180032a70 con 0x7f6190075b20
2024-06-06T06:56:26.089 INFO:teuthology.orchestra.run.smithi077.stdout:/usr/bin/ceph: stderr
2024-06-06T06:56:25.185+0000 7f618e7fc640 1 -- 172.21.15.77:0/2758661816 <== mon.0 v2:172.21.15.77:3300/0 3 ==== mon_map magic: 0 v1 ==== 229+0+0 (secure 0 0 0) 0x7f6180031ad0 con 0x7f6190075b20
2024-06-06T06:56:26.089 INFO:teuthology.orchestra.run.smithi077.stdout:/usr/bin/ceph: stderr
2024-06-06T06:56:25.185+0000 7f61960f1640 1 -- 172.21.15.77:0/2758661816 >> [v2:172.21.15.77:3300/0,v1:172.21.15.77:6789/0] conn(0x7f6190075b20 msgr2=0x7f6190106dc0 secure :-1 s=STATE_CONNECTION_ESTABLISHED l=1).mark_down
2024-06-06T06:56:26.089 INFO:teuthology.orchestra.run.smithi077.stdout:/usr/bin/ceph: stderr
2024-06-06T06:56:25.185+0000 7f61960f1640 1 --2- 172.21.15.77:0/2758661816 >> [v2:172.21.15.77:3300/0,v1:172.21.15.77:6789/0] conn(0x7f6190075b20 0x7f6190106dc0 secure :-1 s=READY pgs=53 cs=0 l=1 rev1=1 crypto rx=0x7f6180009840 tx=0x7f61800091d0 comp rx=0 tx=0).stop
2024-06-06T06:56:26.089 INFO:teuthology.orchestra.run.smithi077.stdout:/usr/bin/ceph: stderr
2024-06-06T06:56:25.185+0000 7f61960f1640 1 -- 172.21.15.77:0/2758661816 shutdown_connections
2024-06-06T06:56:26.089 INFO:teuthology.orchestra.run.smithi077.stdout:/usr/bin/ceph: stderr
2024-06-06T06:56:25.185+0000 7f61960f1640 1 --2- 172.21.15.77:0/2758661816 >> [v2:172.21.15.77:3300/0,v1:172.21.15.77:6789/0] conn(0x7f6190075b20 0x7f6190106dc0 unknown :-1 s=CLOSED pgs=53 cs=0 l=1 rev1=1 crypto rx=0 tx=0 comp rx=0 tx=0).stop
2024-06-06T06:56:26.089 INFO:teuthology.orchestra.run.smithi077.stdout:/usr/bin/ceph: stderr
2024-06-06T06:56:25.185+0000 7f61960f1640 1 -- 172.21.15.77:0/2758661816 >> 172.21.15.77:0/2758661816 conn(0x7f61900fc430 msgr2=0x7f61900fe840 unknown :-1 s=STATE_NONE l=0).mark_down
2024-06-06T06:56:26.089 INFO:teuthology.orchestra.run.smithi077.stdout:/usr/bin/ceph: stderr
2024-06-06T06:56:25.185+0000 7f61960f1640 1 -- 172.21.15.77:0/2758661816 shutdown_connections
2024-06-06T06:56:26.089 INFO:teuthology.orchestra.run.smithi077.stdout:/usr/bin/ceph: stderr
2024-06-06T06:56:25.185+0000 7f61960f1640 1 -- 172.21.15.77:0/2758661816 wait complete.
2024-06-06T06:56:26.089 INFO:teuthology.orchestra.run.smithi077.stdout:/usr/bin/ceph: stderr
2024-06-06T06:56:25.186+0000 7f61960f1640 1 Processor -- start
2024-06-06T06:56:26.089 INFO:teuthology.orchestra.run.smithi077.stdout:/usr/bin/ceph: stderr
2024-06-06T06:56:25.186+0000 7f61960f1640 1 -- start start
2024-06-06T06:56:26.089 INFO:teuthology.orchestra.run.smithi077.stdout:/usr/bin/ceph: stderr
2024-06-06T06:56:25.186+0000 7f61960f1640 1 --2- >> [v2:172.21.15.77:3300/0,v1:172.21.15.77:6789/0] conn(0x7f6190075b20 0x7f6190112e40 unknown :-1 s=NONE pgs=0 cs=0 l=1 rev1=0 crypto rx=0 tx=0 comp rx=0 tx=0).connect
2024-06-06T06:56:26.089 INFO:teuthology.orchestra.run.smithi077.stdout:/usr/bin/ceph: stderr
2024-06-06T06:56:25.186+0000 7f61960f1640 1 -- --> [v2:172.21.15.77:3300/0,v1:172.21.15.77:6789/0] -- mon_getmap magic: 0 v1 -- 0x7f6190113380 con 0x7f6190075b20
2024-06-06T06:56:26.090 INFO:teuthology.orchestra.run.smithi077.stdout:/usr/bin/ceph: stderr
2024-06-06T06:56:25.186+0000 7f618f7fe640 1 --2- >> [v2:172.21.15.77:3300/0,v1:172.21.15.77:6789/0] conn(0x7f6190075b20 0x7f6190112e40 unknown :-1 s=BANNER_CONNECTING pgs=0 cs=0 l=1 rev1=0 crypto rx=0 tx=0 comp rx=0 tx=0)._handle_peer_banner_payload supported=3 required=0
2024-06-06T06:56:26.090 INFO:teuthology.orchestra.run.smithi077.stdout:/usr/bin/ceph: stderr
2024-06-06T06:56:25.186+0000 7f618f7fe640 1 --2- >> [v2:172.21.15.77:3300/0,v1:172.21.15.77:6789/0] conn(0x7f6190075b20 0x7f6190112e40 unknown :-1 s=HELLO_CONNECTING pgs=0 cs=0 l=1 rev1=1 crypto rx=0 tx=0 comp rx=0 tx=0).handle_hello peer v2:172.21.15.77:3300/0 says I am v2:172.21.15.77:59114/0 (socket says 172.21.15.77:59114)
2024-06-06T06:56:26.090 INFO:teuthology.orchestra.run.smithi077.stdout:/usr/bin/ceph: stderr
2024-06-06T06:56:25.186+0000 7f618f7fe640 1 -- 172.21.15.77:0/512285678 learned_addr learned my addr 172.21.15.77:0/512285678 (peer_addr_for_me v2:172.21.15.77:0/0)
2024-06-06T06:56:26.090 INFO:teuthology.orchestra.run.smithi077.stdout:/usr/bin/ceph: stderr
2024-06-06T06:56:25.186+0000 7f618f7fe640 1 -- 172.21.15.77:0/512285678 --> [v2:172.21.15.77:3300/0,v1:172.21.15.77:6789/0] -- mon_subscribe({config=0+,monmap=0+}) v3 -- 0x7f6180009450 con 0x7f6190075b20
2024-06-06T06:56:26.090 INFO:teuthology.orchestra.run.smithi077.stdout:/usr/bin/ceph: stderr
2024-06-06T06:56:25.186+0000 7f618f7fe640 1 --2- 172.21.15.77:0/512285678 >> [v2:172.21.15.77:3300/0,v1:172.21.15.77:6789/0] conn(0x7f6190075b20 0x7f6190112e40 secure :-1 s=READY pgs=54 cs=0 l=1 rev1=1 crypto rx=0x7f61800317f0 tx=0x7f61800091d0 comp rx=0 tx=0).ready entity=mon.0 client_cookie=0 server_cookie=0 in_seq=0 out_seq=0
2024-06-06T06:56:26.090 INFO:teuthology.orchestra.run.smithi077.stdout:/usr/bin/ceph: stderr
2024-06-06T06:56:25.186+0000 7f6177fff640 1 -- 172.21.15.77:0/512285678 <== mon.0 v2:172.21.15.77:3300/0 1 ==== mon_map magic: 0 v1 ==== 229+0+0 (secure 0 0 0) 0x7f6180032900 con 0x7f6190075b20
2024-06-06T06:56:26.090 INFO:teuthology.orchestra.run.smithi077.stdout:/usr/bin/ceph: stderr
2024-06-06T06:56:25.187+0000 7f6177fff640 1 -- 172.21.15.77:0/512285678 <== mon.0 v2:172.21.15.77:3300/0 2 ==== config(27 keys) v1 ==== 1109+0+0 (secure 0 0 0) 0x7f618003c8d0 con 0x7f6190075b20
2024-06-06T06:56:26.090 INFO:teuthology.orchestra.run.smithi077.stdout:/usr/bin/ceph: stderr
2024-06-06T06:56:25.187+0000 7f61960f1640 1 -- 172.21.15.77:0/512285678 --> [v2:172.21.15.77:3300/0,v1:172.21.15.77:6789/0] -- mon_subscribe({mgrmap=0+}) v3 -- 0x7f6190113580 con 0x7f6190075b20
2024-06-06T06:56:26.090 INFO:teuthology.orchestra.run.smithi077.stdout:/usr/bin/ceph: stderr
2024-06-06T06:56:25.187+0000 7f6177fff640 1 -- 172.21.15.77:0/512285678 <== mon.0 v2:172.21.15.77:3300/0 3 ==== mon_map magic: 0 v1 ==== 229+0+0 (secure 0 0 0) 0x7f618003a980 con 0x7f6190075b20
2024-06-06T06:56:26.090 INFO:teuthology.orchestra.run.smithi077.stdout:/usr/bin/ceph: stderr
2024-06-06T06:56:25.187+0000 7f61960f1640 1 -- 172.21.15.77:0/512285678 --> [v2:172.21.15.77:3300/0,v1:172.21.15.77:6789/0] -- mon_subscribe({osdmap=0}) v3 -- 0x7f6190113fd0 con 0x7f6190075b20
2024-06-06T06:56:26.090 INFO:teuthology.orchestra.run.smithi077.stdout:/usr/bin/ceph: stderr
2024-06-06T06:56:25.187+0000 7f6177fff640 1 -- 172.21.15.77:0/512285678 <== mon.0 v2:172.21.15.77:3300/0 4 ==== mgrmap(e 8) v1 ==== 41946+0+0 (secure 0 0 0) 0x7f618003aae0 con 0x7f6190075b20
2024-06-06T06:56:26.090 INFO:teuthology.orchestra.run.smithi077.stdout:/usr/bin/ceph: stderr
2024-06-06T06:56:25.188+0000 7f6177fff640 1 --2- 172.21.15.77:0/512285678 >> [v2:172.21.15.77:6800/4098464893,v1:172.21.15.77:6801/4098464893] conn(0x7f6178034810 0x7f6178036cc0 unknown :-1 s=NONE pgs=0 cs=0 l=1 rev1=0 crypto rx=0 tx=0 comp rx=0 tx=0).connect
2024-06-06T06:56:26.091 INFO:teuthology.orchestra.run.smithi077.stdout:/usr/bin/ceph: stderr
2024-06-06T06:56:25.188+0000 7f6177fff640 1 -- 172.21.15.77:0/512285678 <== mon.0 v2:172.21.15.77:3300/0 5 ==== osd_map(2..2 src has 1..2) v4 ==== 936+0+0 (secure 0 0 0) 0x7f6180067310 con 0x7f6190075b20
2024-06-06T06:56:26.091 INFO:teuthology.orchestra.run.smithi077.stdout:/usr/bin/ceph: stderr
2024-06-06T06:56:25.188+0000 7f618effd640 1 --2- 172.21.15.77:0/512285678 >> [v2:172.21.15.77:6800/4098464893,v1:172.21.15.77:6801/4098464893] conn(0x7f6178034810 0x7f6178036cc0 unknown :-1 s=BANNER_CONNECTING pgs=0 cs=0 l=1 rev1=0 crypto rx=0 tx=0 comp rx=0 tx=0)._handle_peer_banner_payload supported=3 required=0
2024-06-06T06:56:26.091 INFO:teuthology.orchestra.run.smithi077.stdout:/usr/bin/ceph: stderr
2024-06-06T06:56:25.188+0000 7f61960f1640 1 -- 172.21.15.77:0/512285678 --> [v2:172.21.15.77:3300/0,v1:172.21.15.77:6789/0] -- mon_command({"prefix": "get_command_descriptions"} v 0) v1 -- 0x7f619005ead0 con 0x7f6190075b20
2024-06-06T06:56:26.091 INFO:teuthology.orchestra.run.smithi077.stdout:/usr/bin/ceph: stderr
2024-06-06T06:56:25.188+0000 7f618effd640 1 --2- 172.21.15.77:0/512285678 >> [v2:172.21.15.77:6800/4098464893,v1:172.21.15.77:6801/4098464893] conn(0x7f6178034810 0x7f6178036cc0 secure :-1 s=READY pgs=16 cs=0 l=1 rev1=1 crypto rx=0x7f6184006fd0 tx=0x7f6184006db0 comp rx=0 tx=0).ready entity=mgr.14118 client_cookie=0 server_cookie=0 in_seq=0 out_seq=0
2024-06-06T06:56:26.091 INFO:teuthology.orchestra.run.smithi077.stdout:/usr/bin/ceph: stderr
2024-06-06T06:56:25.192+0000 7f6177fff640 1 -- 172.21.15.77:0/512285678 <== mon.0 v2:172.21.15.77:3300/0 6 ==== mon_command_ack([{"prefix": "get_command_descriptions"}]=0 v0) v1 ==== 72+0+175578 (secure 0 0 0) 0x7f6180037070 con 0x7f6190075b20
2024-06-06T06:56:26.091 INFO:teuthology.orchestra.run.smithi077.stdout:/usr/bin/ceph: stderr
2024-06-06T06:56:25.378+0000 7f61960f1640 1 -- 172.21.15.77:0/512285678 --> [v2:172.21.15.77:6800/4098464893,v1:172.21.15.77:6801/4098464893] -- mgr_command(tid 0: {"prefix": "orch apply", "service_type": "grafana", "target": ["mon-mgr", ""]}) v1 -- 0x7f61900fd890 con 0x7f6178034810
2024-06-06T06:56:26.091 INFO:teuthology.orchestra.run.smithi077.stdout:/usr/bin/ceph: stderr
2024-06-06T06:56:25.383+0000 7f6177fff640 1 -- 172.21.15.77:0/512285678 <== mgr.14118 v2:172.21.15.77:6800/4098464893 1 ==== mgr_command_reply(tid 0: 0 ) v1 ==== 8+0+28 (secure 0 0 0) 0x7f61900fd890 con 0x7f6178034810
2024-06-06T06:56:26.091 INFO:teuthology.orchestra.run.smithi077.stdout:/usr/bin/ceph: stderr
2024-06-06T06:56:25.385+0000 7f61960f1640 1 -- 172.21.15.77:0/512285678 >> [v2:172.21.15.77:6800/4098464893,v1:172.21.15.77:6801/4098464893] conn(0x7f6178034810 msgr2=0x7f6178036cc0 secure :-1 s=STATE_CONNECTION_ESTABLISHED l=1).mark_down
2024-06-06T06:56:26.091 INFO:teuthology.orchestra.run.smithi077.stdout:/usr/bin/ceph: stderr
2024-06-06T06:56:25.385+0000 7f61960f1640 1 --2- 172.21.15.77:0/512285678 >> [v2:172.21.15.77:6800/4098464893,v1:172.21.15.77:6801/4098464893] conn(0x7f6178034810 0x7f6178036cc0 secure :-1 s=READY pgs=16 cs=0 l=1 rev1=1 crypto rx=0x7f6184006fd0 tx=0x7f6184006db0 comp rx=0 tx=0).stop
2024-06-06T06:56:26.091 INFO:teuthology.orchestra.run.smithi077.stdout:/usr/bin/ceph: stderr
2024-06-06T06:56:25.385+0000 7f61960f1640 1 -- 172.21.15.77:0/512285678 >> [v2:172.21.15.77:3300/0,v1:172.21.15.77:6789/0] conn(0x7f6190075b20 msgr2=0x7f6190112e40 secure :-1 s=STATE_CONNECTION_ESTABLISHED l=1).mark_down
2024-06-06T06:56:26.091 INFO:teuthology.orchestra.run.smithi077.stdout:/usr/bin/ceph: stderr
2024-06-06T06:56:25.385+0000 7f61960f1640 1 --2- 172.21.15.77:0/512285678 >> [v2:172.21.15.77:3300/0,v1:172.21.15.77:6789/0] conn(0x7f6190075b20 0x7f6190112e40 secure :-1 s=READY pgs=54 cs=0 l=1 rev1=1 crypto rx=0x7f61800317f0 tx=0x7f61800091d0 comp rx=0 tx=0).stop
2024-06-06T06:56:26.091 INFO:teuthology.orchestra.run.smithi077.stdout:/usr/bin/ceph: stderr
2024-06-06T06:56:25.385+0000 7f61960f1640 1 -- 172.21.15.77:0/512285678 shutdown_connections
2024-06-06T06:56:26.091 INFO:teuthology.orchestra.run.smithi077.stdout:/usr/bin/ceph: stderr
2024-06-06T06:56:25.385+0000 7f61960f1640 1 --2- 172.21.15.77:0/512285678 >> [v2:172.21.15.77:6800/4098464893,v1:172.21.15.77:6801/4098464893] conn(0x7f6178034810 0x7f6178036cc0 unknown :-1 s=CLOSED pgs=16 cs=0 l=1 rev1=1 crypto rx=0 tx=0 comp rx=0 tx=0).stop
2024-06-06T06:56:26.092 INFO:teuthology.orchestra.run.smithi077.stdout:/usr/bin/ceph: stderr
2024-06-06T06:56:25.385+0000 7f61960f1640 1 --2- 172.21.15.77:0/512285678 >> [v2:172.21.15.77:3300/0,v1:172.21.15.77:6789/0] conn(0x7f6190075b20 0x7f6190112e40 unknown :-1 s=CLOSED pgs=54 cs=0 l=1 rev1=1 crypto rx=0 tx=0 comp rx=0 tx=0).stop
2024-06-06T06:56:26.092 INFO:teuthology.orchestra.run.smithi077.stdout:/usr/bin/ceph: stderr
2024-06-06T06:56:25.385+0000 7f61960f1640 1 -- 172.21.15.77:0/512285678 >> 172.21.15.77:0/512285678 conn(0x7f61900fc430 msgr2=0x7f61900fd0a0 unknown :-1 s=STATE_NONE l=0).mark_down
2024-06-06T06:56:26.092 INFO:teuthology.orchestra.run.smithi077.stdout:/usr/bin/ceph: stderr
2024-06-06T06:56:25.385+0000 7f61960f1640 1 -- 172.21.15.77:0/512285678 shutdown_connections
2024-06-06T06:56:26.092 INFO:teuthology.orchestra.run.smithi077.stdout:/usr/bin/ceph: stderr
2024-06-06T06:56:25.385+0000 7f61960f1640 1 -- 172.21.15.77:0/512285678 wait complete.
2024-06-06T06:56:26.092 INFO:teuthology.orchestra.run.smithi077.stdout:Deploying node-exporter service with default placement...
2024-06-06T06:56:26.643 INFO:journalctl@ceph.mon.smithi077.smithi077.stdout:Jun 06 06:56:26 smithi077 ceph-mon[29126]: from='client.14148 -' entity='client.admin' cmd=[{"prefix": "orch apply", "service_type": "grafana", "target": ["mon-mgr", ""]}]: dispatch
2024-06-06T06:56:26.643 INFO:journalctl@ceph.mon.smithi077.smithi077.stdout:Jun 06 06:56:26 smithi077 ceph-mon[29126]: Saving service grafana spec with placement count:1
2024-06-06T06:56:26.643 INFO:journalctl@ceph.mon.smithi077.smithi077.stdout:Jun 06 06:56:26 smithi077 ceph-mon[29126]: from='mgr.14118 172.21.15.77:0/3694758882' entity='mgr.smithi077.xsysrh'
2024-06-06T06:56:27.422 INFO:teuthology.orchestra.run.smithi077.stdout:/usr/bin/ceph: stdout Scheduled node-exporter update...
2024-06-06T06:56:27.423 INFO:teuthology.orchestra.run.smithi077.stdout:/usr/bin/ceph: stderr
2024-06-06T06:56:26.534+0000 7f0b57a49640 1 Processor -- start
2024-06-06T06:56:27.423 INFO:teuthology.orchestra.run.smithi077.stdout:/usr/bin/ceph: stderr
2024-06-06T06:56:26.534+0000 7f0b57a49640 1 -- start start
2024-06-06T06:56:27.423 INFO:teuthology.orchestra.run.smithi077.stdout:/usr/bin/ceph: stderr
2024-06-06T06:56:26.534+0000 7f0b57a49640 1 --2- >> [v2:172.21.15.77:3300/0,v1:172.21.15.77:6789/0] conn(0x7f0b50077cf0 0x7f0b50076220 unknown :-1 s=NONE pgs=0 cs=0 l=0 rev1=0 crypto rx=0 tx=0 comp rx=0 tx=0).connect
2024-06-06T06:56:27.423 INFO:teuthology.orchestra.run.smithi077.stdout:/usr/bin/ceph: stderr
2024-06-06T06:56:26.534+0000 7f0b57a49640 1 -- --> [v2:172.21.15.77:3300/0,v1:172.21.15.77:6789/0] -- mon_getmap magic: 0 v1 -- 0x7f0b50078100 con 0x7f0b50077cf0
2024-06-06T06:56:27.423 INFO:teuthology.orchestra.run.smithi077.stdout:/usr/bin/ceph: stderr
2024-06-06T06:56:26.534+0000 7f0b557e5640 1 --2- >> [v2:172.21.15.77:3300/0,v1:172.21.15.77:6789/0] conn(0x7f0b50077cf0 0x7f0b50076220 unknown :-1 s=BANNER_CONNECTING pgs=0 cs=0 l=0 rev1=0 crypto rx=0 tx=0 comp rx=0 tx=0)._handle_peer_banner_payload supported=3 required=0
2024-06-06T06:56:27.423 INFO:teuthology.orchestra.run.smithi077.stdout:/usr/bin/ceph: stderr
2024-06-06T06:56:26.534+0000 7f0b557e5640 1 --2- >> [v2:172.21.15.77:3300/0,v1:172.21.15.77:6789/0] conn(0x7f0b50077cf0 0x7f0b50076220 unknown :-1 s=HELLO_CONNECTING pgs=0 cs=0 l=0 rev1=1 crypto rx=0 tx=0 comp rx=0 tx=0).handle_hello peer v2:172.21.15.77:3300/0 says I am v2:172.21.15.77:59130/0 (socket says 172.21.15.77:59130)
2024-06-06T06:56:27.423 INFO:teuthology.orchestra.run.smithi077.stdout:/usr/bin/ceph: stderr
2024-06-06T06:56:26.534+0000 7f0b557e5640 1 -- 172.21.15.77:0/1223819467 learned_addr learned my addr 172.21.15.77:0/1223819467 (peer_addr_for_me v2:172.21.15.77:0/0)
2024-06-06T06:56:27.423 INFO:teuthology.orchestra.run.smithi077.stdout:/usr/bin/ceph: stderr
2024-06-06T06:56:26.534+0000 7f0b557e5640 1 -- 172.21.15.77:0/1223819467 --> [v2:172.21.15.77:3300/0,v1:172.21.15.77:6789/0] -- mon_subscribe({config=0+,monmap=0+}) v3 -- 0x7f0b50076760 con 0x7f0b50077cf0
2024-06-06T06:56:27.423 INFO:teuthology.orchestra.run.smithi077.stdout:/usr/bin/ceph: stderr
2024-06-06T06:56:26.535+0000 7f0b557e5640 1 --2- 172.21.15.77:0/1223819467 >> [v2:172.21.15.77:3300/0,v1:172.21.15.77:6789/0] conn(0x7f0b50077cf0 0x7f0b50076220 secure :-1 s=READY pgs=55 cs=0 l=1 rev1=1 crypto rx=0x7f0b40009840 tx=0x7f0b400091d0 comp rx=0 tx=0).ready entity=mon.0 client_cookie=6e94c4d117b99116 server_cookie=0 in_seq=0 out_seq=0
2024-06-06T06:56:27.424 INFO:teuthology.orchestra.run.smithi077.stdout:/usr/bin/ceph: stderr
2024-06-06T06:56:26.535+0000 7f0b4ffff640 1 -- 172.21.15.77:0/1223819467 <== mon.0 v2:172.21.15.77:3300/0 1 ==== mon_map magic: 0 v1 ==== 229+0+0 (secure 0 0 0) 0x7f0b40032440 con 0x7f0b50077cf0
2024-06-06T06:56:27.424 INFO:teuthology.orchestra.run.smithi077.stdout:/usr/bin/ceph: stderr
2024-06-06T06:56:26.535+0000 7f0b4ffff640 1 -- 172.21.15.77:0/1223819467 <== mon.0 v2:172.21.15.77:3300/0 2 ==== config(27 keys) v1 ==== 1109+0+0 (secure 0 0 0) 0x7f0b40032a70 con 0x7f0b50077cf0
2024-06-06T06:56:27.424 INFO:teuthology.orchestra.run.smithi077.stdout:/usr/bin/ceph: stderr
2024-06-06T06:56:26.535+0000 7f0b4ffff640 1 -- 172.21.15.77:0/1223819467 <== mon.0 v2:172.21.15.77:3300/0 3 ==== mon_map magic: 0 v1 ==== 229+0+0 (secure 0 0 0) 0x7f0b40031ad0 con 0x7f0b50077cf0
2024-06-06T06:56:27.424 INFO:teuthology.orchestra.run.smithi077.stdout:/usr/bin/ceph: stderr
2024-06-06T06:56:26.536+0000 7f0b57a49640 1 -- 172.21.15.77:0/1223819467 >> [v2:172.21.15.77:3300/0,v1:172.21.15.77:6789/0] conn(0x7f0b50077cf0 msgr2=0x7f0b50076220 secure :-1 s=STATE_CONNECTION_ESTABLISHED l=1).mark_down
2024-06-06T06:56:27.424 INFO:teuthology.orchestra.run.smithi077.stdout:/usr/bin/ceph: stderr
2024-06-06T06:56:26.536+0000 7f0b57a49640 1 --2- 172.21.15.77:0/1223819467 >> [v2:172.21.15.77:3300/0,v1:172.21.15.77:6789/0] conn(0x7f0b50077cf0 0x7f0b50076220 secure :-1 s=READY pgs=55 cs=0 l=1 rev1=1 crypto rx=0x7f0b40009840 tx=0x7f0b400091d0 comp rx=0 tx=0).stop
2024-06-06T06:56:27.424 INFO:teuthology.orchestra.run.smithi077.stdout:/usr/bin/ceph: stderr
2024-06-06T06:56:26.536+0000 7f0b57a49640 1 -- 172.21.15.77:0/1223819467 shutdown_connections
2024-06-06T06:56:27.424 INFO:teuthology.orchestra.run.smithi077.stdout:/usr/bin/ceph: stderr
2024-06-06T06:56:26.536+0000 7f0b57a49640 1 --2- 172.21.15.77:0/1223819467 >> [v2:172.21.15.77:3300/0,v1:172.21.15.77:6789/0] conn(0x7f0b50077cf0 0x7f0b50076220 unknown :-1 s=CLOSED pgs=55 cs=0 l=1 rev1=1 crypto rx=0 tx=0 comp rx=0 tx=0).stop
2024-06-06T06:56:27.424 INFO:teuthology.orchestra.run.smithi077.stdout:/usr/bin/ceph: stderr
2024-06-06T06:56:26.536+0000 7f0b57a49640 1 -- 172.21.15.77:0/1223819467 >> 172.21.15.77:0/1223819467 conn(0x7f0b500fd490 msgr2=0x7f0b500ff8a0 unknown :-1 s=STATE_NONE l=0).mark_down
2024-06-06T06:56:27.424 INFO:teuthology.orchestra.run.smithi077.stdout:/usr/bin/ceph: stderr
2024-06-06T06:56:26.536+0000 7f0b57a49640 1 -- 172.21.15.77:0/1223819467 shutdown_connections
2024-06-06T06:56:27.424 INFO:teuthology.orchestra.run.smithi077.stdout:/usr/bin/ceph: stderr
2024-06-06T06:56:26.536+0000 7f0b57a49640 1 -- 172.21.15.77:0/1223819467 wait complete.
2024-06-06T06:56:27.424 INFO:teuthology.orchestra.run.smithi077.stdout:/usr/bin/ceph: stderr
2024-06-06T06:56:26.537+0000 7f0b57a49640 1 Processor -- start
2024-06-06T06:56:27.424 INFO:teuthology.orchestra.run.smithi077.stdout:/usr/bin/ceph: stderr
2024-06-06T06:56:26.537+0000 7f0b57a49640 1 -- start start
2024-06-06T06:56:27.424 INFO:teuthology.orchestra.run.smithi077.stdout:/usr/bin/ceph: stderr
2024-06-06T06:56:26.537+0000 7f0b57a49640 1 --2- >> [v2:172.21.15.77:3300/0,v1:172.21.15.77:6789/0] conn(0x7f0b50077cf0 0x7f0b50113110 unknown :-1 s=NONE pgs=0 cs=0 l=1 rev1=0 crypto rx=0 tx=0 comp rx=0 tx=0).connect
2024-06-06T06:56:27.425 INFO:teuthology.orchestra.run.smithi077.stdout:/usr/bin/ceph: stderr
2024-06-06T06:56:26.537+0000 7f0b57a49640 1 -- --> [v2:172.21.15.77:3300/0,v1:172.21.15.77:6789/0] -- mon_getmap magic: 0 v1 -- 0x7f0b50113650 con 0x7f0b50077cf0
2024-06-06T06:56:27.425 INFO:teuthology.orchestra.run.smithi077.stdout:/usr/bin/ceph: stderr
2024-06-06T06:56:26.537+0000 7f0b557e5640 1 --2- >> [v2:172.21.15.77:3300/0,v1:172.21.15.77:6789/0] conn(0x7f0b50077cf0 0x7f0b50113110 unknown :-1 s=BANNER_CONNECTING pgs=0 cs=0 l=1 rev1=0 crypto rx=0 tx=0 comp rx=0 tx=0)._handle_peer_banner_payload supported=3 required=0
2024-06-06T06:56:27.425 INFO:teuthology.orchestra.run.smithi077.stdout:/usr/bin/ceph: stderr
2024-06-06T06:56:26.537+0000 7f0b557e5640 1 --2- >> [v2:172.21.15.77:3300/0,v1:172.21.15.77:6789/0] conn(0x7f0b50077cf0 0x7f0b50113110 unknown :-1 s=HELLO_CONNECTING pgs=0 cs=0 l=1 rev1=1 crypto rx=0 tx=0 comp rx=0 tx=0).handle_hello peer v2:172.21.15.77:3300/0 says I am v2:172.21.15.77:59142/0 (socket says 172.21.15.77:59142)
2024-06-06T06:56:27.425 INFO:teuthology.orchestra.run.smithi077.stdout:/usr/bin/ceph: stderr
2024-06-06T06:56:26.537+0000 7f0b557e5640 1 -- 172.21.15.77:0/2852330676 learned_addr learned my addr 172.21.15.77:0/2852330676 (peer_addr_for_me v2:172.21.15.77:0/0)
2024-06-06T06:56:27.425 INFO:teuthology.orchestra.run.smithi077.stdout:/usr/bin/ceph: stderr
2024-06-06T06:56:26.537+0000 7f0b557e5640 1 -- 172.21.15.77:0/2852330676 --> [v2:172.21.15.77:3300/0,v1:172.21.15.77:6789/0] -- mon_subscribe({config=0+,monmap=0+}) v3 -- 0x7f0b40009450 con 0x7f0b50077cf0
2024-06-06T06:56:27.425 INFO:teuthology.orchestra.run.smithi077.stdout:/usr/bin/ceph: stderr
2024-06-06T06:56:26.537+0000 7f0b557e5640 1 --2- 172.21.15.77:0/2852330676 >> [v2:172.21.15.77:3300/0,v1:172.21.15.77:6789/0] conn(0x7f0b50077cf0 0x7f0b50113110 secure :-1 s=READY pgs=56 cs=0 l=1 rev1=1 crypto rx=0x7f0b400317f0 tx=0x7f0b4002c040 comp rx=0 tx=0).ready entity=mon.0 client_cookie=0 server_cookie=0 in_seq=0 out_seq=0
2024-06-06T06:56:27.425 INFO:teuthology.orchestra.run.smithi077.stdout:/usr/bin/ceph: stderr
2024-06-06T06:56:26.537+0000 7f0b4dffb640 1 -- 172.21.15.77:0/2852330676 <== mon.0 v2:172.21.15.77:3300/0 1 ==== mon_map magic: 0 v1 ==== 229+0+0 (secure 0 0 0) 0x7f0b40032880 con 0x7f0b50077cf0
2024-06-06T06:56:27.425 INFO:teuthology.orchestra.run.smithi077.stdout:/usr/bin/ceph: stderr
2024-06-06T06:56:26.537+0000 7f0b4dffb640 1 -- 172.21.15.77:0/2852330676 <== mon.0 v2:172.21.15.77:3300/0 2 ==== config(27 keys) v1 ==== 1109+0+0 (secure 0 0 0) 0x7f0b4003b910 con 0x7f0b50077cf0
2024-06-06T06:56:27.425 INFO:teuthology.orchestra.run.smithi077.stdout:/usr/bin/ceph: stderr
2024-06-06T06:56:26.537+0000 7f0b57a49640 1 -- 172.21.15.77:0/2852330676 --> [v2:172.21.15.77:3300/0,v1:172.21.15.77:6789/0] -- mon_subscribe({mgrmap=0+}) v3 -- 0x7f0b50113850 con 0x7f0b50077cf0
2024-06-06T06:56:27.425 INFO:teuthology.orchestra.run.smithi077.stdout:/usr/bin/ceph: stderr
2024-06-06T06:56:26.537+0000 7f0b4dffb640 1 -- 172.21.15.77:0/2852330676 <== mon.0 v2:172.21.15.77:3300/0 3 ==== mon_map magic: 0 v1 ==== 229+0+0 (secure 0 0 0) 0x7f0b4003a930 con 0x7f0b50077cf0
2024-06-06T06:56:27.425 INFO:teuthology.orchestra.run.smithi077.stdout:/usr/bin/ceph: stderr
2024-06-06T06:56:26.538+0000 7f0b57a49640 1 -- 172.21.15.77:0/2852330676 --> [v2:172.21.15.77:3300/0,v1:172.21.15.77:6789/0] -- mon_subscribe({osdmap=0}) v3 -- 0x7f0b50113cc0 con 0x7f0b50077cf0
2024-06-06T06:56:27.425 INFO:teuthology.orchestra.run.smithi077.stdout:/usr/bin/ceph: stderr
2024-06-06T06:56:26.538+0000 7f0b4dffb640 1 -- 172.21.15.77:0/2852330676 <== mon.0 v2:172.21.15.77:3300/0 4 ==== mgrmap(e 8) v1 ==== 41946+0+0 (secure 0 0 0) 0x7f0b40039070 con 0x7f0b50077cf0
2024-06-06T06:56:27.425 INFO:teuthology.orchestra.run.smithi077.stdout:/usr/bin/ceph: stderr
2024-06-06T06:56:26.539+0000 7f0b4dffb640 1 --2- 172.21.15.77:0/2852330676 >> [v2:172.21.15.77:6800/4098464893,v1:172.21.15.77:6801/4098464893] conn(0x7f0b38034860 0x7f0b38036d10 unknown :-1 s=NONE pgs=0 cs=0 l=1 rev1=0 crypto rx=0 tx=0 comp rx=0 tx=0).connect
2024-06-06T06:56:27.426 INFO:teuthology.orchestra.run.smithi077.stdout:/usr/bin/ceph: stderr
2024-06-06T06:56:26.539+0000 7f0b4dffb640 1 -- 172.21.15.77:0/2852330676 <== mon.0 v2:172.21.15.77:3300/0 5 ==== osd_map(2..2 src has 1..2) v4 ==== 936+0+0 (secure 0 0 0) 0x7f0b40066b50 con 0x7f0b50077cf0
2024-06-06T06:56:27.426 INFO:teuthology.orchestra.run.smithi077.stdout:/usr/bin/ceph: stderr
2024-06-06T06:56:26.539+0000 7f0b57a49640 1 -- 172.21.15.77:0/2852330676 --> [v2:172.21.15.77:3300/0,v1:172.21.15.77:6789/0] -- mon_command({"prefix": "get_command_descriptions"} v 0) v1 -- 0x7f0b5004b480 con 0x7f0b50077cf0
2024-06-06T06:56:27.426 INFO:teuthology.orchestra.run.smithi077.stdout:/usr/bin/ceph: stderr
2024-06-06T06:56:26.539+0000 7f0b54fe4640 1 --2- 172.21.15.77:0/2852330676 >> [v2:172.21.15.77:6800/4098464893,v1:172.21.15.77:6801/4098464893] conn(0x7f0b38034860 0x7f0b38036d10 unknown :-1 s=BANNER_CONNECTING pgs=0 cs=0 l=1 rev1=0 crypto rx=0 tx=0 comp rx=0 tx=0)._handle_peer_banner_payload supported=3 required=0
2024-06-06T06:56:27.426 INFO:teuthology.orchestra.run.smithi077.stdout:/usr/bin/ceph: stderr
2024-06-06T06:56:26.539+0000 7f0b54fe4640 1 --2- 172.21.15.77:0/2852330676 >> [v2:172.21.15.77:6800/4098464893,v1:172.21.15.77:6801/4098464893] conn(0x7f0b38034860 0x7f0b38036d10 secure :-1 s=READY pgs=17 cs=0 l=1 rev1=1 crypto rx=0x7f0b4400ad90 tx=0x7f0b44009410 comp rx=0 tx=0).ready entity=mgr.14118 client_cookie=0 server_cookie=0 in_seq=0 out_seq=0
2024-06-06T06:56:27.426 INFO:teuthology.orchestra.run.smithi077.stdout:/usr/bin/ceph: stderr
2024-06-06T06:56:26.543+0000 7f0b4dffb640 1 -- 172.21.15.77:0/2852330676 <== mon.0 v2:172.21.15.77:3300/0 6 ==== mon_command_ack([{"prefix": "get_command_descriptions"}]=0 v0) v1 ==== 72+0+175578 (secure 0 0 0) 0x7f0b4003f020 con 0x7f0b50077cf0
2024-06-06T06:56:27.426 INFO:teuthology.orchestra.run.smithi077.stdout:/usr/bin/ceph: stderr
2024-06-06T06:56:26.719+0000 7f0b57a49640 1 -- 172.21.15.77:0/2852330676 --> [v2:172.21.15.77:6800/4098464893,v1:172.21.15.77:6801/4098464893] -- mgr_command(tid 0: {"prefix": "orch apply", "service_type": "node-exporter", "target": ["mon-mgr", ""]}) v1 -- 0x7f0b501143e0 con 0x7f0b38034860
2024-06-06T06:56:27.426 INFO:teuthology.orchestra.run.smithi077.stdout:/usr/bin/ceph: stderr
2024-06-06T06:56:26.723+0000 7f0b4dffb640 1 -- 172.21.15.77:0/2852330676 <== mgr.14118 v2:172.21.15.77:6800/4098464893 1 ==== mgr_command_reply(tid 0: 0 ) v1 ==== 8+0+34 (secure 0 0 0) 0x7f0b501143e0 con 0x7f0b38034860
2024-06-06T06:56:27.426 INFO:teuthology.orchestra.run.smithi077.stdout:/usr/bin/ceph: stderr
2024-06-06T06:56:26.725+0000 7f0b57a49640 1 -- 172.21.15.77:0/2852330676 >> [v2:172.21.15.77:6800/4098464893,v1:172.21.15.77:6801/4098464893] conn(0x7f0b38034860 msgr2=0x7f0b38036d10 secure :-1 s=STATE_CONNECTION_ESTABLISHED l=1).mark_down
2024-06-06T06:56:27.426 INFO:teuthology.orchestra.run.smithi077.stdout:/usr/bin/ceph: stderr
2024-06-06T06:56:26.725+0000 7f0b57a49640 1 --2- 172.21.15.77:0/2852330676 >> [v2:172.21.15.77:6800/4098464893,v1:172.21.15.77:6801/4098464893] conn(0x7f0b38034860 0x7f0b38036d10 secure :-1 s=READY pgs=17 cs=0 l=1 rev1=1 crypto rx=0x7f0b4400ad90 tx=0x7f0b44009410 comp rx=0 tx=0).stop
2024-06-06T06:56:27.426 INFO:teuthology.orchestra.run.smithi077.stdout:/usr/bin/ceph: stderr
2024-06-06T06:56:26.725+0000 7f0b57a49640 1 -- 172.21.15.77:0/2852330676 >> [v2:172.21.15.77:3300/0,v1:172.21.15.77:6789/0] conn(0x7f0b50077cf0 msgr2=0x7f0b50113110 secure :-1 s=STATE_CONNECTION_ESTABLISHED l=1).mark_down
2024-06-06T06:56:27.426 INFO:teuthology.orchestra.run.smithi077.stdout:/usr/bin/ceph: stderr
2024-06-06T06:56:26.725+0000 7f0b57a49640 1 --2- 172.21.15.77:0/2852330676 >> [v2:172.21.15.77:3300/0,v1:172.21.15.77:6789/0] conn(0x7f0b50077cf0 0x7f0b50113110 secure :-1 s=READY pgs=56 cs=0 l=1 rev1=1 crypto rx=0x7f0b400317f0 tx=0x7f0b4002c040 comp rx=0 tx=0).stop
2024-06-06T06:56:27.426 INFO:teuthology.orchestra.run.smithi077.stdout:/usr/bin/ceph: stderr
2024-06-06T06:56:26.725+0000 7f0b57a49640 1 -- 172.21.15.77:0/2852330676 shutdown_connections
2024-06-06T06:56:27.427 INFO:teuthology.orchestra.run.smithi077.stdout:/usr/bin/ceph: stderr
2024-06-06T06:56:26.725+0000 7f0b57a49640 1 --2- 172.21.15.77:0/2852330676 >> [v2:172.21.15.77:6800/4098464893,v1:172.21.15.77:6801/4098464893] conn(0x7f0b38034860 0x7f0b38036d10 unknown :-1 s=CLOSED pgs=17 cs=0 l=1 rev1=1 crypto rx=0 tx=0 comp rx=0 tx=0).stop
2024-06-06T06:56:27.427 INFO:teuthology.orchestra.run.smithi077.stdout:/usr/bin/ceph: stderr
2024-06-06T06:56:26.725+0000 7f0b57a49640 1 --2- 172.21.15.77:0/2852330676 >> [v2:172.21.15.77:3300/0,v1:172.21.15.77:6789/0] conn(0x7f0b50077cf0 0x7f0b50113110 unknown :-1 s=CLOSED pgs=56 cs=0 l=1 rev1=1 crypto rx=0 tx=0 comp rx=0 tx=0).stop
2024-06-06T06:56:27.427 INFO:teuthology.orchestra.run.smithi077.stdout:/usr/bin/ceph: stderr
2024-06-06T06:56:26.725+0000 7f0b57a49640 1 -- 172.21.15.77:0/2852330676 >> 172.21.15.77:0/2852330676 conn(0x7f0b500fd490 msgr2=0x7f0b500fe3c0 unknown :-1 s=STATE_NONE l=0).mark_down
2024-06-06T06:56:27.427 INFO:teuthology.orchestra.run.smithi077.stdout:/usr/bin/ceph: stderr
2024-06-06T06:56:26.725+0000 7f0b57a49640 1 -- 172.21.15.77:0/2852330676 shutdown_connections
2024-06-06T06:56:27.427 INFO:teuthology.orchestra.run.smithi077.stdout:/usr/bin/ceph: stderr
2024-06-06T06:56:26.725+0000 7f0b57a49640 1 -- 172.21.15.77:0/2852330676 wait complete.
2024-06-06T06:56:27.427 INFO:teuthology.orchestra.run.smithi077.stdout:Deploying alertmanager service with default placement...
2024-06-06T06:56:27.807 INFO:journalctl@ceph.mon.smithi077.smithi077.stdout:Jun 06 06:56:27 smithi077 ceph-mon[29126]: from='client.14150 -' entity='client.admin' cmd=[{"prefix": "orch apply", "service_type": "node-exporter", "target": ["mon-mgr", ""]}]: dispatch
2024-06-06T06:56:27.807 INFO:journalctl@ceph.mon.smithi077.smithi077.stdout:Jun 06 06:56:27 smithi077 ceph-mon[29126]: Saving service node-exporter spec with placement *
2024-06-06T06:56:27.807 INFO:journalctl@ceph.mon.smithi077.smithi077.stdout:Jun 06 06:56:27 smithi077 ceph-mon[29126]: from='mgr.14118 172.21.15.77:0/3694758882' entity='mgr.smithi077.xsysrh'
2024-06-06T06:56:28.872 INFO:teuthology.orchestra.run.smithi077.stdout:/usr/bin/ceph: stdout Scheduled alertmanager update...
2024-06-06T06:56:28.872 INFO:teuthology.orchestra.run.smithi077.stdout:/usr/bin/ceph: stderr
2024-06-06T06:56:27.806+0000 7f42c07fd640 1 Processor -- start
2024-06-06T06:56:28.872 INFO:teuthology.orchestra.run.smithi077.stdout:/usr/bin/ceph: stderr
2024-06-06T06:56:27.806+0000 7f42c07fd640 1 -- start start
2024-06-06T06:56:28.872 INFO:teuthology.orchestra.run.smithi077.stdout:/usr/bin/ceph: stderr
2024-06-06T06:56:27.806+0000 7f42c07fd640 1 --2- >> [v2:172.21.15.77:3300/0,v1:172.21.15.77:6789/0] conn(0x7f42b8101d90 0x7f42b81021a0 unknown :-1 s=NONE pgs=0 cs=0 l=0 rev1=0 crypto rx=0 tx=0 comp rx=0 tx=0).connect
2024-06-06T06:56:28.872 INFO:teuthology.orchestra.run.smithi077.stdout:/usr/bin/ceph: stderr
2024-06-06T06:56:27.806+0000 7f42c07fd640 1 -- --> [v2:172.21.15.77:3300/0,v1:172.21.15.77:6789/0] -- mon_getmap magic: 0 v1 -- 0x7f42b81026e0 con 0x7f42b8101d90
2024-06-06T06:56:28.873 INFO:teuthology.orchestra.run.smithi077.stdout:/usr/bin/ceph: stderr
2024-06-06T06:56:27.806+0000 7f42be599640 1 --2- >> [v2:172.21.15.77:3300/0,v1:172.21.15.77:6789/0] conn(0x7f42b8101d90 0x7f42b81021a0 unknown :-1 s=BANNER_CONNECTING pgs=0 cs=0 l=0 rev1=0 crypto rx=0 tx=0 comp rx=0 tx=0)._handle_peer_banner_payload supported=3 required=0
2024-06-06T06:56:28.873 INFO:teuthology.orchestra.run.smithi077.stdout:/usr/bin/ceph: stderr
2024-06-06T06:56:27.806+0000 7f42be599640 1 --2- >> [v2:172.21.15.77:3300/0,v1:172.21.15.77:6789/0] conn(0x7f42b8101d90 0x7f42b81021a0 unknown :-1 s=HELLO_CONNECTING pgs=0 cs=0 l=0 rev1=1 crypto rx=0 tx=0 comp rx=0 tx=0).handle_hello peer v2:172.21.15.77:3300/0 says I am v2:172.21.15.77:59152/0 (socket says 172.21.15.77:59152)
2024-06-06T06:56:28.873 INFO:teuthology.orchestra.run.smithi077.stdout:/usr/bin/ceph: stderr
2024-06-06T06:56:27.806+0000 7f42be599640 1 -- 172.21.15.77:0/42000859 learned_addr learned my addr 172.21.15.77:0/42000859 (peer_addr_for_me v2:172.21.15.77:0/0)
2024-06-06T06:56:28.873 INFO:teuthology.orchestra.run.smithi077.stdout:/usr/bin/ceph: stderr
2024-06-06T06:56:27.807+0000 7f42be599640 1 -- 172.21.15.77:0/42000859 --> [v2:172.21.15.77:3300/0,v1:172.21.15.77:6789/0] -- mon_subscribe({config=0+,monmap=0+}) v3 -- 0x7f42b8102820 con 0x7f42b8101d90
2024-06-06T06:56:28.873 INFO:teuthology.orchestra.run.smithi077.stdout:/usr/bin/ceph: stderr
2024-06-06T06:56:27.807+0000 7f42be599640 1 --2- 172.21.15.77:0/42000859 >> [v2:172.21.15.77:3300/0,v1:172.21.15.77:6789/0] conn(0x7f42b8101d90 0x7f42b81021a0 secure :-1 s=READY pgs=57 cs=0 l=1 rev1=1 crypto rx=0x7f42b4009840 tx=0x7f42b40091d0 comp rx=0 tx=0).ready entity=mon.0 client_cookie=ebc11adf7695e711 server_cookie=0 in_seq=0 out_seq=0
2024-06-06T06:56:28.873 INFO:teuthology.orchestra.run.smithi077.stdout:/usr/bin/ceph: stderr
2024-06-06T06:56:27.807+0000 7f42bd597640 1 -- 172.21.15.77:0/42000859 <== mon.0 v2:172.21.15.77:3300/0 1 ==== mon_map magic: 0 v1 ==== 229+0+0 (secure 0 0 0) 0x7f42b4032440 con 0x7f42b8101d90
2024-06-06T06:56:28.873 INFO:teuthology.orchestra.run.smithi077.stdout:/usr/bin/ceph: stderr
2024-06-06T06:56:27.808+0000 7f42bd597640 1 -- 172.21.15.77:0/42000859 <== mon.0 v2:172.21.15.77:3300/0 2 ==== config(27 keys) v1 ==== 1109+0+0 (secure 0 0 0) 0x7f42b4032a70 con 0x7f42b8101d90
2024-06-06T06:56:28.873 INFO:teuthology.orchestra.run.smithi077.stdout:/usr/bin/ceph: stderr
2024-06-06T06:56:27.808+0000 7f42bd597640 1 -- 172.21.15.77:0/42000859 <== mon.0 v2:172.21.15.77:3300/0 3 ==== mon_map magic: 0 v1 ==== 229+0+0 (secure 0 0 0) 0x7f42b4031ad0 con 0x7f42b8101d90
2024-06-06T06:56:28.873 INFO:teuthology.orchestra.run.smithi077.stdout:/usr/bin/ceph: stderr
2024-06-06T06:56:27.808+0000 7f42c07fd640 1 -- 172.21.15.77:0/42000859 >> [v2:172.21.15.77:3300/0,v1:172.21.15.77:6789/0] conn(0x7f42b8101d90 msgr2=0x7f42b81021a0 secure :-1 s=STATE_CONNECTION_ESTABLISHED l=1).mark_down
2024-06-06T06:56:28.873 INFO:teuthology.orchestra.run.smithi077.stdout:/usr/bin/ceph: stderr
2024-06-06T06:56:27.808+0000 7f42c07fd640 1 --2- 172.21.15.77:0/42000859 >> [v2:172.21.15.77:3300/0,v1:172.21.15.77:6789/0] conn(0x7f42b8101d90 0x7f42b81021a0 secure :-1 s=READY pgs=57 cs=0 l=1 rev1=1 crypto rx=0x7f42b4009840 tx=0x7f42b40091d0 comp rx=0 tx=0).stop
2024-06-06T06:56:28.874 INFO:teuthology.orchestra.run.smithi077.stdout:/usr/bin/ceph: stderr
2024-06-06T06:56:27.808+0000 7f42c07fd640 1 -- 172.21.15.77:0/42000859 shutdown_connections
2024-06-06T06:56:28.874 INFO:teuthology.orchestra.run.smithi077.stdout:/usr/bin/ceph: stderr
2024-06-06T06:56:27.808+0000 7f42c07fd640 1 --2- 172.21.15.77:0/42000859 >> [v2:172.21.15.77:3300/0,v1:172.21.15.77:6789/0] conn(0x7f42b8101d90 0x7f42b81021a0 unknown :-1 s=CLOSED pgs=57 cs=0 l=1 rev1=1 crypto rx=0 tx=0 comp rx=0 tx=0).stop
2024-06-06T06:56:28.874 INFO:teuthology.orchestra.run.smithi077.stdout:/usr/bin/ceph: stderr
2024-06-06T06:56:27.808+0000 7f42c07fd640 1 -- 172.21.15.77:0/42000859 >> 172.21.15.77:0/42000859 conn(0x7f42b80fd590 msgr2=0x7f42b80ff9a0 unknown :-1 s=STATE_NONE l=0).mark_down
2024-06-06T06:56:28.874 INFO:teuthology.orchestra.run.smithi077.stdout:/usr/bin/ceph: stderr
2024-06-06T06:56:27.808+0000 7f42c07fd640 1 -- 172.21.15.77:0/42000859 shutdown_connections
2024-06-06T06:56:28.874 INFO:teuthology.orchestra.run.smithi077.stdout:/usr/bin/ceph: stderr
2024-06-06T06:56:27.808+0000 7f42c07fd640 1 -- 172.21.15.77:0/42000859 wait complete.
2024-06-06T06:56:28.874 INFO:teuthology.orchestra.run.smithi077.stdout:/usr/bin/ceph: stderr
2024-06-06T06:56:27.809+0000 7f42c07fd640 1 Processor -- start
2024-06-06T06:56:28.874 INFO:teuthology.orchestra.run.smithi077.stdout:/usr/bin/ceph: stderr
2024-06-06T06:56:27.809+0000 7f42c07fd640 1 -- start start
2024-06-06T06:56:28.874 INFO:teuthology.orchestra.run.smithi077.stdout:/usr/bin/ceph: stderr
2024-06-06T06:56:27.809+0000 7f42c07fd640 1 --2- >> [v2:172.21.15.77:3300/0,v1:172.21.15.77:6789/0] conn(0x7f42b8101d90 0x7f42b8110f00 unknown :-1 s=NONE pgs=0 cs=0 l=1 rev1=0 crypto rx=0 tx=0 comp rx=0 tx=0).connect
2024-06-06T06:56:28.874 INFO:teuthology.orchestra.run.smithi077.stdout:/usr/bin/ceph: stderr
2024-06-06T06:56:27.809+0000 7f42c07fd640 1 -- --> [v2:172.21.15.77:3300/0,v1:172.21.15.77:6789/0] -- mon_getmap magic: 0 v1 -- 0x7f42b8111440 con 0x7f42b8101d90
2024-06-06T06:56:28.874 INFO:teuthology.orchestra.run.smithi077.stdout:/usr/bin/ceph: stderr
2024-06-06T06:56:27.809+0000 7f42be599640 1 --2- >> [v2:172.21.15.77:3300/0,v1:172.21.15.77:6789/0] conn(0x7f42b8101d90 0x7f42b8110f00 unknown :-1 s=BANNER_CONNECTING pgs=0 cs=0 l=1 rev1=0 crypto rx=0 tx=0 comp rx=0 tx=0)._handle_peer_banner_payload supported=3 required=0
2024-06-06T06:56:28.874 INFO:teuthology.orchestra.run.smithi077.stdout:/usr/bin/ceph: stderr
2024-06-06T06:56:27.809+0000 7f42be599640 1 --2- >> [v2:172.21.15.77:3300/0,v1:172.21.15.77:6789/0] conn(0x7f42b8101d90 0x7f42b8110f00 unknown :-1 s=HELLO_CONNECTING pgs=0 cs=0 l=1 rev1=1 crypto rx=0 tx=0 comp rx=0 tx=0).handle_hello peer v2:172.21.15.77:3300/0 says I am v2:172.21.15.77:59158/0 (socket says 172.21.15.77:59158)
2024-06-06T06:56:28.875 INFO:teuthology.orchestra.run.smithi077.stdout:/usr/bin/ceph: stderr
2024-06-06T06:56:27.809+0000 7f42be599640 1 -- 172.21.15.77:0/122644220 learned_addr learned my addr 172.21.15.77:0/122644220 (peer_addr_for_me v2:172.21.15.77:0/0)
2024-06-06T06:56:28.875 INFO:teuthology.orchestra.run.smithi077.stdout:/usr/bin/ceph: stderr
2024-06-06T06:56:27.809+0000 7f42be599640 1 -- 172.21.15.77:0/122644220 --> [v2:172.21.15.77:3300/0,v1:172.21.15.77:6789/0] -- mon_subscribe({config=0+,monmap=0+}) v3 -- 0x7f42b4009450 con 0x7f42b8101d90
2024-06-06T06:56:28.875 INFO:teuthology.orchestra.run.smithi077.stdout:/usr/bin/ceph: stderr
2024-06-06T06:56:27.809+0000 7f42be599640 1 --2- 172.21.15.77:0/122644220 >> [v2:172.21.15.77:3300/0,v1:172.21.15.77:6789/0] conn(0x7f42b8101d90 0x7f42b8110f00 secure :-1 s=READY pgs=58 cs=0 l=1 rev1=1 crypto rx=0x7f42b4009810 tx=0x7f42b402c040 comp rx=0 tx=0).ready entity=mon.0 client_cookie=0 server_cookie=0 in_seq=0 out_seq=0
2024-06-06T06:56:28.875 INFO:teuthology.orchestra.run.smithi077.stdout:/usr/bin/ceph: stderr
2024-06-06T06:56:27.809+0000 7f42aeffd640 1 -- 172.21.15.77:0/122644220 <== mon.0 v2:172.21.15.77:3300/0 1 ==== mon_map magic: 0 v1 ==== 229+0+0 (secure 0 0 0) 0x7f42b40328b0 con 0x7f42b8101d90
2024-06-06T06:56:28.875 INFO:teuthology.orchestra.run.smithi077.stdout:/usr/bin/ceph: stderr
2024-06-06T06:56:27.809+0000 7f42aeffd640 1 -- 172.21.15.77:0/122644220 <== mon.0 v2:172.21.15.77:3300/0 2 ==== config(27 keys) v1 ==== 1109+0+0 (secure 0 0 0) 0x7f42b403b910 con 0x7f42b8101d90
2024-06-06T06:56:28.875 INFO:teuthology.orchestra.run.smithi077.stdout:/usr/bin/ceph: stderr
2024-06-06T06:56:27.809+0000 7f42c07fd640 1 -- 172.21.15.77:0/122644220 --> [v2:172.21.15.77:3300/0,v1:172.21.15.77:6789/0] -- mon_subscribe({mgrmap=0+}) v3 -- 0x7f42b8111640 con 0x7f42b8101d90
2024-06-06T06:56:28.875 INFO:teuthology.orchestra.run.smithi077.stdout:/usr/bin/ceph: stderr
2024-06-06T06:56:27.809+0000 7f42aeffd640 1 -- 172.21.15.77:0/122644220 <== mon.0 v2:172.21.15.77:3300/0 3 ==== mon_map magic: 0 v1 ==== 229+0+0 (secure 0 0 0) 0x7f42b403a980 con 0x7f42b8101d90
2024-06-06T06:56:28.875 INFO:teuthology.orchestra.run.smithi077.stdout:/usr/bin/ceph: stderr
2024-06-06T06:56:27.810+0000 7f42c07fd640 1 -- 172.21.15.77:0/122644220 --> [v2:172.21.15.77:3300/0,v1:172.21.15.77:6789/0] -- mon_subscribe({osdmap=0}) v3 -- 0x7f42b81120f0 con 0x7f42b8101d90
2024-06-06T06:56:28.875 INFO:teuthology.orchestra.run.smithi077.stdout:/usr/bin/ceph: stderr
2024-06-06T06:56:27.810+0000 7f42aeffd640 1 -- 172.21.15.77:0/122644220 <== mon.0 v2:172.21.15.77:3300/0 4 ==== mgrmap(e 8) v1 ==== 41946+0+0 (secure 0 0 0) 0x7f42b4039070 con 0x7f42b8101d90
2024-06-06T06:56:28.875 INFO:teuthology.orchestra.run.smithi077.stdout:/usr/bin/ceph: stderr
2024-06-06T06:56:27.810+0000 7f42aeffd640 1 --2- 172.21.15.77:0/122644220 >> [v2:172.21.15.77:6800/4098464893,v1:172.21.15.77:6801/4098464893] conn(0x7f42a4034860 0x7f42a4036d10 unknown :-1 s=NONE pgs=0 cs=0 l=1 rev1=0 crypto rx=0 tx=0 comp rx=0 tx=0).connect
2024-06-06T06:56:28.875 INFO:teuthology.orchestra.run.smithi077.stdout:/usr/bin/ceph: stderr
2024-06-06T06:56:27.810+0000 7f42aeffd640 1 -- 172.21.15.77:0/122644220 <== mon.0 v2:172.21.15.77:3300/0 5 ==== osd_map(2..2 src has 1..2) v4 ==== 936+0+0 (secure 0 0 0) 0x7f42b4066ec0 con 0x7f42b8101d90
2024-06-06T06:56:28.875 INFO:teuthology.orchestra.run.smithi077.stdout:/usr/bin/ceph: stderr
2024-06-06T06:56:27.811+0000 7f42bdd98640 1 --2- 172.21.15.77:0/122644220 >> [v2:172.21.15.77:6800/4098464893,v1:172.21.15.77:6801/4098464893] conn(0x7f42a4034860 0x7f42a4036d10 unknown :-1 s=BANNER_CONNECTING pgs=0 cs=0 l=1 rev1=0 crypto rx=0 tx=0 comp rx=0 tx=0)._handle_peer_banner_payload supported=3 required=0
2024-06-06T06:56:28.875 INFO:teuthology.orchestra.run.smithi077.stdout:/usr/bin/ceph: stderr
2024-06-06T06:56:27.811+0000 7f42c07fd640 1 -- 172.21.15.77:0/122644220 --> [v2:172.21.15.77:3300/0,v1:172.21.15.77:6789/0] -- mon_command({"prefix": "get_command_descriptions"} v 0) v1 -- 0x7f42b805ead0 con 0x7f42b8101d90
2024-06-06T06:56:28.875 INFO:teuthology.orchestra.run.smithi077.stdout:/usr/bin/ceph: stderr
2024-06-06T06:56:27.811+0000 7f42bdd98640 1 --2- 172.21.15.77:0/122644220 >> [v2:172.21.15.77:6800/4098464893,v1:172.21.15.77:6801/4098464893] conn(0x7f42a4034860 0x7f42a4036d10 secure :-1 s=READY pgs=18 cs=0 l=1 rev1=1 crypto rx=0x7f42a8006fd0 tx=0x7f42a8006db0 comp rx=0 tx=0).ready entity=mgr.14118 client_cookie=0 server_cookie=0 in_seq=0 out_seq=0
2024-06-06T06:56:28.875 INFO:teuthology.orchestra.run.smithi077.stdout:/usr/bin/ceph: stderr
2024-06-06T06:56:27.815+0000 7f42aeffd640 1 -- 172.21.15.77:0/122644220 <== mon.0 v2:172.21.15.77:3300/0 6 ==== mon_command_ack([{"prefix": "get_command_descriptions"}]=0 v0) v1 ==== 72+0+175578 (secure 0 0 0) 0x7f42b403f020 con 0x7f42b8101d90
2024-06-06T06:56:28.876 INFO:teuthology.orchestra.run.smithi077.stdout:/usr/bin/ceph: stderr
2024-06-06T06:56:27.993+0000 7f42c07fd640 1 -- 172.21.15.77:0/122644220 --> [v2:172.21.15.77:6800/4098464893,v1:172.21.15.77:6801/4098464893] -- mgr_command(tid 0: {"prefix": "orch apply", "service_type": "alertmanager", "target": ["mon-mgr", ""]}) v1 -- 0x7f42b8103ce0 con 0x7f42a4034860
2024-06-06T06:56:28.876 INFO:teuthology.orchestra.run.smithi077.stdout:/usr/bin/ceph: stderr
2024-06-06T06:56:27.998+0000 7f42aeffd640 1 -- 172.21.15.77:0/122644220 <== mgr.14118 v2:172.21.15.77:6800/4098464893 1 ==== mgr_command_reply(tid 0: 0 ) v1 ==== 8+0+33 (secure 0 0 0) 0x7f42b8103ce0 con 0x7f42a4034860
2024-06-06T06:56:28.876 INFO:teuthology.orchestra.run.smithi077.stdout:/usr/bin/ceph: stderr
2024-06-06T06:56:28.000+0000 7f42c07fd640 1 -- 172.21.15.77:0/122644220 >> [v2:172.21.15.77:6800/4098464893,v1:172.21.15.77:6801/4098464893] conn(0x7f42a4034860 msgr2=0x7f42a4036d10 secure :-1 s=STATE_CONNECTION_ESTABLISHED l=1).mark_down
2024-06-06T06:56:28.876 INFO:teuthology.orchestra.run.smithi077.stdout:/usr/bin/ceph: stderr
2024-06-06T06:56:28.000+0000 7f42c07fd640 1 --2- 172.21.15.77:0/122644220 >> [v2:172.21.15.77:6800/4098464893,v1:172.21.15.77:6801/4098464893] conn(0x7f42a4034860 0x7f42a4036d10 secure :-1 s=READY pgs=18 cs=0 l=1 rev1=1 crypto rx=0x7f42a8006fd0 tx=0x7f42a8006db0 comp rx=0 tx=0).stop
2024-06-06T06:56:28.876 INFO:teuthology.orchestra.run.smithi077.stdout:/usr/bin/ceph: stderr
2024-06-06T06:56:28.000+0000 7f42c07fd640 1 -- 172.21.15.77:0/122644220 >> [v2:172.21.15.77:3300/0,v1:172.21.15.77:6789/0] conn(0x7f42b8101d90 msgr2=0x7f42b8110f00 secure :-1 s=STATE_CONNECTION_ESTABLISHED l=1).mark_down
2024-06-06T06:56:28.876 INFO:teuthology.orchestra.run.smithi077.stdout:/usr/bin/ceph: stderr
2024-06-06T06:56:28.000+0000 7f42c07fd640 1 --2- 172.21.15.77:0/122644220 >> [v2:172.21.15.77:3300/0,v1:172.21.15.77:6789/0] conn(0x7f42b8101d90 0x7f42b8110f00 secure :-1 s=READY pgs=58 cs=0 l=1 rev1=1 crypto rx=0x7f42b4009810 tx=0x7f42b402c040 comp rx=0 tx=0).stop
2024-06-06T06:56:28.876 INFO:teuthology.orchestra.run.smithi077.stdout:/usr/bin/ceph: stderr
2024-06-06T06:56:28.000+0000 7f42c07fd640 1 -- 172.21.15.77:0/122644220 shutdown_connections
2024-06-06T06:56:28.876 INFO:teuthology.orchestra.run.smithi077.stdout:/usr/bin/ceph: stderr
2024-06-06T06:56:28.000+0000 7f42c07fd640 1 --2- 172.21.15.77:0/122644220 >> [v2:172.21.15.77:6800/4098464893,v1:172.21.15.77:6801/4098464893] conn(0x7f42a4034860 0x7f42a4036d10 unknown :-1 s=CLOSED pgs=18 cs=0 l=1 rev1=1 crypto rx=0 tx=0 comp rx=0 tx=0).stop
2024-06-06T06:56:28.876 INFO:teuthology.orchestra.run.smithi077.stdout:/usr/bin/ceph: stderr
2024-06-06T06:56:28.000+0000 7f42c07fd640 1 --2- 172.21.15.77:0/122644220 >> [v2:172.21.15.77:3300/0,v1:172.21.15.77:6789/0] conn(0x7f42b8101d90 0x7f42b8110f00 unknown :-1 s=CLOSED pgs=58 cs=0 l=1 rev1=1 crypto rx=0 tx=0 comp rx=0 tx=0).stop
2024-06-06T06:56:28.876 INFO:teuthology.orchestra.run.smithi077.stdout:/usr/bin/ceph: stderr
2024-06-06T06:56:28.000+0000 7f42c07fd640 1 -- 172.21.15.77:0/122644220 >> 172.21.15.77:0/122644220 conn(0x7f42b80fd590 msgr2=0x7f42b80fe3c0 unknown :-1 s=STATE_NONE l=0).mark_down
2024-06-06T06:56:28.877 INFO:teuthology.orchestra.run.smithi077.stdout:/usr/bin/ceph: stderr
2024-06-06T06:56:28.000+0000 7f42c07fd640 1 -- 172.21.15.77:0/122644220 shutdown_connections
2024-06-06T06:56:28.877 INFO:teuthology.orchestra.run.smithi077.stdout:/usr/bin/ceph: stderr
2024-06-06T06:56:28.000+0000 7f42c07fd640 1 -- 172.21.15.77:0/122644220 wait complete.
2024-06-06T06:56:29.270 INFO:journalctl@ceph.mon.smithi077.smithi077.stdout:Jun 06 06:56:28 smithi077 ceph-mon[29126]: pgmap v3: 0 pgs: ; 0 B data, 0 B used, 0 B / 0 B avail
2024-06-06T06:56:29.270 INFO:journalctl@ceph.mon.smithi077.smithi077.stdout:Jun 06 06:56:28 smithi077 ceph-mon[29126]: from='client.14152 -' entity='client.admin' cmd=[{"prefix": "orch apply", "service_type": "alertmanager", "target": ["mon-mgr", ""]}]: dispatch
2024-06-06T06:56:29.270 INFO:journalctl@ceph.mon.smithi077.smithi077.stdout:Jun 06 06:56:28 smithi077 ceph-mon[29126]: Saving service alertmanager spec with placement count:1
2024-06-06T06:56:29.270 INFO:journalctl@ceph.mon.smithi077.smithi077.stdout:Jun 06 06:56:28 smithi077 ceph-mon[29126]: from='mgr.14118 172.21.15.77:0/3694758882' entity='mgr.smithi077.xsysrh'
2024-06-06T06:56:30.046 INFO:teuthology.orchestra.run.smithi077.stdout:/usr/bin/ceph: stderr
2024-06-06T06:56:29.269+0000 7ffb7d8dc640 1 Processor -- start
2024-06-06T06:56:30.046 INFO:teuthology.orchestra.run.smithi077.stdout:/usr/bin/ceph: stderr
2024-06-06T06:56:29.269+0000 7ffb7d8dc640 1 -- start start
2024-06-06T06:56:30.046 INFO:teuthology.orchestra.run.smithi077.stdout:/usr/bin/ceph: stderr
2024-06-06T06:56:29.269+0000 7ffb7d8dc640 1 --2- >> [v2:172.21.15.77:3300/0,v1:172.21.15.77:6789/0] conn(0x7ffb78077be0 0x7ffb78076200 unknown :-1 s=NONE pgs=0 cs=0 l=0 rev1=0 crypto rx=0 tx=0 comp rx=0 tx=0).connect
2024-06-06T06:56:30.046 INFO:teuthology.orchestra.run.smithi077.stdout:/usr/bin/ceph: stderr
2024-06-06T06:56:29.269+0000 7ffb7d8dc640 1 -- --> [v2:172.21.15.77:3300/0,v1:172.21.15.77:6789/0] -- mon_getmap magic: 0 v1 -- 0x7ffb78077ff0 con 0x7ffb78077be0
2024-06-06T06:56:30.047 INFO:teuthology.orchestra.run.smithi077.stdout:/usr/bin/ceph: stderr
2024-06-06T06:56:29.269+0000 7ffb76ffd640 1 --2- >> [v2:172.21.15.77:3300/0,v1:172.21.15.77:6789/0] conn(0x7ffb78077be0 0x7ffb78076200 unknown :-1 s=BANNER_CONNECTING pgs=0 cs=0 l=0 rev1=0 crypto rx=0 tx=0 comp rx=0 tx=0)._handle_peer_banner_payload supported=3 required=0
2024-06-06T06:56:30.047 INFO:teuthology.orchestra.run.smithi077.stdout:/usr/bin/ceph: stderr
2024-06-06T06:56:29.269+0000 7ffb76ffd640 1 --2- >> [v2:172.21.15.77:3300/0,v1:172.21.15.77:6789/0] conn(0x7ffb78077be0 0x7ffb78076200 unknown :-1 s=HELLO_CONNECTING pgs=0 cs=0 l=0 rev1=1 crypto rx=0 tx=0 comp rx=0 tx=0).handle_hello peer v2:172.21.15.77:3300/0 says I am v2:172.21.15.77:59174/0 (socket says 172.21.15.77:59174)
2024-06-06T06:56:30.047 INFO:teuthology.orchestra.run.smithi077.stdout:/usr/bin/ceph: stderr
2024-06-06T06:56:29.269+0000 7ffb76ffd640 1 -- 172.21.15.77:0/4292137750 learned_addr learned my addr 172.21.15.77:0/4292137750 (peer_addr_for_me v2:172.21.15.77:0/0)
