2024-06-06T06:56:39.148+0000 7fbf857fa640 1 -- 172.21.15.77:0/849616861 <== mon.0 v2:172.21.15.77:3300/0 2 ==== config(27 keys) v1 ==== 1109+0+0 (secure 0 0 0) 0x7fbf7c03b910 con 0x7fbf88101d90
2024-06-06T06:56:39.980 INFO:teuthology.orchestra.run.smithi077.stdout:/usr/bin/ceph: stderr
2024-06-06T06:56:39.148+0000 7fbf8eb59640 1 -- 172.21.15.77:0/849616861 --> [v2:172.21.15.77:3300/0,v1:172.21.15.77:6789/0] -- mon_subscribe({mgrmap=0+}) v3 -- 0x7fbf88111620 con 0x7fbf88101d90
2024-06-06T06:56:39.980 INFO:teuthology.orchestra.run.smithi077.stdout:/usr/bin/ceph: stderr
2024-06-06T06:56:39.148+0000 7fbf857fa640 1 -- 172.21.15.77:0/849616861 <== mon.0 v2:172.21.15.77:3300/0 3 ==== mon_map magic: 0 v1 ==== 229+0+0 (secure 0 0 0) 0x7fbf7c03a980 con 0x7fbf88101d90
2024-06-06T06:56:39.981 INFO:teuthology.orchestra.run.smithi077.stdout:/usr/bin/ceph: stderr
2024-06-06T06:56:39.148+0000 7fbf8eb59640 1 -- 172.21.15.77:0/849616861 --> [v2:172.21.15.77:3300/0,v1:172.21.15.77:6789/0] -- mon_subscribe({osdmap=0}) v3 -- 0x7fbf881120d0 con 0x7fbf88101d90
2024-06-06T06:56:39.981 INFO:teuthology.orchestra.run.smithi077.stdout:/usr/bin/ceph: stderr
2024-06-06T06:56:39.149+0000 7fbf857fa640 1 -- 172.21.15.77:0/849616861 <== mon.0 v2:172.21.15.77:3300/0 4 ==== mgrmap(e 11) v1 ==== 41853+0+0 (secure 0 0 0) 0x7fbf7c039070 con 0x7fbf88101d90
2024-06-06T06:56:39.981 INFO:teuthology.orchestra.run.smithi077.stdout:/usr/bin/ceph: stderr
2024-06-06T06:56:39.149+0000 7fbf857fa640 1 --2- 172.21.15.77:0/849616861 >> [v2:172.21.15.77:6800/3791228054,v1:172.21.15.77:6801/3791228054] conn(0x7fbf70034730 0x7fbf70036be0 unknown :-1 s=NONE pgs=0 cs=0 l=1 rev1=0 crypto rx=0 tx=0 comp rx=0 tx=0).connect
2024-06-06T06:56:39.981 INFO:teuthology.orchestra.run.smithi077.stdout:/usr/bin/ceph: stderr
2024-06-06T06:56:39.149+0000 7fbf8eb59640 1 -- 172.21.15.77:0/849616861 --> [v2:172.21.15.77:3300/0,v1:172.21.15.77:6789/0] -- mon_command({"prefix": "get_command_descriptions"} v 0) v1 -- 0x7fbf8805ead0 con 0x7fbf88101d90
2024-06-06T06:56:39.981 INFO:teuthology.orchestra.run.smithi077.stdout:/usr/bin/ceph: stderr
2024-06-06T06:56:39.149+0000 7fbf857fa640 1 -- 172.21.15.77:0/849616861 <== mon.0 v2:172.21.15.77:3300/0 5 ==== osd_map(3..3 src has 1..3) v4 ==== 1151+0+0 (secure 0 0 0) 0x7fbf7c066df0 con 0x7fbf88101d90
2024-06-06T06:56:39.981 INFO:teuthology.orchestra.run.smithi077.stdout:/usr/bin/ceph: stderr
2024-06-06T06:56:39.149+0000 7fbf87fff640 1 --2- 172.21.15.77:0/849616861 >> [v2:172.21.15.77:6800/3791228054,v1:172.21.15.77:6801/3791228054] conn(0x7fbf70034730 0x7fbf70036be0 unknown :-1 s=BANNER_CONNECTING pgs=0 cs=0 l=1 rev1=0 crypto rx=0 tx=0 comp rx=0 tx=0)._handle_peer_banner_payload supported=3 required=0
2024-06-06T06:56:39.981 INFO:teuthology.orchestra.run.smithi077.stdout:/usr/bin/ceph: stderr
2024-06-06T06:56:39.149+0000 7fbf87fff640 1 --2- 172.21.15.77:0/849616861 >> [v2:172.21.15.77:6800/3791228054,v1:172.21.15.77:6801/3791228054] conn(0x7fbf70034730 0x7fbf70036be0 secure :-1 s=READY pgs=7 cs=0 l=1 rev1=1 crypto rx=0x7fbf78006fd0 tx=0x7fbf78006db0 comp rx=0 tx=0).ready entity=mgr.14160 client_cookie=0 server_cookie=0 in_seq=0 out_seq=0
2024-06-06T06:56:39.981 INFO:teuthology.orchestra.run.smithi077.stdout:/usr/bin/ceph: stderr
2024-06-06T06:56:39.153+0000 7fbf857fa640 1 -- 172.21.15.77:0/849616861 <== mon.0 v2:172.21.15.77:3300/0 6 ==== mon_command_ack([{"prefix": "get_command_descriptions"}]=0 v0) v1 ==== 72+0+175578 (secure 0 0 0) 0x7fbf7c06a030 con 0x7fbf88101d90
2024-06-06T06:56:39.981 INFO:teuthology.orchestra.run.smithi077.stdout:/usr/bin/ceph: stderr
2024-06-06T06:56:39.334+0000 7fbf8eb59640 1 -- 172.21.15.77:0/849616861 --> [v2:172.21.15.77:6800/3791228054,v1:172.21.15.77:6801/3791228054] -- mgr_command(tid 0: {"prefix": "dashboard create-self-signed-cert", "target": ["mon-mgr", ""]}) v1 -- 0x7fbf88112310 con 0x7fbf70034730
2024-06-06T06:56:39.981 INFO:teuthology.orchestra.run.smithi077.stdout:/usr/bin/ceph: stderr
2024-06-06T06:56:39.379+0000 7fbf857fa640 1 -- 172.21.15.77:0/849616861 <== mgr.14160 v2:172.21.15.77:6800/3791228054 1 ==== mgr_command_reply(tid 0: 0 ) v1 ==== 8+0+32 (secure 0 0 0) 0x7fbf88112310 con 0x7fbf70034730
2024-06-06T06:56:39.981 INFO:teuthology.orchestra.run.smithi077.stdout:/usr/bin/ceph: stderr
2024-06-06T06:56:39.381+0000 7fbf8eb59640 1 -- 172.21.15.77:0/849616861 >> [v2:172.21.15.77:6800/3791228054,v1:172.21.15.77:6801/3791228054] conn(0x7fbf70034730 msgr2=0x7fbf70036be0 secure :-1 s=STATE_CONNECTION_ESTABLISHED l=1).mark_down
2024-06-06T06:56:39.982 INFO:teuthology.orchestra.run.smithi077.stdout:/usr/bin/ceph: stderr
2024-06-06T06:56:39.381+0000 7fbf8eb59640 1 --2- 172.21.15.77:0/849616861 >> [v2:172.21.15.77:6800/3791228054,v1:172.21.15.77:6801/3791228054] conn(0x7fbf70034730 0x7fbf70036be0 secure :-1 s=READY pgs=7 cs=0 l=1 rev1=1 crypto rx=0x7fbf78006fd0 tx=0x7fbf78006db0 comp rx=0 tx=0).stop
2024-06-06T06:56:39.982 INFO:teuthology.orchestra.run.smithi077.stdout:/usr/bin/ceph: stderr
2024-06-06T06:56:39.381+0000 7fbf8eb59640 1 -- 172.21.15.77:0/849616861 >> [v2:172.21.15.77:3300/0,v1:172.21.15.77:6789/0] conn(0x7fbf88101d90 msgr2=0x7fbf88110ee0 secure :-1 s=STATE_CONNECTION_ESTABLISHED l=1).mark_down
2024-06-06T06:56:39.982 INFO:teuthology.orchestra.run.smithi077.stdout:/usr/bin/ceph: stderr
2024-06-06T06:56:39.381+0000 7fbf8eb59640 1 --2- 172.21.15.77:0/849616861 >> [v2:172.21.15.77:3300/0,v1:172.21.15.77:6789/0] conn(0x7fbf88101d90 0x7fbf88110ee0 secure :-1 s=READY pgs=79 cs=0 l=1 rev1=1 crypto rx=0x7fbf7c009810 tx=0x7fbf7c02c040 comp rx=0 tx=0).stop
2024-06-06T06:56:39.982 INFO:teuthology.orchestra.run.smithi077.stdout:/usr/bin/ceph: stderr
2024-06-06T06:56:39.382+0000 7fbf8eb59640 1 -- 172.21.15.77:0/849616861 shutdown_connections
2024-06-06T06:56:39.982 INFO:teuthology.orchestra.run.smithi077.stdout:/usr/bin/ceph: stderr
2024-06-06T06:56:39.382+0000 7fbf8eb59640 1 --2- 172.21.15.77:0/849616861 >> [v2:172.21.15.77:6800/3791228054,v1:172.21.15.77:6801/3791228054] conn(0x7fbf70034730 0x7fbf70036be0 unknown :-1 s=CLOSED pgs=7 cs=0 l=1 rev1=1 crypto rx=0 tx=0 comp rx=0 tx=0).stop
2024-06-06T06:56:39.982 INFO:teuthology.orchestra.run.smithi077.stdout:/usr/bin/ceph: stderr
2024-06-06T06:56:39.382+0000 7fbf8eb59640 1 --2- 172.21.15.77:0/849616861 >> [v2:172.21.15.77:3300/0,v1:172.21.15.77:6789/0] conn(0x7fbf88101d90 0x7fbf88110ee0 unknown :-1 s=CLOSED pgs=79 cs=0 l=1 rev1=1 crypto rx=0 tx=0 comp rx=0 tx=0).stop
2024-06-06T06:56:39.982 INFO:teuthology.orchestra.run.smithi077.stdout:/usr/bin/ceph: stderr
2024-06-06T06:56:39.382+0000 7fbf8eb59640 1 -- 172.21.15.77:0/849616861 >> 172.21.15.77:0/849616861 conn(0x7fbf880fd5b0 msgr2=0x7fbf880fe390 unknown :-1 s=STATE_NONE l=0).mark_down
2024-06-06T06:56:39.982 INFO:teuthology.orchestra.run.smithi077.stdout:/usr/bin/ceph: stderr
2024-06-06T06:56:39.382+0000 7fbf8eb59640 1 -- 172.21.15.77:0/849616861 shutdown_connections
2024-06-06T06:56:39.982 INFO:teuthology.orchestra.run.smithi077.stdout:/usr/bin/ceph: stderr
2024-06-06T06:56:39.382+0000 7fbf8eb59640 1 -- 172.21.15.77:0/849616861 wait complete.
2024-06-06T06:56:39.982 INFO:teuthology.orchestra.run.smithi077.stdout:Creating initial admin user...
2024-06-06T06:56:40.529 INFO:journalctl@ceph.mon.smithi077.smithi077.stdout:Jun 06 06:56:40 smithi077 ceph-mon[29126]: from='client.14172 -' entity='client.admin' cmd=[{"prefix": "dashboard create-self-signed-cert", "target": ["mon-mgr", ""]}]: dispatch
2024-06-06T06:56:40.530 INFO:journalctl@ceph.mon.smithi077.smithi077.stdout:Jun 06 06:56:40 smithi077 ceph-mon[29126]: from='mgr.14160 172.21.15.77:0/1157023216' entity='mgr.smithi077.xsysrh'
2024-06-06T06:56:40.530 INFO:journalctl@ceph.mon.smithi077.smithi077.stdout:Jun 06 06:56:40 smithi077 ceph-mon[29126]: from='mgr.14160 172.21.15.77:0/1157023216' entity='mgr.smithi077.xsysrh'
2024-06-06T06:56:40.530 INFO:journalctl@ceph.mon.smithi077.smithi077.stdout:Jun 06 06:56:40 smithi077 ceph-mon[29126]: mgrmap e12: smithi077.xsysrh(active, since 2s)
2024-06-06T06:56:41.362 INFO:teuthology.orchestra.run.smithi077.stdout:/usr/bin/ceph: stdout {"username": "admin", "password": "$2b$12$oscYe.BJTL9Teo76.wVTL.HVgfPdXmuRYT2k.nukw1xsAaMyLs9H.", "roles": ["administrator"], "name": null, "email": null, "lastUpdate": 1717657000, "enabled": true, "pwdExpirationDate": null, "pwdUpdateRequired": true}
2024-06-06T06:56:41.362 INFO:teuthology.orchestra.run.smithi077.stdout:/usr/bin/ceph: stderr
2024-06-06T06:56:40.356+0000 7fa515dce640 1 Processor -- start
2024-06-06T06:56:41.362 INFO:teuthology.orchestra.run.smithi077.stdout:/usr/bin/ceph: stderr
2024-06-06T06:56:40.356+0000 7fa515dce640 1 -- start start
2024-06-06T06:56:41.363 INFO:teuthology.orchestra.run.smithi077.stdout:/usr/bin/ceph: stderr
2024-06-06T06:56:40.356+0000 7fa515dce640 1 --2- >> [v2:172.21.15.77:3300/0,v1:172.21.15.77:6789/0] conn(0x7fa510101d90 0x7fa5101021a0 unknown :-1 s=NONE pgs=0 cs=0 l=0 rev1=0 crypto rx=0 tx=0 comp rx=0 tx=0).connect
2024-06-06T06:56:41.363 INFO:teuthology.orchestra.run.smithi077.stdout:/usr/bin/ceph: stderr
2024-06-06T06:56:40.356+0000 7fa515dce640 1 -- --> [v2:172.21.15.77:3300/0,v1:172.21.15.77:6789/0] -- mon_getmap magic: 0 v1 -- 0x7fa5101026e0 con 0x7fa510101d90
2024-06-06T06:56:41.363 INFO:teuthology.orchestra.run.smithi077.stdout:/usr/bin/ceph: stderr
2024-06-06T06:56:40.356+0000 7fa50f7fe640 1 --2- >> [v2:172.21.15.77:3300/0,v1:172.21.15.77:6789/0] conn(0x7fa510101d90 0x7fa5101021a0 unknown :-1 s=BANNER_CONNECTING pgs=0 cs=0 l=0 rev1=0 crypto rx=0 tx=0 comp rx=0 tx=0)._handle_peer_banner_payload supported=3 required=0
2024-06-06T06:56:41.363 INFO:teuthology.orchestra.run.smithi077.stdout:/usr/bin/ceph: stderr
2024-06-06T06:56:40.356+0000 7fa50f7fe640 1 --2- >> [v2:172.21.15.77:3300/0,v1:172.21.15.77:6789/0] conn(0x7fa510101d90 0x7fa5101021a0 unknown :-1 s=HELLO_CONNECTING pgs=0 cs=0 l=0 rev1=1 crypto rx=0 tx=0 comp rx=0 tx=0).handle_hello peer v2:172.21.15.77:3300/0 says I am v2:172.21.15.77:37154/0 (socket says 172.21.15.77:37154)
2024-06-06T06:56:41.363 INFO:teuthology.orchestra.run.smithi077.stdout:/usr/bin/ceph: stderr
2024-06-06T06:56:40.356+0000 7fa50f7fe640 1 -- 172.21.15.77:0/2664330664 learned_addr learned my addr 172.21.15.77:0/2664330664 (peer_addr_for_me v2:172.21.15.77:0/0)
2024-06-06T06:56:41.363 INFO:teuthology.orchestra.run.smithi077.stdout:/usr/bin/ceph: stderr
2024-06-06T06:56:40.356+0000 7fa50f7fe640 1 -- 172.21.15.77:0/2664330664 --> [v2:172.21.15.77:3300/0,v1:172.21.15.77:6789/0] -- mon_subscribe({config=0+,monmap=0+}) v3 -- 0x7fa510102820 con 0x7fa510101d90
2024-06-06T06:56:41.363 INFO:teuthology.orchestra.run.smithi077.stdout:/usr/bin/ceph: stderr
2024-06-06T06:56:40.357+0000 7fa50f7fe640 1 --2- 172.21.15.77:0/2664330664 >> [v2:172.21.15.77:3300/0,v1:172.21.15.77:6789/0] conn(0x7fa510101d90 0x7fa5101021a0 secure :-1 s=READY pgs=80 cs=0 l=1 rev1=1 crypto rx=0x7fa500009840 tx=0x7fa5000091d0 comp rx=0 tx=0).ready entity=mon.0 client_cookie=6dda2383613c4770 server_cookie=0 in_seq=0 out_seq=0
2024-06-06T06:56:41.363 INFO:teuthology.orchestra.run.smithi077.stdout:/usr/bin/ceph: stderr
2024-06-06T06:56:40.357+0000 7fa50e7fc640 1 -- 172.21.15.77:0/2664330664 <== mon.0 v2:172.21.15.77:3300/0 1 ==== mon_map magic: 0 v1 ==== 229+0+0 (secure 0 0 0) 0x7fa500032440 con 0x7fa510101d90
2024-06-06T06:56:41.363 INFO:teuthology.orchestra.run.smithi077.stdout:/usr/bin/ceph: stderr
2024-06-06T06:56:40.357+0000 7fa50e7fc640 1 -- 172.21.15.77:0/2664330664 <== mon.0 v2:172.21.15.77:3300/0 2 ==== config(27 keys) v1 ==== 1109+0+0 (secure 0 0 0) 0x7fa500032a70 con 0x7fa510101d90
2024-06-06T06:56:41.363 INFO:teuthology.orchestra.run.smithi077.stdout:/usr/bin/ceph: stderr
2024-06-06T06:56:40.357+0000 7fa50e7fc640 1 -- 172.21.15.77:0/2664330664 <== mon.0 v2:172.21.15.77:3300/0 3 ==== mon_map magic: 0 v1 ==== 229+0+0 (secure 0 0 0) 0x7fa500031ad0 con 0x7fa510101d90
2024-06-06T06:56:41.363 INFO:teuthology.orchestra.run.smithi077.stdout:/usr/bin/ceph: stderr
2024-06-06T06:56:40.358+0000 7fa515dce640 1 -- 172.21.15.77:0/2664330664 >> [v2:172.21.15.77:3300/0,v1:172.21.15.77:6789/0] conn(0x7fa510101d90 msgr2=0x7fa5101021a0 secure :-1 s=STATE_CONNECTION_ESTABLISHED l=1).mark_down
2024-06-06T06:56:41.363 INFO:teuthology.orchestra.run.smithi077.stdout:/usr/bin/ceph: stderr
2024-06-06T06:56:40.358+0000 7fa515dce640 1 --2- 172.21.15.77:0/2664330664 >> [v2:172.21.15.77:3300/0,v1:172.21.15.77:6789/0] conn(0x7fa510101d90 0x7fa5101021a0 secure :-1 s=READY pgs=80 cs=0 l=1 rev1=1 crypto rx=0x7fa500009840 tx=0x7fa5000091d0 comp rx=0 tx=0).stop
2024-06-06T06:56:41.364 INFO:teuthology.orchestra.run.smithi077.stdout:/usr/bin/ceph: stderr
2024-06-06T06:56:40.358+0000 7fa515dce640 1 -- 172.21.15.77:0/2664330664 shutdown_connections
2024-06-06T06:56:41.364 INFO:teuthology.orchestra.run.smithi077.stdout:/usr/bin/ceph: stderr
2024-06-06T06:56:40.358+0000 7fa515dce640 1 --2- 172.21.15.77:0/2664330664 >> [v2:172.21.15.77:3300/0,v1:172.21.15.77:6789/0] conn(0x7fa510101d90 0x7fa5101021a0 unknown :-1 s=CLOSED pgs=80 cs=0 l=1 rev1=1 crypto rx=0 tx=0 comp rx=0 tx=0).stop
2024-06-06T06:56:41.364 INFO:teuthology.orchestra.run.smithi077.stdout:/usr/bin/ceph: stderr
2024-06-06T06:56:40.358+0000 7fa515dce640 1 -- 172.21.15.77:0/2664330664 >> 172.21.15.77:0/2664330664 conn(0x7fa5100fd5b0 msgr2=0x7fa5100ff9c0 unknown :-1 s=STATE_NONE l=0).mark_down
2024-06-06T06:56:41.364 INFO:teuthology.orchestra.run.smithi077.stdout:/usr/bin/ceph: stderr
2024-06-06T06:56:40.358+0000 7fa515dce640 1 -- 172.21.15.77:0/2664330664 shutdown_connections
2024-06-06T06:56:41.364 INFO:teuthology.orchestra.run.smithi077.stdout:/usr/bin/ceph: stderr
2024-06-06T06:56:40.358+0000 7fa515dce640 1 -- 172.21.15.77:0/2664330664 wait complete.
2024-06-06T06:56:41.364 INFO:teuthology.orchestra.run.smithi077.stdout:/usr/bin/ceph: stderr
2024-06-06T06:56:40.358+0000 7fa515dce640 1 Processor -- start
2024-06-06T06:56:41.364 INFO:teuthology.orchestra.run.smithi077.stdout:/usr/bin/ceph: stderr
2024-06-06T06:56:40.358+0000 7fa515dce640 1 -- start start
2024-06-06T06:56:41.364 INFO:teuthology.orchestra.run.smithi077.stdout:/usr/bin/ceph: stderr
2024-06-06T06:56:40.359+0000 7fa515dce640 1 --2- >> [v2:172.21.15.77:3300/0,v1:172.21.15.77:6789/0] conn(0x7fa510101d90 0x7fa510077c10 unknown :-1 s=NONE pgs=0 cs=0 l=1 rev1=0 crypto rx=0 tx=0 comp rx=0 tx=0).connect
2024-06-06T06:56:41.364 INFO:teuthology.orchestra.run.smithi077.stdout:/usr/bin/ceph: stderr
2024-06-06T06:56:40.359+0000 7fa515dce640 1 -- --> [v2:172.21.15.77:3300/0,v1:172.21.15.77:6789/0] -- mon_getmap magic: 0 v1 -- 0x7fa510078150 con 0x7fa510101d90
2024-06-06T06:56:41.364 INFO:teuthology.orchestra.run.smithi077.stdout:/usr/bin/ceph: stderr
2024-06-06T06:56:40.359+0000 7fa50f7fe640 1 --2- >> [v2:172.21.15.77:3300/0,v1:172.21.15.77:6789/0] conn(0x7fa510101d90 0x7fa510077c10 unknown :-1 s=BANNER_CONNECTING pgs=0 cs=0 l=1 rev1=0 crypto rx=0 tx=0 comp rx=0 tx=0)._handle_peer_banner_payload supported=3 required=0
2024-06-06T06:56:41.364 INFO:teuthology.orchestra.run.smithi077.stdout:/usr/bin/ceph: stderr
2024-06-06T06:56:40.359+0000 7fa50f7fe640 1 --2- >> [v2:172.21.15.77:3300/0,v1:172.21.15.77:6789/0] conn(0x7fa510101d90 0x7fa510077c10 unknown :-1 s=HELLO_CONNECTING pgs=0 cs=0 l=1 rev1=1 crypto rx=0 tx=0 comp rx=0 tx=0).handle_hello peer v2:172.21.15.77:3300/0 says I am v2:172.21.15.77:37166/0 (socket says 172.21.15.77:37166)
2024-06-06T06:56:41.364 INFO:teuthology.orchestra.run.smithi077.stdout:/usr/bin/ceph: stderr
2024-06-06T06:56:40.359+0000 7fa50f7fe640 1 -- 172.21.15.77:0/2780167072 learned_addr learned my addr 172.21.15.77:0/2780167072 (peer_addr_for_me v2:172.21.15.77:0/0)
2024-06-06T06:56:41.364 INFO:teuthology.orchestra.run.smithi077.stdout:/usr/bin/ceph: stderr
2024-06-06T06:56:40.359+0000 7fa50f7fe640 1 -- 172.21.15.77:0/2780167072 --> [v2:172.21.15.77:3300/0,v1:172.21.15.77:6789/0] -- mon_subscribe({config=0+,monmap=0+}) v3 -- 0x7fa500009450 con 0x7fa510101d90
2024-06-06T06:56:41.364 INFO:teuthology.orchestra.run.smithi077.stdout:/usr/bin/ceph: stderr
2024-06-06T06:56:40.359+0000 7fa50f7fe640 1 --2- 172.21.15.77:0/2780167072 >> [v2:172.21.15.77:3300/0,v1:172.21.15.77:6789/0] conn(0x7fa510101d90 0x7fa510077c10 secure :-1 s=READY pgs=81 cs=0 l=1 rev1=1 crypto rx=0x7fa500009810 tx=0x7fa50002c040 comp rx=0 tx=0).ready entity=mon.0 client_cookie=0 server_cookie=0 in_seq=0 out_seq=0
2024-06-06T06:56:41.365 INFO:teuthology.orchestra.run.smithi077.stdout:/usr/bin/ceph: stderr
2024-06-06T06:56:40.359+0000 7fa4f7fff640 1 -- 172.21.15.77:0/2780167072 <== mon.0 v2:172.21.15.77:3300/0 1 ==== mon_map magic: 0 v1 ==== 229+0+0 (secure 0 0 0) 0x7fa5000328b0 con 0x7fa510101d90
2024-06-06T06:56:41.365 INFO:teuthology.orchestra.run.smithi077.stdout:/usr/bin/ceph: stderr
2024-06-06T06:56:40.359+0000 7fa515dce640 1 -- 172.21.15.77:0/2780167072 --> [v2:172.21.15.77:3300/0,v1:172.21.15.77:6789/0] -- mon_subscribe({mgrmap=0+}) v3 -- 0x7fa5100761e0 con 0x7fa510101d90
2024-06-06T06:56:41.365 INFO:teuthology.orchestra.run.smithi077.stdout:/usr/bin/ceph: stderr
2024-06-06T06:56:40.359+0000 7fa4f7fff640 1 -- 172.21.15.77:0/2780167072 <== mon.0 v2:172.21.15.77:3300/0 2 ==== config(27 keys) v1 ==== 1109+0+0 (secure 0 0 0) 0x7fa50003b910 con 0x7fa510101d90
2024-06-06T06:56:41.365 INFO:teuthology.orchestra.run.smithi077.stdout:/usr/bin/ceph: stderr
2024-06-06T06:56:40.359+0000 7fa4f7fff640 1 -- 172.21.15.77:0/2780167072 <== mon.0 v2:172.21.15.77:3300/0 3 ==== mon_map magic: 0 v1 ==== 229+0+0 (secure 0 0 0) 0x7fa50003a980 con 0x7fa510101d90
2024-06-06T06:56:41.365 INFO:teuthology.orchestra.run.smithi077.stdout:/usr/bin/ceph: stderr
2024-06-06T06:56:40.359+0000 7fa515dce640 1 -- 172.21.15.77:0/2780167072 --> [v2:172.21.15.77:3300/0,v1:172.21.15.77:6789/0] -- mon_subscribe({osdmap=0}) v3 -- 0x7fa510076650 con 0x7fa510101d90
2024-06-06T06:56:41.365 INFO:teuthology.orchestra.run.smithi077.stdout:/usr/bin/ceph: stderr
2024-06-06T06:56:40.360+0000 7fa4f7fff640 1 -- 172.21.15.77:0/2780167072 <== mon.0 v2:172.21.15.77:3300/0 4 ==== mgrmap(e 12) v1 ==== 41959+0+0 (secure 0 0 0) 0x7fa500039070 con 0x7fa510101d90
2024-06-06T06:56:41.365 INFO:teuthology.orchestra.run.smithi077.stdout:/usr/bin/ceph: stderr
2024-06-06T06:56:40.360+0000 7fa4f7fff640 1 --2- 172.21.15.77:0/2780167072 >> [v2:172.21.15.77:6800/3791228054,v1:172.21.15.77:6801/3791228054] conn(0x7fa4f8034860 0x7fa4f8036d10 unknown :-1 s=NONE pgs=0 cs=0 l=1 rev1=0 crypto rx=0 tx=0 comp rx=0 tx=0).connect
2024-06-06T06:56:41.365 INFO:teuthology.orchestra.run.smithi077.stdout:/usr/bin/ceph: stderr
2024-06-06T06:56:40.360+0000 7fa515dce640 1 -- 172.21.15.77:0/2780167072 --> [v2:172.21.15.77:3300/0,v1:172.21.15.77:6789/0] -- mon_command({"prefix": "get_command_descriptions"} v 0) v1 -- 0x7fa51005ead0 con 0x7fa510101d90
2024-06-06T06:56:41.365 INFO:teuthology.orchestra.run.smithi077.stdout:/usr/bin/ceph: stderr
2024-06-06T06:56:40.360+0000 7fa4f7fff640 1 -- 172.21.15.77:0/2780167072 <== mon.0 v2:172.21.15.77:3300/0 5 ==== osd_map(3..3 src has 1..3) v4 ==== 1151+0+0 (secure 0 0 0) 0x7fa500066fe0 con 0x7fa510101d90
2024-06-06T06:56:41.365 INFO:teuthology.orchestra.run.smithi077.stdout:/usr/bin/ceph: stderr
2024-06-06T06:56:40.361+0000 7fa50effd640 1 --2- 172.21.15.77:0/2780167072 >> [v2:172.21.15.77:6800/3791228054,v1:172.21.15.77:6801/3791228054] conn(0x7fa4f8034860 0x7fa4f8036d10 unknown :-1 s=BANNER_CONNECTING pgs=0 cs=0 l=1 rev1=0 crypto rx=0 tx=0 comp rx=0 tx=0)._handle_peer_banner_payload supported=3 required=0
2024-06-06T06:56:41.365 INFO:teuthology.orchestra.run.smithi077.stdout:/usr/bin/ceph: stderr
2024-06-06T06:56:40.361+0000 7fa50effd640 1 --2- 172.21.15.77:0/2780167072 >> [v2:172.21.15.77:6800/3791228054,v1:172.21.15.77:6801/3791228054] conn(0x7fa4f8034860 0x7fa4f8036d10 secure :-1 s=READY pgs=8 cs=0 l=1 rev1=1 crypto rx=0x7fa504006fd0 tx=0x7fa504006db0 comp rx=0 tx=0).ready entity=mgr.14160 client_cookie=0 server_cookie=0 in_seq=0 out_seq=0
2024-06-06T06:56:41.365 INFO:teuthology.orchestra.run.smithi077.stdout:/usr/bin/ceph: stderr
2024-06-06T06:56:40.365+0000 7fa4f7fff640 1 -- 172.21.15.77:0/2780167072 <== mon.0 v2:172.21.15.77:3300/0 6 ==== mon_command_ack([{"prefix": "get_command_descriptions"}]=0 v0) v1 ==== 72+0+175578 (secure 0 0 0) 0x7fa50003f020 con 0x7fa510101d90
2024-06-06T06:56:41.365 INFO:teuthology.orchestra.run.smithi077.stdout:/usr/bin/ceph: stderr
2024-06-06T06:56:40.561+0000 7fa515dce640 1 -- 172.21.15.77:0/2780167072 --> [v2:172.21.15.77:6800/3791228054,v1:172.21.15.77:6801/3791228054] -- mgr_command(tid 0: {"prefix": "dashboard ac-user-create", "username": "admin", "rolename": "administrator", "force_password": true, "pwd_update_required": true, "target": ["mon-mgr", ""]}) v1 -- 0x7fa51005e8c0 con 0x7fa4f8034860
2024-06-06T06:56:41.366 INFO:teuthology.orchestra.run.smithi077.stdout:/usr/bin/ceph: stderr
2024-06-06T06:56:40.791+0000 7fa4f7fff640 1 -- 172.21.15.77:0/2780167072 <== mgr.14160 v2:172.21.15.77:6800/3791228054 1 ==== mgr_command_reply(tid 0: 0 ) v1 ==== 8+0+252 (secure 0 0 0) 0x7fa51005e8c0 con 0x7fa4f8034860
2024-06-06T06:56:41.366 INFO:teuthology.orchestra.run.smithi077.stdout:/usr/bin/ceph: stderr
2024-06-06T06:56:40.793+0000 7fa515dce640 1 -- 172.21.15.77:0/2780167072 >> [v2:172.21.15.77:6800/3791228054,v1:172.21.15.77:6801/3791228054] conn(0x7fa4f8034860 msgr2=0x7fa4f8036d10 secure :-1 s=STATE_CONNECTION_ESTABLISHED l=1).mark_down
2024-06-06T06:56:41.366 INFO:teuthology.orchestra.run.smithi077.stdout:/usr/bin/ceph: stderr
2024-06-06T06:56:40.793+0000 7fa515dce640 1 --2- 172.21.15.77:0/2780167072 >> [v2:172.21.15.77:6800/3791228054,v1:172.21.15.77:6801/3791228054] conn(0x7fa4f8034860 0x7fa4f8036d10 secure :-1 s=READY pgs=8 cs=0 l=1 rev1=1 crypto rx=0x7fa504006fd0 tx=0x7fa504006db0 comp rx=0 tx=0).stop
2024-06-06T06:56:41.366 INFO:teuthology.orchestra.run.smithi077.stdout:/usr/bin/ceph: stderr
2024-06-06T06:56:40.793+0000 7fa515dce640 1 -- 172.21.15.77:0/2780167072 >> [v2:172.21.15.77:3300/0,v1:172.21.15.77:6789/0] conn(0x7fa510101d90 msgr2=0x7fa510077c10 secure :-1 s=STATE_CONNECTION_ESTABLISHED l=1).mark_down
2024-06-06T06:56:41.366 INFO:teuthology.orchestra.run.smithi077.stdout:/usr/bin/ceph: stderr
2024-06-06T06:56:40.793+0000 7fa515dce640 1 --2- 172.21.15.77:0/2780167072 >> [v2:172.21.15.77:3300/0,v1:172.21.15.77:6789/0] conn(0x7fa510101d90 0x7fa510077c10 secure :-1 s=READY pgs=81 cs=0 l=1 rev1=1 crypto rx=0x7fa500009810 tx=0x7fa50002c040 comp rx=0 tx=0).stop
2024-06-06T06:56:41.366 INFO:teuthology.orchestra.run.smithi077.stdout:/usr/bin/ceph: stderr
2024-06-06T06:56:40.793+0000 7fa515dce640 1 -- 172.21.15.77:0/2780167072 shutdown_connections
2024-06-06T06:56:41.366 INFO:teuthology.orchestra.run.smithi077.stdout:/usr/bin/ceph: stderr
2024-06-06T06:56:40.793+0000 7fa515dce640 1 --2- 172.21.15.77:0/2780167072 >> [v2:172.21.15.77:6800/3791228054,v1:172.21.15.77:6801/3791228054] conn(0x7fa4f8034860 0x7fa4f8036d10 unknown :-1 s=CLOSED pgs=8 cs=0 l=1 rev1=1 crypto rx=0 tx=0 comp rx=0 tx=0).stop
2024-06-06T06:56:41.366 INFO:teuthology.orchestra.run.smithi077.stdout:/usr/bin/ceph: stderr
2024-06-06T06:56:40.793+0000 7fa515dce640 1 --2- 172.21.15.77:0/2780167072 >> [v2:172.21.15.77:3300/0,v1:172.21.15.77:6789/0] conn(0x7fa510101d90 0x7fa510077c10 unknown :-1 s=CLOSED pgs=81 cs=0 l=1 rev1=1 crypto rx=0 tx=0 comp rx=0 tx=0).stop
2024-06-06T06:56:41.366 INFO:teuthology.orchestra.run.smithi077.stdout:/usr/bin/ceph: stderr
2024-06-06T06:56:40.793+0000 7fa515dce640 1 -- 172.21.15.77:0/2780167072 >> 172.21.15.77:0/2780167072 conn(0x7fa5100fd5b0 msgr2=0x7fa5100fe2f0 unknown :-1 s=STATE_NONE l=0).mark_down
2024-06-06T06:56:41.367 INFO:teuthology.orchestra.run.smithi077.stdout:/usr/bin/ceph: stderr
2024-06-06T06:56:40.794+0000 7fa515dce640 1 -- 172.21.15.77:0/2780167072 shutdown_connections
2024-06-06T06:56:41.367 INFO:teuthology.orchestra.run.smithi077.stdout:/usr/bin/ceph: stderr
2024-06-06T06:56:40.794+0000 7fa515dce640 1 -- 172.21.15.77:0/2780167072 wait complete.
2024-06-06T06:56:41.367 INFO:teuthology.orchestra.run.smithi077.stdout:Fetching dashboard port number...
2024-06-06T06:56:41.612 INFO:journalctl@ceph.mon.smithi077.smithi077.stdout:Jun 06 06:56:41 smithi077 ceph-mon[29126]: from='mgr.14160 172.21.15.77:0/1157023216' entity='mgr.smithi077.xsysrh'
2024-06-06T06:56:41.612 INFO:journalctl@ceph.mon.smithi077.smithi077.stdout:Jun 06 06:56:41 smithi077 ceph-mon[29126]: from='mgr.14160 172.21.15.77:0/1157023216' entity='mgr.smithi077.xsysrh'
2024-06-06T06:56:42.779 INFO:journalctl@ceph.mon.smithi077.smithi077.stdout:Jun 06 06:56:42 smithi077 ceph-mon[29126]: from='client.14174 -' entity='client.admin' cmd=[{"prefix": "dashboard ac-user-create", "username": "admin", "rolename": "administrator", "force_password": true, "pwd_update_required": true, "target": ["mon-mgr", ""]}]: dispatch
2024-06-06T06:56:42.779 INFO:journalctl@ceph.mon.smithi077.smithi077.stdout:Jun 06 06:56:42 smithi077 ceph-mon[29126]: from='client.? 172.21.15.77:0/4152760471' entity='client.admin' cmd=[{"prefix": "config get", "who": "mgr", "key": "mgr/dashboard/ssl_server_port"}]: dispatch
2024-06-06T06:56:43.083 INFO:teuthology.orchestra.run.smithi077.stdout:/usr/bin/ceph: stdout 8443
2024-06-06T06:56:43.083 INFO:teuthology.orchestra.run.smithi077.stdout:/usr/bin/ceph: stderr
2024-06-06T06:56:41.800+0000 7f12de995640 1 Processor -- start
2024-06-06T06:56:43.083 INFO:teuthology.orchestra.run.smithi077.stdout:/usr/bin/ceph: stderr
2024-06-06T06:56:41.800+0000 7f12de995640 1 -- start start
2024-06-06T06:56:43.083 INFO:teuthology.orchestra.run.smithi077.stdout:/usr/bin/ceph: stderr
2024-06-06T06:56:41.800+0000 7f12de995640 1 --2- >> [v2:172.21.15.77:3300/0,v1:172.21.15.77:6789/0] conn(0x7f12d8075b60 0x7f12d8104980 unknown :-1 s=NONE pgs=0 cs=0 l=0 rev1=0 crypto rx=0 tx=0 comp rx=0 tx=0).connect
2024-06-06T06:56:43.083 INFO:teuthology.orchestra.run.smithi077.stdout:/usr/bin/ceph: stderr
2024-06-06T06:56:41.800+0000 7f12de995640 1 -- --> [v2:172.21.15.77:3300/0,v1:172.21.15.77:6789/0] -- mon_getmap magic: 0 v1 -- 0x7f12d8075f70 con 0x7f12d8075b60
2024-06-06T06:56:43.084 INFO:teuthology.orchestra.run.smithi077.stdout:/usr/bin/ceph: stderr
2024-06-06T06:56:41.801+0000 7f12d7fff640 1 --2- >> [v2:172.21.15.77:3300/0,v1:172.21.15.77:6789/0] conn(0x7f12d8075b60 0x7f12d8104980 unknown :-1 s=BANNER_CONNECTING pgs=0 cs=0 l=0 rev1=0 crypto rx=0 tx=0 comp rx=0 tx=0)._handle_peer_banner_payload supported=3 required=0
2024-06-06T06:56:43.084 INFO:teuthology.orchestra.run.smithi077.stdout:/usr/bin/ceph: stderr
2024-06-06T06:56:41.801+0000 7f12d7fff640 1 --2- >> [v2:172.21.15.77:3300/0,v1:172.21.15.77:6789/0] conn(0x7f12d8075b60 0x7f12d8104980 unknown :-1 s=HELLO_CONNECTING pgs=0 cs=0 l=0 rev1=1 crypto rx=0 tx=0 comp rx=0 tx=0).handle_hello peer v2:172.21.15.77:3300/0 says I am v2:172.21.15.77:37168/0 (socket says 172.21.15.77:37168)
2024-06-06T06:56:43.084 INFO:teuthology.orchestra.run.smithi077.stdout:/usr/bin/ceph: stderr
2024-06-06T06:56:41.801+0000 7f12d7fff640 1 -- 172.21.15.77:0/3840936694 learned_addr learned my addr 172.21.15.77:0/3840936694 (peer_addr_for_me v2:172.21.15.77:0/0)
2024-06-06T06:56:43.084 INFO:teuthology.orchestra.run.smithi077.stdout:/usr/bin/ceph: stderr
2024-06-06T06:56:41.801+0000 7f12d7fff640 1 -- 172.21.15.77:0/3840936694 --> [v2:172.21.15.77:3300/0,v1:172.21.15.77:6789/0] -- mon_subscribe({config=0+,monmap=0+}) v3 -- 0x7f12d8104ec0 con 0x7f12d8075b60
2024-06-06T06:56:43.084 INFO:teuthology.orchestra.run.smithi077.stdout:/usr/bin/ceph: stderr
2024-06-06T06:56:41.802+0000 7f12d7fff640 1 --2- 172.21.15.77:0/3840936694 >> [v2:172.21.15.77:3300/0,v1:172.21.15.77:6789/0] conn(0x7f12d8075b60 0x7f12d8104980 secure :-1 s=READY pgs=82 cs=0 l=1 rev1=1 crypto rx=0x7f12c8009840 tx=0x7f12c80091d0 comp rx=0 tx=0).ready entity=mon.0 client_cookie=f430af4b7fc997b server_cookie=0 in_seq=0 out_seq=0
2024-06-06T06:56:43.084 INFO:teuthology.orchestra.run.smithi077.stdout:/usr/bin/ceph: stderr
2024-06-06T06:56:41.802+0000 7f12d6ffd640 1 -- 172.21.15.77:0/3840936694 <== mon.0 v2:172.21.15.77:3300/0 1 ==== mon_map magic: 0 v1 ==== 229+0+0 (secure 0 0 0) 0x7f12c8032440 con 0x7f12d8075b60
2024-06-06T06:56:43.084 INFO:teuthology.orchestra.run.smithi077.stdout:/usr/bin/ceph: stderr
2024-06-06T06:56:41.802+0000 7f12d6ffd640 1 -- 172.21.15.77:0/3840936694 <== mon.0 v2:172.21.15.77:3300/0 2 ==== config(27 keys) v1 ==== 1109+0+0 (secure 0 0 0) 0x7f12c8032a70 con 0x7f12d8075b60
2024-06-06T06:56:43.084 INFO:teuthology.orchestra.run.smithi077.stdout:/usr/bin/ceph: stderr
2024-06-06T06:56:41.802+0000 7f12d6ffd640 1 -- 172.21.15.77:0/3840936694 <== mon.0 v2:172.21.15.77:3300/0 3 ==== mon_map magic: 0 v1 ==== 229+0+0 (secure 0 0 0) 0x7f12c8031ad0 con 0x7f12d8075b60
2024-06-06T06:56:43.084 INFO:teuthology.orchestra.run.smithi077.stdout:/usr/bin/ceph: stderr
2024-06-06T06:56:41.802+0000 7f12de995640 1 -- 172.21.15.77:0/3840936694 >> [v2:172.21.15.77:3300/0,v1:172.21.15.77:6789/0] conn(0x7f12d8075b60 msgr2=0x7f12d8104980 secure :-1 s=STATE_CONNECTION_ESTABLISHED l=1).mark_down
2024-06-06T06:56:43.085 INFO:teuthology.orchestra.run.smithi077.stdout:/usr/bin/ceph: stderr
2024-06-06T06:56:41.802+0000 7f12de995640 1 --2- 172.21.15.77:0/3840936694 >> [v2:172.21.15.77:3300/0,v1:172.21.15.77:6789/0] conn(0x7f12d8075b60 0x7f12d8104980 secure :-1 s=READY pgs=82 cs=0 l=1 rev1=1 crypto rx=0x7f12c8009840 tx=0x7f12c80091d0 comp rx=0 tx=0).stop
2024-06-06T06:56:43.085 INFO:teuthology.orchestra.run.smithi077.stdout:/usr/bin/ceph: stderr
2024-06-06T06:56:41.802+0000 7f12de995640 1 -- 172.21.15.77:0/3840936694 shutdown_connections
2024-06-06T06:56:43.085 INFO:teuthology.orchestra.run.smithi077.stdout:/usr/bin/ceph: stderr
2024-06-06T06:56:41.802+0000 7f12de995640 1 --2- 172.21.15.77:0/3840936694 >> [v2:172.21.15.77:3300/0,v1:172.21.15.77:6789/0] conn(0x7f12d8075b60 0x7f12d8104980 unknown :-1 s=CLOSED pgs=82 cs=0 l=1 rev1=1 crypto rx=0 tx=0 comp rx=0 tx=0).stop
2024-06-06T06:56:43.085 INFO:teuthology.orchestra.run.smithi077.stdout:/usr/bin/ceph: stderr
2024-06-06T06:56:41.802+0000 7f12de995640 1 -- 172.21.15.77:0/3840936694 >> 172.21.15.77:0/3840936694 conn(0x7f12d80fc430 msgr2=0x7f12d80fe840 unknown :-1 s=STATE_NONE l=0).mark_down
2024-06-06T06:56:43.085 INFO:teuthology.orchestra.run.smithi077.stdout:/usr/bin/ceph: stderr
2024-06-06T06:56:41.802+0000 7f12de995640 1 -- 172.21.15.77:0/3840936694 shutdown_connections
2024-06-06T06:56:43.086 INFO:teuthology.orchestra.run.smithi077.stdout:/usr/bin/ceph: stderr
2024-06-06T06:56:41.802+0000 7f12de995640 1 -- 172.21.15.77:0/3840936694 wait complete.
2024-06-06T06:56:43.086 INFO:teuthology.orchestra.run.smithi077.stdout:/usr/bin/ceph: stderr
2024-06-06T06:56:41.803+0000 7f12de995640 1 Processor -- start
2024-06-06T06:56:43.086 INFO:teuthology.orchestra.run.smithi077.stdout:/usr/bin/ceph: stderr
2024-06-06T06:56:41.803+0000 7f12de995640 1 -- start start
2024-06-06T06:56:43.086 INFO:teuthology.orchestra.run.smithi077.stdout:/usr/bin/ceph: stderr
2024-06-06T06:56:41.803+0000 7f12de995640 1 --2- >> [v2:172.21.15.77:3300/0,v1:172.21.15.77:6789/0] conn(0x7f12d8075b60 0x7f12d8110bd0 unknown :-1 s=NONE pgs=0 cs=0 l=1 rev1=0 crypto rx=0 tx=0 comp rx=0 tx=0).connect
2024-06-06T06:56:43.086 INFO:teuthology.orchestra.run.smithi077.stdout:/usr/bin/ceph: stderr
2024-06-06T06:56:41.803+0000 7f12de995640 1 -- --> [v2:172.21.15.77:3300/0,v1:172.21.15.77:6789/0] -- mon_getmap magic: 0 v1 -- 0x7f12d8111110 con 0x7f12d8075b60
2024-06-06T06:56:43.086 INFO:teuthology.orchestra.run.smithi077.stdout:/usr/bin/ceph: stderr
2024-06-06T06:56:41.803+0000 7f12d7fff640 1 --2- >> [v2:172.21.15.77:3300/0,v1:172.21.15.77:6789/0] conn(0x7f12d8075b60 0x7f12d8110bd0 unknown :-1 s=BANNER_CONNECTING pgs=0 cs=0 l=1 rev1=0 crypto rx=0 tx=0 comp rx=0 tx=0)._handle_peer_banner_payload supported=3 required=0
2024-06-06T06:56:43.086 INFO:teuthology.orchestra.run.smithi077.stdout:/usr/bin/ceph: stderr
2024-06-06T06:56:41.803+0000 7f12d7fff640 1 --2- >> [v2:172.21.15.77:3300/0,v1:172.21.15.77:6789/0] conn(0x7f12d8075b60 0x7f12d8110bd0 unknown :-1 s=HELLO_CONNECTING pgs=0 cs=0 l=1 rev1=1 crypto rx=0 tx=0 comp rx=0 tx=0).handle_hello peer v2:172.21.15.77:3300/0 says I am v2:172.21.15.77:37184/0 (socket says 172.21.15.77:37184)
2024-06-06T06:56:43.087 INFO:teuthology.orchestra.run.smithi077.stdout:/usr/bin/ceph: stderr
2024-06-06T06:56:41.803+0000 7f12d7fff640 1 -- 172.21.15.77:0/4152760471 learned_addr learned my addr 172.21.15.77:0/4152760471 (peer_addr_for_me v2:172.21.15.77:0/0)
2024-06-06T06:56:43.087 INFO:teuthology.orchestra.run.smithi077.stdout:/usr/bin/ceph: stderr
2024-06-06T06:56:41.803+0000 7f12d7fff640 1 -- 172.21.15.77:0/4152760471 --> [v2:172.21.15.77:3300/0,v1:172.21.15.77:6789/0] -- mon_subscribe({config=0+,monmap=0+}) v3 -- 0x7f12c8009450 con 0x7f12d8075b60
2024-06-06T06:56:43.087 INFO:teuthology.orchestra.run.smithi077.stdout:/usr/bin/ceph: stderr
2024-06-06T06:56:41.804+0000 7f12d7fff640 1 --2- 172.21.15.77:0/4152760471 >> [v2:172.21.15.77:3300/0,v1:172.21.15.77:6789/0] conn(0x7f12d8075b60 0x7f12d8110bd0 secure :-1 s=READY pgs=83 cs=0 l=1 rev1=1 crypto rx=0x7f12c80317f0 tx=0x7f12c802c040 comp rx=0 tx=0).ready entity=mon.0 client_cookie=0 server_cookie=0 in_seq=0 out_seq=0
2024-06-06T06:56:43.087 INFO:teuthology.orchestra.run.smithi077.stdout:/usr/bin/ceph: stderr
2024-06-06T06:56:41.804+0000 7f12d4ff9640 1 -- 172.21.15.77:0/4152760471 <== mon.0 v2:172.21.15.77:3300/0 1 ==== mon_map magic: 0 v1 ==== 229+0+0 (secure 0 0 0) 0x7f12c8032900 con 0x7f12d8075b60
2024-06-06T06:56:43.087 INFO:teuthology.orchestra.run.smithi077.stdout:/usr/bin/ceph: stderr
2024-06-06T06:56:41.804+0000 7f12d4ff9640 1 -- 172.21.15.77:0/4152760471 <== mon.0 v2:172.21.15.77:3300/0 2 ==== config(27 keys) v1 ==== 1109+0+0 (secure 0 0 0) 0x7f12c803b910 con 0x7f12d8075b60
2024-06-06T06:56:43.087 INFO:teuthology.orchestra.run.smithi077.stdout:/usr/bin/ceph: stderr
2024-06-06T06:56:41.804+0000 7f12de995640 1 -- 172.21.15.77:0/4152760471 --> [v2:172.21.15.77:3300/0,v1:172.21.15.77:6789/0] -- mon_subscribe({mgrmap=0+}) v3 -- 0x7f12d8111310 con 0x7f12d8075b60
2024-06-06T06:56:43.087 INFO:teuthology.orchestra.run.smithi077.stdout:/usr/bin/ceph: stderr
2024-06-06T06:56:41.804+0000 7f12d4ff9640 1 -- 172.21.15.77:0/4152760471 <== mon.0 v2:172.21.15.77:3300/0 3 ==== mon_map magic: 0 v1 ==== 229+0+0 (secure 0 0 0) 0x7f12c803a960 con 0x7f12d8075b60
2024-06-06T06:56:43.088 INFO:teuthology.orchestra.run.smithi077.stdout:/usr/bin/ceph: stderr
2024-06-06T06:56:41.804+0000 7f12de995640 1 -- 172.21.15.77:0/4152760471 --> [v2:172.21.15.77:3300/0,v1:172.21.15.77:6789/0] -- mon_subscribe({osdmap=0}) v3 -- 0x7f12d8111780 con 0x7f12d8075b60
2024-06-06T06:56:43.088 INFO:teuthology.orchestra.run.smithi077.stdout:/usr/bin/ceph: stderr
2024-06-06T06:56:41.804+0000 7f12d4ff9640 1 -- 172.21.15.77:0/4152760471 <== mon.0 v2:172.21.15.77:3300/0 4 ==== mgrmap(e 12) v1 ==== 41959+0+0 (secure 0 0 0) 0x7f12c8039070 con 0x7f12d8075b60
2024-06-06T06:56:43.088 INFO:teuthology.orchestra.run.smithi077.stdout:/usr/bin/ceph: stderr
2024-06-06T06:56:41.805+0000 7f12d4ff9640 1 --2- 172.21.15.77:0/4152760471 >> [v2:172.21.15.77:6800/3791228054,v1:172.21.15.77:6801/3791228054] conn(0x7f12c0034860 0x7f12c0036d10 unknown :-1 s=NONE pgs=0 cs=0 l=1 rev1=0 crypto rx=0 tx=0 comp rx=0 tx=0).connect
2024-06-06T06:56:43.088 INFO:teuthology.orchestra.run.smithi077.stdout:/usr/bin/ceph: stderr
2024-06-06T06:56:41.805+0000 7f12d4ff9640 1 -- 172.21.15.77:0/4152760471 <== mon.0 v2:172.21.15.77:3300/0 5 ==== osd_map(3..3 src has 1..3) v4 ==== 1151+0+0 (secure 0 0 0) 0x7f12c8066ed0 con 0x7f12d8075b60
2024-06-06T06:56:43.088 INFO:teuthology.orchestra.run.smithi077.stdout:/usr/bin/ceph: stderr
2024-06-06T06:56:41.805+0000 7f12d77fe640 1 --2- 172.21.15.77:0/4152760471 >> [v2:172.21.15.77:6800/3791228054,v1:172.21.15.77:6801/3791228054] conn(0x7f12c0034860 0x7f12c0036d10 unknown :-1 s=BANNER_CONNECTING pgs=0 cs=0 l=1 rev1=0 crypto rx=0 tx=0 comp rx=0 tx=0)._handle_peer_banner_payload supported=3 required=0
2024-06-06T06:56:43.088 INFO:teuthology.orchestra.run.smithi077.stdout:/usr/bin/ceph: stderr
2024-06-06T06:56:41.805+0000 7f12de995640 1 -- 172.21.15.77:0/4152760471 --> [v2:172.21.15.77:3300/0,v1:172.21.15.77:6789/0] -- mon_command({"prefix": "get_command_descriptions"} v 0) v1 -- 0x7f12d805ead0 con 0x7f12d8075b60
2024-06-06T06:56:43.089 INFO:teuthology.orchestra.run.smithi077.stdout:/usr/bin/ceph: stderr
2024-06-06T06:56:41.805+0000 7f12d77fe640 1 --2- 172.21.15.77:0/4152760471 >> [v2:172.21.15.77:6800/3791228054,v1:172.21.15.77:6801/3791228054] conn(0x7f12c0034860 0x7f12c0036d10 secure :-1 s=READY pgs=9 cs=0 l=1 rev1=1 crypto rx=0x7f12cc006fd0 tx=0x7f12cc006db0 comp rx=0 tx=0).ready entity=mgr.14160 client_cookie=0 server_cookie=0 in_seq=0 out_seq=0
2024-06-06T06:56:43.089 INFO:teuthology.orchestra.run.smithi077.stdout:/usr/bin/ceph: stderr
2024-06-06T06:56:41.809+0000 7f12d4ff9640 1 -- 172.21.15.77:0/4152760471 <== mon.0 v2:172.21.15.77:3300/0 6 ==== mon_command_ack([{"prefix": "get_command_descriptions"}]=0 v0) v1 ==== 72+0+175578 (secure 0 0 0) 0x7f12c803f080 con 0x7f12d8075b60
2024-06-06T06:56:43.089 INFO:teuthology.orchestra.run.smithi077.stdout:/usr/bin/ceph: stderr
2024-06-06T06:56:41.981+0000 7f12de995640 1 -- 172.21.15.77:0/4152760471 --> [v2:172.21.15.77:3300/0,v1:172.21.15.77:6789/0] -- mon_command({"prefix": "config get", "who": "mgr", "key": "mgr/dashboard/ssl_server_port"} v 0) v1 -- 0x7f12d804b480 con 0x7f12d8075b60
2024-06-06T06:56:43.090 INFO:teuthology.orchestra.run.smithi077.stdout:/usr/bin/ceph: stderr
2024-06-06T06:56:41.981+0000 7f12d4ff9640 1 -- 172.21.15.77:0/4152760471 <== mon.0 v2:172.21.15.77:3300/0 7 ==== mon_command_ack([{"prefix": "config get", "who": "mgr", "key": "mgr/dashboard/ssl_server_port"}]=0 v8) v1 ==== 112+0+5 (secure 0 0 0) 0x7f12c80650b0 con 0x7f12d8075b60
2024-06-06T06:56:43.090 INFO:teuthology.orchestra.run.smithi077.stdout:/usr/bin/ceph: stderr
2024-06-06T06:56:41.983+0000 7f12de995640 1 -- 172.21.15.77:0/4152760471 >> [v2:172.21.15.77:6800/3791228054,v1:172.21.15.77:6801/3791228054] conn(0x7f12c0034860 msgr2=0x7f12c0036d10 secure :-1 s=STATE_CONNECTION_ESTABLISHED l=1).mark_down
2024-06-06T06:56:43.090 INFO:teuthology.orchestra.run.smithi077.stdout:/usr/bin/ceph: stderr
2024-06-06T06:56:41.983+0000 7f12de995640 1 --2- 172.21.15.77:0/4152760471 >> [v2:172.21.15.77:6800/3791228054,v1:172.21.15.77:6801/3791228054] conn(0x7f12c0034860 0x7f12c0036d10 secure :-1 s=READY pgs=9 cs=0 l=1 rev1=1 crypto rx=0x7f12cc006fd0 tx=0x7f12cc006db0 comp rx=0 tx=0).stop
2024-06-06T06:56:43.090 INFO:teuthology.orchestra.run.smithi077.stdout:/usr/bin/ceph: stderr
2024-06-06T06:56:41.983+0000 7f12de995640 1 -- 172.21.15.77:0/4152760471 >> [v2:172.21.15.77:3300/0,v1:172.21.15.77:6789/0] conn(0x7f12d8075b60 msgr2=0x7f12d8110bd0 secure :-1 s=STATE_CONNECTION_ESTABLISHED l=1).mark_down
2024-06-06T06:56:43.091 INFO:teuthology.orchestra.run.smithi077.stdout:/usr/bin/ceph: stderr
2024-06-06T06:56:41.983+0000 7f12de995640 1 --2- 172.21.15.77:0/4152760471 >> [v2:172.21.15.77:3300/0,v1:172.21.15.77:6789/0] conn(0x7f12d8075b60 0x7f12d8110bd0 secure :-1 s=READY pgs=83 cs=0 l=1 rev1=1 crypto rx=0x7f12c80317f0 tx=0x7f12c802c040 comp rx=0 tx=0).stop
2024-06-06T06:56:43.091 INFO:teuthology.orchestra.run.smithi077.stdout:/usr/bin/ceph: stderr
2024-06-06T06:56:41.983+0000 7f12de995640 1 -- 172.21.15.77:0/4152760471 shutdown_connections
2024-06-06T06:56:43.091 INFO:teuthology.orchestra.run.smithi077.stdout:/usr/bin/ceph: stderr
2024-06-06T06:56:41.983+0000 7f12de995640 1 --2- 172.21.15.77:0/4152760471 >> [v2:172.21.15.77:6800/3791228054,v1:172.21.15.77:6801/3791228054] conn(0x7f12c0034860 0x7f12c0036d10 unknown :-1 s=CLOSED pgs=9 cs=0 l=1 rev1=1 crypto rx=0 tx=0 comp rx=0 tx=0).stop
2024-06-06T06:56:43.091 INFO:teuthology.orchestra.run.smithi077.stdout:/usr/bin/ceph: stderr
2024-06-06T06:56:41.983+0000 7f12de995640 1 --2- 172.21.15.77:0/4152760471 >> [v2:172.21.15.77:3300/0,v1:172.21.15.77:6789/0] conn(0x7f12d8075b60 0x7f12d8110bd0 unknown :-1 s=CLOSED pgs=83 cs=0 l=1 rev1=1 crypto rx=0 tx=0 comp rx=0 tx=0).stop
2024-06-06T06:56:43.091 INFO:teuthology.orchestra.run.smithi077.stdout:/usr/bin/ceph: stderr
2024-06-06T06:56:41.983+0000 7f12de995640 1 -- 172.21.15.77:0/4152760471 >> 172.21.15.77:0/4152760471 conn(0x7f12d80fc430 msgr2=0x7f12d80fd050 unknown :-1 s=STATE_NONE l=0).mark_down
2024-06-06T06:56:43.091 INFO:teuthology.orchestra.run.smithi077.stdout:/usr/bin/ceph: stderr
2024-06-06T06:56:41.983+0000 7f12de995640 1 -- 172.21.15.77:0/4152760471 shutdown_connections
2024-06-06T06:56:43.091 INFO:teuthology.orchestra.run.smithi077.stdout:/usr/bin/ceph: stderr
2024-06-06T06:56:41.983+0000 7f12de995640 1 -- 172.21.15.77:0/4152760471 wait complete.
2024-06-06T06:56:43.093 INFO:teuthology.orchestra.run.smithi077.stdout:Non-zero exit code 1 from systemctl is-enabled firewalld.service
2024-06-06T06:56:43.093 INFO:teuthology.orchestra.run.smithi077.stdout:systemctl: stdout disabled
2024-06-06T06:56:43.097 INFO:teuthology.orchestra.run.smithi077.stdout:Non-zero exit code 3 from systemctl is-active firewalld.service
2024-06-06T06:56:43.097 INFO:teuthology.orchestra.run.smithi077.stdout:systemctl: stdout inactive
2024-06-06T06:56:43.097 INFO:teuthology.orchestra.run.smithi077.stdout:firewalld.service is not enabled
2024-06-06T06:56:43.097 INFO:teuthology.orchestra.run.smithi077.stdout:Not possible to open ports <[8443]>. firewalld.service is not available
2024-06-06T06:56:43.099 INFO:teuthology.orchestra.run.smithi077.stdout:Ceph Dashboard is now available at:
2024-06-06T06:56:43.099 INFO:teuthology.orchestra.run.smithi077.stdout:
2024-06-06T06:56:43.099 INFO:teuthology.orchestra.run.smithi077.stdout: URL: https://smithi077.front.sepia.ceph.com:8443/
2024-06-06T06:56:43.099 INFO:teuthology.orchestra.run.smithi077.stdout: User: admin
2024-06-06T06:56:43.099 INFO:teuthology.orchestra.run.smithi077.stdout: Password: a2j7szf4wl
2024-06-06T06:56:43.099 INFO:teuthology.orchestra.run.smithi077.stdout:
2024-06-06T06:56:43.100 INFO:teuthology.orchestra.run.smithi077.stdout:Saving cluster configuration to /var/lib/ceph/af5473e8-23d1-11ef-bc9b-c7b262605968/config directory
2024-06-06T06:56:43.100 INFO:teuthology.orchestra.run.smithi077.stdout:Enabling autotune for osd_memory_target
2024-06-06T06:56:44.550 INFO:journalctl@ceph.mon.smithi077.smithi077.stdout:Jun 06 06:56:44 smithi077 ceph-mon[29126]: mgrmap e13: smithi077.xsysrh(active, since 6s)
2024-06-06T06:56:44.557 INFO:teuthology.orchestra.run.smithi077.stdout:/usr/bin/ceph: stderr
2024-06-06T06:56:43.489+0000 7f416a3ba640 1 Processor -- start
2024-06-06T06:56:44.558 INFO:teuthology.orchestra.run.smithi077.stdout:/usr/bin/ceph: stderr
2024-06-06T06:56:43.489+0000 7f416a3ba640 1 -- start start
2024-06-06T06:56:44.558 INFO:teuthology.orchestra.run.smithi077.stdout:/usr/bin/ceph: stderr
2024-06-06T06:56:43.489+0000 7f416a3ba640 1 --2- >> [v2:172.21.15.77:3300/0,v1:172.21.15.77:6789/0] conn(0x7f4164101d90 0x7f41641021a0 unknown :-1 s=NONE pgs=0 cs=0 l=0 rev1=0 crypto rx=0 tx=0 comp rx=0 tx=0).connect
2024-06-06T06:56:44.558 INFO:teuthology.orchestra.run.smithi077.stdout:/usr/bin/ceph: stderr
2024-06-06T06:56:43.489+0000 7f416a3ba640 1 -- --> [v2:172.21.15.77:3300/0,v1:172.21.15.77:6789/0] -- mon_getmap magic: 0 v1 -- 0x7f41641026e0 con 0x7f4164101d90
2024-06-06T06:56:44.558 INFO:teuthology.orchestra.run.smithi077.stdout:/usr/bin/ceph: stderr
2024-06-06T06:56:43.489+0000 7f4163fff640 1 --2- >> [v2:172.21.15.77:3300/0,v1:172.21.15.77:6789/0] conn(0x7f4164101d90 0x7f41641021a0 unknown :-1 s=BANNER_CONNECTING pgs=0 cs=0 l=0 rev1=0 crypto rx=0 tx=0 comp rx=0 tx=0)._handle_peer_banner_payload supported=3 required=0
2024-06-06T06:56:44.558 INFO:teuthology.orchestra.run.smithi077.stdout:/usr/bin/ceph: stderr
2024-06-06T06:56:43.490+0000 7f4163fff640 1 --2- >> [v2:172.21.15.77:3300/0,v1:172.21.15.77:6789/0] conn(0x7f4164101d90 0x7f41641021a0 unknown :-1 s=HELLO_CONNECTING pgs=0 cs=0 l=0 rev1=1 crypto rx=0 tx=0 comp rx=0 tx=0).handle_hello peer v2:172.21.15.77:3300/0 says I am v2:172.21.15.77:37200/0 (socket says 172.21.15.77:37200)
2024-06-06T06:56:44.558 INFO:teuthology.orchestra.run.smithi077.stdout:/usr/bin/ceph: stderr
2024-06-06T06:56:43.490+0000 7f4163fff640 1 -- 172.21.15.77:0/3484498619 learned_addr learned my addr 172.21.15.77:0/3484498619 (peer_addr_for_me v2:172.21.15.77:0/0)
2024-06-06T06:56:44.558 INFO:teuthology.orchestra.run.smithi077.stdout:/usr/bin/ceph: stderr
2024-06-06T06:56:43.490+0000 7f4163fff640 1 -- 172.21.15.77:0/3484498619 --> [v2:172.21.15.77:3300/0,v1:172.21.15.77:6789/0] -- mon_subscribe({config=0+,monmap=0+}) v3 -- 0x7f4164102820 con 0x7f4164101d90
2024-06-06T06:56:44.558 INFO:teuthology.orchestra.run.smithi077.stdout:/usr/bin/ceph: stderr
2024-06-06T06:56:43.490+0000 7f4163fff640 1 --2- 172.21.15.77:0/3484498619 >> [v2:172.21.15.77:3300/0,v1:172.21.15.77:6789/0] conn(0x7f4164101d90 0x7f41641021a0 secure :-1 s=READY pgs=84 cs=0 l=1 rev1=1 crypto rx=0x7f4154009840 tx=0x7f41540091d0 comp rx=0 tx=0).ready entity=mon.0 client_cookie=83945cc974604142 server_cookie=0 in_seq=0 out_seq=0
2024-06-06T06:56:44.558 INFO:teuthology.orchestra.run.smithi077.stdout:/usr/bin/ceph: stderr
2024-06-06T06:56:43.493+0000 7f4162ffd640 1 -- 172.21.15.77:0/3484498619 <== mon.0 v2:172.21.15.77:3300/0 1 ==== mon_map magic: 0 v1 ==== 229+0+0 (secure 0 0 0) 0x7f4154032440 con 0x7f4164101d90
2024-06-06T06:56:44.558 INFO:teuthology.orchestra.run.smithi077.stdout:/usr/bin/ceph: stderr
2024-06-06T06:56:43.493+0000 7f4162ffd640 1 -- 172.21.15.77:0/3484498619 <== mon.0 v2:172.21.15.77:3300/0 2 ==== config(27 keys) v1 ==== 1109+0+0 (secure 0 0 0) 0x7f4154032a70 con 0x7f4164101d90
2024-06-06T06:56:44.558 INFO:teuthology.orchestra.run.smithi077.stdout:/usr/bin/ceph: stderr
2024-06-06T06:56:43.493+0000 7f4162ffd640 1 -- 172.21.15.77:0/3484498619 <== mon.0 v2:172.21.15.77:3300/0 3 ==== mon_map magic: 0 v1 ==== 229+0+0 (secure 0 0 0) 0x7f4154031ad0 con 0x7f4164101d90
2024-06-06T06:56:44.558 INFO:teuthology.orchestra.run.smithi077.stdout:/usr/bin/ceph: stderr
2024-06-06T06:56:43.494+0000 7f416a3ba640 1 -- 172.21.15.77:0/3484498619 >> [v2:172.21.15.77:3300/0,v1:172.21.15.77:6789/0] conn(0x7f4164101d90 msgr2=0x7f41641021a0 secure :-1 s=STATE_CONNECTION_ESTABLISHED l=1).mark_down
2024-06-06T06:56:44.559 INFO:teuthology.orchestra.run.smithi077.stdout:/usr/bin/ceph: stderr
2024-06-06T06:56:43.494+0000 7f416a3ba640 1 --2- 172.21.15.77:0/3484498619 >> [v2:172.21.15.77:3300/0,v1:172.21.15.77:6789/0] conn(0x7f4164101d90 0x7f41641021a0 secure :-1 s=READY pgs=84 cs=0 l=1 rev1=1 crypto rx=0x7f4154009840 tx=0x7f41540091d0 comp rx=0 tx=0).stop
2024-06-06T06:56:44.559 INFO:teuthology.orchestra.run.smithi077.stdout:/usr/bin/ceph: stderr
2024-06-06T06:56:43.494+0000 7f416a3ba640 1 -- 172.21.15.77:0/3484498619 shutdown_connections
2024-06-06T06:56:44.559 INFO:teuthology.orchestra.run.smithi077.stdout:/usr/bin/ceph: stderr
2024-06-06T06:56:43.494+0000 7f416a3ba640 1 --2- 172.21.15.77:0/3484498619 >> [v2:172.21.15.77:3300/0,v1:172.21.15.77:6789/0] conn(0x7f4164101d90 0x7f41641021a0 unknown :-1 s=CLOSED pgs=84 cs=0 l=1 rev1=1 crypto rx=0 tx=0 comp rx=0 tx=0).stop
2024-06-06T06:56:44.559 INFO:teuthology.orchestra.run.smithi077.stdout:/usr/bin/ceph: stderr
2024-06-06T06:56:43.494+0000 7f416a3ba640 1 -- 172.21.15.77:0/3484498619 >> 172.21.15.77:0/3484498619 conn(0x7f41640fd5b0 msgr2=0x7f41640ff9c0 unknown :-1 s=STATE_NONE l=0).mark_down
2024-06-06T06:56:44.559 INFO:teuthology.orchestra.run.smithi077.stdout:/usr/bin/ceph: stderr
2024-06-06T06:56:43.494+0000 7f416a3ba640 1 -- 172.21.15.77:0/3484498619 shutdown_connections
2024-06-06T06:56:44.559 INFO:teuthology.orchestra.run.smithi077.stdout:/usr/bin/ceph: stderr
2024-06-06T06:56:43.494+0000 7f416a3ba640 1 -- 172.21.15.77:0/3484498619 wait complete.
2024-06-06T06:56:44.559 INFO:teuthology.orchestra.run.smithi077.stdout:/usr/bin/ceph: stderr
2024-06-06T06:56:43.494+0000 7f416a3ba640 1 Processor -- start
2024-06-06T06:56:44.559 INFO:teuthology.orchestra.run.smithi077.stdout:/usr/bin/ceph: stderr
2024-06-06T06:56:43.495+0000 7f416a3ba640 1 -- start start
2024-06-06T06:56:44.559 INFO:teuthology.orchestra.run.smithi077.stdout:/usr/bin/ceph: stderr
2024-06-06T06:56:43.495+0000 7f416a3ba640 1 --2- >> [v2:172.21.15.77:3300/0,v1:172.21.15.77:6789/0] conn(0x7f4164101d90 0x7f4164077c10 unknown :-1 s=NONE pgs=0 cs=0 l=1 rev1=0 crypto rx=0 tx=0 comp rx=0 tx=0).connect
2024-06-06T06:56:44.559 INFO:teuthology.orchestra.run.smithi077.stdout:/usr/bin/ceph: stderr
2024-06-06T06:56:43.495+0000 7f416a3ba640 1 -- --> [v2:172.21.15.77:3300/0,v1:172.21.15.77:6789/0] -- mon_getmap magic: 0 v1 -- 0x7f4164078150 con 0x7f4164101d90
2024-06-06T06:56:44.559 INFO:teuthology.orchestra.run.smithi077.stdout:/usr/bin/ceph: stderr
2024-06-06T06:56:43.495+0000 7f4163fff640 1 --2- >> [v2:172.21.15.77:3300/0,v1:172.21.15.77:6789/0] conn(0x7f4164101d90 0x7f4164077c10 unknown :-1 s=BANNER_CONNECTING pgs=0 cs=0 l=1 rev1=0 crypto rx=0 tx=0 comp rx=0 tx=0)._handle_peer_banner_payload supported=3 required=0
2024-06-06T06:56:44.560 INFO:teuthology.orchestra.run.smithi077.stdout:/usr/bin/ceph: stderr
2024-06-06T06:56:43.495+0000 7f4163fff640 1 --2- >> [v2:172.21.15.77:3300/0,v1:172.21.15.77:6789/0] conn(0x7f4164101d90 0x7f4164077c10 unknown :-1 s=HELLO_CONNECTING pgs=0 cs=0 l=1 rev1=1 crypto rx=0 tx=0 comp rx=0 tx=0).handle_hello peer v2:172.21.15.77:3300/0 says I am v2:172.21.15.77:37202/0 (socket says 172.21.15.77:37202)
2024-06-06T06:56:44.560 INFO:teuthology.orchestra.run.smithi077.stdout:/usr/bin/ceph: stderr
2024-06-06T06:56:43.495+0000 7f4163fff640 1 -- 172.21.15.77:0/400361147 learned_addr learned my addr 172.21.15.77:0/400361147 (peer_addr_for_me v2:172.21.15.77:0/0)
2024-06-06T06:56:44.560 INFO:teuthology.orchestra.run.smithi077.stdout:/usr/bin/ceph: stderr
2024-06-06T06:56:43.495+0000 7f4163fff640 1 -- 172.21.15.77:0/400361147 --> [v2:172.21.15.77:3300/0,v1:172.21.15.77:6789/0] -- mon_subscribe({config=0+,monmap=0+}) v3 -- 0x7f4154009450 con 0x7f4164101d90
