2024-06-06T06:56:14.158 INFO:teuthology.orchestra.run.smithi077.stdout:/usr/bin/ceph: stderr
2024-06-06T06:56:13.428+0000 7f544c43d640 1 -- start start
2024-06-06T06:56:14.158 INFO:teuthology.orchestra.run.smithi077.stdout:/usr/bin/ceph: stderr
2024-06-06T06:56:13.429+0000 7f544c43d640 1 --2- >> [v2:172.21.15.77:3300/0,v1:172.21.15.77:6789/0] conn(0x7f54441012a0 0x7f54441016b0 unknown :-1 s=NONE pgs=0 cs=0 l=0 rev1=0 crypto rx=0 tx=0 comp rx=0 tx=0).connect
2024-06-06T06:56:14.158 INFO:teuthology.orchestra.run.smithi077.stdout:/usr/bin/ceph: stderr
2024-06-06T06:56:13.429+0000 7f544c43d640 1 -- --> [v2:172.21.15.77:3300/0,v1:172.21.15.77:6789/0] -- mon_getmap magic: 0 v1 -- 0x7f5444101bf0 con 0x7f54441012a0
2024-06-06T06:56:14.158 INFO:teuthology.orchestra.run.smithi077.stdout:/usr/bin/ceph: stderr
2024-06-06T06:56:13.429+0000 7f544a1d9640 1 --2- >> [v2:172.21.15.77:3300/0,v1:172.21.15.77:6789/0] conn(0x7f54441012a0 0x7f54441016b0 unknown :-1 s=BANNER_CONNECTING pgs=0 cs=0 l=0 rev1=0 crypto rx=0 tx=0 comp rx=0 tx=0)._handle_peer_banner_payload supported=3 required=0
2024-06-06T06:56:14.158 INFO:teuthology.orchestra.run.smithi077.stdout:/usr/bin/ceph: stderr
2024-06-06T06:56:13.429+0000 7f544a1d9640 1 --2- >> [v2:172.21.15.77:3300/0,v1:172.21.15.77:6789/0] conn(0x7f54441012a0 0x7f54441016b0 unknown :-1 s=HELLO_CONNECTING pgs=0 cs=0 l=0 rev1=1 crypto rx=0 tx=0 comp rx=0 tx=0).handle_hello peer v2:172.21.15.77:3300/0 says I am v2:172.21.15.77:39536/0 (socket says 172.21.15.77:39536)
2024-06-06T06:56:14.158 INFO:teuthology.orchestra.run.smithi077.stdout:/usr/bin/ceph: stderr
2024-06-06T06:56:13.429+0000 7f544a1d9640 1 -- 172.21.15.77:0/19426259 learned_addr learned my addr 172.21.15.77:0/19426259 (peer_addr_for_me v2:172.21.15.77:0/0)
2024-06-06T06:56:14.158 INFO:teuthology.orchestra.run.smithi077.stdout:/usr/bin/ceph: stderr
2024-06-06T06:56:13.429+0000 7f544a1d9640 1 -- 172.21.15.77:0/19426259 --> [v2:172.21.15.77:3300/0,v1:172.21.15.77:6789/0] -- mon_subscribe({config=0+,monmap=0+}) v3 -- 0x7f5444101d30 con 0x7f54441012a0
2024-06-06T06:56:14.159 INFO:teuthology.orchestra.run.smithi077.stdout:/usr/bin/ceph: stderr
2024-06-06T06:56:13.430+0000 7f544a1d9640 1 --2- 172.21.15.77:0/19426259 >> [v2:172.21.15.77:3300/0,v1:172.21.15.77:6789/0] conn(0x7f54441012a0 0x7f54441016b0 secure :-1 s=READY pgs=41 cs=0 l=1 rev1=1 crypto rx=0x7f5434009840 tx=0x7f54340091d0 comp rx=0 tx=0).ready entity=mon.0 client_cookie=3a61c0e0e5f8b71 server_cookie=0 in_seq=0 out_seq=0
2024-06-06T06:56:14.159 INFO:teuthology.orchestra.run.smithi077.stdout:/usr/bin/ceph: stderr
2024-06-06T06:56:13.430+0000 7f54491d7640 1 -- 172.21.15.77:0/19426259 <== mon.0 v2:172.21.15.77:3300/0 1 ==== mon_map magic: 0 v1 ==== 229+0+0 (secure 0 0 0) 0x7f5434032440 con 0x7f54441012a0
2024-06-06T06:56:14.159 INFO:teuthology.orchestra.run.smithi077.stdout:/usr/bin/ceph: stderr
2024-06-06T06:56:13.430+0000 7f54491d7640 1 -- 172.21.15.77:0/19426259 <== mon.0 v2:172.21.15.77:3300/0 2 ==== config(27 keys) v1 ==== 1044+0+0 (secure 0 0 0) 0x7f5434032a30 con 0x7f54441012a0
2024-06-06T06:56:14.159 INFO:teuthology.orchestra.run.smithi077.stdout:/usr/bin/ceph: stderr
2024-06-06T06:56:13.430+0000 7f54491d7640 1 -- 172.21.15.77:0/19426259 <== mon.0 v2:172.21.15.77:3300/0 3 ==== mon_map magic: 0 v1 ==== 229+0+0 (secure 0 0 0) 0x7f5434031ad0 con 0x7f54441012a0
2024-06-06T06:56:14.159 INFO:teuthology.orchestra.run.smithi077.stdout:/usr/bin/ceph: stderr
2024-06-06T06:56:13.431+0000 7f544c43d640 1 -- 172.21.15.77:0/19426259 >> [v2:172.21.15.77:3300/0,v1:172.21.15.77:6789/0] conn(0x7f54441012a0 msgr2=0x7f54441016b0 secure :-1 s=STATE_CONNECTION_ESTABLISHED l=1).mark_down
2024-06-06T06:56:14.159 INFO:teuthology.orchestra.run.smithi077.stdout:/usr/bin/ceph: stderr
2024-06-06T06:56:13.431+0000 7f544c43d640 1 --2- 172.21.15.77:0/19426259 >> [v2:172.21.15.77:3300/0,v1:172.21.15.77:6789/0] conn(0x7f54441012a0 0x7f54441016b0 secure :-1 s=READY pgs=41 cs=0 l=1 rev1=1 crypto rx=0x7f5434009840 tx=0x7f54340091d0 comp rx=0 tx=0).stop
2024-06-06T06:56:14.159 INFO:teuthology.orchestra.run.smithi077.stdout:/usr/bin/ceph: stderr
2024-06-06T06:56:13.431+0000 7f544c43d640 1 -- 172.21.15.77:0/19426259 shutdown_connections
2024-06-06T06:56:14.159 INFO:teuthology.orchestra.run.smithi077.stdout:/usr/bin/ceph: stderr
2024-06-06T06:56:13.431+0000 7f544c43d640 1 --2- 172.21.15.77:0/19426259 >> [v2:172.21.15.77:3300/0,v1:172.21.15.77:6789/0] conn(0x7f54441012a0 0x7f54441016b0 unknown :-1 s=CLOSED pgs=41 cs=0 l=1 rev1=1 crypto rx=0 tx=0 comp rx=0 tx=0).stop
2024-06-06T06:56:14.159 INFO:teuthology.orchestra.run.smithi077.stdout:/usr/bin/ceph: stderr
2024-06-06T06:56:13.431+0000 7f544c43d640 1 -- 172.21.15.77:0/19426259 >> 172.21.15.77:0/19426259 conn(0x7f54440fbc50 msgr2=0x7f54440fe060 unknown :-1 s=STATE_NONE l=0).mark_down
2024-06-06T06:56:14.159 INFO:teuthology.orchestra.run.smithi077.stdout:/usr/bin/ceph: stderr
2024-06-06T06:56:13.431+0000 7f544c43d640 1 -- 172.21.15.77:0/19426259 shutdown_connections
2024-06-06T06:56:14.159 INFO:teuthology.orchestra.run.smithi077.stdout:/usr/bin/ceph: stderr
2024-06-06T06:56:13.431+0000 7f544c43d640 1 -- 172.21.15.77:0/19426259 wait complete.
2024-06-06T06:56:14.159 INFO:teuthology.orchestra.run.smithi077.stdout:/usr/bin/ceph: stderr
2024-06-06T06:56:13.431+0000 7f544c43d640 1 Processor -- start
2024-06-06T06:56:14.159 INFO:teuthology.orchestra.run.smithi077.stdout:/usr/bin/ceph: stderr
2024-06-06T06:56:13.432+0000 7f544c43d640 1 -- start start
2024-06-06T06:56:14.160 INFO:teuthology.orchestra.run.smithi077.stdout:/usr/bin/ceph: stderr
2024-06-06T06:56:13.432+0000 7f544c43d640 1 --2- >> [v2:172.21.15.77:3300/0,v1:172.21.15.77:6789/0] conn(0x7f54441012a0 0x7f5444110ab0 unknown :-1 s=NONE pgs=0 cs=0 l=1 rev1=0 crypto rx=0 tx=0 comp rx=0 tx=0).connect
2024-06-06T06:56:14.160 INFO:teuthology.orchestra.run.smithi077.stdout:/usr/bin/ceph: stderr
2024-06-06T06:56:13.432+0000 7f544c43d640 1 -- --> [v2:172.21.15.77:3300/0,v1:172.21.15.77:6789/0] -- mon_getmap magic: 0 v1 -- 0x7f5444110ff0 con 0x7f54441012a0
2024-06-06T06:56:14.160 INFO:teuthology.orchestra.run.smithi077.stdout:/usr/bin/ceph: stderr
2024-06-06T06:56:13.432+0000 7f544a1d9640 1 --2- >> [v2:172.21.15.77:3300/0,v1:172.21.15.77:6789/0] conn(0x7f54441012a0 0x7f5444110ab0 unknown :-1 s=BANNER_CONNECTING pgs=0 cs=0 l=1 rev1=0 crypto rx=0 tx=0 comp rx=0 tx=0)._handle_peer_banner_payload supported=3 required=0
2024-06-06T06:56:14.160 INFO:teuthology.orchestra.run.smithi077.stdout:/usr/bin/ceph: stderr
2024-06-06T06:56:13.432+0000 7f544a1d9640 1 --2- >> [v2:172.21.15.77:3300/0,v1:172.21.15.77:6789/0] conn(0x7f54441012a0 0x7f5444110ab0 unknown :-1 s=HELLO_CONNECTING pgs=0 cs=0 l=1 rev1=1 crypto rx=0 tx=0 comp rx=0 tx=0).handle_hello peer v2:172.21.15.77:3300/0 says I am v2:172.21.15.77:39540/0 (socket says 172.21.15.77:39540)
2024-06-06T06:56:14.160 INFO:teuthology.orchestra.run.smithi077.stdout:/usr/bin/ceph: stderr
2024-06-06T06:56:13.432+0000 7f544a1d9640 1 -- 172.21.15.77:0/337385216 learned_addr learned my addr 172.21.15.77:0/337385216 (peer_addr_for_me v2:172.21.15.77:0/0)
2024-06-06T06:56:14.160 INFO:teuthology.orchestra.run.smithi077.stdout:/usr/bin/ceph: stderr
2024-06-06T06:56:13.432+0000 7f544a1d9640 1 -- 172.21.15.77:0/337385216 --> [v2:172.21.15.77:3300/0,v1:172.21.15.77:6789/0] -- mon_subscribe({config=0+,monmap=0+}) v3 -- 0x7f5434009450 con 0x7f54441012a0
2024-06-06T06:56:14.160 INFO:teuthology.orchestra.run.smithi077.stdout:/usr/bin/ceph: stderr
2024-06-06T06:56:13.432+0000 7f544a1d9640 1 --2- 172.21.15.77:0/337385216 >> [v2:172.21.15.77:3300/0,v1:172.21.15.77:6789/0] conn(0x7f54441012a0 0x7f5444110ab0 secure :-1 s=READY pgs=42 cs=0 l=1 rev1=1 crypto rx=0x7f5434009420 tx=0x7f5434008040 comp rx=0 tx=0).ready entity=mon.0 client_cookie=0 server_cookie=0 in_seq=0 out_seq=0
2024-06-06T06:56:14.160 INFO:teuthology.orchestra.run.smithi077.stdout:/usr/bin/ceph: stderr
2024-06-06T06:56:13.432+0000 7f543affd640 1 -- 172.21.15.77:0/337385216 <== mon.0 v2:172.21.15.77:3300/0 1 ==== mon_map magic: 0 v1 ==== 229+0+0 (secure 0 0 0) 0x7f543403d5b0 con 0x7f54441012a0
2024-06-06T06:56:14.161 INFO:teuthology.orchestra.run.smithi077.stdout:/usr/bin/ceph: stderr
2024-06-06T06:56:13.432+0000 7f543affd640 1 -- 172.21.15.77:0/337385216 <== mon.0 v2:172.21.15.77:3300/0 2 ==== config(27 keys) v1 ==== 1044+0+0 (secure 0 0 0) 0x7f543403dba0 con 0x7f54441012a0
2024-06-06T06:56:14.161 INFO:teuthology.orchestra.run.smithi077.stdout:/usr/bin/ceph: stderr
2024-06-06T06:56:13.432+0000 7f544c43d640 1 -- 172.21.15.77:0/337385216 --> [v2:172.21.15.77:3300/0,v1:172.21.15.77:6789/0] -- mon_subscribe({mgrmap=0+}) v3 -- 0x7f54441111f0 con 0x7f54441012a0
2024-06-06T06:56:14.161 INFO:teuthology.orchestra.run.smithi077.stdout:/usr/bin/ceph: stderr
2024-06-06T06:56:13.432+0000 7f543affd640 1 -- 172.21.15.77:0/337385216 <== mon.0 v2:172.21.15.77:3300/0 3 ==== mon_map magic: 0 v1 ==== 229+0+0 (secure 0 0 0) 0x7f543403bb40 con 0x7f54441012a0
2024-06-06T06:56:14.161 INFO:teuthology.orchestra.run.smithi077.stdout:/usr/bin/ceph: stderr
2024-06-06T06:56:13.432+0000 7f544c43d640 1 -- 172.21.15.77:0/337385216 --> [v2:172.21.15.77:3300/0,v1:172.21.15.77:6789/0] -- mon_subscribe({osdmap=0}) v3 -- 0x7f5444111660 con 0x7f54441012a0
2024-06-06T06:56:14.161 INFO:teuthology.orchestra.run.smithi077.stdout:/usr/bin/ceph: stderr
2024-06-06T06:56:13.433+0000 7f543affd640 1 -- 172.21.15.77:0/337385216 <== mon.0 v2:172.21.15.77:3300/0 4 ==== mgrmap(e 8) v1 ==== 41946+0+0 (secure 0 0 0) 0x7f5434039070 con 0x7f54441012a0
2024-06-06T06:56:14.162 INFO:teuthology.orchestra.run.smithi077.stdout:/usr/bin/ceph: stderr
2024-06-06T06:56:13.433+0000 7f543affd640 1 --2- 172.21.15.77:0/337385216 >> [v2:172.21.15.77:6800/4098464893,v1:172.21.15.77:6801/4098464893] conn(0x7f5430034860 0x7f5430036d10 unknown :-1 s=NONE pgs=0 cs=0 l=1 rev1=0 crypto rx=0 tx=0 comp rx=0 tx=0).connect
2024-06-06T06:56:14.162 INFO:teuthology.orchestra.run.smithi077.stdout:/usr/bin/ceph: stderr
2024-06-06T06:56:13.433+0000 7f543affd640 1 -- 172.21.15.77:0/337385216 <== mon.0 v2:172.21.15.77:3300/0 5 ==== osd_map(2..2 src has 1..2) v4 ==== 936+0+0 (secure 0 0 0) 0x7f543403dd10 con 0x7f54441012a0
2024-06-06T06:56:14.162 INFO:teuthology.orchestra.run.smithi077.stdout:/usr/bin/ceph: stderr
2024-06-06T06:56:13.433+0000 7f54499d8640 1 --2- 172.21.15.77:0/337385216 >> [v2:172.21.15.77:6800/4098464893,v1:172.21.15.77:6801/4098464893] conn(0x7f5430034860 0x7f5430036d10 unknown :-1 s=BANNER_CONNECTING pgs=0 cs=0 l=1 rev1=0 crypto rx=0 tx=0 comp rx=0 tx=0)._handle_peer_banner_payload supported=3 required=0
2024-06-06T06:56:14.162 INFO:teuthology.orchestra.run.smithi077.stdout:/usr/bin/ceph: stderr
2024-06-06T06:56:13.433+0000 7f544c43d640 1 -- 172.21.15.77:0/337385216 --> [v2:172.21.15.77:3300/0,v1:172.21.15.77:6789/0] -- mon_command({"prefix": "get_command_descriptions"} v 0) v1 -- 0x7f544405ead0 con 0x7f54441012a0
2024-06-06T06:56:14.162 INFO:teuthology.orchestra.run.smithi077.stdout:/usr/bin/ceph: stderr
2024-06-06T06:56:13.434+0000 7f54499d8640 1 --2- 172.21.15.77:0/337385216 >> [v2:172.21.15.77:6800/4098464893,v1:172.21.15.77:6801/4098464893] conn(0x7f5430034860 0x7f5430036d10 secure :-1 s=READY pgs=10 cs=0 l=1 rev1=1 crypto rx=0x7f5440006fd0 tx=0x7f5440006db0 comp rx=0 tx=0).ready entity=mgr.14118 client_cookie=0 server_cookie=0 in_seq=0 out_seq=0
2024-06-06T06:56:14.162 INFO:teuthology.orchestra.run.smithi077.stdout:/usr/bin/ceph: stderr
2024-06-06T06:56:13.438+0000 7f543affd640 1 -- 172.21.15.77:0/337385216 <== mon.0 v2:172.21.15.77:3300/0 6 ==== mon_command_ack([{"prefix": "get_command_descriptions"}]=0 v0) v1 ==== 72+0+175578 (secure 0 0 0) 0x7f5434037070 con 0x7f54441012a0
2024-06-06T06:56:14.162 INFO:teuthology.orchestra.run.smithi077.stdout:/usr/bin/ceph: stderr
2024-06-06T06:56:13.606+0000 7f544c43d640 1 -- 172.21.15.77:0/337385216 --> [v2:172.21.15.77:6800/4098464893,v1:172.21.15.77:6801/4098464893] -- mgr_command(tid 0: {"prefix": "cephadm get-pub-key", "target": ["mon-mgr", ""]}) v1 -- 0x7f54440fce70 con 0x7f5430034860
2024-06-06T06:56:14.163 INFO:teuthology.orchestra.run.smithi077.stdout:/usr/bin/ceph: stderr
2024-06-06T06:56:13.607+0000 7f543affd640 1 -- 172.21.15.77:0/337385216 <== mgr.14118 v2:172.21.15.77:6800/4098464893 1 ==== mgr_command_reply(tid 0: 0 ) v1 ==== 8+0+595 (secure 0 0 0) 0x7f54440fce70 con 0x7f5430034860
2024-06-06T06:56:14.163 INFO:teuthology.orchestra.run.smithi077.stdout:/usr/bin/ceph: stderr
2024-06-06T06:56:13.609+0000 7f544c43d640 1 -- 172.21.15.77:0/337385216 >> [v2:172.21.15.77:6800/4098464893,v1:172.21.15.77:6801/4098464893] conn(0x7f5430034860 msgr2=0x7f5430036d10 secure :-1 s=STATE_CONNECTION_ESTABLISHED l=1).mark_down
2024-06-06T06:56:14.163 INFO:teuthology.orchestra.run.smithi077.stdout:/usr/bin/ceph: stderr
2024-06-06T06:56:13.609+0000 7f544c43d640 1 --2- 172.21.15.77:0/337385216 >> [v2:172.21.15.77:6800/4098464893,v1:172.21.15.77:6801/4098464893] conn(0x7f5430034860 0x7f5430036d10 secure :-1 s=READY pgs=10 cs=0 l=1 rev1=1 crypto rx=0x7f5440006fd0 tx=0x7f5440006db0 comp rx=0 tx=0).stop
2024-06-06T06:56:14.163 INFO:teuthology.orchestra.run.smithi077.stdout:/usr/bin/ceph: stderr
2024-06-06T06:56:13.609+0000 7f544c43d640 1 -- 172.21.15.77:0/337385216 >> [v2:172.21.15.77:3300/0,v1:172.21.15.77:6789/0] conn(0x7f54441012a0 msgr2=0x7f5444110ab0 secure :-1 s=STATE_CONNECTION_ESTABLISHED l=1).mark_down
2024-06-06T06:56:14.163 INFO:teuthology.orchestra.run.smithi077.stdout:/usr/bin/ceph: stderr
2024-06-06T06:56:13.609+0000 7f544c43d640 1 --2- 172.21.15.77:0/337385216 >> [v2:172.21.15.77:3300/0,v1:172.21.15.77:6789/0] conn(0x7f54441012a0 0x7f5444110ab0 secure :-1 s=READY pgs=42 cs=0 l=1 rev1=1 crypto rx=0x7f5434009420 tx=0x7f5434008040 comp rx=0 tx=0).stop
2024-06-06T06:56:14.163 INFO:teuthology.orchestra.run.smithi077.stdout:/usr/bin/ceph: stderr
2024-06-06T06:56:13.609+0000 7f544c43d640 1 -- 172.21.15.77:0/337385216 shutdown_connections
2024-06-06T06:56:14.163 INFO:teuthology.orchestra.run.smithi077.stdout:/usr/bin/ceph: stderr
2024-06-06T06:56:13.609+0000 7f544c43d640 1 --2- 172.21.15.77:0/337385216 >> [v2:172.21.15.77:6800/4098464893,v1:172.21.15.77:6801/4098464893] conn(0x7f5430034860 0x7f5430036d10 unknown :-1 s=CLOSED pgs=10 cs=0 l=1 rev1=1 crypto rx=0 tx=0 comp rx=0 tx=0).stop
2024-06-06T06:56:14.164 INFO:teuthology.orchestra.run.smithi077.stdout:/usr/bin/ceph: stderr
2024-06-06T06:56:13.609+0000 7f544c43d640 1 --2- 172.21.15.77:0/337385216 >> [v2:172.21.15.77:3300/0,v1:172.21.15.77:6789/0] conn(0x7f54441012a0 0x7f5444110ab0 unknown :-1 s=CLOSED pgs=42 cs=0 l=1 rev1=1 crypto rx=0 tx=0 comp rx=0 tx=0).stop
2024-06-06T06:56:14.164 INFO:teuthology.orchestra.run.smithi077.stdout:/usr/bin/ceph: stderr
2024-06-06T06:56:13.609+0000 7f544c43d640 1 -- 172.21.15.77:0/337385216 >> 172.21.15.77:0/337385216 conn(0x7f54440fbc50 msgr2=0x7f54440fc760 unknown :-1 s=STATE_NONE l=0).mark_down
2024-06-06T06:56:14.164 INFO:teuthology.orchestra.run.smithi077.stdout:/usr/bin/ceph: stderr
2024-06-06T06:56:13.609+0000 7f544c43d640 1 -- 172.21.15.77:0/337385216 shutdown_connections
2024-06-06T06:56:14.164 INFO:teuthology.orchestra.run.smithi077.stdout:/usr/bin/ceph: stderr
2024-06-06T06:56:13.609+0000 7f544c43d640 1 -- 172.21.15.77:0/337385216 wait complete.
2024-06-06T06:56:14.164 INFO:teuthology.orchestra.run.smithi077.stdout:Wrote public SSH key to /home/ubuntu/cephtest/ceph.pub
2024-06-06T06:56:14.164 INFO:teuthology.orchestra.run.smithi077.stdout:Adding key to root@localhost authorized_keys...
2024-06-06T06:56:14.164 INFO:teuthology.orchestra.run.smithi077.stdout:Adding host smithi077...
2024-06-06T06:56:14.697 INFO:journalctl@ceph.mon.smithi077.smithi077.stdout:Jun 06 06:56:14 smithi077 ceph-mon[29126]: from='client.14136 -' entity='client.admin' cmd=[{"prefix": "cephadm get-pub-key", "target": ["mon-mgr", ""]}]: dispatch
2024-06-06T06:56:15.760 INFO:journalctl@ceph.mon.smithi077.smithi077.stdout:Jun 06 06:56:15 smithi077 ceph-mon[29126]: from='client.14138 -' entity='client.admin' cmd=[{"prefix": "orch host add", "hostname": "smithi077", "addr": "172.21.15.77", "target": ["mon-mgr", ""]}]: dispatch
2024-06-06T06:56:16.529 INFO:journalctl@ceph.mon.smithi077.smithi077.stdout:Jun 06 06:56:16 smithi077 ceph-mon[29126]: Deploying cephadm binary to smithi077
2024-06-06T06:56:18.091 INFO:teuthology.orchestra.run.smithi077.stdout:/usr/bin/ceph: stdout Added host 'smithi077' with addr '172.21.15.77'
2024-06-06T06:56:18.091 INFO:teuthology.orchestra.run.smithi077.stdout:/usr/bin/ceph: stderr
2024-06-06T06:56:14.520+0000 7f52abcc1640 1 Processor -- start
2024-06-06T06:56:18.091 INFO:teuthology.orchestra.run.smithi077.stdout:/usr/bin/ceph: stderr
2024-06-06T06:56:14.520+0000 7f52abcc1640 1 -- start start
2024-06-06T06:56:18.091 INFO:teuthology.orchestra.run.smithi077.stdout:/usr/bin/ceph: stderr
2024-06-06T06:56:14.521+0000 7f52abcc1640 1 --2- >> [v2:172.21.15.77:3300/0,v1:172.21.15.77:6789/0] conn(0x7f52a4075ba0 0x7f52a4104940 unknown :-1 s=NONE pgs=0 cs=0 l=0 rev1=0 crypto rx=0 tx=0 comp rx=0 tx=0).connect
2024-06-06T06:56:18.091 INFO:teuthology.orchestra.run.smithi077.stdout:/usr/bin/ceph: stderr
2024-06-06T06:56:14.521+0000 7f52abcc1640 1 -- --> [v2:172.21.15.77:3300/0,v1:172.21.15.77:6789/0] -- mon_getmap magic: 0 v1 -- 0x7f52a4104e80 con 0x7f52a4075ba0
2024-06-06T06:56:18.092 INFO:teuthology.orchestra.run.smithi077.stdout:/usr/bin/ceph: stderr
2024-06-06T06:56:14.521+0000 7f52a9a5d640 1 --2- >> [v2:172.21.15.77:3300/0,v1:172.21.15.77:6789/0] conn(0x7f52a4075ba0 0x7f52a4104940 unknown :-1 s=BANNER_CONNECTING pgs=0 cs=0 l=0 rev1=0 crypto rx=0 tx=0 comp rx=0 tx=0)._handle_peer_banner_payload supported=3 required=0
2024-06-06T06:56:18.092 INFO:teuthology.orchestra.run.smithi077.stdout:/usr/bin/ceph: stderr
2024-06-06T06:56:14.521+0000 7f52a9a5d640 1 --2- >> [v2:172.21.15.77:3300/0,v1:172.21.15.77:6789/0] conn(0x7f52a4075ba0 0x7f52a4104940 unknown :-1 s=HELLO_CONNECTING pgs=0 cs=0 l=0 rev1=1 crypto rx=0 tx=0 comp rx=0 tx=0).handle_hello peer v2:172.21.15.77:3300/0 says I am v2:172.21.15.77:39550/0 (socket says 172.21.15.77:39550)
2024-06-06T06:56:18.092 INFO:teuthology.orchestra.run.smithi077.stdout:/usr/bin/ceph: stderr
2024-06-06T06:56:14.521+0000 7f52a9a5d640 1 -- 172.21.15.77:0/883834247 learned_addr learned my addr 172.21.15.77:0/883834247 (peer_addr_for_me v2:172.21.15.77:0/0)
2024-06-06T06:56:18.092 INFO:teuthology.orchestra.run.smithi077.stdout:/usr/bin/ceph: stderr
2024-06-06T06:56:14.521+0000 7f52a9a5d640 1 -- 172.21.15.77:0/883834247 --> [v2:172.21.15.77:3300/0,v1:172.21.15.77:6789/0] -- mon_subscribe({config=0+,monmap=0+}) v3 -- 0x7f52a4104fc0 con 0x7f52a4075ba0
2024-06-06T06:56:18.092 INFO:teuthology.orchestra.run.smithi077.stdout:/usr/bin/ceph: stderr
2024-06-06T06:56:14.522+0000 7f52a9a5d640 1 --2- 172.21.15.77:0/883834247 >> [v2:172.21.15.77:3300/0,v1:172.21.15.77:6789/0] conn(0x7f52a4075ba0 0x7f52a4104940 secure :-1 s=READY pgs=43 cs=0 l=1 rev1=1 crypto rx=0x7f52a0009840 tx=0x7f52a00091d0 comp rx=0 tx=0).ready entity=mon.0 client_cookie=d54168c69d89481d server_cookie=0 in_seq=0 out_seq=0
2024-06-06T06:56:18.092 INFO:teuthology.orchestra.run.smithi077.stdout:/usr/bin/ceph: stderr
2024-06-06T06:56:14.522+0000 7f52a8a5b640 1 -- 172.21.15.77:0/883834247 <== mon.0 v2:172.21.15.77:3300/0 1 ==== mon_map magic: 0 v1 ==== 229+0+0 (secure 0 0 0) 0x7f52a0032440 con 0x7f52a4075ba0
2024-06-06T06:56:18.092 INFO:teuthology.orchestra.run.smithi077.stdout:/usr/bin/ceph: stderr
2024-06-06T06:56:14.522+0000 7f52a8a5b640 1 -- 172.21.15.77:0/883834247 <== mon.0 v2:172.21.15.77:3300/0 2 ==== config(27 keys) v1 ==== 1044+0+0 (secure 0 0 0) 0x7f52a0032a30 con 0x7f52a4075ba0
2024-06-06T06:56:18.092 INFO:teuthology.orchestra.run.smithi077.stdout:/usr/bin/ceph: stderr
2024-06-06T06:56:14.522+0000 7f52a8a5b640 1 -- 172.21.15.77:0/883834247 <== mon.0 v2:172.21.15.77:3300/0 3 ==== mon_map magic: 0 v1 ==== 229+0+0 (secure 0 0 0) 0x7f52a0031ad0 con 0x7f52a4075ba0
2024-06-06T06:56:18.092 INFO:teuthology.orchestra.run.smithi077.stdout:/usr/bin/ceph: stderr
2024-06-06T06:56:14.522+0000 7f52abcc1640 1 -- 172.21.15.77:0/883834247 >> [v2:172.21.15.77:3300/0,v1:172.21.15.77:6789/0] conn(0x7f52a4075ba0 msgr2=0x7f52a4104940 secure :-1 s=STATE_CONNECTION_ESTABLISHED l=1).mark_down
2024-06-06T06:56:18.092 INFO:teuthology.orchestra.run.smithi077.stdout:/usr/bin/ceph: stderr
2024-06-06T06:56:14.522+0000 7f52abcc1640 1 --2- 172.21.15.77:0/883834247 >> [v2:172.21.15.77:3300/0,v1:172.21.15.77:6789/0] conn(0x7f52a4075ba0 0x7f52a4104940 secure :-1 s=READY pgs=43 cs=0 l=1 rev1=1 crypto rx=0x7f52a0009840 tx=0x7f52a00091d0 comp rx=0 tx=0).stop
2024-06-06T06:56:18.092 INFO:teuthology.orchestra.run.smithi077.stdout:/usr/bin/ceph: stderr
2024-06-06T06:56:14.522+0000 7f52abcc1640 1 -- 172.21.15.77:0/883834247 shutdown_connections
2024-06-06T06:56:18.092 INFO:teuthology.orchestra.run.smithi077.stdout:/usr/bin/ceph: stderr
2024-06-06T06:56:14.522+0000 7f52abcc1640 1 --2- 172.21.15.77:0/883834247 >> [v2:172.21.15.77:3300/0,v1:172.21.15.77:6789/0] conn(0x7f52a4075ba0 0x7f52a4104940 unknown :-1 s=CLOSED pgs=43 cs=0 l=1 rev1=1 crypto rx=0 tx=0 comp rx=0 tx=0).stop
2024-06-06T06:56:18.093 INFO:teuthology.orchestra.run.smithi077.stdout:/usr/bin/ceph: stderr
2024-06-06T06:56:14.522+0000 7f52abcc1640 1 -- 172.21.15.77:0/883834247 >> 172.21.15.77:0/883834247 conn(0x7f52a40fc430 msgr2=0x7f52a40fe840 unknown :-1 s=STATE_NONE l=0).mark_down
2024-06-06T06:56:18.093 INFO:teuthology.orchestra.run.smithi077.stdout:/usr/bin/ceph: stderr
2024-06-06T06:56:14.522+0000 7f52abcc1640 1 -- 172.21.15.77:0/883834247 shutdown_connections
2024-06-06T06:56:18.093 INFO:teuthology.orchestra.run.smithi077.stdout:/usr/bin/ceph: stderr
2024-06-06T06:56:14.522+0000 7f52abcc1640 1 -- 172.21.15.77:0/883834247 wait complete.
2024-06-06T06:56:18.093 INFO:teuthology.orchestra.run.smithi077.stdout:/usr/bin/ceph: stderr
2024-06-06T06:56:14.523+0000 7f52abcc1640 1 Processor -- start
2024-06-06T06:56:18.093 INFO:teuthology.orchestra.run.smithi077.stdout:/usr/bin/ceph: stderr
2024-06-06T06:56:14.523+0000 7f52abcc1640 1 -- start start
2024-06-06T06:56:18.093 INFO:teuthology.orchestra.run.smithi077.stdout:/usr/bin/ceph: stderr
2024-06-06T06:56:14.523+0000 7f52abcc1640 1 --2- >> [v2:172.21.15.77:3300/0,v1:172.21.15.77:6789/0] conn(0x7f52a4075ba0 0x7f52a4110b10 unknown :-1 s=NONE pgs=0 cs=0 l=1 rev1=0 crypto rx=0 tx=0 comp rx=0 tx=0).connect
2024-06-06T06:56:18.093 INFO:teuthology.orchestra.run.smithi077.stdout:/usr/bin/ceph: stderr
2024-06-06T06:56:14.523+0000 7f52abcc1640 1 -- --> [v2:172.21.15.77:3300/0,v1:172.21.15.77:6789/0] -- mon_getmap magic: 0 v1 -- 0x7f52a4111050 con 0x7f52a4075ba0
2024-06-06T06:56:18.093 INFO:teuthology.orchestra.run.smithi077.stdout:/usr/bin/ceph: stderr
2024-06-06T06:56:14.523+0000 7f52a9a5d640 1 --2- >> [v2:172.21.15.77:3300/0,v1:172.21.15.77:6789/0] conn(0x7f52a4075ba0 0x7f52a4110b10 unknown :-1 s=BANNER_CONNECTING pgs=0 cs=0 l=1 rev1=0 crypto rx=0 tx=0 comp rx=0 tx=0)._handle_peer_banner_payload supported=3 required=0
2024-06-06T06:56:18.093 INFO:teuthology.orchestra.run.smithi077.stdout:/usr/bin/ceph: stderr
2024-06-06T06:56:14.523+0000 7f52a9a5d640 1 --2- >> [v2:172.21.15.77:3300/0,v1:172.21.15.77:6789/0] conn(0x7f52a4075ba0 0x7f52a4110b10 unknown :-1 s=HELLO_CONNECTING pgs=0 cs=0 l=1 rev1=1 crypto rx=0 tx=0 comp rx=0 tx=0).handle_hello peer v2:172.21.15.77:3300/0 says I am v2:172.21.15.77:39554/0 (socket says 172.21.15.77:39554)
2024-06-06T06:56:18.093 INFO:teuthology.orchestra.run.smithi077.stdout:/usr/bin/ceph: stderr
2024-06-06T06:56:14.523+0000 7f52a9a5d640 1 -- 172.21.15.77:0/3660651339 learned_addr learned my addr 172.21.15.77:0/3660651339 (peer_addr_for_me v2:172.21.15.77:0/0)
2024-06-06T06:56:18.093 INFO:teuthology.orchestra.run.smithi077.stdout:/usr/bin/ceph: stderr
2024-06-06T06:56:14.523+0000 7f52a9a5d640 1 -- 172.21.15.77:0/3660651339 --> [v2:172.21.15.77:3300/0,v1:172.21.15.77:6789/0] -- mon_subscribe({config=0+,monmap=0+}) v3 -- 0x7f52a0009450 con 0x7f52a4075ba0
2024-06-06T06:56:18.093 INFO:teuthology.orchestra.run.smithi077.stdout:/usr/bin/ceph: stderr
2024-06-06T06:56:14.524+0000 7f52a9a5d640 1 --2- 172.21.15.77:0/3660651339 >> [v2:172.21.15.77:3300/0,v1:172.21.15.77:6789/0] conn(0x7f52a4075ba0 0x7f52a4110b10 secure :-1 s=READY pgs=44 cs=0 l=1 rev1=1 crypto rx=0x7f52a0031b90 tx=0x7f52a0008040 comp rx=0 tx=0).ready entity=mon.0 client_cookie=0 server_cookie=0 in_seq=0 out_seq=0
2024-06-06T06:56:18.093 INFO:teuthology.orchestra.run.smithi077.stdout:/usr/bin/ceph: stderr
2024-06-06T06:56:14.524+0000 7f529a7fc640 1 -- 172.21.15.77:0/3660651339 <== mon.0 v2:172.21.15.77:3300/0 1 ==== mon_map magic: 0 v1 ==== 229+0+0 (secure 0 0 0) 0x7f52a00328b0 con 0x7f52a4075ba0
2024-06-06T06:56:18.094 INFO:teuthology.orchestra.run.smithi077.stdout:/usr/bin/ceph: stderr
2024-06-06T06:56:14.524+0000 7f529a7fc640 1 -- 172.21.15.77:0/3660651339 <== mon.0 v2:172.21.15.77:3300/0 2 ==== config(27 keys) v1 ==== 1044+0+0 (secure 0 0 0) 0x7f52a003d8e0 con 0x7f52a4075ba0
2024-06-06T06:56:18.094 INFO:teuthology.orchestra.run.smithi077.stdout:/usr/bin/ceph: stderr
2024-06-06T06:56:14.524+0000 7f52abcc1640 1 -- 172.21.15.77:0/3660651339 --> [v2:172.21.15.77:3300/0,v1:172.21.15.77:6789/0] -- mon_subscribe({mgrmap=0+}) v3 -- 0x7f52a4111250 con 0x7f52a4075ba0
2024-06-06T06:56:18.094 INFO:teuthology.orchestra.run.smithi077.stdout:/usr/bin/ceph: stderr
2024-06-06T06:56:14.524+0000 7f529a7fc640 1 -- 172.21.15.77:0/3660651339 <== mon.0 v2:172.21.15.77:3300/0 3 ==== mon_map magic: 0 v1 ==== 229+0+0 (secure 0 0 0) 0x7f52a003ba20 con 0x7f52a4075ba0
2024-06-06T06:56:18.094 INFO:teuthology.orchestra.run.smithi077.stdout:/usr/bin/ceph: stderr
2024-06-06T06:56:14.524+0000 7f52abcc1640 1 -- 172.21.15.77:0/3660651339 --> [v2:172.21.15.77:3300/0,v1:172.21.15.77:6789/0] -- mon_subscribe({osdmap=0}) v3 -- 0x7f52a41116c0 con 0x7f52a4075ba0
2024-06-06T06:56:18.094 INFO:teuthology.orchestra.run.smithi077.stdout:/usr/bin/ceph: stderr
2024-06-06T06:56:14.524+0000 7f529a7fc640 1 -- 172.21.15.77:0/3660651339 <== mon.0 v2:172.21.15.77:3300/0 4 ==== mgrmap(e 8) v1 ==== 41946+0+0 (secure 0 0 0) 0x7f52a0039070 con 0x7f52a4075ba0
2024-06-06T06:56:18.094 INFO:teuthology.orchestra.run.smithi077.stdout:/usr/bin/ceph: stderr
2024-06-06T06:56:14.525+0000 7f529a7fc640 1 --2- 172.21.15.77:0/3660651339 >> [v2:172.21.15.77:6800/4098464893,v1:172.21.15.77:6801/4098464893] conn(0x7f5290034810 0x7f5290036cc0 unknown :-1 s=NONE pgs=0 cs=0 l=1 rev1=0 crypto rx=0 tx=0 comp rx=0 tx=0).connect
2024-06-06T06:56:18.094 INFO:teuthology.orchestra.run.smithi077.stdout:/usr/bin/ceph: stderr
2024-06-06T06:56:14.525+0000 7f529a7fc640 1 -- 172.21.15.77:0/3660651339 <== mon.0 v2:172.21.15.77:3300/0 5 ==== osd_map(2..2 src has 1..2) v4 ==== 936+0+0 (secure 0 0 0) 0x7f52a0067740 con 0x7f52a4075ba0
2024-06-06T06:56:18.094 INFO:teuthology.orchestra.run.smithi077.stdout:/usr/bin/ceph: stderr
2024-06-06T06:56:14.525+0000 7f52abcc1640 1 -- 172.21.15.77:0/3660651339 --> [v2:172.21.15.77:3300/0,v1:172.21.15.77:6789/0] -- mon_command({"prefix": "get_command_descriptions"} v 0) v1 -- 0x7f52a41116c0 con 0x7f52a4075ba0
2024-06-06T06:56:18.094 INFO:teuthology.orchestra.run.smithi077.stdout:/usr/bin/ceph: stderr
2024-06-06T06:56:14.525+0000 7f52a925c640 1 --2- 172.21.15.77:0/3660651339 >> [v2:172.21.15.77:6800/4098464893,v1:172.21.15.77:6801/4098464893] conn(0x7f5290034810 0x7f5290036cc0 unknown :-1 s=BANNER_CONNECTING pgs=0 cs=0 l=1 rev1=0 crypto rx=0 tx=0 comp rx=0 tx=0)._handle_peer_banner_payload supported=3 required=0
2024-06-06T06:56:18.094 INFO:teuthology.orchestra.run.smithi077.stdout:/usr/bin/ceph: stderr
2024-06-06T06:56:14.525+0000 7f52a925c640 1 --2- 172.21.15.77:0/3660651339 >> [v2:172.21.15.77:6800/4098464893,v1:172.21.15.77:6801/4098464893] conn(0x7f5290034810 0x7f5290036cc0 secure :-1 s=READY pgs=11 cs=0 l=1 rev1=1 crypto rx=0x7f5294006fd0 tx=0x7f5294006db0 comp rx=0 tx=0).ready entity=mgr.14118 client_cookie=0 server_cookie=0 in_seq=0 out_seq=0
2024-06-06T06:56:18.094 INFO:teuthology.orchestra.run.smithi077.stdout:/usr/bin/ceph: stderr
2024-06-06T06:56:14.529+0000 7f529a7fc640 1 -- 172.21.15.77:0/3660651339 <== mon.0 v2:172.21.15.77:3300/0 6 ==== mon_command_ack([{"prefix": "get_command_descriptions"}]=0 v0) v1 ==== 72+0+175578 (secure 0 0 0) 0x7f52a41116c0 con 0x7f52a4075ba0
2024-06-06T06:56:18.094 INFO:teuthology.orchestra.run.smithi077.stdout:/usr/bin/ceph: stderr
2024-06-06T06:56:14.696+0000 7f52abcc1640 1 -- 172.21.15.77:0/3660651339 --> [v2:172.21.15.77:6800/4098464893,v1:172.21.15.77:6801/4098464893] -- mgr_command(tid 0: {"prefix": "orch host add", "hostname": "smithi077", "addr": "172.21.15.77", "target": ["mon-mgr", ""]}) v1 -- 0x7f52a41116c0 con 0x7f5290034810
2024-06-06T06:56:18.094 INFO:teuthology.orchestra.run.smithi077.stdout:/usr/bin/ceph: stderr
2024-06-06T06:56:17.473+0000 7f529a7fc640 1 -- 172.21.15.77:0/3660651339 <== mgr.14118 v2:172.21.15.77:6800/4098464893 1 ==== mgr_command_reply(tid 0: 0 ) v1 ==== 8+0+48 (secure 0 0 0) 0x7f52a41116c0 con 0x7f5290034810
2024-06-06T06:56:18.095 INFO:teuthology.orchestra.run.smithi077.stdout:/usr/bin/ceph: stderr
2024-06-06T06:56:17.476+0000 7f52abcc1640 1 -- 172.21.15.77:0/3660651339 >> [v2:172.21.15.77:6800/4098464893,v1:172.21.15.77:6801/4098464893] conn(0x7f5290034810 msgr2=0x7f5290036cc0 secure :-1 s=STATE_CONNECTION_ESTABLISHED l=1).mark_down
2024-06-06T06:56:18.095 INFO:teuthology.orchestra.run.smithi077.stdout:/usr/bin/ceph: stderr
2024-06-06T06:56:17.476+0000 7f52abcc1640 1 --2- 172.21.15.77:0/3660651339 >> [v2:172.21.15.77:6800/4098464893,v1:172.21.15.77:6801/4098464893] conn(0x7f5290034810 0x7f5290036cc0 secure :-1 s=READY pgs=11 cs=0 l=1 rev1=1 crypto rx=0x7f5294006fd0 tx=0x7f5294006db0 comp rx=0 tx=0).stop
2024-06-06T06:56:18.095 INFO:teuthology.orchestra.run.smithi077.stdout:/usr/bin/ceph: stderr
2024-06-06T06:56:17.476+0000 7f52abcc1640 1 -- 172.21.15.77:0/3660651339 >> [v2:172.21.15.77:3300/0,v1:172.21.15.77:6789/0] conn(0x7f52a4075ba0 msgr2=0x7f52a4110b10 secure :-1 s=STATE_CONNECTION_ESTABLISHED l=1).mark_down
2024-06-06T06:56:18.095 INFO:teuthology.orchestra.run.smithi077.stdout:/usr/bin/ceph: stderr
2024-06-06T06:56:17.476+0000 7f52abcc1640 1 --2- 172.21.15.77:0/3660651339 >> [v2:172.21.15.77:3300/0,v1:172.21.15.77:6789/0] conn(0x7f52a4075ba0 0x7f52a4110b10 secure :-1 s=READY pgs=44 cs=0 l=1 rev1=1 crypto rx=0x7f52a0031b90 tx=0x7f52a0008040 comp rx=0 tx=0).stop
2024-06-06T06:56:18.095 INFO:teuthology.orchestra.run.smithi077.stdout:/usr/bin/ceph: stderr
2024-06-06T06:56:17.476+0000 7f52abcc1640 1 -- 172.21.15.77:0/3660651339 shutdown_connections
2024-06-06T06:56:18.095 INFO:teuthology.orchestra.run.smithi077.stdout:/usr/bin/ceph: stderr
2024-06-06T06:56:17.476+0000 7f52abcc1640 1 --2- 172.21.15.77:0/3660651339 >> [v2:172.21.15.77:6800/4098464893,v1:172.21.15.77:6801/4098464893] conn(0x7f5290034810 0x7f5290036cc0 unknown :-1 s=CLOSED pgs=11 cs=0 l=1 rev1=1 crypto rx=0 tx=0 comp rx=0 tx=0).stop
2024-06-06T06:56:18.095 INFO:teuthology.orchestra.run.smithi077.stdout:/usr/bin/ceph: stderr
2024-06-06T06:56:17.476+0000 7f52abcc1640 1 --2- 172.21.15.77:0/3660651339 >> [v2:172.21.15.77:3300/0,v1:172.21.15.77:6789/0] conn(0x7f52a4075ba0 0x7f52a4110b10 unknown :-1 s=CLOSED pgs=44 cs=0 l=1 rev1=1 crypto rx=0 tx=0 comp rx=0 tx=0).stop
2024-06-06T06:56:18.095 INFO:teuthology.orchestra.run.smithi077.stdout:/usr/bin/ceph: stderr
2024-06-06T06:56:17.476+0000 7f52abcc1640 1 -- 172.21.15.77:0/3660651339 >> 172.21.15.77:0/3660651339 conn(0x7f52a40fc430 msgr2=0x7f52a40fcfb0 unknown :-1 s=STATE_NONE l=0).mark_down
2024-06-06T06:56:18.095 INFO:teuthology.orchestra.run.smithi077.stdout:/usr/bin/ceph: stderr
2024-06-06T06:56:17.476+0000 7f52abcc1640 1 -- 172.21.15.77:0/3660651339 shutdown_connections
2024-06-06T06:56:18.095 INFO:teuthology.orchestra.run.smithi077.stdout:/usr/bin/ceph: stderr
2024-06-06T06:56:17.476+0000 7f52abcc1640 1 -- 172.21.15.77:0/3660651339 wait complete.
2024-06-06T06:56:18.095 INFO:teuthology.orchestra.run.smithi077.stdout:Deploying mon service with default placement...
2024-06-06T06:56:18.686 INFO:journalctl@ceph.mon.smithi077.smithi077.stdout:Jun 06 06:56:18 smithi077 ceph-mon[29126]: from='mgr.14118 172.21.15.77:0/3694758882' entity='mgr.smithi077.xsysrh'
2024-06-06T06:56:18.686 INFO:journalctl@ceph.mon.smithi077.smithi077.stdout:Jun 06 06:56:18 smithi077 ceph-mon[29126]: Added host smithi077
2024-06-06T06:56:18.686 INFO:journalctl@ceph.mon.smithi077.smithi077.stdout:Jun 06 06:56:18 smithi077 ceph-mon[29126]: from='mgr.14118 172.21.15.77:0/3694758882' entity='mgr.smithi077.xsysrh' cmd=[{"prefix": "config dump", "format": "json"}]: dispatch
2024-06-06T06:56:19.516 INFO:teuthology.orchestra.run.smithi077.stdout:/usr/bin/ceph: stdout Scheduled mon update...
2024-06-06T06:56:19.517 INFO:teuthology.orchestra.run.smithi077.stdout:/usr/bin/ceph: stderr
2024-06-06T06:56:18.478+0000 7fa7c0078640 1 Processor -- start
2024-06-06T06:56:19.517 INFO:teuthology.orchestra.run.smithi077.stdout:/usr/bin/ceph: stderr
2024-06-06T06:56:18.478+0000 7fa7c0078640 1 -- start start
2024-06-06T06:56:19.517 INFO:teuthology.orchestra.run.smithi077.stdout:/usr/bin/ceph: stderr
2024-06-06T06:56:18.479+0000 7fa7c0078640 1 --2- >> [v2:172.21.15.77:3300/0,v1:172.21.15.77:6789/0] conn(0x7fa7b8075ba0 0x7fa7b8104940 unknown :-1 s=NONE pgs=0 cs=0 l=0 rev1=0 crypto rx=0 tx=0 comp rx=0 tx=0).connect
2024-06-06T06:56:19.517 INFO:teuthology.orchestra.run.smithi077.stdout:/usr/bin/ceph: stderr
2024-06-06T06:56:18.479+0000 7fa7c0078640 1 -- --> [v2:172.21.15.77:3300/0,v1:172.21.15.77:6789/0] -- mon_getmap magic: 0 v1 -- 0x7fa7b8104e80 con 0x7fa7b8075ba0
2024-06-06T06:56:19.517 INFO:teuthology.orchestra.run.smithi077.stdout:/usr/bin/ceph: stderr
2024-06-06T06:56:18.479+0000 7fa7bde14640 1 --2- >> [v2:172.21.15.77:3300/0,v1:172.21.15.77:6789/0] conn(0x7fa7b8075ba0 0x7fa7b8104940 unknown :-1 s=BANNER_CONNECTING pgs=0 cs=0 l=0 rev1=0 crypto rx=0 tx=0 comp rx=0 tx=0)._handle_peer_banner_payload supported=3 required=0
2024-06-06T06:56:19.517 INFO:teuthology.orchestra.run.smithi077.stdout:/usr/bin/ceph: stderr
2024-06-06T06:56:18.479+0000 7fa7bde14640 1 --2- >> [v2:172.21.15.77:3300/0,v1:172.21.15.77:6789/0] conn(0x7fa7b8075ba0 0x7fa7b8104940 unknown :-1 s=HELLO_CONNECTING pgs=0 cs=0 l=0 rev1=1 crypto rx=0 tx=0 comp rx=0 tx=0).handle_hello peer v2:172.21.15.77:3300/0 says I am v2:172.21.15.77:39570/0 (socket says 172.21.15.77:39570)
2024-06-06T06:56:19.517 INFO:teuthology.orchestra.run.smithi077.stdout:/usr/bin/ceph: stderr
2024-06-06T06:56:18.479+0000 7fa7bde14640 1 -- 172.21.15.77:0/102675948 learned_addr learned my addr 172.21.15.77:0/102675948 (peer_addr_for_me v2:172.21.15.77:0/0)
2024-06-06T06:56:19.517 INFO:teuthology.orchestra.run.smithi077.stdout:/usr/bin/ceph: stderr
2024-06-06T06:56:18.479+0000 7fa7bde14640 1 -- 172.21.15.77:0/102675948 --> [v2:172.21.15.77:3300/0,v1:172.21.15.77:6789/0] -- mon_subscribe({config=0+,monmap=0+}) v3 -- 0x7fa7b8104fc0 con 0x7fa7b8075ba0
2024-06-06T06:56:19.517 INFO:teuthology.orchestra.run.smithi077.stdout:/usr/bin/ceph: stderr
2024-06-06T06:56:18.480+0000 7fa7bde14640 1 --2- 172.21.15.77:0/102675948 >> [v2:172.21.15.77:3300/0,v1:172.21.15.77:6789/0] conn(0x7fa7b8075ba0 0x7fa7b8104940 secure :-1 s=READY pgs=45 cs=0 l=1 rev1=1 crypto rx=0x7fa7a8009840 tx=0x7fa7a80091d0 comp rx=0 tx=0).ready entity=mon.0 client_cookie=6547c652013cf9d6 server_cookie=0 in_seq=0 out_seq=0
2024-06-06T06:56:19.517 INFO:teuthology.orchestra.run.smithi077.stdout:/usr/bin/ceph: stderr
2024-06-06T06:56:18.480+0000 7fa7bce12640 1 -- 172.21.15.77:0/102675948 <== mon.0 v2:172.21.15.77:3300/0 1 ==== mon_map magic: 0 v1 ==== 229+0+0 (secure 0 0 0) 0x7fa7a8032440 con 0x7fa7b8075ba0
2024-06-06T06:56:19.517 INFO:teuthology.orchestra.run.smithi077.stdout:/usr/bin/ceph: stderr
2024-06-06T06:56:18.480+0000 7fa7bce12640 1 -- 172.21.15.77:0/102675948 <== mon.0 v2:172.21.15.77:3300/0 2 ==== config(27 keys) v1 ==== 1044+0+0 (secure 0 0 0) 0x7fa7a8032a30 con 0x7fa7b8075ba0
2024-06-06T06:56:19.518 INFO:teuthology.orchestra.run.smithi077.stdout:/usr/bin/ceph: stderr
2024-06-06T06:56:18.480+0000 7fa7bce12640 1 -- 172.21.15.77:0/102675948 <== mon.0 v2:172.21.15.77:3300/0 3 ==== mon_map magic: 0 v1 ==== 229+0+0 (secure 0 0 0) 0x7fa7a8031ad0 con 0x7fa7b8075ba0
2024-06-06T06:56:19.518 INFO:teuthology.orchestra.run.smithi077.stdout:/usr/bin/ceph: stderr
2024-06-06T06:56:18.480+0000 7fa7c0078640 1 -- 172.21.15.77:0/102675948 >> [v2:172.21.15.77:3300/0,v1:172.21.15.77:6789/0] conn(0x7fa7b8075ba0 msgr2=0x7fa7b8104940 secure :-1 s=STATE_CONNECTION_ESTABLISHED l=1).mark_down
2024-06-06T06:56:19.518 INFO:teuthology.orchestra.run.smithi077.stdout:/usr/bin/ceph: stderr
2024-06-06T06:56:18.480+0000 7fa7c0078640 1 --2- 172.21.15.77:0/102675948 >> [v2:172.21.15.77:3300/0,v1:172.21.15.77:6789/0] conn(0x7fa7b8075ba0 0x7fa7b8104940 secure :-1 s=READY pgs=45 cs=0 l=1 rev1=1 crypto rx=0x7fa7a8009840 tx=0x7fa7a80091d0 comp rx=0 tx=0).stop
2024-06-06T06:56:19.518 INFO:teuthology.orchestra.run.smithi077.stdout:/usr/bin/ceph: stderr
2024-06-06T06:56:18.480+0000 7fa7c0078640 1 -- 172.21.15.77:0/102675948 shutdown_connections
2024-06-06T06:56:19.518 INFO:teuthology.orchestra.run.smithi077.stdout:/usr/bin/ceph: stderr
2024-06-06T06:56:18.480+0000 7fa7c0078640 1 --2- 172.21.15.77:0/102675948 >> [v2:172.21.15.77:3300/0,v1:172.21.15.77:6789/0] conn(0x7fa7b8075ba0 0x7fa7b8104940 unknown :-1 s=CLOSED pgs=45 cs=0 l=1 rev1=1 crypto rx=0 tx=0 comp rx=0 tx=0).stop
2024-06-06T06:56:19.518 INFO:teuthology.orchestra.run.smithi077.stdout:/usr/bin/ceph: stderr
2024-06-06T06:56:18.480+0000 7fa7c0078640 1 -- 172.21.15.77:0/102675948 >> 172.21.15.77:0/102675948 conn(0x7fa7b80fc430 msgr2=0x7fa7b80fe840 unknown :-1 s=STATE_NONE l=0).mark_down
2024-06-06T06:56:19.518 INFO:teuthology.orchestra.run.smithi077.stdout:/usr/bin/ceph: stderr
2024-06-06T06:56:18.480+0000 7fa7c0078640 1 -- 172.21.15.77:0/102675948 shutdown_connections
2024-06-06T06:56:19.518 INFO:teuthology.orchestra.run.smithi077.stdout:/usr/bin/ceph: stderr
2024-06-06T06:56:18.480+0000 7fa7c0078640 1 -- 172.21.15.77:0/102675948 wait complete.
2024-06-06T06:56:19.518 INFO:teuthology.orchestra.run.smithi077.stdout:/usr/bin/ceph: stderr
2024-06-06T06:56:18.481+0000 7fa7c0078640 1 Processor -- start
2024-06-06T06:56:19.518 INFO:teuthology.orchestra.run.smithi077.stdout:/usr/bin/ceph: stderr
2024-06-06T06:56:18.481+0000 7fa7c0078640 1 -- start start
2024-06-06T06:56:19.518 INFO:teuthology.orchestra.run.smithi077.stdout:/usr/bin/ceph: stderr
2024-06-06T06:56:18.481+0000 7fa7c0078640 1 --2- >> [v2:172.21.15.77:3300/0,v1:172.21.15.77:6789/0] conn(0x7fa7b8075ba0 0x7fa7b8110b10 unknown :-1 s=NONE pgs=0 cs=0 l=1 rev1=0 crypto rx=0 tx=0 comp rx=0 tx=0).connect
2024-06-06T06:56:19.518 INFO:teuthology.orchestra.run.smithi077.stdout:/usr/bin/ceph: stderr
2024-06-06T06:56:18.481+0000 7fa7c0078640 1 -- --> [v2:172.21.15.77:3300/0,v1:172.21.15.77:6789/0] -- mon_getmap magic: 0 v1 -- 0x7fa7b8111050 con 0x7fa7b8075ba0
2024-06-06T06:56:19.518 INFO:teuthology.orchestra.run.smithi077.stdout:/usr/bin/ceph: stderr
2024-06-06T06:56:18.481+0000 7fa7bde14640 1 --2- >> [v2:172.21.15.77:3300/0,v1:172.21.15.77:6789/0] conn(0x7fa7b8075ba0 0x7fa7b8110b10 unknown :-1 s=BANNER_CONNECTING pgs=0 cs=0 l=1 rev1=0 crypto rx=0 tx=0 comp rx=0 tx=0)._handle_peer_banner_payload supported=3 required=0
2024-06-06T06:56:19.519 INFO:teuthology.orchestra.run.smithi077.stdout:/usr/bin/ceph: stderr
2024-06-06T06:56:18.481+0000 7fa7bde14640 1 --2- >> [v2:172.21.15.77:3300/0,v1:172.21.15.77:6789/0] conn(0x7fa7b8075ba0 0x7fa7b8110b10 unknown :-1 s=HELLO_CONNECTING pgs=0 cs=0 l=1 rev1=1 crypto rx=0 tx=0 comp rx=0 tx=0).handle_hello peer v2:172.21.15.77:3300/0 says I am v2:172.21.15.77:39582/0 (socket says 172.21.15.77:39582)
2024-06-06T06:56:19.519 INFO:teuthology.orchestra.run.smithi077.stdout:/usr/bin/ceph: stderr
2024-06-06T06:56:18.481+0000 7fa7bde14640 1 -- 172.21.15.77:0/2941473659 learned_addr learned my addr 172.21.15.77:0/2941473659 (peer_addr_for_me v2:172.21.15.77:0/0)
2024-06-06T06:56:19.519 INFO:teuthology.orchestra.run.smithi077.stdout:/usr/bin/ceph: stderr
2024-06-06T06:56:18.481+0000 7fa7bde14640 1 -- 172.21.15.77:0/2941473659 --> [v2:172.21.15.77:3300/0,v1:172.21.15.77:6789/0] -- mon_subscribe({config=0+,monmap=0+}) v3 -- 0x7fa7a8009450 con 0x7fa7b8075ba0
2024-06-06T06:56:19.519 INFO:teuthology.orchestra.run.smithi077.stdout:/usr/bin/ceph: stderr
2024-06-06T06:56:18.481+0000 7fa7bde14640 1 --2- 172.21.15.77:0/2941473659 >> [v2:172.21.15.77:3300/0,v1:172.21.15.77:6789/0] conn(0x7fa7b8075ba0 0x7fa7b8110b10 secure :-1 s=READY pgs=46 cs=0 l=1 rev1=1 crypto rx=0x7fa7a8006f00 tx=0x7fa7a8008040 comp rx=0 tx=0).ready entity=mon.0 client_cookie=0 server_cookie=0 in_seq=0 out_seq=0
2024-06-06T06:56:19.519 INFO:teuthology.orchestra.run.smithi077.stdout:/usr/bin/ceph: stderr
2024-06-06T06:56:18.482+0000 7fa7b67fc640 1 -- 172.21.15.77:0/2941473659 <== mon.0 v2:172.21.15.77:3300/0 1 ==== mon_map magic: 0 v1 ==== 229+0+0 (secure 0 0 0) 0x7fa7a803d450 con 0x7fa7b8075ba0
2024-06-06T06:56:19.519 INFO:teuthology.orchestra.run.smithi077.stdout:/usr/bin/ceph: stderr
2024-06-06T06:56:18.482+0000 7fa7b67fc640 1 -- 172.21.15.77:0/2941473659 <== mon.0 v2:172.21.15.77:3300/0 2 ==== config(27 keys) v1 ==== 1044+0+0 (secure 0 0 0) 0x7fa7a803da40 con 0x7fa7b8075ba0
2024-06-06T06:56:19.519 INFO:teuthology.orchestra.run.smithi077.stdout:/usr/bin/ceph: stderr
2024-06-06T06:56:18.482+0000 7fa7c0078640 1 -- 172.21.15.77:0/2941473659 --> [v2:172.21.15.77:3300/0,v1:172.21.15.77:6789/0] -- mon_subscribe({mgrmap=0+}) v3 -- 0x7fa7b8111250 con 0x7fa7b8075ba0
2024-06-06T06:56:19.519 INFO:teuthology.orchestra.run.smithi077.stdout:/usr/bin/ceph: stderr
2024-06-06T06:56:18.482+0000 7fa7b67fc640 1 -- 172.21.15.77:0/2941473659 <== mon.0 v2:172.21.15.77:3300/0 3 ==== mon_map magic: 0 v1 ==== 229+0+0 (secure 0 0 0) 0x7fa7a803bb10 con 0x7fa7b8075ba0
2024-06-06T06:56:19.519 INFO:teuthology.orchestra.run.smithi077.stdout:/usr/bin/ceph: stderr
2024-06-06T06:56:18.482+0000 7fa7c0078640 1 -- 172.21.15.77:0/2941473659 --> [v2:172.21.15.77:3300/0,v1:172.21.15.77:6789/0] -- mon_subscribe({osdmap=0}) v3 -- 0x7fa7b81116c0 con 0x7fa7b8075ba0
2024-06-06T06:56:19.519 INFO:teuthology.orchestra.run.smithi077.stdout:/usr/bin/ceph: stderr
2024-06-06T06:56:18.482+0000 7fa7b67fc640 1 -- 172.21.15.77:0/2941473659 <== mon.0 v2:172.21.15.77:3300/0 4 ==== mgrmap(e 8) v1 ==== 41946+0+0 (secure 0 0 0) 0x7fa7a8039070 con 0x7fa7b8075ba0
2024-06-06T06:56:19.519 INFO:teuthology.orchestra.run.smithi077.stdout:/usr/bin/ceph: stderr
2024-06-06T06:56:18.482+0000 7fa7b67fc640 1 --2- 172.21.15.77:0/2941473659 >> [v2:172.21.15.77:6800/4098464893,v1:172.21.15.77:6801/4098464893] conn(0x7fa7a0034860 0x7fa7a0036d10 unknown :-1 s=NONE pgs=0 cs=0 l=1 rev1=0 crypto rx=0 tx=0 comp rx=0 tx=0).connect
2024-06-06T06:56:19.519 INFO:teuthology.orchestra.run.smithi077.stdout:/usr/bin/ceph: stderr
2024-06-06T06:56:18.483+0000 7fa7b67fc640 1 -- 172.21.15.77:0/2941473659 <== mon.0 v2:172.21.15.77:3300/0 5 ==== osd_map(2..2 src has 1..2) v4 ==== 936+0+0 (secure 0 0 0) 0x7fa7a80675f0 con 0x7fa7b8075ba0
2024-06-06T06:56:19.519 INFO:teuthology.orchestra.run.smithi077.stdout:/usr/bin/ceph: stderr
2024-06-06T06:56:18.483+0000 7fa7bd613640 1 --2- 172.21.15.77:0/2941473659 >> [v2:172.21.15.77:6800/4098464893,v1:172.21.15.77:6801/4098464893] conn(0x7fa7a0034860 0x7fa7a0036d10 unknown :-1 s=BANNER_CONNECTING pgs=0 cs=0 l=1 rev1=0 crypto rx=0 tx=0 comp rx=0 tx=0)._handle_peer_banner_payload supported=3 required=0
2024-06-06T06:56:19.519 INFO:teuthology.orchestra.run.smithi077.stdout:/usr/bin/ceph: stderr
2024-06-06T06:56:18.483+0000 7fa7c0078640 1 -- 172.21.15.77:0/2941473659 --> [v2:172.21.15.77:3300/0,v1:172.21.15.77:6789/0] -- mon_command({"prefix": "get_command_descriptions"} v 0) v1 -- 0x7fa7b805ead0 con 0x7fa7b8075ba0
2024-06-06T06:56:19.520 INFO:teuthology.orchestra.run.smithi077.stdout:/usr/bin/ceph: stderr
2024-06-06T06:56:18.483+0000 7fa7bd613640 1 --2- 172.21.15.77:0/2941473659 >> [v2:172.21.15.77:6800/4098464893,v1:172.21.15.77:6801/4098464893] conn(0x7fa7a0034860 0x7fa7a0036d10 secure :-1 s=READY pgs=12 cs=0 l=1 rev1=1 crypto rx=0x7fa7ac00ad90 tx=0x7fa7ac009410 comp rx=0 tx=0).ready entity=mgr.14118 client_cookie=0 server_cookie=0 in_seq=0 out_seq=0
2024-06-06T06:56:19.520 INFO:teuthology.orchestra.run.smithi077.stdout:/usr/bin/ceph: stderr
2024-06-06T06:56:18.487+0000 7fa7b67fc640 1 -- 172.21.15.77:0/2941473659 <== mon.0 v2:172.21.15.77:3300/0 6 ==== mon_command_ack([{"prefix": "get_command_descriptions"}]=0 v0) v1 ==== 72+0+175578 (secure 0 0 0) 0x7fa7a8041080 con 0x7fa7b8075ba0
2024-06-06T06:56:19.520 INFO:teuthology.orchestra.run.smithi077.stdout:/usr/bin/ceph: stderr
2024-06-06T06:56:18.685+0000 7fa7c0078640 1 -- 172.21.15.77:0/2941473659 --> [v2:172.21.15.77:6800/4098464893,v1:172.21.15.77:6801/4098464893] -- mgr_command(tid 0: {"prefix": "orch apply", "service_type": "mon", "target": ["mon-mgr", ""]}) v1 -- 0x7fa7b80fd7d0 con 0x7fa7a0034860
2024-06-06T06:56:19.520 INFO:teuthology.orchestra.run.smithi077.stdout:/usr/bin/ceph: stderr
2024-06-06T06:56:18.692+0000 7fa7b67fc640 1 -- 172.21.15.77:0/2941473659 <== mgr.14118 v2:172.21.15.77:6800/4098464893 1 ==== mgr_command_reply(tid 0: 0 ) v1 ==== 8+0+24 (secure 0 0 0) 0x7fa7b80fd7d0 con 0x7fa7a0034860
2024-06-06T06:56:19.520 INFO:teuthology.orchestra.run.smithi077.stdout:/usr/bin/ceph: stderr
2024-06-06T06:56:18.694+0000 7fa7c0078640 1 -- 172.21.15.77:0/2941473659 >> [v2:172.21.15.77:6800/4098464893,v1:172.21.15.77:6801/4098464893] conn(0x7fa7a0034860 msgr2=0x7fa7a0036d10 secure :-1 s=STATE_CONNECTION_ESTABLISHED l=1).mark_down
2024-06-06T06:56:19.520 INFO:teuthology.orchestra.run.smithi077.stdout:/usr/bin/ceph: stderr
2024-06-06T06:56:18.694+0000 7fa7c0078640 1 --2- 172.21.15.77:0/2941473659 >> [v2:172.21.15.77:6800/4098464893,v1:172.21.15.77:6801/4098464893] conn(0x7fa7a0034860 0x7fa7a0036d10 secure :-1 s=READY pgs=12 cs=0 l=1 rev1=1 crypto rx=0x7fa7ac00ad90 tx=0x7fa7ac009410 comp rx=0 tx=0).stop
2024-06-06T06:56:19.520 INFO:teuthology.orchestra.run.smithi077.stdout:/usr/bin/ceph: stderr
2024-06-06T06:56:18.694+0000 7fa7c0078640 1 -- 172.21.15.77:0/2941473659 >> [v2:172.21.15.77:3300/0,v1:172.21.15.77:6789/0] conn(0x7fa7b8075ba0 msgr2=0x7fa7b8110b10 secure :-1 s=STATE_CONNECTION_ESTABLISHED l=1).mark_down
2024-06-06T06:56:19.520 INFO:teuthology.orchestra.run.smithi077.stdout:/usr/bin/ceph: stderr
2024-06-06T06:56:18.694+0000 7fa7c0078640 1 --2- 172.21.15.77:0/2941473659 >> [v2:172.21.15.77:3300/0,v1:172.21.15.77:6789/0] conn(0x7fa7b8075ba0 0x7fa7b8110b10 secure :-1 s=READY pgs=46 cs=0 l=1 rev1=1 crypto rx=0x7fa7a8006f00 tx=0x7fa7a8008040 comp rx=0 tx=0).stop
2024-06-06T06:56:19.520 INFO:teuthology.orchestra.run.smithi077.stdout:/usr/bin/ceph: stderr
2024-06-06T06:56:18.694+0000 7fa7c0078640 1 -- 172.21.15.77:0/2941473659 shutdown_connections
2024-06-06T06:56:19.520 INFO:teuthology.orchestra.run.smithi077.stdout:/usr/bin/ceph: stderr
2024-06-06T06:56:18.694+0000 7fa7c0078640 1 --2- 172.21.15.77:0/2941473659 >> [v2:172.21.15.77:6800/4098464893,v1:172.21.15.77:6801/4098464893] conn(0x7fa7a0034860 0x7fa7a0036d10 unknown :-1 s=CLOSED pgs=12 cs=0 l=1 rev1=1 crypto rx=0 tx=0 comp rx=0 tx=0).stop
2024-06-06T06:56:19.520 INFO:teuthology.orchestra.run.smithi077.stdout:/usr/bin/ceph: stderr
2024-06-06T06:56:18.694+0000 7fa7c0078640 1 --2- 172.21.15.77:0/2941473659 >> [v2:172.21.15.77:3300/0,v1:172.21.15.77:6789/0] conn(0x7fa7b8075ba0 0x7fa7b8110b10 unknown :-1 s=CLOSED pgs=46 cs=0 l=1 rev1=1 crypto rx=0 tx=0 comp rx=0 tx=0).stop
2024-06-06T06:56:19.520 INFO:teuthology.orchestra.run.smithi077.stdout:/usr/bin/ceph: stderr
2024-06-06T06:56:18.694+0000 7fa7c0078640 1 -- 172.21.15.77:0/2941473659 >> 172.21.15.77:0/2941473659 conn(0x7fa7b80fc430 msgr2=0x7fa7b80fd000 unknown :-1 s=STATE_NONE l=0).mark_down
2024-06-06T06:56:19.520 INFO:teuthology.orchestra.run.smithi077.stdout:/usr/bin/ceph: stderr
2024-06-06T06:56:18.694+0000 7fa7c0078640 1 -- 172.21.15.77:0/2941473659 shutdown_connections
2024-06-06T06:56:19.521 INFO:teuthology.orchestra.run.smithi077.stdout:/usr/bin/ceph: stderr
2024-06-06T06:56:18.694+0000 7fa7c0078640 1 -- 172.21.15.77:0/2941473659 wait complete.
2024-06-06T06:56:19.521 INFO:teuthology.orchestra.run.smithi077.stdout:Deploying mgr service with default placement...
2024-06-06T06:56:20.014 INFO:journalctl@ceph.mon.smithi077.smithi077.stdout:Jun 06 06:56:19 smithi077 ceph-mon[29126]: from='client.14140 -' entity='client.admin' cmd=[{"prefix": "orch apply", "service_type": "mon", "target": ["mon-mgr", ""]}]: dispatch
2024-06-06T06:56:20.014 INFO:journalctl@ceph.mon.smithi077.smithi077.stdout:Jun 06 06:56:19 smithi077 ceph-mon[29126]: Saving service mon spec with placement count:5
2024-06-06T06:56:20.014 INFO:journalctl@ceph.mon.smithi077.smithi077.stdout:Jun 06 06:56:19 smithi077 ceph-mon[29126]: from='mgr.14118 172.21.15.77:0/3694758882' entity='mgr.smithi077.xsysrh'
2024-06-06T06:56:20.675 INFO:teuthology.orchestra.run.smithi077.stdout:/usr/bin/ceph: stdout Scheduled mgr update...
2024-06-06T06:56:20.675 INFO:teuthology.orchestra.run.smithi077.stdout:/usr/bin/ceph: stderr
2024-06-06T06:56:19.903+0000 7fba30051640 1 Processor -- start
2024-06-06T06:56:20.675 INFO:teuthology.orchestra.run.smithi077.stdout:/usr/bin/ceph: stderr
2024-06-06T06:56:19.903+0000 7fba30051640 1 -- start start
2024-06-06T06:56:20.675 INFO:teuthology.orchestra.run.smithi077.stdout:/usr/bin/ceph: stderr
2024-06-06T06:56:19.903+0000 7fba30051640 1 --2- >> [v2:172.21.15.77:3300/0,v1:172.21.15.77:6789/0] conn(0x7fba28100c50 0x7fba28101060 unknown :-1 s=NONE pgs=0 cs=0 l=0 rev1=0 crypto rx=0 tx=0 comp rx=0 tx=0).connect
2024-06-06T06:56:20.675 INFO:teuthology.orchestra.run.smithi077.stdout:/usr/bin/ceph: stderr
2024-06-06T06:56:19.903+0000 7fba30051640 1 -- --> [v2:172.21.15.77:3300/0,v1:172.21.15.77:6789/0] -- mon_getmap magic: 0 v1 -- 0x7fba281015a0 con 0x7fba28100c50
