2024-06-06T07:36:21.390+0000 7f38cd783640 1 -- 172.21.15.82:0/1764509231 --> [v2:172.21.15.82:3300/0,v1:172.21.15.82:6789/0] -- mon_subscribe({config=0+,monmap=0+}) v3 -- 0x7f38c8108fb0 con 0x7f38c8106680
2024-06-06T07:36:22.241 INFO:teuthology.orchestra.run.smithi082.stdout:/usr/bin/ceph: stderr
2024-06-06T07:36:21.391+0000 7f38cd783640 1 --2- 172.21.15.82:0/1764509231 >> [v2:172.21.15.82:3300/0,v1:172.21.15.82:6789/0] conn(0x7f38c8106680 0x7f38c8108a70 secure :-1 s=READY pgs=67 cs=0 l=1 rev1=1 crypto rx=0x7f38c4009820 tx=0x7f38c402a270 comp rx=0 tx=0).ready entity=mon.0 client_cookie=72bfb03b429921a6 server_cookie=0 in_seq=0 out_seq=0
2024-06-06T07:36:22.241 INFO:teuthology.orchestra.run.smithi082.stdout:/usr/bin/ceph: stderr
2024-06-06T07:36:21.391+0000 7f38bbfff640 1 -- 172.21.15.82:0/1764509231 <== mon.0 v2:172.21.15.82:3300/0 1 ==== mon_map magic: 0 v1 ==== 229+0+0 (secure 0 0 0) 0x7f38c402ad40 con 0x7f38c8106680
2024-06-06T07:36:22.241 INFO:teuthology.orchestra.run.smithi082.stdout:/usr/bin/ceph: stderr
2024-06-06T07:36:21.391+0000 7f38bbfff640 1 -- 172.21.15.82:0/1764509231 <== mon.0 v2:172.21.15.82:3300/0 2 ==== config(27 keys) v1 ==== 1109+0+0 (secure 0 0 0) 0x7f38c4032900 con 0x7f38c8106680
2024-06-06T07:36:22.241 INFO:teuthology.orchestra.run.smithi082.stdout:/usr/bin/ceph: stderr
2024-06-06T07:36:21.391+0000 7f38bbfff640 1 -- 172.21.15.82:0/1764509231 <== mon.0 v2:172.21.15.82:3300/0 3 ==== mon_map magic: 0 v1 ==== 229+0+0 (secure 0 0 0) 0x7f38c4030860 con 0x7f38c8106680
2024-06-06T07:36:22.241 INFO:teuthology.orchestra.run.smithi082.stdout:/usr/bin/ceph: stderr
2024-06-06T07:36:21.391+0000 7f38cf9e7640 1 -- 172.21.15.82:0/1764509231 >> [v2:172.21.15.82:3300/0,v1:172.21.15.82:6789/0] conn(0x7f38c8106680 msgr2=0x7f38c8108a70 secure :-1 s=STATE_CONNECTION_ESTABLISHED l=1).mark_down
2024-06-06T07:36:22.241 INFO:teuthology.orchestra.run.smithi082.stdout:/usr/bin/ceph: stderr
2024-06-06T07:36:21.391+0000 7f38cf9e7640 1 --2- 172.21.15.82:0/1764509231 >> [v2:172.21.15.82:3300/0,v1:172.21.15.82:6789/0] conn(0x7f38c8106680 0x7f38c8108a70 secure :-1 s=READY pgs=67 cs=0 l=1 rev1=1 crypto rx=0x7f38c4009820 tx=0x7f38c402a270 comp rx=0 tx=0).stop
2024-06-06T07:36:22.241 INFO:teuthology.orchestra.run.smithi082.stdout:/usr/bin/ceph: stderr
2024-06-06T07:36:21.392+0000 7f38cf9e7640 1 -- 172.21.15.82:0/1764509231 shutdown_connections
2024-06-06T07:36:22.241 INFO:teuthology.orchestra.run.smithi082.stdout:/usr/bin/ceph: stderr
2024-06-06T07:36:21.392+0000 7f38cf9e7640 1 --2- 172.21.15.82:0/1764509231 >> [v2:172.21.15.82:3300/0,v1:172.21.15.82:6789/0] conn(0x7f38c8106680 0x7f38c8108a70 unknown :-1 s=CLOSED pgs=67 cs=0 l=1 rev1=1 crypto rx=0 tx=0 comp rx=0 tx=0).stop
2024-06-06T07:36:22.241 INFO:teuthology.orchestra.run.smithi082.stdout:/usr/bin/ceph: stderr
2024-06-06T07:36:21.392+0000 7f38cf9e7640 1 -- 172.21.15.82:0/1764509231 >> 172.21.15.82:0/1764509231 conn(0x7f38c81000d0 msgr2=0x7f38c81024f0 unknown :-1 s=STATE_NONE l=0).mark_down
2024-06-06T07:36:22.242 INFO:teuthology.orchestra.run.smithi082.stdout:/usr/bin/ceph: stderr
2024-06-06T07:36:21.392+0000 7f38cf9e7640 1 -- 172.21.15.82:0/1764509231 shutdown_connections
2024-06-06T07:36:22.242 INFO:teuthology.orchestra.run.smithi082.stdout:/usr/bin/ceph: stderr
2024-06-06T07:36:21.392+0000 7f38cf9e7640 1 -- 172.21.15.82:0/1764509231 wait complete.
2024-06-06T07:36:22.242 INFO:teuthology.orchestra.run.smithi082.stdout:/usr/bin/ceph: stderr
2024-06-06T07:36:21.392+0000 7f38cf9e7640 1 Processor -- start
2024-06-06T07:36:22.242 INFO:teuthology.orchestra.run.smithi082.stdout:/usr/bin/ceph: stderr
2024-06-06T07:36:21.392+0000 7f38cf9e7640 1 -- start start
2024-06-06T07:36:22.242 INFO:teuthology.orchestra.run.smithi082.stdout:/usr/bin/ceph: stderr
2024-06-06T07:36:21.392+0000 7f38cf9e7640 1 --2- >> [v2:172.21.15.82:3300/0,v1:172.21.15.82:6789/0] conn(0x7f38c8106680 0x7f38c81998b0 unknown :-1 s=NONE pgs=0 cs=0 l=1 rev1=0 crypto rx=0 tx=0 comp rx=0 tx=0).connect
2024-06-06T07:36:22.242 INFO:teuthology.orchestra.run.smithi082.stdout:/usr/bin/ceph: stderr
2024-06-06T07:36:21.392+0000 7f38cf9e7640 1 -- --> [v2:172.21.15.82:3300/0,v1:172.21.15.82:6789/0] -- mon_getmap magic: 0 v1 -- 0x7f38c8199df0 con 0x7f38c8106680
2024-06-06T07:36:22.242 INFO:teuthology.orchestra.run.smithi082.stdout:/usr/bin/ceph: stderr
2024-06-06T07:36:21.392+0000 7f38cd783640 1 --2- >> [v2:172.21.15.82:3300/0,v1:172.21.15.82:6789/0] conn(0x7f38c8106680 0x7f38c81998b0 unknown :-1 s=BANNER_CONNECTING pgs=0 cs=0 l=1 rev1=0 crypto rx=0 tx=0 comp rx=0 tx=0)._handle_peer_banner_payload supported=3 required=0
2024-06-06T07:36:22.242 INFO:teuthology.orchestra.run.smithi082.stdout:/usr/bin/ceph: stderr
2024-06-06T07:36:21.392+0000 7f38cd783640 1 --2- >> [v2:172.21.15.82:3300/0,v1:172.21.15.82:6789/0] conn(0x7f38c8106680 0x7f38c81998b0 unknown :-1 s=HELLO_CONNECTING pgs=0 cs=0 l=1 rev1=1 crypto rx=0 tx=0 comp rx=0 tx=0).handle_hello peer v2:172.21.15.82:3300/0 says I am v2:172.21.15.82:52704/0 (socket says 172.21.15.82:52704)
2024-06-06T07:36:22.242 INFO:teuthology.orchestra.run.smithi082.stdout:/usr/bin/ceph: stderr
2024-06-06T07:36:21.393+0000 7f38cd783640 1 -- 172.21.15.82:0/1490797687 learned_addr learned my addr 172.21.15.82:0/1490797687 (peer_addr_for_me v2:172.21.15.82:0/0)
2024-06-06T07:36:22.242 INFO:teuthology.orchestra.run.smithi082.stdout:/usr/bin/ceph: stderr
2024-06-06T07:36:21.393+0000 7f38cd783640 1 -- 172.21.15.82:0/1490797687 --> [v2:172.21.15.82:3300/0,v1:172.21.15.82:6789/0] -- mon_subscribe({config=0+,monmap=0+}) v3 -- 0x7f38c40094d0 con 0x7f38c8106680
2024-06-06T07:36:22.242 INFO:teuthology.orchestra.run.smithi082.stdout:/usr/bin/ceph: stderr
2024-06-06T07:36:21.393+0000 7f38cd783640 1 --2- 172.21.15.82:0/1490797687 >> [v2:172.21.15.82:3300/0,v1:172.21.15.82:6789/0] conn(0x7f38c8106680 0x7f38c81998b0 secure :-1 s=READY pgs=68 cs=0 l=1 rev1=1 crypto rx=0x7f38c4032670 tx=0x7f38c40326a0 comp rx=0 tx=0).ready entity=mon.0 client_cookie=0 server_cookie=0 in_seq=0 out_seq=0
2024-06-06T07:36:22.243 INFO:teuthology.orchestra.run.smithi082.stdout:/usr/bin/ceph: stderr
2024-06-06T07:36:21.393+0000 7f38ba7fc640 1 -- 172.21.15.82:0/1490797687 <== mon.0 v2:172.21.15.82:3300/0 1 ==== mon_map magic: 0 v1 ==== 229+0+0 (secure 0 0 0) 0x7f38c4032c80 con 0x7f38c8106680
2024-06-06T07:36:22.243 INFO:teuthology.orchestra.run.smithi082.stdout:/usr/bin/ceph: stderr
2024-06-06T07:36:21.393+0000 7f38ba7fc640 1 -- 172.21.15.82:0/1490797687 <== mon.0 v2:172.21.15.82:3300/0 2 ==== config(27 keys) v1 ==== 1109+0+0 (secure 0 0 0) 0x7f38c4032de0 con 0x7f38c8106680
2024-06-06T07:36:22.243 INFO:teuthology.orchestra.run.smithi082.stdout:/usr/bin/ceph: stderr
2024-06-06T07:36:21.393+0000 7f38cf9e7640 1 -- 172.21.15.82:0/1490797687 --> [v2:172.21.15.82:3300/0,v1:172.21.15.82:6789/0] -- mon_subscribe({mgrmap=0+}) v3 -- 0x7f38c8199ff0 con 0x7f38c8106680
2024-06-06T07:36:22.243 INFO:teuthology.orchestra.run.smithi082.stdout:/usr/bin/ceph: stderr
2024-06-06T07:36:21.393+0000 7f38ba7fc640 1 -- 172.21.15.82:0/1490797687 <== mon.0 v2:172.21.15.82:3300/0 3 ==== mon_map magic: 0 v1 ==== 229+0+0 (secure 0 0 0) 0x7f38c403a7c0 con 0x7f38c8106680
2024-06-06T07:36:22.243 INFO:teuthology.orchestra.run.smithi082.stdout:/usr/bin/ceph: stderr
2024-06-06T07:36:21.393+0000 7f38cf9e7640 1 -- 172.21.15.82:0/1490797687 --> [v2:172.21.15.82:3300/0,v1:172.21.15.82:6789/0] -- mon_subscribe({osdmap=0}) v3 -- 0x7f38c819a490 con 0x7f38c8106680
2024-06-06T07:36:22.243 INFO:teuthology.orchestra.run.smithi082.stdout:/usr/bin/ceph: stderr
2024-06-06T07:36:21.394+0000 7f38ba7fc640 1 -- 172.21.15.82:0/1490797687 <== mon.0 v2:172.21.15.82:3300/0 4 ==== mgrmap(e 9) v1 ==== 44879+0+0 (secure 0 0 0) 0x7f38c403a9b0 con 0x7f38c8106680
2024-06-06T07:36:22.243 INFO:teuthology.orchestra.run.smithi082.stdout:/usr/bin/ceph: stderr
2024-06-06T07:36:21.394+0000 7f38ba7fc640 1 --2- 172.21.15.82:0/1490797687 >> [v2:172.21.15.82:6800/1662212559,v1:172.21.15.82:6801/1662212559] conn(0x7f38b4037900 0x7f38b4039dc0 unknown :-1 s=NONE pgs=0 cs=0 l=1 rev1=0 crypto rx=0 tx=0 comp rx=0 tx=0).connect
2024-06-06T07:36:22.243 INFO:teuthology.orchestra.run.smithi082.stdout:/usr/bin/ceph: stderr
2024-06-06T07:36:21.394+0000 7f38ba7fc640 1 -- 172.21.15.82:0/1490797687 <== mon.0 v2:172.21.15.82:3300/0 5 ==== osd_map(2..2 src has 1..2) v4 ==== 940+0+0 (secure 0 0 0) 0x7f38c406ba20 con 0x7f38c8106680
2024-06-06T07:36:22.243 INFO:teuthology.orchestra.run.smithi082.stdout:/usr/bin/ceph: stderr
2024-06-06T07:36:21.394+0000 7f38ccf82640 1 -- 172.21.15.82:0/1490797687 >> [v2:172.21.15.82:6800/1662212559,v1:172.21.15.82:6801/1662212559] conn(0x7f38b4037900 msgr2=0x7f38b4039dc0 unknown :-1 s=STATE_CONNECTING_RE l=1).process reconnect failed to v2:172.21.15.82:6800/1662212559
2024-06-06T07:36:22.243 INFO:teuthology.orchestra.run.smithi082.stdout:/usr/bin/ceph: stderr
2024-06-06T07:36:21.394+0000 7f38ccf82640 1 --2- 172.21.15.82:0/1490797687 >> [v2:172.21.15.82:6800/1662212559,v1:172.21.15.82:6801/1662212559] conn(0x7f38b4037900 0x7f38b4039dc0 unknown :-1 s=START_CONNECT pgs=0 cs=0 l=1 rev1=0 crypto rx=0 tx=0 comp rx=0 tx=0)._fault waiting 0.200000
2024-06-06T07:36:22.243 INFO:teuthology.orchestra.run.smithi082.stdout:/usr/bin/ceph: stderr
2024-06-06T07:36:21.394+0000 7f38cf9e7640 1 -- 172.21.15.82:0/1490797687 --> [v2:172.21.15.82:3300/0,v1:172.21.15.82:6789/0] -- mon_command({"prefix": "get_command_descriptions"} v 0) v1 -- 0x7f38c8061ae0 con 0x7f38c8106680
2024-06-06T07:36:22.243 INFO:teuthology.orchestra.run.smithi082.stdout:/usr/bin/ceph: stderr
2024-06-06T07:36:21.399+0000 7f38ba7fc640 1 -- 172.21.15.82:0/1490797687 <== mon.0 v2:172.21.15.82:3300/0 6 ==== mon_command_ack([{"prefix": "get_command_descriptions"}]=0 v0) v1 ==== 72+0+182498 (secure 0 0 0) 0x7f38c4039d50 con 0x7f38c8106680
2024-06-06T07:36:22.243 INFO:teuthology.orchestra.run.smithi082.stdout:/usr/bin/ceph: stderr
2024-06-06T07:36:21.595+0000 7f38ccf82640 1 -- 172.21.15.82:0/1490797687 >> [v2:172.21.15.82:6800/1662212559,v1:172.21.15.82:6801/1662212559] conn(0x7f38b4037900 msgr2=0x7f38b4039dc0 unknown :-1 s=STATE_CONNECTING_RE l=1).process reconnect failed to v2:172.21.15.82:6800/1662212559
2024-06-06T07:36:22.244 INFO:teuthology.orchestra.run.smithi082.stdout:/usr/bin/ceph: stderr
2024-06-06T07:36:21.595+0000 7f38ccf82640 1 --2- 172.21.15.82:0/1490797687 >> [v2:172.21.15.82:6800/1662212559,v1:172.21.15.82:6801/1662212559] conn(0x7f38b4037900 0x7f38b4039dc0 unknown :-1 s=START_CONNECT pgs=0 cs=0 l=1 rev1=0 crypto rx=0 tx=0 comp rx=0 tx=0)._fault waiting 0.400000
2024-06-06T07:36:22.244 INFO:teuthology.orchestra.run.smithi082.stdout:/usr/bin/ceph: stderr
2024-06-06T07:36:21.628+0000 7f38cf9e7640 1 -- 172.21.15.82:0/1490797687 --> [v2:172.21.15.82:3300/0,v1:172.21.15.82:6789/0] -- mon_command({"prefix": "mgr stat"} v 0) v1 -- 0x7f38c819cf70 con 0x7f38c8106680
2024-06-06T07:36:22.244 INFO:teuthology.orchestra.run.smithi082.stdout:/usr/bin/ceph: stderr
2024-06-06T07:36:21.629+0000 7f38ba7fc640 1 -- 172.21.15.82:0/1490797687 <== mon.0 v2:172.21.15.82:3300/0 7 ==== mon_command_ack([{"prefix": "mgr stat"}]=0 v9) v1 ==== 56+0+103 (secure 0 0 0) 0x7f38c4039310 con 0x7f38c8106680
2024-06-06T07:36:22.244 INFO:teuthology.orchestra.run.smithi082.stdout:/usr/bin/ceph: stderr
2024-06-06T07:36:21.630+0000 7f38cf9e7640 1 -- 172.21.15.82:0/1490797687 >> [v2:172.21.15.82:6800/1662212559,v1:172.21.15.82:6801/1662212559] conn(0x7f38b4037900 msgr2=0x7f38b4039dc0 unknown :-1 s=STATE_CONNECTING l=1).mark_down
2024-06-06T07:36:22.244 INFO:teuthology.orchestra.run.smithi082.stdout:/usr/bin/ceph: stderr
2024-06-06T07:36:21.630+0000 7f38cf9e7640 1 --2- 172.21.15.82:0/1490797687 >> [v2:172.21.15.82:6800/1662212559,v1:172.21.15.82:6801/1662212559] conn(0x7f38b4037900 0x7f38b4039dc0 unknown :-1 s=START_CONNECT pgs=0 cs=0 l=1 rev1=0 crypto rx=0 tx=0 comp rx=0 tx=0).stop
2024-06-06T07:36:22.244 INFO:teuthology.orchestra.run.smithi082.stdout:/usr/bin/ceph: stderr
2024-06-06T07:36:21.630+0000 7f38cf9e7640 1 -- 172.21.15.82:0/1490797687 >> [v2:172.21.15.82:3300/0,v1:172.21.15.82:6789/0] conn(0x7f38c8106680 msgr2=0x7f38c81998b0 secure :-1 s=STATE_CONNECTION_ESTABLISHED l=1).mark_down
2024-06-06T07:36:22.244 INFO:teuthology.orchestra.run.smithi082.stdout:/usr/bin/ceph: stderr
2024-06-06T07:36:21.630+0000 7f38cf9e7640 1 --2- 172.21.15.82:0/1490797687 >> [v2:172.21.15.82:3300/0,v1:172.21.15.82:6789/0] conn(0x7f38c8106680 0x7f38c81998b0 secure :-1 s=READY pgs=68 cs=0 l=1 rev1=1 crypto rx=0x7f38c4032670 tx=0x7f38c40326a0 comp rx=0 tx=0).stop
2024-06-06T07:36:22.244 INFO:teuthology.orchestra.run.smithi082.stdout:/usr/bin/ceph: stderr
2024-06-06T07:36:21.630+0000 7f38cf9e7640 1 -- 172.21.15.82:0/1490797687 shutdown_connections
2024-06-06T07:36:22.244 INFO:teuthology.orchestra.run.smithi082.stdout:/usr/bin/ceph: stderr
2024-06-06T07:36:21.630+0000 7f38cf9e7640 1 --2- 172.21.15.82:0/1490797687 >> [v2:172.21.15.82:6800/1662212559,v1:172.21.15.82:6801/1662212559] conn(0x7f38b4037900 0x7f38b4039dc0 unknown :-1 s=CLOSED pgs=0 cs=0 l=1 rev1=0 crypto rx=0 tx=0 comp rx=0 tx=0).stop
2024-06-06T07:36:22.244 INFO:teuthology.orchestra.run.smithi082.stdout:/usr/bin/ceph: stderr
2024-06-06T07:36:21.630+0000 7f38cf9e7640 1 --2- 172.21.15.82:0/1490797687 >> [v2:172.21.15.82:3300/0,v1:172.21.15.82:6789/0] conn(0x7f38c8106680 0x7f38c81998b0 unknown :-1 s=CLOSED pgs=68 cs=0 l=1 rev1=1 crypto rx=0 tx=0 comp rx=0 tx=0).stop
2024-06-06T07:36:22.244 INFO:teuthology.orchestra.run.smithi082.stdout:/usr/bin/ceph: stderr
2024-06-06T07:36:21.630+0000 7f38cf9e7640 1 -- 172.21.15.82:0/1490797687 >> 172.21.15.82:0/1490797687 conn(0x7f38c81000d0 msgr2=0x7f38c8100b70 unknown :-1 s=STATE_NONE l=0).mark_down
2024-06-06T07:36:22.244 INFO:teuthology.orchestra.run.smithi082.stdout:/usr/bin/ceph: stderr
2024-06-06T07:36:21.631+0000 7f38cf9e7640 1 -- 172.21.15.82:0/1490797687 shutdown_connections
2024-06-06T07:36:22.245 INFO:teuthology.orchestra.run.smithi082.stdout:/usr/bin/ceph: stderr
2024-06-06T07:36:21.631+0000 7f38cf9e7640 1 -- 172.21.15.82:0/1490797687 wait complete.
2024-06-06T07:36:22.245 INFO:teuthology.orchestra.run.smithi082.stdout:Waiting for the mgr to restart...
2024-06-06T07:36:22.245 INFO:teuthology.orchestra.run.smithi082.stdout:Waiting for mgr epoch 9...
2024-06-06T07:36:22.616 INFO:journalctl@ceph.mon.smithi082.smithi082.stdout:Jun 06 07:36:22 smithi082 ceph-mon[29354]: from='client.? 172.21.15.82:0/1490797687' entity='client.admin' cmd=[{"prefix": "mgr stat"}]: dispatch
2024-06-06T07:36:25.497 INFO:journalctl@ceph.mon.smithi082.smithi082.stdout:Jun 06 07:36:25 smithi082 ceph-mon[29354]: Active manager daemon smithi082.kocfig restarted
2024-06-06T07:36:25.497 INFO:journalctl@ceph.mon.smithi082.smithi082.stdout:Jun 06 07:36:25 smithi082 ceph-mon[29354]: Activating manager daemon smithi082.kocfig
2024-06-06T07:36:25.497 INFO:journalctl@ceph.mon.smithi082.smithi082.stdout:Jun 06 07:36:25 smithi082 ceph-mon[29354]: osdmap e3: 0 total, 0 up, 0 in
2024-06-06T07:36:25.498 INFO:journalctl@ceph.mon.smithi082.smithi082.stdout:Jun 06 07:36:25 smithi082 ceph-mon[29354]: mgrmap e10: smithi082.kocfig(active, starting, since 0.00549521s)
2024-06-06T07:36:25.498 INFO:journalctl@ceph.mon.smithi082.smithi082.stdout:Jun 06 07:36:25 smithi082 ceph-mon[29354]: from='mgr.14160 172.21.15.82:0/2559890932' entity='mgr.smithi082.kocfig' cmd=[{"prefix": "mon metadata", "id": "smithi082"}]: dispatch
2024-06-06T07:36:25.498 INFO:journalctl@ceph.mon.smithi082.smithi082.stdout:Jun 06 07:36:25 smithi082 ceph-mon[29354]: from='mgr.14160 172.21.15.82:0/2559890932' entity='mgr.smithi082.kocfig' cmd=[{"prefix": "mgr metadata", "who": "smithi082.kocfig", "id": "smithi082.kocfig"}]: dispatch
2024-06-06T07:36:25.498 INFO:journalctl@ceph.mon.smithi082.smithi082.stdout:Jun 06 07:36:25 smithi082 ceph-mon[29354]: from='mgr.14160 172.21.15.82:0/2559890932' entity='mgr.smithi082.kocfig' cmd=[{"prefix": "mds metadata"}]: dispatch
2024-06-06T07:36:25.498 INFO:journalctl@ceph.mon.smithi082.smithi082.stdout:Jun 06 07:36:25 smithi082 ceph-mon[29354]: from='mgr.14160 172.21.15.82:0/2559890932' entity='mgr.smithi082.kocfig' cmd=[{"prefix": "osd metadata"}]: dispatch
2024-06-06T07:36:25.498 INFO:journalctl@ceph.mon.smithi082.smithi082.stdout:Jun 06 07:36:25 smithi082 ceph-mon[29354]: from='mgr.14160 172.21.15.82:0/2559890932' entity='mgr.smithi082.kocfig' cmd=[{"prefix": "mon metadata"}]: dispatch
2024-06-06T07:36:25.498 INFO:journalctl@ceph.mon.smithi082.smithi082.stdout:Jun 06 07:36:25 smithi082 ceph-mon[29354]: Manager daemon smithi082.kocfig is now available
2024-06-06T07:36:25.498 INFO:journalctl@ceph.mon.smithi082.smithi082.stdout:Jun 06 07:36:25 smithi082 ceph-mon[29354]: from='mgr.14160 172.21.15.82:0/2559890932' entity='mgr.smithi082.kocfig' cmd=[{"prefix": "config dump", "format": "json"}]: dispatch
2024-06-06T07:36:25.498 INFO:journalctl@ceph.mon.smithi082.smithi082.stdout:Jun 06 07:36:25 smithi082 ceph-mon[29354]: from='mgr.14160 172.21.15.82:0/2559890932' entity='mgr.smithi082.kocfig' cmd=[{"prefix":"config rm","who":"mgr","name":"mgr/rbd_support/smithi082.kocfig/mirror_snapshot_schedule"}]: dispatch
2024-06-06T07:36:25.498 INFO:journalctl@ceph.mon.smithi082.smithi082.stdout:Jun 06 07:36:25 smithi082 ceph-mon[29354]: from='mgr.14160 172.21.15.82:0/2559890932' entity='mgr.smithi082.kocfig' cmd=[{"prefix":"config rm","who":"mgr","name":"mgr/rbd_support/smithi082.kocfig/trash_purge_schedule"}]: dispatch
2024-06-06T07:36:27.066 INFO:teuthology.orchestra.run.smithi082.stdout:/usr/bin/ceph: stdout {
2024-06-06T07:36:27.066 INFO:teuthology.orchestra.run.smithi082.stdout:/usr/bin/ceph: stdout "mgrmap_epoch": 11,
2024-06-06T07:36:27.066 INFO:teuthology.orchestra.run.smithi082.stdout:/usr/bin/ceph: stdout "initialized": true
2024-06-06T07:36:27.066 INFO:teuthology.orchestra.run.smithi082.stdout:/usr/bin/ceph: stdout }
2024-06-06T07:36:27.066 INFO:teuthology.orchestra.run.smithi082.stdout:/usr/bin/ceph: stderr
2024-06-06T07:36:22.679+0000 7fe47a20a640 1 Processor -- start
2024-06-06T07:36:27.066 INFO:teuthology.orchestra.run.smithi082.stdout:/usr/bin/ceph: stderr
2024-06-06T07:36:22.679+0000 7fe47a20a640 1 -- start start
2024-06-06T07:36:27.066 INFO:teuthology.orchestra.run.smithi082.stdout:/usr/bin/ceph: stderr
2024-06-06T07:36:22.679+0000 7fe47a20a640 1 --2- >> [v2:172.21.15.82:3300/0,v1:172.21.15.82:6789/0] conn(0x7fe474106680 0x7fe474108a70 unknown :-1 s=NONE pgs=0 cs=0 l=0 rev1=0 crypto rx=0 tx=0 comp rx=0 tx=0).connect
2024-06-06T07:36:27.066 INFO:teuthology.orchestra.run.smithi082.stdout:/usr/bin/ceph: stderr
2024-06-06T07:36:22.679+0000 7fe47a20a640 1 -- --> [v2:172.21.15.82:3300/0,v1:172.21.15.82:6789/0] -- mon_getmap magic: 0 v1 -- 0x7fe474079e40 con 0x7fe474106680
2024-06-06T07:36:27.066 INFO:teuthology.orchestra.run.smithi082.stdout:/usr/bin/ceph: stderr
2024-06-06T07:36:22.680+0000 7fe4737fe640 1 --2- >> [v2:172.21.15.82:3300/0,v1:172.21.15.82:6789/0] conn(0x7fe474106680 0x7fe474108a70 unknown :-1 s=BANNER_CONNECTING pgs=0 cs=0 l=0 rev1=0 crypto rx=0 tx=0 comp rx=0 tx=0)._handle_peer_banner_payload supported=3 required=0
2024-06-06T07:36:27.067 INFO:teuthology.orchestra.run.smithi082.stdout:/usr/bin/ceph: stderr
2024-06-06T07:36:22.680+0000 7fe4737fe640 1 --2- >> [v2:172.21.15.82:3300/0,v1:172.21.15.82:6789/0] conn(0x7fe474106680 0x7fe474108a70 unknown :-1 s=HELLO_CONNECTING pgs=0 cs=0 l=0 rev1=1 crypto rx=0 tx=0 comp rx=0 tx=0).handle_hello peer v2:172.21.15.82:3300/0 says I am v2:172.21.15.82:52718/0 (socket says 172.21.15.82:52718)
2024-06-06T07:36:27.067 INFO:teuthology.orchestra.run.smithi082.stdout:/usr/bin/ceph: stderr
2024-06-06T07:36:22.680+0000 7fe4737fe640 1 -- 172.21.15.82:0/3874751082 learned_addr learned my addr 172.21.15.82:0/3874751082 (peer_addr_for_me v2:172.21.15.82:0/0)
2024-06-06T07:36:27.067 INFO:teuthology.orchestra.run.smithi082.stdout:/usr/bin/ceph: stderr
2024-06-06T07:36:22.680+0000 7fe4737fe640 1 -- 172.21.15.82:0/3874751082 --> [v2:172.21.15.82:3300/0,v1:172.21.15.82:6789/0] -- mon_subscribe({config=0+,monmap=0+}) v3 -- 0x7fe474108fb0 con 0x7fe474106680
2024-06-06T07:36:27.067 INFO:teuthology.orchestra.run.smithi082.stdout:/usr/bin/ceph: stderr
2024-06-06T07:36:22.681+0000 7fe4737fe640 1 --2- 172.21.15.82:0/3874751082 >> [v2:172.21.15.82:3300/0,v1:172.21.15.82:6789/0] conn(0x7fe474106680 0x7fe474108a70 secure :-1 s=READY pgs=69 cs=0 l=1 rev1=1 crypto rx=0x7fe45c009820 tx=0x7fe45c02a270 comp rx=0 tx=0).ready entity=mon.0 client_cookie=c04d11b9865c61dd server_cookie=0 in_seq=0 out_seq=0
2024-06-06T07:36:27.067 INFO:teuthology.orchestra.run.smithi082.stdout:/usr/bin/ceph: stderr
2024-06-06T07:36:22.681+0000 7fe4727fc640 1 -- 172.21.15.82:0/3874751082 <== mon.0 v2:172.21.15.82:3300/0 1 ==== mon_map magic: 0 v1 ==== 229+0+0 (secure 0 0 0) 0x7fe45c02ad40 con 0x7fe474106680
2024-06-06T07:36:27.067 INFO:teuthology.orchestra.run.smithi082.stdout:/usr/bin/ceph: stderr
2024-06-06T07:36:22.681+0000 7fe4727fc640 1 -- 172.21.15.82:0/3874751082 <== mon.0 v2:172.21.15.82:3300/0 2 ==== config(27 keys) v1 ==== 1109+0+0 (secure 0 0 0) 0x7fe45c032900 con 0x7fe474106680
2024-06-06T07:36:27.067 INFO:teuthology.orchestra.run.smithi082.stdout:/usr/bin/ceph: stderr
2024-06-06T07:36:22.681+0000 7fe4727fc640 1 -- 172.21.15.82:0/3874751082 <== mon.0 v2:172.21.15.82:3300/0 3 ==== mon_map magic: 0 v1 ==== 229+0+0 (secure 0 0 0) 0x7fe45c030860 con 0x7fe474106680
2024-06-06T07:36:27.067 INFO:teuthology.orchestra.run.smithi082.stdout:/usr/bin/ceph: stderr
2024-06-06T07:36:22.681+0000 7fe47a20a640 1 -- 172.21.15.82:0/3874751082 >> [v2:172.21.15.82:3300/0,v1:172.21.15.82:6789/0] conn(0x7fe474106680 msgr2=0x7fe474108a70 secure :-1 s=STATE_CONNECTION_ESTABLISHED l=1).mark_down
2024-06-06T07:36:27.067 INFO:teuthology.orchestra.run.smithi082.stdout:/usr/bin/ceph: stderr
2024-06-06T07:36:22.681+0000 7fe47a20a640 1 --2- 172.21.15.82:0/3874751082 >> [v2:172.21.15.82:3300/0,v1:172.21.15.82:6789/0] conn(0x7fe474106680 0x7fe474108a70 secure :-1 s=READY pgs=69 cs=0 l=1 rev1=1 crypto rx=0x7fe45c009820 tx=0x7fe45c02a270 comp rx=0 tx=0).stop
2024-06-06T07:36:27.067 INFO:teuthology.orchestra.run.smithi082.stdout:/usr/bin/ceph: stderr
2024-06-06T07:36:22.681+0000 7fe47a20a640 1 -- 172.21.15.82:0/3874751082 shutdown_connections
2024-06-06T07:36:27.067 INFO:teuthology.orchestra.run.smithi082.stdout:/usr/bin/ceph: stderr
2024-06-06T07:36:22.681+0000 7fe47a20a640 1 --2- 172.21.15.82:0/3874751082 >> [v2:172.21.15.82:3300/0,v1:172.21.15.82:6789/0] conn(0x7fe474106680 0x7fe474108a70 unknown :-1 s=CLOSED pgs=69 cs=0 l=1 rev1=1 crypto rx=0 tx=0 comp rx=0 tx=0).stop
2024-06-06T07:36:27.067 INFO:teuthology.orchestra.run.smithi082.stdout:/usr/bin/ceph: stderr
2024-06-06T07:36:22.681+0000 7fe47a20a640 1 -- 172.21.15.82:0/3874751082 >> 172.21.15.82:0/3874751082 conn(0x7fe4741000d0 msgr2=0x7fe4741024f0 unknown :-1 s=STATE_NONE l=0).mark_down
2024-06-06T07:36:27.067 INFO:teuthology.orchestra.run.smithi082.stdout:/usr/bin/ceph: stderr
2024-06-06T07:36:22.681+0000 7fe47a20a640 1 -- 172.21.15.82:0/3874751082 shutdown_connections
2024-06-06T07:36:27.068 INFO:teuthology.orchestra.run.smithi082.stdout:/usr/bin/ceph: stderr
2024-06-06T07:36:22.681+0000 7fe47a20a640 1 -- 172.21.15.82:0/3874751082 wait complete.
2024-06-06T07:36:27.068 INFO:teuthology.orchestra.run.smithi082.stdout:/usr/bin/ceph: stderr
2024-06-06T07:36:22.682+0000 7fe47a20a640 1 Processor -- start
2024-06-06T07:36:27.068 INFO:teuthology.orchestra.run.smithi082.stdout:/usr/bin/ceph: stderr
2024-06-06T07:36:22.682+0000 7fe47a20a640 1 -- start start
2024-06-06T07:36:27.068 INFO:teuthology.orchestra.run.smithi082.stdout:/usr/bin/ceph: stderr
2024-06-06T07:36:22.682+0000 7fe47a20a640 1 --2- >> [v2:172.21.15.82:3300/0,v1:172.21.15.82:6789/0] conn(0x7fe474106680 0x7fe4741998b0 unknown :-1 s=NONE pgs=0 cs=0 l=1 rev1=0 crypto rx=0 tx=0 comp rx=0 tx=0).connect
2024-06-06T07:36:27.068 INFO:teuthology.orchestra.run.smithi082.stdout:/usr/bin/ceph: stderr
2024-06-06T07:36:22.682+0000 7fe47a20a640 1 -- --> [v2:172.21.15.82:3300/0,v1:172.21.15.82:6789/0] -- mon_getmap magic: 0 v1 -- 0x7fe474199df0 con 0x7fe474106680
2024-06-06T07:36:27.068 INFO:teuthology.orchestra.run.smithi082.stdout:/usr/bin/ceph: stderr
2024-06-06T07:36:22.682+0000 7fe4737fe640 1 --2- >> [v2:172.21.15.82:3300/0,v1:172.21.15.82:6789/0] conn(0x7fe474106680 0x7fe4741998b0 unknown :-1 s=BANNER_CONNECTING pgs=0 cs=0 l=1 rev1=0 crypto rx=0 tx=0 comp rx=0 tx=0)._handle_peer_banner_payload supported=3 required=0
2024-06-06T07:36:27.068 INFO:teuthology.orchestra.run.smithi082.stdout:/usr/bin/ceph: stderr
2024-06-06T07:36:22.682+0000 7fe4737fe640 1 --2- >> [v2:172.21.15.82:3300/0,v1:172.21.15.82:6789/0] conn(0x7fe474106680 0x7fe4741998b0 unknown :-1 s=HELLO_CONNECTING pgs=0 cs=0 l=1 rev1=1 crypto rx=0 tx=0 comp rx=0 tx=0).handle_hello peer v2:172.21.15.82:3300/0 says I am v2:172.21.15.82:52726/0 (socket says 172.21.15.82:52726)
2024-06-06T07:36:27.068 INFO:teuthology.orchestra.run.smithi082.stdout:/usr/bin/ceph: stderr
2024-06-06T07:36:22.682+0000 7fe4737fe640 1 -- 172.21.15.82:0/3115840634 learned_addr learned my addr 172.21.15.82:0/3115840634 (peer_addr_for_me v2:172.21.15.82:0/0)
2024-06-06T07:36:27.068 INFO:teuthology.orchestra.run.smithi082.stdout:/usr/bin/ceph: stderr
2024-06-06T07:36:22.683+0000 7fe4737fe640 1 -- 172.21.15.82:0/3115840634 --> [v2:172.21.15.82:3300/0,v1:172.21.15.82:6789/0] -- mon_subscribe({config=0+,monmap=0+}) v3 -- 0x7fe45c0094d0 con 0x7fe474106680
2024-06-06T07:36:27.068 INFO:teuthology.orchestra.run.smithi082.stdout:/usr/bin/ceph: stderr
2024-06-06T07:36:22.683+0000 7fe4737fe640 1 --2- 172.21.15.82:0/3115840634 >> [v2:172.21.15.82:3300/0,v1:172.21.15.82:6789/0] conn(0x7fe474106680 0x7fe4741998b0 secure :-1 s=READY pgs=70 cs=0 l=1 rev1=1 crypto rx=0x7fe45c0097f0 tx=0x7fe45c030e90 comp rx=0 tx=0).ready entity=mon.0 client_cookie=0 server_cookie=0 in_seq=0 out_seq=0
2024-06-06T07:36:27.068 INFO:teuthology.orchestra.run.smithi082.stdout:/usr/bin/ceph: stderr
2024-06-06T07:36:22.683+0000 7fe470ff9640 1 -- 172.21.15.82:0/3115840634 <== mon.0 v2:172.21.15.82:3300/0 1 ==== mon_map magic: 0 v1 ==== 229+0+0 (secure 0 0 0) 0x7fe45c040070 con 0x7fe474106680
2024-06-06T07:36:27.068 INFO:teuthology.orchestra.run.smithi082.stdout:/usr/bin/ceph: stderr
2024-06-06T07:36:22.683+0000 7fe470ff9640 1 -- 172.21.15.82:0/3115840634 <== mon.0 v2:172.21.15.82:3300/0 2 ==== config(27 keys) v1 ==== 1109+0+0 (secure 0 0 0) 0x7fe45c032dd0 con 0x7fe474106680
2024-06-06T07:36:27.068 INFO:teuthology.orchestra.run.smithi082.stdout:/usr/bin/ceph: stderr
2024-06-06T07:36:22.683+0000 7fe47a20a640 1 -- 172.21.15.82:0/3115840634 --> [v2:172.21.15.82:3300/0,v1:172.21.15.82:6789/0] -- mon_subscribe({mgrmap=0+}) v3 -- 0x7fe474199ff0 con 0x7fe474106680
2024-06-06T07:36:27.068 INFO:teuthology.orchestra.run.smithi082.stdout:/usr/bin/ceph: stderr
2024-06-06T07:36:22.683+0000 7fe470ff9640 1 -- 172.21.15.82:0/3115840634 <== mon.0 v2:172.21.15.82:3300/0 3 ==== mon_map magic: 0 v1 ==== 229+0+0 (secure 0 0 0) 0x7fe45c03a800 con 0x7fe474106680
2024-06-06T07:36:27.069 INFO:teuthology.orchestra.run.smithi082.stdout:/usr/bin/ceph: stderr
2024-06-06T07:36:22.683+0000 7fe47a20a640 1 -- 172.21.15.82:0/3115840634 --> [v2:172.21.15.82:3300/0,v1:172.21.15.82:6789/0] -- mon_subscribe({osdmap=0}) v3 -- 0x7fe47419a490 con 0x7fe474106680
2024-06-06T07:36:27.069 INFO:teuthology.orchestra.run.smithi082.stdout:/usr/bin/ceph: stderr
2024-06-06T07:36:22.684+0000 7fe470ff9640 1 -- 172.21.15.82:0/3115840634 <== mon.0 v2:172.21.15.82:3300/0 4 ==== mgrmap(e 9) v1 ==== 44879+0+0 (secure 0 0 0) 0x7fe45c03a960 con 0x7fe474106680
2024-06-06T07:36:27.069 INFO:teuthology.orchestra.run.smithi082.stdout:/usr/bin/ceph: stderr
2024-06-06T07:36:22.684+0000 7fe470ff9640 1 --2- 172.21.15.82:0/3115840634 >> [v2:172.21.15.82:6800/1662212559,v1:172.21.15.82:6801/1662212559] conn(0x7fe4600378b0 0x7fe460039d70 unknown :-1 s=NONE pgs=0 cs=0 l=1 rev1=0 crypto rx=0 tx=0 comp rx=0 tx=0).connect
2024-06-06T07:36:27.069 INFO:teuthology.orchestra.run.smithi082.stdout:/usr/bin/ceph: stderr
2024-06-06T07:36:22.684+0000 7fe470ff9640 1 -- 172.21.15.82:0/3115840634 --> [v2:172.21.15.82:6800/1662212559,v1:172.21.15.82:6801/1662212559] -- command(tid 0: {"prefix": "get_command_descriptions"}) v1 -- 0x7fe46003a480 con 0x7fe4600378b0
2024-06-06T07:36:27.069 INFO:teuthology.orchestra.run.smithi082.stdout:/usr/bin/ceph: stderr
2024-06-06T07:36:22.684+0000 7fe470ff9640 1 -- 172.21.15.82:0/3115840634 <== mon.0 v2:172.21.15.82:3300/0 5 ==== osd_map(2..2 src has 1..2) v4 ==== 940+0+0 (secure 0 0 0) 0x7fe45c06a6a0 con 0x7fe474106680
2024-06-06T07:36:27.069 INFO:teuthology.orchestra.run.smithi082.stdout:/usr/bin/ceph: stderr
2024-06-06T07:36:22.684+0000 7fe472ffd640 1 -- 172.21.15.82:0/3115840634 >> [v2:172.21.15.82:6800/1662212559,v1:172.21.15.82:6801/1662212559] conn(0x7fe4600378b0 msgr2=0x7fe460039d70 unknown :-1 s=STATE_CONNECTING_RE l=1).process reconnect failed to v2:172.21.15.82:6800/1662212559
2024-06-06T07:36:27.069 INFO:teuthology.orchestra.run.smithi082.stdout:/usr/bin/ceph: stderr
2024-06-06T07:36:22.684+0000 7fe472ffd640 1 --2- 172.21.15.82:0/3115840634 >> [v2:172.21.15.82:6800/1662212559,v1:172.21.15.82:6801/1662212559] conn(0x7fe4600378b0 0x7fe460039d70 unknown :-1 s=START_CONNECT pgs=0 cs=0 l=1 rev1=0 crypto rx=0 tx=0 comp rx=0 tx=0)._fault waiting 0.200000
2024-06-06T07:36:27.069 INFO:teuthology.orchestra.run.smithi082.stdout:/usr/bin/ceph: stderr
2024-06-06T07:36:22.885+0000 7fe472ffd640 1 -- 172.21.15.82:0/3115840634 >> [v2:172.21.15.82:6800/1662212559,v1:172.21.15.82:6801/1662212559] conn(0x7fe4600378b0 msgr2=0x7fe460039d70 unknown :-1 s=STATE_CONNECTING_RE l=1).process reconnect failed to v2:172.21.15.82:6800/1662212559
2024-06-06T07:36:27.069 INFO:teuthology.orchestra.run.smithi082.stdout:/usr/bin/ceph: stderr
2024-06-06T07:36:22.885+0000 7fe472ffd640 1 --2- 172.21.15.82:0/3115840634 >> [v2:172.21.15.82:6800/1662212559,v1:172.21.15.82:6801/1662212559] conn(0x7fe4600378b0 0x7fe460039d70 unknown :-1 s=START_CONNECT pgs=0 cs=0 l=1 rev1=0 crypto rx=0 tx=0 comp rx=0 tx=0)._fault waiting 0.400000
2024-06-06T07:36:27.069 INFO:teuthology.orchestra.run.smithi082.stdout:/usr/bin/ceph: stderr
2024-06-06T07:36:23.286+0000 7fe472ffd640 1 -- 172.21.15.82:0/3115840634 >> [v2:172.21.15.82:6800/1662212559,v1:172.21.15.82:6801/1662212559] conn(0x7fe4600378b0 msgr2=0x7fe460039d70 unknown :-1 s=STATE_CONNECTING_RE l=1).process reconnect failed to v2:172.21.15.82:6800/1662212559
2024-06-06T07:36:27.069 INFO:teuthology.orchestra.run.smithi082.stdout:/usr/bin/ceph: stderr
2024-06-06T07:36:23.286+0000 7fe472ffd640 1 --2- 172.21.15.82:0/3115840634 >> [v2:172.21.15.82:6800/1662212559,v1:172.21.15.82:6801/1662212559] conn(0x7fe4600378b0 0x7fe460039d70 unknown :-1 s=START_CONNECT pgs=0 cs=0 l=1 rev1=0 crypto rx=0 tx=0 comp rx=0 tx=0)._fault waiting 0.800000
2024-06-06T07:36:27.069 INFO:teuthology.orchestra.run.smithi082.stdout:/usr/bin/ceph: stderr
2024-06-06T07:36:24.087+0000 7fe472ffd640 1 -- 172.21.15.82:0/3115840634 >> [v2:172.21.15.82:6800/1662212559,v1:172.21.15.82:6801/1662212559] conn(0x7fe4600378b0 msgr2=0x7fe460039d70 unknown :-1 s=STATE_CONNECTING_RE l=1).process reconnect failed to v2:172.21.15.82:6800/1662212559
2024-06-06T07:36:27.069 INFO:teuthology.orchestra.run.smithi082.stdout:/usr/bin/ceph: stderr
2024-06-06T07:36:24.087+0000 7fe472ffd640 1 --2- 172.21.15.82:0/3115840634 >> [v2:172.21.15.82:6800/1662212559,v1:172.21.15.82:6801/1662212559] conn(0x7fe4600378b0 0x7fe460039d70 unknown :-1 s=START_CONNECT pgs=0 cs=0 l=1 rev1=0 crypto rx=0 tx=0 comp rx=0 tx=0)._fault waiting 1.600000
2024-06-06T07:36:27.069 INFO:teuthology.orchestra.run.smithi082.stdout:/usr/bin/ceph: stderr
2024-06-06T07:36:25.354+0000 7fe470ff9640 1 -- 172.21.15.82:0/3115840634 <== mon.0 v2:172.21.15.82:3300/0 6 ==== mgrmap(e 10) v1 ==== 44646+0+0 (secure 0 0 0) 0x7fe45c03ccc0 con 0x7fe474106680
2024-06-06T07:36:27.070 INFO:teuthology.orchestra.run.smithi082.stdout:/usr/bin/ceph: stderr
2024-06-06T07:36:25.354+0000 7fe470ff9640 1 -- 172.21.15.82:0/3115840634 >> [v2:172.21.15.82:6800/1662212559,v1:172.21.15.82:6801/1662212559] conn(0x7fe4600378b0 msgr2=0x7fe460039d70 unknown :-1 s=STATE_CONNECTING l=1).mark_down
2024-06-06T07:36:27.070 INFO:teuthology.orchestra.run.smithi082.stdout:/usr/bin/ceph: stderr
2024-06-06T07:36:25.354+0000 7fe470ff9640 1 --2- 172.21.15.82:0/3115840634 >> [v2:172.21.15.82:6800/1662212559,v1:172.21.15.82:6801/1662212559] conn(0x7fe4600378b0 0x7fe460039d70 unknown :-1 s=START_CONNECT pgs=0 cs=0 l=1 rev1=0 crypto rx=0 tx=0 comp rx=0 tx=0).stop
2024-06-06T07:36:27.070 INFO:teuthology.orchestra.run.smithi082.stdout:/usr/bin/ceph: stderr
2024-06-06T07:36:26.353+0000 7fe470ff9640 1 -- 172.21.15.82:0/3115840634 <== mon.0 v2:172.21.15.82:3300/0 7 ==== mgrmap(e 11) v1 ==== 44773+0+0 (secure 0 0 0) 0x7fe45c03ac10 con 0x7fe474106680
2024-06-06T07:36:27.070 INFO:teuthology.orchestra.run.smithi082.stdout:/usr/bin/ceph: stderr
2024-06-06T07:36:26.353+0000 7fe470ff9640 1 --2- 172.21.15.82:0/3115840634 >> [v2:172.21.15.82:6800/493557010,v1:172.21.15.82:6801/493557010] conn(0x7fe46003b370 0x7fe46003d760 unknown :-1 s=NONE pgs=0 cs=0 l=1 rev1=0 crypto rx=0 tx=0 comp rx=0 tx=0).connect
2024-06-06T07:36:27.070 INFO:teuthology.orchestra.run.smithi082.stdout:/usr/bin/ceph: stderr
2024-06-06T07:36:26.353+0000 7fe470ff9640 1 -- 172.21.15.82:0/3115840634 --> [v2:172.21.15.82:6800/493557010,v1:172.21.15.82:6801/493557010] -- command(tid 0: {"prefix": "get_command_descriptions"}) v1 -- 0x7fe46003a480 con 0x7fe46003b370
2024-06-06T07:36:27.070 INFO:teuthology.orchestra.run.smithi082.stdout:/usr/bin/ceph: stderr
2024-06-06T07:36:26.354+0000 7fe472ffd640 1 --2- 172.21.15.82:0/3115840634 >> [v2:172.21.15.82:6800/493557010,v1:172.21.15.82:6801/493557010] conn(0x7fe46003b370 0x7fe46003d760 unknown :-1 s=BANNER_CONNECTING pgs=0 cs=0 l=1 rev1=0 crypto rx=0 tx=0 comp rx=0 tx=0)._handle_peer_banner_payload supported=3 required=0
2024-06-06T07:36:27.070 INFO:teuthology.orchestra.run.smithi082.stdout:/usr/bin/ceph: stderr
2024-06-06T07:36:26.354+0000 7fe472ffd640 1 --2- 172.21.15.82:0/3115840634 >> [v2:172.21.15.82:6800/493557010,v1:172.21.15.82:6801/493557010] conn(0x7fe46003b370 0x7fe46003d760 secure :-1 s=READY pgs=2 cs=0 l=1 rev1=1 crypto rx=0x7fe464003980 tx=0x7fe464006e10 comp rx=0 tx=0).ready entity=mgr.14160 client_cookie=0 server_cookie=0 in_seq=0 out_seq=0
2024-06-06T07:36:27.070 INFO:teuthology.orchestra.run.smithi082.stdout:/usr/bin/ceph: stderr
2024-06-06T07:36:26.355+0000 7fe470ff9640 1 -- 172.21.15.82:0/3115840634 <== mgr.14160 v2:172.21.15.82:6800/493557010 1 ==== command_reply(tid 0: 0 ) v1 ==== 8+0+7774 (secure 0 0 0) 0x7fe46003a480 con 0x7fe46003b370
2024-06-06T07:36:27.070 INFO:teuthology.orchestra.run.smithi082.stdout:/usr/bin/ceph: stderr
2024-06-06T07:36:26.361+0000 7fe47a20a640 1 -- 172.21.15.82:0/3115840634 --> [v2:172.21.15.82:6800/493557010,v1:172.21.15.82:6801/493557010] -- command(tid 1: {"prefix": "mgr_status"}) v1 -- 0x7fe474109e10 con 0x7fe46003b370
2024-06-06T07:36:27.070 INFO:teuthology.orchestra.run.smithi082.stdout:/usr/bin/ceph: stderr
2024-06-06T07:36:26.361+0000 7fe470ff9640 1 -- 172.21.15.82:0/3115840634 <== mgr.14160 v2:172.21.15.82:6800/493557010 2 ==== command_reply(tid 1: 0 ) v1 ==== 8+0+52 (secure 0 0 0) 0x7fe474109e10 con 0x7fe46003b370
2024-06-06T07:36:27.070 INFO:teuthology.orchestra.run.smithi082.stdout:/usr/bin/ceph: stderr
2024-06-06T07:36:26.361+0000 7fe47a20a640 1 -- 172.21.15.82:0/3115840634 >> [v2:172.21.15.82:6800/493557010,v1:172.21.15.82:6801/493557010] conn(0x7fe46003b370 msgr2=0x7fe46003d760 secure :-1 s=STATE_CONNECTION_ESTABLISHED l=1).mark_down
2024-06-06T07:36:27.070 INFO:teuthology.orchestra.run.smithi082.stdout:/usr/bin/ceph: stderr
2024-06-06T07:36:26.361+0000 7fe47a20a640 1 --2- 172.21.15.82:0/3115840634 >> [v2:172.21.15.82:6800/493557010,v1:172.21.15.82:6801/493557010] conn(0x7fe46003b370 0x7fe46003d760 secure :-1 s=READY pgs=2 cs=0 l=1 rev1=1 crypto rx=0x7fe464003980 tx=0x7fe464006e10 comp rx=0 tx=0).stop
2024-06-06T07:36:27.070 INFO:teuthology.orchestra.run.smithi082.stdout:/usr/bin/ceph: stderr
2024-06-06T07:36:26.361+0000 7fe47a20a640 1 -- 172.21.15.82:0/3115840634 >> [v2:172.21.15.82:3300/0,v1:172.21.15.82:6789/0] conn(0x7fe474106680 msgr2=0x7fe4741998b0 secure :-1 s=STATE_CONNECTION_ESTABLISHED l=1).mark_down
2024-06-06T07:36:27.071 INFO:teuthology.orchestra.run.smithi082.stdout:/usr/bin/ceph: stderr
2024-06-06T07:36:26.361+0000 7fe47a20a640 1 --2- 172.21.15.82:0/3115840634 >> [v2:172.21.15.82:3300/0,v1:172.21.15.82:6789/0] conn(0x7fe474106680 0x7fe4741998b0 secure :-1 s=READY pgs=70 cs=0 l=1 rev1=1 crypto rx=0x7fe45c0097f0 tx=0x7fe45c030e90 comp rx=0 tx=0).stop
2024-06-06T07:36:27.071 INFO:teuthology.orchestra.run.smithi082.stdout:/usr/bin/ceph: stderr
2024-06-06T07:36:26.361+0000 7fe47a20a640 1 -- 172.21.15.82:0/3115840634 shutdown_connections
2024-06-06T07:36:27.071 INFO:teuthology.orchestra.run.smithi082.stdout:/usr/bin/ceph: stderr
2024-06-06T07:36:26.361+0000 7fe47a20a640 1 --2- 172.21.15.82:0/3115840634 >> [v2:172.21.15.82:6800/493557010,v1:172.21.15.82:6801/493557010] conn(0x7fe46003b370 0x7fe46003d760 unknown :-1 s=CLOSED pgs=2 cs=0 l=1 rev1=1 crypto rx=0 tx=0 comp rx=0 tx=0).stop
2024-06-06T07:36:27.071 INFO:teuthology.orchestra.run.smithi082.stdout:/usr/bin/ceph: stderr
2024-06-06T07:36:26.361+0000 7fe47a20a640 1 --2- 172.21.15.82:0/3115840634 >> [v2:172.21.15.82:6800/1662212559,v1:172.21.15.82:6801/1662212559] conn(0x7fe4600378b0 0x7fe460039d70 unknown :-1 s=CLOSED pgs=0 cs=0 l=1 rev1=0 crypto rx=0 tx=0 comp rx=0 tx=0).stop
2024-06-06T07:36:27.071 INFO:teuthology.orchestra.run.smithi082.stdout:/usr/bin/ceph: stderr
2024-06-06T07:36:26.361+0000 7fe47a20a640 1 --2- 172.21.15.82:0/3115840634 >> [v2:172.21.15.82:3300/0,v1:172.21.15.82:6789/0] conn(0x7fe474106680 0x7fe4741998b0 unknown :-1 s=CLOSED pgs=70 cs=0 l=1 rev1=1 crypto rx=0 tx=0 comp rx=0 tx=0).stop
2024-06-06T07:36:27.071 INFO:teuthology.orchestra.run.smithi082.stdout:/usr/bin/ceph: stderr
2024-06-06T07:36:26.361+0000 7fe47a20a640 1 -- 172.21.15.82:0/3115840634 >> 172.21.15.82:0/3115840634 conn(0x7fe4741000d0 msgr2=0x7fe474100b70 unknown :-1 s=STATE_NONE l=0).mark_down
2024-06-06T07:36:27.071 INFO:teuthology.orchestra.run.smithi082.stdout:/usr/bin/ceph: stderr
2024-06-06T07:36:26.361+0000 7fe47a20a640 1 -- 172.21.15.82:0/3115840634 shutdown_connections
2024-06-06T07:36:27.071 INFO:teuthology.orchestra.run.smithi082.stdout:/usr/bin/ceph: stderr
2024-06-06T07:36:26.361+0000 7fe47a20a640 1 -- 172.21.15.82:0/3115840634 wait complete.
2024-06-06T07:36:27.071 INFO:teuthology.orchestra.run.smithi082.stdout:mgr epoch 9 is available
2024-06-06T07:36:27.071 INFO:teuthology.orchestra.run.smithi082.stdout:Generating a dashboard self-signed certificate...
2024-06-06T07:36:27.734 INFO:journalctl@ceph.mon.smithi082.smithi082.stdout:Jun 06 07:36:27 smithi082 ceph-mon[29354]: mgrmap e11: smithi082.kocfig(active, since 1.00526s)
2024-06-06T07:36:27.734 INFO:journalctl@ceph.mon.smithi082.smithi082.stdout:Jun 06 07:36:27 smithi082 ceph-mon[29354]: [06/Jun/2024:07:36:26] ENGINE Bus STARTING
2024-06-06T07:36:27.734 INFO:journalctl@ceph.mon.smithi082.smithi082.stdout:Jun 06 07:36:27 smithi082 ceph-mon[29354]: from='mgr.14160 172.21.15.82:0/2559890932' entity='mgr.smithi082.kocfig'
2024-06-06T07:36:28.387 INFO:teuthology.orchestra.run.smithi082.stdout:/usr/bin/ceph: stdout Self-signed certificate created
2024-06-06T07:36:28.387 INFO:teuthology.orchestra.run.smithi082.stdout:/usr/bin/ceph: stderr
2024-06-06T07:36:27.524+0000 7efdd60ed640 1 Processor -- start
2024-06-06T07:36:28.387 INFO:teuthology.orchestra.run.smithi082.stdout:/usr/bin/ceph: stderr
2024-06-06T07:36:27.524+0000 7efdd60ed640 1 -- start start
2024-06-06T07:36:28.387 INFO:teuthology.orchestra.run.smithi082.stdout:/usr/bin/ceph: stderr
2024-06-06T07:36:27.524+0000 7efdd60ed640 1 --2- >> [v2:172.21.15.82:3300/0,v1:172.21.15.82:6789/0] conn(0x7efdd0104b10 0x7efdd0104f30 unknown :-1 s=NONE pgs=0 cs=0 l=0 rev1=0 crypto rx=0 tx=0 comp rx=0 tx=0).connect
2024-06-06T07:36:28.387 INFO:teuthology.orchestra.run.smithi082.stdout:/usr/bin/ceph: stderr
2024-06-06T07:36:27.524+0000 7efdd60ed640 1 -- --> [v2:172.21.15.82:3300/0,v1:172.21.15.82:6789/0] -- mon_getmap magic: 0 v1 -- 0x7efdd0105500 con 0x7efdd0104b10
2024-06-06T07:36:28.387 INFO:teuthology.orchestra.run.smithi082.stdout:/usr/bin/ceph: stderr
2024-06-06T07:36:27.524+0000 7efdcf7fe640 1 --2- >> [v2:172.21.15.82:3300/0,v1:172.21.15.82:6789/0] conn(0x7efdd0104b10 0x7efdd0104f30 unknown :-1 s=BANNER_CONNECTING pgs=0 cs=0 l=0 rev1=0 crypto rx=0 tx=0 comp rx=0 tx=0)._handle_peer_banner_payload supported=3 required=0
2024-06-06T07:36:28.387 INFO:teuthology.orchestra.run.smithi082.stdout:/usr/bin/ceph: stderr
2024-06-06T07:36:27.524+0000 7efdcf7fe640 1 --2- >> [v2:172.21.15.82:3300/0,v1:172.21.15.82:6789/0] conn(0x7efdd0104b10 0x7efdd0104f30 unknown :-1 s=HELLO_CONNECTING pgs=0 cs=0 l=0 rev1=1 crypto rx=0 tx=0 comp rx=0 tx=0).handle_hello peer v2:172.21.15.82:3300/0 says I am v2:172.21.15.82:56876/0 (socket says 172.21.15.82:56876)
2024-06-06T07:36:28.387 INFO:teuthology.orchestra.run.smithi082.stdout:/usr/bin/ceph: stderr
2024-06-06T07:36:27.524+0000 7efdcf7fe640 1 -- 172.21.15.82:0/4151072911 learned_addr learned my addr 172.21.15.82:0/4151072911 (peer_addr_for_me v2:172.21.15.82:0/0)
2024-06-06T07:36:28.388 INFO:teuthology.orchestra.run.smithi082.stdout:/usr/bin/ceph: stderr
2024-06-06T07:36:27.524+0000 7efdcf7fe640 1 -- 172.21.15.82:0/4151072911 --> [v2:172.21.15.82:3300/0,v1:172.21.15.82:6789/0] -- mon_subscribe({config=0+,monmap=0+}) v3 -- 0x7efdd0105d10 con 0x7efdd0104b10
2024-06-06T07:36:28.388 INFO:teuthology.orchestra.run.smithi082.stdout:/usr/bin/ceph: stderr
2024-06-06T07:36:27.525+0000 7efdcf7fe640 1 --2- 172.21.15.82:0/4151072911 >> [v2:172.21.15.82:3300/0,v1:172.21.15.82:6789/0] conn(0x7efdd0104b10 0x7efdd0104f30 secure :-1 s=READY pgs=78 cs=0 l=1 rev1=1 crypto rx=0x7efdc0009820 tx=0x7efdc002a270 comp rx=0 tx=0).ready entity=mon.0 client_cookie=582aac38d2785483 server_cookie=0 in_seq=0 out_seq=0
2024-06-06T07:36:28.388 INFO:teuthology.orchestra.run.smithi082.stdout:/usr/bin/ceph: stderr
2024-06-06T07:36:27.525+0000 7efdce7fc640 1 -- 172.21.15.82:0/4151072911 <== mon.0 v2:172.21.15.82:3300/0 1 ==== mon_map magic: 0 v1 ==== 229+0+0 (secure 0 0 0) 0x7efdc002ad40 con 0x7efdd0104b10
2024-06-06T07:36:28.388 INFO:teuthology.orchestra.run.smithi082.stdout:/usr/bin/ceph: stderr
2024-06-06T07:36:27.525+0000 7efdce7fc640 1 -- 172.21.15.82:0/4151072911 <== mon.0 v2:172.21.15.82:3300/0 2 ==== config(27 keys) v1 ==== 1109+0+0 (secure 0 0 0) 0x7efdc0032900 con 0x7efdd0104b10
2024-06-06T07:36:28.388 INFO:teuthology.orchestra.run.smithi082.stdout:/usr/bin/ceph: stderr
2024-06-06T07:36:27.525+0000 7efdce7fc640 1 -- 172.21.15.82:0/4151072911 <== mon.0 v2:172.21.15.82:3300/0 3 ==== mon_map magic: 0 v1 ==== 229+0+0 (secure 0 0 0) 0x7efdc0030860 con 0x7efdd0104b10
2024-06-06T07:36:28.388 INFO:teuthology.orchestra.run.smithi082.stdout:/usr/bin/ceph: stderr
2024-06-06T07:36:27.526+0000 7efdd60ed640 1 -- 172.21.15.82:0/4151072911 >> [v2:172.21.15.82:3300/0,v1:172.21.15.82:6789/0] conn(0x7efdd0104b10 msgr2=0x7efdd0104f30 secure :-1 s=STATE_CONNECTION_ESTABLISHED l=1).mark_down
2024-06-06T07:36:28.388 INFO:teuthology.orchestra.run.smithi082.stdout:/usr/bin/ceph: stderr
2024-06-06T07:36:27.526+0000 7efdd60ed640 1 --2- 172.21.15.82:0/4151072911 >> [v2:172.21.15.82:3300/0,v1:172.21.15.82:6789/0] conn(0x7efdd0104b10 0x7efdd0104f30 secure :-1 s=READY pgs=78 cs=0 l=1 rev1=1 crypto rx=0x7efdc0009820 tx=0x7efdc002a270 comp rx=0 tx=0).stop
2024-06-06T07:36:28.388 INFO:teuthology.orchestra.run.smithi082.stdout:/usr/bin/ceph: stderr
2024-06-06T07:36:27.526+0000 7efdd60ed640 1 -- 172.21.15.82:0/4151072911 shutdown_connections
2024-06-06T07:36:28.388 INFO:teuthology.orchestra.run.smithi082.stdout:/usr/bin/ceph: stderr
2024-06-06T07:36:27.526+0000 7efdd60ed640 1 --2- 172.21.15.82:0/4151072911 >> [v2:172.21.15.82:3300/0,v1:172.21.15.82:6789/0] conn(0x7efdd0104b10 0x7efdd0104f30 unknown :-1 s=CLOSED pgs=78 cs=0 l=1 rev1=1 crypto rx=0 tx=0 comp rx=0 tx=0).stop
2024-06-06T07:36:28.388 INFO:teuthology.orchestra.run.smithi082.stdout:/usr/bin/ceph: stderr
2024-06-06T07:36:27.526+0000 7efdd60ed640 1 -- 172.21.15.82:0/4151072911 >> 172.21.15.82:0/4151072911 conn(0x7efdd01000d0 msgr2=0x7efdd01024f0 unknown :-1 s=STATE_NONE l=0).mark_down
2024-06-06T07:36:28.388 INFO:teuthology.orchestra.run.smithi082.stdout:/usr/bin/ceph: stderr
2024-06-06T07:36:27.526+0000 7efdd60ed640 1 -- 172.21.15.82:0/4151072911 shutdown_connections
2024-06-06T07:36:28.388 INFO:teuthology.orchestra.run.smithi082.stdout:/usr/bin/ceph: stderr
2024-06-06T07:36:27.526+0000 7efdd60ed640 1 -- 172.21.15.82:0/4151072911 wait complete.
2024-06-06T07:36:28.388 INFO:teuthology.orchestra.run.smithi082.stdout:/usr/bin/ceph: stderr
2024-06-06T07:36:27.527+0000 7efdd60ed640 1 Processor -- start
2024-06-06T07:36:28.389 INFO:teuthology.orchestra.run.smithi082.stdout:/usr/bin/ceph: stderr
2024-06-06T07:36:27.527+0000 7efdd60ed640 1 -- start start
2024-06-06T07:36:28.389 INFO:teuthology.orchestra.run.smithi082.stdout:/usr/bin/ceph: stderr
2024-06-06T07:36:27.527+0000 7efdd60ed640 1 --2- >> [v2:172.21.15.82:3300/0,v1:172.21.15.82:6789/0] conn(0x7efdd0104b10 0x7efdd01998f0 unknown :-1 s=NONE pgs=0 cs=0 l=1 rev1=0 crypto rx=0 tx=0 comp rx=0 tx=0).connect
2024-06-06T07:36:28.389 INFO:teuthology.orchestra.run.smithi082.stdout:/usr/bin/ceph: stderr
2024-06-06T07:36:27.527+0000 7efdd60ed640 1 -- --> [v2:172.21.15.82:3300/0,v1:172.21.15.82:6789/0] -- mon_getmap magic: 0 v1 -- 0x7efdd0199e30 con 0x7efdd0104b10
2024-06-06T07:36:28.389 INFO:teuthology.orchestra.run.smithi082.stdout:/usr/bin/ceph: stderr
2024-06-06T07:36:27.527+0000 7efdcf7fe640 1 --2- >> [v2:172.21.15.82:3300/0,v1:172.21.15.82:6789/0] conn(0x7efdd0104b10 0x7efdd01998f0 unknown :-1 s=BANNER_CONNECTING pgs=0 cs=0 l=1 rev1=0 crypto rx=0 tx=0 comp rx=0 tx=0)._handle_peer_banner_payload supported=3 required=0
2024-06-06T07:36:28.389 INFO:teuthology.orchestra.run.smithi082.stdout:/usr/bin/ceph: stderr
2024-06-06T07:36:27.527+0000 7efdcf7fe640 1 --2- >> [v2:172.21.15.82:3300/0,v1:172.21.15.82:6789/0] conn(0x7efdd0104b10 0x7efdd01998f0 unknown :-1 s=HELLO_CONNECTING pgs=0 cs=0 l=1 rev1=1 crypto rx=0 tx=0 comp rx=0 tx=0).handle_hello peer v2:172.21.15.82:3300/0 says I am v2:172.21.15.82:56882/0 (socket says 172.21.15.82:56882)
2024-06-06T07:36:28.389 INFO:teuthology.orchestra.run.smithi082.stdout:/usr/bin/ceph: stderr
2024-06-06T07:36:27.527+0000 7efdcf7fe640 1 -- 172.21.15.82:0/79778278 learned_addr learned my addr 172.21.15.82:0/79778278 (peer_addr_for_me v2:172.21.15.82:0/0)
2024-06-06T07:36:28.389 INFO:teuthology.orchestra.run.smithi082.stdout:/usr/bin/ceph: stderr
2024-06-06T07:36:27.527+0000 7efdcf7fe640 1 -- 172.21.15.82:0/79778278 --> [v2:172.21.15.82:3300/0,v1:172.21.15.82:6789/0] -- mon_subscribe({config=0+,monmap=0+}) v3 -- 0x7efdc00094d0 con 0x7efdd0104b10
2024-06-06T07:36:28.389 INFO:teuthology.orchestra.run.smithi082.stdout:/usr/bin/ceph: stderr
2024-06-06T07:36:27.527+0000 7efdcf7fe640 1 --2- 172.21.15.82:0/79778278 >> [v2:172.21.15.82:3300/0,v1:172.21.15.82:6789/0] conn(0x7efdd0104b10 0x7efdd01998f0 secure :-1 s=READY pgs=79 cs=0 l=1 rev1=1 crypto rx=0x7efdc0009940 tx=0x7efdc0032670 comp rx=0 tx=0).ready entity=mon.0 client_cookie=0 server_cookie=0 in_seq=0 out_seq=0
2024-06-06T07:36:28.389 INFO:teuthology.orchestra.run.smithi082.stdout:/usr/bin/ceph: stderr
2024-06-06T07:36:27.528+0000 7efdccff9640 1 -- 172.21.15.82:0/79778278 <== mon.0 v2:172.21.15.82:3300/0 1 ==== mon_map magic: 0 v1 ==== 229+0+0 (secure 0 0 0) 0x7efdc0032c80 con 0x7efdd0104b10
2024-06-06T07:36:28.389 INFO:teuthology.orchestra.run.smithi082.stdout:/usr/bin/ceph: stderr
2024-06-06T07:36:27.528+0000 7efdd60ed640 1 -- 172.21.15.82:0/79778278 --> [v2:172.21.15.82:3300/0,v1:172.21.15.82:6789/0] -- mon_subscribe({mgrmap=0+}) v3 -- 0x7efdd019a030 con 0x7efdd0104b10
2024-06-06T07:36:28.389 INFO:teuthology.orchestra.run.smithi082.stdout:/usr/bin/ceph: stderr
2024-06-06T07:36:27.528+0000 7efdccff9640 1 -- 172.21.15.82:0/79778278 <== mon.0 v2:172.21.15.82:3300/0 2 ==== config(27 keys) v1 ==== 1109+0+0 (secure 0 0 0) 0x7efdc0032de0 con 0x7efdd0104b10
2024-06-06T07:36:28.389 INFO:teuthology.orchestra.run.smithi082.stdout:/usr/bin/ceph: stderr
2024-06-06T07:36:27.528+0000 7efdd60ed640 1 -- 172.21.15.82:0/79778278 --> [v2:172.21.15.82:3300/0,v1:172.21.15.82:6789/0] -- mon_subscribe({osdmap=0}) v3 -- 0x7efdd019a4d0 con 0x7efdd0104b10
2024-06-06T07:36:28.390 INFO:teuthology.orchestra.run.smithi082.stdout:/usr/bin/ceph: stderr
2024-06-06T07:36:27.528+0000 7efdccff9640 1 -- 172.21.15.82:0/79778278 <== mon.0 v2:172.21.15.82:3300/0 3 ==== mon_map magic: 0 v1 ==== 229+0+0 (secure 0 0 0) 0x7efdc003a730 con 0x7efdd0104b10
2024-06-06T07:36:28.390 INFO:teuthology.orchestra.run.smithi082.stdout:/usr/bin/ceph: stderr
2024-06-06T07:36:27.528+0000 7efdccff9640 1 -- 172.21.15.82:0/79778278 <== mon.0 v2:172.21.15.82:3300/0 4 ==== mgrmap(e 11) v1 ==== 44773+0+0 (secure 0 0 0) 0x7efdc003a9f0 con 0x7efdd0104b10
2024-06-06T07:36:28.390 INFO:teuthology.orchestra.run.smithi082.stdout:/usr/bin/ceph: stderr
2024-06-06T07:36:27.529+0000 7efdccff9640 1 --2- 172.21.15.82:0/79778278 >> [v2:172.21.15.82:6800/493557010,v1:172.21.15.82:6801/493557010] conn(0x7efdb8037790 0x7efdb8039c50 unknown :-1 s=NONE pgs=0 cs=0 l=1 rev1=0 crypto rx=0 tx=0 comp rx=0 tx=0).connect
2024-06-06T07:36:28.390 INFO:teuthology.orchestra.run.smithi082.stdout:/usr/bin/ceph: stderr
2024-06-06T07:36:27.529+0000 7efdccff9640 1 -- 172.21.15.82:0/79778278 <== mon.0 v2:172.21.15.82:3300/0 5 ==== osd_map(3..3 src has 1..3) v4 ==== 1155+0+0 (secure 0 0 0) 0x7efdc006b950 con 0x7efdd0104b10
2024-06-06T07:36:28.390 INFO:teuthology.orchestra.run.smithi082.stdout:/usr/bin/ceph: stderr
