2024-06-06T07:36:07.528+0000 7f351113b640 1 -- 172.21.15.82:0/4049975439 shutdown_connections
2024-06-06T07:36:08.719 INFO:teuthology.orchestra.run.smithi082.stdout:/usr/bin/ceph: stderr
2024-06-06T07:36:07.528+0000 7f351113b640 1 -- 172.21.15.82:0/4049975439 wait complete.
2024-06-06T07:36:08.719 INFO:teuthology.orchestra.run.smithi082.stdout:Deploying crash service with default placement...
2024-06-06T07:36:09.345 INFO:journalctl@ceph.mon.smithi082.smithi082.stdout:Jun 06 07:36:09 smithi082 ceph-mon[29354]: from='mgr.14116 172.21.15.82:0/2100426720' entity='mgr.smithi082.kocfig'
2024-06-06T07:36:10.003 INFO:teuthology.orchestra.run.smithi082.stdout:/usr/bin/ceph: stdout Scheduled crash update...
2024-06-06T07:36:10.004 INFO:teuthology.orchestra.run.smithi082.stdout:/usr/bin/ceph: stderr
2024-06-06T07:36:09.128+0000 7fee0e595640 1 Processor -- start
2024-06-06T07:36:10.004 INFO:teuthology.orchestra.run.smithi082.stdout:/usr/bin/ceph: stderr
2024-06-06T07:36:09.128+0000 7fee0e595640 1 -- start start
2024-06-06T07:36:10.004 INFO:teuthology.orchestra.run.smithi082.stdout:/usr/bin/ceph: stderr
2024-06-06T07:36:09.128+0000 7fee0e595640 1 --2- >> [v2:172.21.15.82:3300/0,v1:172.21.15.82:6789/0] conn(0x7fee08106680 0x7fee08108a70 unknown :-1 s=NONE pgs=0 cs=0 l=0 rev1=0 crypto rx=0 tx=0 comp rx=0 tx=0).connect
2024-06-06T07:36:10.004 INFO:teuthology.orchestra.run.smithi082.stdout:/usr/bin/ceph: stderr
2024-06-06T07:36:09.128+0000 7fee0e595640 1 -- --> [v2:172.21.15.82:3300/0,v1:172.21.15.82:6789/0] -- mon_getmap magic: 0 v1 -- 0x7fee08079e40 con 0x7fee08106680
2024-06-06T07:36:10.004 INFO:teuthology.orchestra.run.smithi082.stdout:/usr/bin/ceph: stderr
2024-06-06T07:36:09.128+0000 7fee07fff640 1 --2- >> [v2:172.21.15.82:3300/0,v1:172.21.15.82:6789/0] conn(0x7fee08106680 0x7fee08108a70 unknown :-1 s=BANNER_CONNECTING pgs=0 cs=0 l=0 rev1=0 crypto rx=0 tx=0 comp rx=0 tx=0)._handle_peer_banner_payload supported=3 required=0
2024-06-06T07:36:10.004 INFO:teuthology.orchestra.run.smithi082.stdout:/usr/bin/ceph: stderr
2024-06-06T07:36:09.128+0000 7fee07fff640 1 --2- >> [v2:172.21.15.82:3300/0,v1:172.21.15.82:6789/0] conn(0x7fee08106680 0x7fee08108a70 unknown :-1 s=HELLO_CONNECTING pgs=0 cs=0 l=0 rev1=1 crypto rx=0 tx=0 comp rx=0 tx=0).handle_hello peer v2:172.21.15.82:3300/0 says I am v2:172.21.15.82:33198/0 (socket says 172.21.15.82:33198)
2024-06-06T07:36:10.004 INFO:teuthology.orchestra.run.smithi082.stdout:/usr/bin/ceph: stderr
2024-06-06T07:36:09.128+0000 7fee07fff640 1 -- 172.21.15.82:0/3577955124 learned_addr learned my addr 172.21.15.82:0/3577955124 (peer_addr_for_me v2:172.21.15.82:0/0)
2024-06-06T07:36:10.004 INFO:teuthology.orchestra.run.smithi082.stdout:/usr/bin/ceph: stderr
2024-06-06T07:36:09.129+0000 7fee07fff640 1 -- 172.21.15.82:0/3577955124 --> [v2:172.21.15.82:3300/0,v1:172.21.15.82:6789/0] -- mon_subscribe({config=0+,monmap=0+}) v3 -- 0x7fee08108fb0 con 0x7fee08106680
2024-06-06T07:36:10.004 INFO:teuthology.orchestra.run.smithi082.stdout:/usr/bin/ceph: stderr
2024-06-06T07:36:09.129+0000 7fee07fff640 1 --2- 172.21.15.82:0/3577955124 >> [v2:172.21.15.82:3300/0,v1:172.21.15.82:6789/0] conn(0x7fee08106680 0x7fee08108a70 secure :-1 s=READY pgs=47 cs=0 l=1 rev1=1 crypto rx=0x7fedf8009820 tx=0x7fedf802a270 comp rx=0 tx=0).ready entity=mon.0 client_cookie=a6e9274a8e83336f server_cookie=0 in_seq=0 out_seq=0
2024-06-06T07:36:10.004 INFO:teuthology.orchestra.run.smithi082.stdout:/usr/bin/ceph: stderr
2024-06-06T07:36:09.130+0000 7fee06ffd640 1 -- 172.21.15.82:0/3577955124 <== mon.0 v2:172.21.15.82:3300/0 1 ==== mon_map magic: 0 v1 ==== 229+0+0 (secure 0 0 0) 0x7fedf802ad40 con 0x7fee08106680
2024-06-06T07:36:10.004 INFO:teuthology.orchestra.run.smithi082.stdout:/usr/bin/ceph: stderr
2024-06-06T07:36:09.130+0000 7fee06ffd640 1 -- 172.21.15.82:0/3577955124 <== mon.0 v2:172.21.15.82:3300/0 2 ==== config(27 keys) v1 ==== 1109+0+0 (secure 0 0 0) 0x7fedf8032900 con 0x7fee08106680
2024-06-06T07:36:10.004 INFO:teuthology.orchestra.run.smithi082.stdout:/usr/bin/ceph: stderr
2024-06-06T07:36:09.130+0000 7fee06ffd640 1 -- 172.21.15.82:0/3577955124 <== mon.0 v2:172.21.15.82:3300/0 3 ==== mon_map magic: 0 v1 ==== 229+0+0 (secure 0 0 0) 0x7fedf8030860 con 0x7fee08106680
2024-06-06T07:36:10.005 INFO:teuthology.orchestra.run.smithi082.stdout:/usr/bin/ceph: stderr
2024-06-06T07:36:09.130+0000 7fee0e595640 1 -- 172.21.15.82:0/3577955124 >> [v2:172.21.15.82:3300/0,v1:172.21.15.82:6789/0] conn(0x7fee08106680 msgr2=0x7fee08108a70 secure :-1 s=STATE_CONNECTION_ESTABLISHED l=1).mark_down
2024-06-06T07:36:10.005 INFO:teuthology.orchestra.run.smithi082.stdout:/usr/bin/ceph: stderr
2024-06-06T07:36:09.130+0000 7fee0e595640 1 --2- 172.21.15.82:0/3577955124 >> [v2:172.21.15.82:3300/0,v1:172.21.15.82:6789/0] conn(0x7fee08106680 0x7fee08108a70 secure :-1 s=READY pgs=47 cs=0 l=1 rev1=1 crypto rx=0x7fedf8009820 tx=0x7fedf802a270 comp rx=0 tx=0).stop
2024-06-06T07:36:10.005 INFO:teuthology.orchestra.run.smithi082.stdout:/usr/bin/ceph: stderr
2024-06-06T07:36:09.130+0000 7fee0e595640 1 -- 172.21.15.82:0/3577955124 shutdown_connections
2024-06-06T07:36:10.005 INFO:teuthology.orchestra.run.smithi082.stdout:/usr/bin/ceph: stderr
2024-06-06T07:36:09.130+0000 7fee0e595640 1 --2- 172.21.15.82:0/3577955124 >> [v2:172.21.15.82:3300/0,v1:172.21.15.82:6789/0] conn(0x7fee08106680 0x7fee08108a70 unknown :-1 s=CLOSED pgs=47 cs=0 l=1 rev1=1 crypto rx=0 tx=0 comp rx=0 tx=0).stop
2024-06-06T07:36:10.005 INFO:teuthology.orchestra.run.smithi082.stdout:/usr/bin/ceph: stderr
2024-06-06T07:36:09.130+0000 7fee0e595640 1 -- 172.21.15.82:0/3577955124 >> 172.21.15.82:0/3577955124 conn(0x7fee081000d0 msgr2=0x7fee081024f0 unknown :-1 s=STATE_NONE l=0).mark_down
2024-06-06T07:36:10.005 INFO:teuthology.orchestra.run.smithi082.stdout:/usr/bin/ceph: stderr
2024-06-06T07:36:09.130+0000 7fee0e595640 1 -- 172.21.15.82:0/3577955124 shutdown_connections
2024-06-06T07:36:10.005 INFO:teuthology.orchestra.run.smithi082.stdout:/usr/bin/ceph: stderr
2024-06-06T07:36:09.130+0000 7fee0e595640 1 -- 172.21.15.82:0/3577955124 wait complete.
2024-06-06T07:36:10.005 INFO:teuthology.orchestra.run.smithi082.stdout:/usr/bin/ceph: stderr
2024-06-06T07:36:09.131+0000 7fee0e595640 1 Processor -- start
2024-06-06T07:36:10.005 INFO:teuthology.orchestra.run.smithi082.stdout:/usr/bin/ceph: stderr
2024-06-06T07:36:09.131+0000 7fee0e595640 1 -- start start
2024-06-06T07:36:10.005 INFO:teuthology.orchestra.run.smithi082.stdout:/usr/bin/ceph: stderr
2024-06-06T07:36:09.131+0000 7fee0e595640 1 --2- >> [v2:172.21.15.82:3300/0,v1:172.21.15.82:6789/0] conn(0x7fee08106680 0x7fee08105eb0 unknown :-1 s=NONE pgs=0 cs=0 l=1 rev1=0 crypto rx=0 tx=0 comp rx=0 tx=0).connect
2024-06-06T07:36:10.005 INFO:teuthology.orchestra.run.smithi082.stdout:/usr/bin/ceph: stderr
2024-06-06T07:36:09.131+0000 7fee0e595640 1 -- --> [v2:172.21.15.82:3300/0,v1:172.21.15.82:6789/0] -- mon_getmap magic: 0 v1 -- 0x7fee081063f0 con 0x7fee08106680
2024-06-06T07:36:10.006 INFO:teuthology.orchestra.run.smithi082.stdout:/usr/bin/ceph: stderr
2024-06-06T07:36:09.132+0000 7fee07fff640 1 --2- >> [v2:172.21.15.82:3300/0,v1:172.21.15.82:6789/0] conn(0x7fee08106680 0x7fee08105eb0 unknown :-1 s=BANNER_CONNECTING pgs=0 cs=0 l=1 rev1=0 crypto rx=0 tx=0 comp rx=0 tx=0)._handle_peer_banner_payload supported=3 required=0
2024-06-06T07:36:10.006 INFO:teuthology.orchestra.run.smithi082.stdout:/usr/bin/ceph: stderr
2024-06-06T07:36:09.132+0000 7fee07fff640 1 --2- >> [v2:172.21.15.82:3300/0,v1:172.21.15.82:6789/0] conn(0x7fee08106680 0x7fee08105eb0 unknown :-1 s=HELLO_CONNECTING pgs=0 cs=0 l=1 rev1=1 crypto rx=0 tx=0 comp rx=0 tx=0).handle_hello peer v2:172.21.15.82:3300/0 says I am v2:172.21.15.82:33210/0 (socket says 172.21.15.82:33210)
2024-06-06T07:36:10.006 INFO:teuthology.orchestra.run.smithi082.stdout:/usr/bin/ceph: stderr
2024-06-06T07:36:09.132+0000 7fee07fff640 1 -- 172.21.15.82:0/3631213499 learned_addr learned my addr 172.21.15.82:0/3631213499 (peer_addr_for_me v2:172.21.15.82:0/0)
2024-06-06T07:36:10.006 INFO:teuthology.orchestra.run.smithi082.stdout:/usr/bin/ceph: stderr
2024-06-06T07:36:09.132+0000 7fee07fff640 1 -- 172.21.15.82:0/3631213499 --> [v2:172.21.15.82:3300/0,v1:172.21.15.82:6789/0] -- mon_subscribe({config=0+,monmap=0+}) v3 -- 0x7fedf80094d0 con 0x7fee08106680
2024-06-06T07:36:10.006 INFO:teuthology.orchestra.run.smithi082.stdout:/usr/bin/ceph: stderr
2024-06-06T07:36:09.132+0000 7fee07fff640 1 --2- 172.21.15.82:0/3631213499 >> [v2:172.21.15.82:3300/0,v1:172.21.15.82:6789/0] conn(0x7fee08106680 0x7fee08105eb0 secure :-1 s=READY pgs=48 cs=0 l=1 rev1=1 crypto rx=0x7fedf80097f0 tx=0x7fedf8030e90 comp rx=0 tx=0).ready entity=mon.0 client_cookie=0 server_cookie=0 in_seq=0 out_seq=0
2024-06-06T07:36:10.006 INFO:teuthology.orchestra.run.smithi082.stdout:/usr/bin/ceph: stderr
2024-06-06T07:36:09.132+0000 7fee057fa640 1 -- 172.21.15.82:0/3631213499 <== mon.0 v2:172.21.15.82:3300/0 1 ==== mon_map magic: 0 v1 ==== 229+0+0 (secure 0 0 0) 0x7fedf8040070 con 0x7fee08106680
2024-06-06T07:36:10.006 INFO:teuthology.orchestra.run.smithi082.stdout:/usr/bin/ceph: stderr
2024-06-06T07:36:09.132+0000 7fee0e595640 1 -- 172.21.15.82:0/3631213499 --> [v2:172.21.15.82:3300/0,v1:172.21.15.82:6789/0] -- mon_subscribe({mgrmap=0+}) v3 -- 0x7fee08104630 con 0x7fee08106680
2024-06-06T07:36:10.006 INFO:teuthology.orchestra.run.smithi082.stdout:/usr/bin/ceph: stderr
2024-06-06T07:36:09.132+0000 7fee057fa640 1 -- 172.21.15.82:0/3631213499 <== mon.0 v2:172.21.15.82:3300/0 2 ==== config(27 keys) v1 ==== 1109+0+0 (secure 0 0 0) 0x7fedf8032dd0 con 0x7fee08106680
2024-06-06T07:36:10.006 INFO:teuthology.orchestra.run.smithi082.stdout:/usr/bin/ceph: stderr
2024-06-06T07:36:09.132+0000 7fee057fa640 1 -- 172.21.15.82:0/3631213499 <== mon.0 v2:172.21.15.82:3300/0 3 ==== mon_map magic: 0 v1 ==== 229+0+0 (secure 0 0 0) 0x7fedf803a800 con 0x7fee08106680
2024-06-06T07:36:10.006 INFO:teuthology.orchestra.run.smithi082.stdout:/usr/bin/ceph: stderr
2024-06-06T07:36:09.132+0000 7fee0e595640 1 -- 172.21.15.82:0/3631213499 --> [v2:172.21.15.82:3300/0,v1:172.21.15.82:6789/0] -- mon_subscribe({osdmap=0}) v3 -- 0x7fee08104ad0 con 0x7fee08106680
2024-06-06T07:36:10.006 INFO:teuthology.orchestra.run.smithi082.stdout:/usr/bin/ceph: stderr
2024-06-06T07:36:09.133+0000 7fee057fa640 1 -- 172.21.15.82:0/3631213499 <== mon.0 v2:172.21.15.82:3300/0 4 ==== mgrmap(e 8) v1 ==== 44866+0+0 (secure 0 0 0) 0x7fedf803a960 con 0x7fee08106680
2024-06-06T07:36:10.006 INFO:teuthology.orchestra.run.smithi082.stdout:/usr/bin/ceph: stderr
2024-06-06T07:36:09.133+0000 7fee057fa640 1 --2- 172.21.15.82:0/3631213499 >> [v2:172.21.15.82:6800/1662212559,v1:172.21.15.82:6801/1662212559] conn(0x7fedf0037860 0x7fedf0039d20 unknown :-1 s=NONE pgs=0 cs=0 l=1 rev1=0 crypto rx=0 tx=0 comp rx=0 tx=0).connect
2024-06-06T07:36:10.007 INFO:teuthology.orchestra.run.smithi082.stdout:/usr/bin/ceph: stderr
2024-06-06T07:36:09.133+0000 7fee057fa640 1 -- 172.21.15.82:0/3631213499 <== mon.0 v2:172.21.15.82:3300/0 5 ==== osd_map(2..2 src has 1..2) v4 ==== 940+0+0 (secure 0 0 0) 0x7fedf806b620 con 0x7fee08106680
2024-06-06T07:36:10.007 INFO:teuthology.orchestra.run.smithi082.stdout:/usr/bin/ceph: stderr
2024-06-06T07:36:09.133+0000 7fee0e595640 1 -- 172.21.15.82:0/3631213499 --> [v2:172.21.15.82:3300/0,v1:172.21.15.82:6789/0] -- mon_command({"prefix": "get_command_descriptions"} v 0) v1 -- 0x7fee08061ae0 con 0x7fee08106680
2024-06-06T07:36:10.007 INFO:teuthology.orchestra.run.smithi082.stdout:/usr/bin/ceph: stderr
2024-06-06T07:36:09.134+0000 7fee077fe640 1 --2- 172.21.15.82:0/3631213499 >> [v2:172.21.15.82:6800/1662212559,v1:172.21.15.82:6801/1662212559] conn(0x7fedf0037860 0x7fedf0039d20 unknown :-1 s=BANNER_CONNECTING pgs=0 cs=0 l=1 rev1=0 crypto rx=0 tx=0 comp rx=0 tx=0)._handle_peer_banner_payload supported=3 required=0
2024-06-06T07:36:10.007 INFO:teuthology.orchestra.run.smithi082.stdout:/usr/bin/ceph: stderr
2024-06-06T07:36:09.134+0000 7fee077fe640 1 --2- 172.21.15.82:0/3631213499 >> [v2:172.21.15.82:6800/1662212559,v1:172.21.15.82:6801/1662212559] conn(0x7fedf0037860 0x7fedf0039d20 secure :-1 s=READY pgs=14 cs=0 l=1 rev1=1 crypto rx=0x7fedfc0098c0 tx=0x7fedfc006db0 comp rx=0 tx=0).ready entity=mgr.14116 client_cookie=0 server_cookie=0 in_seq=0 out_seq=0
2024-06-06T07:36:10.007 INFO:teuthology.orchestra.run.smithi082.stdout:/usr/bin/ceph: stderr
2024-06-06T07:36:09.138+0000 7fee057fa640 1 -- 172.21.15.82:0/3631213499 <== mon.0 v2:172.21.15.82:3300/0 6 ==== mon_command_ack([{"prefix": "get_command_descriptions"}]=0 v0) v1 ==== 72+0+182498 (secure 0 0 0) 0x7fedf8039b70 con 0x7fee08106680
2024-06-06T07:36:10.007 INFO:teuthology.orchestra.run.smithi082.stdout:/usr/bin/ceph: stderr
2024-06-06T07:36:09.344+0000 7fee0e595640 1 -- 172.21.15.82:0/3631213499 --> [v2:172.21.15.82:6800/1662212559,v1:172.21.15.82:6801/1662212559] -- mgr_command(tid 0: {"prefix": "orch apply", "service_type": "crash", "target": ["mon-mgr", ""]}) v1 -- 0x7fee08105020 con 0x7fedf0037860
2024-06-06T07:36:10.007 INFO:teuthology.orchestra.run.smithi082.stdout:/usr/bin/ceph: stderr
2024-06-06T07:36:09.352+0000 7fee057fa640 1 -- 172.21.15.82:0/3631213499 <== mgr.14116 v2:172.21.15.82:6800/1662212559 1 ==== mgr_command_reply(tid 0: 0 ) v1 ==== 8+0+26 (secure 0 0 0) 0x7fee08105020 con 0x7fedf0037860
2024-06-06T07:36:10.007 INFO:teuthology.orchestra.run.smithi082.stdout:/usr/bin/ceph: stderr
2024-06-06T07:36:09.354+0000 7fee0e595640 1 -- 172.21.15.82:0/3631213499 >> [v2:172.21.15.82:6800/1662212559,v1:172.21.15.82:6801/1662212559] conn(0x7fedf0037860 msgr2=0x7fedf0039d20 secure :-1 s=STATE_CONNECTION_ESTABLISHED l=1).mark_down
2024-06-06T07:36:10.007 INFO:teuthology.orchestra.run.smithi082.stdout:/usr/bin/ceph: stderr
2024-06-06T07:36:09.354+0000 7fee0e595640 1 --2- 172.21.15.82:0/3631213499 >> [v2:172.21.15.82:6800/1662212559,v1:172.21.15.82:6801/1662212559] conn(0x7fedf0037860 0x7fedf0039d20 secure :-1 s=READY pgs=14 cs=0 l=1 rev1=1 crypto rx=0x7fedfc0098c0 tx=0x7fedfc006db0 comp rx=0 tx=0).stop
2024-06-06T07:36:10.007 INFO:teuthology.orchestra.run.smithi082.stdout:/usr/bin/ceph: stderr
2024-06-06T07:36:09.354+0000 7fee0e595640 1 -- 172.21.15.82:0/3631213499 >> [v2:172.21.15.82:3300/0,v1:172.21.15.82:6789/0] conn(0x7fee08106680 msgr2=0x7fee08105eb0 secure :-1 s=STATE_CONNECTION_ESTABLISHED l=1).mark_down
2024-06-06T07:36:10.007 INFO:teuthology.orchestra.run.smithi082.stdout:/usr/bin/ceph: stderr
2024-06-06T07:36:09.354+0000 7fee0e595640 1 --2- 172.21.15.82:0/3631213499 >> [v2:172.21.15.82:3300/0,v1:172.21.15.82:6789/0] conn(0x7fee08106680 0x7fee08105eb0 secure :-1 s=READY pgs=48 cs=0 l=1 rev1=1 crypto rx=0x7fedf80097f0 tx=0x7fedf8030e90 comp rx=0 tx=0).stop
2024-06-06T07:36:10.007 INFO:teuthology.orchestra.run.smithi082.stdout:/usr/bin/ceph: stderr
2024-06-06T07:36:09.354+0000 7fee0e595640 1 -- 172.21.15.82:0/3631213499 shutdown_connections
2024-06-06T07:36:10.007 INFO:teuthology.orchestra.run.smithi082.stdout:/usr/bin/ceph: stderr
2024-06-06T07:36:09.354+0000 7fee0e595640 1 --2- 172.21.15.82:0/3631213499 >> [v2:172.21.15.82:6800/1662212559,v1:172.21.15.82:6801/1662212559] conn(0x7fedf0037860 0x7fedf0039d20 unknown :-1 s=CLOSED pgs=14 cs=0 l=1 rev1=1 crypto rx=0 tx=0 comp rx=0 tx=0).stop
2024-06-06T07:36:10.008 INFO:teuthology.orchestra.run.smithi082.stdout:/usr/bin/ceph: stderr
2024-06-06T07:36:09.354+0000 7fee0e595640 1 --2- 172.21.15.82:0/3631213499 >> [v2:172.21.15.82:3300/0,v1:172.21.15.82:6789/0] conn(0x7fee08106680 0x7fee08105eb0 unknown :-1 s=CLOSED pgs=48 cs=0 l=1 rev1=1 crypto rx=0 tx=0 comp rx=0 tx=0).stop
2024-06-06T07:36:10.008 INFO:teuthology.orchestra.run.smithi082.stdout:/usr/bin/ceph: stderr
2024-06-06T07:36:09.354+0000 7fee0e595640 1 -- 172.21.15.82:0/3631213499 >> 172.21.15.82:0/3631213499 conn(0x7fee081000d0 msgr2=0x7fee08100b70 unknown :-1 s=STATE_NONE l=0).mark_down
2024-06-06T07:36:10.008 INFO:teuthology.orchestra.run.smithi082.stdout:/usr/bin/ceph: stderr
2024-06-06T07:36:09.354+0000 7fee0e595640 1 -- 172.21.15.82:0/3631213499 shutdown_connections
2024-06-06T07:36:10.008 INFO:teuthology.orchestra.run.smithi082.stdout:/usr/bin/ceph: stderr
2024-06-06T07:36:09.354+0000 7fee0e595640 1 -- 172.21.15.82:0/3631213499 wait complete.
2024-06-06T07:36:10.008 INFO:teuthology.orchestra.run.smithi082.stdout:Deploying ceph-exporter service with default placement...
2024-06-06T07:36:10.418 INFO:journalctl@ceph.mon.smithi082.smithi082.stdout:Jun 06 07:36:10 smithi082 ceph-mon[29354]: from='mgr.14116 172.21.15.82:0/2100426720' entity='mgr.smithi082.kocfig'
2024-06-06T07:36:10.418 INFO:journalctl@ceph.mon.smithi082.smithi082.stdout:Jun 06 07:36:10 smithi082 ceph-mon[29354]: from='client.14142 -' entity='client.admin' cmd=[{"prefix": "orch apply", "service_type": "crash", "target": ["mon-mgr", ""]}]: dispatch
2024-06-06T07:36:10.419 INFO:journalctl@ceph.mon.smithi082.smithi082.stdout:Jun 06 07:36:10 smithi082 ceph-mon[29354]: Saving service crash spec with placement *
2024-06-06T07:36:10.419 INFO:journalctl@ceph.mon.smithi082.smithi082.stdout:Jun 06 07:36:10 smithi082 ceph-mon[29354]: from='mgr.14116 172.21.15.82:0/2100426720' entity='mgr.smithi082.kocfig'
2024-06-06T07:36:11.664 INFO:journalctl@ceph.mon.smithi082.smithi082.stdout:Jun 06 07:36:11 smithi082 ceph-mon[29354]: from='client.14144 -' entity='client.admin' cmd=[{"prefix": "orch apply", "service_type": "ceph-exporter", "target": ["mon-mgr", ""]}]: dispatch
2024-06-06T07:36:11.664 INFO:journalctl@ceph.mon.smithi082.smithi082.stdout:Jun 06 07:36:11 smithi082 ceph-mon[29354]: Saving service ceph-exporter spec with placement *
2024-06-06T07:36:11.664 INFO:journalctl@ceph.mon.smithi082.smithi082.stdout:Jun 06 07:36:11 smithi082 ceph-mon[29354]: from='mgr.14116 172.21.15.82:0/2100426720' entity='mgr.smithi082.kocfig'
2024-06-06T07:36:12.074 INFO:teuthology.orchestra.run.smithi082.stdout:/usr/bin/ceph: stdout Scheduled ceph-exporter update...
2024-06-06T07:36:12.074 INFO:teuthology.orchestra.run.smithi082.stdout:/usr/bin/ceph: stderr
2024-06-06T07:36:10.418+0000 7f136b088640 1 Processor -- start
2024-06-06T07:36:12.074 INFO:teuthology.orchestra.run.smithi082.stdout:/usr/bin/ceph: stderr
2024-06-06T07:36:10.418+0000 7f136b088640 1 -- start start
2024-06-06T07:36:12.074 INFO:teuthology.orchestra.run.smithi082.stdout:/usr/bin/ceph: stderr
2024-06-06T07:36:10.418+0000 7f136b088640 1 --2- >> [v2:172.21.15.82:3300/0,v1:172.21.15.82:6789/0] conn(0x7f13641066f0 0x7f1364108ae0 unknown :-1 s=NONE pgs=0 cs=0 l=0 rev1=0 crypto rx=0 tx=0 comp rx=0 tx=0).connect
2024-06-06T07:36:12.074 INFO:teuthology.orchestra.run.smithi082.stdout:/usr/bin/ceph: stderr
2024-06-06T07:36:10.418+0000 7f136b088640 1 -- --> [v2:172.21.15.82:3300/0,v1:172.21.15.82:6789/0] -- mon_getmap magic: 0 v1 -- 0x7f1364079e40 con 0x7f13641066f0
2024-06-06T07:36:12.074 INFO:teuthology.orchestra.run.smithi082.stdout:/usr/bin/ceph: stderr
2024-06-06T07:36:10.418+0000 7f1368e24640 1 --2- >> [v2:172.21.15.82:3300/0,v1:172.21.15.82:6789/0] conn(0x7f13641066f0 0x7f1364108ae0 unknown :-1 s=BANNER_CONNECTING pgs=0 cs=0 l=0 rev1=0 crypto rx=0 tx=0 comp rx=0 tx=0)._handle_peer_banner_payload supported=3 required=0
2024-06-06T07:36:12.075 INFO:teuthology.orchestra.run.smithi082.stdout:/usr/bin/ceph: stderr
2024-06-06T07:36:10.418+0000 7f1368e24640 1 --2- >> [v2:172.21.15.82:3300/0,v1:172.21.15.82:6789/0] conn(0x7f13641066f0 0x7f1364108ae0 unknown :-1 s=HELLO_CONNECTING pgs=0 cs=0 l=0 rev1=1 crypto rx=0 tx=0 comp rx=0 tx=0).handle_hello peer v2:172.21.15.82:3300/0 says I am v2:172.21.15.82:33226/0 (socket says 172.21.15.82:33226)
2024-06-06T07:36:12.075 INFO:teuthology.orchestra.run.smithi082.stdout:/usr/bin/ceph: stderr
2024-06-06T07:36:10.418+0000 7f1368e24640 1 -- 172.21.15.82:0/586479604 learned_addr learned my addr 172.21.15.82:0/586479604 (peer_addr_for_me v2:172.21.15.82:0/0)
2024-06-06T07:36:12.075 INFO:teuthology.orchestra.run.smithi082.stdout:/usr/bin/ceph: stderr
2024-06-06T07:36:10.418+0000 7f1368e24640 1 -- 172.21.15.82:0/586479604 --> [v2:172.21.15.82:3300/0,v1:172.21.15.82:6789/0] -- mon_subscribe({config=0+,monmap=0+}) v3 -- 0x7f1364109020 con 0x7f13641066f0
2024-06-06T07:36:12.075 INFO:teuthology.orchestra.run.smithi082.stdout:/usr/bin/ceph: stderr
2024-06-06T07:36:10.419+0000 7f1368e24640 1 --2- 172.21.15.82:0/586479604 >> [v2:172.21.15.82:3300/0,v1:172.21.15.82:6789/0] conn(0x7f13641066f0 0x7f1364108ae0 secure :-1 s=READY pgs=49 cs=0 l=1 rev1=1 crypto rx=0x7f1358009820 tx=0x7f135802a270 comp rx=0 tx=0).ready entity=mon.0 client_cookie=ce01f7b98e58ebec server_cookie=0 in_seq=0 out_seq=0
2024-06-06T07:36:12.075 INFO:teuthology.orchestra.run.smithi082.stdout:/usr/bin/ceph: stderr
2024-06-06T07:36:10.419+0000 7f13637fe640 1 -- 172.21.15.82:0/586479604 <== mon.0 v2:172.21.15.82:3300/0 1 ==== mon_map magic: 0 v1 ==== 229+0+0 (secure 0 0 0) 0x7f135802ad40 con 0x7f13641066f0
2024-06-06T07:36:12.075 INFO:teuthology.orchestra.run.smithi082.stdout:/usr/bin/ceph: stderr
2024-06-06T07:36:10.419+0000 7f13637fe640 1 -- 172.21.15.82:0/586479604 <== mon.0 v2:172.21.15.82:3300/0 2 ==== config(27 keys) v1 ==== 1109+0+0 (secure 0 0 0) 0x7f1358032900 con 0x7f13641066f0
2024-06-06T07:36:12.075 INFO:teuthology.orchestra.run.smithi082.stdout:/usr/bin/ceph: stderr
2024-06-06T07:36:10.419+0000 7f13637fe640 1 -- 172.21.15.82:0/586479604 <== mon.0 v2:172.21.15.82:3300/0 3 ==== mon_map magic: 0 v1 ==== 229+0+0 (secure 0 0 0) 0x7f1358030860 con 0x7f13641066f0
2024-06-06T07:36:12.075 INFO:teuthology.orchestra.run.smithi082.stdout:/usr/bin/ceph: stderr
2024-06-06T07:36:10.420+0000 7f136b088640 1 -- 172.21.15.82:0/586479604 >> [v2:172.21.15.82:3300/0,v1:172.21.15.82:6789/0] conn(0x7f13641066f0 msgr2=0x7f1364108ae0 secure :-1 s=STATE_CONNECTION_ESTABLISHED l=1).mark_down
2024-06-06T07:36:12.075 INFO:teuthology.orchestra.run.smithi082.stdout:/usr/bin/ceph: stderr
2024-06-06T07:36:10.420+0000 7f136b088640 1 --2- 172.21.15.82:0/586479604 >> [v2:172.21.15.82:3300/0,v1:172.21.15.82:6789/0] conn(0x7f13641066f0 0x7f1364108ae0 secure :-1 s=READY pgs=49 cs=0 l=1 rev1=1 crypto rx=0x7f1358009820 tx=0x7f135802a270 comp rx=0 tx=0).stop
2024-06-06T07:36:12.075 INFO:teuthology.orchestra.run.smithi082.stdout:/usr/bin/ceph: stderr
2024-06-06T07:36:10.420+0000 7f136b088640 1 -- 172.21.15.82:0/586479604 shutdown_connections
2024-06-06T07:36:12.075 INFO:teuthology.orchestra.run.smithi082.stdout:/usr/bin/ceph: stderr
2024-06-06T07:36:10.420+0000 7f136b088640 1 --2- 172.21.15.82:0/586479604 >> [v2:172.21.15.82:3300/0,v1:172.21.15.82:6789/0] conn(0x7f13641066f0 0x7f1364108ae0 unknown :-1 s=CLOSED pgs=49 cs=0 l=1 rev1=1 crypto rx=0 tx=0 comp rx=0 tx=0).stop
2024-06-06T07:36:12.075 INFO:teuthology.orchestra.run.smithi082.stdout:/usr/bin/ceph: stderr
2024-06-06T07:36:10.420+0000 7f136b088640 1 -- 172.21.15.82:0/586479604 >> 172.21.15.82:0/586479604 conn(0x7f13641000e0 msgr2=0x7f1364102560 unknown :-1 s=STATE_NONE l=0).mark_down
2024-06-06T07:36:12.075 INFO:teuthology.orchestra.run.smithi082.stdout:/usr/bin/ceph: stderr
2024-06-06T07:36:10.420+0000 7f136b088640 1 -- 172.21.15.82:0/586479604 shutdown_connections
2024-06-06T07:36:12.075 INFO:teuthology.orchestra.run.smithi082.stdout:/usr/bin/ceph: stderr
2024-06-06T07:36:10.420+0000 7f136b088640 1 -- 172.21.15.82:0/586479604 wait complete.
2024-06-06T07:36:12.076 INFO:teuthology.orchestra.run.smithi082.stdout:/usr/bin/ceph: stderr
2024-06-06T07:36:10.420+0000 7f136b088640 1 Processor -- start
2024-06-06T07:36:12.076 INFO:teuthology.orchestra.run.smithi082.stdout:/usr/bin/ceph: stderr
2024-06-06T07:36:10.420+0000 7f136b088640 1 -- start start
2024-06-06T07:36:12.076 INFO:teuthology.orchestra.run.smithi082.stdout:/usr/bin/ceph: stderr
2024-06-06T07:36:10.421+0000 7f136b088640 1 --2- >> [v2:172.21.15.82:3300/0,v1:172.21.15.82:6789/0] conn(0x7f1364105ee0 0x7f13641046a0 unknown :-1 s=NONE pgs=0 cs=0 l=1 rev1=0 crypto rx=0 tx=0 comp rx=0 tx=0).connect
2024-06-06T07:36:12.076 INFO:teuthology.orchestra.run.smithi082.stdout:/usr/bin/ceph: stderr
2024-06-06T07:36:10.421+0000 7f136b088640 1 -- --> [v2:172.21.15.82:3300/0,v1:172.21.15.82:6789/0] -- mon_getmap magic: 0 v1 -- 0x7f1364106300 con 0x7f1364105ee0
2024-06-06T07:36:12.076 INFO:teuthology.orchestra.run.smithi082.stdout:/usr/bin/ceph: stderr
2024-06-06T07:36:10.421+0000 7f1368e24640 1 --2- >> [v2:172.21.15.82:3300/0,v1:172.21.15.82:6789/0] conn(0x7f1364105ee0 0x7f13641046a0 unknown :-1 s=BANNER_CONNECTING pgs=0 cs=0 l=1 rev1=0 crypto rx=0 tx=0 comp rx=0 tx=0)._handle_peer_banner_payload supported=3 required=0
2024-06-06T07:36:12.076 INFO:teuthology.orchestra.run.smithi082.stdout:/usr/bin/ceph: stderr
2024-06-06T07:36:10.421+0000 7f1368e24640 1 --2- >> [v2:172.21.15.82:3300/0,v1:172.21.15.82:6789/0] conn(0x7f1364105ee0 0x7f13641046a0 unknown :-1 s=HELLO_CONNECTING pgs=0 cs=0 l=1 rev1=1 crypto rx=0 tx=0 comp rx=0 tx=0).handle_hello peer v2:172.21.15.82:3300/0 says I am v2:172.21.15.82:33232/0 (socket says 172.21.15.82:33232)
2024-06-06T07:36:12.076 INFO:teuthology.orchestra.run.smithi082.stdout:/usr/bin/ceph: stderr
2024-06-06T07:36:10.421+0000 7f1368e24640 1 -- 172.21.15.82:0/3500451729 learned_addr learned my addr 172.21.15.82:0/3500451729 (peer_addr_for_me v2:172.21.15.82:0/0)
2024-06-06T07:36:12.076 INFO:teuthology.orchestra.run.smithi082.stdout:/usr/bin/ceph: stderr
2024-06-06T07:36:10.421+0000 7f1368e24640 1 -- 172.21.15.82:0/3500451729 --> [v2:172.21.15.82:3300/0,v1:172.21.15.82:6789/0] -- mon_subscribe({config=0+,monmap=0+}) v3 -- 0x7f13580094d0 con 0x7f1364105ee0
2024-06-06T07:36:12.076 INFO:teuthology.orchestra.run.smithi082.stdout:/usr/bin/ceph: stderr
2024-06-06T07:36:10.421+0000 7f1368e24640 1 --2- 172.21.15.82:0/3500451729 >> [v2:172.21.15.82:3300/0,v1:172.21.15.82:6789/0] conn(0x7f1364105ee0 0x7f13641046a0 secure :-1 s=READY pgs=50 cs=0 l=1 rev1=1 crypto rx=0x7f13580097f0 tx=0x7f1358032670 comp rx=0 tx=0).ready entity=mon.0 client_cookie=0 server_cookie=0 in_seq=0 out_seq=0
2024-06-06T07:36:12.076 INFO:teuthology.orchestra.run.smithi082.stdout:/usr/bin/ceph: stderr
2024-06-06T07:36:10.421+0000 7f1361ffb640 1 -- 172.21.15.82:0/3500451729 <== mon.0 v2:172.21.15.82:3300/0 1 ==== mon_map magic: 0 v1 ==== 229+0+0 (secure 0 0 0) 0x7f1358032dd0 con 0x7f1364105ee0
2024-06-06T07:36:12.076 INFO:teuthology.orchestra.run.smithi082.stdout:/usr/bin/ceph: stderr
2024-06-06T07:36:10.421+0000 7f1361ffb640 1 -- 172.21.15.82:0/3500451729 <== mon.0 v2:172.21.15.82:3300/0 2 ==== config(27 keys) v1 ==== 1109+0+0 (secure 0 0 0) 0x7f135803b8b0 con 0x7f1364105ee0
2024-06-06T07:36:12.076 INFO:teuthology.orchestra.run.smithi082.stdout:/usr/bin/ceph: stderr
2024-06-06T07:36:10.421+0000 7f136b088640 1 -- 172.21.15.82:0/3500451729 --> [v2:172.21.15.82:3300/0,v1:172.21.15.82:6789/0] -- mon_subscribe({mgrmap=0+}) v3 -- 0x7f1364106500 con 0x7f1364105ee0
2024-06-06T07:36:12.076 INFO:teuthology.orchestra.run.smithi082.stdout:/usr/bin/ceph: stderr
2024-06-06T07:36:10.421+0000 7f1361ffb640 1 -- 172.21.15.82:0/3500451729 <== mon.0 v2:172.21.15.82:3300/0 3 ==== mon_map magic: 0 v1 ==== 229+0+0 (secure 0 0 0) 0x7f135803a6e0 con 0x7f1364105ee0
2024-06-06T07:36:12.077 INFO:teuthology.orchestra.run.smithi082.stdout:/usr/bin/ceph: stderr
2024-06-06T07:36:10.422+0000 7f136b088640 1 -- 172.21.15.82:0/3500451729 --> [v2:172.21.15.82:3300/0,v1:172.21.15.82:6789/0] -- mon_subscribe({osdmap=0}) v3 -- 0x7f1364104e30 con 0x7f1364105ee0
2024-06-06T07:36:12.077 INFO:teuthology.orchestra.run.smithi082.stdout:/usr/bin/ceph: stderr
2024-06-06T07:36:10.422+0000 7f1361ffb640 1 -- 172.21.15.82:0/3500451729 <== mon.0 v2:172.21.15.82:3300/0 4 ==== mgrmap(e 8) v1 ==== 44866+0+0 (secure 0 0 0) 0x7f1358039040 con 0x7f1364105ee0
2024-06-06T07:36:12.077 INFO:teuthology.orchestra.run.smithi082.stdout:/usr/bin/ceph: stderr
2024-06-06T07:36:10.422+0000 7f1361ffb640 1 --2- 172.21.15.82:0/3500451729 >> [v2:172.21.15.82:6800/1662212559,v1:172.21.15.82:6801/1662212559] conn(0x7f13540378b0 0x7f1354039d70 unknown :-1 s=NONE pgs=0 cs=0 l=1 rev1=0 crypto rx=0 tx=0 comp rx=0 tx=0).connect
2024-06-06T07:36:12.077 INFO:teuthology.orchestra.run.smithi082.stdout:/usr/bin/ceph: stderr
2024-06-06T07:36:10.422+0000 7f136b088640 1 -- 172.21.15.82:0/3500451729 --> [v2:172.21.15.82:3300/0,v1:172.21.15.82:6789/0] -- mon_command({"prefix": "get_command_descriptions"} v 0) v1 -- 0x7f1364109e80 con 0x7f1364105ee0
2024-06-06T07:36:12.077 INFO:teuthology.orchestra.run.smithi082.stdout:/usr/bin/ceph: stderr
2024-06-06T07:36:10.423+0000 7f1361ffb640 1 -- 172.21.15.82:0/3500451729 <== mon.0 v2:172.21.15.82:3300/0 5 ==== osd_map(2..2 src has 1..2) v4 ==== 940+0+0 (secure 0 0 0) 0x7f135806a770 con 0x7f1364105ee0
2024-06-06T07:36:12.077 INFO:teuthology.orchestra.run.smithi082.stdout:/usr/bin/ceph: stderr
2024-06-06T07:36:10.423+0000 7f1363fff640 1 --2- 172.21.15.82:0/3500451729 >> [v2:172.21.15.82:6800/1662212559,v1:172.21.15.82:6801/1662212559] conn(0x7f13540378b0 0x7f1354039d70 unknown :-1 s=BANNER_CONNECTING pgs=0 cs=0 l=1 rev1=0 crypto rx=0 tx=0 comp rx=0 tx=0)._handle_peer_banner_payload supported=3 required=0
2024-06-06T07:36:12.077 INFO:teuthology.orchestra.run.smithi082.stdout:/usr/bin/ceph: stderr
2024-06-06T07:36:10.423+0000 7f1363fff640 1 --2- 172.21.15.82:0/3500451729 >> [v2:172.21.15.82:6800/1662212559,v1:172.21.15.82:6801/1662212559] conn(0x7f13540378b0 0x7f1354039d70 secure :-1 s=READY pgs=15 cs=0 l=1 rev1=1 crypto rx=0x7f13500098c0 tx=0x7f1350006db0 comp rx=0 tx=0).ready entity=mgr.14116 client_cookie=0 server_cookie=0 in_seq=0 out_seq=0
2024-06-06T07:36:12.077 INFO:teuthology.orchestra.run.smithi082.stdout:/usr/bin/ceph: stderr
2024-06-06T07:36:10.427+0000 7f1361ffb640 1 -- 172.21.15.82:0/3500451729 <== mon.0 v2:172.21.15.82:3300/0 6 ==== mon_command_ack([{"prefix": "get_command_descriptions"}]=0 v0) v1 ==== 72+0+182498 (secure 0 0 0) 0x7f135804c350 con 0x7f1364105ee0
2024-06-06T07:36:12.077 INFO:teuthology.orchestra.run.smithi082.stdout:/usr/bin/ceph: stderr
2024-06-06T07:36:10.615+0000 7f136b088640 1 -- 172.21.15.82:0/3500451729 --> [v2:172.21.15.82:6800/1662212559,v1:172.21.15.82:6801/1662212559] -- mgr_command(tid 0: {"prefix": "orch apply", "service_type": "ceph-exporter", "target": ["mon-mgr", ""]}) v1 -- 0x7f1364101260 con 0x7f13540378b0
2024-06-06T07:36:12.077 INFO:teuthology.orchestra.run.smithi082.stdout:/usr/bin/ceph: stderr
2024-06-06T07:36:10.622+0000 7f1361ffb640 1 -- 172.21.15.82:0/3500451729 <== mgr.14116 v2:172.21.15.82:6800/1662212559 1 ==== mgr_command_reply(tid 0: 0 ) v1 ==== 8+0+34 (secure 0 0 0) 0x7f1364101260 con 0x7f13540378b0
2024-06-06T07:36:12.077 INFO:teuthology.orchestra.run.smithi082.stdout:/usr/bin/ceph: stderr
2024-06-06T07:36:10.624+0000 7f136b088640 1 -- 172.21.15.82:0/3500451729 >> [v2:172.21.15.82:6800/1662212559,v1:172.21.15.82:6801/1662212559] conn(0x7f13540378b0 msgr2=0x7f1354039d70 secure :-1 s=STATE_CONNECTION_ESTABLISHED l=1).mark_down
2024-06-06T07:36:12.077 INFO:teuthology.orchestra.run.smithi082.stdout:/usr/bin/ceph: stderr
2024-06-06T07:36:10.624+0000 7f136b088640 1 --2- 172.21.15.82:0/3500451729 >> [v2:172.21.15.82:6800/1662212559,v1:172.21.15.82:6801/1662212559] conn(0x7f13540378b0 0x7f1354039d70 secure :-1 s=READY pgs=15 cs=0 l=1 rev1=1 crypto rx=0x7f13500098c0 tx=0x7f1350006db0 comp rx=0 tx=0).stop
2024-06-06T07:36:12.077 INFO:teuthology.orchestra.run.smithi082.stdout:/usr/bin/ceph: stderr
2024-06-06T07:36:10.624+0000 7f136b088640 1 -- 172.21.15.82:0/3500451729 >> [v2:172.21.15.82:3300/0,v1:172.21.15.82:6789/0] conn(0x7f1364105ee0 msgr2=0x7f13641046a0 secure :-1 s=STATE_CONNECTION_ESTABLISHED l=1).mark_down
2024-06-06T07:36:12.078 INFO:teuthology.orchestra.run.smithi082.stdout:/usr/bin/ceph: stderr
2024-06-06T07:36:10.624+0000 7f136b088640 1 --2- 172.21.15.82:0/3500451729 >> [v2:172.21.15.82:3300/0,v1:172.21.15.82:6789/0] conn(0x7f1364105ee0 0x7f13641046a0 secure :-1 s=READY pgs=50 cs=0 l=1 rev1=1 crypto rx=0x7f13580097f0 tx=0x7f1358032670 comp rx=0 tx=0).stop
2024-06-06T07:36:12.078 INFO:teuthology.orchestra.run.smithi082.stdout:/usr/bin/ceph: stderr
2024-06-06T07:36:10.624+0000 7f136b088640 1 -- 172.21.15.82:0/3500451729 shutdown_connections
2024-06-06T07:36:12.078 INFO:teuthology.orchestra.run.smithi082.stdout:/usr/bin/ceph: stderr
2024-06-06T07:36:10.624+0000 7f136b088640 1 --2- 172.21.15.82:0/3500451729 >> [v2:172.21.15.82:6800/1662212559,v1:172.21.15.82:6801/1662212559] conn(0x7f13540378b0 0x7f1354039d70 unknown :-1 s=CLOSED pgs=15 cs=0 l=1 rev1=1 crypto rx=0 tx=0 comp rx=0 tx=0).stop
2024-06-06T07:36:12.078 INFO:teuthology.orchestra.run.smithi082.stdout:/usr/bin/ceph: stderr
2024-06-06T07:36:10.624+0000 7f136b088640 1 --2- 172.21.15.82:0/3500451729 >> [v2:172.21.15.82:3300/0,v1:172.21.15.82:6789/0] conn(0x7f1364105ee0 0x7f13641046a0 unknown :-1 s=CLOSED pgs=50 cs=0 l=1 rev1=1 crypto rx=0 tx=0 comp rx=0 tx=0).stop
2024-06-06T07:36:12.078 INFO:teuthology.orchestra.run.smithi082.stdout:/usr/bin/ceph: stderr
2024-06-06T07:36:10.624+0000 7f136b088640 1 -- 172.21.15.82:0/3500451729 >> 172.21.15.82:0/3500451729 conn(0x7f13641000e0 msgr2=0x7f1364100b50 unknown :-1 s=STATE_NONE l=0).mark_down
2024-06-06T07:36:12.078 INFO:teuthology.orchestra.run.smithi082.stdout:/usr/bin/ceph: stderr
2024-06-06T07:36:10.624+0000 7f136b088640 1 -- 172.21.15.82:0/3500451729 shutdown_connections
2024-06-06T07:36:12.078 INFO:teuthology.orchestra.run.smithi082.stdout:/usr/bin/ceph: stderr
2024-06-06T07:36:10.624+0000 7f136b088640 1 -- 172.21.15.82:0/3500451729 wait complete.
2024-06-06T07:36:12.078 INFO:teuthology.orchestra.run.smithi082.stdout:Deploying prometheus service with default placement...
2024-06-06T07:36:13.246 INFO:teuthology.orchestra.run.smithi082.stdout:/usr/bin/ceph: stdout Scheduled prometheus update...
2024-06-06T07:36:13.246 INFO:teuthology.orchestra.run.smithi082.stdout:/usr/bin/ceph: stderr
2024-06-06T07:36:12.477+0000 7f90d352f640 1 Processor -- start
2024-06-06T07:36:13.246 INFO:teuthology.orchestra.run.smithi082.stdout:/usr/bin/ceph: stderr
2024-06-06T07:36:12.477+0000 7f90d352f640 1 -- start start
2024-06-06T07:36:13.246 INFO:teuthology.orchestra.run.smithi082.stdout:/usr/bin/ceph: stderr
2024-06-06T07:36:12.477+0000 7f90d352f640 1 --2- >> [v2:172.21.15.82:3300/0,v1:172.21.15.82:6789/0] conn(0x7f90cc105c40 0x7f90cc106060 unknown :-1 s=NONE pgs=0 cs=0 l=0 rev1=0 crypto rx=0 tx=0 comp rx=0 tx=0).connect
2024-06-06T07:36:13.246 INFO:teuthology.orchestra.run.smithi082.stdout:/usr/bin/ceph: stderr
2024-06-06T07:36:12.477+0000 7f90d352f640 1 -- --> [v2:172.21.15.82:3300/0,v1:172.21.15.82:6789/0] -- mon_getmap magic: 0 v1 -- 0x7f90cc106630 con 0x7f90cc105c40
2024-06-06T07:36:13.247 INFO:teuthology.orchestra.run.smithi082.stdout:/usr/bin/ceph: stderr
2024-06-06T07:36:12.478+0000 7f90d12cb640 1 --2- >> [v2:172.21.15.82:3300/0,v1:172.21.15.82:6789/0] conn(0x7f90cc105c40 0x7f90cc106060 unknown :-1 s=BANNER_CONNECTING pgs=0 cs=0 l=0 rev1=0 crypto rx=0 tx=0 comp rx=0 tx=0)._handle_peer_banner_payload supported=3 required=0
2024-06-06T07:36:13.247 INFO:teuthology.orchestra.run.smithi082.stdout:/usr/bin/ceph: stderr
2024-06-06T07:36:12.478+0000 7f90d12cb640 1 --2- >> [v2:172.21.15.82:3300/0,v1:172.21.15.82:6789/0] conn(0x7f90cc105c40 0x7f90cc106060 unknown :-1 s=HELLO_CONNECTING pgs=0 cs=0 l=0 rev1=1 crypto rx=0 tx=0 comp rx=0 tx=0).handle_hello peer v2:172.21.15.82:3300/0 says I am v2:172.21.15.82:33242/0 (socket says 172.21.15.82:33242)
2024-06-06T07:36:13.247 INFO:teuthology.orchestra.run.smithi082.stdout:/usr/bin/ceph: stderr
2024-06-06T07:36:12.478+0000 7f90d12cb640 1 -- 172.21.15.82:0/892966848 learned_addr learned my addr 172.21.15.82:0/892966848 (peer_addr_for_me v2:172.21.15.82:0/0)
2024-06-06T07:36:13.247 INFO:teuthology.orchestra.run.smithi082.stdout:/usr/bin/ceph: stderr
2024-06-06T07:36:12.478+0000 7f90d12cb640 1 -- 172.21.15.82:0/892966848 --> [v2:172.21.15.82:3300/0,v1:172.21.15.82:6789/0] -- mon_subscribe({config=0+,monmap=0+}) v3 -- 0x7f90cc106e40 con 0x7f90cc105c40
2024-06-06T07:36:13.247 INFO:teuthology.orchestra.run.smithi082.stdout:/usr/bin/ceph: stderr
2024-06-06T07:36:12.479+0000 7f90d12cb640 1 --2- 172.21.15.82:0/892966848 >> [v2:172.21.15.82:3300/0,v1:172.21.15.82:6789/0] conn(0x7f90cc105c40 0x7f90cc106060 secure :-1 s=READY pgs=51 cs=0 l=1 rev1=1 crypto rx=0x7f90c8009820 tx=0x7f90c802a270 comp rx=0 tx=0).ready entity=mon.0 client_cookie=3b2ae0700b3ef05d server_cookie=0 in_seq=0 out_seq=0
2024-06-06T07:36:13.247 INFO:teuthology.orchestra.run.smithi082.stdout:/usr/bin/ceph: stderr
2024-06-06T07:36:12.479+0000 7f90c3fff640 1 -- 172.21.15.82:0/892966848 <== mon.0 v2:172.21.15.82:3300/0 1 ==== mon_map magic: 0 v1 ==== 229+0+0 (secure 0 0 0) 0x7f90c802ad40 con 0x7f90cc105c40
2024-06-06T07:36:13.247 INFO:teuthology.orchestra.run.smithi082.stdout:/usr/bin/ceph: stderr
2024-06-06T07:36:12.479+0000 7f90c3fff640 1 -- 172.21.15.82:0/892966848 <== mon.0 v2:172.21.15.82:3300/0 2 ==== config(27 keys) v1 ==== 1109+0+0 (secure 0 0 0) 0x7f90c8032900 con 0x7f90cc105c40
2024-06-06T07:36:13.247 INFO:teuthology.orchestra.run.smithi082.stdout:/usr/bin/ceph: stderr
2024-06-06T07:36:12.479+0000 7f90c3fff640 1 -- 172.21.15.82:0/892966848 <== mon.0 v2:172.21.15.82:3300/0 3 ==== mon_map magic: 0 v1 ==== 229+0+0 (secure 0 0 0) 0x7f90c8030860 con 0x7f90cc105c40
2024-06-06T07:36:13.247 INFO:teuthology.orchestra.run.smithi082.stdout:/usr/bin/ceph: stderr
2024-06-06T07:36:12.479+0000 7f90d352f640 1 -- 172.21.15.82:0/892966848 >> [v2:172.21.15.82:3300/0,v1:172.21.15.82:6789/0] conn(0x7f90cc105c40 msgr2=0x7f90cc106060 secure :-1 s=STATE_CONNECTION_ESTABLISHED l=1).mark_down
2024-06-06T07:36:13.247 INFO:teuthology.orchestra.run.smithi082.stdout:/usr/bin/ceph: stderr
2024-06-06T07:36:12.479+0000 7f90d352f640 1 --2- 172.21.15.82:0/892966848 >> [v2:172.21.15.82:3300/0,v1:172.21.15.82:6789/0] conn(0x7f90cc105c40 0x7f90cc106060 secure :-1 s=READY pgs=51 cs=0 l=1 rev1=1 crypto rx=0x7f90c8009820 tx=0x7f90c802a270 comp rx=0 tx=0).stop
2024-06-06T07:36:13.247 INFO:teuthology.orchestra.run.smithi082.stdout:/usr/bin/ceph: stderr
2024-06-06T07:36:12.479+0000 7f90d352f640 1 -- 172.21.15.82:0/892966848 shutdown_connections
2024-06-06T07:36:13.247 INFO:teuthology.orchestra.run.smithi082.stdout:/usr/bin/ceph: stderr
2024-06-06T07:36:12.479+0000 7f90d352f640 1 --2- 172.21.15.82:0/892966848 >> [v2:172.21.15.82:3300/0,v1:172.21.15.82:6789/0] conn(0x7f90cc105c40 0x7f90cc106060 unknown :-1 s=CLOSED pgs=51 cs=0 l=1 rev1=1 crypto rx=0 tx=0 comp rx=0 tx=0).stop
2024-06-06T07:36:13.247 INFO:teuthology.orchestra.run.smithi082.stdout:/usr/bin/ceph: stderr
2024-06-06T07:36:12.479+0000 7f90d352f640 1 -- 172.21.15.82:0/892966848 >> 172.21.15.82:0/892966848 conn(0x7f90cc1011c0 msgr2=0x7f90cc103620 unknown :-1 s=STATE_NONE l=0).mark_down
2024-06-06T07:36:13.247 INFO:teuthology.orchestra.run.smithi082.stdout:/usr/bin/ceph: stderr
2024-06-06T07:36:12.480+0000 7f90d352f640 1 -- 172.21.15.82:0/892966848 shutdown_connections
2024-06-06T07:36:13.248 INFO:teuthology.orchestra.run.smithi082.stdout:/usr/bin/ceph: stderr
2024-06-06T07:36:12.480+0000 7f90d352f640 1 -- 172.21.15.82:0/892966848 wait complete.
2024-06-06T07:36:13.248 INFO:teuthology.orchestra.run.smithi082.stdout:/usr/bin/ceph: stderr
2024-06-06T07:36:12.480+0000 7f90d352f640 1 Processor -- start
2024-06-06T07:36:13.248 INFO:teuthology.orchestra.run.smithi082.stdout:/usr/bin/ceph: stderr
2024-06-06T07:36:12.480+0000 7f90d352f640 1 -- start start
2024-06-06T07:36:13.248 INFO:teuthology.orchestra.run.smithi082.stdout:/usr/bin/ceph: stderr
2024-06-06T07:36:12.480+0000 7f90d352f640 1 --2- >> [v2:172.21.15.82:3300/0,v1:172.21.15.82:6789/0] conn(0x7f90cc105c40 0x7f90cc07bab0 unknown :-1 s=NONE pgs=0 cs=0 l=1 rev1=0 crypto rx=0 tx=0 comp rx=0 tx=0).connect
2024-06-06T07:36:13.248 INFO:teuthology.orchestra.run.smithi082.stdout:/usr/bin/ceph: stderr
2024-06-06T07:36:12.480+0000 7f90d352f640 1 -- --> [v2:172.21.15.82:3300/0,v1:172.21.15.82:6789/0] -- mon_getmap magic: 0 v1 -- 0x7f90cc07bff0 con 0x7f90cc105c40
2024-06-06T07:36:13.248 INFO:teuthology.orchestra.run.smithi082.stdout:/usr/bin/ceph: stderr
2024-06-06T07:36:12.480+0000 7f90d12cb640 1 --2- >> [v2:172.21.15.82:3300/0,v1:172.21.15.82:6789/0] conn(0x7f90cc105c40 0x7f90cc07bab0 unknown :-1 s=BANNER_CONNECTING pgs=0 cs=0 l=1 rev1=0 crypto rx=0 tx=0 comp rx=0 tx=0)._handle_peer_banner_payload supported=3 required=0
2024-06-06T07:36:13.248 INFO:teuthology.orchestra.run.smithi082.stdout:/usr/bin/ceph: stderr
2024-06-06T07:36:12.480+0000 7f90d12cb640 1 --2- >> [v2:172.21.15.82:3300/0,v1:172.21.15.82:6789/0] conn(0x7f90cc105c40 0x7f90cc07bab0 unknown :-1 s=HELLO_CONNECTING pgs=0 cs=0 l=1 rev1=1 crypto rx=0 tx=0 comp rx=0 tx=0).handle_hello peer v2:172.21.15.82:3300/0 says I am v2:172.21.15.82:33246/0 (socket says 172.21.15.82:33246)
2024-06-06T07:36:13.248 INFO:teuthology.orchestra.run.smithi082.stdout:/usr/bin/ceph: stderr
2024-06-06T07:36:12.480+0000 7f90d12cb640 1 -- 172.21.15.82:0/818862621 learned_addr learned my addr 172.21.15.82:0/818862621 (peer_addr_for_me v2:172.21.15.82:0/0)
2024-06-06T07:36:13.248 INFO:teuthology.orchestra.run.smithi082.stdout:/usr/bin/ceph: stderr
2024-06-06T07:36:12.481+0000 7f90d12cb640 1 -- 172.21.15.82:0/818862621 --> [v2:172.21.15.82:3300/0,v1:172.21.15.82:6789/0] -- mon_subscribe({config=0+,monmap=0+}) v3 -- 0x7f90c80094d0 con 0x7f90cc105c40
2024-06-06T07:36:13.248 INFO:teuthology.orchestra.run.smithi082.stdout:/usr/bin/ceph: stderr
2024-06-06T07:36:12.481+0000 7f90d12cb640 1 --2- 172.21.15.82:0/818862621 >> [v2:172.21.15.82:3300/0,v1:172.21.15.82:6789/0] conn(0x7f90cc105c40 0x7f90cc07bab0 secure :-1 s=READY pgs=52 cs=0 l=1 rev1=1 crypto rx=0x7f90c8009940 tx=0x7f90c8032670 comp rx=0 tx=0).ready entity=mon.0 client_cookie=0 server_cookie=0 in_seq=0 out_seq=0
2024-06-06T07:36:13.248 INFO:teuthology.orchestra.run.smithi082.stdout:/usr/bin/ceph: stderr
2024-06-06T07:36:12.481+0000 7f90c27fc640 1 -- 172.21.15.82:0/818862621 <== mon.0 v2:172.21.15.82:3300/0 1 ==== mon_map magic: 0 v1 ==== 229+0+0 (secure 0 0 0) 0x7f90c8032c80 con 0x7f90cc105c40
2024-06-06T07:36:13.248 INFO:teuthology.orchestra.run.smithi082.stdout:/usr/bin/ceph: stderr
2024-06-06T07:36:12.481+0000 7f90c27fc640 1 -- 172.21.15.82:0/818862621 <== mon.0 v2:172.21.15.82:3300/0 2 ==== config(27 keys) v1 ==== 1109+0+0 (secure 0 0 0) 0x7f90c8032de0 con 0x7f90cc105c40
2024-06-06T07:36:13.248 INFO:teuthology.orchestra.run.smithi082.stdout:/usr/bin/ceph: stderr
2024-06-06T07:36:12.481+0000 7f90d352f640 1 -- 172.21.15.82:0/818862621 --> [v2:172.21.15.82:3300/0,v1:172.21.15.82:6789/0] -- mon_subscribe({mgrmap=0+}) v3 -- 0x7f90cc07a230 con 0x7f90cc105c40
2024-06-06T07:36:13.248 INFO:teuthology.orchestra.run.smithi082.stdout:/usr/bin/ceph: stderr
2024-06-06T07:36:12.481+0000 7f90c27fc640 1 -- 172.21.15.82:0/818862621 <== mon.0 v2:172.21.15.82:3300/0 3 ==== mon_map magic: 0 v1 ==== 229+0+0 (secure 0 0 0) 0x7f90c803a730 con 0x7f90cc105c40
2024-06-06T07:36:13.249 INFO:teuthology.orchestra.run.smithi082.stdout:/usr/bin/ceph: stderr
2024-06-06T07:36:12.481+0000 7f90d352f640 1 -- 172.21.15.82:0/818862621 --> [v2:172.21.15.82:3300/0,v1:172.21.15.82:6789/0] -- mon_subscribe({osdmap=0}) v3 -- 0x7f90cc07a6d0 con 0x7f90cc105c40
2024-06-06T07:36:13.249 INFO:teuthology.orchestra.run.smithi082.stdout:/usr/bin/ceph: stderr
2024-06-06T07:36:12.482+0000 7f90c27fc640 1 -- 172.21.15.82:0/818862621 <== mon.0 v2:172.21.15.82:3300/0 4 ==== mgrmap(e 8) v1 ==== 44866+0+0 (secure 0 0 0) 0x7f90c803a9f0 con 0x7f90cc105c40
2024-06-06T07:36:13.249 INFO:teuthology.orchestra.run.smithi082.stdout:/usr/bin/ceph: stderr
2024-06-06T07:36:12.482+0000 7f90d352f640 1 -- 172.21.15.82:0/818862621 --> [v2:172.21.15.82:3300/0,v1:172.21.15.82:6789/0] -- mon_command({"prefix": "get_command_descriptions"} v 0) v1 -- 0x7f90cc10a070 con 0x7f90cc105c40
2024-06-06T07:36:13.249 INFO:teuthology.orchestra.run.smithi082.stdout:/usr/bin/ceph: stderr
2024-06-06T07:36:12.482+0000 7f90c27fc640 1 --2- 172.21.15.82:0/818862621 >> [v2:172.21.15.82:6800/1662212559,v1:172.21.15.82:6801/1662212559] conn(0x7f90b8037860 0x7f90b8039d20 unknown :-1 s=NONE pgs=0 cs=0 l=1 rev1=0 crypto rx=0 tx=0 comp rx=0 tx=0).connect
2024-06-06T07:36:13.249 INFO:teuthology.orchestra.run.smithi082.stdout:/usr/bin/ceph: stderr
2024-06-06T07:36:12.482+0000 7f90c27fc640 1 -- 172.21.15.82:0/818862621 <== mon.0 v2:172.21.15.82:3300/0 5 ==== osd_map(2..2 src has 1..2) v4 ==== 940+0+0 (secure 0 0 0) 0x7f90c806ab00 con 0x7f90cc105c40
2024-06-06T07:36:13.249 INFO:teuthology.orchestra.run.smithi082.stdout:/usr/bin/ceph: stderr
2024-06-06T07:36:12.482+0000 7f90d0aca640 1 --2- 172.21.15.82:0/818862621 >> [v2:172.21.15.82:6800/1662212559,v1:172.21.15.82:6801/1662212559] conn(0x7f90b8037860 0x7f90b8039d20 unknown :-1 s=BANNER_CONNECTING pgs=0 cs=0 l=1 rev1=0 crypto rx=0 tx=0 comp rx=0 tx=0)._handle_peer_banner_payload supported=3 required=0
2024-06-06T07:36:13.249 INFO:teuthology.orchestra.run.smithi082.stdout:/usr/bin/ceph: stderr
2024-06-06T07:36:12.483+0000 7f90d0aca640 1 --2- 172.21.15.82:0/818862621 >> [v2:172.21.15.82:6800/1662212559,v1:172.21.15.82:6801/1662212559] conn(0x7f90b8037860 0x7f90b8039d20 secure :-1 s=READY pgs=16 cs=0 l=1 rev1=1 crypto rx=0x7f90bc0098c0 tx=0x7f90bc006db0 comp rx=0 tx=0).ready entity=mgr.14116 client_cookie=0 server_cookie=0 in_seq=0 out_seq=0
2024-06-06T07:36:13.249 INFO:teuthology.orchestra.run.smithi082.stdout:/usr/bin/ceph: stderr
2024-06-06T07:36:12.487+0000 7f90c27fc640 1 -- 172.21.15.82:0/818862621 <== mon.0 v2:172.21.15.82:3300/0 6 ==== mon_command_ack([{"prefix": "get_command_descriptions"}]=0 v0) v1 ==== 72+0+182498 (secure 0 0 0) 0x7f90c8039b90 con 0x7f90cc105c40
2024-06-06T07:36:13.249 INFO:teuthology.orchestra.run.smithi082.stdout:/usr/bin/ceph: stderr
2024-06-06T07:36:12.668+0000 7f90d352f640 1 -- 172.21.15.82:0/818862621 --> [v2:172.21.15.82:6800/1662212559,v1:172.21.15.82:6801/1662212559] -- mgr_command(tid 0: {"prefix": "orch apply", "service_type": "prometheus", "target": ["mon-mgr", ""]}) v1 -- 0x7f90cc07aec0 con 0x7f90b8037860
2024-06-06T07:36:13.249 INFO:teuthology.orchestra.run.smithi082.stdout:/usr/bin/ceph: stderr
2024-06-06T07:36:12.673+0000 7f90c27fc640 1 -- 172.21.15.82:0/818862621 <== mgr.14116 v2:172.21.15.82:6800/1662212559 1 ==== mgr_command_reply(tid 0: 0 ) v1 ==== 8+0+31 (secure 0 0 0) 0x7f90cc07aec0 con 0x7f90b8037860
2024-06-06T07:36:13.249 INFO:teuthology.orchestra.run.smithi082.stdout:/usr/bin/ceph: stderr
2024-06-06T07:36:12.675+0000 7f90d352f640 1 -- 172.21.15.82:0/818862621 >> [v2:172.21.15.82:6800/1662212559,v1:172.21.15.82:6801/1662212559] conn(0x7f90b8037860 msgr2=0x7f90b8039d20 secure :-1 s=STATE_CONNECTION_ESTABLISHED l=1).mark_down
2024-06-06T07:36:13.249 INFO:teuthology.orchestra.run.smithi082.stdout:/usr/bin/ceph: stderr
2024-06-06T07:36:12.675+0000 7f90d352f640 1 --2- 172.21.15.82:0/818862621 >> [v2:172.21.15.82:6800/1662212559,v1:172.21.15.82:6801/1662212559] conn(0x7f90b8037860 0x7f90b8039d20 secure :-1 s=READY pgs=16 cs=0 l=1 rev1=1 crypto rx=0x7f90bc0098c0 tx=0x7f90bc006db0 comp rx=0 tx=0).stop
2024-06-06T07:36:13.249 INFO:teuthology.orchestra.run.smithi082.stdout:/usr/bin/ceph: stderr
2024-06-06T07:36:12.675+0000 7f90d352f640 1 -- 172.21.15.82:0/818862621 >> [v2:172.21.15.82:3300/0,v1:172.21.15.82:6789/0] conn(0x7f90cc105c40 msgr2=0x7f90cc07bab0 secure :-1 s=STATE_CONNECTION_ESTABLISHED l=1).mark_down
2024-06-06T07:36:13.249 INFO:teuthology.orchestra.run.smithi082.stdout:/usr/bin/ceph: stderr
2024-06-06T07:36:12.675+0000 7f90d352f640 1 --2- 172.21.15.82:0/818862621 >> [v2:172.21.15.82:3300/0,v1:172.21.15.82:6789/0] conn(0x7f90cc105c40 0x7f90cc07bab0 secure :-1 s=READY pgs=52 cs=0 l=1 rev1=1 crypto rx=0x7f90c8009940 tx=0x7f90c8032670 comp rx=0 tx=0).stop
2024-06-06T07:36:13.250 INFO:teuthology.orchestra.run.smithi082.stdout:/usr/bin/ceph: stderr
2024-06-06T07:36:12.675+0000 7f90d352f640 1 -- 172.21.15.82:0/818862621 shutdown_connections
2024-06-06T07:36:13.250 INFO:teuthology.orchestra.run.smithi082.stdout:/usr/bin/ceph: stderr
2024-06-06T07:36:12.675+0000 7f90d352f640 1 --2- 172.21.15.82:0/818862621 >> [v2:172.21.15.82:6800/1662212559,v1:172.21.15.82:6801/1662212559] conn(0x7f90b8037860 0x7f90b8039d20 unknown :-1 s=CLOSED pgs=16 cs=0 l=1 rev1=1 crypto rx=0 tx=0 comp rx=0 tx=0).stop
2024-06-06T07:36:13.250 INFO:teuthology.orchestra.run.smithi082.stdout:/usr/bin/ceph: stderr
2024-06-06T07:36:12.675+0000 7f90d352f640 1 --2- 172.21.15.82:0/818862621 >> [v2:172.21.15.82:3300/0,v1:172.21.15.82:6789/0] conn(0x7f90cc105c40 0x7f90cc07bab0 unknown :-1 s=CLOSED pgs=52 cs=0 l=1 rev1=1 crypto rx=0 tx=0 comp rx=0 tx=0).stop
2024-06-06T07:36:13.250 INFO:teuthology.orchestra.run.smithi082.stdout:/usr/bin/ceph: stderr
2024-06-06T07:36:12.675+0000 7f90d352f640 1 -- 172.21.15.82:0/818862621 >> 172.21.15.82:0/818862621 conn(0x7f90cc1011c0 msgr2=0x7f90cc101bc0 unknown :-1 s=STATE_NONE l=0).mark_down
2024-06-06T07:36:13.250 INFO:teuthology.orchestra.run.smithi082.stdout:/usr/bin/ceph: stderr
2024-06-06T07:36:12.675+0000 7f90d352f640 1 -- 172.21.15.82:0/818862621 shutdown_connections
2024-06-06T07:36:13.250 INFO:teuthology.orchestra.run.smithi082.stdout:/usr/bin/ceph: stderr
2024-06-06T07:36:12.675+0000 7f90d352f640 1 -- 172.21.15.82:0/818862621 wait complete.
2024-06-06T07:36:13.250 INFO:teuthology.orchestra.run.smithi082.stdout:Deploying grafana service with default placement...
2024-06-06T07:36:13.813 INFO:journalctl@ceph.mon.smithi082.smithi082.stdout:Jun 06 07:36:13 smithi082 ceph-mon[29354]: from='client.14146 -' entity='client.admin' cmd=[{"prefix": "orch apply", "service_type": "prometheus", "target": ["mon-mgr", ""]}]: dispatch
2024-06-06T07:36:13.813 INFO:journalctl@ceph.mon.smithi082.smithi082.stdout:Jun 06 07:36:13 smithi082 ceph-mon[29354]: Saving service prometheus spec with placement count:1
2024-06-06T07:36:13.813 INFO:journalctl@ceph.mon.smithi082.smithi082.stdout:Jun 06 07:36:13 smithi082 ceph-mon[29354]: from='mgr.14116 172.21.15.82:0/2100426720' entity='mgr.smithi082.kocfig'
2024-06-06T07:36:14.451 INFO:teuthology.orchestra.run.smithi082.stdout:/usr/bin/ceph: stdout Scheduled grafana update...
