2024-06-06T07:36:00.997 INFO:teuthology.orchestra.run.smithi082.stdout:Adding key to root@localhost authorized_keys...
2024-06-06T07:36:00.997 INFO:teuthology.orchestra.run.smithi082.stdout:Adding host smithi082...
2024-06-06T07:36:01.857 INFO:journalctl@ceph.mon.smithi082.smithi082.stdout:Jun 06 07:36:01 smithi082 ceph-mon[29354]: from='client.14134 -' entity='client.admin' cmd=[{"prefix": "cephadm get-pub-key", "target": ["mon-mgr", ""]}]: dispatch
2024-06-06T07:36:03.018 INFO:journalctl@ceph.mon.smithi082.smithi082.stdout:Jun 06 07:36:02 smithi082 ceph-mon[29354]: from='client.14136 -' entity='client.admin' cmd=[{"prefix": "orch host add", "hostname": "smithi082", "addr": "172.21.15.82", "target": ["mon-mgr", ""]}]: dispatch
2024-06-06T07:36:03.975 INFO:journalctl@ceph.mon.smithi082.smithi082.stdout:Jun 06 07:36:03 smithi082 ceph-mon[29354]: Deploying cephadm binary to smithi082
2024-06-06T07:36:04.843 INFO:teuthology.orchestra.run.smithi082.stdout:/usr/bin/ceph: stdout Added host 'smithi082' with addr '172.21.15.82'
2024-06-06T07:36:04.843 INFO:teuthology.orchestra.run.smithi082.stdout:/usr/bin/ceph: stderr
2024-06-06T07:36:01.408+0000 7f2a1d763640 1 Processor -- start
2024-06-06T07:36:04.843 INFO:teuthology.orchestra.run.smithi082.stdout:/usr/bin/ceph: stderr
2024-06-06T07:36:01.408+0000 7f2a1d763640 1 -- start start
2024-06-06T07:36:04.843 INFO:teuthology.orchestra.run.smithi082.stdout:/usr/bin/ceph: stderr
2024-06-06T07:36:01.408+0000 7f2a1d763640 1 --2- >> [v2:172.21.15.82:3300/0,v1:172.21.15.82:6789/0] conn(0x7f2a18107230 0x7f2a18107650 unknown :-1 s=NONE pgs=0 cs=0 l=0 rev1=0 crypto rx=0 tx=0 comp rx=0 tx=0).connect
2024-06-06T07:36:04.843 INFO:teuthology.orchestra.run.smithi082.stdout:/usr/bin/ceph: stderr
2024-06-06T07:36:01.408+0000 7f2a1d763640 1 -- --> [v2:172.21.15.82:3300/0,v1:172.21.15.82:6789/0] -- mon_getmap magic: 0 v1 -- 0x7f2a18107c20 con 0x7f2a18107230
2024-06-06T07:36:04.844 INFO:teuthology.orchestra.run.smithi082.stdout:/usr/bin/ceph: stderr
2024-06-06T07:36:01.409+0000 7f2a16ffd640 1 --2- >> [v2:172.21.15.82:3300/0,v1:172.21.15.82:6789/0] conn(0x7f2a18107230 0x7f2a18107650 unknown :-1 s=BANNER_CONNECTING pgs=0 cs=0 l=0 rev1=0 crypto rx=0 tx=0 comp rx=0 tx=0)._handle_peer_banner_payload supported=3 required=0
2024-06-06T07:36:04.844 INFO:teuthology.orchestra.run.smithi082.stdout:/usr/bin/ceph: stderr
2024-06-06T07:36:01.409+0000 7f2a16ffd640 1 --2- >> [v2:172.21.15.82:3300/0,v1:172.21.15.82:6789/0] conn(0x7f2a18107230 0x7f2a18107650 unknown :-1 s=HELLO_CONNECTING pgs=0 cs=0 l=0 rev1=1 crypto rx=0 tx=0 comp rx=0 tx=0).handle_hello peer v2:172.21.15.82:3300/0 says I am v2:172.21.15.82:57688/0 (socket says 172.21.15.82:57688)
2024-06-06T07:36:04.844 INFO:teuthology.orchestra.run.smithi082.stdout:/usr/bin/ceph: stderr
2024-06-06T07:36:01.409+0000 7f2a16ffd640 1 -- 172.21.15.82:0/2185510112 learned_addr learned my addr 172.21.15.82:0/2185510112 (peer_addr_for_me v2:172.21.15.82:0/0)
2024-06-06T07:36:04.844 INFO:teuthology.orchestra.run.smithi082.stdout:/usr/bin/ceph: stderr
2024-06-06T07:36:01.409+0000 7f2a16ffd640 1 -- 172.21.15.82:0/2185510112 --> [v2:172.21.15.82:3300/0,v1:172.21.15.82:6789/0] -- mon_subscribe({config=0+,monmap=0+}) v3 -- 0x7f2a18107d60 con 0x7f2a18107230
2024-06-06T07:36:04.844 INFO:teuthology.orchestra.run.smithi082.stdout:/usr/bin/ceph: stderr
2024-06-06T07:36:01.409+0000 7f2a16ffd640 1 --2- 172.21.15.82:0/2185510112 >> [v2:172.21.15.82:3300/0,v1:172.21.15.82:6789/0] conn(0x7f2a18107230 0x7f2a18107650 secure :-1 s=READY pgs=41 cs=0 l=1 rev1=1 crypto rx=0x7f2a08009e80 tx=0x7f2a0802a7a0 comp rx=0 tx=0).ready entity=mon.0 client_cookie=9fb7aa192726313 server_cookie=0 in_seq=0 out_seq=0
2024-06-06T07:36:04.844 INFO:teuthology.orchestra.run.smithi082.stdout:/usr/bin/ceph: stderr
2024-06-06T07:36:01.410+0000 7f2a15ffb640 1 -- 172.21.15.82:0/2185510112 <== mon.0 v2:172.21.15.82:3300/0 1 ==== mon_map magic: 0 v1 ==== 229+0+0 (secure 0 0 0) 0x7f2a08031400 con 0x7f2a18107230
2024-06-06T07:36:04.844 INFO:teuthology.orchestra.run.smithi082.stdout:/usr/bin/ceph: stderr
2024-06-06T07:36:01.410+0000 7f2a15ffb640 1 -- 172.21.15.82:0/2185510112 <== mon.0 v2:172.21.15.82:3300/0 2 ==== config(27 keys) v1 ==== 1042+0+0 (secure 0 0 0) 0x7f2a0802d050 con 0x7f2a18107230
2024-06-06T07:36:04.844 INFO:teuthology.orchestra.run.smithi082.stdout:/usr/bin/ceph: stderr
2024-06-06T07:36:01.410+0000 7f2a15ffb640 1 -- 172.21.15.82:0/2185510112 <== mon.0 v2:172.21.15.82:3300/0 3 ==== mon_map magic: 0 v1 ==== 229+0+0 (secure 0 0 0) 0x7f2a08007910 con 0x7f2a18107230
2024-06-06T07:36:04.844 INFO:teuthology.orchestra.run.smithi082.stdout:/usr/bin/ceph: stderr
2024-06-06T07:36:01.410+0000 7f2a1d763640 1 -- 172.21.15.82:0/2185510112 >> [v2:172.21.15.82:3300/0,v1:172.21.15.82:6789/0] conn(0x7f2a18107230 msgr2=0x7f2a18107650 secure :-1 s=STATE_CONNECTION_ESTABLISHED l=1).mark_down
2024-06-06T07:36:04.844 INFO:teuthology.orchestra.run.smithi082.stdout:/usr/bin/ceph: stderr
2024-06-06T07:36:01.410+0000 7f2a1d763640 1 --2- 172.21.15.82:0/2185510112 >> [v2:172.21.15.82:3300/0,v1:172.21.15.82:6789/0] conn(0x7f2a18107230 0x7f2a18107650 secure :-1 s=READY pgs=41 cs=0 l=1 rev1=1 crypto rx=0x7f2a08009e80 tx=0x7f2a0802a7a0 comp rx=0 tx=0).stop
2024-06-06T07:36:04.844 INFO:teuthology.orchestra.run.smithi082.stdout:/usr/bin/ceph: stderr
2024-06-06T07:36:01.410+0000 7f2a1d763640 1 -- 172.21.15.82:0/2185510112 shutdown_connections
2024-06-06T07:36:04.844 INFO:teuthology.orchestra.run.smithi082.stdout:/usr/bin/ceph: stderr
2024-06-06T07:36:01.410+0000 7f2a1d763640 1 --2- 172.21.15.82:0/2185510112 >> [v2:172.21.15.82:3300/0,v1:172.21.15.82:6789/0] conn(0x7f2a18107230 0x7f2a18107650 unknown :-1 s=CLOSED pgs=41 cs=0 l=1 rev1=1 crypto rx=0 tx=0 comp rx=0 tx=0).stop
2024-06-06T07:36:04.844 INFO:teuthology.orchestra.run.smithi082.stdout:/usr/bin/ceph: stderr
2024-06-06T07:36:01.410+0000 7f2a1d763640 1 -- 172.21.15.82:0/2185510112 >> 172.21.15.82:0/2185510112 conn(0x7f2a180ff870 msgr2=0x7f2a18101c90 unknown :-1 s=STATE_NONE l=0).mark_down
2024-06-06T07:36:04.845 INFO:teuthology.orchestra.run.smithi082.stdout:/usr/bin/ceph: stderr
2024-06-06T07:36:01.410+0000 7f2a1d763640 1 -- 172.21.15.82:0/2185510112 shutdown_connections
2024-06-06T07:36:04.845 INFO:teuthology.orchestra.run.smithi082.stdout:/usr/bin/ceph: stderr
2024-06-06T07:36:01.410+0000 7f2a1d763640 1 -- 172.21.15.82:0/2185510112 wait complete.
2024-06-06T07:36:04.845 INFO:teuthology.orchestra.run.smithi082.stdout:/usr/bin/ceph: stderr
2024-06-06T07:36:01.411+0000 7f2a1d763640 1 Processor -- start
2024-06-06T07:36:04.845 INFO:teuthology.orchestra.run.smithi082.stdout:/usr/bin/ceph: stderr
2024-06-06T07:36:01.411+0000 7f2a1d763640 1 -- start start
2024-06-06T07:36:04.845 INFO:teuthology.orchestra.run.smithi082.stdout:/usr/bin/ceph: stderr
2024-06-06T07:36:01.411+0000 7f2a1d763640 1 --2- >> [v2:172.21.15.82:3300/0,v1:172.21.15.82:6789/0] conn(0x7f2a18107230 0x7f2a18106800 unknown :-1 s=NONE pgs=0 cs=0 l=1 rev1=0 crypto rx=0 tx=0 comp rx=0 tx=0).connect
2024-06-06T07:36:04.845 INFO:teuthology.orchestra.run.smithi082.stdout:/usr/bin/ceph: stderr
2024-06-06T07:36:01.411+0000 7f2a1d763640 1 -- --> [v2:172.21.15.82:3300/0,v1:172.21.15.82:6789/0] -- mon_getmap magic: 0 v1 -- 0x7f2a18106d40 con 0x7f2a18107230
2024-06-06T07:36:04.845 INFO:teuthology.orchestra.run.smithi082.stdout:/usr/bin/ceph: stderr
2024-06-06T07:36:01.411+0000 7f2a16ffd640 1 --2- >> [v2:172.21.15.82:3300/0,v1:172.21.15.82:6789/0] conn(0x7f2a18107230 0x7f2a18106800 unknown :-1 s=BANNER_CONNECTING pgs=0 cs=0 l=1 rev1=0 crypto rx=0 tx=0 comp rx=0 tx=0)._handle_peer_banner_payload supported=3 required=0
2024-06-06T07:36:04.845 INFO:teuthology.orchestra.run.smithi082.stdout:/usr/bin/ceph: stderr
2024-06-06T07:36:01.411+0000 7f2a16ffd640 1 --2- >> [v2:172.21.15.82:3300/0,v1:172.21.15.82:6789/0] conn(0x7f2a18107230 0x7f2a18106800 unknown :-1 s=HELLO_CONNECTING pgs=0 cs=0 l=1 rev1=1 crypto rx=0 tx=0 comp rx=0 tx=0).handle_hello peer v2:172.21.15.82:3300/0 says I am v2:172.21.15.82:57698/0 (socket says 172.21.15.82:57698)
2024-06-06T07:36:04.845 INFO:teuthology.orchestra.run.smithi082.stdout:/usr/bin/ceph: stderr
2024-06-06T07:36:01.411+0000 7f2a16ffd640 1 -- 172.21.15.82:0/1679783052 learned_addr learned my addr 172.21.15.82:0/1679783052 (peer_addr_for_me v2:172.21.15.82:0/0)
2024-06-06T07:36:04.845 INFO:teuthology.orchestra.run.smithi082.stdout:/usr/bin/ceph: stderr
2024-06-06T07:36:01.412+0000 7f2a16ffd640 1 -- 172.21.15.82:0/1679783052 --> [v2:172.21.15.82:3300/0,v1:172.21.15.82:6789/0] -- mon_subscribe({config=0+,monmap=0+}) v3 -- 0x7f2a08009b30 con 0x7f2a18107230
2024-06-06T07:36:04.845 INFO:teuthology.orchestra.run.smithi082.stdout:/usr/bin/ceph: stderr
2024-06-06T07:36:01.412+0000 7f2a16ffd640 1 --2- 172.21.15.82:0/1679783052 >> [v2:172.21.15.82:3300/0,v1:172.21.15.82:6789/0] conn(0x7f2a18107230 0x7f2a18106800 secure :-1 s=READY pgs=42 cs=0 l=1 rev1=1 crypto rx=0x7f2a08031630 tx=0x7f2a08031660 comp rx=0 tx=0).ready entity=mon.0 client_cookie=0 server_cookie=0 in_seq=0 out_seq=0
2024-06-06T07:36:04.845 INFO:teuthology.orchestra.run.smithi082.stdout:/usr/bin/ceph: stderr
2024-06-06T07:36:01.412+0000 7f2a0ffff640 1 -- 172.21.15.82:0/1679783052 <== mon.0 v2:172.21.15.82:3300/0 1 ==== mon_map magic: 0 v1 ==== 229+0+0 (secure 0 0 0) 0x7f2a08031c00 con 0x7f2a18107230
2024-06-06T07:36:04.845 INFO:teuthology.orchestra.run.smithi082.stdout:/usr/bin/ceph: stderr
2024-06-06T07:36:01.412+0000 7f2a0ffff640 1 -- 172.21.15.82:0/1679783052 <== mon.0 v2:172.21.15.82:3300/0 2 ==== config(27 keys) v1 ==== 1042+0+0 (secure 0 0 0) 0x7f2a08031d60 con 0x7f2a18107230
2024-06-06T07:36:04.846 INFO:teuthology.orchestra.run.smithi082.stdout:/usr/bin/ceph: stderr
2024-06-06T07:36:01.412+0000 7f2a1d763640 1 -- 172.21.15.82:0/1679783052 --> [v2:172.21.15.82:3300/0,v1:172.21.15.82:6789/0] -- mon_subscribe({mgrmap=0+}) v3 -- 0x7f2a18104f80 con 0x7f2a18107230
2024-06-06T07:36:04.846 INFO:teuthology.orchestra.run.smithi082.stdout:/usr/bin/ceph: stderr
2024-06-06T07:36:01.412+0000 7f2a0ffff640 1 -- 172.21.15.82:0/1679783052 <== mon.0 v2:172.21.15.82:3300/0 3 ==== mon_map magic: 0 v1 ==== 229+0+0 (secure 0 0 0) 0x7f2a0803a7a0 con 0x7f2a18107230
2024-06-06T07:36:04.846 INFO:teuthology.orchestra.run.smithi082.stdout:/usr/bin/ceph: stderr
2024-06-06T07:36:01.412+0000 7f2a1d763640 1 -- 172.21.15.82:0/1679783052 --> [v2:172.21.15.82:3300/0,v1:172.21.15.82:6789/0] -- mon_subscribe({osdmap=0}) v3 -- 0x7f2a18105480 con 0x7f2a18107230
2024-06-06T07:36:04.846 INFO:teuthology.orchestra.run.smithi082.stdout:/usr/bin/ceph: stderr
2024-06-06T07:36:01.413+0000 7f2a0ffff640 1 -- 172.21.15.82:0/1679783052 <== mon.0 v2:172.21.15.82:3300/0 4 ==== mgrmap(e 8) v1 ==== 44866+0+0 (secure 0 0 0) 0x7f2a08038040 con 0x7f2a18107230
2024-06-06T07:36:04.846 INFO:teuthology.orchestra.run.smithi082.stdout:/usr/bin/ceph: stderr
2024-06-06T07:36:01.413+0000 7f2a1d763640 1 -- 172.21.15.82:0/1679783052 --> [v2:172.21.15.82:3300/0,v1:172.21.15.82:6789/0] -- mon_command({"prefix": "get_command_descriptions"} v 0) v1 -- 0x7f2a18061ae0 con 0x7f2a18107230
2024-06-06T07:36:04.846 INFO:teuthology.orchestra.run.smithi082.stdout:/usr/bin/ceph: stderr
2024-06-06T07:36:01.413+0000 7f2a0ffff640 1 --2- 172.21.15.82:0/1679783052 >> [v2:172.21.15.82:6800/1662212559,v1:172.21.15.82:6801/1662212559] conn(0x7f2a040378b0 0x7f2a04039d70 unknown :-1 s=NONE pgs=0 cs=0 l=1 rev1=0 crypto rx=0 tx=0 comp rx=0 tx=0).connect
2024-06-06T07:36:04.846 INFO:teuthology.orchestra.run.smithi082.stdout:/usr/bin/ceph: stderr
2024-06-06T07:36:01.413+0000 7f2a0ffff640 1 -- 172.21.15.82:0/1679783052 <== mon.0 v2:172.21.15.82:3300/0 5 ==== osd_map(2..2 src has 1..2) v4 ==== 940+0+0 (secure 0 0 0) 0x7f2a0806a9f0 con 0x7f2a18107230
2024-06-06T07:36:04.846 INFO:teuthology.orchestra.run.smithi082.stdout:/usr/bin/ceph: stderr
2024-06-06T07:36:01.413+0000 7f2a167fc640 1 --2- 172.21.15.82:0/1679783052 >> [v2:172.21.15.82:6800/1662212559,v1:172.21.15.82:6801/1662212559] conn(0x7f2a040378b0 0x7f2a04039d70 unknown :-1 s=BANNER_CONNECTING pgs=0 cs=0 l=1 rev1=0 crypto rx=0 tx=0 comp rx=0 tx=0)._handle_peer_banner_payload supported=3 required=0
2024-06-06T07:36:04.846 INFO:teuthology.orchestra.run.smithi082.stdout:/usr/bin/ceph: stderr
2024-06-06T07:36:01.414+0000 7f2a167fc640 1 --2- 172.21.15.82:0/1679783052 >> [v2:172.21.15.82:6800/1662212559,v1:172.21.15.82:6801/1662212559] conn(0x7f2a040378b0 0x7f2a04039d70 secure :-1 s=READY pgs=11 cs=0 l=1 rev1=1 crypto rx=0x7f2a000098c0 tx=0x7f2a00006db0 comp rx=0 tx=0).ready entity=mgr.14116 client_cookie=0 server_cookie=0 in_seq=0 out_seq=0
2024-06-06T07:36:04.846 INFO:teuthology.orchestra.run.smithi082.stdout:/usr/bin/ceph: stderr
2024-06-06T07:36:01.418+0000 7f2a0ffff640 1 -- 172.21.15.82:0/1679783052 <== mon.0 v2:172.21.15.82:3300/0 6 ==== mon_command_ack([{"prefix": "get_command_descriptions"}]=0 v0) v1 ==== 72+0+182498 (secure 0 0 0) 0x7f2a08042310 con 0x7f2a18107230
2024-06-06T07:36:04.846 INFO:teuthology.orchestra.run.smithi082.stdout:/usr/bin/ceph: stderr
2024-06-06T07:36:01.594+0000 7f2a1d763640 1 -- 172.21.15.82:0/1679783052 --> [v2:172.21.15.82:6800/1662212559,v1:172.21.15.82:6801/1662212559] -- mgr_command(tid 0: {"prefix": "orch host add", "hostname": "smithi082", "addr": "172.21.15.82", "target": ["mon-mgr", ""]}) v1 -- 0x7f2a18105ab0 con 0x7f2a040378b0
2024-06-06T07:36:04.846 INFO:teuthology.orchestra.run.smithi082.stdout:/usr/bin/ceph: stderr
2024-06-06T07:36:04.265+0000 7f2a0ffff640 1 -- 172.21.15.82:0/1679783052 <== mgr.14116 v2:172.21.15.82:6800/1662212559 1 ==== mgr_command_reply(tid 0: 0 ) v1 ==== 8+0+48 (secure 0 0 0) 0x7f2a18105ab0 con 0x7f2a040378b0
2024-06-06T07:36:04.847 INFO:teuthology.orchestra.run.smithi082.stdout:/usr/bin/ceph: stderr
2024-06-06T07:36:04.268+0000 7f2a1d763640 1 -- 172.21.15.82:0/1679783052 >> [v2:172.21.15.82:6800/1662212559,v1:172.21.15.82:6801/1662212559] conn(0x7f2a040378b0 msgr2=0x7f2a04039d70 secure :-1 s=STATE_CONNECTION_ESTABLISHED l=1).mark_down
2024-06-06T07:36:04.847 INFO:teuthology.orchestra.run.smithi082.stdout:/usr/bin/ceph: stderr
2024-06-06T07:36:04.268+0000 7f2a1d763640 1 --2- 172.21.15.82:0/1679783052 >> [v2:172.21.15.82:6800/1662212559,v1:172.21.15.82:6801/1662212559] conn(0x7f2a040378b0 0x7f2a04039d70 secure :-1 s=READY pgs=11 cs=0 l=1 rev1=1 crypto rx=0x7f2a000098c0 tx=0x7f2a00006db0 comp rx=0 tx=0).stop
2024-06-06T07:36:04.847 INFO:teuthology.orchestra.run.smithi082.stdout:/usr/bin/ceph: stderr
2024-06-06T07:36:04.268+0000 7f2a1d763640 1 -- 172.21.15.82:0/1679783052 >> [v2:172.21.15.82:3300/0,v1:172.21.15.82:6789/0] conn(0x7f2a18107230 msgr2=0x7f2a18106800 secure :-1 s=STATE_CONNECTION_ESTABLISHED l=1).mark_down
2024-06-06T07:36:04.847 INFO:teuthology.orchestra.run.smithi082.stdout:/usr/bin/ceph: stderr
2024-06-06T07:36:04.268+0000 7f2a1d763640 1 --2- 172.21.15.82:0/1679783052 >> [v2:172.21.15.82:3300/0,v1:172.21.15.82:6789/0] conn(0x7f2a18107230 0x7f2a18106800 secure :-1 s=READY pgs=42 cs=0 l=1 rev1=1 crypto rx=0x7f2a08031630 tx=0x7f2a08031660 comp rx=0 tx=0).stop
2024-06-06T07:36:04.847 INFO:teuthology.orchestra.run.smithi082.stdout:/usr/bin/ceph: stderr
2024-06-06T07:36:04.268+0000 7f2a1d763640 1 -- 172.21.15.82:0/1679783052 shutdown_connections
2024-06-06T07:36:04.847 INFO:teuthology.orchestra.run.smithi082.stdout:/usr/bin/ceph: stderr
2024-06-06T07:36:04.268+0000 7f2a1d763640 1 --2- 172.21.15.82:0/1679783052 >> [v2:172.21.15.82:6800/1662212559,v1:172.21.15.82:6801/1662212559] conn(0x7f2a040378b0 0x7f2a04039d70 unknown :-1 s=CLOSED pgs=11 cs=0 l=1 rev1=1 crypto rx=0 tx=0 comp rx=0 tx=0).stop
2024-06-06T07:36:04.847 INFO:teuthology.orchestra.run.smithi082.stdout:/usr/bin/ceph: stderr
2024-06-06T07:36:04.268+0000 7f2a1d763640 1 --2- 172.21.15.82:0/1679783052 >> [v2:172.21.15.82:3300/0,v1:172.21.15.82:6789/0] conn(0x7f2a18107230 0x7f2a18106800 unknown :-1 s=CLOSED pgs=42 cs=0 l=1 rev1=1 crypto rx=0 tx=0 comp rx=0 tx=0).stop
2024-06-06T07:36:04.847 INFO:teuthology.orchestra.run.smithi082.stdout:/usr/bin/ceph: stderr
2024-06-06T07:36:04.268+0000 7f2a1d763640 1 -- 172.21.15.82:0/1679783052 >> 172.21.15.82:0/1679783052 conn(0x7f2a180ff870 msgr2=0x7f2a18100360 unknown :-1 s=STATE_NONE l=0).mark_down
2024-06-06T07:36:04.847 INFO:teuthology.orchestra.run.smithi082.stdout:/usr/bin/ceph: stderr
2024-06-06T07:36:04.268+0000 7f2a1d763640 1 -- 172.21.15.82:0/1679783052 shutdown_connections
2024-06-06T07:36:04.847 INFO:teuthology.orchestra.run.smithi082.stdout:/usr/bin/ceph: stderr
2024-06-06T07:36:04.268+0000 7f2a1d763640 1 -- 172.21.15.82:0/1679783052 wait complete.
2024-06-06T07:36:04.847 INFO:teuthology.orchestra.run.smithi082.stdout:Deploying mon service with default placement...
2024-06-06T07:36:05.431 INFO:journalctl@ceph.mon.smithi082.smithi082.stdout:Jun 06 07:36:05 smithi082 ceph-mon[29354]: from='mgr.14116 172.21.15.82:0/2100426720' entity='mgr.smithi082.kocfig'
2024-06-06T07:36:05.431 INFO:journalctl@ceph.mon.smithi082.smithi082.stdout:Jun 06 07:36:05 smithi082 ceph-mon[29354]: Added host smithi082
2024-06-06T07:36:05.431 INFO:journalctl@ceph.mon.smithi082.smithi082.stdout:Jun 06 07:36:05 smithi082 ceph-mon[29354]: from='mgr.14116 172.21.15.82:0/2100426720' entity='mgr.smithi082.kocfig' cmd=[{"prefix": "config dump", "format": "json"}]: dispatch
2024-06-06T07:36:06.083 INFO:teuthology.orchestra.run.smithi082.stdout:/usr/bin/ceph: stdout Scheduled mon update...
2024-06-06T07:36:06.083 INFO:teuthology.orchestra.run.smithi082.stdout:/usr/bin/ceph: stderr
2024-06-06T07:36:05.250+0000 7f415cf36640 1 Processor -- start
2024-06-06T07:36:06.083 INFO:teuthology.orchestra.run.smithi082.stdout:/usr/bin/ceph: stderr
2024-06-06T07:36:05.250+0000 7f415cf36640 1 -- start start
2024-06-06T07:36:06.084 INFO:teuthology.orchestra.run.smithi082.stdout:/usr/bin/ceph: stderr
2024-06-06T07:36:05.250+0000 7f415cf36640 1 --2- >> [v2:172.21.15.82:3300/0,v1:172.21.15.82:6789/0] conn(0x7f4158105c60 0x7f4158106080 unknown :-1 s=NONE pgs=0 cs=0 l=0 rev1=0 crypto rx=0 tx=0 comp rx=0 tx=0).connect
2024-06-06T07:36:06.084 INFO:teuthology.orchestra.run.smithi082.stdout:/usr/bin/ceph: stderr
2024-06-06T07:36:05.250+0000 7f415cf36640 1 -- --> [v2:172.21.15.82:3300/0,v1:172.21.15.82:6789/0] -- mon_getmap magic: 0 v1 -- 0x7f4158106650 con 0x7f4158105c60
2024-06-06T07:36:06.084 INFO:teuthology.orchestra.run.smithi082.stdout:/usr/bin/ceph: stderr
2024-06-06T07:36:05.251+0000 7f415659c640 1 --2- >> [v2:172.21.15.82:3300/0,v1:172.21.15.82:6789/0] conn(0x7f4158105c60 0x7f4158106080 unknown :-1 s=BANNER_CONNECTING pgs=0 cs=0 l=0 rev1=0 crypto rx=0 tx=0 comp rx=0 tx=0)._handle_peer_banner_payload supported=3 required=0
2024-06-06T07:36:06.084 INFO:teuthology.orchestra.run.smithi082.stdout:/usr/bin/ceph: stderr
2024-06-06T07:36:05.251+0000 7f415659c640 1 --2- >> [v2:172.21.15.82:3300/0,v1:172.21.15.82:6789/0] conn(0x7f4158105c60 0x7f4158106080 unknown :-1 s=HELLO_CONNECTING pgs=0 cs=0 l=0 rev1=1 crypto rx=0 tx=0 comp rx=0 tx=0).handle_hello peer v2:172.21.15.82:3300/0 says I am v2:172.21.15.82:33168/0 (socket says 172.21.15.82:33168)
2024-06-06T07:36:06.084 INFO:teuthology.orchestra.run.smithi082.stdout:/usr/bin/ceph: stderr
2024-06-06T07:36:05.251+0000 7f415659c640 1 -- 172.21.15.82:0/1430212106 learned_addr learned my addr 172.21.15.82:0/1430212106 (peer_addr_for_me v2:172.21.15.82:0/0)
2024-06-06T07:36:06.084 INFO:teuthology.orchestra.run.smithi082.stdout:/usr/bin/ceph: stderr
2024-06-06T07:36:05.251+0000 7f415659c640 1 -- 172.21.15.82:0/1430212106 --> [v2:172.21.15.82:3300/0,v1:172.21.15.82:6789/0] -- mon_subscribe({config=0+,monmap=0+}) v3 -- 0x7f4158106e60 con 0x7f4158105c60
2024-06-06T07:36:06.084 INFO:teuthology.orchestra.run.smithi082.stdout:/usr/bin/ceph: stderr
2024-06-06T07:36:05.251+0000 7f415659c640 1 --2- 172.21.15.82:0/1430212106 >> [v2:172.21.15.82:3300/0,v1:172.21.15.82:6789/0] conn(0x7f4158105c60 0x7f4158106080 secure :-1 s=READY pgs=43 cs=0 l=1 rev1=1 crypto rx=0x7f4148009820 tx=0x7f414802a270 comp rx=0 tx=0).ready entity=mon.0 client_cookie=7d7057163f0b78eb server_cookie=0 in_seq=0 out_seq=0
2024-06-06T07:36:06.084 INFO:teuthology.orchestra.run.smithi082.stdout:/usr/bin/ceph: stderr
2024-06-06T07:36:05.252+0000 7f415559a640 1 -- 172.21.15.82:0/1430212106 <== mon.0 v2:172.21.15.82:3300/0 1 ==== mon_map magic: 0 v1 ==== 229+0+0 (secure 0 0 0) 0x7f414802ad40 con 0x7f4158105c60
2024-06-06T07:36:06.084 INFO:teuthology.orchestra.run.smithi082.stdout:/usr/bin/ceph: stderr
2024-06-06T07:36:05.252+0000 7f415559a640 1 -- 172.21.15.82:0/1430212106 <== mon.0 v2:172.21.15.82:3300/0 2 ==== config(27 keys) v1 ==== 1042+0+0 (secure 0 0 0) 0x7f41480328c0 con 0x7f4158105c60
2024-06-06T07:36:06.084 INFO:teuthology.orchestra.run.smithi082.stdout:/usr/bin/ceph: stderr
2024-06-06T07:36:05.252+0000 7f415559a640 1 -- 172.21.15.82:0/1430212106 <== mon.0 v2:172.21.15.82:3300/0 3 ==== mon_map magic: 0 v1 ==== 229+0+0 (secure 0 0 0) 0x7f41480307f0 con 0x7f4158105c60
2024-06-06T07:36:06.084 INFO:teuthology.orchestra.run.smithi082.stdout:/usr/bin/ceph: stderr
2024-06-06T07:36:05.252+0000 7f415cf36640 1 -- 172.21.15.82:0/1430212106 >> [v2:172.21.15.82:3300/0,v1:172.21.15.82:6789/0] conn(0x7f4158105c60 msgr2=0x7f4158106080 secure :-1 s=STATE_CONNECTION_ESTABLISHED l=1).mark_down
2024-06-06T07:36:06.085 INFO:teuthology.orchestra.run.smithi082.stdout:/usr/bin/ceph: stderr
2024-06-06T07:36:05.252+0000 7f415cf36640 1 --2- 172.21.15.82:0/1430212106 >> [v2:172.21.15.82:3300/0,v1:172.21.15.82:6789/0] conn(0x7f4158105c60 0x7f4158106080 secure :-1 s=READY pgs=43 cs=0 l=1 rev1=1 crypto rx=0x7f4148009820 tx=0x7f414802a270 comp rx=0 tx=0).stop
2024-06-06T07:36:06.085 INFO:teuthology.orchestra.run.smithi082.stdout:/usr/bin/ceph: stderr
2024-06-06T07:36:05.252+0000 7f415cf36640 1 -- 172.21.15.82:0/1430212106 shutdown_connections
2024-06-06T07:36:06.085 INFO:teuthology.orchestra.run.smithi082.stdout:/usr/bin/ceph: stderr
2024-06-06T07:36:05.252+0000 7f415cf36640 1 --2- 172.21.15.82:0/1430212106 >> [v2:172.21.15.82:3300/0,v1:172.21.15.82:6789/0] conn(0x7f4158105c60 0x7f4158106080 unknown :-1 s=CLOSED pgs=43 cs=0 l=1 rev1=1 crypto rx=0 tx=0 comp rx=0 tx=0).stop
2024-06-06T07:36:06.085 INFO:teuthology.orchestra.run.smithi082.stdout:/usr/bin/ceph: stderr
2024-06-06T07:36:05.252+0000 7f415cf36640 1 -- 172.21.15.82:0/1430212106 >> 172.21.15.82:0/1430212106 conn(0x7f41581011c0 msgr2=0x7f4158103640 unknown :-1 s=STATE_NONE l=0).mark_down
2024-06-06T07:36:06.085 INFO:teuthology.orchestra.run.smithi082.stdout:/usr/bin/ceph: stderr
2024-06-06T07:36:05.252+0000 7f415cf36640 1 -- 172.21.15.82:0/1430212106 shutdown_connections
2024-06-06T07:36:06.085 INFO:teuthology.orchestra.run.smithi082.stdout:/usr/bin/ceph: stderr
2024-06-06T07:36:05.252+0000 7f415cf36640 1 -- 172.21.15.82:0/1430212106 wait complete.
2024-06-06T07:36:06.085 INFO:teuthology.orchestra.run.smithi082.stdout:/usr/bin/ceph: stderr
2024-06-06T07:36:05.253+0000 7f415cf36640 1 Processor -- start
2024-06-06T07:36:06.085 INFO:teuthology.orchestra.run.smithi082.stdout:/usr/bin/ceph: stderr
2024-06-06T07:36:05.253+0000 7f415cf36640 1 -- start start
2024-06-06T07:36:06.085 INFO:teuthology.orchestra.run.smithi082.stdout:/usr/bin/ceph: stderr
2024-06-06T07:36:05.253+0000 7f415cf36640 1 --2- >> [v2:172.21.15.82:3300/0,v1:172.21.15.82:6789/0] conn(0x7f4158105c60 0x7f4158199890 unknown :-1 s=NONE pgs=0 cs=0 l=1 rev1=0 crypto rx=0 tx=0 comp rx=0 tx=0).connect
2024-06-06T07:36:06.085 INFO:teuthology.orchestra.run.smithi082.stdout:/usr/bin/ceph: stderr
2024-06-06T07:36:05.253+0000 7f415cf36640 1 -- --> [v2:172.21.15.82:3300/0,v1:172.21.15.82:6789/0] -- mon_getmap magic: 0 v1 -- 0x7f4158199dd0 con 0x7f4158105c60
2024-06-06T07:36:06.085 INFO:teuthology.orchestra.run.smithi082.stdout:/usr/bin/ceph: stderr
2024-06-06T07:36:05.253+0000 7f415659c640 1 --2- >> [v2:172.21.15.82:3300/0,v1:172.21.15.82:6789/0] conn(0x7f4158105c60 0x7f4158199890 unknown :-1 s=BANNER_CONNECTING pgs=0 cs=0 l=1 rev1=0 crypto rx=0 tx=0 comp rx=0 tx=0)._handle_peer_banner_payload supported=3 required=0
2024-06-06T07:36:06.085 INFO:teuthology.orchestra.run.smithi082.stdout:/usr/bin/ceph: stderr
2024-06-06T07:36:05.253+0000 7f415659c640 1 --2- >> [v2:172.21.15.82:3300/0,v1:172.21.15.82:6789/0] conn(0x7f4158105c60 0x7f4158199890 unknown :-1 s=HELLO_CONNECTING pgs=0 cs=0 l=1 rev1=1 crypto rx=0 tx=0 comp rx=0 tx=0).handle_hello peer v2:172.21.15.82:3300/0 says I am v2:172.21.15.82:33176/0 (socket says 172.21.15.82:33176)
2024-06-06T07:36:06.086 INFO:teuthology.orchestra.run.smithi082.stdout:/usr/bin/ceph: stderr
2024-06-06T07:36:05.253+0000 7f415659c640 1 -- 172.21.15.82:0/3924069352 learned_addr learned my addr 172.21.15.82:0/3924069352 (peer_addr_for_me v2:172.21.15.82:0/0)
2024-06-06T07:36:06.086 INFO:teuthology.orchestra.run.smithi082.stdout:/usr/bin/ceph: stderr
2024-06-06T07:36:05.254+0000 7f415659c640 1 -- 172.21.15.82:0/3924069352 --> [v2:172.21.15.82:3300/0,v1:172.21.15.82:6789/0] -- mon_subscribe({config=0+,monmap=0+}) v3 -- 0x7f41480094d0 con 0x7f4158105c60
2024-06-06T07:36:06.086 INFO:teuthology.orchestra.run.smithi082.stdout:/usr/bin/ceph: stderr
2024-06-06T07:36:05.254+0000 7f415659c640 1 --2- 172.21.15.82:0/3924069352 >> [v2:172.21.15.82:3300/0,v1:172.21.15.82:6789/0] conn(0x7f4158105c60 0x7f4158199890 secure :-1 s=READY pgs=44 cs=0 l=1 rev1=1 crypto rx=0x7f4148009940 tx=0x7f4148032c60 comp rx=0 tx=0).ready entity=mon.0 client_cookie=0 server_cookie=0 in_seq=0 out_seq=0
2024-06-06T07:36:06.086 INFO:teuthology.orchestra.run.smithi082.stdout:/usr/bin/ceph: stderr
2024-06-06T07:36:05.254+0000 7f41477fe640 1 -- 172.21.15.82:0/3924069352 <== mon.0 v2:172.21.15.82:3300/0 1 ==== mon_map magic: 0 v1 ==== 229+0+0 (secure 0 0 0) 0x7f4148041070 con 0x7f4158105c60
2024-06-06T07:36:06.086 INFO:teuthology.orchestra.run.smithi082.stdout:/usr/bin/ceph: stderr
2024-06-06T07:36:05.254+0000 7f41477fe640 1 -- 172.21.15.82:0/3924069352 <== mon.0 v2:172.21.15.82:3300/0 2 ==== config(27 keys) v1 ==== 1042+0+0 (secure 0 0 0) 0x7f4148030cc0 con 0x7f4158105c60
2024-06-06T07:36:06.086 INFO:teuthology.orchestra.run.smithi082.stdout:/usr/bin/ceph: stderr
2024-06-06T07:36:05.254+0000 7f415cf36640 1 -- 172.21.15.82:0/3924069352 --> [v2:172.21.15.82:3300/0,v1:172.21.15.82:6789/0] -- mon_subscribe({mgrmap=0+}) v3 -- 0x7f4158199fd0 con 0x7f4158105c60
2024-06-06T07:36:06.086 INFO:teuthology.orchestra.run.smithi082.stdout:/usr/bin/ceph: stderr
2024-06-06T07:36:05.254+0000 7f41477fe640 1 -- 172.21.15.82:0/3924069352 <== mon.0 v2:172.21.15.82:3300/0 3 ==== mon_map magic: 0 v1 ==== 229+0+0 (secure 0 0 0) 0x7f414803c690 con 0x7f4158105c60
2024-06-06T07:36:06.086 INFO:teuthology.orchestra.run.smithi082.stdout:/usr/bin/ceph: stderr
2024-06-06T07:36:05.254+0000 7f415cf36640 1 -- 172.21.15.82:0/3924069352 --> [v2:172.21.15.82:3300/0,v1:172.21.15.82:6789/0] -- mon_subscribe({osdmap=0}) v3 -- 0x7f415819a3f0 con 0x7f4158105c60
2024-06-06T07:36:06.086 INFO:teuthology.orchestra.run.smithi082.stdout:/usr/bin/ceph: stderr
2024-06-06T07:36:05.255+0000 7f41477fe640 1 -- 172.21.15.82:0/3924069352 <== mon.0 v2:172.21.15.82:3300/0 4 ==== mgrmap(e 8) v1 ==== 44866+0+0 (secure 0 0 0) 0x7f414803c880 con 0x7f4158105c60
2024-06-06T07:36:06.086 INFO:teuthology.orchestra.run.smithi082.stdout:/usr/bin/ceph: stderr
2024-06-06T07:36:05.255+0000 7f41477fe640 1 --2- 172.21.15.82:0/3924069352 >> [v2:172.21.15.82:6800/1662212559,v1:172.21.15.82:6801/1662212559] conn(0x7f4140037860 0x7f4140039d20 unknown :-1 s=NONE pgs=0 cs=0 l=1 rev1=0 crypto rx=0 tx=0 comp rx=0 tx=0).connect
2024-06-06T07:36:06.086 INFO:teuthology.orchestra.run.smithi082.stdout:/usr/bin/ceph: stderr
2024-06-06T07:36:05.255+0000 7f41477fe640 1 -- 172.21.15.82:0/3924069352 <== mon.0 v2:172.21.15.82:3300/0 5 ==== osd_map(2..2 src has 1..2) v4 ==== 940+0+0 (secure 0 0 0) 0x7f414803d480 con 0x7f4158105c60
2024-06-06T07:36:06.086 INFO:teuthology.orchestra.run.smithi082.stdout:/usr/bin/ceph: stderr
2024-06-06T07:36:05.255+0000 7f4155d9b640 1 --2- 172.21.15.82:0/3924069352 >> [v2:172.21.15.82:6800/1662212559,v1:172.21.15.82:6801/1662212559] conn(0x7f4140037860 0x7f4140039d20 unknown :-1 s=BANNER_CONNECTING pgs=0 cs=0 l=1 rev1=0 crypto rx=0 tx=0 comp rx=0 tx=0)._handle_peer_banner_payload supported=3 required=0
2024-06-06T07:36:06.086 INFO:teuthology.orchestra.run.smithi082.stdout:/usr/bin/ceph: stderr
2024-06-06T07:36:05.255+0000 7f415cf36640 1 -- 172.21.15.82:0/3924069352 --> [v2:172.21.15.82:3300/0,v1:172.21.15.82:6789/0] -- mon_command({"prefix": "get_command_descriptions"} v 0) v1 -- 0x7f4158061ae0 con 0x7f4158105c60
2024-06-06T07:36:06.087 INFO:teuthology.orchestra.run.smithi082.stdout:/usr/bin/ceph: stderr
2024-06-06T07:36:05.255+0000 7f4155d9b640 1 --2- 172.21.15.82:0/3924069352 >> [v2:172.21.15.82:6800/1662212559,v1:172.21.15.82:6801/1662212559] conn(0x7f4140037860 0x7f4140039d20 secure :-1 s=READY pgs=12 cs=0 l=1 rev1=1 crypto rx=0x7f414c0098c0 tx=0x7f414c006db0 comp rx=0 tx=0).ready entity=mgr.14116 client_cookie=0 server_cookie=0 in_seq=0 out_seq=0
2024-06-06T07:36:06.087 INFO:teuthology.orchestra.run.smithi082.stdout:/usr/bin/ceph: stderr
2024-06-06T07:36:05.260+0000 7f41477fe640 1 -- 172.21.15.82:0/3924069352 <== mon.0 v2:172.21.15.82:3300/0 6 ==== mon_command_ack([{"prefix": "get_command_descriptions"}]=0 v0) v1 ==== 72+0+182498 (secure 0 0 0) 0x7f4148031dd0 con 0x7f4158105c60
2024-06-06T07:36:06.087 INFO:teuthology.orchestra.run.smithi082.stdout:/usr/bin/ceph: stderr
2024-06-06T07:36:05.447+0000 7f415cf36640 1 -- 172.21.15.82:0/3924069352 --> [v2:172.21.15.82:6800/1662212559,v1:172.21.15.82:6801/1662212559] -- mgr_command(tid 0: {"prefix": "orch apply", "service_type": "mon", "target": ["mon-mgr", ""]}) v1 -- 0x7f41581022f0 con 0x7f4140037860
2024-06-06T07:36:06.087 INFO:teuthology.orchestra.run.smithi082.stdout:/usr/bin/ceph: stderr
2024-06-06T07:36:05.454+0000 7f41477fe640 1 -- 172.21.15.82:0/3924069352 <== mgr.14116 v2:172.21.15.82:6800/1662212559 1 ==== mgr_command_reply(tid 0: 0 ) v1 ==== 8+0+24 (secure 0 0 0) 0x7f41581022f0 con 0x7f4140037860
2024-06-06T07:36:06.087 INFO:teuthology.orchestra.run.smithi082.stdout:/usr/bin/ceph: stderr
2024-06-06T07:36:05.457+0000 7f415cf36640 1 -- 172.21.15.82:0/3924069352 >> [v2:172.21.15.82:6800/1662212559,v1:172.21.15.82:6801/1662212559] conn(0x7f4140037860 msgr2=0x7f4140039d20 secure :-1 s=STATE_CONNECTION_ESTABLISHED l=1).mark_down
2024-06-06T07:36:06.087 INFO:teuthology.orchestra.run.smithi082.stdout:/usr/bin/ceph: stderr
2024-06-06T07:36:05.457+0000 7f415cf36640 1 --2- 172.21.15.82:0/3924069352 >> [v2:172.21.15.82:6800/1662212559,v1:172.21.15.82:6801/1662212559] conn(0x7f4140037860 0x7f4140039d20 secure :-1 s=READY pgs=12 cs=0 l=1 rev1=1 crypto rx=0x7f414c0098c0 tx=0x7f414c006db0 comp rx=0 tx=0).stop
2024-06-06T07:36:06.087 INFO:teuthology.orchestra.run.smithi082.stdout:/usr/bin/ceph: stderr
2024-06-06T07:36:05.457+0000 7f415cf36640 1 -- 172.21.15.82:0/3924069352 >> [v2:172.21.15.82:3300/0,v1:172.21.15.82:6789/0] conn(0x7f4158105c60 msgr2=0x7f4158199890 secure :-1 s=STATE_CONNECTION_ESTABLISHED l=1).mark_down
2024-06-06T07:36:06.087 INFO:teuthology.orchestra.run.smithi082.stdout:/usr/bin/ceph: stderr
2024-06-06T07:36:05.457+0000 7f415cf36640 1 --2- 172.21.15.82:0/3924069352 >> [v2:172.21.15.82:3300/0,v1:172.21.15.82:6789/0] conn(0x7f4158105c60 0x7f4158199890 secure :-1 s=READY pgs=44 cs=0 l=1 rev1=1 crypto rx=0x7f4148009940 tx=0x7f4148032c60 comp rx=0 tx=0).stop
2024-06-06T07:36:06.087 INFO:teuthology.orchestra.run.smithi082.stdout:/usr/bin/ceph: stderr
2024-06-06T07:36:05.457+0000 7f415cf36640 1 -- 172.21.15.82:0/3924069352 shutdown_connections
2024-06-06T07:36:06.087 INFO:teuthology.orchestra.run.smithi082.stdout:/usr/bin/ceph: stderr
2024-06-06T07:36:05.457+0000 7f415cf36640 1 --2- 172.21.15.82:0/3924069352 >> [v2:172.21.15.82:6800/1662212559,v1:172.21.15.82:6801/1662212559] conn(0x7f4140037860 0x7f4140039d20 unknown :-1 s=CLOSED pgs=12 cs=0 l=1 rev1=1 crypto rx=0 tx=0 comp rx=0 tx=0).stop
2024-06-06T07:36:06.087 INFO:teuthology.orchestra.run.smithi082.stdout:/usr/bin/ceph: stderr
2024-06-06T07:36:05.457+0000 7f415cf36640 1 --2- 172.21.15.82:0/3924069352 >> [v2:172.21.15.82:3300/0,v1:172.21.15.82:6789/0] conn(0x7f4158105c60 0x7f4158199890 unknown :-1 s=CLOSED pgs=44 cs=0 l=1 rev1=1 crypto rx=0 tx=0 comp rx=0 tx=0).stop
2024-06-06T07:36:06.087 INFO:teuthology.orchestra.run.smithi082.stdout:/usr/bin/ceph: stderr
2024-06-06T07:36:05.457+0000 7f415cf36640 1 -- 172.21.15.82:0/3924069352 >> 172.21.15.82:0/3924069352 conn(0x7f41581011c0 msgr2=0x7f4158101be0 unknown :-1 s=STATE_NONE l=0).mark_down
2024-06-06T07:36:06.087 INFO:teuthology.orchestra.run.smithi082.stdout:/usr/bin/ceph: stderr
2024-06-06T07:36:05.457+0000 7f415cf36640 1 -- 172.21.15.82:0/3924069352 shutdown_connections
2024-06-06T07:36:06.088 INFO:teuthology.orchestra.run.smithi082.stdout:/usr/bin/ceph: stderr
2024-06-06T07:36:05.457+0000 7f415cf36640 1 -- 172.21.15.82:0/3924069352 wait complete.
2024-06-06T07:36:06.088 INFO:teuthology.orchestra.run.smithi082.stdout:Deploying mgr service with default placement...
2024-06-06T07:36:06.768 INFO:journalctl@ceph.mon.smithi082.smithi082.stdout:Jun 06 07:36:06 smithi082 ceph-mon[29354]: from='client.14138 -' entity='client.admin' cmd=[{"prefix": "orch apply", "service_type": "mon", "target": ["mon-mgr", ""]}]: dispatch
2024-06-06T07:36:06.768 INFO:journalctl@ceph.mon.smithi082.smithi082.stdout:Jun 06 07:36:06 smithi082 ceph-mon[29354]: Saving service mon spec with placement count:5
2024-06-06T07:36:06.768 INFO:journalctl@ceph.mon.smithi082.smithi082.stdout:Jun 06 07:36:06 smithi082 ceph-mon[29354]: from='mgr.14116 172.21.15.82:0/2100426720' entity='mgr.smithi082.kocfig'
2024-06-06T07:36:08.167 INFO:journalctl@ceph.mon.smithi082.smithi082.stdout:Jun 06 07:36:07 smithi082 ceph-mon[29354]: from='mgr.14116 172.21.15.82:0/2100426720' entity='mgr.smithi082.kocfig'
2024-06-06T07:36:08.167 INFO:journalctl@ceph.mon.smithi082.smithi082.stdout:Jun 06 07:36:07 smithi082 ceph-mon[29354]: from='mgr.14116 172.21.15.82:0/2100426720' entity='mgr.smithi082.kocfig'
2024-06-06T07:36:08.167 INFO:journalctl@ceph.mon.smithi082.smithi082.stdout:Jun 06 07:36:07 smithi082 ceph-mon[29354]: from='client.14140 -' entity='client.admin' cmd=[{"prefix": "orch apply", "service_type": "mgr", "target": ["mon-mgr", ""]}]: dispatch
2024-06-06T07:36:08.168 INFO:journalctl@ceph.mon.smithi082.smithi082.stdout:Jun 06 07:36:07 smithi082 ceph-mon[29354]: Saving service mgr spec with placement count:2
2024-06-06T07:36:08.168 INFO:journalctl@ceph.mon.smithi082.smithi082.stdout:Jun 06 07:36:07 smithi082 ceph-mon[29354]: from='mgr.14116 172.21.15.82:0/2100426720' entity='mgr.smithi082.kocfig'
2024-06-06T07:36:08.714 INFO:teuthology.orchestra.run.smithi082.stdout:/usr/bin/ceph: stdout Scheduled mgr update...
2024-06-06T07:36:08.715 INFO:teuthology.orchestra.run.smithi082.stdout:/usr/bin/ceph: stderr
2024-06-06T07:36:07.271+0000 7f351113b640 1 Processor -- start
2024-06-06T07:36:08.715 INFO:teuthology.orchestra.run.smithi082.stdout:/usr/bin/ceph: stderr
2024-06-06T07:36:07.271+0000 7f351113b640 1 -- start start
2024-06-06T07:36:08.715 INFO:teuthology.orchestra.run.smithi082.stdout:/usr/bin/ceph: stderr
2024-06-06T07:36:07.272+0000 7f351113b640 1 --2- >> [v2:172.21.15.82:3300/0,v1:172.21.15.82:6789/0] conn(0x7f350c104b10 0x7f350c104f30 unknown :-1 s=NONE pgs=0 cs=0 l=0 rev1=0 crypto rx=0 tx=0 comp rx=0 tx=0).connect
2024-06-06T07:36:08.715 INFO:teuthology.orchestra.run.smithi082.stdout:/usr/bin/ceph: stderr
2024-06-06T07:36:07.272+0000 7f351113b640 1 -- --> [v2:172.21.15.82:3300/0,v1:172.21.15.82:6789/0] -- mon_getmap magic: 0 v1 -- 0x7f350c105500 con 0x7f350c104b10
2024-06-06T07:36:08.715 INFO:teuthology.orchestra.run.smithi082.stdout:/usr/bin/ceph: stderr
2024-06-06T07:36:07.272+0000 7f350ad9d640 1 --2- >> [v2:172.21.15.82:3300/0,v1:172.21.15.82:6789/0] conn(0x7f350c104b10 0x7f350c104f30 unknown :-1 s=BANNER_CONNECTING pgs=0 cs=0 l=0 rev1=0 crypto rx=0 tx=0 comp rx=0 tx=0)._handle_peer_banner_payload supported=3 required=0
2024-06-06T07:36:08.715 INFO:teuthology.orchestra.run.smithi082.stdout:/usr/bin/ceph: stderr
2024-06-06T07:36:07.272+0000 7f350ad9d640 1 --2- >> [v2:172.21.15.82:3300/0,v1:172.21.15.82:6789/0] conn(0x7f350c104b10 0x7f350c104f30 unknown :-1 s=HELLO_CONNECTING pgs=0 cs=0 l=0 rev1=1 crypto rx=0 tx=0 comp rx=0 tx=0).handle_hello peer v2:172.21.15.82:3300/0 says I am v2:172.21.15.82:33180/0 (socket says 172.21.15.82:33180)
2024-06-06T07:36:08.715 INFO:teuthology.orchestra.run.smithi082.stdout:/usr/bin/ceph: stderr
2024-06-06T07:36:07.272+0000 7f350ad9d640 1 -- 172.21.15.82:0/1927411577 learned_addr learned my addr 172.21.15.82:0/1927411577 (peer_addr_for_me v2:172.21.15.82:0/0)
2024-06-06T07:36:08.715 INFO:teuthology.orchestra.run.smithi082.stdout:/usr/bin/ceph: stderr
2024-06-06T07:36:07.272+0000 7f350ad9d640 1 -- 172.21.15.82:0/1927411577 --> [v2:172.21.15.82:3300/0,v1:172.21.15.82:6789/0] -- mon_subscribe({config=0+,monmap=0+}) v3 -- 0x7f350c105d10 con 0x7f350c104b10
2024-06-06T07:36:08.715 INFO:teuthology.orchestra.run.smithi082.stdout:/usr/bin/ceph: stderr
2024-06-06T07:36:07.273+0000 7f350ad9d640 1 --2- 172.21.15.82:0/1927411577 >> [v2:172.21.15.82:3300/0,v1:172.21.15.82:6789/0] conn(0x7f350c104b10 0x7f350c104f30 secure :-1 s=READY pgs=45 cs=0 l=1 rev1=1 crypto rx=0x7f34fc009820 tx=0x7f34fc02a270 comp rx=0 tx=0).ready entity=mon.0 client_cookie=398742a7d835fadf server_cookie=0 in_seq=0 out_seq=0
2024-06-06T07:36:08.715 INFO:teuthology.orchestra.run.smithi082.stdout:/usr/bin/ceph: stderr
2024-06-06T07:36:07.273+0000 7f350a59c640 1 -- 172.21.15.82:0/1927411577 <== mon.0 v2:172.21.15.82:3300/0 1 ==== mon_map magic: 0 v1 ==== 229+0+0 (secure 0 0 0) 0x7f34fc02ad40 con 0x7f350c104b10
2024-06-06T07:36:08.715 INFO:teuthology.orchestra.run.smithi082.stdout:/usr/bin/ceph: stderr
2024-06-06T07:36:07.273+0000 7f350a59c640 1 -- 172.21.15.82:0/1927411577 <== mon.0 v2:172.21.15.82:3300/0 2 ==== config(27 keys) v1 ==== 1109+0+0 (secure 0 0 0) 0x7f34fc032900 con 0x7f350c104b10
2024-06-06T07:36:08.716 INFO:teuthology.orchestra.run.smithi082.stdout:/usr/bin/ceph: stderr
2024-06-06T07:36:07.273+0000 7f350a59c640 1 -- 172.21.15.82:0/1927411577 <== mon.0 v2:172.21.15.82:3300/0 3 ==== mon_map magic: 0 v1 ==== 229+0+0 (secure 0 0 0) 0x7f34fc030860 con 0x7f350c104b10
2024-06-06T07:36:08.716 INFO:teuthology.orchestra.run.smithi082.stdout:/usr/bin/ceph: stderr
2024-06-06T07:36:07.273+0000 7f351113b640 1 -- 172.21.15.82:0/1927411577 >> [v2:172.21.15.82:3300/0,v1:172.21.15.82:6789/0] conn(0x7f350c104b10 msgr2=0x7f350c104f30 secure :-1 s=STATE_CONNECTION_ESTABLISHED l=1).mark_down
2024-06-06T07:36:08.716 INFO:teuthology.orchestra.run.smithi082.stdout:/usr/bin/ceph: stderr
2024-06-06T07:36:07.273+0000 7f351113b640 1 --2- 172.21.15.82:0/1927411577 >> [v2:172.21.15.82:3300/0,v1:172.21.15.82:6789/0] conn(0x7f350c104b10 0x7f350c104f30 secure :-1 s=READY pgs=45 cs=0 l=1 rev1=1 crypto rx=0x7f34fc009820 tx=0x7f34fc02a270 comp rx=0 tx=0).stop
2024-06-06T07:36:08.716 INFO:teuthology.orchestra.run.smithi082.stdout:/usr/bin/ceph: stderr
2024-06-06T07:36:07.273+0000 7f351113b640 1 -- 172.21.15.82:0/1927411577 shutdown_connections
2024-06-06T07:36:08.716 INFO:teuthology.orchestra.run.smithi082.stdout:/usr/bin/ceph: stderr
2024-06-06T07:36:07.273+0000 7f351113b640 1 --2- 172.21.15.82:0/1927411577 >> [v2:172.21.15.82:3300/0,v1:172.21.15.82:6789/0] conn(0x7f350c104b10 0x7f350c104f30 unknown :-1 s=CLOSED pgs=45 cs=0 l=1 rev1=1 crypto rx=0 tx=0 comp rx=0 tx=0).stop
2024-06-06T07:36:08.716 INFO:teuthology.orchestra.run.smithi082.stdout:/usr/bin/ceph: stderr
2024-06-06T07:36:07.273+0000 7f351113b640 1 -- 172.21.15.82:0/1927411577 >> 172.21.15.82:0/1927411577 conn(0x7f350c1000d0 msgr2=0x7f350c1024f0 unknown :-1 s=STATE_NONE l=0).mark_down
2024-06-06T07:36:08.716 INFO:teuthology.orchestra.run.smithi082.stdout:/usr/bin/ceph: stderr
2024-06-06T07:36:07.274+0000 7f351113b640 1 -- 172.21.15.82:0/1927411577 shutdown_connections
2024-06-06T07:36:08.716 INFO:teuthology.orchestra.run.smithi082.stdout:/usr/bin/ceph: stderr
2024-06-06T07:36:07.274+0000 7f351113b640 1 -- 172.21.15.82:0/1927411577 wait complete.
2024-06-06T07:36:08.716 INFO:teuthology.orchestra.run.smithi082.stdout:/usr/bin/ceph: stderr
2024-06-06T07:36:07.274+0000 7f351113b640 1 Processor -- start
2024-06-06T07:36:08.716 INFO:teuthology.orchestra.run.smithi082.stdout:/usr/bin/ceph: stderr
2024-06-06T07:36:07.274+0000 7f351113b640 1 -- start start
2024-06-06T07:36:08.716 INFO:teuthology.orchestra.run.smithi082.stdout:/usr/bin/ceph: stderr
2024-06-06T07:36:07.274+0000 7f351113b640 1 --2- >> [v2:172.21.15.82:3300/0,v1:172.21.15.82:6789/0] conn(0x7f350c104b10 0x7f350c18fc80 unknown :-1 s=NONE pgs=0 cs=0 l=1 rev1=0 crypto rx=0 tx=0 comp rx=0 tx=0).connect
2024-06-06T07:36:08.716 INFO:teuthology.orchestra.run.smithi082.stdout:/usr/bin/ceph: stderr
2024-06-06T07:36:07.274+0000 7f351113b640 1 -- --> [v2:172.21.15.82:3300/0,v1:172.21.15.82:6789/0] -- mon_getmap magic: 0 v1 -- 0x7f350c1901c0 con 0x7f350c104b10
2024-06-06T07:36:08.716 INFO:teuthology.orchestra.run.smithi082.stdout:/usr/bin/ceph: stderr
2024-06-06T07:36:07.275+0000 7f350ad9d640 1 --2- >> [v2:172.21.15.82:3300/0,v1:172.21.15.82:6789/0] conn(0x7f350c104b10 0x7f350c18fc80 unknown :-1 s=BANNER_CONNECTING pgs=0 cs=0 l=1 rev1=0 crypto rx=0 tx=0 comp rx=0 tx=0)._handle_peer_banner_payload supported=3 required=0
2024-06-06T07:36:08.717 INFO:teuthology.orchestra.run.smithi082.stdout:/usr/bin/ceph: stderr
2024-06-06T07:36:07.275+0000 7f350ad9d640 1 --2- >> [v2:172.21.15.82:3300/0,v1:172.21.15.82:6789/0] conn(0x7f350c104b10 0x7f350c18fc80 unknown :-1 s=HELLO_CONNECTING pgs=0 cs=0 l=1 rev1=1 crypto rx=0 tx=0 comp rx=0 tx=0).handle_hello peer v2:172.21.15.82:3300/0 says I am v2:172.21.15.82:33188/0 (socket says 172.21.15.82:33188)
2024-06-06T07:36:08.717 INFO:teuthology.orchestra.run.smithi082.stdout:/usr/bin/ceph: stderr
2024-06-06T07:36:07.275+0000 7f350ad9d640 1 -- 172.21.15.82:0/4049975439 learned_addr learned my addr 172.21.15.82:0/4049975439 (peer_addr_for_me v2:172.21.15.82:0/0)
2024-06-06T07:36:08.717 INFO:teuthology.orchestra.run.smithi082.stdout:/usr/bin/ceph: stderr
2024-06-06T07:36:07.275+0000 7f350ad9d640 1 -- 172.21.15.82:0/4049975439 --> [v2:172.21.15.82:3300/0,v1:172.21.15.82:6789/0] -- mon_subscribe({config=0+,monmap=0+}) v3 -- 0x7f34fc0094d0 con 0x7f350c104b10
2024-06-06T07:36:08.717 INFO:teuthology.orchestra.run.smithi082.stdout:/usr/bin/ceph: stderr
2024-06-06T07:36:07.275+0000 7f350ad9d640 1 --2- 172.21.15.82:0/4049975439 >> [v2:172.21.15.82:3300/0,v1:172.21.15.82:6789/0] conn(0x7f350c104b10 0x7f350c18fc80 secure :-1 s=READY pgs=46 cs=0 l=1 rev1=1 crypto rx=0x7f34fc009940 tx=0x7f34fc032670 comp rx=0 tx=0).ready entity=mon.0 client_cookie=0 server_cookie=0 in_seq=0 out_seq=0
2024-06-06T07:36:08.717 INFO:teuthology.orchestra.run.smithi082.stdout:/usr/bin/ceph: stderr
2024-06-06T07:36:07.275+0000 7f3508d99640 1 -- 172.21.15.82:0/4049975439 <== mon.0 v2:172.21.15.82:3300/0 1 ==== mon_map magic: 0 v1 ==== 229+0+0 (secure 0 0 0) 0x7f34fc032c80 con 0x7f350c104b10
2024-06-06T07:36:08.717 INFO:teuthology.orchestra.run.smithi082.stdout:/usr/bin/ceph: stderr
2024-06-06T07:36:07.275+0000 7f351113b640 1 -- 172.21.15.82:0/4049975439 --> [v2:172.21.15.82:3300/0,v1:172.21.15.82:6789/0] -- mon_subscribe({mgrmap=0+}) v3 -- 0x7f350c18e400 con 0x7f350c104b10
2024-06-06T07:36:08.717 INFO:teuthology.orchestra.run.smithi082.stdout:/usr/bin/ceph: stderr
2024-06-06T07:36:07.275+0000 7f3508d99640 1 -- 172.21.15.82:0/4049975439 <== mon.0 v2:172.21.15.82:3300/0 2 ==== config(27 keys) v1 ==== 1109+0+0 (secure 0 0 0) 0x7f34fc032de0 con 0x7f350c104b10
2024-06-06T07:36:08.717 INFO:teuthology.orchestra.run.smithi082.stdout:/usr/bin/ceph: stderr
2024-06-06T07:36:07.275+0000 7f3508d99640 1 -- 172.21.15.82:0/4049975439 <== mon.0 v2:172.21.15.82:3300/0 3 ==== mon_map magic: 0 v1 ==== 229+0+0 (secure 0 0 0) 0x7f34fc03a730 con 0x7f350c104b10
2024-06-06T07:36:08.717 INFO:teuthology.orchestra.run.smithi082.stdout:/usr/bin/ceph: stderr
2024-06-06T07:36:07.275+0000 7f351113b640 1 -- 172.21.15.82:0/4049975439 --> [v2:172.21.15.82:3300/0,v1:172.21.15.82:6789/0] -- mon_subscribe({osdmap=0}) v3 -- 0x7f350c18e8a0 con 0x7f350c104b10
2024-06-06T07:36:08.717 INFO:teuthology.orchestra.run.smithi082.stdout:/usr/bin/ceph: stderr
2024-06-06T07:36:07.276+0000 7f3508d99640 1 -- 172.21.15.82:0/4049975439 <== mon.0 v2:172.21.15.82:3300/0 4 ==== mgrmap(e 8) v1 ==== 44866+0+0 (secure 0 0 0) 0x7f34fc03a9f0 con 0x7f350c104b10
2024-06-06T07:36:08.717 INFO:teuthology.orchestra.run.smithi082.stdout:/usr/bin/ceph: stderr
2024-06-06T07:36:07.276+0000 7f351113b640 1 -- 172.21.15.82:0/4049975439 --> [v2:172.21.15.82:3300/0,v1:172.21.15.82:6789/0] -- mon_command({"prefix": "get_command_descriptions"} v 0) v1 -- 0x7f350c061ae0 con 0x7f350c104b10
2024-06-06T07:36:08.717 INFO:teuthology.orchestra.run.smithi082.stdout:/usr/bin/ceph: stderr
2024-06-06T07:36:07.276+0000 7f3508d99640 1 --2- 172.21.15.82:0/4049975439 >> [v2:172.21.15.82:6800/1662212559,v1:172.21.15.82:6801/1662212559] conn(0x7f34f8037860 0x7f34f8039d20 unknown :-1 s=NONE pgs=0 cs=0 l=1 rev1=0 crypto rx=0 tx=0 comp rx=0 tx=0).connect
2024-06-06T07:36:08.717 INFO:teuthology.orchestra.run.smithi082.stdout:/usr/bin/ceph: stderr
2024-06-06T07:36:07.276+0000 7f3508d99640 1 -- 172.21.15.82:0/4049975439 <== mon.0 v2:172.21.15.82:3300/0 5 ==== osd_map(2..2 src has 1..2) v4 ==== 940+0+0 (secure 0 0 0) 0x7f34fc06aab0 con 0x7f350c104b10
2024-06-06T07:36:08.718 INFO:teuthology.orchestra.run.smithi082.stdout:/usr/bin/ceph: stderr
2024-06-06T07:36:07.277+0000 7f3503fff640 1 --2- 172.21.15.82:0/4049975439 >> [v2:172.21.15.82:6800/1662212559,v1:172.21.15.82:6801/1662212559] conn(0x7f34f8037860 0x7f34f8039d20 unknown :-1 s=BANNER_CONNECTING pgs=0 cs=0 l=1 rev1=0 crypto rx=0 tx=0 comp rx=0 tx=0)._handle_peer_banner_payload supported=3 required=0
2024-06-06T07:36:08.718 INFO:teuthology.orchestra.run.smithi082.stdout:/usr/bin/ceph: stderr
2024-06-06T07:36:07.277+0000 7f3503fff640 1 --2- 172.21.15.82:0/4049975439 >> [v2:172.21.15.82:6800/1662212559,v1:172.21.15.82:6801/1662212559] conn(0x7f34f8037860 0x7f34f8039d20 secure :-1 s=READY pgs=13 cs=0 l=1 rev1=1 crypto rx=0x7f34f40098c0 tx=0x7f34f4006db0 comp rx=0 tx=0).ready entity=mgr.14116 client_cookie=0 server_cookie=0 in_seq=0 out_seq=0
2024-06-06T07:36:08.718 INFO:teuthology.orchestra.run.smithi082.stdout:/usr/bin/ceph: stderr
2024-06-06T07:36:07.281+0000 7f3508d99640 1 -- 172.21.15.82:0/4049975439 <== mon.0 v2:172.21.15.82:3300/0 6 ==== mon_command_ack([{"prefix": "get_command_descriptions"}]=0 v0) v1 ==== 72+0+182498 (secure 0 0 0) 0x7f34fc0394f0 con 0x7f350c104b10
2024-06-06T07:36:08.718 INFO:teuthology.orchestra.run.smithi082.stdout:/usr/bin/ceph: stderr
2024-06-06T07:36:07.521+0000 7f351113b640 1 -- 172.21.15.82:0/4049975439 --> [v2:172.21.15.82:6800/1662212559,v1:172.21.15.82:6801/1662212559] -- mgr_command(tid 0: {"prefix": "orch apply", "service_type": "mgr", "target": ["mon-mgr", ""]}) v1 -- 0x7f350c193950 con 0x7f34f8037860
2024-06-06T07:36:08.718 INFO:teuthology.orchestra.run.smithi082.stdout:/usr/bin/ceph: stderr
2024-06-06T07:36:07.526+0000 7f3508d99640 1 -- 172.21.15.82:0/4049975439 <== mgr.14116 v2:172.21.15.82:6800/1662212559 1 ==== mgr_command_reply(tid 0: 0 ) v1 ==== 8+0+24 (secure 0 0 0) 0x7f350c193950 con 0x7f34f8037860
2024-06-06T07:36:08.718 INFO:teuthology.orchestra.run.smithi082.stdout:/usr/bin/ceph: stderr
2024-06-06T07:36:07.528+0000 7f351113b640 1 -- 172.21.15.82:0/4049975439 >> [v2:172.21.15.82:6800/1662212559,v1:172.21.15.82:6801/1662212559] conn(0x7f34f8037860 msgr2=0x7f34f8039d20 secure :-1 s=STATE_CONNECTION_ESTABLISHED l=1).mark_down
2024-06-06T07:36:08.718 INFO:teuthology.orchestra.run.smithi082.stdout:/usr/bin/ceph: stderr
2024-06-06T07:36:07.528+0000 7f351113b640 1 --2- 172.21.15.82:0/4049975439 >> [v2:172.21.15.82:6800/1662212559,v1:172.21.15.82:6801/1662212559] conn(0x7f34f8037860 0x7f34f8039d20 secure :-1 s=READY pgs=13 cs=0 l=1 rev1=1 crypto rx=0x7f34f40098c0 tx=0x7f34f4006db0 comp rx=0 tx=0).stop
2024-06-06T07:36:08.718 INFO:teuthology.orchestra.run.smithi082.stdout:/usr/bin/ceph: stderr
2024-06-06T07:36:07.528+0000 7f351113b640 1 -- 172.21.15.82:0/4049975439 >> [v2:172.21.15.82:3300/0,v1:172.21.15.82:6789/0] conn(0x7f350c104b10 msgr2=0x7f350c18fc80 secure :-1 s=STATE_CONNECTION_ESTABLISHED l=1).mark_down
2024-06-06T07:36:08.718 INFO:teuthology.orchestra.run.smithi082.stdout:/usr/bin/ceph: stderr
2024-06-06T07:36:07.528+0000 7f351113b640 1 --2- 172.21.15.82:0/4049975439 >> [v2:172.21.15.82:3300/0,v1:172.21.15.82:6789/0] conn(0x7f350c104b10 0x7f350c18fc80 secure :-1 s=READY pgs=46 cs=0 l=1 rev1=1 crypto rx=0x7f34fc009940 tx=0x7f34fc032670 comp rx=0 tx=0).stop
2024-06-06T07:36:08.718 INFO:teuthology.orchestra.run.smithi082.stdout:/usr/bin/ceph: stderr
2024-06-06T07:36:07.528+0000 7f351113b640 1 -- 172.21.15.82:0/4049975439 shutdown_connections
2024-06-06T07:36:08.718 INFO:teuthology.orchestra.run.smithi082.stdout:/usr/bin/ceph: stderr
2024-06-06T07:36:07.528+0000 7f351113b640 1 --2- 172.21.15.82:0/4049975439 >> [v2:172.21.15.82:6800/1662212559,v1:172.21.15.82:6801/1662212559] conn(0x7f34f8037860 0x7f34f8039d20 unknown :-1 s=CLOSED pgs=13 cs=0 l=1 rev1=1 crypto rx=0 tx=0 comp rx=0 tx=0).stop
2024-06-06T07:36:08.718 INFO:teuthology.orchestra.run.smithi082.stdout:/usr/bin/ceph: stderr
2024-06-06T07:36:07.528+0000 7f351113b640 1 --2- 172.21.15.82:0/4049975439 >> [v2:172.21.15.82:3300/0,v1:172.21.15.82:6789/0] conn(0x7f350c104b10 0x7f350c18fc80 unknown :-1 s=CLOSED pgs=46 cs=0 l=1 rev1=1 crypto rx=0 tx=0 comp rx=0 tx=0).stop
2024-06-06T07:36:08.718 INFO:teuthology.orchestra.run.smithi082.stdout:/usr/bin/ceph: stderr
2024-06-06T07:36:07.528+0000 7f351113b640 1 -- 172.21.15.82:0/4049975439 >> 172.21.15.82:0/4049975439 conn(0x7f350c1000d0 msgr2=0x7f350c100e50 unknown :-1 s=STATE_NONE l=0).mark_down
2024-06-06T07:36:08.718 INFO:teuthology.orchestra.run.smithi082.stdout:/usr/bin/ceph: stderr
