2024-06-06T07:36:35.272+0000 7f3ff563d700 1 --2- 172.21.15.87:0/3912717148 >> [v2:172.21.15.87:3300/0,v1:172.21.15.87:6789/0] conn(0x7f3ff0108b10 0x7f3ff019be70 secure :-1 s=READY pgs=50 cs=0 l=1 rev1=1 crypto rx=0x7f3fec0072a0 tx=0x7f3fec00bd50 comp rx=0 tx=0).ready entity=mon.0 client_cookie=0 server_cookie=0 in_seq=0 out_seq=0
2024-06-06T07:36:36.178 INFO:teuthology.orchestra.run.smithi087.stdout:/usr/bin/ceph: stderr
2024-06-06T07:36:35.272+0000 7f3fe67fc700 1 -- 172.21.15.87:0/3912717148 <== mon.0 v2:172.21.15.87:3300/0 1 ==== mon_map magic: 0 ==== 205+0+0 (secure 0 0 0) 0x7f3fec020020 con 0x7f3ff0108b10
2024-06-06T07:36:36.178 INFO:teuthology.orchestra.run.smithi087.stdout:/usr/bin/ceph: stderr
2024-06-06T07:36:35.272+0000 7f3fe67fc700 1 -- 172.21.15.87:0/3912717148 <== mon.0 v2:172.21.15.87:3300/0 2 ==== config(27 keys) ==== 1109+0+0 (secure 0 0 0) 0x7f3fec003b50 con 0x7f3ff0108b10
2024-06-06T07:36:36.178 INFO:teuthology.orchestra.run.smithi087.stdout:/usr/bin/ceph: stderr
2024-06-06T07:36:35.272+0000 7f3fe67fc700 1 -- 172.21.15.87:0/3912717148 <== mon.0 v2:172.21.15.87:3300/0 3 ==== mon_map magic: 0 ==== 205+0+0 (secure 0 0 0) 0x7f3fec017040 con 0x7f3ff0108b10
2024-06-06T07:36:36.179 INFO:teuthology.orchestra.run.smithi087.stdout:/usr/bin/ceph: stderr
2024-06-06T07:36:35.272+0000 7f3ff78a1700 1 -- 172.21.15.87:0/3912717148 --> [v2:172.21.15.87:3300/0,v1:172.21.15.87:6789/0] -- mon_subscribe({mgrmap=0+}) -- 0x7f3ff019c640 con 0x7f3ff0108b10
2024-06-06T07:36:36.179 INFO:teuthology.orchestra.run.smithi087.stdout:/usr/bin/ceph: stderr
2024-06-06T07:36:35.272+0000 7f3ff78a1700 1 -- 172.21.15.87:0/3912717148 --> [v2:172.21.15.87:3300/0,v1:172.21.15.87:6789/0] -- mon_subscribe({osdmap=0}) -- 0x7f3ff019f330 con 0x7f3ff0108b10
2024-06-06T07:36:36.179 INFO:teuthology.orchestra.run.smithi087.stdout:/usr/bin/ceph: stderr
2024-06-06T07:36:35.273+0000 7f3fe67fc700 1 -- 172.21.15.87:0/3912717148 <== mon.0 v2:172.21.15.87:3300/0 4 ==== mgrmap(e 8) ==== 46287+0+0 (secure 0 0 0) 0x7f3fec023020 con 0x7f3ff0108b10
2024-06-06T07:36:36.179 INFO:teuthology.orchestra.run.smithi087.stdout:/usr/bin/ceph: stderr
2024-06-06T07:36:35.273+0000 7f3ff78a1700 1 -- 172.21.15.87:0/3912717148 --> [v2:172.21.15.87:3300/0,v1:172.21.15.87:6789/0] -- mon_command({"prefix": "get_command_descriptions"} v 0) -- 0x7f3ff0063af0 con 0x7f3ff0108b10
2024-06-06T07:36:36.179 INFO:teuthology.orchestra.run.smithi087.stdout:/usr/bin/ceph: stderr
2024-06-06T07:36:35.273+0000 7f3fe67fc700 1 --2- 172.21.15.87:0/3912717148 >> [v2:172.21.15.87:6800/1605115594,v1:172.21.15.87:6801/1605115594] conn(0x7f3fdc039050 0x7f3fdc03b510 unknown :-1 s=NONE pgs=0 cs=0 l=1 rev1=0 crypto rx=0 tx=0 comp rx=0 tx=0).connect
2024-06-06T07:36:36.179 INFO:teuthology.orchestra.run.smithi087.stdout:/usr/bin/ceph: stderr
2024-06-06T07:36:35.273+0000 7f3fe67fc700 1 -- 172.21.15.87:0/3912717148 <== mon.0 v2:172.21.15.87:3300/0 5 ==== osd_map(2..2 src has 1..2) ==== 940+0+0 (secure 0 0 0) 0x7f3fec00f050 con 0x7f3ff0108b10
2024-06-06T07:36:36.179 INFO:teuthology.orchestra.run.smithi087.stdout:/usr/bin/ceph: stderr
2024-06-06T07:36:35.273+0000 7f3ff4e3c700 1 --2- 172.21.15.87:0/3912717148 >> [v2:172.21.15.87:6800/1605115594,v1:172.21.15.87:6801/1605115594] conn(0x7f3fdc039050 0x7f3fdc03b510 unknown :-1 s=BANNER_CONNECTING pgs=0 cs=0 l=1 rev1=0 crypto rx=0 tx=0 comp rx=0 tx=0)._handle_peer_banner_payload supported=3 required=0
2024-06-06T07:36:36.179 INFO:teuthology.orchestra.run.smithi087.stdout:/usr/bin/ceph: stderr
2024-06-06T07:36:35.274+0000 7f3ff4e3c700 1 --2- 172.21.15.87:0/3912717148 >> [v2:172.21.15.87:6800/1605115594,v1:172.21.15.87:6801/1605115594] conn(0x7f3fdc039050 0x7f3fdc03b510 secure :-1 s=READY pgs=14 cs=0 l=1 rev1=1 crypto rx=0x7f3fe0006fd0 tx=0x7f3fe0006e40 comp rx=0 tx=0).ready entity=mgr.14118 client_cookie=0 server_cookie=0 in_seq=0 out_seq=0
2024-06-06T07:36:36.179 INFO:teuthology.orchestra.run.smithi087.stdout:/usr/bin/ceph: stderr
2024-06-06T07:36:35.278+0000 7f3fe67fc700 1 -- 172.21.15.87:0/3912717148 <== mon.0 v2:172.21.15.87:3300/0 6 ==== mon_command_ack([{"prefix": "get_command_descriptions"}]=0 v0) ==== 72+0+186418 (secure 0 0 0) 0x7f3fec02a020 con 0x7f3ff0108b10
2024-06-06T07:36:36.179 INFO:teuthology.orchestra.run.smithi087.stdout:/usr/bin/ceph: stderr
2024-06-06T07:36:35.475+0000 7f3ff78a1700 1 -- 172.21.15.87:0/3912717148 --> [v2:172.21.15.87:3300/0,v1:172.21.15.87:6789/0] -- mon_command([{prefix=config set, name=mgr/cephadm/container_init}] v 0) -- 0x7f3ff019f9a0 con 0x7f3ff0108b10
2024-06-06T07:36:36.179 INFO:teuthology.orchestra.run.smithi087.stdout:/usr/bin/ceph: stderr
2024-06-06T07:36:35.480+0000 7f3fe67fc700 1 -- 172.21.15.87:0/3912717148 <== mon.0 v2:172.21.15.87:3300/0 7 ==== mon_command_ack([{prefix=config set, name=mgr/cephadm/container_init}]=0 v6)=0 v6) ==== 142+0+0 (secure 0 0 0) 0x7f3fec01ce20 con 0x7f3ff0108b10
2024-06-06T07:36:36.179 INFO:teuthology.orchestra.run.smithi087.stdout:/usr/bin/ceph: stderr
2024-06-06T07:36:35.482+0000 7f3ff78a1700 1 -- 172.21.15.87:0/3912717148 >> [v2:172.21.15.87:6800/1605115594,v1:172.21.15.87:6801/1605115594] conn(0x7f3fdc039050 msgr2=0x7f3fdc03b510 secure :-1 s=STATE_CONNECTION_ESTABLISHED l=1).mark_down
2024-06-06T07:36:36.179 INFO:teuthology.orchestra.run.smithi087.stdout:/usr/bin/ceph: stderr
2024-06-06T07:36:35.482+0000 7f3ff78a1700 1 --2- 172.21.15.87:0/3912717148 >> [v2:172.21.15.87:6800/1605115594,v1:172.21.15.87:6801/1605115594] conn(0x7f3fdc039050 0x7f3fdc03b510 secure :-1 s=READY pgs=14 cs=0 l=1 rev1=1 crypto rx=0x7f3fe0006fd0 tx=0x7f3fe0006e40 comp rx=0 tx=0).stop
2024-06-06T07:36:36.180 INFO:teuthology.orchestra.run.smithi087.stdout:/usr/bin/ceph: stderr
2024-06-06T07:36:35.482+0000 7f3ff78a1700 1 -- 172.21.15.87:0/3912717148 >> [v2:172.21.15.87:3300/0,v1:172.21.15.87:6789/0] conn(0x7f3ff0108b10 msgr2=0x7f3ff019be70 secure :-1 s=STATE_CONNECTION_ESTABLISHED l=1).mark_down
2024-06-06T07:36:36.180 INFO:teuthology.orchestra.run.smithi087.stdout:/usr/bin/ceph: stderr
2024-06-06T07:36:35.482+0000 7f3ff78a1700 1 --2- 172.21.15.87:0/3912717148 >> [v2:172.21.15.87:3300/0,v1:172.21.15.87:6789/0] conn(0x7f3ff0108b10 0x7f3ff019be70 secure :-1 s=READY pgs=50 cs=0 l=1 rev1=1 crypto rx=0x7f3fec0072a0 tx=0x7f3fec00bd50 comp rx=0 tx=0).stop
2024-06-06T07:36:36.180 INFO:teuthology.orchestra.run.smithi087.stdout:/usr/bin/ceph: stderr
2024-06-06T07:36:35.482+0000 7f3ff78a1700 1 -- 172.21.15.87:0/3912717148 shutdown_connections
2024-06-06T07:36:36.180 INFO:teuthology.orchestra.run.smithi087.stdout:/usr/bin/ceph: stderr
2024-06-06T07:36:35.482+0000 7f3ff78a1700 1 --2- 172.21.15.87:0/3912717148 >> [v2:172.21.15.87:6800/1605115594,v1:172.21.15.87:6801/1605115594] conn(0x7f3fdc039050 0x7f3fdc03b510 unknown :-1 s=CLOSED pgs=14 cs=0 l=1 rev1=1 crypto rx=0 tx=0 comp rx=0 tx=0).stop
2024-06-06T07:36:36.180 INFO:teuthology.orchestra.run.smithi087.stdout:/usr/bin/ceph: stderr
2024-06-06T07:36:35.482+0000 7f3ff78a1700 1 --2- 172.21.15.87:0/3912717148 >> [v2:172.21.15.87:3300/0,v1:172.21.15.87:6789/0] conn(0x7f3ff0108b10 0x7f3ff019be70 unknown :-1 s=CLOSED pgs=50 cs=0 l=1 rev1=1 crypto rx=0 tx=0 comp rx=0 tx=0).stop
2024-06-06T07:36:36.180 INFO:teuthology.orchestra.run.smithi087.stdout:/usr/bin/ceph: stderr
2024-06-06T07:36:35.482+0000 7f3ff78a1700 1 -- 172.21.15.87:0/3912717148 >> 172.21.15.87:0/3912717148 conn(0x7f3ff01024c0 msgr2=0x7f3ff0102fe0 unknown :-1 s=STATE_NONE l=0).mark_down
2024-06-06T07:36:36.180 INFO:teuthology.orchestra.run.smithi087.stdout:/usr/bin/ceph: stderr
2024-06-06T07:36:35.482+0000 7f3ff78a1700 1 -- 172.21.15.87:0/3912717148 shutdown_connections
2024-06-06T07:36:36.180 INFO:teuthology.orchestra.run.smithi087.stdout:/usr/bin/ceph: stderr
2024-06-06T07:36:35.482+0000 7f3ff78a1700 1 -- 172.21.15.87:0/3912717148 wait complete.
2024-06-06T07:36:36.549 INFO:journalctl@ceph.mon.a.smithi087.stdout:Jun 06 07:36:36 smithi087 ceph-mon[32276]: from='client.? 172.21.15.87:0/3912717148' entity='client.admin'
2024-06-06T07:36:36.549 INFO:journalctl@ceph.mon.a.smithi087.stdout:Jun 06 07:36:36 smithi087 ceph-mon[32276]: from='mgr.14118 172.21.15.87:0/915778248' entity='mgr.x'
2024-06-06T07:36:36.549 INFO:journalctl@ceph.mon.a.smithi087.stdout:Jun 06 07:36:36 smithi087 ceph-mon[32276]: from='mgr.14118 172.21.15.87:0/915778248' entity='mgr.x'
2024-06-06T07:36:37.828 INFO:teuthology.orchestra.run.smithi087.stdout:/usr/bin/ceph: stderr
2024-06-06T07:36:36.649+0000 7fc99daf6700 1 Processor -- start
2024-06-06T07:36:37.828 INFO:teuthology.orchestra.run.smithi087.stdout:/usr/bin/ceph: stderr
2024-06-06T07:36:36.649+0000 7fc99daf6700 1 -- start start
2024-06-06T07:36:37.828 INFO:teuthology.orchestra.run.smithi087.stdout:/usr/bin/ceph: stderr
2024-06-06T07:36:36.649+0000 7fc99daf6700 1 --2- >> [v2:172.21.15.87:3300/0,v1:172.21.15.87:6789/0] conn(0x7fc9981062f0 0x7fc998106710 unknown :-1 s=NONE pgs=0 cs=0 l=0 rev1=0 crypto rx=0 tx=0 comp rx=0 tx=0).connect
2024-06-06T07:36:37.828 INFO:teuthology.orchestra.run.smithi087.stdout:/usr/bin/ceph: stderr
2024-06-06T07:36:36.649+0000 7fc99daf6700 1 -- --> [v2:172.21.15.87:3300/0,v1:172.21.15.87:6789/0] -- mon_getmap magic: 0 -- 0x7fc998106ce0 con 0x7fc9981062f0
2024-06-06T07:36:37.828 INFO:teuthology.orchestra.run.smithi087.stdout:/usr/bin/ceph: stderr
2024-06-06T07:36:36.649+0000 7fc9977fe700 1 --2- >> [v2:172.21.15.87:3300/0,v1:172.21.15.87:6789/0] conn(0x7fc9981062f0 0x7fc998106710 unknown :-1 s=BANNER_CONNECTING pgs=0 cs=0 l=0 rev1=0 crypto rx=0 tx=0 comp rx=0 tx=0)._handle_peer_banner_payload supported=3 required=0
2024-06-06T07:36:37.828 INFO:teuthology.orchestra.run.smithi087.stdout:/usr/bin/ceph: stderr
2024-06-06T07:36:36.649+0000 7fc9977fe700 1 --2- >> [v2:172.21.15.87:3300/0,v1:172.21.15.87:6789/0] conn(0x7fc9981062f0 0x7fc998106710 unknown :-1 s=HELLO_CONNECTING pgs=0 cs=0 l=0 rev1=1 crypto rx=0 tx=0 comp rx=0 tx=0).handle_hello peer v2:172.21.15.87:3300/0 says I am v2:172.21.15.87:59192/0 (socket says 172.21.15.87:59192)
2024-06-06T07:36:37.828 INFO:teuthology.orchestra.run.smithi087.stdout:/usr/bin/ceph: stderr
2024-06-06T07:36:36.649+0000 7fc9977fe700 1 -- 172.21.15.87:0/82646349 learned_addr learned my addr 172.21.15.87:0/82646349 (peer_addr_for_me v2:172.21.15.87:0/0)
2024-06-06T07:36:37.828 INFO:teuthology.orchestra.run.smithi087.stdout:/usr/bin/ceph: stderr
2024-06-06T07:36:36.649+0000 7fc9977fe700 1 -- 172.21.15.87:0/82646349 --> [v2:172.21.15.87:3300/0,v1:172.21.15.87:6789/0] -- mon_subscribe({config=0+,monmap=0+}) -- 0x7fc998109280 con 0x7fc9981062f0
2024-06-06T07:36:37.828 INFO:teuthology.orchestra.run.smithi087.stdout:/usr/bin/ceph: stderr
2024-06-06T07:36:36.650+0000 7fc9977fe700 1 --2- 172.21.15.87:0/82646349 >> [v2:172.21.15.87:3300/0,v1:172.21.15.87:6789/0] conn(0x7fc9981062f0 0x7fc998106710 secure :-1 s=READY pgs=51 cs=0 l=1 rev1=1 crypto rx=0x7fc98c0098a0 tx=0x7fc98c009bb0 comp rx=0 tx=0).ready entity=mon.0 client_cookie=b8b6667d3b2ea370 server_cookie=0 in_seq=0 out_seq=0
2024-06-06T07:36:37.828 INFO:teuthology.orchestra.run.smithi087.stdout:/usr/bin/ceph: stderr
2024-06-06T07:36:36.650+0000 7fc9967fc700 1 -- 172.21.15.87:0/82646349 <== mon.0 v2:172.21.15.87:3300/0 1 ==== mon_map magic: 0 ==== 205+0+0 (secure 0 0 0) 0x7fc98c004160 con 0x7fc9981062f0
2024-06-06T07:36:37.828 INFO:teuthology.orchestra.run.smithi087.stdout:/usr/bin/ceph: stderr
2024-06-06T07:36:36.650+0000 7fc9967fc700 1 -- 172.21.15.87:0/82646349 <== mon.0 v2:172.21.15.87:3300/0 2 ==== config(27 keys) ==== 1140+0+0 (secure 0 0 0) 0x7fc98c004300 con 0x7fc9981062f0
2024-06-06T07:36:37.829 INFO:teuthology.orchestra.run.smithi087.stdout:/usr/bin/ceph: stderr
2024-06-06T07:36:36.650+0000 7fc9967fc700 1 -- 172.21.15.87:0/82646349 <== mon.0 v2:172.21.15.87:3300/0 3 ==== mon_map magic: 0 ==== 205+0+0 (secure 0 0 0) 0x7fc98c011b20 con 0x7fc9981062f0
2024-06-06T07:36:37.829 INFO:teuthology.orchestra.run.smithi087.stdout:/usr/bin/ceph: stderr
2024-06-06T07:36:36.650+0000 7fc99daf6700 1 -- 172.21.15.87:0/82646349 >> [v2:172.21.15.87:3300/0,v1:172.21.15.87:6789/0] conn(0x7fc9981062f0 msgr2=0x7fc998106710 secure :-1 s=STATE_CONNECTION_ESTABLISHED l=1).mark_down
2024-06-06T07:36:37.829 INFO:teuthology.orchestra.run.smithi087.stdout:/usr/bin/ceph: stderr
2024-06-06T07:36:36.650+0000 7fc99daf6700 1 --2- 172.21.15.87:0/82646349 >> [v2:172.21.15.87:3300/0,v1:172.21.15.87:6789/0] conn(0x7fc9981062f0 0x7fc998106710 secure :-1 s=READY pgs=51 cs=0 l=1 rev1=1 crypto rx=0x7fc98c0098a0 tx=0x7fc98c009bb0 comp rx=0 tx=0).stop
2024-06-06T07:36:37.829 INFO:teuthology.orchestra.run.smithi087.stdout:/usr/bin/ceph: stderr
2024-06-06T07:36:36.650+0000 7fc99daf6700 1 -- 172.21.15.87:0/82646349 shutdown_connections
2024-06-06T07:36:37.829 INFO:teuthology.orchestra.run.smithi087.stdout:/usr/bin/ceph: stderr
2024-06-06T07:36:36.650+0000 7fc99daf6700 1 --2- 172.21.15.87:0/82646349 >> [v2:172.21.15.87:3300/0,v1:172.21.15.87:6789/0] conn(0x7fc9981062f0 0x7fc998106710 unknown :-1 s=CLOSED pgs=51 cs=0 l=1 rev1=1 crypto rx=0 tx=0 comp rx=0 tx=0).stop
2024-06-06T07:36:37.829 INFO:teuthology.orchestra.run.smithi087.stdout:/usr/bin/ceph: stderr
2024-06-06T07:36:36.650+0000 7fc99daf6700 1 -- 172.21.15.87:0/82646349 >> 172.21.15.87:0/82646349 conn(0x7fc998101c40 msgr2=0x7fc998104060 unknown :-1 s=STATE_NONE l=0).mark_down
2024-06-06T07:36:37.829 INFO:teuthology.orchestra.run.smithi087.stdout:/usr/bin/ceph: stderr
2024-06-06T07:36:36.650+0000 7fc99daf6700 1 -- 172.21.15.87:0/82646349 shutdown_connections
2024-06-06T07:36:37.829 INFO:teuthology.orchestra.run.smithi087.stdout:/usr/bin/ceph: stderr
2024-06-06T07:36:36.650+0000 7fc99daf6700 1 -- 172.21.15.87:0/82646349 wait complete.
2024-06-06T07:36:37.829 INFO:teuthology.orchestra.run.smithi087.stdout:/usr/bin/ceph: stderr
2024-06-06T07:36:36.651+0000 7fc99daf6700 1 Processor -- start
2024-06-06T07:36:37.829 INFO:teuthology.orchestra.run.smithi087.stdout:/usr/bin/ceph: stderr
2024-06-06T07:36:36.651+0000 7fc99daf6700 1 -- start start
2024-06-06T07:36:37.829 INFO:teuthology.orchestra.run.smithi087.stdout:/usr/bin/ceph: stderr
2024-06-06T07:36:36.651+0000 7fc99daf6700 1 --2- >> [v2:172.21.15.87:3300/0,v1:172.21.15.87:6789/0] conn(0x7fc9981062f0 0x7fc998108b00 unknown :-1 s=NONE pgs=0 cs=0 l=1 rev1=0 crypto rx=0 tx=0 comp rx=0 tx=0).connect
2024-06-06T07:36:37.829 INFO:teuthology.orchestra.run.smithi087.stdout:/usr/bin/ceph: stderr
2024-06-06T07:36:36.651+0000 7fc99daf6700 1 -- --> [v2:172.21.15.87:3300/0,v1:172.21.15.87:6789/0] -- mon_getmap magic: 0 -- 0x7fc99810c630 con 0x7fc9981062f0
2024-06-06T07:36:37.829 INFO:teuthology.orchestra.run.smithi087.stdout:/usr/bin/ceph: stderr
2024-06-06T07:36:36.651+0000 7fc9977fe700 1 --2- >> [v2:172.21.15.87:3300/0,v1:172.21.15.87:6789/0] conn(0x7fc9981062f0 0x7fc998108b00 unknown :-1 s=BANNER_CONNECTING pgs=0 cs=0 l=1 rev1=0 crypto rx=0 tx=0 comp rx=0 tx=0)._handle_peer_banner_payload supported=3 required=0
2024-06-06T07:36:37.830 INFO:teuthology.orchestra.run.smithi087.stdout:/usr/bin/ceph: stderr
2024-06-06T07:36:36.651+0000 7fc9977fe700 1 --2- >> [v2:172.21.15.87:3300/0,v1:172.21.15.87:6789/0] conn(0x7fc9981062f0 0x7fc998108b00 unknown :-1 s=HELLO_CONNECTING pgs=0 cs=0 l=1 rev1=1 crypto rx=0 tx=0 comp rx=0 tx=0).handle_hello peer v2:172.21.15.87:3300/0 says I am v2:172.21.15.87:59208/0 (socket says 172.21.15.87:59208)
2024-06-06T07:36:37.830 INFO:teuthology.orchestra.run.smithi087.stdout:/usr/bin/ceph: stderr
2024-06-06T07:36:36.651+0000 7fc9977fe700 1 -- 172.21.15.87:0/3405723635 learned_addr learned my addr 172.21.15.87:0/3405723635 (peer_addr_for_me v2:172.21.15.87:0/0)
2024-06-06T07:36:37.830 INFO:teuthology.orchestra.run.smithi087.stdout:/usr/bin/ceph: stderr
2024-06-06T07:36:36.652+0000 7fc9977fe700 1 -- 172.21.15.87:0/3405723635 --> [v2:172.21.15.87:3300/0,v1:172.21.15.87:6789/0] -- mon_subscribe({config=0+,monmap=0+}) -- 0x7fc998109040 con 0x7fc9981062f0
2024-06-06T07:36:37.830 INFO:teuthology.orchestra.run.smithi087.stdout:/usr/bin/ceph: stderr
2024-06-06T07:36:36.652+0000 7fc9977fe700 1 --2- 172.21.15.87:0/3405723635 >> [v2:172.21.15.87:3300/0,v1:172.21.15.87:6789/0] conn(0x7fc9981062f0 0x7fc998108b00 secure :-1 s=READY pgs=52 cs=0 l=1 rev1=1 crypto rx=0x7fc98c0117e0 tx=0x7fc98c011ba0 comp rx=0 tx=0).ready entity=mon.0 client_cookie=0 server_cookie=0 in_seq=0 out_seq=0
2024-06-06T07:36:37.830 INFO:teuthology.orchestra.run.smithi087.stdout:/usr/bin/ceph: stderr
2024-06-06T07:36:36.652+0000 7fc994ff9700 1 -- 172.21.15.87:0/3405723635 <== mon.0 v2:172.21.15.87:3300/0 1 ==== mon_map magic: 0 ==== 205+0+0 (secure 0 0 0) 0x7fc98c003bf0 con 0x7fc9981062f0
2024-06-06T07:36:37.830 INFO:teuthology.orchestra.run.smithi087.stdout:/usr/bin/ceph: stderr
2024-06-06T07:36:36.652+0000 7fc99daf6700 1 -- 172.21.15.87:0/3405723635 --> [v2:172.21.15.87:3300/0,v1:172.21.15.87:6789/0] -- mon_subscribe({mgrmap=0+}) -- 0x7fc998107230 con 0x7fc9981062f0
2024-06-06T07:36:37.830 INFO:teuthology.orchestra.run.smithi087.stdout:/usr/bin/ceph: stderr
2024-06-06T07:36:36.652+0000 7fc994ff9700 1 -- 172.21.15.87:0/3405723635 <== mon.0 v2:172.21.15.87:3300/0 2 ==== config(27 keys) ==== 1140+0+0 (secure 0 0 0) 0x7fc98c01a910 con 0x7fc9981062f0
2024-06-06T07:36:37.830 INFO:teuthology.orchestra.run.smithi087.stdout:/usr/bin/ceph: stderr
2024-06-06T07:36:36.652+0000 7fc994ff9700 1 -- 172.21.15.87:0/3405723635 <== mon.0 v2:172.21.15.87:3300/0 3 ==== mon_map magic: 0 ==== 205+0+0 (secure 0 0 0) 0x7fc98c024970 con 0x7fc9981062f0
2024-06-06T07:36:37.830 INFO:teuthology.orchestra.run.smithi087.stdout:/usr/bin/ceph: stderr
2024-06-06T07:36:36.652+0000 7fc99daf6700 1 -- 172.21.15.87:0/3405723635 --> [v2:172.21.15.87:3300/0,v1:172.21.15.87:6789/0] -- mon_subscribe({osdmap=0}) -- 0x7fc9981076f0 con 0x7fc9981062f0
2024-06-06T07:36:37.830 INFO:teuthology.orchestra.run.smithi087.stdout:/usr/bin/ceph: stderr
2024-06-06T07:36:36.653+0000 7fc994ff9700 1 -- 172.21.15.87:0/3405723635 <== mon.0 v2:172.21.15.87:3300/0 4 ==== mgrmap(e 8) ==== 46287+0+0 (secure 0 0 0) 0x7fc98c022020 con 0x7fc9981062f0
2024-06-06T07:36:37.830 INFO:teuthology.orchestra.run.smithi087.stdout:/usr/bin/ceph: stderr
2024-06-06T07:36:36.653+0000 7fc99daf6700 1 -- 172.21.15.87:0/3405723635 --> [v2:172.21.15.87:3300/0,v1:172.21.15.87:6789/0] -- mon_command({"prefix": "get_command_descriptions"} v 0) -- 0x7fc998063af0 con 0x7fc9981062f0
2024-06-06T07:36:37.830 INFO:teuthology.orchestra.run.smithi087.stdout:/usr/bin/ceph: stderr
2024-06-06T07:36:36.653+0000 7fc994ff9700 1 --2- 172.21.15.87:0/3405723635 >> [v2:172.21.15.87:6800/1605115594,v1:172.21.15.87:6801/1605115594] conn(0x7fc980039050 0x7fc98003b510 unknown :-1 s=NONE pgs=0 cs=0 l=1 rev1=0 crypto rx=0 tx=0 comp rx=0 tx=0).connect
2024-06-06T07:36:37.830 INFO:teuthology.orchestra.run.smithi087.stdout:/usr/bin/ceph: stderr
2024-06-06T07:36:36.653+0000 7fc994ff9700 1 -- 172.21.15.87:0/3405723635 <== mon.0 v2:172.21.15.87:3300/0 5 ==== osd_map(2..2 src has 1..2) ==== 940+0+0 (secure 0 0 0) 0x7fc98c04d8c0 con 0x7fc9981062f0
2024-06-06T07:36:37.831 INFO:teuthology.orchestra.run.smithi087.stdout:/usr/bin/ceph: stderr
2024-06-06T07:36:36.653+0000 7fc996ffd700 1 --2- 172.21.15.87:0/3405723635 >> [v2:172.21.15.87:6800/1605115594,v1:172.21.15.87:6801/1605115594] conn(0x7fc980039050 0x7fc98003b510 unknown :-1 s=BANNER_CONNECTING pgs=0 cs=0 l=1 rev1=0 crypto rx=0 tx=0 comp rx=0 tx=0)._handle_peer_banner_payload supported=3 required=0
2024-06-06T07:36:37.831 INFO:teuthology.orchestra.run.smithi087.stdout:/usr/bin/ceph: stderr
2024-06-06T07:36:36.654+0000 7fc996ffd700 1 --2- 172.21.15.87:0/3405723635 >> [v2:172.21.15.87:6800/1605115594,v1:172.21.15.87:6801/1605115594] conn(0x7fc980039050 0x7fc98003b510 secure :-1 s=READY pgs=15 cs=0 l=1 rev1=1 crypto rx=0x7fc988006fd0 tx=0x7fc988006e40 comp rx=0 tx=0).ready entity=mgr.14118 client_cookie=0 server_cookie=0 in_seq=0 out_seq=0
2024-06-06T07:36:37.831 INFO:teuthology.orchestra.run.smithi087.stdout:/usr/bin/ceph: stderr
2024-06-06T07:36:36.658+0000 7fc994ff9700 1 -- 172.21.15.87:0/3405723635 <== mon.0 v2:172.21.15.87:3300/0 6 ==== mon_command_ack([{"prefix": "get_command_descriptions"}]=0 v0) ==== 72+0+186418 (secure 0 0 0) 0x7fc98c02cdf0 con 0x7fc9981062f0
2024-06-06T07:36:37.831 INFO:teuthology.orchestra.run.smithi087.stdout:/usr/bin/ceph: stderr
2024-06-06T07:36:36.873+0000 7fc99daf6700 1 -- 172.21.15.87:0/3405723635 --> [v2:172.21.15.87:3300/0,v1:172.21.15.87:6789/0] -- mon_command([{prefix=config set, name=mgr/dashboard/ssl_server_port}] v 0) -- 0x7fc998107970 con 0x7fc9981062f0
2024-06-06T07:36:37.831 INFO:teuthology.orchestra.run.smithi087.stdout:/usr/bin/ceph: stderr
2024-06-06T07:36:36.876+0000 7fc994ff9700 1 -- 172.21.15.87:0/3405723635 <== mon.0 v2:172.21.15.87:3300/0 7 ==== mon_command_ack([{prefix=config set, name=mgr/dashboard/ssl_server_port}]=0 v8)=0 v8) ==== 130+0+0 (secure 0 0 0) 0x7fc98c020c10 con 0x7fc9981062f0
2024-06-06T07:36:37.831 INFO:teuthology.orchestra.run.smithi087.stdout:/usr/bin/ceph: stderr
2024-06-06T07:36:36.878+0000 7fc99daf6700 1 -- 172.21.15.87:0/3405723635 >> [v2:172.21.15.87:6800/1605115594,v1:172.21.15.87:6801/1605115594] conn(0x7fc980039050 msgr2=0x7fc98003b510 secure :-1 s=STATE_CONNECTION_ESTABLISHED l=1).mark_down
2024-06-06T07:36:37.831 INFO:teuthology.orchestra.run.smithi087.stdout:/usr/bin/ceph: stderr
2024-06-06T07:36:36.878+0000 7fc99daf6700 1 --2- 172.21.15.87:0/3405723635 >> [v2:172.21.15.87:6800/1605115594,v1:172.21.15.87:6801/1605115594] conn(0x7fc980039050 0x7fc98003b510 secure :-1 s=READY pgs=15 cs=0 l=1 rev1=1 crypto rx=0x7fc988006fd0 tx=0x7fc988006e40 comp rx=0 tx=0).stop
2024-06-06T07:36:37.831 INFO:teuthology.orchestra.run.smithi087.stdout:/usr/bin/ceph: stderr
2024-06-06T07:36:36.878+0000 7fc99daf6700 1 -- 172.21.15.87:0/3405723635 >> [v2:172.21.15.87:3300/0,v1:172.21.15.87:6789/0] conn(0x7fc9981062f0 msgr2=0x7fc998108b00 secure :-1 s=STATE_CONNECTION_ESTABLISHED l=1).mark_down
2024-06-06T07:36:37.831 INFO:teuthology.orchestra.run.smithi087.stdout:/usr/bin/ceph: stderr
2024-06-06T07:36:36.878+0000 7fc99daf6700 1 --2- 172.21.15.87:0/3405723635 >> [v2:172.21.15.87:3300/0,v1:172.21.15.87:6789/0] conn(0x7fc9981062f0 0x7fc998108b00 secure :-1 s=READY pgs=52 cs=0 l=1 rev1=1 crypto rx=0x7fc98c0117e0 tx=0x7fc98c011ba0 comp rx=0 tx=0).stop
2024-06-06T07:36:37.831 INFO:teuthology.orchestra.run.smithi087.stdout:/usr/bin/ceph: stderr
2024-06-06T07:36:36.878+0000 7fc99daf6700 1 -- 172.21.15.87:0/3405723635 shutdown_connections
2024-06-06T07:36:37.831 INFO:teuthology.orchestra.run.smithi087.stdout:/usr/bin/ceph: stderr
2024-06-06T07:36:36.878+0000 7fc99daf6700 1 --2- 172.21.15.87:0/3405723635 >> [v2:172.21.15.87:6800/1605115594,v1:172.21.15.87:6801/1605115594] conn(0x7fc980039050 0x7fc98003b510 unknown :-1 s=CLOSED pgs=15 cs=0 l=1 rev1=1 crypto rx=0 tx=0 comp rx=0 tx=0).stop
2024-06-06T07:36:37.831 INFO:teuthology.orchestra.run.smithi087.stdout:/usr/bin/ceph: stderr
2024-06-06T07:36:36.878+0000 7fc99daf6700 1 --2- 172.21.15.87:0/3405723635 >> [v2:172.21.15.87:3300/0,v1:172.21.15.87:6789/0] conn(0x7fc9981062f0 0x7fc998108b00 unknown :-1 s=CLOSED pgs=52 cs=0 l=1 rev1=1 crypto rx=0 tx=0 comp rx=0 tx=0).stop
2024-06-06T07:36:37.831 INFO:teuthology.orchestra.run.smithi087.stdout:/usr/bin/ceph: stderr
2024-06-06T07:36:36.878+0000 7fc99daf6700 1 -- 172.21.15.87:0/3405723635 >> 172.21.15.87:0/3405723635 conn(0x7fc998101c40 msgr2=0x7fc9981026e0 unknown :-1 s=STATE_NONE l=0).mark_down
2024-06-06T07:36:37.832 INFO:teuthology.orchestra.run.smithi087.stdout:/usr/bin/ceph: stderr
2024-06-06T07:36:36.878+0000 7fc99daf6700 1 -- 172.21.15.87:0/3405723635 shutdown_connections
2024-06-06T07:36:37.832 INFO:teuthology.orchestra.run.smithi087.stdout:/usr/bin/ceph: stderr
2024-06-06T07:36:36.878+0000 7fc99daf6700 1 -- 172.21.15.87:0/3405723635 wait complete.
2024-06-06T07:36:37.832 INFO:teuthology.orchestra.run.smithi087.stdout:Enabling the dashboard module...
2024-06-06T07:36:38.181 INFO:journalctl@ceph.mon.a.smithi087.stdout:Jun 06 07:36:37 smithi087 ceph-mon[32276]: from='client.? 172.21.15.87:0/3405723635' entity='client.admin'
2024-06-06T07:36:39.386 INFO:journalctl@ceph.mon.a.smithi087.stdout:Jun 06 07:36:39 smithi087 ceph-mon[32276]: from='mgr.14118 172.21.15.87:0/915778248' entity='mgr.x'
2024-06-06T07:36:39.386 INFO:journalctl@ceph.mon.a.smithi087.stdout:Jun 06 07:36:39 smithi087 ceph-mon[32276]: from='client.? 172.21.15.87:0/1479221165' entity='client.admin' cmd=[{"prefix": "mgr module enable", "module": "dashboard"}]: dispatch
2024-06-06T07:36:39.386 INFO:journalctl@ceph.mgr.x.smithi087.stdout:Jun 06 07:36:39 smithi087 ceph-3f55109c-23d7-11ef-bc9b-c7b262605968-mgr-x[32503]: ignoring --setuser ceph since I am not root
2024-06-06T07:36:39.386 INFO:journalctl@ceph.mgr.x.smithi087.stdout:Jun 06 07:36:39 smithi087 ceph-3f55109c-23d7-11ef-bc9b-c7b262605968-mgr-x[32503]: ignoring --setgroup ceph since I am not root
2024-06-06T07:36:39.387 INFO:journalctl@ceph.mgr.x.smithi087.stdout:Jun 06 07:36:39 smithi087 ceph-3f55109c-23d7-11ef-bc9b-c7b262605968-mgr-x[32503]:
2024-06-06T07:36:39.297+0000 7f0b62d3a200 -1 mgr[py] Module balancer has missing NOTIFY_TYPES member
2024-06-06T07:36:39.743 INFO:journalctl@ceph.mgr.x.smithi087.stdout:Jun 06 07:36:39 smithi087 ceph-3f55109c-23d7-11ef-bc9b-c7b262605968-mgr-x[32503]:
2024-06-06T07:36:39.492+0000 7f0b62d3a200 -1 mgr[py] Module orchestrator has missing NOTIFY_TYPES member
2024-06-06T07:36:39.743 INFO:journalctl@ceph.mgr.x.smithi087.stdout:Jun 06 07:36:39 smithi087 ceph-3f55109c-23d7-11ef-bc9b-c7b262605968-mgr-x[32503]:
2024-06-06T07:36:39.596+0000 7f0b62d3a200 -1 mgr[py] Module snap_schedule has missing NOTIFY_TYPES member
2024-06-06T07:36:39.750 INFO:teuthology.orchestra.run.smithi087.stdout:/usr/bin/ceph: stderr
2024-06-06T07:36:38.285+0000 7fdcc4827700 1 Processor -- start
2024-06-06T07:36:39.751 INFO:teuthology.orchestra.run.smithi087.stdout:/usr/bin/ceph: stderr
2024-06-06T07:36:38.285+0000 7fdcc4827700 1 -- start start
2024-06-06T07:36:39.751 INFO:teuthology.orchestra.run.smithi087.stdout:/usr/bin/ceph: stderr
2024-06-06T07:36:38.285+0000 7fdcc4827700 1 --2- >> [v2:172.21.15.87:3300/0,v1:172.21.15.87:6789/0] conn(0x7fdcc0106960 0x7fdcc0106d80 unknown :-1 s=NONE pgs=0 cs=0 l=0 rev1=0 crypto rx=0 tx=0 comp rx=0 tx=0).connect
2024-06-06T07:36:39.751 INFO:teuthology.orchestra.run.smithi087.stdout:/usr/bin/ceph: stderr
2024-06-06T07:36:38.285+0000 7fdcc4827700 1 -- --> [v2:172.21.15.87:3300/0,v1:172.21.15.87:6789/0] -- mon_getmap magic: 0 -- 0x7fdcc007c6b0 con 0x7fdcc0106960
2024-06-06T07:36:39.751 INFO:teuthology.orchestra.run.smithi087.stdout:/usr/bin/ceph: stderr
2024-06-06T07:36:38.286+0000 7fdcbe59c700 1 --2- >> [v2:172.21.15.87:3300/0,v1:172.21.15.87:6789/0] conn(0x7fdcc0106960 0x7fdcc0106d80 unknown :-1 s=BANNER_CONNECTING pgs=0 cs=0 l=0 rev1=0 crypto rx=0 tx=0 comp rx=0 tx=0)._handle_peer_banner_payload supported=3 required=0
2024-06-06T07:36:39.751 INFO:teuthology.orchestra.run.smithi087.stdout:/usr/bin/ceph: stderr
2024-06-06T07:36:38.286+0000 7fdcbe59c700 1 --2- >> [v2:172.21.15.87:3300/0,v1:172.21.15.87:6789/0] conn(0x7fdcc0106960 0x7fdcc0106d80 unknown :-1 s=HELLO_CONNECTING pgs=0 cs=0 l=0 rev1=1 crypto rx=0 tx=0 comp rx=0 tx=0).handle_hello peer v2:172.21.15.87:3300/0 says I am v2:172.21.15.87:44886/0 (socket says 172.21.15.87:44886)
2024-06-06T07:36:39.751 INFO:teuthology.orchestra.run.smithi087.stdout:/usr/bin/ceph: stderr
2024-06-06T07:36:38.286+0000 7fdcbe59c700 1 -- 172.21.15.87:0/898664487 learned_addr learned my addr 172.21.15.87:0/898664487 (peer_addr_for_me v2:172.21.15.87:0/0)
2024-06-06T07:36:39.751 INFO:teuthology.orchestra.run.smithi087.stdout:/usr/bin/ceph: stderr
2024-06-06T07:36:38.286+0000 7fdcbe59c700 1 -- 172.21.15.87:0/898664487 --> [v2:172.21.15.87:3300/0,v1:172.21.15.87:6789/0] -- mon_subscribe({config=0+,monmap=0+}) -- 0x7fdcc01072c0 con 0x7fdcc0106960
2024-06-06T07:36:39.751 INFO:teuthology.orchestra.run.smithi087.stdout:/usr/bin/ceph: stderr
2024-06-06T07:36:38.286+0000 7fdcbe59c700 1 --2- 172.21.15.87:0/898664487 >> [v2:172.21.15.87:3300/0,v1:172.21.15.87:6789/0] conn(0x7fdcc0106960 0x7fdcc0106d80 secure :-1 s=READY pgs=53 cs=0 l=1 rev1=1 crypto rx=0x7fdcb40098a0 tx=0x7fdcb4009bb0 comp rx=0 tx=0).ready entity=mon.0 client_cookie=a300f7049cb16931 server_cookie=0 in_seq=0 out_seq=0
2024-06-06T07:36:39.751 INFO:teuthology.orchestra.run.smithi087.stdout:/usr/bin/ceph: stderr
2024-06-06T07:36:38.286+0000 7fdcbd59a700 1 -- 172.21.15.87:0/898664487 <== mon.0 v2:172.21.15.87:3300/0 1 ==== mon_map magic: 0 ==== 205+0+0 (secure 0 0 0) 0x7fdcb4004160 con 0x7fdcc0106960
2024-06-06T07:36:39.751 INFO:teuthology.orchestra.run.smithi087.stdout:/usr/bin/ceph: stderr
2024-06-06T07:36:38.286+0000 7fdcbd59a700 1 -- 172.21.15.87:0/898664487 <== mon.0 v2:172.21.15.87:3300/0 2 ==== config(27 keys) ==== 1140+0+0 (secure 0 0 0) 0x7fdcb4004300 con 0x7fdcc0106960
2024-06-06T07:36:39.751 INFO:teuthology.orchestra.run.smithi087.stdout:/usr/bin/ceph: stderr
2024-06-06T07:36:38.286+0000 7fdcbd59a700 1 -- 172.21.15.87:0/898664487 <== mon.0 v2:172.21.15.87:3300/0 3 ==== mon_map magic: 0 ==== 205+0+0 (secure 0 0 0) 0x7fdcb4011b20 con 0x7fdcc0106960
2024-06-06T07:36:39.751 INFO:teuthology.orchestra.run.smithi087.stdout:/usr/bin/ceph: stderr
2024-06-06T07:36:38.287+0000 7fdcc4827700 1 -- 172.21.15.87:0/898664487 >> [v2:172.21.15.87:3300/0,v1:172.21.15.87:6789/0] conn(0x7fdcc0106960 msgr2=0x7fdcc0106d80 secure :-1 s=STATE_CONNECTION_ESTABLISHED l=1).mark_down
2024-06-06T07:36:39.752 INFO:teuthology.orchestra.run.smithi087.stdout:/usr/bin/ceph: stderr
2024-06-06T07:36:38.287+0000 7fdcc4827700 1 --2- 172.21.15.87:0/898664487 >> [v2:172.21.15.87:3300/0,v1:172.21.15.87:6789/0] conn(0x7fdcc0106960 0x7fdcc0106d80 secure :-1 s=READY pgs=53 cs=0 l=1 rev1=1 crypto rx=0x7fdcb40098a0 tx=0x7fdcb4009bb0 comp rx=0 tx=0).stop
2024-06-06T07:36:39.752 INFO:teuthology.orchestra.run.smithi087.stdout:/usr/bin/ceph: stderr
2024-06-06T07:36:38.287+0000 7fdcc4827700 1 -- 172.21.15.87:0/898664487 shutdown_connections
2024-06-06T07:36:39.752 INFO:teuthology.orchestra.run.smithi087.stdout:/usr/bin/ceph: stderr
2024-06-06T07:36:38.287+0000 7fdcc4827700 1 --2- 172.21.15.87:0/898664487 >> [v2:172.21.15.87:3300/0,v1:172.21.15.87:6789/0] conn(0x7fdcc0106960 0x7fdcc0106d80 unknown :-1 s=CLOSED pgs=53 cs=0 l=1 rev1=1 crypto rx=0 tx=0 comp rx=0 tx=0).stop
2024-06-06T07:36:39.752 INFO:teuthology.orchestra.run.smithi087.stdout:/usr/bin/ceph: stderr
2024-06-06T07:36:38.287+0000 7fdcc4827700 1 -- 172.21.15.87:0/898664487 >> 172.21.15.87:0/898664487 conn(0x7fdcc0102520 msgr2=0x7fdcc0104960 unknown :-1 s=STATE_NONE l=0).mark_down
2024-06-06T07:36:39.752 INFO:teuthology.orchestra.run.smithi087.stdout:/usr/bin/ceph: stderr
2024-06-06T07:36:38.287+0000 7fdcc4827700 1 -- 172.21.15.87:0/898664487 shutdown_connections
2024-06-06T07:36:39.752 INFO:teuthology.orchestra.run.smithi087.stdout:/usr/bin/ceph: stderr
2024-06-06T07:36:38.287+0000 7fdcc4827700 1 -- 172.21.15.87:0/898664487 wait complete.
2024-06-06T07:36:39.752 INFO:teuthology.orchestra.run.smithi087.stdout:/usr/bin/ceph: stderr
2024-06-06T07:36:38.288+0000 7fdcc4827700 1 Processor -- start
2024-06-06T07:36:39.752 INFO:teuthology.orchestra.run.smithi087.stdout:/usr/bin/ceph: stderr
2024-06-06T07:36:38.288+0000 7fdcc4827700 1 -- start start
2024-06-06T07:36:39.752 INFO:teuthology.orchestra.run.smithi087.stdout:/usr/bin/ceph: stderr
2024-06-06T07:36:38.288+0000 7fdcc4827700 1 --2- >> [v2:172.21.15.87:3300/0,v1:172.21.15.87:6789/0] conn(0x7fdcc0106960 0x7fdcc019e160 unknown :-1 s=NONE pgs=0 cs=0 l=1 rev1=0 crypto rx=0 tx=0 comp rx=0 tx=0).connect
2024-06-06T07:36:39.752 INFO:teuthology.orchestra.run.smithi087.stdout:/usr/bin/ceph: stderr
2024-06-06T07:36:38.288+0000 7fdcc4827700 1 -- --> [v2:172.21.15.87:3300/0,v1:172.21.15.87:6789/0] -- mon_getmap magic: 0 -- 0x7fdcc0108390 con 0x7fdcc0106960
2024-06-06T07:36:39.752 INFO:teuthology.orchestra.run.smithi087.stdout:/usr/bin/ceph: stderr
2024-06-06T07:36:38.288+0000 7fdcbe59c700 1 --2- >> [v2:172.21.15.87:3300/0,v1:172.21.15.87:6789/0] conn(0x7fdcc0106960 0x7fdcc019e160 unknown :-1 s=BANNER_CONNECTING pgs=0 cs=0 l=1 rev1=0 crypto rx=0 tx=0 comp rx=0 tx=0)._handle_peer_banner_payload supported=3 required=0
2024-06-06T07:36:39.752 INFO:teuthology.orchestra.run.smithi087.stdout:/usr/bin/ceph: stderr
2024-06-06T07:36:38.288+0000 7fdcbe59c700 1 --2- >> [v2:172.21.15.87:3300/0,v1:172.21.15.87:6789/0] conn(0x7fdcc0106960 0x7fdcc019e160 unknown :-1 s=HELLO_CONNECTING pgs=0 cs=0 l=1 rev1=1 crypto rx=0 tx=0 comp rx=0 tx=0).handle_hello peer v2:172.21.15.87:3300/0 says I am v2:172.21.15.87:44898/0 (socket says 172.21.15.87:44898)
2024-06-06T07:36:39.752 INFO:teuthology.orchestra.run.smithi087.stdout:/usr/bin/ceph: stderr
2024-06-06T07:36:38.288+0000 7fdcbe59c700 1 -- 172.21.15.87:0/1479221165 learned_addr learned my addr 172.21.15.87:0/1479221165 (peer_addr_for_me v2:172.21.15.87:0/0)
2024-06-06T07:36:39.752 INFO:teuthology.orchestra.run.smithi087.stdout:/usr/bin/ceph: stderr
2024-06-06T07:36:38.288+0000 7fdcbe59c700 1 -- 172.21.15.87:0/1479221165 --> [v2:172.21.15.87:3300/0,v1:172.21.15.87:6789/0] -- mon_subscribe({config=0+,monmap=0+}) -- 0x7fdcc019e6a0 con 0x7fdcc0106960
2024-06-06T07:36:39.753 INFO:teuthology.orchestra.run.smithi087.stdout:/usr/bin/ceph: stderr
2024-06-06T07:36:38.289+0000 7fdcbe59c700 1 --2- 172.21.15.87:0/1479221165 >> [v2:172.21.15.87:3300/0,v1:172.21.15.87:6789/0] conn(0x7fdcc0106960 0x7fdcc019e160 secure :-1 s=READY pgs=54 cs=0 l=1 rev1=1 crypto rx=0x7fdcb4009fb0 tx=0x7fdcb4011c10 comp rx=0 tx=0).ready entity=mon.0 client_cookie=0 server_cookie=0 in_seq=0 out_seq=0
2024-06-06T07:36:39.753 INFO:teuthology.orchestra.run.smithi087.stdout:/usr/bin/ceph: stderr
2024-06-06T07:36:38.289+0000 7fdcaf7fe700 1 -- 172.21.15.87:0/1479221165 <== mon.0 v2:172.21.15.87:3300/0 1 ==== mon_map magic: 0 ==== 205+0+0 (secure 0 0 0) 0x7fdcb4003930 con 0x7fdcc0106960
2024-06-06T07:36:39.753 INFO:teuthology.orchestra.run.smithi087.stdout:/usr/bin/ceph: stderr
2024-06-06T07:36:38.289+0000 7fdcaf7fe700 1 -- 172.21.15.87:0/1479221165 <== mon.0 v2:172.21.15.87:3300/0 2 ==== config(27 keys) ==== 1140+0+0 (secure 0 0 0) 0x7fdcb4003ad0 con 0x7fdcc0106960
2024-06-06T07:36:39.753 INFO:teuthology.orchestra.run.smithi087.stdout:/usr/bin/ceph: stderr
2024-06-06T07:36:38.289+0000 7fdcaf7fe700 1 -- 172.21.15.87:0/1479221165 <== mon.0 v2:172.21.15.87:3300/0 3 ==== mon_map magic: 0 ==== 205+0+0 (secure 0 0 0) 0x7fdcb4019690 con 0x7fdcc0106960
2024-06-06T07:36:39.753 INFO:teuthology.orchestra.run.smithi087.stdout:/usr/bin/ceph: stderr
2024-06-06T07:36:38.289+0000 7fdcc4827700 1 -- 172.21.15.87:0/1479221165 --> [v2:172.21.15.87:3300/0,v1:172.21.15.87:6789/0] -- mon_subscribe({mgrmap=0+}) -- 0x7fdcc019e930 con 0x7fdcc0106960
2024-06-06T07:36:39.753 INFO:teuthology.orchestra.run.smithi087.stdout:/usr/bin/ceph: stderr
2024-06-06T07:36:38.289+0000 7fdcc4827700 1 -- 172.21.15.87:0/1479221165 --> [v2:172.21.15.87:3300/0,v1:172.21.15.87:6789/0] -- mon_subscribe({osdmap=0}) -- 0x7fdcc019ed90 con 0x7fdcc0106960
2024-06-06T07:36:39.753 INFO:teuthology.orchestra.run.smithi087.stdout:/usr/bin/ceph: stderr
2024-06-06T07:36:38.290+0000 7fdcaf7fe700 1 -- 172.21.15.87:0/1479221165 <== mon.0 v2:172.21.15.87:3300/0 4 ==== mgrmap(e 8) ==== 46287+0+0 (secure 0 0 0) 0x7fdcb4019990 con 0x7fdcc0106960
2024-06-06T07:36:39.753 INFO:teuthology.orchestra.run.smithi087.stdout:/usr/bin/ceph: stderr
2024-06-06T07:36:38.290+0000 7fdcc4827700 1 -- 172.21.15.87:0/1479221165 --> [v2:172.21.15.87:3300/0,v1:172.21.15.87:6789/0] -- mon_command({"prefix": "get_command_descriptions"} v 0) -- 0x7fdcc0063af0 con 0x7fdcc0106960
2024-06-06T07:36:39.753 INFO:teuthology.orchestra.run.smithi087.stdout:/usr/bin/ceph: stderr
2024-06-06T07:36:38.290+0000 7fdcaf7fe700 1 --2- 172.21.15.87:0/1479221165 >> [v2:172.21.15.87:6800/1605115594,v1:172.21.15.87:6801/1605115594] conn(0x7fdca8039000 0x7fdca803b4c0 unknown :-1 s=NONE pgs=0 cs=0 l=1 rev1=0 crypto rx=0 tx=0 comp rx=0 tx=0).connect
2024-06-06T07:36:39.753 INFO:teuthology.orchestra.run.smithi087.stdout:/usr/bin/ceph: stderr
2024-06-06T07:36:38.290+0000 7fdcaf7fe700 1 -- 172.21.15.87:0/1479221165 <== mon.0 v2:172.21.15.87:3300/0 5 ==== osd_map(2..2 src has 1..2) ==== 940+0+0 (secure 0 0 0) 0x7fdcb404d690 con 0x7fdcc0106960
2024-06-06T07:36:39.753 INFO:teuthology.orchestra.run.smithi087.stdout:/usr/bin/ceph: stderr
2024-06-06T07:36:38.290+0000 7fdcbdd9b700 1 --2- 172.21.15.87:0/1479221165 >> [v2:172.21.15.87:6800/1605115594,v1:172.21.15.87:6801/1605115594] conn(0x7fdca8039000 0x7fdca803b4c0 unknown :-1 s=BANNER_CONNECTING pgs=0 cs=0 l=1 rev1=0 crypto rx=0 tx=0 comp rx=0 tx=0)._handle_peer_banner_payload supported=3 required=0
2024-06-06T07:36:39.753 INFO:teuthology.orchestra.run.smithi087.stdout:/usr/bin/ceph: stderr
2024-06-06T07:36:38.291+0000 7fdcbdd9b700 1 --2- 172.21.15.87:0/1479221165 >> [v2:172.21.15.87:6800/1605115594,v1:172.21.15.87:6801/1605115594] conn(0x7fdca8039000 0x7fdca803b4c0 secure :-1 s=READY pgs=16 cs=0 l=1 rev1=1 crypto rx=0x7fdcb0006fd0 tx=0x7fdcb0006e40 comp rx=0 tx=0).ready entity=mgr.14118 client_cookie=0 server_cookie=0 in_seq=0 out_seq=0
2024-06-06T07:36:39.753 INFO:teuthology.orchestra.run.smithi087.stdout:/usr/bin/ceph: stderr
2024-06-06T07:36:38.295+0000 7fdcaf7fe700 1 -- 172.21.15.87:0/1479221165 <== mon.0 v2:172.21.15.87:3300/0 6 ==== mon_command_ack([{"prefix": "get_command_descriptions"}]=0 v0) ==== 72+0+186418 (secure 0 0 0) 0x7fdcb4011e20 con 0x7fdcc0106960
2024-06-06T07:36:39.754 INFO:teuthology.orchestra.run.smithi087.stdout:/usr/bin/ceph: stderr
2024-06-06T07:36:38.557+0000 7fdcc4827700 1 -- 172.21.15.87:0/1479221165 --> [v2:172.21.15.87:3300/0,v1:172.21.15.87:6789/0] -- mon_command({"prefix": "mgr module enable", "module": "dashboard"} v 0) -- 0x7fdcc00630a0 con 0x7fdcc0106960
2024-06-06T07:36:39.754 INFO:teuthology.orchestra.run.smithi087.stdout:/usr/bin/ceph: stderr
2024-06-06T07:36:39.115+0000 7fdcaf7fe700 1 -- 172.21.15.87:0/1479221165 <== mon.0 v2:172.21.15.87:3300/0 7 ==== mon_command_ack([{"prefix": "mgr module enable", "module": "dashboard"}]=0 v9) ==== 88+0+0 (secure 0 0 0) 0x7fdcb4019c80 con 0x7fdcc0106960
2024-06-06T07:36:39.754 INFO:teuthology.orchestra.run.smithi087.stdout:/usr/bin/ceph: stderr
2024-06-06T07:36:39.117+0000 7fdcaf7fe700 1 -- 172.21.15.87:0/1479221165 <== mon.0 v2:172.21.15.87:3300/0 8 ==== mgrmap(e 9) ==== 46300+0+0 (secure 0 0 0) 0x7fdcb400fd80 con 0x7fdcc0106960
2024-06-06T07:36:39.754 INFO:teuthology.orchestra.run.smithi087.stdout:/usr/bin/ceph: stderr
2024-06-06T07:36:39.118+0000 7fdcc4827700 1 -- 172.21.15.87:0/1479221165 >> [v2:172.21.15.87:6800/1605115594,v1:172.21.15.87:6801/1605115594] conn(0x7fdca8039000 msgr2=0x7fdca803b4c0 secure :-1 s=STATE_CONNECTION_ESTABLISHED l=1).mark_down
2024-06-06T07:36:39.754 INFO:teuthology.orchestra.run.smithi087.stdout:/usr/bin/ceph: stderr
2024-06-06T07:36:39.118+0000 7fdcc4827700 1 --2- 172.21.15.87:0/1479221165 >> [v2:172.21.15.87:6800/1605115594,v1:172.21.15.87:6801/1605115594] conn(0x7fdca8039000 0x7fdca803b4c0 secure :-1 s=READY pgs=16 cs=0 l=1 rev1=1 crypto rx=0x7fdcb0006fd0 tx=0x7fdcb0006e40 comp rx=0 tx=0).stop
2024-06-06T07:36:39.754 INFO:teuthology.orchestra.run.smithi087.stdout:/usr/bin/ceph: stderr
2024-06-06T07:36:39.118+0000 7fdcc4827700 1 -- 172.21.15.87:0/1479221165 >> [v2:172.21.15.87:3300/0,v1:172.21.15.87:6789/0] conn(0x7fdcc0106960 msgr2=0x7fdcc019e160 secure :-1 s=STATE_CONNECTION_ESTABLISHED l=1).mark_down
2024-06-06T07:36:39.754 INFO:teuthology.orchestra.run.smithi087.stdout:/usr/bin/ceph: stderr
2024-06-06T07:36:39.118+0000 7fdcc4827700 1 --2- 172.21.15.87:0/1479221165 >> [v2:172.21.15.87:3300/0,v1:172.21.15.87:6789/0] conn(0x7fdcc0106960 0x7fdcc019e160 secure :-1 s=READY pgs=54 cs=0 l=1 rev1=1 crypto rx=0x7fdcb4009fb0 tx=0x7fdcb4011c10 comp rx=0 tx=0).stop
2024-06-06T07:36:39.754 INFO:teuthology.orchestra.run.smithi087.stdout:/usr/bin/ceph: stderr
2024-06-06T07:36:39.118+0000 7fdcc4827700 1 -- 172.21.15.87:0/1479221165 shutdown_connections
2024-06-06T07:36:39.754 INFO:teuthology.orchestra.run.smithi087.stdout:/usr/bin/ceph: stderr
2024-06-06T07:36:39.118+0000 7fdcc4827700 1 --2- 172.21.15.87:0/1479221165 >> [v2:172.21.15.87:6800/1605115594,v1:172.21.15.87:6801/1605115594] conn(0x7fdca8039000 0x7fdca803b4c0 unknown :-1 s=CLOSED pgs=16 cs=0 l=1 rev1=1 crypto rx=0 tx=0 comp rx=0 tx=0).stop
2024-06-06T07:36:39.754 INFO:teuthology.orchestra.run.smithi087.stdout:/usr/bin/ceph: stderr
2024-06-06T07:36:39.118+0000 7fdcc4827700 1 --2- 172.21.15.87:0/1479221165 >> [v2:172.21.15.87:3300/0,v1:172.21.15.87:6789/0] conn(0x7fdcc0106960 0x7fdcc019e160 unknown :-1 s=CLOSED pgs=54 cs=0 l=1 rev1=1 crypto rx=0 tx=0 comp rx=0 tx=0).stop
2024-06-06T07:36:39.754 INFO:teuthology.orchestra.run.smithi087.stdout:/usr/bin/ceph: stderr
2024-06-06T07:36:39.118+0000 7fdcc4827700 1 -- 172.21.15.87:0/1479221165 >> 172.21.15.87:0/1479221165 conn(0x7fdcc0102520 msgr2=0x7fdcc0194d20 unknown :-1 s=STATE_NONE l=0).mark_down
2024-06-06T07:36:39.754 INFO:teuthology.orchestra.run.smithi087.stdout:/usr/bin/ceph: stderr
2024-06-06T07:36:39.118+0000 7fdcc4827700 1 -- 172.21.15.87:0/1479221165 shutdown_connections
2024-06-06T07:36:39.754 INFO:teuthology.orchestra.run.smithi087.stdout:/usr/bin/ceph: stderr
2024-06-06T07:36:39.118+0000 7fdcc4827700 1 -- 172.21.15.87:0/1479221165 wait complete.
2024-06-06T07:36:40.011 INFO:journalctl@ceph.mgr.x.smithi087.stdout:Jun 06 07:36:39 smithi087 ceph-3f55109c-23d7-11ef-bc9b-c7b262605968-mgr-x[32503]:
2024-06-06T07:36:39.921+0000 7f0b62d3a200 -1 mgr[py] Module progress has missing NOTIFY_TYPES member
2024-06-06T07:36:40.011 INFO:journalctl@ceph.mgr.x.smithi087.stdout:Jun 06 07:36:40 smithi087 ceph-3f55109c-23d7-11ef-bc9b-c7b262605968-mgr-x[32503]:
2024-06-06T07:36:40.010+0000 7f0b62d3a200 -1 mgr[py] Module influx has missing NOTIFY_TYPES member
2024-06-06T07:36:40.360 INFO:journalctl@ceph.mon.a.smithi087.stdout:Jun 06 07:36:40 smithi087 ceph-mon[32276]: from='client.? 172.21.15.87:0/1479221165' entity='client.admin' cmd='[{"prefix": "mgr module enable", "module": "dashboard"}]': finished
2024-06-06T07:36:40.360 INFO:journalctl@ceph.mon.a.smithi087.stdout:Jun 06 07:36:40 smithi087 ceph-mon[32276]: mgrmap e9: x(active, since 18s)
2024-06-06T07:36:41.050 INFO:teuthology.orchestra.run.smithi087.stdout:/usr/bin/ceph: stdout {
2024-06-06T07:36:41.050 INFO:teuthology.orchestra.run.smithi087.stdout:/usr/bin/ceph: stdout "epoch": 9,
2024-06-06T07:36:41.051 INFO:teuthology.orchestra.run.smithi087.stdout:/usr/bin/ceph: stdout "available": true,
2024-06-06T07:36:41.051 INFO:teuthology.orchestra.run.smithi087.stdout:/usr/bin/ceph: stdout "active_name": "x",
2024-06-06T07:36:41.051 INFO:teuthology.orchestra.run.smithi087.stdout:/usr/bin/ceph: stdout "num_standby": 0
2024-06-06T07:36:41.051 INFO:teuthology.orchestra.run.smithi087.stdout:/usr/bin/ceph: stdout }
2024-06-06T07:36:41.051 INFO:teuthology.orchestra.run.smithi087.stdout:/usr/bin/ceph: stderr
2024-06-06T07:36:40.223+0000 7fcca9829700 1 Processor -- start
2024-06-06T07:36:41.051 INFO:teuthology.orchestra.run.smithi087.stdout:/usr/bin/ceph: stderr
2024-06-06T07:36:40.223+0000 7fcca9829700 1 -- start start
2024-06-06T07:36:41.051 INFO:teuthology.orchestra.run.smithi087.stdout:/usr/bin/ceph: stderr
2024-06-06T07:36:40.223+0000 7fcca9829700 1 --2- >> [v2:172.21.15.87:3300/0,v1:172.21.15.87:6789/0] conn(0x7fcca4108af0 0x7fcca410aee0 unknown :-1 s=NONE pgs=0 cs=0 l=0 rev1=0 crypto rx=0 tx=0 comp rx=0 tx=0).connect
2024-06-06T07:36:41.051 INFO:teuthology.orchestra.run.smithi087.stdout:/usr/bin/ceph: stderr
2024-06-06T07:36:40.223+0000 7fcca9829700 1 -- --> [v2:172.21.15.87:3300/0,v1:172.21.15.87:6789/0] -- mon_getmap magic: 0 -- 0x7fcca407c6a0 con 0x7fcca4108af0
2024-06-06T07:36:41.051 INFO:teuthology.orchestra.run.smithi087.stdout:/usr/bin/ceph: stderr
2024-06-06T07:36:40.224+0000 7fcca2ffd700 1 --2- >> [v2:172.21.15.87:3300/0,v1:172.21.15.87:6789/0] conn(0x7fcca4108af0 0x7fcca410aee0 unknown :-1 s=BANNER_CONNECTING pgs=0 cs=0 l=0 rev1=0 crypto rx=0 tx=0 comp rx=0 tx=0)._handle_peer_banner_payload supported=3 required=0
2024-06-06T07:36:41.051 INFO:teuthology.orchestra.run.smithi087.stdout:/usr/bin/ceph: stderr
2024-06-06T07:36:40.224+0000 7fcca2ffd700 1 --2- >> [v2:172.21.15.87:3300/0,v1:172.21.15.87:6789/0] conn(0x7fcca4108af0 0x7fcca410aee0 unknown :-1 s=HELLO_CONNECTING pgs=0 cs=0 l=0 rev1=1 crypto rx=0 tx=0 comp rx=0 tx=0).handle_hello peer v2:172.21.15.87:3300/0 says I am v2:172.21.15.87:44928/0 (socket says 172.21.15.87:44928)
2024-06-06T07:36:41.051 INFO:teuthology.orchestra.run.smithi087.stdout:/usr/bin/ceph: stderr
2024-06-06T07:36:40.224+0000 7fcca2ffd700 1 -- 172.21.15.87:0/651505749 learned_addr learned my addr 172.21.15.87:0/651505749 (peer_addr_for_me v2:172.21.15.87:0/0)
2024-06-06T07:36:41.051 INFO:teuthology.orchestra.run.smithi087.stdout:/usr/bin/ceph: stderr
2024-06-06T07:36:40.224+0000 7fcca2ffd700 1 -- 172.21.15.87:0/651505749 --> [v2:172.21.15.87:3300/0,v1:172.21.15.87:6789/0] -- mon_subscribe({config=0+,monmap=0+}) -- 0x7fcca410b420 con 0x7fcca4108af0
2024-06-06T07:36:41.052 INFO:teuthology.orchestra.run.smithi087.stdout:/usr/bin/ceph: stderr
2024-06-06T07:36:40.224+0000 7fcca2ffd700 1 --2- 172.21.15.87:0/651505749 >> [v2:172.21.15.87:3300/0,v1:172.21.15.87:6789/0] conn(0x7fcca4108af0 0x7fcca410aee0 secure :-1 s=READY pgs=57 cs=0 l=1 rev1=1 crypto rx=0x7fcc980098a0 tx=0x7fcc98009bb0 comp rx=0 tx=0).ready entity=mon.0 client_cookie=1436b77dd7b79fd server_cookie=0 in_seq=0 out_seq=0
2024-06-06T07:36:41.052 INFO:teuthology.orchestra.run.smithi087.stdout:/usr/bin/ceph: stderr
2024-06-06T07:36:40.224+0000 7fcca1ffb700 1 -- 172.21.15.87:0/651505749 <== mon.0 v2:172.21.15.87:3300/0 1 ==== mon_map magic: 0 ==== 205+0+0 (secure 0 0 0) 0x7fcc98004160 con 0x7fcca4108af0
2024-06-06T07:36:41.052 INFO:teuthology.orchestra.run.smithi087.stdout:/usr/bin/ceph: stderr
2024-06-06T07:36:40.224+0000 7fcca1ffb700 1 -- 172.21.15.87:0/651505749 <== mon.0 v2:172.21.15.87:3300/0 2 ==== config(27 keys) ==== 1140+0+0 (secure 0 0 0) 0x7fcc98004300 con 0x7fcca4108af0
2024-06-06T07:36:41.052 INFO:teuthology.orchestra.run.smithi087.stdout:/usr/bin/ceph: stderr
2024-06-06T07:36:40.224+0000 7fcca1ffb700 1 -- 172.21.15.87:0/651505749 <== mon.0 v2:172.21.15.87:3300/0 3 ==== mon_map magic: 0 ==== 205+0+0 (secure 0 0 0) 0x7fcc98011b20 con 0x7fcca4108af0
2024-06-06T07:36:41.052 INFO:teuthology.orchestra.run.smithi087.stdout:/usr/bin/ceph: stderr
2024-06-06T07:36:40.225+0000 7fcca9829700 1 -- 172.21.15.87:0/651505749 >> [v2:172.21.15.87:3300/0,v1:172.21.15.87:6789/0] conn(0x7fcca4108af0 msgr2=0x7fcca410aee0 secure :-1 s=STATE_CONNECTION_ESTABLISHED l=1).mark_down
2024-06-06T07:36:41.052 INFO:teuthology.orchestra.run.smithi087.stdout:/usr/bin/ceph: stderr
2024-06-06T07:36:40.225+0000 7fcca9829700 1 --2- 172.21.15.87:0/651505749 >> [v2:172.21.15.87:3300/0,v1:172.21.15.87:6789/0] conn(0x7fcca4108af0 0x7fcca410aee0 secure :-1 s=READY pgs=57 cs=0 l=1 rev1=1 crypto rx=0x7fcc980098a0 tx=0x7fcc98009bb0 comp rx=0 tx=0).stop
2024-06-06T07:36:41.052 INFO:teuthology.orchestra.run.smithi087.stdout:/usr/bin/ceph: stderr
2024-06-06T07:36:40.225+0000 7fcca9829700 1 -- 172.21.15.87:0/651505749 shutdown_connections
2024-06-06T07:36:41.052 INFO:teuthology.orchestra.run.smithi087.stdout:/usr/bin/ceph: stderr
2024-06-06T07:36:40.225+0000 7fcca9829700 1 --2- 172.21.15.87:0/651505749 >> [v2:172.21.15.87:3300/0,v1:172.21.15.87:6789/0] conn(0x7fcca4108af0 0x7fcca410aee0 unknown :-1 s=CLOSED pgs=57 cs=0 l=1 rev1=1 crypto rx=0 tx=0 comp rx=0 tx=0).stop
2024-06-06T07:36:41.052 INFO:teuthology.orchestra.run.smithi087.stdout:/usr/bin/ceph: stderr
2024-06-06T07:36:40.225+0000 7fcca9829700 1 -- 172.21.15.87:0/651505749 >> 172.21.15.87:0/651505749 conn(0x7fcca4102560 msgr2=0x7fcca4104980 unknown :-1 s=STATE_NONE l=0).mark_down
2024-06-06T07:36:41.052 INFO:teuthology.orchestra.run.smithi087.stdout:/usr/bin/ceph: stderr
2024-06-06T07:36:40.225+0000 7fcca9829700 1 -- 172.21.15.87:0/651505749 shutdown_connections
2024-06-06T07:36:41.052 INFO:teuthology.orchestra.run.smithi087.stdout:/usr/bin/ceph: stderr
2024-06-06T07:36:40.225+0000 7fcca9829700 1 -- 172.21.15.87:0/651505749 wait complete.
2024-06-06T07:36:41.052 INFO:teuthology.orchestra.run.smithi087.stdout:/usr/bin/ceph: stderr
2024-06-06T07:36:40.226+0000 7fcca9829700 1 Processor -- start
2024-06-06T07:36:41.052 INFO:teuthology.orchestra.run.smithi087.stdout:/usr/bin/ceph: stderr
2024-06-06T07:36:40.226+0000 7fcca9829700 1 -- start start
2024-06-06T07:36:41.053 INFO:teuthology.orchestra.run.smithi087.stdout:/usr/bin/ceph: stderr
2024-06-06T07:36:40.226+0000 7fcca9829700 1 --2- >> [v2:172.21.15.87:3300/0,v1:172.21.15.87:6789/0] conn(0x7fcca4108af0 0x7fcca419be20 unknown :-1 s=NONE pgs=0 cs=0 l=1 rev1=0 crypto rx=0 tx=0 comp rx=0 tx=0).connect
2024-06-06T07:36:41.053 INFO:teuthology.orchestra.run.smithi087.stdout:/usr/bin/ceph: stderr
2024-06-06T07:36:40.226+0000 7fcca9829700 1 -- --> [v2:172.21.15.87:3300/0,v1:172.21.15.87:6789/0] -- mon_getmap magic: 0 -- 0x7fcca410c420 con 0x7fcca4108af0
2024-06-06T07:36:41.053 INFO:teuthology.orchestra.run.smithi087.stdout:/usr/bin/ceph: stderr
2024-06-06T07:36:40.226+0000 7fcca2ffd700 1 --2- >> [v2:172.21.15.87:3300/0,v1:172.21.15.87:6789/0] conn(0x7fcca4108af0 0x7fcca419be20 unknown :-1 s=BANNER_CONNECTING pgs=0 cs=0 l=1 rev1=0 crypto rx=0 tx=0 comp rx=0 tx=0)._handle_peer_banner_payload supported=3 required=0
2024-06-06T07:36:41.053 INFO:teuthology.orchestra.run.smithi087.stdout:/usr/bin/ceph: stderr
2024-06-06T07:36:40.226+0000 7fcca2ffd700 1 --2- >> [v2:172.21.15.87:3300/0,v1:172.21.15.87:6789/0] conn(0x7fcca4108af0 0x7fcca419be20 unknown :-1 s=HELLO_CONNECTING pgs=0 cs=0 l=1 rev1=1 crypto rx=0 tx=0 comp rx=0 tx=0).handle_hello peer v2:172.21.15.87:3300/0 says I am v2:172.21.15.87:44944/0 (socket says 172.21.15.87:44944)
2024-06-06T07:36:41.053 INFO:teuthology.orchestra.run.smithi087.stdout:/usr/bin/ceph: stderr
