2024-06-06T07:36:40.226+0000 7fcca2ffd700 1 -- 172.21.15.87:0/3704846860 learned_addr learned my addr 172.21.15.87:0/3704846860 (peer_addr_for_me v2:172.21.15.87:0/0)
2024-06-06T07:36:41.053 INFO:teuthology.orchestra.run.smithi087.stdout:/usr/bin/ceph: stderr
2024-06-06T07:36:40.226+0000 7fcca2ffd700 1 -- 172.21.15.87:0/3704846860 --> [v2:172.21.15.87:3300/0,v1:172.21.15.87:6789/0] -- mon_subscribe({config=0+,monmap=0+}) -- 0x7fcca419c360 con 0x7fcca4108af0
2024-06-06T07:36:41.053 INFO:teuthology.orchestra.run.smithi087.stdout:/usr/bin/ceph: stderr
2024-06-06T07:36:40.227+0000 7fcca2ffd700 1 --2- 172.21.15.87:0/3704846860 >> [v2:172.21.15.87:3300/0,v1:172.21.15.87:6789/0] conn(0x7fcca4108af0 0x7fcca419be20 secure :-1 s=READY pgs=58 cs=0 l=1 rev1=1 crypto rx=0x7fcc980117e0 tx=0x7fcc98011c10 comp rx=0 tx=0).ready entity=mon.0 client_cookie=0 server_cookie=0 in_seq=0 out_seq=0
2024-06-06T07:36:41.053 INFO:teuthology.orchestra.run.smithi087.stdout:/usr/bin/ceph: stderr
2024-06-06T07:36:40.227+0000 7fcca8827700 1 -- 172.21.15.87:0/3704846860 <== mon.0 v2:172.21.15.87:3300/0 1 ==== mon_map magic: 0 ==== 205+0+0 (secure 0 0 0) 0x7fcc98003bf0 con 0x7fcca4108af0
2024-06-06T07:36:41.053 INFO:teuthology.orchestra.run.smithi087.stdout:/usr/bin/ceph: stderr
2024-06-06T07:36:40.227+0000 7fcca8827700 1 -- 172.21.15.87:0/3704846860 <== mon.0 v2:172.21.15.87:3300/0 2 ==== config(27 keys) ==== 1140+0+0 (secure 0 0 0) 0x7fcc9801a910 con 0x7fcca4108af0
2024-06-06T07:36:41.053 INFO:teuthology.orchestra.run.smithi087.stdout:/usr/bin/ceph: stderr
2024-06-06T07:36:40.227+0000 7fcca9829700 1 -- 172.21.15.87:0/3704846860 --> [v2:172.21.15.87:3300/0,v1:172.21.15.87:6789/0] -- mon_subscribe({mgrmap=0+}) -- 0x7fcca419c5f0 con 0x7fcca4108af0
2024-06-06T07:36:41.053 INFO:teuthology.orchestra.run.smithi087.stdout:/usr/bin/ceph: stderr
2024-06-06T07:36:40.227+0000 7fcca8827700 1 -- 172.21.15.87:0/3704846860 <== mon.0 v2:172.21.15.87:3300/0 3 ==== mon_map magic: 0 ==== 205+0+0 (secure 0 0 0) 0x7fcc98024970 con 0x7fcca4108af0
2024-06-06T07:36:41.053 INFO:teuthology.orchestra.run.smithi087.stdout:/usr/bin/ceph: stderr
2024-06-06T07:36:40.227+0000 7fcca9829700 1 -- 172.21.15.87:0/3704846860 --> [v2:172.21.15.87:3300/0,v1:172.21.15.87:6789/0] -- mon_subscribe({osdmap=0}) -- 0x7fcca419ca50 con 0x7fcca4108af0
2024-06-06T07:36:41.053 INFO:teuthology.orchestra.run.smithi087.stdout:/usr/bin/ceph: stderr
2024-06-06T07:36:40.228+0000 7fcca8827700 1 -- 172.21.15.87:0/3704846860 <== mon.0 v2:172.21.15.87:3300/0 4 ==== mgrmap(e 9) ==== 46300+0+0 (secure 0 0 0) 0x7fcc98022020 con 0x7fcca4108af0
2024-06-06T07:36:41.053 INFO:teuthology.orchestra.run.smithi087.stdout:/usr/bin/ceph: stderr
2024-06-06T07:36:40.228+0000 7fcca9829700 1 -- 172.21.15.87:0/3704846860 --> [v2:172.21.15.87:3300/0,v1:172.21.15.87:6789/0] -- mon_command({"prefix": "get_command_descriptions"} v 0) -- 0x7fcca4063af0 con 0x7fcca4108af0
2024-06-06T07:36:41.054 INFO:teuthology.orchestra.run.smithi087.stdout:/usr/bin/ceph: stderr
2024-06-06T07:36:40.228+0000 7fcca8827700 1 --2- 172.21.15.87:0/3704846860 >> [v2:172.21.15.87:6800/1605115594,v1:172.21.15.87:6801/1605115594] conn(0x7fcc8c039050 0x7fcc8c03b510 unknown :-1 s=NONE pgs=0 cs=0 l=1 rev1=0 crypto rx=0 tx=0 comp rx=0 tx=0).connect
2024-06-06T07:36:41.054 INFO:teuthology.orchestra.run.smithi087.stdout:/usr/bin/ceph: stderr
2024-06-06T07:36:40.228+0000 7fcca8827700 1 -- 172.21.15.87:0/3704846860 <== mon.0 v2:172.21.15.87:3300/0 5 ==== osd_map(2..2 src has 1..2) ==== 940+0+0 (secure 0 0 0) 0x7fcc9804d700 con 0x7fcca4108af0
2024-06-06T07:36:41.054 INFO:teuthology.orchestra.run.smithi087.stdout:/usr/bin/ceph: stderr
2024-06-06T07:36:40.228+0000 7fcca27fc700 1 -- 172.21.15.87:0/3704846860 >> [v2:172.21.15.87:6800/1605115594,v1:172.21.15.87:6801/1605115594] conn(0x7fcc8c039050 msgr2=0x7fcc8c03b510 unknown :-1 s=STATE_CONNECTING_RE l=1).process reconnect failed to v2:172.21.15.87:6800/1605115594
2024-06-06T07:36:41.054 INFO:teuthology.orchestra.run.smithi087.stdout:/usr/bin/ceph: stderr
2024-06-06T07:36:40.228+0000 7fcca27fc700 1 --2- 172.21.15.87:0/3704846860 >> [v2:172.21.15.87:6800/1605115594,v1:172.21.15.87:6801/1605115594] conn(0x7fcc8c039050 0x7fcc8c03b510 unknown :-1 s=START_CONNECT pgs=0 cs=0 l=1 rev1=0 crypto rx=0 tx=0 comp rx=0 tx=0)._fault waiting 0.200000
2024-06-06T07:36:41.054 INFO:teuthology.orchestra.run.smithi087.stdout:/usr/bin/ceph: stderr
2024-06-06T07:36:40.237+0000 7fcca8827700 1 -- 172.21.15.87:0/3704846860 <== mon.0 v2:172.21.15.87:3300/0 6 ==== mon_command_ack([{"prefix": "get_command_descriptions"}]=0 v0) ==== 72+0+186418 (secure 0 0 0) 0x7fcc98011e20 con 0x7fcca4108af0
2024-06-06T07:36:41.054 INFO:teuthology.orchestra.run.smithi087.stdout:/usr/bin/ceph: stderr
2024-06-06T07:36:40.429+0000 7fcca27fc700 1 -- 172.21.15.87:0/3704846860 >> [v2:172.21.15.87:6800/1605115594,v1:172.21.15.87:6801/1605115594] conn(0x7fcc8c039050 msgr2=0x7fcc8c03b510 unknown :-1 s=STATE_CONNECTING_RE l=1).process reconnect failed to v2:172.21.15.87:6800/1605115594
2024-06-06T07:36:41.054 INFO:teuthology.orchestra.run.smithi087.stdout:/usr/bin/ceph: stderr
2024-06-06T07:36:40.429+0000 7fcca27fc700 1 --2- 172.21.15.87:0/3704846860 >> [v2:172.21.15.87:6800/1605115594,v1:172.21.15.87:6801/1605115594] conn(0x7fcc8c039050 0x7fcc8c03b510 unknown :-1 s=START_CONNECT pgs=0 cs=0 l=1 rev1=0 crypto rx=0 tx=0 comp rx=0 tx=0)._fault waiting 0.400000
2024-06-06T07:36:41.054 INFO:teuthology.orchestra.run.smithi087.stdout:/usr/bin/ceph: stderr
2024-06-06T07:36:40.530+0000 7fcca9829700 1 -- 172.21.15.87:0/3704846860 --> [v2:172.21.15.87:3300/0,v1:172.21.15.87:6789/0] -- mon_command({"prefix": "mgr stat"} v 0) -- 0x7fcca419f400 con 0x7fcca4108af0
2024-06-06T07:36:41.054 INFO:teuthology.orchestra.run.smithi087.stdout:/usr/bin/ceph: stderr
2024-06-06T07:36:40.531+0000 7fcca8827700 1 -- 172.21.15.87:0/3704846860 <== mon.0 v2:172.21.15.87:3300/0 7 ==== mon_command_ack([{"prefix": "mgr stat"}]=0 v9) ==== 56+0+88 (secure 0 0 0) 0x7fcc980172b0 con 0x7fcca4108af0
2024-06-06T07:36:41.054 INFO:teuthology.orchestra.run.smithi087.stdout:/usr/bin/ceph: stderr
2024-06-06T07:36:40.533+0000 7fcca9829700 1 -- 172.21.15.87:0/3704846860 >> [v2:172.21.15.87:6800/1605115594,v1:172.21.15.87:6801/1605115594] conn(0x7fcc8c039050 msgr2=0x7fcc8c03b510 unknown :-1 s=STATE_CONNECTING l=1).mark_down
2024-06-06T07:36:41.054 INFO:teuthology.orchestra.run.smithi087.stdout:/usr/bin/ceph: stderr
2024-06-06T07:36:40.533+0000 7fcca9829700 1 --2- 172.21.15.87:0/3704846860 >> [v2:172.21.15.87:6800/1605115594,v1:172.21.15.87:6801/1605115594] conn(0x7fcc8c039050 0x7fcc8c03b510 unknown :-1 s=START_CONNECT pgs=0 cs=0 l=1 rev1=0 crypto rx=0 tx=0 comp rx=0 tx=0).stop
2024-06-06T07:36:41.054 INFO:teuthology.orchestra.run.smithi087.stdout:/usr/bin/ceph: stderr
2024-06-06T07:36:40.533+0000 7fcca9829700 1 -- 172.21.15.87:0/3704846860 >> [v2:172.21.15.87:3300/0,v1:172.21.15.87:6789/0] conn(0x7fcca4108af0 msgr2=0x7fcca419be20 secure :-1 s=STATE_CONNECTION_ESTABLISHED l=1).mark_down
2024-06-06T07:36:41.054 INFO:teuthology.orchestra.run.smithi087.stdout:/usr/bin/ceph: stderr
2024-06-06T07:36:40.533+0000 7fcca9829700 1 --2- 172.21.15.87:0/3704846860 >> [v2:172.21.15.87:3300/0,v1:172.21.15.87:6789/0] conn(0x7fcca4108af0 0x7fcca419be20 secure :-1 s=READY pgs=58 cs=0 l=1 rev1=1 crypto rx=0x7fcc980117e0 tx=0x7fcc98011c10 comp rx=0 tx=0).stop
2024-06-06T07:36:41.055 INFO:teuthology.orchestra.run.smithi087.stdout:/usr/bin/ceph: stderr
2024-06-06T07:36:40.533+0000 7fcca9829700 1 -- 172.21.15.87:0/3704846860 shutdown_connections
2024-06-06T07:36:41.055 INFO:teuthology.orchestra.run.smithi087.stdout:/usr/bin/ceph: stderr
2024-06-06T07:36:40.533+0000 7fcca9829700 1 --2- 172.21.15.87:0/3704846860 >> [v2:172.21.15.87:6800/1605115594,v1:172.21.15.87:6801/1605115594] conn(0x7fcc8c039050 0x7fcc8c03b510 unknown :-1 s=CLOSED pgs=0 cs=0 l=1 rev1=0 crypto rx=0 tx=0 comp rx=0 tx=0).stop
2024-06-06T07:36:41.055 INFO:teuthology.orchestra.run.smithi087.stdout:/usr/bin/ceph: stderr
2024-06-06T07:36:40.533+0000 7fcca9829700 1 --2- 172.21.15.87:0/3704846860 >> [v2:172.21.15.87:3300/0,v1:172.21.15.87:6789/0] conn(0x7fcca4108af0 0x7fcca419be20 unknown :-1 s=CLOSED pgs=58 cs=0 l=1 rev1=1 crypto rx=0 tx=0 comp rx=0 tx=0).stop
2024-06-06T07:36:41.055 INFO:teuthology.orchestra.run.smithi087.stdout:/usr/bin/ceph: stderr
2024-06-06T07:36:40.533+0000 7fcca9829700 1 -- 172.21.15.87:0/3704846860 >> 172.21.15.87:0/3704846860 conn(0x7fcca4102560 msgr2=0x7fcca4102f80 unknown :-1 s=STATE_NONE l=0).mark_down
2024-06-06T07:36:41.055 INFO:teuthology.orchestra.run.smithi087.stdout:/usr/bin/ceph: stderr
2024-06-06T07:36:40.533+0000 7fcca9829700 1 -- 172.21.15.87:0/3704846860 shutdown_connections
2024-06-06T07:36:41.055 INFO:teuthology.orchestra.run.smithi087.stdout:/usr/bin/ceph: stderr
2024-06-06T07:36:40.533+0000 7fcca9829700 1 -- 172.21.15.87:0/3704846860 wait complete.
2024-06-06T07:36:41.055 INFO:teuthology.orchestra.run.smithi087.stdout:Waiting for the mgr to restart...
2024-06-06T07:36:41.055 INFO:teuthology.orchestra.run.smithi087.stdout:Waiting for mgr epoch 9...
2024-06-06T07:36:41.402 INFO:journalctl@ceph.mon.a.smithi087.stdout:Jun 06 07:36:41 smithi087 ceph-mon[32276]: from='client.? 172.21.15.87:0/3704846860' entity='client.admin' cmd=[{"prefix": "mgr stat"}]: dispatch
2024-06-06T07:36:41.403 INFO:journalctl@ceph.mgr.x.smithi087.stdout:Jun 06 07:36:41 smithi087 ceph-3f55109c-23d7-11ef-bc9b-c7b262605968-mgr-x[32503]:
2024-06-06T07:36:41.250+0000 7f0b62d3a200 -1 mgr[py] Module telegraf has missing NOTIFY_TYPES member
2024-06-06T07:36:41.716 INFO:journalctl@ceph.mgr.x.smithi087.stdout:Jun 06 07:36:41 smithi087 ceph-3f55109c-23d7-11ef-bc9b-c7b262605968-mgr-x[32503]:
2024-06-06T07:36:41.431+0000 7f0b62d3a200 -1 mgr[py] Module osd_support has missing NOTIFY_TYPES member
2024-06-06T07:36:41.716 INFO:journalctl@ceph.mgr.x.smithi087.stdout:Jun 06 07:36:41 smithi087 ceph-3f55109c-23d7-11ef-bc9b-c7b262605968-mgr-x[32503]:
2024-06-06T07:36:41.610+0000 7f0b62d3a200 -1 mgr[py] Module iostat has missing NOTIFY_TYPES member
2024-06-06T07:36:42.011 INFO:journalctl@ceph.mgr.x.smithi087.stdout:Jun 06 07:36:41 smithi087 ceph-3f55109c-23d7-11ef-bc9b-c7b262605968-mgr-x[32503]:
2024-06-06T07:36:41.912+0000 7f0b62d3a200 -1 mgr[py] Module alerts has missing NOTIFY_TYPES member
2024-06-06T07:36:42.011 INFO:journalctl@ceph.mgr.x.smithi087.stdout:Jun 06 07:36:42 smithi087 ceph-3f55109c-23d7-11ef-bc9b-c7b262605968-mgr-x[32503]:
2024-06-06T07:36:42.010+0000 7f0b62d3a200 -1 mgr[py] Module selftest has missing NOTIFY_TYPES member
2024-06-06T07:36:42.360 INFO:journalctl@ceph.mgr.x.smithi087.stdout:Jun 06 07:36:42 smithi087 ceph-3f55109c-23d7-11ef-bc9b-c7b262605968-mgr-x[32503]:
2024-06-06T07:36:42.219+0000 7f0b62d3a200 -1 mgr[py] Module pg_autoscaler has missing NOTIFY_TYPES member
2024-06-06T07:36:42.860 INFO:journalctl@ceph.mgr.x.smithi087.stdout:Jun 06 07:36:42 smithi087 ceph-3f55109c-23d7-11ef-bc9b-c7b262605968-mgr-x[32503]:
2024-06-06T07:36:42.418+0000 7f0b62d3a200 -1 mgr[py] Module test_orchestrator has missing NOTIFY_TYPES member
2024-06-06T07:36:43.360 INFO:journalctl@ceph.mgr.x.smithi087.stdout:Jun 06 07:36:43 smithi087 ceph-3f55109c-23d7-11ef-bc9b-c7b262605968-mgr-x[32503]:
2024-06-06T07:36:43.024+0000 7f0b62d3a200 -1 mgr[py] Module rook has missing NOTIFY_TYPES member
2024-06-06T07:36:43.746 INFO:journalctl@ceph.mgr.x.smithi087.stdout:Jun 06 07:36:43 smithi087 ceph-3f55109c-23d7-11ef-bc9b-c7b262605968-mgr-x[32503]:
2024-06-06T07:36:43.446+0000 7f0b62d3a200 -1 mgr[py] Module volumes has missing NOTIFY_TYPES member
2024-06-06T07:36:43.746 INFO:journalctl@ceph.mgr.x.smithi087.stdout:Jun 06 07:36:43 smithi087 ceph-3f55109c-23d7-11ef-bc9b-c7b262605968-mgr-x[32503]:
2024-06-06T07:36:43.543+0000 7f0b62d3a200 -1 mgr[py] Module crash has missing NOTIFY_TYPES member
2024-06-06T07:36:43.746 INFO:journalctl@ceph.mgr.x.smithi087.stdout:Jun 06 07:36:43 smithi087 ceph-3f55109c-23d7-11ef-bc9b-c7b262605968-mgr-x[32503]:
2024-06-06T07:36:43.745+0000 7f0b62d3a200 -1 mgr[py] Module rgw has missing NOTIFY_TYPES member
2024-06-06T07:36:44.519 INFO:journalctl@ceph.mgr.x.smithi087.stdout:Jun 06 07:36:44 smithi087 ceph-3f55109c-23d7-11ef-bc9b-c7b262605968-mgr-x[32503]:
2024-06-06T07:36:44.264+0000 7f0b62d3a200 -1 mgr[py] Module prometheus has missing NOTIFY_TYPES member
2024-06-06T07:36:44.520 INFO:journalctl@ceph.mgr.x.smithi087.stdout:Jun 06 07:36:44 smithi087 ceph-3f55109c-23d7-11ef-bc9b-c7b262605968-mgr-x[32503]:
2024-06-06T07:36:44.356+0000 7f0b62d3a200 -1 mgr[py] Module devicehealth has missing NOTIFY_TYPES member
2024-06-06T07:36:44.829 INFO:journalctl@ceph.mgr.x.smithi087.stdout:Jun 06 07:36:44 smithi087 ceph-3f55109c-23d7-11ef-bc9b-c7b262605968-mgr-x[32503]:
2024-06-06T07:36:44.599+0000 7f0b62d3a200 -1 mgr[py] Module telemetry has missing NOTIFY_TYPES member
2024-06-06T07:36:44.829 INFO:journalctl@ceph.mgr.x.smithi087.stdout:Jun 06 07:36:44 smithi087 ceph-3f55109c-23d7-11ef-bc9b-c7b262605968-mgr-x[32503]:
2024-06-06T07:36:44.733+0000 7f0b62d3a200 -1 mgr[py] Module diskprediction_local has missing NOTIFY_TYPES member
2024-06-06T07:36:44.829 INFO:journalctl@ceph.mgr.x.smithi087.stdout:Jun 06 07:36:44 smithi087 ceph-3f55109c-23d7-11ef-bc9b-c7b262605968-mgr-x[32503]:
2024-06-06T07:36:44.828+0000 7f0b62d3a200 -1 mgr[py] Module osd_perf_query has missing NOTIFY_TYPES member
2024-06-06T07:36:45.110 INFO:journalctl@ceph.mgr.x.smithi087.stdout:Jun 06 07:36:44 smithi087 ceph-3f55109c-23d7-11ef-bc9b-c7b262605968-mgr-x[32503]:
2024-06-06T07:36:44.944+0000 7f0b62d3a200 -1 mgr[py] Module rbd_support has missing NOTIFY_TYPES member
2024-06-06T07:36:45.610 INFO:journalctl@ceph.mgr.x.smithi087.stdout:Jun 06 07:36:45 smithi087 ceph-3f55109c-23d7-11ef-bc9b-c7b262605968-mgr-x[32503]:
2024-06-06T07:36:45.240+0000 7f0b62d3a200 -1 mgr[py] Module zabbix has missing NOTIFY_TYPES member
2024-06-06T07:36:46.106 INFO:journalctl@ceph.mgr.x.smithi087.stdout:Jun 06 07:36:45 smithi087 ceph-3f55109c-23d7-11ef-bc9b-c7b262605968-mgr-x[32503]:
2024-06-06T07:36:45.835+0000 7f0b62d3a200 -1 mgr[py] Module status has missing NOTIFY_TYPES member
2024-06-06T07:36:46.106 INFO:journalctl@ceph.mgr.x.smithi087.stdout:Jun 06 07:36:46 smithi087 ceph-3f55109c-23d7-11ef-bc9b-c7b262605968-mgr-x[32503]:
2024-06-06T07:36:46.049+0000 7f0b62d3a200 -1 mgr[py] Module nfs has missing NOTIFY_TYPES member
2024-06-06T07:36:46.360 INFO:journalctl@ceph.mon.a.smithi087.stdout:Jun 06 07:36:46 smithi087 ceph-mon[32276]: Active manager daemon x restarted
2024-06-06T07:36:46.360 INFO:journalctl@ceph.mon.a.smithi087.stdout:Jun 06 07:36:46 smithi087 ceph-mon[32276]: Activating manager daemon x
2024-06-06T07:36:46.360 INFO:journalctl@ceph.mon.a.smithi087.stdout:Jun 06 07:36:46 smithi087 ceph-mon[32276]: osdmap e3: 0 total, 0 up, 0 in
2024-06-06T07:36:46.360 INFO:journalctl@ceph.mon.a.smithi087.stdout:Jun 06 07:36:46 smithi087 ceph-mon[32276]: mgrmap e10: x(active, starting, since 0.00341664s)
2024-06-06T07:36:46.360 INFO:journalctl@ceph.mon.a.smithi087.stdout:Jun 06 07:36:46 smithi087 ceph-mon[32276]: from='mgr.14150 172.21.15.87:0/1422442698' entity='mgr.x' cmd=[{"prefix": "mon metadata", "id": "a"}]: dispatch
2024-06-06T07:36:46.360 INFO:journalctl@ceph.mon.a.smithi087.stdout:Jun 06 07:36:46 smithi087 ceph-mon[32276]: from='mgr.14150 172.21.15.87:0/1422442698' entity='mgr.x' cmd=[{"prefix": "mgr metadata", "who": "x", "id": "x"}]: dispatch
2024-06-06T07:36:46.361 INFO:journalctl@ceph.mon.a.smithi087.stdout:Jun 06 07:36:46 smithi087 ceph-mon[32276]: from='mgr.14150 172.21.15.87:0/1422442698' entity='mgr.x' cmd=[{"prefix": "mds metadata"}]: dispatch
2024-06-06T07:36:46.361 INFO:journalctl@ceph.mon.a.smithi087.stdout:Jun 06 07:36:46 smithi087 ceph-mon[32276]: from='mgr.14150 172.21.15.87:0/1422442698' entity='mgr.x' cmd=[{"prefix": "osd metadata"}]: dispatch
2024-06-06T07:36:46.361 INFO:journalctl@ceph.mon.a.smithi087.stdout:Jun 06 07:36:46 smithi087 ceph-mon[32276]: from='mgr.14150 172.21.15.87:0/1422442698' entity='mgr.x' cmd=[{"prefix": "mon metadata"}]: dispatch
2024-06-06T07:36:46.361 INFO:journalctl@ceph.mon.a.smithi087.stdout:Jun 06 07:36:46 smithi087 ceph-mon[32276]: Manager daemon x is now available
2024-06-06T07:36:46.361 INFO:journalctl@ceph.mon.a.smithi087.stdout:Jun 06 07:36:46 smithi087 ceph-mon[32276]: from='mgr.14150 172.21.15.87:0/1422442698' entity='mgr.x' cmd=[{"prefix": "config dump", "format": "json"}]: dispatch
2024-06-06T07:36:46.361 INFO:journalctl@ceph.mon.a.smithi087.stdout:Jun 06 07:36:46 smithi087 ceph-mon[32276]: from='mgr.14150 172.21.15.87:0/1422442698' entity='mgr.x' cmd=[{"prefix":"config rm","who":"mgr","name":"mgr/rbd_support/x/mirror_snapshot_schedule"}]: dispatch
2024-06-06T07:36:47.354 INFO:journalctl@ceph.mon.a.smithi087.stdout:Jun 06 07:36:47 smithi087 ceph-mon[32276]: from='mgr.14150 172.21.15.87:0/1422442698' entity='mgr.x' cmd=[{"prefix":"config rm","who":"mgr","name":"mgr/rbd_support/x/trash_purge_schedule"}]: dispatch
2024-06-06T07:36:47.354 INFO:journalctl@ceph.mon.a.smithi087.stdout:Jun 06 07:36:47 smithi087 ceph-mon[32276]: mgrmap e11: x(active, since 1.00573s)
2024-06-06T07:36:47.669 INFO:teuthology.orchestra.run.smithi087.stdout:/usr/bin/ceph: stdout {
2024-06-06T07:36:47.678 INFO:teuthology.orchestra.run.smithi087.stdout:/usr/bin/ceph: stdout "mgrmap_epoch": 11,
2024-06-06T07:36:47.678 INFO:teuthology.orchestra.run.smithi087.stdout:/usr/bin/ceph: stdout "initialized": true
2024-06-06T07:36:47.679 INFO:teuthology.orchestra.run.smithi087.stdout:/usr/bin/ceph: stdout }
2024-06-06T07:36:47.679 INFO:teuthology.orchestra.run.smithi087.stdout:/usr/bin/ceph: stderr
2024-06-06T07:36:41.509+0000 7f1b4bcd6700 1 Processor -- start
2024-06-06T07:36:47.679 INFO:teuthology.orchestra.run.smithi087.stdout:/usr/bin/ceph: stderr
2024-06-06T07:36:41.509+0000 7f1b4bcd6700 1 -- start start
2024-06-06T07:36:47.679 INFO:teuthology.orchestra.run.smithi087.stdout:/usr/bin/ceph: stderr
2024-06-06T07:36:41.509+0000 7f1b4bcd6700 1 --2- >> [v2:172.21.15.87:3300/0,v1:172.21.15.87:6789/0] conn(0x7f1b44108a90 0x7f1b4410ae80 unknown :-1 s=NONE pgs=0 cs=0 l=0 rev1=0 crypto rx=0 tx=0 comp rx=0 tx=0).connect
2024-06-06T07:36:47.679 INFO:teuthology.orchestra.run.smithi087.stdout:/usr/bin/ceph: stderr
2024-06-06T07:36:41.509+0000 7f1b4bcd6700 1 -- --> [v2:172.21.15.87:3300/0,v1:172.21.15.87:6789/0] -- mon_getmap magic: 0 -- 0x7f1b4407c730 con 0x7f1b44108a90
2024-06-06T07:36:47.679 INFO:teuthology.orchestra.run.smithi087.stdout:/usr/bin/ceph: stderr
2024-06-06T07:36:41.509+0000 7f1b49a72700 1 --2- >> [v2:172.21.15.87:3300/0,v1:172.21.15.87:6789/0] conn(0x7f1b44108a90 0x7f1b4410ae80 unknown :-1 s=BANNER_CONNECTING pgs=0 cs=0 l=0 rev1=0 crypto rx=0 tx=0 comp rx=0 tx=0)._handle_peer_banner_payload supported=3 required=0
2024-06-06T07:36:47.679 INFO:teuthology.orchestra.run.smithi087.stdout:/usr/bin/ceph: stderr
2024-06-06T07:36:41.510+0000 7f1b49a72700 1 --2- >> [v2:172.21.15.87:3300/0,v1:172.21.15.87:6789/0] conn(0x7f1b44108a90 0x7f1b4410ae80 unknown :-1 s=HELLO_CONNECTING pgs=0 cs=0 l=0 rev1=1 crypto rx=0 tx=0 comp rx=0 tx=0).handle_hello peer v2:172.21.15.87:3300/0 says I am v2:172.21.15.87:44960/0 (socket says 172.21.15.87:44960)
2024-06-06T07:36:47.679 INFO:teuthology.orchestra.run.smithi087.stdout:/usr/bin/ceph: stderr
2024-06-06T07:36:41.510+0000 7f1b49a72700 1 -- 172.21.15.87:0/2844140018 learned_addr learned my addr 172.21.15.87:0/2844140018 (peer_addr_for_me v2:172.21.15.87:0/0)
2024-06-06T07:36:47.679 INFO:teuthology.orchestra.run.smithi087.stdout:/usr/bin/ceph: stderr
2024-06-06T07:36:41.510+0000 7f1b49a72700 1 -- 172.21.15.87:0/2844140018 --> [v2:172.21.15.87:3300/0,v1:172.21.15.87:6789/0] -- mon_subscribe({config=0+,monmap=0+}) -- 0x7f1b4410b3c0 con 0x7f1b44108a90
2024-06-06T07:36:47.680 INFO:teuthology.orchestra.run.smithi087.stdout:/usr/bin/ceph: stderr
2024-06-06T07:36:41.510+0000 7f1b49a72700 1 --2- 172.21.15.87:0/2844140018 >> [v2:172.21.15.87:3300/0,v1:172.21.15.87:6789/0] conn(0x7f1b44108a90 0x7f1b4410ae80 secure :-1 s=READY pgs=59 cs=0 l=1 rev1=1 crypto rx=0x7f1b400098a0 tx=0x7f1b40009bb0 comp rx=0 tx=0).ready entity=mon.0 client_cookie=56b9be239dfe8051 server_cookie=0 in_seq=0 out_seq=0
2024-06-06T07:36:47.680 INFO:teuthology.orchestra.run.smithi087.stdout:/usr/bin/ceph: stderr
2024-06-06T07:36:41.510+0000 7f1b48a70700 1 -- 172.21.15.87:0/2844140018 <== mon.0 v2:172.21.15.87:3300/0 1 ==== mon_map magic: 0 ==== 205+0+0 (secure 0 0 0) 0x7f1b40004160 con 0x7f1b44108a90
2024-06-06T07:36:47.680 INFO:teuthology.orchestra.run.smithi087.stdout:/usr/bin/ceph: stderr
2024-06-06T07:36:41.510+0000 7f1b48a70700 1 -- 172.21.15.87:0/2844140018 <== mon.0 v2:172.21.15.87:3300/0 2 ==== config(27 keys) ==== 1140+0+0 (secure 0 0 0) 0x7f1b40004300 con 0x7f1b44108a90
2024-06-06T07:36:47.680 INFO:teuthology.orchestra.run.smithi087.stdout:/usr/bin/ceph: stderr
2024-06-06T07:36:41.510+0000 7f1b48a70700 1 -- 172.21.15.87:0/2844140018 <== mon.0 v2:172.21.15.87:3300/0 3 ==== mon_map magic: 0 ==== 205+0+0 (secure 0 0 0) 0x7f1b40011b20 con 0x7f1b44108a90
2024-06-06T07:36:47.680 INFO:teuthology.orchestra.run.smithi087.stdout:/usr/bin/ceph: stderr
2024-06-06T07:36:41.511+0000 7f1b4bcd6700 1 -- 172.21.15.87:0/2844140018 >> [v2:172.21.15.87:3300/0,v1:172.21.15.87:6789/0] conn(0x7f1b44108a90 msgr2=0x7f1b4410ae80 secure :-1 s=STATE_CONNECTION_ESTABLISHED l=1).mark_down
2024-06-06T07:36:47.680 INFO:teuthology.orchestra.run.smithi087.stdout:/usr/bin/ceph: stderr
2024-06-06T07:36:41.511+0000 7f1b4bcd6700 1 --2- 172.21.15.87:0/2844140018 >> [v2:172.21.15.87:3300/0,v1:172.21.15.87:6789/0] conn(0x7f1b44108a90 0x7f1b4410ae80 secure :-1 s=READY pgs=59 cs=0 l=1 rev1=1 crypto rx=0x7f1b400098a0 tx=0x7f1b40009bb0 comp rx=0 tx=0).stop
2024-06-06T07:36:47.680 INFO:teuthology.orchestra.run.smithi087.stdout:/usr/bin/ceph: stderr
2024-06-06T07:36:41.511+0000 7f1b4bcd6700 1 -- 172.21.15.87:0/2844140018 shutdown_connections
2024-06-06T07:36:47.680 INFO:teuthology.orchestra.run.smithi087.stdout:/usr/bin/ceph: stderr
2024-06-06T07:36:41.511+0000 7f1b4bcd6700 1 --2- 172.21.15.87:0/2844140018 >> [v2:172.21.15.87:3300/0,v1:172.21.15.87:6789/0] conn(0x7f1b44108a90 0x7f1b4410ae80 unknown :-1 s=CLOSED pgs=59 cs=0 l=1 rev1=1 crypto rx=0 tx=0 comp rx=0 tx=0).stop
2024-06-06T07:36:47.680 INFO:teuthology.orchestra.run.smithi087.stdout:/usr/bin/ceph: stderr
2024-06-06T07:36:41.511+0000 7f1b4bcd6700 1 -- 172.21.15.87:0/2844140018 >> 172.21.15.87:0/2844140018 conn(0x7f1b441024c0 msgr2=0x7f1b44104900 unknown :-1 s=STATE_NONE l=0).mark_down
2024-06-06T07:36:47.680 INFO:teuthology.orchestra.run.smithi087.stdout:/usr/bin/ceph: stderr
2024-06-06T07:36:41.511+0000 7f1b4bcd6700 1 -- 172.21.15.87:0/2844140018 shutdown_connections
2024-06-06T07:36:47.681 INFO:teuthology.orchestra.run.smithi087.stdout:/usr/bin/ceph: stderr
2024-06-06T07:36:41.511+0000 7f1b4bcd6700 1 -- 172.21.15.87:0/2844140018 wait complete.
2024-06-06T07:36:47.681 INFO:teuthology.orchestra.run.smithi087.stdout:/usr/bin/ceph: stderr
2024-06-06T07:36:41.512+0000 7f1b4bcd6700 1 Processor -- start
2024-06-06T07:36:47.681 INFO:teuthology.orchestra.run.smithi087.stdout:/usr/bin/ceph: stderr
2024-06-06T07:36:41.512+0000 7f1b4bcd6700 1 -- start start
2024-06-06T07:36:47.681 INFO:teuthology.orchestra.run.smithi087.stdout:/usr/bin/ceph: stderr
2024-06-06T07:36:41.512+0000 7f1b4bcd6700 1 --2- >> [v2:172.21.15.87:3300/0,v1:172.21.15.87:6789/0] conn(0x7f1b44108a90 0x7f1b4419bed0 unknown :-1 s=NONE pgs=0 cs=0 l=1 rev1=0 crypto rx=0 tx=0 comp rx=0 tx=0).connect
2024-06-06T07:36:47.681 INFO:teuthology.orchestra.run.smithi087.stdout:/usr/bin/ceph: stderr
2024-06-06T07:36:41.512+0000 7f1b4bcd6700 1 -- --> [v2:172.21.15.87:3300/0,v1:172.21.15.87:6789/0] -- mon_getmap magic: 0 -- 0x7f1b4410c430 con 0x7f1b44108a90
2024-06-06T07:36:47.681 INFO:teuthology.orchestra.run.smithi087.stdout:/usr/bin/ceph: stderr
2024-06-06T07:36:41.512+0000 7f1b49a72700 1 --2- >> [v2:172.21.15.87:3300/0,v1:172.21.15.87:6789/0] conn(0x7f1b44108a90 0x7f1b4419bed0 unknown :-1 s=BANNER_CONNECTING pgs=0 cs=0 l=1 rev1=0 crypto rx=0 tx=0 comp rx=0 tx=0)._handle_peer_banner_payload supported=3 required=0
2024-06-06T07:36:47.681 INFO:teuthology.orchestra.run.smithi087.stdout:/usr/bin/ceph: stderr
2024-06-06T07:36:41.512+0000 7f1b49a72700 1 --2- >> [v2:172.21.15.87:3300/0,v1:172.21.15.87:6789/0] conn(0x7f1b44108a90 0x7f1b4419bed0 unknown :-1 s=HELLO_CONNECTING pgs=0 cs=0 l=1 rev1=1 crypto rx=0 tx=0 comp rx=0 tx=0).handle_hello peer v2:172.21.15.87:3300/0 says I am v2:172.21.15.87:44962/0 (socket says 172.21.15.87:44962)
2024-06-06T07:36:47.681 INFO:teuthology.orchestra.run.smithi087.stdout:/usr/bin/ceph: stderr
2024-06-06T07:36:41.512+0000 7f1b49a72700 1 -- 172.21.15.87:0/736195262 learned_addr learned my addr 172.21.15.87:0/736195262 (peer_addr_for_me v2:172.21.15.87:0/0)
2024-06-06T07:36:47.682 INFO:teuthology.orchestra.run.smithi087.stdout:/usr/bin/ceph: stderr
2024-06-06T07:36:41.513+0000 7f1b49a72700 1 -- 172.21.15.87:0/736195262 --> [v2:172.21.15.87:3300/0,v1:172.21.15.87:6789/0] -- mon_subscribe({config=0+,monmap=0+}) -- 0x7f1b4419c410 con 0x7f1b44108a90
2024-06-06T07:36:47.682 INFO:teuthology.orchestra.run.smithi087.stdout:/usr/bin/ceph: stderr
2024-06-06T07:36:41.513+0000 7f1b49a72700 1 --2- 172.21.15.87:0/736195262 >> [v2:172.21.15.87:3300/0,v1:172.21.15.87:6789/0] conn(0x7f1b44108a90 0x7f1b4419bed0 secure :-1 s=READY pgs=60 cs=0 l=1 rev1=1 crypto rx=0x7f1b40011b60 tx=0x7f1b40011c40 comp rx=0 tx=0).ready entity=mon.0 client_cookie=0 server_cookie=0 in_seq=0 out_seq=0
2024-06-06T07:36:47.682 INFO:teuthology.orchestra.run.smithi087.stdout:/usr/bin/ceph: stderr
2024-06-06T07:36:41.513+0000 7f1b3affd700 1 -- 172.21.15.87:0/736195262 <== mon.0 v2:172.21.15.87:3300/0 1 ==== mon_map magic: 0 ==== 205+0+0 (secure 0 0 0) 0x7f1b40003b60 con 0x7f1b44108a90
2024-06-06T07:36:47.682 INFO:teuthology.orchestra.run.smithi087.stdout:/usr/bin/ceph: stderr
2024-06-06T07:36:41.513+0000 7f1b3affd700 1 -- 172.21.15.87:0/736195262 <== mon.0 v2:172.21.15.87:3300/0 2 ==== config(27 keys) ==== 1140+0+0 (secure 0 0 0) 0x7f1b4001a910 con 0x7f1b44108a90
2024-06-06T07:36:47.682 INFO:teuthology.orchestra.run.smithi087.stdout:/usr/bin/ceph: stderr
2024-06-06T07:36:41.513+0000 7f1b3affd700 1 -- 172.21.15.87:0/736195262 <== mon.0 v2:172.21.15.87:3300/0 3 ==== mon_map magic: 0 ==== 205+0+0 (secure 0 0 0) 0x7f1b40024930 con 0x7f1b44108a90
2024-06-06T07:36:47.682 INFO:teuthology.orchestra.run.smithi087.stdout:/usr/bin/ceph: stderr
2024-06-06T07:36:41.513+0000 7f1b4bcd6700 1 -- 172.21.15.87:0/736195262 --> [v2:172.21.15.87:3300/0,v1:172.21.15.87:6789/0] -- mon_subscribe({mgrmap=0+}) -- 0x7f1b4419c6a0 con 0x7f1b44108a90
2024-06-06T07:36:47.682 INFO:teuthology.orchestra.run.smithi087.stdout:/usr/bin/ceph: stderr
2024-06-06T07:36:41.513+0000 7f1b4bcd6700 1 -- 172.21.15.87:0/736195262 --> [v2:172.21.15.87:3300/0,v1:172.21.15.87:6789/0] -- mon_subscribe({osdmap=0}) -- 0x7f1b4419cb00 con 0x7f1b44108a90
2024-06-06T07:36:47.682 INFO:teuthology.orchestra.run.smithi087.stdout:/usr/bin/ceph: stderr
2024-06-06T07:36:41.514+0000 7f1b3affd700 1 -- 172.21.15.87:0/736195262 <== mon.0 v2:172.21.15.87:3300/0 4 ==== mgrmap(e 9) ==== 46300+0+0 (secure 0 0 0) 0x7f1b40022020 con 0x7f1b44108a90
2024-06-06T07:36:47.682 INFO:teuthology.orchestra.run.smithi087.stdout:/usr/bin/ceph: stderr
2024-06-06T07:36:41.514+0000 7f1b3affd700 1 --2- 172.21.15.87:0/736195262 >> [v2:172.21.15.87:6800/1605115594,v1:172.21.15.87:6801/1605115594] conn(0x7f1b300390a0 0x7f1b3003b560 unknown :-1 s=NONE pgs=0 cs=0 l=1 rev1=0 crypto rx=0 tx=0 comp rx=0 tx=0).connect
2024-06-06T07:36:47.683 INFO:teuthology.orchestra.run.smithi087.stdout:/usr/bin/ceph: stderr
2024-06-06T07:36:41.514+0000 7f1b3affd700 1 -- 172.21.15.87:0/736195262 --> [v2:172.21.15.87:6800/1605115594,v1:172.21.15.87:6801/1605115594] -- command(tid 0: {"prefix": "get_command_descriptions"}) -- 0x7f1b3003bc70 con 0x7f1b300390a0
2024-06-06T07:36:47.683 INFO:teuthology.orchestra.run.smithi087.stdout:/usr/bin/ceph: stderr
2024-06-06T07:36:41.514+0000 7f1b3affd700 1 -- 172.21.15.87:0/736195262 <== mon.0 v2:172.21.15.87:3300/0 5 ==== osd_map(2..2 src has 1..2) ==== 940+0+0 (secure 0 0 0) 0x7f1b4004d3f0 con 0x7f1b44108a90
2024-06-06T07:36:47.683 INFO:teuthology.orchestra.run.smithi087.stdout:/usr/bin/ceph: stderr
2024-06-06T07:36:41.514+0000 7f1b49271700 1 -- 172.21.15.87:0/736195262 >> [v2:172.21.15.87:6800/1605115594,v1:172.21.15.87:6801/1605115594] conn(0x7f1b300390a0 msgr2=0x7f1b3003b560 unknown :-1 s=STATE_CONNECTING_RE l=1).process reconnect failed to v2:172.21.15.87:6800/1605115594
2024-06-06T07:36:47.683 INFO:teuthology.orchestra.run.smithi087.stdout:/usr/bin/ceph: stderr
2024-06-06T07:36:41.514+0000 7f1b49271700 1 --2- 172.21.15.87:0/736195262 >> [v2:172.21.15.87:6800/1605115594,v1:172.21.15.87:6801/1605115594] conn(0x7f1b300390a0 0x7f1b3003b560 unknown :-1 s=START_CONNECT pgs=0 cs=0 l=1 rev1=0 crypto rx=0 tx=0 comp rx=0 tx=0)._fault waiting 0.200000
2024-06-06T07:36:47.683 INFO:teuthology.orchestra.run.smithi087.stdout:/usr/bin/ceph: stderr
2024-06-06T07:36:41.715+0000 7f1b49271700 1 -- 172.21.15.87:0/736195262 >> [v2:172.21.15.87:6800/1605115594,v1:172.21.15.87:6801/1605115594] conn(0x7f1b300390a0 msgr2=0x7f1b3003b560 unknown :-1 s=STATE_CONNECTING_RE l=1).process reconnect failed to v2:172.21.15.87:6800/1605115594
2024-06-06T07:36:47.683 INFO:teuthology.orchestra.run.smithi087.stdout:/usr/bin/ceph: stderr
2024-06-06T07:36:41.715+0000 7f1b49271700 1 --2- 172.21.15.87:0/736195262 >> [v2:172.21.15.87:6800/1605115594,v1:172.21.15.87:6801/1605115594] conn(0x7f1b300390a0 0x7f1b3003b560 unknown :-1 s=START_CONNECT pgs=0 cs=0 l=1 rev1=0 crypto rx=0 tx=0 comp rx=0 tx=0)._fault waiting 0.400000
2024-06-06T07:36:47.683 INFO:teuthology.orchestra.run.smithi087.stdout:/usr/bin/ceph: stderr
2024-06-06T07:36:42.116+0000 7f1b49271700 1 -- 172.21.15.87:0/736195262 >> [v2:172.21.15.87:6800/1605115594,v1:172.21.15.87:6801/1605115594] conn(0x7f1b300390a0 msgr2=0x7f1b3003b560 unknown :-1 s=STATE_CONNECTING_RE l=1).process reconnect failed to v2:172.21.15.87:6800/1605115594
2024-06-06T07:36:47.683 INFO:teuthology.orchestra.run.smithi087.stdout:/usr/bin/ceph: stderr
2024-06-06T07:36:42.116+0000 7f1b49271700 1 --2- 172.21.15.87:0/736195262 >> [v2:172.21.15.87:6800/1605115594,v1:172.21.15.87:6801/1605115594] conn(0x7f1b300390a0 0x7f1b3003b560 unknown :-1 s=START_CONNECT pgs=0 cs=0 l=1 rev1=0 crypto rx=0 tx=0 comp rx=0 tx=0)._fault waiting 0.800000
2024-06-06T07:36:47.683 INFO:teuthology.orchestra.run.smithi087.stdout:/usr/bin/ceph: stderr
2024-06-06T07:36:42.917+0000 7f1b49271700 1 -- 172.21.15.87:0/736195262 >> [v2:172.21.15.87:6800/1605115594,v1:172.21.15.87:6801/1605115594] conn(0x7f1b300390a0 msgr2=0x7f1b3003b560 unknown :-1 s=STATE_CONNECTING_RE l=1).process reconnect failed to v2:172.21.15.87:6800/1605115594
2024-06-06T07:36:47.683 INFO:teuthology.orchestra.run.smithi087.stdout:/usr/bin/ceph: stderr
2024-06-06T07:36:42.917+0000 7f1b49271700 1 --2- 172.21.15.87:0/736195262 >> [v2:172.21.15.87:6800/1605115594,v1:172.21.15.87:6801/1605115594] conn(0x7f1b300390a0 0x7f1b3003b560 unknown :-1 s=START_CONNECT pgs=0 cs=0 l=1 rev1=0 crypto rx=0 tx=0 comp rx=0 tx=0)._fault waiting 1.600000
2024-06-06T07:36:47.683 INFO:teuthology.orchestra.run.smithi087.stdout:/usr/bin/ceph: stderr
2024-06-06T07:36:44.518+0000 7f1b49271700 1 -- 172.21.15.87:0/736195262 >> [v2:172.21.15.87:6800/1605115594,v1:172.21.15.87:6801/1605115594] conn(0x7f1b300390a0 msgr2=0x7f1b3003b560 unknown :-1 s=STATE_CONNECTING_RE l=1).process reconnect failed to v2:172.21.15.87:6800/1605115594
2024-06-06T07:36:47.684 INFO:teuthology.orchestra.run.smithi087.stdout:/usr/bin/ceph: stderr
2024-06-06T07:36:44.518+0000 7f1b49271700 1 --2- 172.21.15.87:0/736195262 >> [v2:172.21.15.87:6800/1605115594,v1:172.21.15.87:6801/1605115594] conn(0x7f1b300390a0 0x7f1b3003b560 unknown :-1 s=START_CONNECT pgs=0 cs=0 l=1 rev1=0 crypto rx=0 tx=0 comp rx=0 tx=0)._fault waiting 3.200000
2024-06-06T07:36:47.684 INFO:teuthology.orchestra.run.smithi087.stdout:/usr/bin/ceph: stderr
2024-06-06T07:36:46.053+0000 7f1b3affd700 1 -- 172.21.15.87:0/736195262 <== mon.0 v2:172.21.15.87:3300/0 6 ==== mgrmap(e 10) ==== 46067+0+0 (secure 0 0 0) 0x7f1b4001ab30 con 0x7f1b44108a90
2024-06-06T07:36:47.684 INFO:teuthology.orchestra.run.smithi087.stdout:/usr/bin/ceph: stderr
2024-06-06T07:36:46.053+0000 7f1b3affd700 1 -- 172.21.15.87:0/736195262 >> [v2:172.21.15.87:6800/1605115594,v1:172.21.15.87:6801/1605115594] conn(0x7f1b300390a0 msgr2=0x7f1b3003b560 unknown :-1 s=STATE_CONNECTING l=1).mark_down
2024-06-06T07:36:47.684 INFO:teuthology.orchestra.run.smithi087.stdout:/usr/bin/ceph: stderr
2024-06-06T07:36:46.053+0000 7f1b3affd700 1 --2- 172.21.15.87:0/736195262 >> [v2:172.21.15.87:6800/1605115594,v1:172.21.15.87:6801/1605115594] conn(0x7f1b300390a0 0x7f1b3003b560 unknown :-1 s=START_CONNECT pgs=0 cs=0 l=1 rev1=0 crypto rx=0 tx=0 comp rx=0 tx=0).stop
2024-06-06T07:36:47.684 INFO:teuthology.orchestra.run.smithi087.stdout:/usr/bin/ceph: stderr
2024-06-06T07:36:47.053+0000 7f1b3affd700 1 -- 172.21.15.87:0/736195262 <== mon.0 v2:172.21.15.87:3300/0 7 ==== mgrmap(e 11) ==== 46194+0+0 (secure 0 0 0) 0x7f1b4004f470 con 0x7f1b44108a90
2024-06-06T07:36:47.684 INFO:teuthology.orchestra.run.smithi087.stdout:/usr/bin/ceph: stderr
2024-06-06T07:36:47.053+0000 7f1b3affd700 1 --2- 172.21.15.87:0/736195262 >> [v2:172.21.15.87:6800/2460003046,v1:172.21.15.87:6801/2460003046] conn(0x7f1b3003cb60 0x7f1b3003ef50 unknown :-1 s=NONE pgs=0 cs=0 l=1 rev1=0 crypto rx=0 tx=0 comp rx=0 tx=0).connect
2024-06-06T07:36:47.684 INFO:teuthology.orchestra.run.smithi087.stdout:/usr/bin/ceph: stderr
2024-06-06T07:36:47.053+0000 7f1b3affd700 1 -- 172.21.15.87:0/736195262 --> [v2:172.21.15.87:6800/2460003046,v1:172.21.15.87:6801/2460003046] -- command(tid 0: {"prefix": "get_command_descriptions"}) -- 0x7f1b40012ea0 con 0x7f1b3003cb60
2024-06-06T07:36:47.684 INFO:teuthology.orchestra.run.smithi087.stdout:/usr/bin/ceph: stderr
2024-06-06T07:36:47.054+0000 7f1b49271700 1 --2- 172.21.15.87:0/736195262 >> [v2:172.21.15.87:6800/2460003046,v1:172.21.15.87:6801/2460003046] conn(0x7f1b3003cb60 0x7f1b3003ef50 unknown :-1 s=BANNER_CONNECTING pgs=0 cs=0 l=1 rev1=0 crypto rx=0 tx=0 comp rx=0 tx=0)._handle_peer_banner_payload supported=3 required=0
2024-06-06T07:36:47.684 INFO:teuthology.orchestra.run.smithi087.stdout:/usr/bin/ceph: stderr
2024-06-06T07:36:47.054+0000 7f1b49271700 1 --2- 172.21.15.87:0/736195262 >> [v2:172.21.15.87:6800/2460003046,v1:172.21.15.87:6801/2460003046] conn(0x7f1b3003cb60 0x7f1b3003ef50 secure :-1 s=READY pgs=3 cs=0 l=1 rev1=1 crypto rx=0x7f1b34003a10 tx=0x7f1b340092b0 comp rx=0 tx=0).ready entity=mgr.14150 client_cookie=0 server_cookie=0 in_seq=0 out_seq=0
2024-06-06T07:36:47.684 INFO:teuthology.orchestra.run.smithi087.stdout:/usr/bin/ceph: stderr
2024-06-06T07:36:47.055+0000 7f1b3affd700 1 -- 172.21.15.87:0/736195262 <== mgr.14150 v2:172.21.15.87:6800/2460003046 1 ==== command_reply(tid 0: 0 ) ==== 8+0+7774 (secure 0 0 0) 0x7f1b40012ea0 con 0x7f1b3003cb60
2024-06-06T07:36:47.685 INFO:teuthology.orchestra.run.smithi087.stdout:/usr/bin/ceph: stderr
2024-06-06T07:36:47.061+0000 7f1b4bcd6700 1 -- 172.21.15.87:0/736195262 --> [v2:172.21.15.87:6800/2460003046,v1:172.21.15.87:6801/2460003046] -- command(tid 1: {"prefix": "mgr_status"}) -- 0x7f1b44063af0 con 0x7f1b3003cb60
2024-06-06T07:36:47.685 INFO:teuthology.orchestra.run.smithi087.stdout:/usr/bin/ceph: stderr
2024-06-06T07:36:47.062+0000 7f1b3affd700 1 -- 172.21.15.87:0/736195262 <== mgr.14150 v2:172.21.15.87:6800/2460003046 2 ==== command_reply(tid 1: 0 ) ==== 8+0+52 (secure 0 0 0) 0x7f1b44063af0 con 0x7f1b3003cb60
2024-06-06T07:36:47.685 INFO:teuthology.orchestra.run.smithi087.stdout:/usr/bin/ceph: stderr
2024-06-06T07:36:47.062+0000 7f1b4bcd6700 1 -- 172.21.15.87:0/736195262 >> [v2:172.21.15.87:6800/2460003046,v1:172.21.15.87:6801/2460003046] conn(0x7f1b3003cb60 msgr2=0x7f1b3003ef50 secure :-1 s=STATE_CONNECTION_ESTABLISHED l=1).mark_down
2024-06-06T07:36:47.685 INFO:teuthology.orchestra.run.smithi087.stdout:/usr/bin/ceph: stderr
2024-06-06T07:36:47.062+0000 7f1b4bcd6700 1 --2- 172.21.15.87:0/736195262 >> [v2:172.21.15.87:6800/2460003046,v1:172.21.15.87:6801/2460003046] conn(0x7f1b3003cb60 0x7f1b3003ef50 secure :-1 s=READY pgs=3 cs=0 l=1 rev1=1 crypto rx=0x7f1b34003a10 tx=0x7f1b340092b0 comp rx=0 tx=0).stop
2024-06-06T07:36:47.685 INFO:teuthology.orchestra.run.smithi087.stdout:/usr/bin/ceph: stderr
2024-06-06T07:36:47.062+0000 7f1b4bcd6700 1 -- 172.21.15.87:0/736195262 >> [v2:172.21.15.87:3300/0,v1:172.21.15.87:6789/0] conn(0x7f1b44108a90 msgr2=0x7f1b4419bed0 secure :-1 s=STATE_CONNECTION_ESTABLISHED l=1).mark_down
2024-06-06T07:36:47.685 INFO:teuthology.orchestra.run.smithi087.stdout:/usr/bin/ceph: stderr
2024-06-06T07:36:47.062+0000 7f1b4bcd6700 1 --2- 172.21.15.87:0/736195262 >> [v2:172.21.15.87:3300/0,v1:172.21.15.87:6789/0] conn(0x7f1b44108a90 0x7f1b4419bed0 secure :-1 s=READY pgs=60 cs=0 l=1 rev1=1 crypto rx=0x7f1b40011b60 tx=0x7f1b40011c40 comp rx=0 tx=0).stop
2024-06-06T07:36:47.685 INFO:teuthology.orchestra.run.smithi087.stdout:/usr/bin/ceph: stderr
2024-06-06T07:36:47.062+0000 7f1b4bcd6700 1 -- 172.21.15.87:0/736195262 shutdown_connections
2024-06-06T07:36:47.685 INFO:teuthology.orchestra.run.smithi087.stdout:/usr/bin/ceph: stderr
2024-06-06T07:36:47.062+0000 7f1b4bcd6700 1 --2- 172.21.15.87:0/736195262 >> [v2:172.21.15.87:6800/2460003046,v1:172.21.15.87:6801/2460003046] conn(0x7f1b3003cb60 0x7f1b3003ef50 unknown :-1 s=CLOSED pgs=3 cs=0 l=1 rev1=1 crypto rx=0 tx=0 comp rx=0 tx=0).stop
2024-06-06T07:36:47.685 INFO:teuthology.orchestra.run.smithi087.stdout:/usr/bin/ceph: stderr
2024-06-06T07:36:47.062+0000 7f1b4bcd6700 1 --2- 172.21.15.87:0/736195262 >> [v2:172.21.15.87:3300/0,v1:172.21.15.87:6789/0] conn(0x7f1b44108a90 0x7f1b4419bed0 unknown :-1 s=CLOSED pgs=60 cs=0 l=1 rev1=1 crypto rx=0 tx=0 comp rx=0 tx=0).stop
2024-06-06T07:36:47.685 INFO:teuthology.orchestra.run.smithi087.stdout:/usr/bin/ceph: stderr
2024-06-06T07:36:47.062+0000 7f1b4bcd6700 1 --2- 172.21.15.87:0/736195262 >> [v2:172.21.15.87:6800/1605115594,v1:172.21.15.87:6801/1605115594] conn(0x7f1b300390a0 0x7f1b3003b560 unknown :-1 s=CLOSED pgs=0 cs=0 l=1 rev1=0 crypto rx=0 tx=0 comp rx=0 tx=0).stop
2024-06-06T07:36:47.686 INFO:teuthology.orchestra.run.smithi087.stdout:/usr/bin/ceph: stderr
2024-06-06T07:36:47.062+0000 7f1b4bcd6700 1 -- 172.21.15.87:0/736195262 >> 172.21.15.87:0/736195262 conn(0x7f1b441024c0 msgr2=0x7f1b44102fd0 unknown :-1 s=STATE_NONE l=0).mark_down
2024-06-06T07:36:47.686 INFO:teuthology.orchestra.run.smithi087.stdout:/usr/bin/ceph: stderr
2024-06-06T07:36:47.062+0000 7f1b4bcd6700 1 -- 172.21.15.87:0/736195262 shutdown_connections
2024-06-06T07:36:47.686 INFO:teuthology.orchestra.run.smithi087.stdout:/usr/bin/ceph: stderr
2024-06-06T07:36:47.062+0000 7f1b4bcd6700 1 -- 172.21.15.87:0/736195262 wait complete.
2024-06-06T07:36:47.686 INFO:teuthology.orchestra.run.smithi087.stdout:mgr epoch 9 is available
2024-06-06T07:36:47.686 INFO:teuthology.orchestra.run.smithi087.stdout:Generating a dashboard self-signed certificate...
2024-06-06T07:36:48.360 INFO:journalctl@ceph.mon.a.smithi087.stdout:Jun 06 07:36:48 smithi087 ceph-mon[32276]: [06/Jun/2024:07:36:46] ENGINE Bus STARTING
2024-06-06T07:36:48.360 INFO:journalctl@ceph.mon.a.smithi087.stdout:Jun 06 07:36:48 smithi087 ceph-mon[32276]: [06/Jun/2024:07:36:46] ENGINE Serving on https://172.21.15.87:7150
2024-06-06T07:36:48.360 INFO:journalctl@ceph.mon.a.smithi087.stdout:Jun 06 07:36:48 smithi087 ceph-mon[32276]: [06/Jun/2024:07:36:46] ENGINE Serving on http://172.21.15.87:8765
2024-06-06T07:36:48.360 INFO:journalctl@ceph.mon.a.smithi087.stdout:Jun 06 07:36:48 smithi087 ceph-mon[32276]: [06/Jun/2024:07:36:46] ENGINE Bus STARTED
2024-06-06T07:36:48.360 INFO:journalctl@ceph.mon.a.smithi087.stdout:Jun 06 07:36:48 smithi087 ceph-mon[32276]: from='client.14154 -' entity='client.admin' cmd=[{"prefix": "get_command_descriptions"}]: dispatch
2024-06-06T07:36:48.360 INFO:journalctl@ceph.mon.a.smithi087.stdout:Jun 06 07:36:48 smithi087 ceph-mon[32276]: from='client.14154 -' entity='client.admin' cmd=[{"prefix": "mgr_status"}]: dispatch
2024-06-06T07:36:49.251 INFO:teuthology.orchestra.run.smithi087.stdout:/usr/bin/ceph: stdout Self-signed certificate created
2024-06-06T07:36:49.251 INFO:teuthology.orchestra.run.smithi087.stdout:/usr/bin/ceph: stderr
2024-06-06T07:36:48.372+0000 7f48f6627700 1 Processor -- start
2024-06-06T07:36:49.252 INFO:teuthology.orchestra.run.smithi087.stdout:/usr/bin/ceph: stderr
2024-06-06T07:36:48.372+0000 7f48f6627700 1 -- start start
2024-06-06T07:36:49.252 INFO:teuthology.orchestra.run.smithi087.stdout:/usr/bin/ceph: stderr
2024-06-06T07:36:48.373+0000 7f48f6627700 1 --2- >> [v2:172.21.15.87:3300/0,v1:172.21.15.87:6789/0] conn(0x7f48f0108070 0x7f48f0108490 unknown :-1 s=NONE pgs=0 cs=0 l=0 rev1=0 crypto rx=0 tx=0 comp rx=0 tx=0).connect
2024-06-06T07:36:49.252 INFO:teuthology.orchestra.run.smithi087.stdout:/usr/bin/ceph: stderr
2024-06-06T07:36:48.373+0000 7f48f6627700 1 -- --> [v2:172.21.15.87:3300/0,v1:172.21.15.87:6789/0] -- mon_getmap magic: 0 -- 0x7f48f0108a60 con 0x7f48f0108070
2024-06-06T07:36:49.252 INFO:teuthology.orchestra.run.smithi087.stdout:/usr/bin/ceph: stderr
2024-06-06T07:36:48.373+0000 7f48effff700 1 --2- >> [v2:172.21.15.87:3300/0,v1:172.21.15.87:6789/0] conn(0x7f48f0108070 0x7f48f0108490 unknown :-1 s=BANNER_CONNECTING pgs=0 cs=0 l=0 rev1=0 crypto rx=0 tx=0 comp rx=0 tx=0)._handle_peer_banner_payload supported=3 required=0
2024-06-06T07:36:49.252 INFO:teuthology.orchestra.run.smithi087.stdout:/usr/bin/ceph: stderr
2024-06-06T07:36:48.373+0000 7f48effff700 1 --2- >> [v2:172.21.15.87:3300/0,v1:172.21.15.87:6789/0] conn(0x7f48f0108070 0x7f48f0108490 unknown :-1 s=HELLO_CONNECTING pgs=0 cs=0 l=0 rev1=1 crypto rx=0 tx=0 comp rx=0 tx=0).handle_hello peer v2:172.21.15.87:3300/0 says I am v2:172.21.15.87:36818/0 (socket says 172.21.15.87:36818)
2024-06-06T07:36:49.252 INFO:teuthology.orchestra.run.smithi087.stdout:/usr/bin/ceph: stderr
2024-06-06T07:36:48.373+0000 7f48effff700 1 -- 172.21.15.87:0/1121683012 learned_addr learned my addr 172.21.15.87:0/1121683012 (peer_addr_for_me v2:172.21.15.87:0/0)
2024-06-06T07:36:49.252 INFO:teuthology.orchestra.run.smithi087.stdout:/usr/bin/ceph: stderr
2024-06-06T07:36:48.373+0000 7f48effff700 1 -- 172.21.15.87:0/1121683012 --> [v2:172.21.15.87:3300/0,v1:172.21.15.87:6789/0] -- mon_subscribe({config=0+,monmap=0+}) -- 0x7f48f0109220 con 0x7f48f0108070
2024-06-06T07:36:49.252 INFO:teuthology.orchestra.run.smithi087.stdout:/usr/bin/ceph: stderr
2024-06-06T07:36:48.373+0000 7f48effff700 1 --2- 172.21.15.87:0/1121683012 >> [v2:172.21.15.87:3300/0,v1:172.21.15.87:6789/0] conn(0x7f48f0108070 0x7f48f0108490 secure :-1 s=READY pgs=68 cs=0 l=1 rev1=1 crypto rx=0x7f48e00098a0 tx=0x7f48e0009bb0 comp rx=0 tx=0).ready entity=mon.0 client_cookie=bba73144cc8d5a9f server_cookie=0 in_seq=0 out_seq=0
2024-06-06T07:36:49.253 INFO:teuthology.orchestra.run.smithi087.stdout:/usr/bin/ceph: stderr
2024-06-06T07:36:48.373+0000 7f48eeffd700 1 -- 172.21.15.87:0/1121683012 <== mon.0 v2:172.21.15.87:3300/0 1 ==== mon_map magic: 0 ==== 205+0+0 (secure 0 0 0) 0x7f48e0004160 con 0x7f48f0108070
2024-06-06T07:36:49.253 INFO:teuthology.orchestra.run.smithi087.stdout:/usr/bin/ceph: stderr
2024-06-06T07:36:48.373+0000 7f48eeffd700 1 -- 172.21.15.87:0/1121683012 <== mon.0 v2:172.21.15.87:3300/0 2 ==== config(27 keys) ==== 1140+0+0 (secure 0 0 0) 0x7f48e0004300 con 0x7f48f0108070
2024-06-06T07:36:49.253 INFO:teuthology.orchestra.run.smithi087.stdout:/usr/bin/ceph: stderr
2024-06-06T07:36:48.373+0000 7f48eeffd700 1 -- 172.21.15.87:0/1121683012 <== mon.0 v2:172.21.15.87:3300/0 3 ==== mon_map magic: 0 ==== 205+0+0 (secure 0 0 0) 0x7f48e0011b20 con 0x7f48f0108070
2024-06-06T07:36:49.253 INFO:teuthology.orchestra.run.smithi087.stdout:/usr/bin/ceph: stderr
2024-06-06T07:36:48.374+0000 7f48f6627700 1 -- 172.21.15.87:0/1121683012 >> [v2:172.21.15.87:3300/0,v1:172.21.15.87:6789/0] conn(0x7f48f0108070 msgr2=0x7f48f0108490 secure :-1 s=STATE_CONNECTION_ESTABLISHED l=1).mark_down
2024-06-06T07:36:49.253 INFO:teuthology.orchestra.run.smithi087.stdout:/usr/bin/ceph: stderr
2024-06-06T07:36:48.374+0000 7f48f6627700 1 --2- 172.21.15.87:0/1121683012 >> [v2:172.21.15.87:3300/0,v1:172.21.15.87:6789/0] conn(0x7f48f0108070 0x7f48f0108490 secure :-1 s=READY pgs=68 cs=0 l=1 rev1=1 crypto rx=0x7f48e00098a0 tx=0x7f48e0009bb0 comp rx=0 tx=0).stop
2024-06-06T07:36:49.253 INFO:teuthology.orchestra.run.smithi087.stdout:/usr/bin/ceph: stderr
2024-06-06T07:36:48.374+0000 7f48f6627700 1 -- 172.21.15.87:0/1121683012 shutdown_connections
2024-06-06T07:36:49.254 INFO:teuthology.orchestra.run.smithi087.stdout:/usr/bin/ceph: stderr
2024-06-06T07:36:48.374+0000 7f48f6627700 1 --2- 172.21.15.87:0/1121683012 >> [v2:172.21.15.87:3300/0,v1:172.21.15.87:6789/0] conn(0x7f48f0108070 0x7f48f0108490 unknown :-1 s=CLOSED pgs=68 cs=0 l=1 rev1=1 crypto rx=0 tx=0 comp rx=0 tx=0).stop
2024-06-06T07:36:49.254 INFO:teuthology.orchestra.run.smithi087.stdout:/usr/bin/ceph: stderr
2024-06-06T07:36:48.374+0000 7f48f6627700 1 -- 172.21.15.87:0/1121683012 >> 172.21.15.87:0/1121683012 conn(0x7f48f0103610 msgr2=0x7f48f0105a50 unknown :-1 s=STATE_NONE l=0).mark_down
2024-06-06T07:36:49.254 INFO:teuthology.orchestra.run.smithi087.stdout:/usr/bin/ceph: stderr
2024-06-06T07:36:48.374+0000 7f48f6627700 1 -- 172.21.15.87:0/1121683012 shutdown_connections
2024-06-06T07:36:49.254 INFO:teuthology.orchestra.run.smithi087.stdout:/usr/bin/ceph: stderr
2024-06-06T07:36:48.374+0000 7f48f6627700 1 -- 172.21.15.87:0/1121683012 wait complete.
2024-06-06T07:36:49.254 INFO:teuthology.orchestra.run.smithi087.stdout:/usr/bin/ceph: stderr
2024-06-06T07:36:48.374+0000 7f48f6627700 1 Processor -- start
2024-06-06T07:36:49.254 INFO:teuthology.orchestra.run.smithi087.stdout:/usr/bin/ceph: stderr
2024-06-06T07:36:48.375+0000 7f48f6627700 1 -- start start
2024-06-06T07:36:49.254 INFO:teuthology.orchestra.run.smithi087.stdout:/usr/bin/ceph: stderr
2024-06-06T07:36:48.375+0000 7f48f6627700 1 --2- >> [v2:172.21.15.87:3300/0,v1:172.21.15.87:6789/0] conn(0x7f48f0108070 0x7f48f007e3f0 unknown :-1 s=NONE pgs=0 cs=0 l=1 rev1=0 crypto rx=0 tx=0 comp rx=0 tx=0).connect
2024-06-06T07:36:49.254 INFO:teuthology.orchestra.run.smithi087.stdout:/usr/bin/ceph: stderr
2024-06-06T07:36:48.375+0000 7f48f6627700 1 -- --> [v2:172.21.15.87:3300/0,v1:172.21.15.87:6789/0] -- mon_getmap magic: 0 -- 0x7f48f010c5d0 con 0x7f48f0108070
2024-06-06T07:36:49.255 INFO:teuthology.orchestra.run.smithi087.stdout:/usr/bin/ceph: stderr
2024-06-06T07:36:48.375+0000 7f48effff700 1 --2- >> [v2:172.21.15.87:3300/0,v1:172.21.15.87:6789/0] conn(0x7f48f0108070 0x7f48f007e3f0 unknown :-1 s=BANNER_CONNECTING pgs=0 cs=0 l=1 rev1=0 crypto rx=0 tx=0 comp rx=0 tx=0)._handle_peer_banner_payload supported=3 required=0
2024-06-06T07:36:49.255 INFO:teuthology.orchestra.run.smithi087.stdout:/usr/bin/ceph: stderr
2024-06-06T07:36:48.375+0000 7f48effff700 1 --2- >> [v2:172.21.15.87:3300/0,v1:172.21.15.87:6789/0] conn(0x7f48f0108070 0x7f48f007e3f0 unknown :-1 s=HELLO_CONNECTING pgs=0 cs=0 l=1 rev1=1 crypto rx=0 tx=0 comp rx=0 tx=0).handle_hello peer v2:172.21.15.87:3300/0 says I am v2:172.21.15.87:36826/0 (socket says 172.21.15.87:36826)
2024-06-06T07:36:49.255 INFO:teuthology.orchestra.run.smithi087.stdout:/usr/bin/ceph: stderr
2024-06-06T07:36:48.375+0000 7f48effff700 1 -- 172.21.15.87:0/1943319622 learned_addr learned my addr 172.21.15.87:0/1943319622 (peer_addr_for_me v2:172.21.15.87:0/0)
2024-06-06T07:36:49.255 INFO:teuthology.orchestra.run.smithi087.stdout:/usr/bin/ceph: stderr
2024-06-06T07:36:48.375+0000 7f48effff700 1 -- 172.21.15.87:0/1943319622 --> [v2:172.21.15.87:3300/0,v1:172.21.15.87:6789/0] -- mon_subscribe({config=0+,monmap=0+}) -- 0x7f48f007e930 con 0x7f48f0108070
2024-06-06T07:36:49.255 INFO:teuthology.orchestra.run.smithi087.stdout:/usr/bin/ceph: stderr
2024-06-06T07:36:48.375+0000 7f48effff700 1 --2- 172.21.15.87:0/1943319622 >> [v2:172.21.15.87:3300/0,v1:172.21.15.87:6789/0] conn(0x7f48f0108070 0x7f48f007e3f0 secure :-1 s=READY pgs=69 cs=0 l=1 rev1=1 crypto rx=0x7f48e00116a0 tx=0x7f48e0011ba0 comp rx=0 tx=0).ready entity=mon.0 client_cookie=0 server_cookie=0 in_seq=0 out_seq=0
2024-06-06T07:36:49.255 INFO:teuthology.orchestra.run.smithi087.stdout:/usr/bin/ceph: stderr
2024-06-06T07:36:48.376+0000 7f48ed7fa700 1 -- 172.21.15.87:0/1943319622 <== mon.0 v2:172.21.15.87:3300/0 1 ==== mon_map magic: 0 ==== 205+0+0 (secure 0 0 0) 0x7f48e0003a40 con 0x7f48f0108070
2024-06-06T07:36:49.256 INFO:teuthology.orchestra.run.smithi087.stdout:/usr/bin/ceph: stderr
2024-06-06T07:36:48.376+0000 7f48f6627700 1 -- 172.21.15.87:0/1943319622 --> [v2:172.21.15.87:3300/0,v1:172.21.15.87:6789/0] -- mon_subscribe({mgrmap=0+}) -- 0x7f48f007cb20 con 0x7f48f0108070
2024-06-06T07:36:49.256 INFO:teuthology.orchestra.run.smithi087.stdout:/usr/bin/ceph: stderr
2024-06-06T07:36:48.376+0000 7f48ed7fa700 1 -- 172.21.15.87:0/1943319622 <== mon.0 v2:172.21.15.87:3300/0 2 ==== config(27 keys) ==== 1140+0+0 (secure 0 0 0) 0x7f48e0003be0 con 0x7f48f0108070
2024-06-06T07:36:49.256 INFO:teuthology.orchestra.run.smithi087.stdout:/usr/bin/ceph: stderr
2024-06-06T07:36:48.376+0000 7f48ed7fa700 1 -- 172.21.15.87:0/1943319622 <== mon.0 v2:172.21.15.87:3300/0 3 ==== mon_map magic: 0 ==== 205+0+0 (secure 0 0 0) 0x7f48e001a720 con 0x7f48f0108070
2024-06-06T07:36:49.256 INFO:teuthology.orchestra.run.smithi087.stdout:/usr/bin/ceph: stderr
2024-06-06T07:36:48.376+0000 7f48f6627700 1 -- 172.21.15.87:0/1943319622 --> [v2:172.21.15.87:3300/0,v1:172.21.15.87:6789/0] -- mon_subscribe({osdmap=0}) -- 0x7f48f007cfe0 con 0x7f48f0108070
2024-06-06T07:36:49.256 INFO:teuthology.orchestra.run.smithi087.stdout:/usr/bin/ceph: stderr
2024-06-06T07:36:48.377+0000 7f48ed7fa700 1 -- 172.21.15.87:0/1943319622 <== mon.0 v2:172.21.15.87:3300/0 4 ==== mgrmap(e 12) ==== 46300+0+0 (secure 0 0 0) 0x7f48e001aa20 con 0x7f48f0108070
