2024-06-06T07:43:35.560+0000 7f03f501d700 1 --2- 172.21.15.27:0/552344498 >> [v2:172.21.15.27:6800/1008951471,v1:172.21.15.27:6801/1008951471] conn(0x7f03dc038f90 0x7f03dc03b450 secure :-1 s=READY pgs=7 cs=0 l=1 rev1=1 crypto rx=0x7f03ec006fd0 tx=0x7f03ec006e40 comp rx=0 tx=0).ready entity=mgr.14150 client_cookie=0 server_cookie=0 in_seq=0 out_seq=0
2024-06-06T07:43:36.532 INFO:teuthology.orchestra.run.smithi027.stdout:/usr/bin/ceph: stderr
2024-06-06T07:43:35.565+0000 7f03e2ffd700 1 -- 172.21.15.27:0/552344498 <== mon.0 v2:172.21.15.27:3300/0 6 ==== mon_command_ack([{"prefix": "get_command_descriptions"}]=0 v0) ==== 72+0+186418 (secure 0 0 0) 0x7f03e400e260 con 0x7f03f0106880
2024-06-06T07:43:36.532 INFO:teuthology.orchestra.run.smithi027.stdout:/usr/bin/ceph: stderr
2024-06-06T07:43:35.572+0000 7f03e2ffd700 1 -- 172.21.15.27:0/552344498 <== mon.0 v2:172.21.15.27:3300/0 7 ==== mgrmap(e 12) ==== 46300+0+0 (secure 0 0 0) 0x7f03e402c8c0 con 0x7f03f0106880
2024-06-06T07:43:36.532 INFO:teuthology.orchestra.run.smithi027.stdout:/usr/bin/ceph: stderr
2024-06-06T07:43:35.779+0000 7f03f7a82700 1 -- 172.21.15.27:0/552344498 --> [v2:172.21.15.27:6800/1008951471,v1:172.21.15.27:6801/1008951471] -- mgr_command(tid 0: {"prefix": "dashboard create-self-signed-cert", "target": ["mon-mgr", ""]}) -- 0x7f03f0195a60 con 0x7f03dc038f90
2024-06-06T07:43:36.532 INFO:teuthology.orchestra.run.smithi027.stdout:/usr/bin/ceph: stderr
2024-06-06T07:43:35.902+0000 7f03e2ffd700 1 -- 172.21.15.27:0/552344498 <== mgr.14150 v2:172.21.15.27:6800/1008951471 1 ==== mgr_command_reply(tid 0: 0 ) ==== 8+0+32 (secure 0 0 0) 0x7f03f0195a60 con 0x7f03dc038f90
2024-06-06T07:43:36.532 INFO:teuthology.orchestra.run.smithi027.stdout:/usr/bin/ceph: stderr
2024-06-06T07:43:35.904+0000 7f03f7a82700 1 -- 172.21.15.27:0/552344498 >> [v2:172.21.15.27:6800/1008951471,v1:172.21.15.27:6801/1008951471] conn(0x7f03dc038f90 msgr2=0x7f03dc03b450 secure :-1 s=STATE_CONNECTION_ESTABLISHED l=1).mark_down
2024-06-06T07:43:36.532 INFO:teuthology.orchestra.run.smithi027.stdout:/usr/bin/ceph: stderr
2024-06-06T07:43:35.904+0000 7f03f7a82700 1 --2- 172.21.15.27:0/552344498 >> [v2:172.21.15.27:6800/1008951471,v1:172.21.15.27:6801/1008951471] conn(0x7f03dc038f90 0x7f03dc03b450 secure :-1 s=READY pgs=7 cs=0 l=1 rev1=1 crypto rx=0x7f03ec006fd0 tx=0x7f03ec006e40 comp rx=0 tx=0).stop
2024-06-06T07:43:36.532 INFO:teuthology.orchestra.run.smithi027.stdout:/usr/bin/ceph: stderr
2024-06-06T07:43:35.904+0000 7f03f7a82700 1 -- 172.21.15.27:0/552344498 >> [v2:172.21.15.27:3300/0,v1:172.21.15.27:6789/0] conn(0x7f03f0106880 msgr2=0x7f03f0104040 secure :-1 s=STATE_CONNECTION_ESTABLISHED l=1).mark_down
2024-06-06T07:43:36.532 INFO:teuthology.orchestra.run.smithi027.stdout:/usr/bin/ceph: stderr
2024-06-06T07:43:35.904+0000 7f03f7a82700 1 --2- 172.21.15.27:0/552344498 >> [v2:172.21.15.27:3300/0,v1:172.21.15.27:6789/0] conn(0x7f03f0106880 0x7f03f0104040 secure :-1 s=READY pgs=69 cs=0 l=1 rev1=1 crypto rx=0x7f03e4011690 tx=0x7f03e4011ca0 comp rx=0 tx=0).stop
2024-06-06T07:43:36.532 INFO:teuthology.orchestra.run.smithi027.stdout:/usr/bin/ceph: stderr
2024-06-06T07:43:35.904+0000 7f03f7a82700 1 -- 172.21.15.27:0/552344498 shutdown_connections
2024-06-06T07:43:36.532 INFO:teuthology.orchestra.run.smithi027.stdout:/usr/bin/ceph: stderr
2024-06-06T07:43:35.904+0000 7f03f7a82700 1 --2- 172.21.15.27:0/552344498 >> [v2:172.21.15.27:6800/1008951471,v1:172.21.15.27:6801/1008951471] conn(0x7f03dc038f90 0x7f03dc03b450 unknown :-1 s=CLOSED pgs=7 cs=0 l=1 rev1=1 crypto rx=0 tx=0 comp rx=0 tx=0).stop
2024-06-06T07:43:36.532 INFO:teuthology.orchestra.run.smithi027.stdout:/usr/bin/ceph: stderr
2024-06-06T07:43:35.904+0000 7f03f7a82700 1 --2- 172.21.15.27:0/552344498 >> [v2:172.21.15.27:3300/0,v1:172.21.15.27:6789/0] conn(0x7f03f0106880 0x7f03f0104040 unknown :-1 s=CLOSED pgs=69 cs=0 l=1 rev1=1 crypto rx=0 tx=0 comp rx=0 tx=0).stop
2024-06-06T07:43:36.533 INFO:teuthology.orchestra.run.smithi027.stdout:/usr/bin/ceph: stderr
2024-06-06T07:43:35.904+0000 7f03f7a82700 1 -- 172.21.15.27:0/552344498 >> 172.21.15.27:0/552344498 conn(0x7f03f0101ee0 msgr2=0x7f03f0192d10 unknown :-1 s=STATE_NONE l=0).mark_down
2024-06-06T07:43:36.533 INFO:teuthology.orchestra.run.smithi027.stdout:/usr/bin/ceph: stderr
2024-06-06T07:43:35.904+0000 7f03f7a82700 1 -- 172.21.15.27:0/552344498 shutdown_connections
2024-06-06T07:43:36.533 INFO:teuthology.orchestra.run.smithi027.stdout:/usr/bin/ceph: stderr
2024-06-06T07:43:35.904+0000 7f03f7a82700 1 -- 172.21.15.27:0/552344498 wait complete.
2024-06-06T07:43:36.533 INFO:teuthology.orchestra.run.smithi027.stdout:Creating initial admin user...
2024-06-06T07:43:36.781 INFO:journalctl@ceph.mon.a.smithi027.stdout:Jun 06 07:43:36 smithi027 ceph-mon[32293]: mgrmap e12: x(active, since 2s)
2024-06-06T07:43:36.781 INFO:journalctl@ceph.mon.a.smithi027.stdout:Jun 06 07:43:36 smithi027 ceph-mon[32293]: from='client.14162 -' entity='client.admin' cmd=[{"prefix": "dashboard create-self-signed-cert", "target": ["mon-mgr", ""]}]: dispatch
2024-06-06T07:43:36.781 INFO:journalctl@ceph.mon.a.smithi027.stdout:Jun 06 07:43:36 smithi027 ceph-mon[32293]: from='mgr.14150 172.21.15.27:0/3397698900' entity='mgr.x'
2024-06-06T07:43:36.781 INFO:journalctl@ceph.mon.a.smithi027.stdout:Jun 06 07:43:36 smithi027 ceph-mon[32293]: from='mgr.14150 172.21.15.27:0/3397698900' entity='mgr.x'
2024-06-06T07:43:36.781 INFO:journalctl@ceph.mon.a.smithi027.stdout:Jun 06 07:43:36 smithi027 ceph-mon[32293]: from='mgr.14150 172.21.15.27:0/3397698900' entity='mgr.x'
2024-06-06T07:43:38.078 INFO:teuthology.orchestra.run.smithi027.stdout:/usr/bin/ceph: stdout {"username": "admin", "password": "$2b$12$gzjqhici5nKrGiCWnlvjO.P1EALju.hCCTeSfxIdB7j9oMSleJEqK", "roles": ["administrator"], "name": null, "email": null, "lastUpdate": 1717659817, "enabled": true, "pwdExpirationDate": null, "pwdUpdateRequired": true}
2024-06-06T07:43:38.078 INFO:teuthology.orchestra.run.smithi027.stdout:/usr/bin/ceph: stderr
2024-06-06T07:43:36.991+0000 7f65a8877700 1 Processor -- start
2024-06-06T07:43:38.079 INFO:teuthology.orchestra.run.smithi027.stdout:/usr/bin/ceph: stderr
2024-06-06T07:43:36.991+0000 7f65a8877700 1 -- start start
2024-06-06T07:43:38.079 INFO:teuthology.orchestra.run.smithi027.stdout:/usr/bin/ceph: stderr
2024-06-06T07:43:36.991+0000 7f65a8877700 1 --2- >> [v2:172.21.15.27:3300/0,v1:172.21.15.27:6789/0] conn(0x7f65a4106a70 0x7f65a4106e90 unknown :-1 s=NONE pgs=0 cs=0 l=0 rev1=0 crypto rx=0 tx=0 comp rx=0 tx=0).connect
2024-06-06T07:43:38.079 INFO:teuthology.orchestra.run.smithi027.stdout:/usr/bin/ceph: stderr
2024-06-06T07:43:36.991+0000 7f65a8877700 1 -- --> [v2:172.21.15.27:3300/0,v1:172.21.15.27:6789/0] -- mon_getmap magic: 0 -- 0x7f65a407bec0 con 0x7f65a4106a70
2024-06-06T07:43:38.079 INFO:teuthology.orchestra.run.smithi027.stdout:/usr/bin/ceph: stderr
2024-06-06T07:43:36.991+0000 7f65a259c700 1 --2- >> [v2:172.21.15.27:3300/0,v1:172.21.15.27:6789/0] conn(0x7f65a4106a70 0x7f65a4106e90 unknown :-1 s=BANNER_CONNECTING pgs=0 cs=0 l=0 rev1=0 crypto rx=0 tx=0 comp rx=0 tx=0)._handle_peer_banner_payload supported=3 required=0
2024-06-06T07:43:38.079 INFO:teuthology.orchestra.run.smithi027.stdout:/usr/bin/ceph: stderr
2024-06-06T07:43:36.991+0000 7f65a259c700 1 --2- >> [v2:172.21.15.27:3300/0,v1:172.21.15.27:6789/0] conn(0x7f65a4106a70 0x7f65a4106e90 unknown :-1 s=HELLO_CONNECTING pgs=0 cs=0 l=0 rev1=1 crypto rx=0 tx=0 comp rx=0 tx=0).handle_hello peer v2:172.21.15.27:3300/0 says I am v2:172.21.15.27:58430/0 (socket says 172.21.15.27:58430)
2024-06-06T07:43:38.079 INFO:teuthology.orchestra.run.smithi027.stdout:/usr/bin/ceph: stderr
2024-06-06T07:43:36.992+0000 7f65a259c700 1 -- 172.21.15.27:0/3736403687 learned_addr learned my addr 172.21.15.27:0/3736403687 (peer_addr_for_me v2:172.21.15.27:0/0)
2024-06-06T07:43:38.079 INFO:teuthology.orchestra.run.smithi027.stdout:/usr/bin/ceph: stderr
2024-06-06T07:43:36.992+0000 7f65a259c700 1 -- 172.21.15.27:0/3736403687 --> [v2:172.21.15.27:3300/0,v1:172.21.15.27:6789/0] -- mon_subscribe({config=0+,monmap=0+}) -- 0x7f65a41073d0 con 0x7f65a4106a70
2024-06-06T07:43:38.079 INFO:teuthology.orchestra.run.smithi027.stdout:/usr/bin/ceph: stderr
2024-06-06T07:43:36.992+0000 7f65a259c700 1 --2- 172.21.15.27:0/3736403687 >> [v2:172.21.15.27:3300/0,v1:172.21.15.27:6789/0] conn(0x7f65a4106a70 0x7f65a4106e90 secure :-1 s=READY pgs=70 cs=0 l=1 rev1=1 crypto rx=0x7f65940098a0 tx=0x7f6594009bb0 comp rx=0 tx=0).ready entity=mon.0 client_cookie=a6329b9570413162 server_cookie=0 in_seq=0 out_seq=0
2024-06-06T07:43:38.079 INFO:teuthology.orchestra.run.smithi027.stdout:/usr/bin/ceph: stderr
2024-06-06T07:43:36.992+0000 7f65a159a700 1 -- 172.21.15.27:0/3736403687 <== mon.0 v2:172.21.15.27:3300/0 1 ==== mon_map magic: 0 ==== 205+0+0 (secure 0 0 0) 0x7f6594004160 con 0x7f65a4106a70
2024-06-06T07:43:38.079 INFO:teuthology.orchestra.run.smithi027.stdout:/usr/bin/ceph: stderr
2024-06-06T07:43:36.992+0000 7f65a159a700 1 -- 172.21.15.27:0/3736403687 <== mon.0 v2:172.21.15.27:3300/0 2 ==== config(28 keys) ==== 1174+0+0 (secure 0 0 0) 0x7f6594004300 con 0x7f65a4106a70
2024-06-06T07:43:38.079 INFO:teuthology.orchestra.run.smithi027.stdout:/usr/bin/ceph: stderr
2024-06-06T07:43:36.992+0000 7f65a159a700 1 -- 172.21.15.27:0/3736403687 <== mon.0 v2:172.21.15.27:3300/0 3 ==== mon_map magic: 0 ==== 205+0+0 (secure 0 0 0) 0x7f6594011bb0 con 0x7f65a4106a70
2024-06-06T07:43:38.080 INFO:teuthology.orchestra.run.smithi027.stdout:/usr/bin/ceph: stderr
2024-06-06T07:43:36.993+0000 7f65a8877700 1 -- 172.21.15.27:0/3736403687 >> [v2:172.21.15.27:3300/0,v1:172.21.15.27:6789/0] conn(0x7f65a4106a70 msgr2=0x7f65a4106e90 secure :-1 s=STATE_CONNECTION_ESTABLISHED l=1).mark_down
2024-06-06T07:43:38.080 INFO:teuthology.orchestra.run.smithi027.stdout:/usr/bin/ceph: stderr
2024-06-06T07:43:36.993+0000 7f65a8877700 1 --2- 172.21.15.27:0/3736403687 >> [v2:172.21.15.27:3300/0,v1:172.21.15.27:6789/0] conn(0x7f65a4106a70 0x7f65a4106e90 secure :-1 s=READY pgs=70 cs=0 l=1 rev1=1 crypto rx=0x7f65940098a0 tx=0x7f6594009bb0 comp rx=0 tx=0).stop
2024-06-06T07:43:38.080 INFO:teuthology.orchestra.run.smithi027.stdout:/usr/bin/ceph: stderr
2024-06-06T07:43:36.993+0000 7f65a8877700 1 -- 172.21.15.27:0/3736403687 shutdown_connections
2024-06-06T07:43:38.080 INFO:teuthology.orchestra.run.smithi027.stdout:/usr/bin/ceph: stderr
2024-06-06T07:43:36.993+0000 7f65a8877700 1 --2- 172.21.15.27:0/3736403687 >> [v2:172.21.15.27:3300/0,v1:172.21.15.27:6789/0] conn(0x7f65a4106a70 0x7f65a4106e90 unknown :-1 s=CLOSED pgs=70 cs=0 l=1 rev1=1 crypto rx=0 tx=0 comp rx=0 tx=0).stop
2024-06-06T07:43:38.080 INFO:teuthology.orchestra.run.smithi027.stdout:/usr/bin/ceph: stderr
2024-06-06T07:43:36.993+0000 7f65a8877700 1 -- 172.21.15.27:0/3736403687 >> 172.21.15.27:0/3736403687 conn(0x7f65a4102710 msgr2=0x7f65a4104b30 unknown :-1 s=STATE_NONE l=0).mark_down
2024-06-06T07:43:38.080 INFO:teuthology.orchestra.run.smithi027.stdout:/usr/bin/ceph: stderr
2024-06-06T07:43:36.993+0000 7f65a8877700 1 -- 172.21.15.27:0/3736403687 shutdown_connections
2024-06-06T07:43:38.080 INFO:teuthology.orchestra.run.smithi027.stdout:/usr/bin/ceph: stderr
2024-06-06T07:43:36.993+0000 7f65a8877700 1 -- 172.21.15.27:0/3736403687 wait complete.
2024-06-06T07:43:38.080 INFO:teuthology.orchestra.run.smithi027.stdout:/usr/bin/ceph: stderr
2024-06-06T07:43:36.994+0000 7f65a8877700 1 Processor -- start
2024-06-06T07:43:38.080 INFO:teuthology.orchestra.run.smithi027.stdout:/usr/bin/ceph: stderr
2024-06-06T07:43:36.994+0000 7f65a8877700 1 -- start start
2024-06-06T07:43:38.080 INFO:teuthology.orchestra.run.smithi027.stdout:/usr/bin/ceph: stderr
2024-06-06T07:43:36.994+0000 7f65a8877700 1 --2- >> [v2:172.21.15.27:3300/0,v1:172.21.15.27:6789/0] conn(0x7f65a4106a70 0x7f65a419e2c0 unknown :-1 s=NONE pgs=0 cs=0 l=1 rev1=0 crypto rx=0 tx=0 comp rx=0 tx=0).connect
2024-06-06T07:43:38.080 INFO:teuthology.orchestra.run.smithi027.stdout:/usr/bin/ceph: stderr
2024-06-06T07:43:36.994+0000 7f65a8877700 1 -- --> [v2:172.21.15.27:3300/0,v1:172.21.15.27:6789/0] -- mon_getmap magic: 0 -- 0x7f65a4108500 con 0x7f65a4106a70
2024-06-06T07:43:38.081 INFO:teuthology.orchestra.run.smithi027.stdout:/usr/bin/ceph: stderr
2024-06-06T07:43:36.994+0000 7f65a259c700 1 --2- >> [v2:172.21.15.27:3300/0,v1:172.21.15.27:6789/0] conn(0x7f65a4106a70 0x7f65a419e2c0 unknown :-1 s=BANNER_CONNECTING pgs=0 cs=0 l=1 rev1=0 crypto rx=0 tx=0 comp rx=0 tx=0)._handle_peer_banner_payload supported=3 required=0
2024-06-06T07:43:38.081 INFO:teuthology.orchestra.run.smithi027.stdout:/usr/bin/ceph: stderr
2024-06-06T07:43:36.994+0000 7f65a259c700 1 --2- >> [v2:172.21.15.27:3300/0,v1:172.21.15.27:6789/0] conn(0x7f65a4106a70 0x7f65a419e2c0 unknown :-1 s=HELLO_CONNECTING pgs=0 cs=0 l=1 rev1=1 crypto rx=0 tx=0 comp rx=0 tx=0).handle_hello peer v2:172.21.15.27:3300/0 says I am v2:172.21.15.27:58442/0 (socket says 172.21.15.27:58442)
2024-06-06T07:43:38.081 INFO:teuthology.orchestra.run.smithi027.stdout:/usr/bin/ceph: stderr
2024-06-06T07:43:36.994+0000 7f65a259c700 1 -- 172.21.15.27:0/3114415559 learned_addr learned my addr 172.21.15.27:0/3114415559 (peer_addr_for_me v2:172.21.15.27:0/0)
2024-06-06T07:43:38.081 INFO:teuthology.orchestra.run.smithi027.stdout:/usr/bin/ceph: stderr
2024-06-06T07:43:36.995+0000 7f65a259c700 1 -- 172.21.15.27:0/3114415559 --> [v2:172.21.15.27:3300/0,v1:172.21.15.27:6789/0] -- mon_subscribe({config=0+,monmap=0+}) -- 0x7f65a419e800 con 0x7f65a4106a70
2024-06-06T07:43:38.081 INFO:teuthology.orchestra.run.smithi027.stdout:/usr/bin/ceph: stderr
2024-06-06T07:43:36.995+0000 7f65a259c700 1 --2- 172.21.15.27:0/3114415559 >> [v2:172.21.15.27:3300/0,v1:172.21.15.27:6789/0] conn(0x7f65a4106a70 0x7f65a419e2c0 secure :-1 s=READY pgs=71 cs=0 l=1 rev1=1 crypto rx=0x7f6594000c00 tx=0x7f6594011ca0 comp rx=0 tx=0).ready entity=mon.0 client_cookie=0 server_cookie=0 in_seq=0 out_seq=0
2024-06-06T07:43:38.081 INFO:teuthology.orchestra.run.smithi027.stdout:/usr/bin/ceph: stderr
2024-06-06T07:43:36.995+0000 7f65937fe700 1 -- 172.21.15.27:0/3114415559 <== mon.0 v2:172.21.15.27:3300/0 1 ==== mon_map magic: 0 ==== 205+0+0 (secure 0 0 0) 0x7f6594011e60 con 0x7f65a4106a70
2024-06-06T07:43:38.081 INFO:teuthology.orchestra.run.smithi027.stdout:/usr/bin/ceph: stderr
2024-06-06T07:43:36.995+0000 7f65937fe700 1 -- 172.21.15.27:0/3114415559 <== mon.0 v2:172.21.15.27:3300/0 2 ==== config(28 keys) ==== 1174+0+0 (secure 0 0 0) 0x7f6594003b20 con 0x7f65a4106a70
2024-06-06T07:43:38.081 INFO:teuthology.orchestra.run.smithi027.stdout:/usr/bin/ceph: stderr
2024-06-06T07:43:36.995+0000 7f65a8877700 1 -- 172.21.15.27:0/3114415559 --> [v2:172.21.15.27:3300/0,v1:172.21.15.27:6789/0] -- mon_subscribe({mgrmap=0+}) -- 0x7f65a419ea90 con 0x7f65a4106a70
2024-06-06T07:43:38.081 INFO:teuthology.orchestra.run.smithi027.stdout:/usr/bin/ceph: stderr
2024-06-06T07:43:36.995+0000 7f65937fe700 1 -- 172.21.15.27:0/3114415559 <== mon.0 v2:172.21.15.27:3300/0 3 ==== mon_map magic: 0 ==== 205+0+0 (secure 0 0 0) 0x7f65940247a0 con 0x7f65a4106a70
2024-06-06T07:43:38.081 INFO:teuthology.orchestra.run.smithi027.stdout:/usr/bin/ceph: stderr
2024-06-06T07:43:36.995+0000 7f65a8877700 1 -- 172.21.15.27:0/3114415559 --> [v2:172.21.15.27:3300/0,v1:172.21.15.27:6789/0] -- mon_subscribe({osdmap=0}) -- 0x7f65a419eef0 con 0x7f65a4106a70
2024-06-06T07:43:38.082 INFO:teuthology.orchestra.run.smithi027.stdout:/usr/bin/ceph: stderr
2024-06-06T07:43:36.996+0000 7f65a8877700 1 -- 172.21.15.27:0/3114415559 --> [v2:172.21.15.27:3300/0,v1:172.21.15.27:6789/0] -- mon_command({"prefix": "get_command_descriptions"} v 0) -- 0x7f65a4063af0 con 0x7f65a4106a70
2024-06-06T07:43:38.082 INFO:teuthology.orchestra.run.smithi027.stdout:/usr/bin/ceph: stderr
2024-06-06T07:43:36.996+0000 7f65937fe700 1 -- 172.21.15.27:0/3114415559 <== mon.0 v2:172.21.15.27:3300/0 4 ==== mgrmap(e 12) ==== 46300+0+0 (secure 0 0 0) 0x7f6594022020 con 0x7f65a4106a70
2024-06-06T07:43:38.082 INFO:teuthology.orchestra.run.smithi027.stdout:/usr/bin/ceph: stderr
2024-06-06T07:43:36.996+0000 7f65937fe700 1 --2- 172.21.15.27:0/3114415559 >> [v2:172.21.15.27:6800/1008951471,v1:172.21.15.27:6801/1008951471] conn(0x7f658c0390a0 0x7f658c03b560 unknown :-1 s=NONE pgs=0 cs=0 l=1 rev1=0 crypto rx=0 tx=0 comp rx=0 tx=0).connect
2024-06-06T07:43:38.082 INFO:teuthology.orchestra.run.smithi027.stdout:/usr/bin/ceph: stderr
2024-06-06T07:43:36.996+0000 7f65937fe700 1 -- 172.21.15.27:0/3114415559 <== mon.0 v2:172.21.15.27:3300/0 5 ==== osd_map(3..3 src has 1..3) ==== 1155+0+0 (secure 0 0 0) 0x7f659404d130 con 0x7f65a4106a70
2024-06-06T07:43:38.082 INFO:teuthology.orchestra.run.smithi027.stdout:/usr/bin/ceph: stderr
2024-06-06T07:43:36.997+0000 7f65a1d9b700 1 --2- 172.21.15.27:0/3114415559 >> [v2:172.21.15.27:6800/1008951471,v1:172.21.15.27:6801/1008951471] conn(0x7f658c0390a0 0x7f658c03b560 unknown :-1 s=BANNER_CONNECTING pgs=0 cs=0 l=1 rev1=0 crypto rx=0 tx=0 comp rx=0 tx=0)._handle_peer_banner_payload supported=3 required=0
2024-06-06T07:43:38.082 INFO:teuthology.orchestra.run.smithi027.stdout:/usr/bin/ceph: stderr
2024-06-06T07:43:36.997+0000 7f65a1d9b700 1 --2- 172.21.15.27:0/3114415559 >> [v2:172.21.15.27:6800/1008951471,v1:172.21.15.27:6801/1008951471] conn(0x7f658c0390a0 0x7f658c03b560 secure :-1 s=READY pgs=8 cs=0 l=1 rev1=1 crypto rx=0x7f6598006fd0 tx=0x7f6598006e40 comp rx=0 tx=0).ready entity=mgr.14150 client_cookie=0 server_cookie=0 in_seq=0 out_seq=0
2024-06-06T07:43:38.082 INFO:teuthology.orchestra.run.smithi027.stdout:/usr/bin/ceph: stderr
2024-06-06T07:43:37.001+0000 7f65937fe700 1 -- 172.21.15.27:0/3114415559 <== mon.0 v2:172.21.15.27:3300/0 6 ==== mon_command_ack([{"prefix": "get_command_descriptions"}]=0 v0) ==== 72+0+186418 (secure 0 0 0) 0x7f65940172b0 con 0x7f65a4106a70
2024-06-06T07:43:38.083 INFO:teuthology.orchestra.run.smithi027.stdout:/usr/bin/ceph: stderr
2024-06-06T07:43:37.226+0000 7f65a8877700 1 -- 172.21.15.27:0/3114415559 --> [v2:172.21.15.27:6800/1008951471,v1:172.21.15.27:6801/1008951471] -- mgr_command(tid 0: {"prefix": "dashboard ac-user-create", "username": "admin", "rolename": "administrator", "force_password": true, "pwd_update_required": true, "target": ["mon-mgr", ""]}) -- 0x7f65a4197e40 con 0x7f658c0390a0
2024-06-06T07:43:38.083 INFO:teuthology.orchestra.run.smithi027.stdout:/usr/bin/ceph: stderr
2024-06-06T07:43:37.473+0000 7f65937fe700 1 -- 172.21.15.27:0/3114415559 <== mgr.14150 v2:172.21.15.27:6800/1008951471 1 ==== mgr_command_reply(tid 0: 0 ) ==== 8+0+252 (secure 0 0 0) 0x7f65a4197e40 con 0x7f658c0390a0
2024-06-06T07:43:38.083 INFO:teuthology.orchestra.run.smithi027.stdout:/usr/bin/ceph: stderr
2024-06-06T07:43:37.475+0000 7f65a8877700 1 -- 172.21.15.27:0/3114415559 >> [v2:172.21.15.27:6800/1008951471,v1:172.21.15.27:6801/1008951471] conn(0x7f658c0390a0 msgr2=0x7f658c03b560 secure :-1 s=STATE_CONNECTION_ESTABLISHED l=1).mark_down
2024-06-06T07:43:38.083 INFO:teuthology.orchestra.run.smithi027.stdout:/usr/bin/ceph: stderr
2024-06-06T07:43:37.475+0000 7f65a8877700 1 --2- 172.21.15.27:0/3114415559 >> [v2:172.21.15.27:6800/1008951471,v1:172.21.15.27:6801/1008951471] conn(0x7f658c0390a0 0x7f658c03b560 secure :-1 s=READY pgs=8 cs=0 l=1 rev1=1 crypto rx=0x7f6598006fd0 tx=0x7f6598006e40 comp rx=0 tx=0).stop
2024-06-06T07:43:38.083 INFO:teuthology.orchestra.run.smithi027.stdout:/usr/bin/ceph: stderr
2024-06-06T07:43:37.475+0000 7f65a8877700 1 -- 172.21.15.27:0/3114415559 >> [v2:172.21.15.27:3300/0,v1:172.21.15.27:6789/0] conn(0x7f65a4106a70 msgr2=0x7f65a419e2c0 secure :-1 s=STATE_CONNECTION_ESTABLISHED l=1).mark_down
2024-06-06T07:43:38.083 INFO:teuthology.orchestra.run.smithi027.stdout:/usr/bin/ceph: stderr
2024-06-06T07:43:37.475+0000 7f65a8877700 1 --2- 172.21.15.27:0/3114415559 >> [v2:172.21.15.27:3300/0,v1:172.21.15.27:6789/0] conn(0x7f65a4106a70 0x7f65a419e2c0 secure :-1 s=READY pgs=71 cs=0 l=1 rev1=1 crypto rx=0x7f6594000c00 tx=0x7f6594011ca0 comp rx=0 tx=0).stop
2024-06-06T07:43:38.083 INFO:teuthology.orchestra.run.smithi027.stdout:/usr/bin/ceph: stderr
2024-06-06T07:43:37.475+0000 7f65a8877700 1 -- 172.21.15.27:0/3114415559 shutdown_connections
2024-06-06T07:43:38.083 INFO:teuthology.orchestra.run.smithi027.stdout:/usr/bin/ceph: stderr
2024-06-06T07:43:37.475+0000 7f65a8877700 1 --2- 172.21.15.27:0/3114415559 >> [v2:172.21.15.27:6800/1008951471,v1:172.21.15.27:6801/1008951471] conn(0x7f658c0390a0 0x7f658c03b560 unknown :-1 s=CLOSED pgs=8 cs=0 l=1 rev1=1 crypto rx=0 tx=0 comp rx=0 tx=0).stop
2024-06-06T07:43:38.083 INFO:teuthology.orchestra.run.smithi027.stdout:/usr/bin/ceph: stderr
2024-06-06T07:43:37.475+0000 7f65a8877700 1 --2- 172.21.15.27:0/3114415559 >> [v2:172.21.15.27:3300/0,v1:172.21.15.27:6789/0] conn(0x7f65a4106a70 0x7f65a419e2c0 unknown :-1 s=CLOSED pgs=71 cs=0 l=1 rev1=1 crypto rx=0 tx=0 comp rx=0 tx=0).stop
2024-06-06T07:43:38.083 INFO:teuthology.orchestra.run.smithi027.stdout:/usr/bin/ceph: stderr
2024-06-06T07:43:37.475+0000 7f65a8877700 1 -- 172.21.15.27:0/3114415559 >> 172.21.15.27:0/3114415559 conn(0x7f65a4102710 msgr2=0x7f65a4194f80 unknown :-1 s=STATE_NONE l=0).mark_down
2024-06-06T07:43:38.084 INFO:teuthology.orchestra.run.smithi027.stdout:/usr/bin/ceph: stderr
2024-06-06T07:43:37.475+0000 7f65a8877700 1 -- 172.21.15.27:0/3114415559 shutdown_connections
2024-06-06T07:43:38.084 INFO:teuthology.orchestra.run.smithi027.stdout:/usr/bin/ceph: stderr
2024-06-06T07:43:37.476+0000 7f65a8877700 1 -- 172.21.15.27:0/3114415559 wait complete.
2024-06-06T07:43:38.084 INFO:teuthology.orchestra.run.smithi027.stdout:Fetching dashboard port number...
2024-06-06T07:43:38.372 INFO:journalctl@ceph.mon.a.smithi027.stdout:Jun 06 07:43:38 smithi027 ceph-mon[32293]: from='client.14164 -' entity='client.admin' cmd=[{"prefix": "dashboard ac-user-create", "username": "admin", "rolename": "administrator", "force_password": true, "pwd_update_required": true, "target": ["mon-mgr", ""]}]: dispatch
2024-06-06T07:43:38.372 INFO:journalctl@ceph.mon.a.smithi027.stdout:Jun 06 07:43:38 smithi027 ceph-mon[32293]: from='mgr.14150 172.21.15.27:0/3397698900' entity='mgr.x'
2024-06-06T07:43:38.372 INFO:journalctl@ceph.mon.a.smithi027.stdout:Jun 06 07:43:38 smithi027 ceph-mon[32293]: from='mgr.14150 172.21.15.27:0/3397698900' entity='mgr.x'
2024-06-06T07:43:39.395 INFO:journalctl@ceph.mon.a.smithi027.stdout:Jun 06 07:43:39 smithi027 ceph-mon[32293]: from='client.? 172.21.15.27:0/3654733255' entity='client.admin' cmd=[{"prefix": "config get", "who": "mgr", "key": "mgr/dashboard/ssl_server_port"}]: dispatch
2024-06-06T07:43:39.879 INFO:teuthology.orchestra.run.smithi027.stdout:/usr/bin/ceph: stdout 8443
2024-06-06T07:43:39.880 INFO:teuthology.orchestra.run.smithi027.stdout:/usr/bin/ceph: stderr
2024-06-06T07:43:38.477+0000 7fad3437b700 1 Processor -- start
2024-06-06T07:43:39.880 INFO:teuthology.orchestra.run.smithi027.stdout:/usr/bin/ceph: stderr
2024-06-06T07:43:38.477+0000 7fad3437b700 1 -- start start
2024-06-06T07:43:39.880 INFO:teuthology.orchestra.run.smithi027.stdout:/usr/bin/ceph: stderr
2024-06-06T07:43:38.478+0000 7fad3437b700 1 --2- >> [v2:172.21.15.27:3300/0,v1:172.21.15.27:6789/0] conn(0x7fad2c07dd50 0x7fad2c07c310 unknown :-1 s=NONE pgs=0 cs=0 l=0 rev1=0 crypto rx=0 tx=0 comp rx=0 tx=0).connect
2024-06-06T07:43:39.880 INFO:teuthology.orchestra.run.smithi027.stdout:/usr/bin/ceph: stderr
2024-06-06T07:43:38.478+0000 7fad3437b700 1 -- --> [v2:172.21.15.27:3300/0,v1:172.21.15.27:6789/0] -- mon_getmap magic: 0 -- 0x7fad2c07e170 con 0x7fad2c07dd50
2024-06-06T07:43:39.880 INFO:teuthology.orchestra.run.smithi027.stdout:/usr/bin/ceph: stderr
2024-06-06T07:43:38.478+0000 7fad32117700 1 --2- >> [v2:172.21.15.27:3300/0,v1:172.21.15.27:6789/0] conn(0x7fad2c07dd50 0x7fad2c07c310 unknown :-1 s=BANNER_CONNECTING pgs=0 cs=0 l=0 rev1=0 crypto rx=0 tx=0 comp rx=0 tx=0)._handle_peer_banner_payload supported=3 required=0
2024-06-06T07:43:39.880 INFO:teuthology.orchestra.run.smithi027.stdout:/usr/bin/ceph: stderr
2024-06-06T07:43:38.478+0000 7fad32117700 1 --2- >> [v2:172.21.15.27:3300/0,v1:172.21.15.27:6789/0] conn(0x7fad2c07dd50 0x7fad2c07c310 unknown :-1 s=HELLO_CONNECTING pgs=0 cs=0 l=0 rev1=1 crypto rx=0 tx=0 comp rx=0 tx=0).handle_hello peer v2:172.21.15.27:3300/0 says I am v2:172.21.15.27:58444/0 (socket says 172.21.15.27:58444)
2024-06-06T07:43:39.880 INFO:teuthology.orchestra.run.smithi027.stdout:/usr/bin/ceph: stderr
2024-06-06T07:43:38.478+0000 7fad32117700 1 -- 172.21.15.27:0/2144516736 learned_addr learned my addr 172.21.15.27:0/2144516736 (peer_addr_for_me v2:172.21.15.27:0/0)
2024-06-06T07:43:39.880 INFO:teuthology.orchestra.run.smithi027.stdout:/usr/bin/ceph: stderr
2024-06-06T07:43:38.478+0000 7fad32117700 1 -- 172.21.15.27:0/2144516736 --> [v2:172.21.15.27:3300/0,v1:172.21.15.27:6789/0] -- mon_subscribe({config=0+,monmap=0+}) -- 0x7fad2c07c850 con 0x7fad2c07dd50
2024-06-06T07:43:39.880 INFO:teuthology.orchestra.run.smithi027.stdout:/usr/bin/ceph: stderr
2024-06-06T07:43:38.478+0000 7fad32117700 1 --2- 172.21.15.27:0/2144516736 >> [v2:172.21.15.27:3300/0,v1:172.21.15.27:6789/0] conn(0x7fad2c07dd50 0x7fad2c07c310 secure :-1 s=READY pgs=72 cs=0 l=1 rev1=1 crypto rx=0x7fad280098a0 tx=0x7fad28009bb0 comp rx=0 tx=0).ready entity=mon.0 client_cookie=dbe29ef186daf858 server_cookie=0 in_seq=0 out_seq=0
2024-06-06T07:43:39.880 INFO:teuthology.orchestra.run.smithi027.stdout:/usr/bin/ceph: stderr
2024-06-06T07:43:38.479+0000 7fad31115700 1 -- 172.21.15.27:0/2144516736 <== mon.0 v2:172.21.15.27:3300/0 1 ==== mon_map magic: 0 ==== 205+0+0 (secure 0 0 0) 0x7fad28004160 con 0x7fad2c07dd50
2024-06-06T07:43:39.880 INFO:teuthology.orchestra.run.smithi027.stdout:/usr/bin/ceph: stderr
2024-06-06T07:43:38.479+0000 7fad31115700 1 -- 172.21.15.27:0/2144516736 <== mon.0 v2:172.21.15.27:3300/0 2 ==== config(28 keys) ==== 1174+0+0 (secure 0 0 0) 0x7fad28004300 con 0x7fad2c07dd50
2024-06-06T07:43:39.881 INFO:teuthology.orchestra.run.smithi027.stdout:/usr/bin/ceph: stderr
2024-06-06T07:43:38.479+0000 7fad31115700 1 -- 172.21.15.27:0/2144516736 <== mon.0 v2:172.21.15.27:3300/0 3 ==== mon_map magic: 0 ==== 205+0+0 (secure 0 0 0) 0x7fad28011bb0 con 0x7fad2c07dd50
2024-06-06T07:43:39.881 INFO:teuthology.orchestra.run.smithi027.stdout:/usr/bin/ceph: stderr
2024-06-06T07:43:38.479+0000 7fad3437b700 1 -- 172.21.15.27:0/2144516736 >> [v2:172.21.15.27:3300/0,v1:172.21.15.27:6789/0] conn(0x7fad2c07dd50 msgr2=0x7fad2c07c310 secure :-1 s=STATE_CONNECTION_ESTABLISHED l=1).mark_down
2024-06-06T07:43:39.881 INFO:teuthology.orchestra.run.smithi027.stdout:/usr/bin/ceph: stderr
2024-06-06T07:43:38.479+0000 7fad3437b700 1 --2- 172.21.15.27:0/2144516736 >> [v2:172.21.15.27:3300/0,v1:172.21.15.27:6789/0] conn(0x7fad2c07dd50 0x7fad2c07c310 secure :-1 s=READY pgs=72 cs=0 l=1 rev1=1 crypto rx=0x7fad280098a0 tx=0x7fad28009bb0 comp rx=0 tx=0).stop
2024-06-06T07:43:39.881 INFO:teuthology.orchestra.run.smithi027.stdout:/usr/bin/ceph: stderr
2024-06-06T07:43:38.479+0000 7fad3437b700 1 -- 172.21.15.27:0/2144516736 shutdown_connections
2024-06-06T07:43:39.881 INFO:teuthology.orchestra.run.smithi027.stdout:/usr/bin/ceph: stderr
2024-06-06T07:43:38.479+0000 7fad3437b700 1 --2- 172.21.15.27:0/2144516736 >> [v2:172.21.15.27:3300/0,v1:172.21.15.27:6789/0] conn(0x7fad2c07dd50 0x7fad2c07c310 unknown :-1 s=CLOSED pgs=72 cs=0 l=1 rev1=1 crypto rx=0 tx=0 comp rx=0 tx=0).stop
2024-06-06T07:43:39.881 INFO:teuthology.orchestra.run.smithi027.stdout:/usr/bin/ceph: stderr
2024-06-06T07:43:38.479+0000 7fad3437b700 1 -- 172.21.15.27:0/2144516736 >> 172.21.15.27:0/2144516736 conn(0x7fad2c1038d0 msgr2=0x7fad2c105cf0 unknown :-1 s=STATE_NONE l=0).mark_down
2024-06-06T07:43:39.881 INFO:teuthology.orchestra.run.smithi027.stdout:/usr/bin/ceph: stderr
2024-06-06T07:43:38.479+0000 7fad3437b700 1 -- 172.21.15.27:0/2144516736 shutdown_connections
2024-06-06T07:43:39.881 INFO:teuthology.orchestra.run.smithi027.stdout:/usr/bin/ceph: stderr
2024-06-06T07:43:38.479+0000 7fad3437b700 1 -- 172.21.15.27:0/2144516736 wait complete.
2024-06-06T07:43:39.881 INFO:teuthology.orchestra.run.smithi027.stdout:/usr/bin/ceph: stderr
2024-06-06T07:43:38.480+0000 7fad3437b700 1 Processor -- start
2024-06-06T07:43:39.881 INFO:teuthology.orchestra.run.smithi027.stdout:/usr/bin/ceph: stderr
2024-06-06T07:43:38.480+0000 7fad3437b700 1 -- start start
2024-06-06T07:43:39.881 INFO:teuthology.orchestra.run.smithi027.stdout:/usr/bin/ceph: stderr
2024-06-06T07:43:38.480+0000 7fad3437b700 1 --2- >> [v2:172.21.15.27:3300/0,v1:172.21.15.27:6789/0] conn(0x7fad2c07dd50 0x7fad2c19e2e0 unknown :-1 s=NONE pgs=0 cs=0 l=1 rev1=0 crypto rx=0 tx=0 comp rx=0 tx=0).connect
2024-06-06T07:43:39.881 INFO:teuthology.orchestra.run.smithi027.stdout:/usr/bin/ceph: stderr
2024-06-06T07:43:38.480+0000 7fad3437b700 1 -- --> [v2:172.21.15.27:3300/0,v1:172.21.15.27:6789/0] -- mon_getmap magic: 0 -- 0x7fad2c10e780 con 0x7fad2c07dd50
2024-06-06T07:43:39.881 INFO:teuthology.orchestra.run.smithi027.stdout:/usr/bin/ceph: stderr
2024-06-06T07:43:38.480+0000 7fad32117700 1 --2- >> [v2:172.21.15.27:3300/0,v1:172.21.15.27:6789/0] conn(0x7fad2c07dd50 0x7fad2c19e2e0 unknown :-1 s=BANNER_CONNECTING pgs=0 cs=0 l=1 rev1=0 crypto rx=0 tx=0 comp rx=0 tx=0)._handle_peer_banner_payload supported=3 required=0
2024-06-06T07:43:39.882 INFO:teuthology.orchestra.run.smithi027.stdout:/usr/bin/ceph: stderr
2024-06-06T07:43:38.480+0000 7fad32117700 1 --2- >> [v2:172.21.15.27:3300/0,v1:172.21.15.27:6789/0] conn(0x7fad2c07dd50 0x7fad2c19e2e0 unknown :-1 s=HELLO_CONNECTING pgs=0 cs=0 l=1 rev1=1 crypto rx=0 tx=0 comp rx=0 tx=0).handle_hello peer v2:172.21.15.27:3300/0 says I am v2:172.21.15.27:58460/0 (socket says 172.21.15.27:58460)
2024-06-06T07:43:39.882 INFO:teuthology.orchestra.run.smithi027.stdout:/usr/bin/ceph: stderr
2024-06-06T07:43:38.480+0000 7fad32117700 1 -- 172.21.15.27:0/3654733255 learned_addr learned my addr 172.21.15.27:0/3654733255 (peer_addr_for_me v2:172.21.15.27:0/0)
2024-06-06T07:43:39.882 INFO:teuthology.orchestra.run.smithi027.stdout:/usr/bin/ceph: stderr
2024-06-06T07:43:38.481+0000 7fad32117700 1 -- 172.21.15.27:0/3654733255 --> [v2:172.21.15.27:3300/0,v1:172.21.15.27:6789/0] -- mon_subscribe({config=0+,monmap=0+}) -- 0x7fad2c19e820 con 0x7fad2c07dd50
2024-06-06T07:43:39.882 INFO:teuthology.orchestra.run.smithi027.stdout:/usr/bin/ceph: stderr
2024-06-06T07:43:38.481+0000 7fad32117700 1 --2- 172.21.15.27:0/3654733255 >> [v2:172.21.15.27:3300/0,v1:172.21.15.27:6789/0] conn(0x7fad2c07dd50 0x7fad2c19e2e0 secure :-1 s=READY pgs=73 cs=0 l=1 rev1=1 crypto rx=0x7fad28000c00 tx=0x7fad28011ca0 comp rx=0 tx=0).ready entity=mon.0 client_cookie=0 server_cookie=0 in_seq=0 out_seq=0
2024-06-06T07:43:39.882 INFO:teuthology.orchestra.run.smithi027.stdout:/usr/bin/ceph: stderr
2024-06-06T07:43:38.481+0000 7fad1f7fe700 1 -- 172.21.15.27:0/3654733255 <== mon.0 v2:172.21.15.27:3300/0 1 ==== mon_map magic: 0 ==== 205+0+0 (secure 0 0 0) 0x7fad28011e60 con 0x7fad2c07dd50
2024-06-06T07:43:39.882 INFO:teuthology.orchestra.run.smithi027.stdout:/usr/bin/ceph: stderr
2024-06-06T07:43:38.481+0000 7fad3437b700 1 -- 172.21.15.27:0/3654733255 --> [v2:172.21.15.27:3300/0,v1:172.21.15.27:6789/0] -- mon_subscribe({mgrmap=0+}) -- 0x7fad2c19eab0 con 0x7fad2c07dd50
2024-06-06T07:43:39.882 INFO:teuthology.orchestra.run.smithi027.stdout:/usr/bin/ceph: stderr
2024-06-06T07:43:38.481+0000 7fad1f7fe700 1 -- 172.21.15.27:0/3654733255 <== mon.0 v2:172.21.15.27:3300/0 2 ==== config(28 keys) ==== 1174+0+0 (secure 0 0 0) 0x7fad28003b20 con 0x7fad2c07dd50
2024-06-06T07:43:39.882 INFO:teuthology.orchestra.run.smithi027.stdout:/usr/bin/ceph: stderr
2024-06-06T07:43:38.481+0000 7fad1f7fe700 1 -- 172.21.15.27:0/3654733255 <== mon.0 v2:172.21.15.27:3300/0 3 ==== mon_map magic: 0 ==== 205+0+0 (secure 0 0 0) 0x7fad280247a0 con 0x7fad2c07dd50
2024-06-06T07:43:39.882 INFO:teuthology.orchestra.run.smithi027.stdout:/usr/bin/ceph: stderr
2024-06-06T07:43:38.481+0000 7fad3437b700 1 -- 172.21.15.27:0/3654733255 --> [v2:172.21.15.27:3300/0,v1:172.21.15.27:6789/0] -- mon_subscribe({osdmap=0}) -- 0x7fad2c19ef10 con 0x7fad2c07dd50
2024-06-06T07:43:39.882 INFO:teuthology.orchestra.run.smithi027.stdout:/usr/bin/ceph: stderr
2024-06-06T07:43:38.482+0000 7fad1f7fe700 1 -- 172.21.15.27:0/3654733255 <== mon.0 v2:172.21.15.27:3300/0 4 ==== mgrmap(e 12) ==== 46300+0+0 (secure 0 0 0) 0x7fad28022020 con 0x7fad2c07dd50
2024-06-06T07:43:39.882 INFO:teuthology.orchestra.run.smithi027.stdout:/usr/bin/ceph: stderr
2024-06-06T07:43:38.482+0000 7fad1f7fe700 1 --2- 172.21.15.27:0/3654733255 >> [v2:172.21.15.27:6800/1008951471,v1:172.21.15.27:6801/1008951471] conn(0x7fad180390a0 0x7fad1803b560 unknown :-1 s=NONE pgs=0 cs=0 l=1 rev1=0 crypto rx=0 tx=0 comp rx=0 tx=0).connect
2024-06-06T07:43:39.882 INFO:teuthology.orchestra.run.smithi027.stdout:/usr/bin/ceph: stderr
2024-06-06T07:43:38.482+0000 7fad1f7fe700 1 -- 172.21.15.27:0/3654733255 <== mon.0 v2:172.21.15.27:3300/0 5 ==== osd_map(3..3 src has 1..3) ==== 1155+0+0 (secure 0 0 0) 0x7fad2804d110 con 0x7fad2c07dd50
2024-06-06T07:43:39.882 INFO:teuthology.orchestra.run.smithi027.stdout:/usr/bin/ceph: stderr
2024-06-06T07:43:38.482+0000 7fad3437b700 1 -- 172.21.15.27:0/3654733255 --> [v2:172.21.15.27:3300/0,v1:172.21.15.27:6789/0] -- mon_command({"prefix": "get_command_descriptions"} v 0) -- 0x7fad2c063af0 con 0x7fad2c07dd50
2024-06-06T07:43:39.883 INFO:teuthology.orchestra.run.smithi027.stdout:/usr/bin/ceph: stderr
2024-06-06T07:43:38.482+0000 7fad31916700 1 --2- 172.21.15.27:0/3654733255 >> [v2:172.21.15.27:6800/1008951471,v1:172.21.15.27:6801/1008951471] conn(0x7fad180390a0 0x7fad1803b560 unknown :-1 s=BANNER_CONNECTING pgs=0 cs=0 l=1 rev1=0 crypto rx=0 tx=0 comp rx=0 tx=0)._handle_peer_banner_payload supported=3 required=0
2024-06-06T07:43:39.883 INFO:teuthology.orchestra.run.smithi027.stdout:/usr/bin/ceph: stderr
2024-06-06T07:43:38.483+0000 7fad31916700 1 --2- 172.21.15.27:0/3654733255 >> [v2:172.21.15.27:6800/1008951471,v1:172.21.15.27:6801/1008951471] conn(0x7fad180390a0 0x7fad1803b560 secure :-1 s=READY pgs=9 cs=0 l=1 rev1=1 crypto rx=0x7fad20006fd0 tx=0x7fad20006e40 comp rx=0 tx=0).ready entity=mgr.14150 client_cookie=0 server_cookie=0 in_seq=0 out_seq=0
2024-06-06T07:43:39.883 INFO:teuthology.orchestra.run.smithi027.stdout:/usr/bin/ceph: stderr
2024-06-06T07:43:38.487+0000 7fad1f7fe700 1 -- 172.21.15.27:0/3654733255 <== mon.0 v2:172.21.15.27:3300/0 6 ==== mon_command_ack([{"prefix": "get_command_descriptions"}]=0 v0) ==== 72+0+186418 (secure 0 0 0) 0x7fad2802ddb0 con 0x7fad2c07dd50
2024-06-06T07:43:39.883 INFO:teuthology.orchestra.run.smithi027.stdout:/usr/bin/ceph: stderr
2024-06-06T07:43:38.721+0000 7fad3437b700 1 -- 172.21.15.27:0/3654733255 --> [v2:172.21.15.27:3300/0,v1:172.21.15.27:6789/0] -- mon_command({"prefix": "config get", "who": "mgr", "key": "mgr/dashboard/ssl_server_port"} v 0) -- 0x7fad2c1a1960 con 0x7fad2c07dd50
2024-06-06T07:43:39.883 INFO:teuthology.orchestra.run.smithi027.stdout:/usr/bin/ceph: stderr
2024-06-06T07:43:38.721+0000 7fad1f7fe700 1 -- 172.21.15.27:0/3654733255 <== mon.0 v2:172.21.15.27:3300/0 7 ==== mon_command_ack([{"prefix": "config get", "who": "mgr", "key": "mgr/dashboard/ssl_server_port"}]=0 v8) ==== 112+0+5 (secure 0 0 0) 0x7fad2800edf0 con 0x7fad2c07dd50
2024-06-06T07:43:39.883 INFO:teuthology.orchestra.run.smithi027.stdout:/usr/bin/ceph: stderr
2024-06-06T07:43:38.723+0000 7fad3437b700 1 -- 172.21.15.27:0/3654733255 >> [v2:172.21.15.27:6800/1008951471,v1:172.21.15.27:6801/1008951471] conn(0x7fad180390a0 msgr2=0x7fad1803b560 secure :-1 s=STATE_CONNECTION_ESTABLISHED l=1).mark_down
2024-06-06T07:43:39.883 INFO:teuthology.orchestra.run.smithi027.stdout:/usr/bin/ceph: stderr
2024-06-06T07:43:38.723+0000 7fad3437b700 1 --2- 172.21.15.27:0/3654733255 >> [v2:172.21.15.27:6800/1008951471,v1:172.21.15.27:6801/1008951471] conn(0x7fad180390a0 0x7fad1803b560 secure :-1 s=READY pgs=9 cs=0 l=1 rev1=1 crypto rx=0x7fad20006fd0 tx=0x7fad20006e40 comp rx=0 tx=0).stop
2024-06-06T07:43:39.883 INFO:teuthology.orchestra.run.smithi027.stdout:/usr/bin/ceph: stderr
2024-06-06T07:43:38.723+0000 7fad3437b700 1 -- 172.21.15.27:0/3654733255 >> [v2:172.21.15.27:3300/0,v1:172.21.15.27:6789/0] conn(0x7fad2c07dd50 msgr2=0x7fad2c19e2e0 secure :-1 s=STATE_CONNECTION_ESTABLISHED l=1).mark_down
2024-06-06T07:43:39.883 INFO:teuthology.orchestra.run.smithi027.stdout:/usr/bin/ceph: stderr
2024-06-06T07:43:38.723+0000 7fad3437b700 1 --2- 172.21.15.27:0/3654733255 >> [v2:172.21.15.27:3300/0,v1:172.21.15.27:6789/0] conn(0x7fad2c07dd50 0x7fad2c19e2e0 secure :-1 s=READY pgs=73 cs=0 l=1 rev1=1 crypto rx=0x7fad28000c00 tx=0x7fad28011ca0 comp rx=0 tx=0).stop
2024-06-06T07:43:39.883 INFO:teuthology.orchestra.run.smithi027.stdout:/usr/bin/ceph: stderr
2024-06-06T07:43:38.723+0000 7fad3437b700 1 -- 172.21.15.27:0/3654733255 shutdown_connections
2024-06-06T07:43:39.883 INFO:teuthology.orchestra.run.smithi027.stdout:/usr/bin/ceph: stderr
2024-06-06T07:43:38.723+0000 7fad3437b700 1 --2- 172.21.15.27:0/3654733255 >> [v2:172.21.15.27:6800/1008951471,v1:172.21.15.27:6801/1008951471] conn(0x7fad180390a0 0x7fad1803b560 unknown :-1 s=CLOSED pgs=9 cs=0 l=1 rev1=1 crypto rx=0 tx=0 comp rx=0 tx=0).stop
2024-06-06T07:43:39.883 INFO:teuthology.orchestra.run.smithi027.stdout:/usr/bin/ceph: stderr
2024-06-06T07:43:38.723+0000 7fad3437b700 1 --2- 172.21.15.27:0/3654733255 >> [v2:172.21.15.27:3300/0,v1:172.21.15.27:6789/0] conn(0x7fad2c07dd50 0x7fad2c19e2e0 unknown :-1 s=CLOSED pgs=73 cs=0 l=1 rev1=1 crypto rx=0 tx=0 comp rx=0 tx=0).stop
2024-06-06T07:43:39.884 INFO:teuthology.orchestra.run.smithi027.stdout:/usr/bin/ceph: stderr
2024-06-06T07:43:38.723+0000 7fad3437b700 1 -- 172.21.15.27:0/3654733255 >> 172.21.15.27:0/3654733255 conn(0x7fad2c1038d0 msgr2=0x7fad2c1043e0 unknown :-1 s=STATE_NONE l=0).mark_down
2024-06-06T07:43:39.884 INFO:teuthology.orchestra.run.smithi027.stdout:/usr/bin/ceph: stderr
2024-06-06T07:43:38.723+0000 7fad3437b700 1 -- 172.21.15.27:0/3654733255 shutdown_connections
2024-06-06T07:43:39.884 INFO:teuthology.orchestra.run.smithi027.stdout:/usr/bin/ceph: stderr
2024-06-06T07:43:38.723+0000 7fad3437b700 1 -- 172.21.15.27:0/3654733255 wait complete.
2024-06-06T07:43:39.886 INFO:teuthology.orchestra.run.smithi027.stdout:Non-zero exit code 1 from systemctl is-enabled firewalld.service
2024-06-06T07:43:39.886 INFO:teuthology.orchestra.run.smithi027.stdout:systemctl: stdout disabled
2024-06-06T07:43:39.894 INFO:teuthology.orchestra.run.smithi027.stdout:Non-zero exit code 3 from systemctl is-active firewalld.service
2024-06-06T07:43:39.894 INFO:teuthology.orchestra.run.smithi027.stdout:systemctl: stdout inactive
2024-06-06T07:43:39.894 INFO:teuthology.orchestra.run.smithi027.stdout:firewalld.service is not enabled
2024-06-06T07:43:39.894 INFO:teuthology.orchestra.run.smithi027.stdout:Not possible to open ports <[8443]>. firewalld.service is not available
2024-06-06T07:43:39.896 INFO:teuthology.orchestra.run.smithi027.stdout:Ceph Dashboard is now available at:
2024-06-06T07:43:39.896 INFO:teuthology.orchestra.run.smithi027.stdout:
2024-06-06T07:43:39.896 INFO:teuthology.orchestra.run.smithi027.stdout: URL: https://smithi027.front.sepia.ceph.com:8443/
2024-06-06T07:43:39.897 INFO:teuthology.orchestra.run.smithi027.stdout: User: admin
2024-06-06T07:43:39.897 INFO:teuthology.orchestra.run.smithi027.stdout: Password: gj5kx1wcs9
2024-06-06T07:43:39.897 INFO:teuthology.orchestra.run.smithi027.stdout:
2024-06-06T07:43:39.897 INFO:teuthology.orchestra.run.smithi027.stdout:Saving cluster configuration to /var/lib/ceph/38e1f51c-23d8-11ef-bc9b-c7b262605968/config directory
2024-06-06T07:43:39.897 INFO:teuthology.orchestra.run.smithi027.stdout:Enabling autotune for osd_memory_target
2024-06-06T07:43:41.597 INFO:journalctl@ceph.mon.a.smithi027.stdout:Jun 06 07:43:41 smithi027 ceph-mon[32293]: mgrmap e13: x(active, since 6s)
2024-06-06T07:43:41.604 INFO:teuthology.orchestra.run.smithi027.stdout:/usr/bin/ceph: stderr
2024-06-06T07:43:40.746+0000 7f84d8d39700 1 Processor -- start
2024-06-06T07:43:41.604 INFO:teuthology.orchestra.run.smithi027.stdout:/usr/bin/ceph: stderr
2024-06-06T07:43:40.746+0000 7f84d8d39700 1 -- start start
2024-06-06T07:43:41.605 INFO:teuthology.orchestra.run.smithi027.stdout:/usr/bin/ceph: stderr
2024-06-06T07:43:40.747+0000 7f84d8d39700 1 --2- >> [v2:172.21.15.27:3300/0,v1:172.21.15.27:6789/0] conn(0x7f84d407dd00 0x7f84d407c310 unknown :-1 s=NONE pgs=0 cs=0 l=0 rev1=0 crypto rx=0 tx=0 comp rx=0 tx=0).connect
2024-06-06T07:43:41.605 INFO:teuthology.orchestra.run.smithi027.stdout:/usr/bin/ceph: stderr
2024-06-06T07:43:40.747+0000 7f84d8d39700 1 -- --> [v2:172.21.15.27:3300/0,v1:172.21.15.27:6789/0] -- mon_getmap magic: 0 -- 0x7f84d407e120 con 0x7f84d407dd00
2024-06-06T07:43:41.605 INFO:teuthology.orchestra.run.smithi027.stdout:/usr/bin/ceph: stderr
2024-06-06T07:43:40.747+0000 7f84d259c700 1 --2- >> [v2:172.21.15.27:3300/0,v1:172.21.15.27:6789/0] conn(0x7f84d407dd00 0x7f84d407c310 unknown :-1 s=BANNER_CONNECTING pgs=0 cs=0 l=0 rev1=0 crypto rx=0 tx=0 comp rx=0 tx=0)._handle_peer_banner_payload supported=3 required=0
2024-06-06T07:43:41.605 INFO:teuthology.orchestra.run.smithi027.stdout:/usr/bin/ceph: stderr
2024-06-06T07:43:40.747+0000 7f84d259c700 1 --2- >> [v2:172.21.15.27:3300/0,v1:172.21.15.27:6789/0] conn(0x7f84d407dd00 0x7f84d407c310 unknown :-1 s=HELLO_CONNECTING pgs=0 cs=0 l=0 rev1=1 crypto rx=0 tx=0 comp rx=0 tx=0).handle_hello peer v2:172.21.15.27:3300/0 says I am v2:172.21.15.27:58468/0 (socket says 172.21.15.27:58468)
2024-06-06T07:43:41.605 INFO:teuthology.orchestra.run.smithi027.stdout:/usr/bin/ceph: stderr
2024-06-06T07:43:40.747+0000 7f84d259c700 1 -- 172.21.15.27:0/2131525692 learned_addr learned my addr 172.21.15.27:0/2131525692 (peer_addr_for_me v2:172.21.15.27:0/0)
2024-06-06T07:43:41.605 INFO:teuthology.orchestra.run.smithi027.stdout:/usr/bin/ceph: stderr
2024-06-06T07:43:40.747+0000 7f84d259c700 1 -- 172.21.15.27:0/2131525692 --> [v2:172.21.15.27:3300/0,v1:172.21.15.27:6789/0] -- mon_subscribe({config=0+,monmap=0+}) -- 0x7f84d407c850 con 0x7f84d407dd00
2024-06-06T07:43:41.605 INFO:teuthology.orchestra.run.smithi027.stdout:/usr/bin/ceph: stderr
2024-06-06T07:43:40.747+0000 7f84d259c700 1 --2- 172.21.15.27:0/2131525692 >> [v2:172.21.15.27:3300/0,v1:172.21.15.27:6789/0] conn(0x7f84d407dd00 0x7f84d407c310 secure :-1 s=READY pgs=74 cs=0 l=1 rev1=1 crypto rx=0x7f84c4009e80 tx=0x7f84c400b330 comp rx=0 tx=0).ready entity=mon.0 client_cookie=f44cc223e58c5722 server_cookie=0 in_seq=0 out_seq=0
2024-06-06T07:43:41.605 INFO:teuthology.orchestra.run.smithi027.stdout:/usr/bin/ceph: stderr
2024-06-06T07:43:40.748+0000 7f84d159a700 1 -- 172.21.15.27:0/2131525692 <== mon.0 v2:172.21.15.27:3300/0 1 ==== mon_map magic: 0 ==== 205+0+0 (secure 0 0 0) 0x7f84c4017070 con 0x7f84d407dd00
2024-06-06T07:43:41.605 INFO:teuthology.orchestra.run.smithi027.stdout:/usr/bin/ceph: stderr
2024-06-06T07:43:40.748+0000 7f84d159a700 1 -- 172.21.15.27:0/2131525692 <== mon.0 v2:172.21.15.27:3300/0 2 ==== config(28 keys) ==== 1174+0+0 (secure 0 0 0) 0x7f84c400b8c0 con 0x7f84d407dd00
2024-06-06T07:43:41.605 INFO:teuthology.orchestra.run.smithi027.stdout:/usr/bin/ceph: stderr
2024-06-06T07:43:40.748+0000 7f84d159a700 1 -- 172.21.15.27:0/2131525692 <== mon.0 v2:172.21.15.27:3300/0 3 ==== mon_map magic: 0 ==== 205+0+0 (secure 0 0 0) 0x7f84c4004580 con 0x7f84d407dd00
2024-06-06T07:43:41.605 INFO:teuthology.orchestra.run.smithi027.stdout:/usr/bin/ceph: stderr
2024-06-06T07:43:40.748+0000 7f84d8d39700 1 -- 172.21.15.27:0/2131525692 >> [v2:172.21.15.27:3300/0,v1:172.21.15.27:6789/0] conn(0x7f84d407dd00 msgr2=0x7f84d407c310 secure :-1 s=STATE_CONNECTION_ESTABLISHED l=1).mark_down
2024-06-06T07:43:41.605 INFO:teuthology.orchestra.run.smithi027.stdout:/usr/bin/ceph: stderr
2024-06-06T07:43:40.748+0000 7f84d8d39700 1 --2- 172.21.15.27:0/2131525692 >> [v2:172.21.15.27:3300/0,v1:172.21.15.27:6789/0] conn(0x7f84d407dd00 0x7f84d407c310 secure :-1 s=READY pgs=74 cs=0 l=1 rev1=1 crypto rx=0x7f84c4009e80 tx=0x7f84c400b330 comp rx=0 tx=0).stop
2024-06-06T07:43:41.605 INFO:teuthology.orchestra.run.smithi027.stdout:/usr/bin/ceph: stderr
2024-06-06T07:43:40.748+0000 7f84d8d39700 1 -- 172.21.15.27:0/2131525692 shutdown_connections
2024-06-06T07:43:41.606 INFO:teuthology.orchestra.run.smithi027.stdout:/usr/bin/ceph: stderr
2024-06-06T07:43:40.748+0000 7f84d8d39700 1 --2- 172.21.15.27:0/2131525692 >> [v2:172.21.15.27:3300/0,v1:172.21.15.27:6789/0] conn(0x7f84d407dd00 0x7f84d407c310 unknown :-1 s=CLOSED pgs=74 cs=0 l=1 rev1=1 crypto rx=0 tx=0 comp rx=0 tx=0).stop
2024-06-06T07:43:41.606 INFO:teuthology.orchestra.run.smithi027.stdout:/usr/bin/ceph: stderr
2024-06-06T07:43:40.748+0000 7f84d8d39700 1 -- 172.21.15.27:0/2131525692 >> 172.21.15.27:0/2131525692 conn(0x7f84d41038c0 msgr2=0x7f84d4105d00 unknown :-1 s=STATE_NONE l=0).mark_down
2024-06-06T07:43:41.606 INFO:teuthology.orchestra.run.smithi027.stdout:/usr/bin/ceph: stderr
2024-06-06T07:43:40.748+0000 7f84d8d39700 1 -- 172.21.15.27:0/2131525692 shutdown_connections
2024-06-06T07:43:41.606 INFO:teuthology.orchestra.run.smithi027.stdout:/usr/bin/ceph: stderr
2024-06-06T07:43:40.748+0000 7f84d8d39700 1 -- 172.21.15.27:0/2131525692 wait complete.
2024-06-06T07:43:41.606 INFO:teuthology.orchestra.run.smithi027.stdout:/usr/bin/ceph: stderr
2024-06-06T07:43:40.749+0000 7f84d8d39700 1 Processor -- start
2024-06-06T07:43:41.606 INFO:teuthology.orchestra.run.smithi027.stdout:/usr/bin/ceph: stderr
2024-06-06T07:43:40.749+0000 7f84d8d39700 1 -- start start
2024-06-06T07:43:41.606 INFO:teuthology.orchestra.run.smithi027.stdout:/usr/bin/ceph: stderr
2024-06-06T07:43:40.750+0000 7f84d8d39700 1 --2- >> [v2:172.21.15.27:3300/0,v1:172.21.15.27:6789/0] conn(0x7f84d407dd00 0x7f84d419e320 unknown :-1 s=NONE pgs=0 cs=0 l=1 rev1=0 crypto rx=0 tx=0 comp rx=0 tx=0).connect
2024-06-06T07:43:41.606 INFO:teuthology.orchestra.run.smithi027.stdout:/usr/bin/ceph: stderr
2024-06-06T07:43:40.750+0000 7f84d8d39700 1 -- --> [v2:172.21.15.27:3300/0,v1:172.21.15.27:6789/0] -- mon_getmap magic: 0 -- 0x7f84d410e740 con 0x7f84d407dd00
2024-06-06T07:43:41.606 INFO:teuthology.orchestra.run.smithi027.stdout:/usr/bin/ceph: stderr
2024-06-06T07:43:40.750+0000 7f84d259c700 1 --2- >> [v2:172.21.15.27:3300/0,v1:172.21.15.27:6789/0] conn(0x7f84d407dd00 0x7f84d419e320 unknown :-1 s=BANNER_CONNECTING pgs=0 cs=0 l=1 rev1=0 crypto rx=0 tx=0 comp rx=0 tx=0)._handle_peer_banner_payload supported=3 required=0
2024-06-06T07:43:41.606 INFO:teuthology.orchestra.run.smithi027.stdout:/usr/bin/ceph: stderr
2024-06-06T07:43:40.750+0000 7f84d259c700 1 --2- >> [v2:172.21.15.27:3300/0,v1:172.21.15.27:6789/0] conn(0x7f84d407dd00 0x7f84d419e320 unknown :-1 s=HELLO_CONNECTING pgs=0 cs=0 l=1 rev1=1 crypto rx=0 tx=0 comp rx=0 tx=0).handle_hello peer v2:172.21.15.27:3300/0 says I am v2:172.21.15.27:58480/0 (socket says 172.21.15.27:58480)
2024-06-06T07:43:41.606 INFO:teuthology.orchestra.run.smithi027.stdout:/usr/bin/ceph: stderr
2024-06-06T07:43:40.750+0000 7f84d259c700 1 -- 172.21.15.27:0/3730220396 learned_addr learned my addr 172.21.15.27:0/3730220396 (peer_addr_for_me v2:172.21.15.27:0/0)
2024-06-06T07:43:41.606 INFO:teuthology.orchestra.run.smithi027.stdout:/usr/bin/ceph: stderr
2024-06-06T07:43:40.750+0000 7f84d259c700 1 -- 172.21.15.27:0/3730220396 --> [v2:172.21.15.27:3300/0,v1:172.21.15.27:6789/0] -- mon_subscribe({config=0+,monmap=0+}) -- 0x7f84d419e860 con 0x7f84d407dd00
2024-06-06T07:43:41.607 INFO:teuthology.orchestra.run.smithi027.stdout:/usr/bin/ceph: stderr
2024-06-06T07:43:40.750+0000 7f84d259c700 1 --2- 172.21.15.27:0/3730220396 >> [v2:172.21.15.27:3300/0,v1:172.21.15.27:6789/0] conn(0x7f84d407dd00 0x7f84d419e320 secure :-1 s=READY pgs=75 cs=0 l=1 rev1=1 crypto rx=0x7f84c40072a0 tx=0x7f84c400be90 comp rx=0 tx=0).ready entity=mon.0 client_cookie=0 server_cookie=0 in_seq=0 out_seq=0
2024-06-06T07:43:41.607 INFO:teuthology.orchestra.run.smithi027.stdout:/usr/bin/ceph: stderr
2024-06-06T07:43:40.750+0000 7f84cb7fe700 1 -- 172.21.15.27:0/3730220396 <== mon.0 v2:172.21.15.27:3300/0 1 ==== mon_map magic: 0 ==== 205+0+0 (secure 0 0 0) 0x7f84c4021020 con 0x7f84d407dd00
2024-06-06T07:43:41.607 INFO:teuthology.orchestra.run.smithi027.stdout:/usr/bin/ceph: stderr
2024-06-06T07:43:40.750+0000 7f84d8d39700 1 -- 172.21.15.27:0/3730220396 --> [v2:172.21.15.27:3300/0,v1:172.21.15.27:6789/0] -- mon_subscribe({mgrmap=0+}) -- 0x7f84d419eaf0 con 0x7f84d407dd00
2024-06-06T07:43:41.607 INFO:teuthology.orchestra.run.smithi027.stdout:/usr/bin/ceph: stderr
2024-06-06T07:43:40.750+0000 7f84cb7fe700 1 -- 172.21.15.27:0/3730220396 <== mon.0 v2:172.21.15.27:3300/0 2 ==== config(28 keys) ==== 1174+0+0 (secure 0 0 0) 0x7f84c4003c90 con 0x7f84d407dd00
2024-06-06T07:43:41.607 INFO:teuthology.orchestra.run.smithi027.stdout:/usr/bin/ceph: stderr
2024-06-06T07:43:40.750+0000 7f84cb7fe700 1 -- 172.21.15.27:0/3730220396 <== mon.0 v2:172.21.15.27:3300/0 3 ==== mon_map magic: 0 ==== 205+0+0 (secure 0 0 0) 0x7f84c4017040 con 0x7f84d407dd00
2024-06-06T07:43:41.607 INFO:teuthology.orchestra.run.smithi027.stdout:/usr/bin/ceph: stderr
2024-06-06T07:43:40.750+0000 7f84d8d39700 1 -- 172.21.15.27:0/3730220396 --> [v2:172.21.15.27:3300/0,v1:172.21.15.27:6789/0] -- mon_subscribe({osdmap=0}) -- 0x7f84d41a17e0 con 0x7f84d407dd00
2024-06-06T07:43:41.607 INFO:teuthology.orchestra.run.smithi027.stdout:/usr/bin/ceph: stderr
2024-06-06T07:43:40.751+0000 7f84cb7fe700 1 -- 172.21.15.27:0/3730220396 <== mon.0 v2:172.21.15.27:3300/0 4 ==== mgrmap(e 13) ==== 46343+0+0 (secure 0 0 0) 0x7f84c4024020 con 0x7f84d407dd00
2024-06-06T07:43:41.607 INFO:teuthology.orchestra.run.smithi027.stdout:/usr/bin/ceph: stderr
2024-06-06T07:43:40.751+0000 7f84d8d39700 1 -- 172.21.15.27:0/3730220396 --> [v2:172.21.15.27:3300/0,v1:172.21.15.27:6789/0] -- mon_command({"prefix": "get_command_descriptions"} v 0) -- 0x7f84d4063af0 con 0x7f84d407dd00
2024-06-06T07:43:41.607 INFO:teuthology.orchestra.run.smithi027.stdout:/usr/bin/ceph: stderr
