2024-06-06T08:22:31.954+0000 7f6a744dc640 1 -- --> [v2:172.21.15.86:3300/0,v1:172.21.15.86:6789/0] -- mon_getmap magic: 0 v1 -- 0x7f6a6c113640 con 0x7f6a6c077c60
2024-06-06T08:22:32.736 INFO:teuthology.orchestra.run.smithi086.stdout:/usr/bin/ceph: stderr
2024-06-06T08:22:31.954+0000 7f6a72278640 1 --2- >> [v2:172.21.15.86:3300/0,v1:172.21.15.86:6789/0] conn(0x7f6a6c077c60 0x7f6a6c113100 unknown :-1 s=BANNER_CONNECTING pgs=0 cs=0 l=1 rev1=0 crypto rx=0 tx=0 comp rx=0 tx=0)._handle_peer_banner_payload supported=3 required=0
2024-06-06T08:22:32.736 INFO:teuthology.orchestra.run.smithi086.stdout:/usr/bin/ceph: stderr
2024-06-06T08:22:31.954+0000 7f6a72278640 1 --2- >> [v2:172.21.15.86:3300/0,v1:172.21.15.86:6789/0] conn(0x7f6a6c077c60 0x7f6a6c113100 unknown :-1 s=HELLO_CONNECTING pgs=0 cs=0 l=1 rev1=1 crypto rx=0 tx=0 comp rx=0 tx=0).handle_hello peer v2:172.21.15.86:3300/0 says I am v2:172.21.15.86:60888/0 (socket says 172.21.15.86:60888)
2024-06-06T08:22:32.736 INFO:teuthology.orchestra.run.smithi086.stdout:/usr/bin/ceph: stderr
2024-06-06T08:22:31.954+0000 7f6a72278640 1 -- 172.21.15.86:0/2321669551 learned_addr learned my addr 172.21.15.86:0/2321669551 (peer_addr_for_me v2:172.21.15.86:0/0)
2024-06-06T08:22:32.736 INFO:teuthology.orchestra.run.smithi086.stdout:/usr/bin/ceph: stderr
2024-06-06T08:22:31.954+0000 7f6a72278640 1 -- 172.21.15.86:0/2321669551 --> [v2:172.21.15.86:3300/0,v1:172.21.15.86:6789/0] -- mon_subscribe({config=0+,monmap=0+}) v3 -- 0x7f6a68009450 con 0x7f6a6c077c60
2024-06-06T08:22:32.736 INFO:teuthology.orchestra.run.smithi086.stdout:/usr/bin/ceph: stderr
2024-06-06T08:22:31.954+0000 7f6a72278640 1 --2- 172.21.15.86:0/2321669551 >> [v2:172.21.15.86:3300/0,v1:172.21.15.86:6789/0] conn(0x7f6a6c077c60 0x7f6a6c113100 secure :-1 s=READY pgs=85 cs=0 l=1 rev1=1 crypto rx=0x7f6a680317f0 tx=0x7f6a6802c040 comp rx=0 tx=0).ready entity=mon.0 client_cookie=0 server_cookie=0 in_seq=0 out_seq=0
2024-06-06T08:22:32.736 INFO:teuthology.orchestra.run.smithi086.stdout:/usr/bin/ceph: stderr
2024-06-06T08:22:31.955+0000 7f6a62ffd640 1 -- 172.21.15.86:0/2321669551 <== mon.0 v2:172.21.15.86:3300/0 1 ==== mon_map magic: 0 v1 ==== 229+0+0 (secure 0 0 0) 0x7f6a68032900 con 0x7f6a6c077c60
2024-06-06T08:22:32.737 INFO:teuthology.orchestra.run.smithi086.stdout:/usr/bin/ceph: stderr
2024-06-06T08:22:31.955+0000 7f6a62ffd640 1 -- 172.21.15.86:0/2321669551 <== mon.0 v2:172.21.15.86:3300/0 2 ==== config(27 keys) v1 ==== 1109+0+0 (secure 0 0 0) 0x7f6a6803b910 con 0x7f6a6c077c60
2024-06-06T08:22:32.737 INFO:teuthology.orchestra.run.smithi086.stdout:/usr/bin/ceph: stderr
2024-06-06T08:22:31.955+0000 7f6a62ffd640 1 -- 172.21.15.86:0/2321669551 <== mon.0 v2:172.21.15.86:3300/0 3 ==== mon_map magic: 0 v1 ==== 229+0+0 (secure 0 0 0) 0x7f6a6803a960 con 0x7f6a6c077c60
2024-06-06T08:22:32.737 INFO:teuthology.orchestra.run.smithi086.stdout:/usr/bin/ceph: stderr
2024-06-06T08:22:31.955+0000 7f6a744dc640 1 -- 172.21.15.86:0/2321669551 --> [v2:172.21.15.86:3300/0,v1:172.21.15.86:6789/0] -- mon_subscribe({mgrmap=0+}) v3 -- 0x7f6a6c113840 con 0x7f6a6c077c60
2024-06-06T08:22:32.737 INFO:teuthology.orchestra.run.smithi086.stdout:/usr/bin/ceph: stderr
2024-06-06T08:22:31.955+0000 7f6a744dc640 1 -- 172.21.15.86:0/2321669551 --> [v2:172.21.15.86:3300/0,v1:172.21.15.86:6789/0] -- mon_subscribe({osdmap=0}) v3 -- 0x7f6a6c113cb0 con 0x7f6a6c077c60
2024-06-06T08:22:32.737 INFO:teuthology.orchestra.run.smithi086.stdout:/usr/bin/ceph: stderr
2024-06-06T08:22:31.955+0000 7f6a62ffd640 1 -- 172.21.15.86:0/2321669551 <== mon.0 v2:172.21.15.86:3300/0 4 ==== mgrmap(e 13) v1 ==== 42002+0+0 (secure 0 0 0) 0x7f6a68039070 con 0x7f6a6c077c60
2024-06-06T08:22:32.737 INFO:teuthology.orchestra.run.smithi086.stdout:/usr/bin/ceph: stderr
2024-06-06T08:22:31.956+0000 7f6a62ffd640 1 --2- 172.21.15.86:0/2321669551 >> [v2:172.21.15.86:6800/2470791934,v1:172.21.15.86:6801/2470791934] conn(0x7f6a58034900 0x7f6a58036db0 unknown :-1 s=NONE pgs=0 cs=0 l=1 rev1=0 crypto rx=0 tx=0 comp rx=0 tx=0).connect
2024-06-06T08:22:32.737 INFO:teuthology.orchestra.run.smithi086.stdout:/usr/bin/ceph: stderr
2024-06-06T08:22:31.956+0000 7f6a744dc640 1 -- 172.21.15.86:0/2321669551 --> [v2:172.21.15.86:3300/0,v1:172.21.15.86:6789/0] -- mon_command({"prefix": "get_command_descriptions"} v 0) v1 -- 0x7f6a6c04b480 con 0x7f6a6c077c60
2024-06-06T08:22:32.737 INFO:teuthology.orchestra.run.smithi086.stdout:/usr/bin/ceph: stderr
2024-06-06T08:22:31.956+0000 7f6a62ffd640 1 -- 172.21.15.86:0/2321669551 <== mon.0 v2:172.21.15.86:3300/0 5 ==== osd_map(3..3 src has 1..3) v4 ==== 1151+0+0 (secure 0 0 0) 0x7f6a68066e10 con 0x7f6a6c077c60
2024-06-06T08:22:32.737 INFO:teuthology.orchestra.run.smithi086.stdout:/usr/bin/ceph: stderr
2024-06-06T08:22:31.956+0000 7f6a71a77640 1 --2- 172.21.15.86:0/2321669551 >> [v2:172.21.15.86:6800/2470791934,v1:172.21.15.86:6801/2470791934] conn(0x7f6a58034900 0x7f6a58036db0 unknown :-1 s=BANNER_CONNECTING pgs=0 cs=0 l=1 rev1=0 crypto rx=0 tx=0 comp rx=0 tx=0)._handle_peer_banner_payload supported=3 required=0
2024-06-06T08:22:32.737 INFO:teuthology.orchestra.run.smithi086.stdout:/usr/bin/ceph: stderr
2024-06-06T08:22:31.956+0000 7f6a71a77640 1 --2- 172.21.15.86:0/2321669551 >> [v2:172.21.15.86:6800/2470791934,v1:172.21.15.86:6801/2470791934] conn(0x7f6a58034900 0x7f6a58036db0 secure :-1 s=READY pgs=10 cs=0 l=1 rev1=1 crypto rx=0x7f6a5c006fd0 tx=0x7f6a5c006db0 comp rx=0 tx=0).ready entity=mgr.14160 client_cookie=0 server_cookie=0 in_seq=0 out_seq=0
2024-06-06T08:22:32.737 INFO:teuthology.orchestra.run.smithi086.stdout:/usr/bin/ceph: stderr
2024-06-06T08:22:31.960+0000 7f6a62ffd640 1 -- 172.21.15.86:0/2321669551 <== mon.0 v2:172.21.15.86:3300/0 6 ==== mon_command_ack([{"prefix": "get_command_descriptions"}]=0 v0) v1 ==== 72+0+175578 (secure 0 0 0) 0x7f6a68069030 con 0x7f6a6c077c60
2024-06-06T08:22:32.738 INFO:teuthology.orchestra.run.smithi086.stdout:/usr/bin/ceph: stderr
2024-06-06T08:22:32.128+0000 7f6a744dc640 1 -- 172.21.15.86:0/2321669551 --> [v2:172.21.15.86:3300/0,v1:172.21.15.86:6789/0] -- mon_command([{prefix=config set, name=osd_memory_target_autotune}] v 0) v1 -- 0x7f6a6c063ed0 con 0x7f6a6c077c60
2024-06-06T08:22:32.738 INFO:teuthology.orchestra.run.smithi086.stdout:/usr/bin/ceph: stderr
2024-06-06T08:22:32.129+0000 7f6a62ffd640 1 -- 172.21.15.86:0/2321669551 <== mon.0 v2:172.21.15.86:3300/0 7 ==== mon_command_ack([{prefix=config set, name=osd_memory_target_autotune}]=0 v8)=0 v8) v1 ==== 127+0+0 (secure 0 0 0) 0x7f6a6803f0c0 con 0x7f6a6c077c60
2024-06-06T08:22:32.738 INFO:teuthology.orchestra.run.smithi086.stdout:/usr/bin/ceph: stderr
2024-06-06T08:22:32.130+0000 7f6a744dc640 1 -- 172.21.15.86:0/2321669551 >> [v2:172.21.15.86:6800/2470791934,v1:172.21.15.86:6801/2470791934] conn(0x7f6a58034900 msgr2=0x7f6a58036db0 secure :-1 s=STATE_CONNECTION_ESTABLISHED l=1).mark_down
2024-06-06T08:22:32.738 INFO:teuthology.orchestra.run.smithi086.stdout:/usr/bin/ceph: stderr
2024-06-06T08:22:32.130+0000 7f6a744dc640 1 --2- 172.21.15.86:0/2321669551 >> [v2:172.21.15.86:6800/2470791934,v1:172.21.15.86:6801/2470791934] conn(0x7f6a58034900 0x7f6a58036db0 secure :-1 s=READY pgs=10 cs=0 l=1 rev1=1 crypto rx=0x7f6a5c006fd0 tx=0x7f6a5c006db0 comp rx=0 tx=0).stop
2024-06-06T08:22:32.738 INFO:teuthology.orchestra.run.smithi086.stdout:/usr/bin/ceph: stderr
2024-06-06T08:22:32.130+0000 7f6a744dc640 1 -- 172.21.15.86:0/2321669551 >> [v2:172.21.15.86:3300/0,v1:172.21.15.86:6789/0] conn(0x7f6a6c077c60 msgr2=0x7f6a6c113100 secure :-1 s=STATE_CONNECTION_ESTABLISHED l=1).mark_down
2024-06-06T08:22:32.738 INFO:teuthology.orchestra.run.smithi086.stdout:/usr/bin/ceph: stderr
2024-06-06T08:22:32.130+0000 7f6a744dc640 1 --2- 172.21.15.86:0/2321669551 >> [v2:172.21.15.86:3300/0,v1:172.21.15.86:6789/0] conn(0x7f6a6c077c60 0x7f6a6c113100 secure :-1 s=READY pgs=85 cs=0 l=1 rev1=1 crypto rx=0x7f6a680317f0 tx=0x7f6a6802c040 comp rx=0 tx=0).stop
2024-06-06T08:22:32.738 INFO:teuthology.orchestra.run.smithi086.stdout:/usr/bin/ceph: stderr
2024-06-06T08:22:32.130+0000 7f6a744dc640 1 -- 172.21.15.86:0/2321669551 shutdown_connections
2024-06-06T08:22:32.738 INFO:teuthology.orchestra.run.smithi086.stdout:/usr/bin/ceph: stderr
2024-06-06T08:22:32.130+0000 7f6a744dc640 1 --2- 172.21.15.86:0/2321669551 >> [v2:172.21.15.86:6800/2470791934,v1:172.21.15.86:6801/2470791934] conn(0x7f6a58034900 0x7f6a58036db0 unknown :-1 s=CLOSED pgs=10 cs=0 l=1 rev1=1 crypto rx=0 tx=0 comp rx=0 tx=0).stop
2024-06-06T08:22:32.738 INFO:teuthology.orchestra.run.smithi086.stdout:/usr/bin/ceph: stderr
2024-06-06T08:22:32.130+0000 7f6a744dc640 1 --2- 172.21.15.86:0/2321669551 >> [v2:172.21.15.86:3300/0,v1:172.21.15.86:6789/0] conn(0x7f6a6c077c60 0x7f6a6c113100 unknown :-1 s=CLOSED pgs=85 cs=0 l=1 rev1=1 crypto rx=0 tx=0 comp rx=0 tx=0).stop
2024-06-06T08:22:32.738 INFO:teuthology.orchestra.run.smithi086.stdout:/usr/bin/ceph: stderr
2024-06-06T08:22:32.130+0000 7f6a744dc640 1 -- 172.21.15.86:0/2321669551 >> 172.21.15.86:0/2321669551 conn(0x7f6a6c0fd5b0 msgr2=0x7f6a6c0fe4c0 unknown :-1 s=STATE_NONE l=0).mark_down
2024-06-06T08:22:32.739 INFO:teuthology.orchestra.run.smithi086.stdout:/usr/bin/ceph: stderr
2024-06-06T08:22:32.130+0000 7f6a744dc640 1 -- 172.21.15.86:0/2321669551 shutdown_connections
2024-06-06T08:22:32.739 INFO:teuthology.orchestra.run.smithi086.stdout:/usr/bin/ceph: stderr
2024-06-06T08:22:32.130+0000 7f6a744dc640 1 -- 172.21.15.86:0/2321669551 wait complete.
2024-06-06T08:22:33.864 INFO:teuthology.orchestra.run.smithi086.stdout:/usr/bin/ceph: stderr
2024-06-06T08:22:33.110+0000 7f476b9bb640 1 Processor -- start
2024-06-06T08:22:33.865 INFO:teuthology.orchestra.run.smithi086.stdout:/usr/bin/ceph: stderr
2024-06-06T08:22:33.111+0000 7f476b9bb640 1 -- start start
2024-06-06T08:22:33.865 INFO:teuthology.orchestra.run.smithi086.stdout:/usr/bin/ceph: stderr
2024-06-06T08:22:33.111+0000 7f476b9bb640 1 --2- >> [v2:172.21.15.86:3300/0,v1:172.21.15.86:6789/0] conn(0x7f4764100c50 0x7f4764101060 unknown :-1 s=NONE pgs=0 cs=0 l=0 rev1=0 crypto rx=0 tx=0 comp rx=0 tx=0).connect
2024-06-06T08:22:33.865 INFO:teuthology.orchestra.run.smithi086.stdout:/usr/bin/ceph: stderr
2024-06-06T08:22:33.111+0000 7f476b9bb640 1 -- --> [v2:172.21.15.86:3300/0,v1:172.21.15.86:6789/0] -- mon_getmap magic: 0 v1 -- 0x7f47641015a0 con 0x7f4764100c50
2024-06-06T08:22:33.865 INFO:teuthology.orchestra.run.smithi086.stdout:/usr/bin/ceph: stderr
2024-06-06T08:22:33.111+0000 7f4769757640 1 --2- >> [v2:172.21.15.86:3300/0,v1:172.21.15.86:6789/0] conn(0x7f4764100c50 0x7f4764101060 unknown :-1 s=BANNER_CONNECTING pgs=0 cs=0 l=0 rev1=0 crypto rx=0 tx=0 comp rx=0 tx=0)._handle_peer_banner_payload supported=3 required=0
2024-06-06T08:22:33.865 INFO:teuthology.orchestra.run.smithi086.stdout:/usr/bin/ceph: stderr
2024-06-06T08:22:33.111+0000 7f4769757640 1 --2- >> [v2:172.21.15.86:3300/0,v1:172.21.15.86:6789/0] conn(0x7f4764100c50 0x7f4764101060 unknown :-1 s=HELLO_CONNECTING pgs=0 cs=0 l=0 rev1=1 crypto rx=0 tx=0 comp rx=0 tx=0).handle_hello peer v2:172.21.15.86:3300/0 says I am v2:172.21.15.86:60904/0 (socket says 172.21.15.86:60904)
2024-06-06T08:22:33.865 INFO:teuthology.orchestra.run.smithi086.stdout:/usr/bin/ceph: stderr
2024-06-06T08:22:33.111+0000 7f4769757640 1 -- 172.21.15.86:0/1276432184 learned_addr learned my addr 172.21.15.86:0/1276432184 (peer_addr_for_me v2:172.21.15.86:0/0)
2024-06-06T08:22:33.865 INFO:teuthology.orchestra.run.smithi086.stdout:/usr/bin/ceph: stderr
2024-06-06T08:22:33.111+0000 7f4769757640 1 -- 172.21.15.86:0/1276432184 --> [v2:172.21.15.86:3300/0,v1:172.21.15.86:6789/0] -- mon_subscribe({config=0+,monmap=0+}) v3 -- 0x7f47641016e0 con 0x7f4764100c50
2024-06-06T08:22:33.865 INFO:teuthology.orchestra.run.smithi086.stdout:/usr/bin/ceph: stderr
2024-06-06T08:22:33.112+0000 7f4769757640 1 --2- 172.21.15.86:0/1276432184 >> [v2:172.21.15.86:3300/0,v1:172.21.15.86:6789/0] conn(0x7f4764100c50 0x7f4764101060 secure :-1 s=READY pgs=86 cs=0 l=1 rev1=1 crypto rx=0x7f476000baf0 tx=0x7f476000b460 comp rx=0 tx=0).ready entity=mon.0 client_cookie=21c06ace3846ef77 server_cookie=0 in_seq=0 out_seq=0
2024-06-06T08:22:33.865 INFO:teuthology.orchestra.run.smithi086.stdout:/usr/bin/ceph: stderr
2024-06-06T08:22:33.112+0000 7f475bfff640 1 -- 172.21.15.86:0/1276432184 <== mon.0 v2:172.21.15.86:3300/0 1 ==== mon_map magic: 0 v1 ==== 229+0+0 (secure 0 0 0) 0x7f47600327a0 con 0x7f4764100c50
2024-06-06T08:22:33.865 INFO:teuthology.orchestra.run.smithi086.stdout:/usr/bin/ceph: stderr
2024-06-06T08:22:33.112+0000 7f475bfff640 1 -- 172.21.15.86:0/1276432184 <== mon.0 v2:172.21.15.86:3300/0 2 ==== config(27 keys) v1 ==== 1109+0+0 (secure 0 0 0) 0x7f4760032dd0 con 0x7f4764100c50
2024-06-06T08:22:33.865 INFO:teuthology.orchestra.run.smithi086.stdout:/usr/bin/ceph: stderr
2024-06-06T08:22:33.112+0000 7f475bfff640 1 -- 172.21.15.86:0/1276432184 <== mon.0 v2:172.21.15.86:3300/0 3 ==== mon_map magic: 0 v1 ==== 229+0+0 (secure 0 0 0) 0x7f4760039310 con 0x7f4764100c50
2024-06-06T08:22:33.865 INFO:teuthology.orchestra.run.smithi086.stdout:/usr/bin/ceph: stderr
2024-06-06T08:22:33.113+0000 7f476b9bb640 1 -- 172.21.15.86:0/1276432184 >> [v2:172.21.15.86:3300/0,v1:172.21.15.86:6789/0] conn(0x7f4764100c50 msgr2=0x7f4764101060 secure :-1 s=STATE_CONNECTION_ESTABLISHED l=1).mark_down
2024-06-06T08:22:33.866 INFO:teuthology.orchestra.run.smithi086.stdout:/usr/bin/ceph: stderr
2024-06-06T08:22:33.113+0000 7f476b9bb640 1 --2- 172.21.15.86:0/1276432184 >> [v2:172.21.15.86:3300/0,v1:172.21.15.86:6789/0] conn(0x7f4764100c50 0x7f4764101060 secure :-1 s=READY pgs=86 cs=0 l=1 rev1=1 crypto rx=0x7f476000baf0 tx=0x7f476000b460 comp rx=0 tx=0).stop
2024-06-06T08:22:33.866 INFO:teuthology.orchestra.run.smithi086.stdout:/usr/bin/ceph: stderr
2024-06-06T08:22:33.113+0000 7f476b9bb640 1 -- 172.21.15.86:0/1276432184 shutdown_connections
2024-06-06T08:22:33.866 INFO:teuthology.orchestra.run.smithi086.stdout:/usr/bin/ceph: stderr
2024-06-06T08:22:33.113+0000 7f476b9bb640 1 --2- 172.21.15.86:0/1276432184 >> [v2:172.21.15.86:3300/0,v1:172.21.15.86:6789/0] conn(0x7f4764100c50 0x7f4764101060 unknown :-1 s=CLOSED pgs=86 cs=0 l=1 rev1=1 crypto rx=0 tx=0 comp rx=0 tx=0).stop
2024-06-06T08:22:33.866 INFO:teuthology.orchestra.run.smithi086.stdout:/usr/bin/ceph: stderr
2024-06-06T08:22:33.113+0000 7f476b9bb640 1 -- 172.21.15.86:0/1276432184 >> 172.21.15.86:0/1276432184 conn(0x7f47640fc430 msgr2=0x7f47640fe840 unknown :-1 s=STATE_NONE l=0).mark_down
2024-06-06T08:22:33.866 INFO:teuthology.orchestra.run.smithi086.stdout:/usr/bin/ceph: stderr
2024-06-06T08:22:33.113+0000 7f476b9bb640 1 -- 172.21.15.86:0/1276432184 shutdown_connections
2024-06-06T08:22:33.866 INFO:teuthology.orchestra.run.smithi086.stdout:/usr/bin/ceph: stderr
2024-06-06T08:22:33.113+0000 7f476b9bb640 1 -- 172.21.15.86:0/1276432184 wait complete.
2024-06-06T08:22:33.866 INFO:teuthology.orchestra.run.smithi086.stdout:/usr/bin/ceph: stderr
2024-06-06T08:22:33.113+0000 7f476b9bb640 1 Processor -- start
2024-06-06T08:22:33.866 INFO:teuthology.orchestra.run.smithi086.stdout:/usr/bin/ceph: stderr
2024-06-06T08:22:33.113+0000 7f476b9bb640 1 -- start start
2024-06-06T08:22:33.866 INFO:teuthology.orchestra.run.smithi086.stdout:/usr/bin/ceph: stderr
2024-06-06T08:22:33.114+0000 7f476b9bb640 1 --2- >> [v2:172.21.15.86:3300/0,v1:172.21.15.86:6789/0] conn(0x7f4764100c50 0x7f476410e9c0 unknown :-1 s=NONE pgs=0 cs=0 l=1 rev1=0 crypto rx=0 tx=0 comp rx=0 tx=0).connect
2024-06-06T08:22:33.866 INFO:teuthology.orchestra.run.smithi086.stdout:/usr/bin/ceph: stderr
2024-06-06T08:22:33.114+0000 7f476b9bb640 1 -- --> [v2:172.21.15.86:3300/0,v1:172.21.15.86:6789/0] -- mon_getmap magic: 0 v1 -- 0x7f476410ef00 con 0x7f4764100c50
2024-06-06T08:22:33.866 INFO:teuthology.orchestra.run.smithi086.stdout:/usr/bin/ceph: stderr
2024-06-06T08:22:33.114+0000 7f4769757640 1 --2- >> [v2:172.21.15.86:3300/0,v1:172.21.15.86:6789/0] conn(0x7f4764100c50 0x7f476410e9c0 unknown :-1 s=BANNER_CONNECTING pgs=0 cs=0 l=1 rev1=0 crypto rx=0 tx=0 comp rx=0 tx=0)._handle_peer_banner_payload supported=3 required=0
2024-06-06T08:22:33.866 INFO:teuthology.orchestra.run.smithi086.stdout:/usr/bin/ceph: stderr
2024-06-06T08:22:33.114+0000 7f4769757640 1 --2- >> [v2:172.21.15.86:3300/0,v1:172.21.15.86:6789/0] conn(0x7f4764100c50 0x7f476410e9c0 unknown :-1 s=HELLO_CONNECTING pgs=0 cs=0 l=1 rev1=1 crypto rx=0 tx=0 comp rx=0 tx=0).handle_hello peer v2:172.21.15.86:3300/0 says I am v2:172.21.15.86:60914/0 (socket says 172.21.15.86:60914)
2024-06-06T08:22:33.867 INFO:teuthology.orchestra.run.smithi086.stdout:/usr/bin/ceph: stderr
2024-06-06T08:22:33.114+0000 7f4769757640 1 -- 172.21.15.86:0/204819935 learned_addr learned my addr 172.21.15.86:0/204819935 (peer_addr_for_me v2:172.21.15.86:0/0)
2024-06-06T08:22:33.867 INFO:teuthology.orchestra.run.smithi086.stdout:/usr/bin/ceph: stderr
2024-06-06T08:22:33.114+0000 7f4769757640 1 -- 172.21.15.86:0/204819935 --> [v2:172.21.15.86:3300/0,v1:172.21.15.86:6789/0] -- mon_subscribe({config=0+,monmap=0+}) v3 -- 0x7f476000b700 con 0x7f4764100c50
2024-06-06T08:22:33.867 INFO:teuthology.orchestra.run.smithi086.stdout:/usr/bin/ceph: stderr
2024-06-06T08:22:33.114+0000 7f4769757640 1 --2- 172.21.15.86:0/204819935 >> [v2:172.21.15.86:3300/0,v1:172.21.15.86:6789/0] conn(0x7f4764100c50 0x7f476410e9c0 secure :-1 s=READY pgs=87 cs=0 l=1 rev1=1 crypto rx=0x7f47600315c0 tx=0x7f476000b460 comp rx=0 tx=0).ready entity=mon.0 client_cookie=0 server_cookie=0 in_seq=0 out_seq=0
2024-06-06T08:22:33.867 INFO:teuthology.orchestra.run.smithi086.stdout:/usr/bin/ceph: stderr
2024-06-06T08:22:33.114+0000 7f4759ffb640 1 -- 172.21.15.86:0/204819935 <== mon.0 v2:172.21.15.86:3300/0 1 ==== mon_map magic: 0 v1 ==== 229+0+0 (secure 0 0 0) 0x7f47600329b0 con 0x7f4764100c50
2024-06-06T08:22:33.867 INFO:teuthology.orchestra.run.smithi086.stdout:/usr/bin/ceph: stderr
2024-06-06T08:22:33.114+0000 7f4759ffb640 1 -- 172.21.15.86:0/204819935 <== mon.0 v2:172.21.15.86:3300/0 2 ==== config(27 keys) v1 ==== 1109+0+0 (secure 0 0 0) 0x7f4760032b10 con 0x7f4764100c50
2024-06-06T08:22:33.867 INFO:teuthology.orchestra.run.smithi086.stdout:/usr/bin/ceph: stderr
2024-06-06T08:22:33.114+0000 7f476b9bb640 1 -- 172.21.15.86:0/204819935 --> [v2:172.21.15.86:3300/0,v1:172.21.15.86:6789/0] -- mon_subscribe({mgrmap=0+}) v3 -- 0x7f476410f100 con 0x7f4764100c50
2024-06-06T08:22:33.867 INFO:teuthology.orchestra.run.smithi086.stdout:/usr/bin/ceph: stderr
2024-06-06T08:22:33.114+0000 7f4759ffb640 1 -- 172.21.15.86:0/204819935 <== mon.0 v2:172.21.15.86:3300/0 3 ==== mon_map magic: 0 v1 ==== 229+0+0 (secure 0 0 0) 0x7f476003b740 con 0x7f4764100c50
2024-06-06T08:22:33.867 INFO:teuthology.orchestra.run.smithi086.stdout:/usr/bin/ceph: stderr
2024-06-06T08:22:33.115+0000 7f476b9bb640 1 -- 172.21.15.86:0/204819935 --> [v2:172.21.15.86:3300/0,v1:172.21.15.86:6789/0] -- mon_subscribe({osdmap=0}) v3 -- 0x7f476410f510 con 0x7f4764100c50
2024-06-06T08:22:33.867 INFO:teuthology.orchestra.run.smithi086.stdout:/usr/bin/ceph: stderr
2024-06-06T08:22:33.115+0000 7f4759ffb640 1 -- 172.21.15.86:0/204819935 <== mon.0 v2:172.21.15.86:3300/0 4 ==== mgrmap(e 13) v1 ==== 42002+0+0 (secure 0 0 0) 0x7f476003b9b0 con 0x7f4764100c50
2024-06-06T08:22:33.867 INFO:teuthology.orchestra.run.smithi086.stdout:/usr/bin/ceph: stderr
2024-06-06T08:22:33.116+0000 7f4759ffb640 1 --2- 172.21.15.86:0/204819935 >> [v2:172.21.15.86:6800/2470791934,v1:172.21.15.86:6801/2470791934] conn(0x7f4750034900 0x7f4750036db0 unknown :-1 s=NONE pgs=0 cs=0 l=1 rev1=0 crypto rx=0 tx=0 comp rx=0 tx=0).connect
2024-06-06T08:22:33.867 INFO:teuthology.orchestra.run.smithi086.stdout:/usr/bin/ceph: stderr
2024-06-06T08:22:33.116+0000 7f4759ffb640 1 -- 172.21.15.86:0/204819935 <== mon.0 v2:172.21.15.86:3300/0 5 ==== osd_map(3..3 src has 1..3) v4 ==== 1151+0+0 (secure 0 0 0) 0x7f4760069b10 con 0x7f4764100c50
2024-06-06T08:22:33.867 INFO:teuthology.orchestra.run.smithi086.stdout:/usr/bin/ceph: stderr
2024-06-06T08:22:33.116+0000 7f476b9bb640 1 -- 172.21.15.86:0/204819935 --> [v2:172.21.15.86:3300/0,v1:172.21.15.86:6789/0] -- mon_command({"prefix": "get_command_descriptions"} v 0) v1 -- 0x7f476404b480 con 0x7f4764100c50
2024-06-06T08:22:33.867 INFO:teuthology.orchestra.run.smithi086.stdout:/usr/bin/ceph: stderr
2024-06-06T08:22:33.116+0000 7f4768f56640 1 --2- 172.21.15.86:0/204819935 >> [v2:172.21.15.86:6800/2470791934,v1:172.21.15.86:6801/2470791934] conn(0x7f4750034900 0x7f4750036db0 unknown :-1 s=BANNER_CONNECTING pgs=0 cs=0 l=1 rev1=0 crypto rx=0 tx=0 comp rx=0 tx=0)._handle_peer_banner_payload supported=3 required=0
2024-06-06T08:22:33.867 INFO:teuthology.orchestra.run.smithi086.stdout:/usr/bin/ceph: stderr
2024-06-06T08:22:33.116+0000 7f4768f56640 1 --2- 172.21.15.86:0/204819935 >> [v2:172.21.15.86:6800/2470791934,v1:172.21.15.86:6801/2470791934] conn(0x7f4750034900 0x7f4750036db0 secure :-1 s=READY pgs=11 cs=0 l=1 rev1=1 crypto rx=0x7f4754006fd0 tx=0x7f4754006db0 comp rx=0 tx=0).ready entity=mgr.14160 client_cookie=0 server_cookie=0 in_seq=0 out_seq=0
2024-06-06T08:22:33.868 INFO:teuthology.orchestra.run.smithi086.stdout:/usr/bin/ceph: stderr
2024-06-06T08:22:33.120+0000 7f4759ffb640 1 -- 172.21.15.86:0/204819935 <== mon.0 v2:172.21.15.86:3300/0 6 ==== mon_command_ack([{"prefix": "get_command_descriptions"}]=0 v0) v1 ==== 72+0+175578 (secure 0 0 0) 0x7f4760036070 con 0x7f4764100c50
2024-06-06T08:22:33.868 INFO:teuthology.orchestra.run.smithi086.stdout:/usr/bin/ceph: stderr
2024-06-06T08:22:33.371+0000 7f476b9bb640 1 -- 172.21.15.86:0/204819935 --> [v2:172.21.15.86:3300/0,v1:172.21.15.86:6789/0] -- mon_command([{prefix=config-key set, key=mgr/dashboard/cluster/status}] v 0) v1 -- 0x7f476410fed0 con 0x7f4764100c50
2024-06-06T08:22:33.868 INFO:teuthology.orchestra.run.smithi086.stdout:/usr/bin/ceph: stderr
2024-06-06T08:22:33.373+0000 7f4759ffb640 1 -- 172.21.15.86:0/204819935 <== mon.0 v2:172.21.15.86:3300/0 7 ==== mon_command_ack([{prefix=config-key set, key=mgr/dashboard/cluster/status}]=0 set mgr/dashboard/cluster/status v33)=0 set mgr/dashboard/cluster/status v33) v1 ==== 153+0+0 (secure 0 0 0) 0x7f47600463f0 con 0x7f4764100c50
2024-06-06T08:22:33.868 INFO:teuthology.orchestra.run.smithi086.stdout:/usr/bin/ceph: stderr set mgr/dashboard/cluster/status
2024-06-06T08:22:33.868 INFO:teuthology.orchestra.run.smithi086.stdout:/usr/bin/ceph: stderr
2024-06-06T08:22:33.375+0000 7f476b9bb640 1 -- 172.21.15.86:0/204819935 >> [v2:172.21.15.86:6800/2470791934,v1:172.21.15.86:6801/2470791934] conn(0x7f4750034900 msgr2=0x7f4750036db0 secure :-1 s=STATE_CONNECTION_ESTABLISHED l=1).mark_down
2024-06-06T08:22:33.868 INFO:teuthology.orchestra.run.smithi086.stdout:/usr/bin/ceph: stderr
2024-06-06T08:22:33.375+0000 7f476b9bb640 1 --2- 172.21.15.86:0/204819935 >> [v2:172.21.15.86:6800/2470791934,v1:172.21.15.86:6801/2470791934] conn(0x7f4750034900 0x7f4750036db0 secure :-1 s=READY pgs=11 cs=0 l=1 rev1=1 crypto rx=0x7f4754006fd0 tx=0x7f4754006db0 comp rx=0 tx=0).stop
2024-06-06T08:22:33.868 INFO:teuthology.orchestra.run.smithi086.stdout:/usr/bin/ceph: stderr
2024-06-06T08:22:33.375+0000 7f476b9bb640 1 -- 172.21.15.86:0/204819935 >> [v2:172.21.15.86:3300/0,v1:172.21.15.86:6789/0] conn(0x7f4764100c50 msgr2=0x7f476410e9c0 secure :-1 s=STATE_CONNECTION_ESTABLISHED l=1).mark_down
2024-06-06T08:22:33.868 INFO:teuthology.orchestra.run.smithi086.stdout:/usr/bin/ceph: stderr
2024-06-06T08:22:33.375+0000 7f476b9bb640 1 --2- 172.21.15.86:0/204819935 >> [v2:172.21.15.86:3300/0,v1:172.21.15.86:6789/0] conn(0x7f4764100c50 0x7f476410e9c0 secure :-1 s=READY pgs=87 cs=0 l=1 rev1=1 crypto rx=0x7f47600315c0 tx=0x7f476000b460 comp rx=0 tx=0).stop
2024-06-06T08:22:33.868 INFO:teuthology.orchestra.run.smithi086.stdout:/usr/bin/ceph: stderr
2024-06-06T08:22:33.376+0000 7f476b9bb640 1 -- 172.21.15.86:0/204819935 shutdown_connections
2024-06-06T08:22:33.868 INFO:teuthology.orchestra.run.smithi086.stdout:/usr/bin/ceph: stderr
2024-06-06T08:22:33.376+0000 7f476b9bb640 1 --2- 172.21.15.86:0/204819935 >> [v2:172.21.15.86:6800/2470791934,v1:172.21.15.86:6801/2470791934] conn(0x7f4750034900 0x7f4750036db0 unknown :-1 s=CLOSED pgs=11 cs=0 l=1 rev1=1 crypto rx=0 tx=0 comp rx=0 tx=0).stop
2024-06-06T08:22:33.868 INFO:teuthology.orchestra.run.smithi086.stdout:/usr/bin/ceph: stderr
2024-06-06T08:22:33.376+0000 7f476b9bb640 1 --2- 172.21.15.86:0/204819935 >> [v2:172.21.15.86:3300/0,v1:172.21.15.86:6789/0] conn(0x7f4764100c50 0x7f476410e9c0 unknown :-1 s=CLOSED pgs=87 cs=0 l=1 rev1=1 crypto rx=0 tx=0 comp rx=0 tx=0).stop
2024-06-06T08:22:33.868 INFO:teuthology.orchestra.run.smithi086.stdout:/usr/bin/ceph: stderr
2024-06-06T08:22:33.376+0000 7f476b9bb640 1 -- 172.21.15.86:0/204819935 >> 172.21.15.86:0/204819935 conn(0x7f47640fc430 msgr2=0x7f47641052c0 unknown :-1 s=STATE_NONE l=0).mark_down
2024-06-06T08:22:33.868 INFO:teuthology.orchestra.run.smithi086.stdout:/usr/bin/ceph: stderr
2024-06-06T08:22:33.376+0000 7f476b9bb640 1 -- 172.21.15.86:0/204819935 shutdown_connections
2024-06-06T08:22:33.869 INFO:teuthology.orchestra.run.smithi086.stdout:/usr/bin/ceph: stderr
2024-06-06T08:22:33.376+0000 7f476b9bb640 1 -- 172.21.15.86:0/204819935 wait complete.
2024-06-06T08:22:33.869 INFO:teuthology.orchestra.run.smithi086.stdout:You can access the Ceph CLI as following in case of multi-cluster or non-default config:
2024-06-06T08:22:33.869 INFO:teuthology.orchestra.run.smithi086.stdout:
2024-06-06T08:22:33.869 INFO:teuthology.orchestra.run.smithi086.stdout: sudo /home/ubuntu/cephtest/cephadm shell --fsid a8550dee-23dd-11ef-bc9b-c7b262605968 -c /etc/ceph/ceph.conf -k /etc/ceph/ceph.client.admin.keyring
2024-06-06T08:22:33.869 INFO:teuthology.orchestra.run.smithi086.stdout:
2024-06-06T08:22:33.869 INFO:teuthology.orchestra.run.smithi086.stdout:Or, if you are only running a single cluster on this host:
2024-06-06T08:22:33.869 INFO:teuthology.orchestra.run.smithi086.stdout:
2024-06-06T08:22:33.869 INFO:teuthology.orchestra.run.smithi086.stdout: sudo /home/ubuntu/cephtest/cephadm shell
2024-06-06T08:22:33.869 INFO:teuthology.orchestra.run.smithi086.stdout:
2024-06-06T08:22:33.869 INFO:teuthology.orchestra.run.smithi086.stdout:Please consider enabling telemetry to help improve Ceph:
2024-06-06T08:22:33.869 INFO:teuthology.orchestra.run.smithi086.stdout:
2024-06-06T08:22:33.869 INFO:teuthology.orchestra.run.smithi086.stdout: ceph telemetry on
2024-06-06T08:22:33.869 INFO:teuthology.orchestra.run.smithi086.stdout:
2024-06-06T08:22:33.869 INFO:teuthology.orchestra.run.smithi086.stdout:For more information see:
2024-06-06T08:22:33.870 INFO:teuthology.orchestra.run.smithi086.stdout:
2024-06-06T08:22:33.870 INFO:teuthology.orchestra.run.smithi086.stdout: https://docs.ceph.com/docs/master/mgr/telemetry/
2024-06-06T08:22:33.870 INFO:teuthology.orchestra.run.smithi086.stdout:
2024-06-06T08:22:33.870 INFO:teuthology.orchestra.run.smithi086.stdout:Bootstrap complete.
2024-06-06T08:22:33.897 INFO:tasks.cephadm:Fetching config...
2024-06-06T08:22:33.897 DEBUG:teuthology.orchestra.run.smithi086:> set -ex
2024-06-06T08:22:33.897 DEBUG:teuthology.orchestra.run.smithi086:> dd if=/etc/ceph/ceph.conf of=/dev/stdout
2024-06-06T08:22:33.913 INFO:tasks.cephadm:Fetching client.admin keyring...
2024-06-06T08:22:33.913 DEBUG:teuthology.orchestra.run.smithi086:> set -ex
2024-06-06T08:22:33.913 DEBUG:teuthology.orchestra.run.smithi086:> dd if=/etc/ceph/ceph.client.admin.keyring of=/dev/stdout
2024-06-06T08:22:33.971 INFO:tasks.cephadm:Fetching mon keyring...
2024-06-06T08:22:33.971 DEBUG:teuthology.orchestra.run.smithi086:> set -ex
2024-06-06T08:22:33.971 DEBUG:teuthology.orchestra.run.smithi086:> sudo dd if=/var/lib/ceph/a8550dee-23dd-11ef-bc9b-c7b262605968/mon.smithi086/keyring of=/dev/stdout
2024-06-06T08:22:34.036 INFO:tasks.cephadm:Fetching pub ssh key...
2024-06-06T08:22:34.036 DEBUG:teuthology.orchestra.run.smithi086:> set -ex
2024-06-06T08:22:34.036 DEBUG:teuthology.orchestra.run.smithi086:> dd if=/home/ubuntu/cephtest/ceph.pub of=/dev/stdout
2024-06-06T08:22:34.091 INFO:tasks.cephadm:Installing pub ssh key for root users...
2024-06-06T08:22:34.092 DEBUG:teuthology.orchestra.run.smithi086:> sudo install -d -m 0700 /root/.ssh && echo 'ssh-rsa AAAAB3NzaC1yc2EAAAADAQABAAABgQDn5CxMUaXjagRRoHiZ059HRFHNprELnTIzIcV4CGpBWpHYfRl05AhOEB3LE587ycrtNy+4gM1SsT5xtPJoL67M+yCPFzRV+/uHnR9aihBVsvKr1YmpMutI5UnBZ4UhOta3ddxNrQ0+zEQ0Sm1H9VviUddbgg456WvhZ6VGWilkW+hWDGxHkc5czGTaPktux132rt0o0pknGJu10YonSFT+LONX7muhEgouoencErbsfBqRYsAFhPEiEXykBlz8XvbR5XmGsA0vGi2j3QrFsQljbyckIRWxFDNDqqbdzkWnt9FVg8XB+1VMc6UGxUcR/AX6WQYBfuv58I3Vttgdw5V0gHzH2JQJQA9z+IFGoYIoZhbBoNKXEtcyPJkCwNYCuKQJv6NYkKxTVSnO2KtNO0YXvHoY11/3z15HDHGs7ERhbutgdoKp/jIla0UQ9Je1gSjL0Zwr2V8CsmvR83YZ0l926w5inuPaIZ+otcSfcXgMf0G4BXzq5Bn4gSDW/hvpUfs= ceph-a8550dee-23dd-11ef-bc9b-c7b262605968' | sudo tee -a /root/.ssh/authorized_keys && sudo chmod 0600 /root/.ssh/authorized_keys
2024-06-06T08:22:34.174 INFO:teuthology.orchestra.run.smithi086.stdout:ssh-rsa AAAAB3NzaC1yc2EAAAADAQABAAABgQDn5CxMUaXjagRRoHiZ059HRFHNprELnTIzIcV4CGpBWpHYfRl05AhOEB3LE587ycrtNy+4gM1SsT5xtPJoL67M+yCPFzRV+/uHnR9aihBVsvKr1YmpMutI5UnBZ4UhOta3ddxNrQ0+zEQ0Sm1H9VviUddbgg456WvhZ6VGWilkW+hWDGxHkc5czGTaPktux132rt0o0pknGJu10YonSFT+LONX7muhEgouoencErbsfBqRYsAFhPEiEXykBlz8XvbR5XmGsA0vGi2j3QrFsQljbyckIRWxFDNDqqbdzkWnt9FVg8XB+1VMc6UGxUcR/AX6WQYBfuv58I3Vttgdw5V0gHzH2JQJQA9z+IFGoYIoZhbBoNKXEtcyPJkCwNYCuKQJv6NYkKxTVSnO2KtNO0YXvHoY11/3z15HDHGs7ERhbutgdoKp/jIla0UQ9Je1gSjL0Zwr2V8CsmvR83YZ0l926w5inuPaIZ+otcSfcXgMf0G4BXzq5Bn4gSDW/hvpUfs= ceph-a8550dee-23dd-11ef-bc9b-c7b262605968
2024-06-06T08:22:34.185 DEBUG:teuthology.orchestra.run.smithi154:> sudo install -d -m 0700 /root/.ssh && echo 'ssh-rsa AAAAB3NzaC1yc2EAAAADAQABAAABgQDn5CxMUaXjagRRoHiZ059HRFHNprELnTIzIcV4CGpBWpHYfRl05AhOEB3LE587ycrtNy+4gM1SsT5xtPJoL67M+yCPFzRV+/uHnR9aihBVsvKr1YmpMutI5UnBZ4UhOta3ddxNrQ0+zEQ0Sm1H9VviUddbgg456WvhZ6VGWilkW+hWDGxHkc5czGTaPktux132rt0o0pknGJu10YonSFT+LONX7muhEgouoencErbsfBqRYsAFhPEiEXykBlz8XvbR5XmGsA0vGi2j3QrFsQljbyckIRWxFDNDqqbdzkWnt9FVg8XB+1VMc6UGxUcR/AX6WQYBfuv58I3Vttgdw5V0gHzH2JQJQA9z+IFGoYIoZhbBoNKXEtcyPJkCwNYCuKQJv6NYkKxTVSnO2KtNO0YXvHoY11/3z15HDHGs7ERhbutgdoKp/jIla0UQ9Je1gSjL0Zwr2V8CsmvR83YZ0l926w5inuPaIZ+otcSfcXgMf0G4BXzq5Bn4gSDW/hvpUfs= ceph-a8550dee-23dd-11ef-bc9b-c7b262605968' | sudo tee -a /root/.ssh/authorized_keys && sudo chmod 0600 /root/.ssh/authorized_keys
2024-06-06T08:22:34.227 INFO:teuthology.orchestra.run.smithi154.stdout:ssh-rsa AAAAB3NzaC1yc2EAAAADAQABAAABgQDn5CxMUaXjagRRoHiZ059HRFHNprELnTIzIcV4CGpBWpHYfRl05AhOEB3LE587ycrtNy+4gM1SsT5xtPJoL67M+yCPFzRV+/uHnR9aihBVsvKr1YmpMutI5UnBZ4UhOta3ddxNrQ0+zEQ0Sm1H9VviUddbgg456WvhZ6VGWilkW+hWDGxHkc5czGTaPktux132rt0o0pknGJu10YonSFT+LONX7muhEgouoencErbsfBqRYsAFhPEiEXykBlz8XvbR5XmGsA0vGi2j3QrFsQljbyckIRWxFDNDqqbdzkWnt9FVg8XB+1VMc6UGxUcR/AX6WQYBfuv58I3Vttgdw5V0gHzH2JQJQA9z+IFGoYIoZhbBoNKXEtcyPJkCwNYCuKQJv6NYkKxTVSnO2KtNO0YXvHoY11/3z15HDHGs7ERhbutgdoKp/jIla0UQ9Je1gSjL0Zwr2V8CsmvR83YZ0l926w5inuPaIZ+otcSfcXgMf0G4BXzq5Bn4gSDW/hvpUfs= ceph-a8550dee-23dd-11ef-bc9b-c7b262605968
2024-06-06T08:22:34.240 DEBUG:teuthology.orchestra.run.smithi086:> sudo /home/ubuntu/cephtest/cephadm --image quay.ceph.io/ceph-ci/ceph:quincy shell -c /etc/ceph/ceph.conf -k /etc/ceph/ceph.client.admin.keyring --fsid a8550dee-23dd-11ef-bc9b-c7b262605968 -- ceph config set mgr mgr/cephadm/allow_ptrace true
2024-06-06T08:22:34.492 INFO:teuthology.orchestra.run.smithi086.stderr:Inferring config /var/lib/ceph/a8550dee-23dd-11ef-bc9b-c7b262605968/mon.smithi086/config
2024-06-06T08:22:34.584 INFO:journalctl@ceph.mon.smithi086.smithi086.stdout:Jun 06 08:22:34 smithi086 ceph-mon[29114]: from='client.? 172.21.15.86:0/204819935' entity='client.admin'
2024-06-06T08:22:36.518 INFO:teuthology.orchestra.run.smithi086.stderr:2024-06-06T08:22:36.518+0000 7f4e7b121640 1 -- 172.21.15.86:0/450154286 >> [v2:172.21.15.86:3300/0,v1:172.21.15.86:6789/0] conn(0x7f4e740fb040 msgr2=0x7f4e740fb450 secure :-1 s=STATE_CONNECTION_ESTABLISHED l=1).mark_down
2024-06-06T08:22:36.518 INFO:teuthology.orchestra.run.smithi086.stderr:2024-06-06T08:22:36.518+0000 7f4e7b121640 1 --2- 172.21.15.86:0/450154286 >> [v2:172.21.15.86:3300/0,v1:172.21.15.86:6789/0] conn(0x7f4e740fb040 0x7f4e740fb450 secure :-1 s=READY pgs=88 cs=0 l=1 rev1=1 crypto rx=0x7f4e68004850 tx=0x7f4e68009da0 comp rx=0 tx=0).stop
2024-06-06T08:22:36.518 INFO:teuthology.orchestra.run.smithi086.stderr:2024-06-06T08:22:36.518+0000 7f4e7b121640 1 -- 172.21.15.86:0/450154286 shutdown_connections
2024-06-06T08:22:36.519 INFO:teuthology.orchestra.run.smithi086.stderr:2024-06-06T08:22:36.518+0000 7f4e7b121640 1 --2- 172.21.15.86:0/450154286 >> [v2:172.21.15.86:3300/0,v1:172.21.15.86:6789/0] conn(0x7f4e740fb040 0x7f4e740fb450 unknown :-1 s=CLOSED pgs=88 cs=0 l=1 rev1=1 crypto rx=0 tx=0 comp rx=0 tx=0).stop
2024-06-06T08:22:36.519 INFO:teuthology.orchestra.run.smithi086.stderr:2024-06-06T08:22:36.518+0000 7f4e7b121640 1 -- 172.21.15.86:0/450154286 >> 172.21.15.86:0/450154286 conn(0x7f4e740f6820 msgr2=0x7f4e740f8c30 unknown :-1 s=STATE_NONE l=0).mark_down
2024-06-06T08:22:36.519 INFO:teuthology.orchestra.run.smithi086.stderr:2024-06-06T08:22:36.518+0000 7f4e7b121640 1 -- 172.21.15.86:0/450154286 shutdown_connections
2024-06-06T08:22:36.519 INFO:teuthology.orchestra.run.smithi086.stderr:2024-06-06T08:22:36.518+0000 7f4e7b121640 1 -- 172.21.15.86:0/450154286 wait complete.
2024-06-06T08:22:36.519 INFO:teuthology.orchestra.run.smithi086.stderr:2024-06-06T08:22:36.519+0000 7f4e7b121640 1 Processor -- start
2024-06-06T08:22:36.519 INFO:teuthology.orchestra.run.smithi086.stderr:2024-06-06T08:22:36.519+0000 7f4e7b121640 1 -- start start
2024-06-06T08:22:36.519 INFO:teuthology.orchestra.run.smithi086.stderr:2024-06-06T08:22:36.519+0000 7f4e7b121640 1 --2- >> [v2:172.21.15.86:3300/0,v1:172.21.15.86:6789/0] conn(0x7f4e740fb040 0x7f4e74065230 unknown :-1 s=NONE pgs=0 cs=0 l=1 rev1=0 crypto rx=0 tx=0 comp rx=0 tx=0).connect
2024-06-06T08:22:36.519 INFO:teuthology.orchestra.run.smithi086.stderr:2024-06-06T08:22:36.519+0000 7f4e7b121640 1 -- --> [v2:172.21.15.86:3300/0,v1:172.21.15.86:6789/0] -- mon_getmap magic: 0 v1 -- 0x7f4e7410f480 con 0x7f4e740fb040
2024-06-06T08:22:36.519 INFO:teuthology.orchestra.run.smithi086.stderr:2024-06-06T08:22:36.519+0000 7f4e78ebd640 1 --2- >> [v2:172.21.15.86:3300/0,v1:172.21.15.86:6789/0] conn(0x7f4e740fb040 0x7f4e74065230 unknown :-1 s=BANNER_CONNECTING pgs=0 cs=0 l=1 rev1=0 crypto rx=0 tx=0 comp rx=0 tx=0)._handle_peer_banner_payload supported=3 required=0
2024-06-06T08:22:36.519 INFO:teuthology.orchestra.run.smithi086.stderr:2024-06-06T08:22:36.519+0000 7f4e78ebd640 1 --2- >> [v2:172.21.15.86:3300/0,v1:172.21.15.86:6789/0] conn(0x7f4e740fb040 0x7f4e74065230 unknown :-1 s=HELLO_CONNECTING pgs=0 cs=0 l=1 rev1=1 crypto rx=0 tx=0 comp rx=0 tx=0).handle_hello peer v2:172.21.15.86:3300/0 says I am v2:172.21.15.86:60930/0 (socket says 172.21.15.86:60930)
2024-06-06T08:22:36.519 INFO:teuthology.orchestra.run.smithi086.stderr:2024-06-06T08:22:36.519+0000 7f4e78ebd640 1 -- 172.21.15.86:0/3767656805 learned_addr learned my addr 172.21.15.86:0/3767656805 (peer_addr_for_me v2:172.21.15.86:0/0)
2024-06-06T08:22:36.519 INFO:teuthology.orchestra.run.smithi086.stderr:2024-06-06T08:22:36.519+0000 7f4e78ebd640 1 -- 172.21.15.86:0/3767656805 --> [v2:172.21.15.86:3300/0,v1:172.21.15.86:6789/0] -- mon_subscribe({config=0+,monmap=0+}) v3 -- 0x7f4e68005040 con 0x7f4e740fb040
2024-06-06T08:22:36.521 INFO:teuthology.orchestra.run.smithi086.stderr:2024-06-06T08:22:36.520+0000 7f4e78ebd640 1 --2- 172.21.15.86:0/3767656805 >> [v2:172.21.15.86:3300/0,v1:172.21.15.86:6789/0] conn(0x7f4e740fb040 0x7f4e74065230 secure :-1 s=READY pgs=89 cs=0 l=1 rev1=1 crypto rx=0x7f4e68004820 tx=0x7f4e68009da0 comp rx=0 tx=0).ready entity=mon.0 client_cookie=0 server_cookie=0 in_seq=0 out_seq=0
2024-06-06T08:22:36.521 INFO:teuthology.orchestra.run.smithi086.stderr:2024-06-06T08:22:36.520+0000 7f4e717fa640 1 -- 172.21.15.86:0/3767656805 <== mon.0 v2:172.21.15.86:3300/0 1 ==== mon_map magic: 0 v1 ==== 229+0+0 (secure 0 0 0) 0x7f4e68032650 con 0x7f4e740fb040
2024-06-06T08:22:36.521 INFO:teuthology.orchestra.run.smithi086.stderr:2024-06-06T08:22:36.520+0000 7f4e717fa640 1 -- 172.21.15.86:0/3767656805 <== mon.0 v2:172.21.15.86:3300/0 2 ==== config(27 keys) v1 ==== 1109+0+0 (secure 0 0 0) 0x7f4e68032c80 con 0x7f4e740fb040
2024-06-06T08:22:36.521 INFO:teuthology.orchestra.run.smithi086.stderr:2024-06-06T08:22:36.520+0000 7f4e7b121640 1 -- 172.21.15.86:0/3767656805 --> [v2:172.21.15.86:3300/0,v1:172.21.15.86:6789/0] -- mon_subscribe({mgrmap=0+}) v3 -- 0x7f4e7410f5c0 con 0x7f4e740fb040
2024-06-06T08:22:36.521 INFO:teuthology.orchestra.run.smithi086.stderr:2024-06-06T08:22:36.520+0000 7f4e717fa640 1 -- 172.21.15.86:0/3767656805 <== mon.0 v2:172.21.15.86:3300/0 3 ==== mon_map magic: 0 v1 ==== 229+0+0 (secure 0 0 0) 0x7f4e6803eda0 con 0x7f4e740fb040
2024-06-06T08:22:36.521 INFO:teuthology.orchestra.run.smithi086.stderr:2024-06-06T08:22:36.520+0000 7f4e7b121640 1 -- 172.21.15.86:0/3767656805 --> [v2:172.21.15.86:3300/0,v1:172.21.15.86:6789/0] -- mon_subscribe({osdmap=0}) v3 -- 0x7f4e7410fa30 con 0x7f4e740fb040
2024-06-06T08:22:36.521 INFO:teuthology.orchestra.run.smithi086.stderr:2024-06-06T08:22:36.521+0000 7f4e717fa640 1 -- 172.21.15.86:0/3767656805 <== mon.0 v2:172.21.15.86:3300/0 4 ==== mgrmap(e 13) v1 ==== 42002+0+0 (secure 0 0 0) 0x7f4e68030020 con 0x7f4e740fb040
2024-06-06T08:22:36.521 INFO:teuthology.orchestra.run.smithi086.stderr:2024-06-06T08:22:36.521+0000 7f4e7b121640 1 -- 172.21.15.86:0/3767656805 --> [v2:172.21.15.86:3300/0,v1:172.21.15.86:6789/0] -- mon_command({"prefix": "get_command_descriptions"} v 0) v1 -- 0x7f4e741015b0 con 0x7f4e740fb040
2024-06-06T08:22:36.521 INFO:teuthology.orchestra.run.smithi086.stderr:2024-06-06T08:22:36.521+0000 7f4e717fa640 1 --2- 172.21.15.86:0/3767656805 >> [v2:172.21.15.86:6800/2470791934,v1:172.21.15.86:6801/2470791934] conn(0x7f4e64034900 0x7f4e64036db0 unknown :-1 s=NONE pgs=0 cs=0 l=1 rev1=0 crypto rx=0 tx=0 comp rx=0 tx=0).connect
2024-06-06T08:22:36.521 INFO:teuthology.orchestra.run.smithi086.stderr:2024-06-06T08:22:36.521+0000 7f4e717fa640 1 -- 172.21.15.86:0/3767656805 <== mon.0 v2:172.21.15.86:3300/0 5 ==== osd_map(3..3 src has 1..3) v4 ==== 1151+0+0 (secure 0 0 0) 0x7f4e68066910 con 0x7f4e740fb040
2024-06-06T08:22:36.522 INFO:teuthology.orchestra.run.smithi086.stderr:2024-06-06T08:22:36.521+0000 7f4e73fff640 1 --2- 172.21.15.86:0/3767656805 >> [v2:172.21.15.86:6800/2470791934,v1:172.21.15.86:6801/2470791934] conn(0x7f4e64034900 0x7f4e64036db0 unknown :-1 s=BANNER_CONNECTING pgs=0 cs=0 l=1 rev1=0 crypto rx=0 tx=0 comp rx=0 tx=0)._handle_peer_banner_payload supported=3 required=0
2024-06-06T08:22:36.522 INFO:teuthology.orchestra.run.smithi086.stderr:2024-06-06T08:22:36.522+0000 7f4e73fff640 1 --2- 172.21.15.86:0/3767656805 >> [v2:172.21.15.86:6800/2470791934,v1:172.21.15.86:6801/2470791934] conn(0x7f4e64034900 0x7f4e64036db0 secure :-1 s=READY pgs=12 cs=0 l=1 rev1=1 crypto rx=0x7f4e60006fd0 tx=0x7f4e60006db0 comp rx=0 tx=0).ready entity=mgr.14160 client_cookie=0 server_cookie=0 in_seq=0 out_seq=0
2024-06-06T08:22:36.525 INFO:teuthology.orchestra.run.smithi086.stderr:2024-06-06T08:22:36.526+0000 7f4e717fa640 1 -- 172.21.15.86:0/3767656805 <== mon.0 v2:172.21.15.86:3300/0 6 ==== mon_command_ack([{"prefix": "get_command_descriptions"}]=0 v0) v1 ==== 72+0+175578 (secure 0 0 0) 0x7f4e68033420 con 0x7f4e740fb040
2024-06-06T08:22:36.702 INFO:teuthology.orchestra.run.smithi086.stderr:2024-06-06T08:22:36.702+0000 7f4e7b121640 1 -- 172.21.15.86:0/3767656805 --> [v2:172.21.15.86:3300/0,v1:172.21.15.86:6789/0] -- mon_command([{prefix=config set, name=mgr/cephadm/allow_ptrace}] v 0) v1 -- 0x7f4e7404b500 con 0x7f4e740fb040
2024-06-06T08:22:36.704 INFO:teuthology.orchestra.run.smithi086.stderr:2024-06-06T08:22:36.705+0000 7f4e717fa640 1 -- 172.21.15.86:0/3767656805 <== mon.0 v2:172.21.15.86:3300/0 7 ==== mon_command_ack([{prefix=config set, name=mgr/cephadm/allow_ptrace}]=0 v9)=0 v9) v1 ==== 125+0+0 (secure 0 0 0) 0x7f4e7404b500 con 0x7f4e740fb040
2024-06-06T08:22:36.707 INFO:teuthology.orchestra.run.smithi086.stderr:2024-06-06T08:22:36.708+0000 7f4e7b121640 1 -- 172.21.15.86:0/3767656805 >> [v2:172.21.15.86:6800/2470791934,v1:172.21.15.86:6801/2470791934] conn(0x7f4e64034900 msgr2=0x7f4e64036db0 secure :-1 s=STATE_CONNECTION_ESTABLISHED l=1).mark_down
2024-06-06T08:22:36.707 INFO:teuthology.orchestra.run.smithi086.stderr:2024-06-06T08:22:36.708+0000 7f4e7b121640 1 --2- 172.21.15.86:0/3767656805 >> [v2:172.21.15.86:6800/2470791934,v1:172.21.15.86:6801/2470791934] conn(0x7f4e64034900 0x7f4e64036db0 secure :-1 s=READY pgs=12 cs=0 l=1 rev1=1 crypto rx=0x7f4e60006fd0 tx=0x7f4e60006db0 comp rx=0 tx=0).stop
2024-06-06T08:22:36.707 INFO:teuthology.orchestra.run.smithi086.stderr:2024-06-06T08:22:36.708+0000 7f4e7b121640 1 -- 172.21.15.86:0/3767656805 >> [v2:172.21.15.86:3300/0,v1:172.21.15.86:6789/0] conn(0x7f4e740fb040 msgr2=0x7f4e74065230 secure :-1 s=STATE_CONNECTION_ESTABLISHED l=1).mark_down
2024-06-06T08:22:36.707 INFO:teuthology.orchestra.run.smithi086.stderr:2024-06-06T08:22:36.708+0000 7f4e7b121640 1 --2- 172.21.15.86:0/3767656805 >> [v2:172.21.15.86:3300/0,v1:172.21.15.86:6789/0] conn(0x7f4e740fb040 0x7f4e74065230 secure :-1 s=READY pgs=89 cs=0 l=1 rev1=1 crypto rx=0x7f4e68004820 tx=0x7f4e68009da0 comp rx=0 tx=0).stop
2024-06-06T08:22:36.707 INFO:teuthology.orchestra.run.smithi086.stderr:2024-06-06T08:22:36.708+0000 7f4e7b121640 1 -- 172.21.15.86:0/3767656805 shutdown_connections
2024-06-06T08:22:36.707 INFO:teuthology.orchestra.run.smithi086.stderr:2024-06-06T08:22:36.708+0000 7f4e7b121640 1 --2- 172.21.15.86:0/3767656805 >> [v2:172.21.15.86:6800/2470791934,v1:172.21.15.86:6801/2470791934] conn(0x7f4e64034900 0x7f4e64036db0 unknown :-1 s=CLOSED pgs=12 cs=0 l=1 rev1=1 crypto rx=0 tx=0 comp rx=0 tx=0).stop
2024-06-06T08:22:36.707 INFO:teuthology.orchestra.run.smithi086.stderr:2024-06-06T08:22:36.708+0000 7f4e7b121640 1 --2- 172.21.15.86:0/3767656805 >> [v2:172.21.15.86:3300/0,v1:172.21.15.86:6789/0] conn(0x7f4e740fb040 0x7f4e74065230 unknown :-1 s=CLOSED pgs=89 cs=0 l=1 rev1=1 crypto rx=0 tx=0 comp rx=0 tx=0).stop
2024-06-06T08:22:36.707 INFO:teuthology.orchestra.run.smithi086.stderr:2024-06-06T08:22:36.708+0000 7f4e7b121640 1 -- 172.21.15.86:0/3767656805 >> 172.21.15.86:0/3767656805 conn(0x7f4e740f6820 msgr2=0x7f4e741021e0 unknown :-1 s=STATE_NONE l=0).mark_down
2024-06-06T08:22:36.708 INFO:teuthology.orchestra.run.smithi086.stderr:2024-06-06T08:22:36.708+0000 7f4e7b121640 1 -- 172.21.15.86:0/3767656805 shutdown_connections
2024-06-06T08:22:36.708 INFO:teuthology.orchestra.run.smithi086.stderr:2024-06-06T08:22:36.708+0000 7f4e7b121640 1 -- 172.21.15.86:0/3767656805 wait complete.
2024-06-06T08:22:37.331 INFO:journalctl@ceph.mon.smithi086.smithi086.stdout:Jun 06 08:22:37 smithi086 ceph-mon[29114]: from='mgr.14160 172.21.15.86:0/1433421676' entity='mgr.smithi086.mfkgze'
2024-06-06T08:22:37.331 INFO:journalctl@ceph.mon.smithi086.smithi086.stdout:Jun 06 08:22:37 smithi086 ceph-mon[29114]: from='mgr.14160 172.21.15.86:0/1433421676' entity='mgr.smithi086.mfkgze'
2024-06-06T08:22:37.331 INFO:journalctl@ceph.mon.smithi086.smithi086.stdout:Jun 06 08:22:37 smithi086 ceph-mon[29114]: from='mgr.14160 172.21.15.86:0/1433421676' entity='mgr.smithi086.mfkgze' cmd=[{"prefix": "config rm", "who": "osd/host:smithi086", "name": "osd_memory_target"}]: dispatch
2024-06-06T08:22:37.332 INFO:journalctl@ceph.mon.smithi086.smithi086.stdout:Jun 06 08:22:37 smithi086 ceph-mon[29114]: from='mgr.14160 172.21.15.86:0/1433421676' entity='mgr.smithi086.mfkgze'
2024-06-06T08:22:37.332 INFO:journalctl@ceph.mon.smithi086.smithi086.stdout:Jun 06 08:22:37 smithi086 ceph-mon[29114]: from='mgr.14160 172.21.15.86:0/1433421676' entity='mgr.smithi086.mfkgze' cmd=[{"prefix": "auth get-or-create", "entity": "client.crash.smithi086", "caps": ["mon", "profile crash", "mgr", "profile crash"]}]: dispatch
2024-06-06T08:22:37.332 INFO:journalctl@ceph.mon.smithi086.smithi086.stdout:Jun 06 08:22:37 smithi086 ceph-mon[29114]: from='mgr.14160 172.21.15.86:0/1433421676' entity='mgr.smithi086.mfkgze' cmd='[{"prefix": "auth get-or-create", "entity": "client.crash.smithi086", "caps": ["mon", "profile crash", "mgr", "profile crash"]}]': finished
2024-06-06T08:22:37.332 INFO:journalctl@ceph.mon.smithi086.smithi086.stdout:Jun 06 08:22:37 smithi086 ceph-mon[29114]: from='mgr.14160 172.21.15.86:0/1433421676' entity='mgr.smithi086.mfkgze' cmd=[{"prefix": "config generate-minimal-conf"}]: dispatch
2024-06-06T08:22:37.332 INFO:journalctl@ceph.mon.smithi086.smithi086.stdout:Jun 06 08:22:37 smithi086 ceph-mon[29114]: Deploying daemon crash.smithi086 on smithi086
2024-06-06T08:22:37.332 INFO:journalctl@ceph.mon.smithi086.smithi086.stdout:Jun 06 08:22:37 smithi086 ceph-mon[29114]: from='client.? 172.21.15.86:0/3767656805' entity='client.admin'
2024-06-06T08:22:37.440 INFO:tasks.cephadm:Distributing conf and client.admin keyring to all hosts + 0755
2024-06-06T08:22:37.441 DEBUG:teuthology.orchestra.run.smithi086:> sudo /home/ubuntu/cephtest/cephadm --image quay.ceph.io/ceph-ci/ceph:quincy shell -c /etc/ceph/ceph.conf -k /etc/ceph/ceph.client.admin.keyring --fsid a8550dee-23dd-11ef-bc9b-c7b262605968 -- ceph orch client-keyring set client.admin '*' --mode 0755
2024-06-06T08:22:38.107 INFO:teuthology.orchestra.run.smithi086.stderr:Inferring config /var/lib/ceph/a8550dee-23dd-11ef-bc9b-c7b262605968/mon.smithi086/config
2024-06-06T08:22:40.034 INFO:teuthology.orchestra.run.smithi086.stderr:2024-06-06T08:22:40.034+0000 7f72086e7640 1 -- 172.21.15.86:0/2620646268 >> [v2:172.21.15.86:3300/0,v1:172.21.15.86:6789/0] conn(0x7f72000fb040 msgr2=0x7f72000fb450 secure :-1 s=STATE_CONNECTION_ESTABLISHED l=1).mark_down
2024-06-06T08:22:40.035 INFO:teuthology.orchestra.run.smithi086.stderr:2024-06-06T08:22:40.034+0000 7f72086e7640 1 --2- 172.21.15.86:0/2620646268 >> [v2:172.21.15.86:3300/0,v1:172.21.15.86:6789/0] conn(0x7f72000fb040 0x7f72000fb450 secure :-1 s=READY pgs=90 cs=0 l=1 rev1=1 crypto rx=0x7f71fc004850 tx=0x7f71fc009da0 comp rx=0 tx=0).stop
2024-06-06T08:22:40.035 INFO:teuthology.orchestra.run.smithi086.stderr:2024-06-06T08:22:40.034+0000 7f72086e7640 1 -- 172.21.15.86:0/2620646268 shutdown_connections
2024-06-06T08:22:40.035 INFO:teuthology.orchestra.run.smithi086.stderr:2024-06-06T08:22:40.034+0000 7f72086e7640 1 --2- 172.21.15.86:0/2620646268 >> [v2:172.21.15.86:3300/0,v1:172.21.15.86:6789/0] conn(0x7f72000fb040 0x7f72000fb450 unknown :-1 s=CLOSED pgs=90 cs=0 l=1 rev1=1 crypto rx=0 tx=0 comp rx=0 tx=0).stop
2024-06-06T08:22:40.035 INFO:teuthology.orchestra.run.smithi086.stderr:2024-06-06T08:22:40.034+0000 7f72086e7640 1 -- 172.21.15.86:0/2620646268 >> 172.21.15.86:0/2620646268 conn(0x7f72000f6820 msgr2=0x7f72000f8c30 unknown :-1 s=STATE_NONE l=0).mark_down
2024-06-06T08:22:40.035 INFO:teuthology.orchestra.run.smithi086.stderr:2024-06-06T08:22:40.034+0000 7f72086e7640 1 -- 172.21.15.86:0/2620646268 shutdown_connections
2024-06-06T08:22:40.035 INFO:teuthology.orchestra.run.smithi086.stderr:2024-06-06T08:22:40.034+0000 7f72086e7640 1 -- 172.21.15.86:0/2620646268 wait complete.
2024-06-06T08:22:40.035 INFO:teuthology.orchestra.run.smithi086.stderr:2024-06-06T08:22:40.034+0000 7f72086e7640 1 Processor -- start
2024-06-06T08:22:40.035 INFO:teuthology.orchestra.run.smithi086.stderr:2024-06-06T08:22:40.034+0000 7f72086e7640 1 -- start start
2024-06-06T08:22:40.036 INFO:teuthology.orchestra.run.smithi086.stderr:2024-06-06T08:22:40.035+0000 7f72086e7640 1 --2- >> [v2:172.21.15.86:3300/0,v1:172.21.15.86:6789/0] conn(0x7f72000fb040 0x7f7200065230 unknown :-1 s=NONE pgs=0 cs=0 l=1 rev1=0 crypto rx=0 tx=0 comp rx=0 tx=0).connect
2024-06-06T08:22:40.036 INFO:teuthology.orchestra.run.smithi086.stderr:2024-06-06T08:22:40.035+0000 7f72086e7640 1 -- --> [v2:172.21.15.86:3300/0,v1:172.21.15.86:6789/0] -- mon_getmap magic: 0 v1 -- 0x7f720010f480 con 0x7f72000fb040
2024-06-06T08:22:40.036 INFO:teuthology.orchestra.run.smithi086.stderr:2024-06-06T08:22:40.035+0000 7f7206483640 1 --2- >> [v2:172.21.15.86:3300/0,v1:172.21.15.86:6789/0] conn(0x7f72000fb040 0x7f7200065230 unknown :-1 s=BANNER_CONNECTING pgs=0 cs=0 l=1 rev1=0 crypto rx=0 tx=0 comp rx=0 tx=0)._handle_peer_banner_payload supported=3 required=0
2024-06-06T08:22:40.036 INFO:teuthology.orchestra.run.smithi086.stderr:2024-06-06T08:22:40.035+0000 7f7206483640 1 --2- >> [v2:172.21.15.86:3300/0,v1:172.21.15.86:6789/0] conn(0x7f72000fb040 0x7f7200065230 unknown :-1 s=HELLO_CONNECTING pgs=0 cs=0 l=1 rev1=1 crypto rx=0 tx=0 comp rx=0 tx=0).handle_hello peer v2:172.21.15.86:3300/0 says I am v2:172.21.15.86:53656/0 (socket says 172.21.15.86:53656)
2024-06-06T08:22:40.036 INFO:teuthology.orchestra.run.smithi086.stderr:2024-06-06T08:22:40.035+0000 7f7206483640 1 -- 172.21.15.86:0/2914718498 learned_addr learned my addr 172.21.15.86:0/2914718498 (peer_addr_for_me v2:172.21.15.86:0/0)
2024-06-06T08:22:40.036 INFO:teuthology.orchestra.run.smithi086.stderr:2024-06-06T08:22:40.035+0000 7f7206483640 1 -- 172.21.15.86:0/2914718498 --> [v2:172.21.15.86:3300/0,v1:172.21.15.86:6789/0] -- mon_subscribe({config=0+,monmap=0+}) v3 -- 0x7f71fc005040 con 0x7f72000fb040
2024-06-06T08:22:40.036 INFO:teuthology.orchestra.run.smithi086.stderr:2024-06-06T08:22:40.035+0000 7f7206483640 1 --2- 172.21.15.86:0/2914718498 >> [v2:172.21.15.86:3300/0,v1:172.21.15.86:6789/0] conn(0x7f72000fb040 0x7f7200065230 secure :-1 s=READY pgs=91 cs=0 l=1 rev1=1 crypto rx=0x7f71fc0098d0 tx=0x7f71fc009da0 comp rx=0 tx=0).ready entity=mon.0 client_cookie=0 server_cookie=0 in_seq=0 out_seq=0
2024-06-06T08:22:40.036 INFO:teuthology.orchestra.run.smithi086.stderr:2024-06-06T08:22:40.035+0000 7f71f6ffd640 1 -- 172.21.15.86:0/2914718498 <== mon.0 v2:172.21.15.86:3300/0 1 ==== mon_map magic: 0 v1 ==== 229+0+0 (secure 0 0 0) 0x7f71fc032650 con 0x7f72000fb040
