2024-06-07T08:41:35.050 INFO:journalctl@ceph.mon.a.smithi003.stdout:Jun 07 08:41:34 smithi003 ceph-mon[37630]: from='mgr.14118 172.21.15.3:0/1070300717' entity='mgr.x' cmd=[{"prefix":"config rm","who":"mgr","name":"mgr/rbd_support/x/mirror_snapshot_schedule"}]: dispatch
2024-06-07T08:41:35.050 INFO:journalctl@ceph.mon.a.smithi003.stdout:Jun 07 08:41:34 smithi003 ceph-mon[37630]: from='mgr.14118 172.21.15.3:0/1070300717' entity='mgr.x' cmd=[{"prefix":"config rm","who":"mgr","name":"mgr/rbd_support/x/trash_purge_schedule"}]: dispatch
2024-06-07T08:41:35.050 INFO:journalctl@ceph.mon.a.smithi003.stdout:Jun 07 08:41:34 smithi003 ceph-mon[37630]: from='mgr.14118 172.21.15.3:0/1070300717' entity='mgr.x'
2024-06-07T08:41:35.050 INFO:journalctl@ceph.mon.a.smithi003.stdout:Jun 07 08:41:34 smithi003 ceph-mon[37630]: from='mgr.14118 172.21.15.3:0/1070300717' entity='mgr.x'
2024-06-07T08:41:35.050 INFO:journalctl@ceph.mon.a.smithi003.stdout:Jun 07 08:41:34 smithi003 ceph-mon[37630]: mgrmap e7: x(active, since 1.00674s)
2024-06-07T08:41:36.071 INFO:teuthology.orchestra.run.smithi003.stdout:/usr/bin/ceph: stderr
2024-06-07T08:41:35.457+0000 7f2d66a00640 1 Processor -- start
2024-06-07T08:41:36.072 INFO:teuthology.orchestra.run.smithi003.stdout:/usr/bin/ceph: stderr
2024-06-07T08:41:35.457+0000 7f2d66a00640 1 -- start start
2024-06-07T08:41:36.072 INFO:teuthology.orchestra.run.smithi003.stdout:/usr/bin/ceph: stderr
2024-06-07T08:41:35.457+0000 7f2d66a00640 1 --2- >> [v2:172.21.15.3:3300/0,v1:172.21.15.3:6789/0] conn(0x7f2d60107f60 0x7f2d60108380 unknown :-1 s=NONE pgs=0 cs=0 l=0 rev1=0 crypto rx=0 tx=0 comp rx=0 tx=0).connect
2024-06-07T08:41:36.072 INFO:teuthology.orchestra.run.smithi003.stdout:/usr/bin/ceph: stderr
2024-06-07T08:41:35.457+0000 7f2d66a00640 1 -- --> [v2:172.21.15.3:3300/0,v1:172.21.15.3:6789/0] -- mon_getmap magic: 0 v1 -- 0x7f2d601088c0 con 0x7f2d60107f60
2024-06-07T08:41:36.072 INFO:teuthology.orchestra.run.smithi003.stdout:/usr/bin/ceph: stderr
2024-06-07T08:41:35.458+0000 7f2d5fe00640 1 --2- >> [v2:172.21.15.3:3300/0,v1:172.21.15.3:6789/0] conn(0x7f2d60107f60 0x7f2d60108380 unknown :-1 s=BANNER_CONNECTING pgs=0 cs=0 l=0 rev1=0 crypto rx=0 tx=0 comp rx=0 tx=0)._handle_peer_banner_payload supported=3 required=0
2024-06-07T08:41:36.072 INFO:teuthology.orchestra.run.smithi003.stdout:/usr/bin/ceph: stderr
2024-06-07T08:41:35.458+0000 7f2d5fe00640 1 --2- >> [v2:172.21.15.3:3300/0,v1:172.21.15.3:6789/0] conn(0x7f2d60107f60 0x7f2d60108380 unknown :-1 s=HELLO_CONNECTING pgs=0 cs=0 l=0 rev1=1 crypto rx=0 tx=0 comp rx=0 tx=0).handle_hello peer v2:172.21.15.3:3300/0 says I am v2:172.21.15.3:54934/0 (socket says 172.21.15.3:54934)
2024-06-07T08:41:36.072 INFO:teuthology.orchestra.run.smithi003.stdout:/usr/bin/ceph: stderr
2024-06-07T08:41:35.458+0000 7f2d5fe00640 1 -- 172.21.15.3:0/1848144085 learned_addr learned my addr 172.21.15.3:0/1848144085 (peer_addr_for_me v2:172.21.15.3:0/0)
2024-06-07T08:41:36.072 INFO:teuthology.orchestra.run.smithi003.stdout:/usr/bin/ceph: stderr
2024-06-07T08:41:35.458+0000 7f2d5fe00640 1 -- 172.21.15.3:0/1848144085 --> [v2:172.21.15.3:3300/0,v1:172.21.15.3:6789/0] -- mon_subscribe({config=0+,monmap=0+}) v3 -- 0x7f2d60108a00 con 0x7f2d60107f60
2024-06-07T08:41:36.072 INFO:teuthology.orchestra.run.smithi003.stdout:/usr/bin/ceph: stderr
2024-06-07T08:41:35.459+0000 7f2d5fe00640 1 --2- 172.21.15.3:0/1848144085 >> [v2:172.21.15.3:3300/0,v1:172.21.15.3:6789/0] conn(0x7f2d60107f60 0x7f2d60108380 secure :-1 s=READY pgs=35 cs=0 l=1 rev1=1 crypto rx=0x7f2d50009820 tx=0x7f2d5002a270 comp rx=0 tx=0).ready entity=mon.0 client_cookie=10fa26906a0b6a56 server_cookie=0 in_seq=0 out_seq=0
2024-06-07T08:41:36.072 INFO:teuthology.orchestra.run.smithi003.stdout:/usr/bin/ceph: stderr
2024-06-07T08:41:35.459+0000 7f2d5ea00640 1 -- 172.21.15.3:0/1848144085 <== mon.0 v2:172.21.15.3:3300/0 1 ==== mon_map magic: 0 v1 ==== 205+0+0 (secure 0 0 0) 0x7f2d5002ae70 con 0x7f2d60107f60
2024-06-07T08:41:36.072 INFO:teuthology.orchestra.run.smithi003.stdout:/usr/bin/ceph: stderr
2024-06-07T08:41:35.460+0000 7f2d5ea00640 1 -- 172.21.15.3:0/1848144085 <== mon.0 v2:172.21.15.3:3300/0 2 ==== config(26 keys) v1 ==== 1074+0+0 (secure 0 0 0) 0x7f2d500328e0 con 0x7f2d60107f60
2024-06-07T08:41:36.072 INFO:teuthology.orchestra.run.smithi003.stdout:/usr/bin/ceph: stderr
2024-06-07T08:41:35.460+0000 7f2d5ea00640 1 -- 172.21.15.3:0/1848144085 <== mon.0 v2:172.21.15.3:3300/0 3 ==== mon_map magic: 0 v1 ==== 205+0+0 (secure 0 0 0) 0x7f2d500308c0 con 0x7f2d60107f60
2024-06-07T08:41:36.073 INFO:teuthology.orchestra.run.smithi003.stdout:/usr/bin/ceph: stderr
2024-06-07T08:41:35.460+0000 7f2d66a00640 1 -- 172.21.15.3:0/1848144085 >> [v2:172.21.15.3:3300/0,v1:172.21.15.3:6789/0] conn(0x7f2d60107f60 msgr2=0x7f2d60108380 secure :-1 s=STATE_CONNECTION_ESTABLISHED l=1).mark_down
2024-06-07T08:41:36.073 INFO:teuthology.orchestra.run.smithi003.stdout:/usr/bin/ceph: stderr
2024-06-07T08:41:35.460+0000 7f2d66a00640 1 --2- 172.21.15.3:0/1848144085 >> [v2:172.21.15.3:3300/0,v1:172.21.15.3:6789/0] conn(0x7f2d60107f60 0x7f2d60108380 secure :-1 s=READY pgs=35 cs=0 l=1 rev1=1 crypto rx=0x7f2d50009820 tx=0x7f2d5002a270 comp rx=0 tx=0).stop
2024-06-07T08:41:36.073 INFO:teuthology.orchestra.run.smithi003.stdout:/usr/bin/ceph: stderr
2024-06-07T08:41:35.460+0000 7f2d66a00640 1 -- 172.21.15.3:0/1848144085 shutdown_connections
2024-06-07T08:41:36.073 INFO:journalctl@ceph.mon.a.smithi003.stdout:Jun 07 08:41:35 smithi003 ceph-mon[37630]: from='client.14122 -' entity='client.admin' cmd=[{"prefix": "get_command_descriptions"}]: dispatch
2024-06-07T08:41:36.073 INFO:journalctl@ceph.mon.a.smithi003.stdout:Jun 07 08:41:35 smithi003 ceph-mon[37630]: from='client.14122 -' entity='client.admin' cmd=[{"prefix": "mgr_status"}]: dispatch
2024-06-07T08:41:36.073 INFO:journalctl@ceph.mon.a.smithi003.stdout:Jun 07 08:41:35 smithi003 ceph-mon[37630]: from='mgr.14118 172.21.15.3:0/1070300717' entity='mgr.x'
2024-06-07T08:41:36.073 INFO:journalctl@ceph.mon.a.smithi003.stdout:Jun 07 08:41:35 smithi003 ceph-mon[37630]: from='mgr.14118 172.21.15.3:0/1070300717' entity='mgr.x' cmd=[{"prefix": "config dump", "format": "json"}]: dispatch
2024-06-07T08:41:36.076 INFO:teuthology.orchestra.run.smithi003.stdout:/usr/bin/ceph: stderr
2024-06-07T08:41:35.460+0000 7f2d66a00640 1 --2- 172.21.15.3:0/1848144085 >> [v2:172.21.15.3:3300/0,v1:172.21.15.3:6789/0] conn(0x7f2d60107f60 0x7f2d60108380 unknown :-1 s=CLOSED pgs=35 cs=0 l=1 rev1=1 crypto rx=0 tx=0 comp rx=0 tx=0).stop
2024-06-07T08:41:36.076 INFO:teuthology.orchestra.run.smithi003.stdout:/usr/bin/ceph: stderr
2024-06-07T08:41:35.460+0000 7f2d66a00640 1 -- 172.21.15.3:0/1848144085 >> 172.21.15.3:0/1848144085 conn(0x7f2d6007b300 msgr2=0x7f2d6007b710 unknown :-1 s=STATE_NONE l=0).mark_down
2024-06-07T08:41:36.076 INFO:teuthology.orchestra.run.smithi003.stdout:/usr/bin/ceph: stderr
2024-06-07T08:41:35.460+0000 7f2d66a00640 1 -- 172.21.15.3:0/1848144085 shutdown_connections
2024-06-07T08:41:36.076 INFO:teuthology.orchestra.run.smithi003.stdout:/usr/bin/ceph: stderr
2024-06-07T08:41:35.460+0000 7f2d66a00640 1 -- 172.21.15.3:0/1848144085 wait complete.
2024-06-07T08:41:36.076 INFO:teuthology.orchestra.run.smithi003.stdout:/usr/bin/ceph: stderr
2024-06-07T08:41:35.461+0000 7f2d66a00640 1 Processor -- start
2024-06-07T08:41:36.076 INFO:teuthology.orchestra.run.smithi003.stdout:/usr/bin/ceph: stderr
2024-06-07T08:41:35.461+0000 7f2d66a00640 1 -- start start
2024-06-07T08:41:36.076 INFO:teuthology.orchestra.run.smithi003.stdout:/usr/bin/ceph: stderr
2024-06-07T08:41:35.462+0000 7f2d66a00640 1 --2- >> [v2:172.21.15.3:3300/0,v1:172.21.15.3:6789/0] conn(0x7f2d60107f60 0x7f2d6019bc00 unknown :-1 s=NONE pgs=0 cs=0 l=1 rev1=0 crypto rx=0 tx=0 comp rx=0 tx=0).connect
2024-06-07T08:41:36.076 INFO:teuthology.orchestra.run.smithi003.stdout:/usr/bin/ceph: stderr
2024-06-07T08:41:35.462+0000 7f2d66a00640 1 -- --> [v2:172.21.15.3:3300/0,v1:172.21.15.3:6789/0] -- mon_getmap magic: 0 v1 -- 0x7f2d6019c140 con 0x7f2d60107f60
2024-06-07T08:41:36.076 INFO:teuthology.orchestra.run.smithi003.stdout:/usr/bin/ceph: stderr
2024-06-07T08:41:35.462+0000 7f2d5fe00640 1 --2- >> [v2:172.21.15.3:3300/0,v1:172.21.15.3:6789/0] conn(0x7f2d60107f60 0x7f2d6019bc00 unknown :-1 s=BANNER_CONNECTING pgs=0 cs=0 l=1 rev1=0 crypto rx=0 tx=0 comp rx=0 tx=0)._handle_peer_banner_payload supported=3 required=0
2024-06-07T08:41:36.076 INFO:teuthology.orchestra.run.smithi003.stdout:/usr/bin/ceph: stderr
2024-06-07T08:41:35.462+0000 7f2d5fe00640 1 --2- >> [v2:172.21.15.3:3300/0,v1:172.21.15.3:6789/0] conn(0x7f2d60107f60 0x7f2d6019bc00 unknown :-1 s=HELLO_CONNECTING pgs=0 cs=0 l=1 rev1=1 crypto rx=0 tx=0 comp rx=0 tx=0).handle_hello peer v2:172.21.15.3:3300/0 says I am v2:172.21.15.3:54946/0 (socket says 172.21.15.3:54946)
2024-06-07T08:41:36.077 INFO:teuthology.orchestra.run.smithi003.stdout:/usr/bin/ceph: stderr
2024-06-07T08:41:35.462+0000 7f2d5fe00640 1 -- 172.21.15.3:0/3167946502 learned_addr learned my addr 172.21.15.3:0/3167946502 (peer_addr_for_me v2:172.21.15.3:0/0)
2024-06-07T08:41:36.077 INFO:teuthology.orchestra.run.smithi003.stdout:/usr/bin/ceph: stderr
2024-06-07T08:41:35.462+0000 7f2d5fe00640 1 -- 172.21.15.3:0/3167946502 --> [v2:172.21.15.3:3300/0,v1:172.21.15.3:6789/0] -- mon_subscribe({config=0+,monmap=0+}) v3 -- 0x7f2d500094d0 con 0x7f2d60107f60
2024-06-07T08:41:36.077 INFO:teuthology.orchestra.run.smithi003.stdout:/usr/bin/ceph: stderr
2024-06-07T08:41:35.463+0000 7f2d5fe00640 1 --2- 172.21.15.3:0/3167946502 >> [v2:172.21.15.3:3300/0,v1:172.21.15.3:6789/0] conn(0x7f2d60107f60 0x7f2d6019bc00 secure :-1 s=READY pgs=36 cs=0 l=1 rev1=1 crypto rx=0x7f2d500097f0 tx=0x7f2d50030db0 comp rx=0 tx=0).ready entity=mon.0 client_cookie=0 server_cookie=0 in_seq=0 out_seq=0
2024-06-07T08:41:36.077 INFO:teuthology.orchestra.run.smithi003.stdout:/usr/bin/ceph: stderr
2024-06-07T08:41:35.463+0000 7f2d5cc00640 1 -- 172.21.15.3:0/3167946502 <== mon.0 v2:172.21.15.3:3300/0 1 ==== mon_map magic: 0 v1 ==== 205+0+0 (secure 0 0 0) 0x7f2d50032d90 con 0x7f2d60107f60
2024-06-07T08:41:36.077 INFO:teuthology.orchestra.run.smithi003.stdout:/usr/bin/ceph: stderr
2024-06-07T08:41:35.463+0000 7f2d5cc00640 1 -- 172.21.15.3:0/3167946502 <== mon.0 v2:172.21.15.3:3300/0 2 ==== config(26 keys) v1 ==== 1074+0+0 (secure 0 0 0) 0x7f2d5003b8d0 con 0x7f2d60107f60
2024-06-07T08:41:36.077 INFO:teuthology.orchestra.run.smithi003.stdout:/usr/bin/ceph: stderr
2024-06-07T08:41:35.463+0000 7f2d5cc00640 1 -- 172.21.15.3:0/3167946502 <== mon.0 v2:172.21.15.3:3300/0 3 ==== mon_map magic: 0 v1 ==== 205+0+0 (secure 0 0 0) 0x7f2d5003a780 con 0x7f2d60107f60
2024-06-07T08:41:36.077 INFO:teuthology.orchestra.run.smithi003.stdout:/usr/bin/ceph: stderr
2024-06-07T08:41:35.463+0000 7f2d66a00640 1 -- 172.21.15.3:0/3167946502 --> [v2:172.21.15.3:3300/0,v1:172.21.15.3:6789/0] -- mon_subscribe({mgrmap=0+}) v3 -- 0x7f2d6019c340 con 0x7f2d60107f60
2024-06-07T08:41:36.077 INFO:teuthology.orchestra.run.smithi003.stdout:/usr/bin/ceph: stderr
2024-06-07T08:41:35.463+0000 7f2d66a00640 1 -- 172.21.15.3:0/3167946502 --> [v2:172.21.15.3:3300/0,v1:172.21.15.3:6789/0] -- mon_subscribe({osdmap=0}) v3 -- 0x7f2d6019c7e0 con 0x7f2d60107f60
2024-06-07T08:41:36.077 INFO:teuthology.orchestra.run.smithi003.stdout:/usr/bin/ceph: stderr
2024-06-07T08:41:35.464+0000 7f2d66a00640 1 -- 172.21.15.3:0/3167946502 --> [v2:172.21.15.3:3300/0,v1:172.21.15.3:6789/0] -- mon_command({"prefix": "get_command_descriptions"} v 0) v1 -- 0x7f2d6010c330 con 0x7f2d60107f60
2024-06-07T08:41:36.077 INFO:teuthology.orchestra.run.smithi003.stdout:/usr/bin/ceph: stderr
2024-06-07T08:41:35.464+0000 7f2d5cc00640 1 -- 172.21.15.3:0/3167946502 <== mon.0 v2:172.21.15.3:3300/0 4 ==== mgrmap(e 7) v1 ==== 44745+0+0 (secure 0 0 0) 0x7f2d50039040 con 0x7f2d60107f60
2024-06-07T08:41:36.077 INFO:teuthology.orchestra.run.smithi003.stdout:/usr/bin/ceph: stderr
2024-06-07T08:41:35.465+0000 7f2d5cc00640 1 --2- 172.21.15.3:0/3167946502 >> [v2:172.21.15.3:6800/3568633537,v1:172.21.15.3:6801/3568633537] conn(0x7f2d44037650 0x7f2d44039b10 unknown :-1 s=NONE pgs=0 cs=0 l=1 rev1=0 crypto rx=0 tx=0 comp rx=0 tx=0).connect
2024-06-07T08:41:36.077 INFO:teuthology.orchestra.run.smithi003.stdout:/usr/bin/ceph: stderr
2024-06-07T08:41:35.465+0000 7f2d5cc00640 1 -- 172.21.15.3:0/3167946502 <== mon.0 v2:172.21.15.3:3300/0 5 ==== osd_map(2..2 src has 1..2) v4 ==== 940+0+0 (secure 0 0 0) 0x7f2d5006a490 con 0x7f2d60107f60
2024-06-07T08:41:36.077 INFO:teuthology.orchestra.run.smithi003.stdout:/usr/bin/ceph: stderr
2024-06-07T08:41:35.465+0000 7f2d5f400640 1 --2- 172.21.15.3:0/3167946502 >> [v2:172.21.15.3:6800/3568633537,v1:172.21.15.3:6801/3568633537] conn(0x7f2d44037650 0x7f2d44039b10 unknown :-1 s=BANNER_CONNECTING pgs=0 cs=0 l=1 rev1=0 crypto rx=0 tx=0 comp rx=0 tx=0)._handle_peer_banner_payload supported=3 required=0
2024-06-07T08:41:36.077 INFO:teuthology.orchestra.run.smithi003.stdout:/usr/bin/ceph: stderr
2024-06-07T08:41:35.466+0000 7f2d5f400640 1 --2- 172.21.15.3:0/3167946502 >> [v2:172.21.15.3:6800/3568633537,v1:172.21.15.3:6801/3568633537] conn(0x7f2d44037650 0x7f2d44039b10 secure :-1 s=READY pgs=7 cs=0 l=1 rev1=1 crypto rx=0x7f2d4c0098c0 tx=0x7f2d4c006db0 comp rx=0 tx=0).ready entity=mgr.14118 client_cookie=0 server_cookie=0 in_seq=0 out_seq=0
2024-06-07T08:41:36.078 INFO:teuthology.orchestra.run.smithi003.stdout:/usr/bin/ceph: stderr
2024-06-07T08:41:35.470+0000 7f2d5cc00640 1 -- 172.21.15.3:0/3167946502 <== mon.0 v2:172.21.15.3:3300/0 6 ==== mon_command_ack([{"prefix": "get_command_descriptions"}]=0 v0) v1 ==== 72+0+182498 (secure 0 0 0) 0x7f2d5003bd90 con 0x7f2d60107f60
2024-06-07T08:41:36.078 INFO:teuthology.orchestra.run.smithi003.stdout:/usr/bin/ceph: stderr
2024-06-07T08:41:35.677+0000 7f2d66a00640 1 -- 172.21.15.3:0/3167946502 --> [v2:172.21.15.3:6800/3568633537,v1:172.21.15.3:6801/3568633537] -- mgr_command(tid 0: {"prefix": "orch set backend", "module_name": "cephadm", "target": ["mon-mgr", ""]}) v1 -- 0x7f2d60105b20 con 0x7f2d44037650
2024-06-07T08:41:36.078 INFO:teuthology.orchestra.run.smithi003.stdout:/usr/bin/ceph: stderr
2024-06-07T08:41:35.687+0000 7f2d5cc00640 1 -- 172.21.15.3:0/3167946502 <== mgr.14118 v2:172.21.15.3:6800/3568633537 1 ==== mgr_command_reply(tid 0: 0 ) v1 ==== 8+0+0 (secure 0 0 0) 0x7f2d60105b20 con 0x7f2d44037650
2024-06-07T08:41:36.078 INFO:teuthology.orchestra.run.smithi003.stdout:/usr/bin/ceph: stderr
2024-06-07T08:41:35.690+0000 7f2d66a00640 1 -- 172.21.15.3:0/3167946502 >> [v2:172.21.15.3:6800/3568633537,v1:172.21.15.3:6801/3568633537] conn(0x7f2d44037650 msgr2=0x7f2d44039b10 secure :-1 s=STATE_CONNECTION_ESTABLISHED l=1).mark_down
2024-06-07T08:41:36.078 INFO:teuthology.orchestra.run.smithi003.stdout:/usr/bin/ceph: stderr
2024-06-07T08:41:35.690+0000 7f2d66a00640 1 --2- 172.21.15.3:0/3167946502 >> [v2:172.21.15.3:6800/3568633537,v1:172.21.15.3:6801/3568633537] conn(0x7f2d44037650 0x7f2d44039b10 secure :-1 s=READY pgs=7 cs=0 l=1 rev1=1 crypto rx=0x7f2d4c0098c0 tx=0x7f2d4c006db0 comp rx=0 tx=0).stop
2024-06-07T08:41:36.078 INFO:teuthology.orchestra.run.smithi003.stdout:/usr/bin/ceph: stderr
2024-06-07T08:41:35.690+0000 7f2d66a00640 1 -- 172.21.15.3:0/3167946502 >> [v2:172.21.15.3:3300/0,v1:172.21.15.3:6789/0] conn(0x7f2d60107f60 msgr2=0x7f2d6019bc00 secure :-1 s=STATE_CONNECTION_ESTABLISHED l=1).mark_down
2024-06-07T08:41:36.078 INFO:teuthology.orchestra.run.smithi003.stdout:/usr/bin/ceph: stderr
2024-06-07T08:41:35.690+0000 7f2d66a00640 1 --2- 172.21.15.3:0/3167946502 >> [v2:172.21.15.3:3300/0,v1:172.21.15.3:6789/0] conn(0x7f2d60107f60 0x7f2d6019bc00 secure :-1 s=READY pgs=36 cs=0 l=1 rev1=1 crypto rx=0x7f2d500097f0 tx=0x7f2d50030db0 comp rx=0 tx=0).stop
2024-06-07T08:41:36.078 INFO:teuthology.orchestra.run.smithi003.stdout:/usr/bin/ceph: stderr
2024-06-07T08:41:35.690+0000 7f2d66a00640 1 -- 172.21.15.3:0/3167946502 shutdown_connections
2024-06-07T08:41:36.078 INFO:teuthology.orchestra.run.smithi003.stdout:/usr/bin/ceph: stderr
2024-06-07T08:41:35.690+0000 7f2d66a00640 1 --2- 172.21.15.3:0/3167946502 >> [v2:172.21.15.3:6800/3568633537,v1:172.21.15.3:6801/3568633537] conn(0x7f2d44037650 0x7f2d44039b10 unknown :-1 s=CLOSED pgs=7 cs=0 l=1 rev1=1 crypto rx=0 tx=0 comp rx=0 tx=0).stop
2024-06-07T08:41:36.078 INFO:teuthology.orchestra.run.smithi003.stdout:/usr/bin/ceph: stderr
2024-06-07T08:41:35.690+0000 7f2d66a00640 1 --2- 172.21.15.3:0/3167946502 >> [v2:172.21.15.3:3300/0,v1:172.21.15.3:6789/0] conn(0x7f2d60107f60 0x7f2d6019bc00 secure :-1 s=CLOSED pgs=36 cs=0 l=1 rev1=1 crypto rx=0x7f2d500097f0 tx=0x7f2d50030db0 comp rx=0 tx=0).stop
2024-06-07T08:41:36.078 INFO:teuthology.orchestra.run.smithi003.stdout:/usr/bin/ceph: stderr
2024-06-07T08:41:35.690+0000 7f2d66a00640 1 -- 172.21.15.3:0/3167946502 >> 172.21.15.3:0/3167946502 conn(0x7f2d6007b300 msgr2=0x7f2d60105410 unknown :-1 s=STATE_NONE l=0).mark_down
2024-06-07T08:41:36.078 INFO:teuthology.orchestra.run.smithi003.stdout:/usr/bin/ceph: stderr
2024-06-07T08:41:35.691+0000 7f2d66a00640 1 -- 172.21.15.3:0/3167946502 shutdown_connections
2024-06-07T08:41:36.078 INFO:teuthology.orchestra.run.smithi003.stdout:/usr/bin/ceph: stderr
2024-06-07T08:41:35.691+0000 7f2d66a00640 1 -- 172.21.15.3:0/3167946502 wait complete.
2024-06-07T08:41:37.030 INFO:journalctl@ceph.mon.a.smithi003.stdout:Jun 07 08:41:36 smithi003 ceph-mon[37630]: from='client.14130 -' entity='client.admin' cmd=[{"prefix": "orch set backend", "module_name": "cephadm", "target": ["mon-mgr", ""]}]: dispatch
2024-06-07T08:41:37.030 INFO:journalctl@ceph.mon.a.smithi003.stdout:Jun 07 08:41:36 smithi003 ceph-mon[37630]: mgrmap e8: x(active, since 2s)
2024-06-07T08:41:37.034 INFO:teuthology.orchestra.run.smithi003.stdout:/usr/bin/ceph: stdout value unchanged
2024-06-07T08:41:37.040 INFO:teuthology.orchestra.run.smithi003.stdout:/usr/bin/ceph: stderr
2024-06-07T08:41:36.463+0000 7f78c7e00640 1 Processor -- start
2024-06-07T08:41:37.040 INFO:teuthology.orchestra.run.smithi003.stdout:/usr/bin/ceph: stderr
2024-06-07T08:41:36.463+0000 7f78c7e00640 1 -- start start
2024-06-07T08:41:37.040 INFO:teuthology.orchestra.run.smithi003.stdout:/usr/bin/ceph: stderr
2024-06-07T08:41:36.463+0000 7f78c7e00640 1 --2- >> [v2:172.21.15.3:3300/0,v1:172.21.15.3:6789/0] conn(0x7f78c8105b20 0x7f78c8105f40 unknown :-1 s=NONE pgs=0 cs=0 l=0 rev1=0 crypto rx=0 tx=0 comp rx=0 tx=0).connect
2024-06-07T08:41:37.040 INFO:teuthology.orchestra.run.smithi003.stdout:/usr/bin/ceph: stderr
2024-06-07T08:41:36.463+0000 7f78c7e00640 1 -- --> [v2:172.21.15.3:3300/0,v1:172.21.15.3:6789/0] -- mon_getmap magic: 0 v1 -- 0x7f78c8106510 con 0x7f78c8105b20
2024-06-07T08:41:37.040 INFO:teuthology.orchestra.run.smithi003.stdout:/usr/bin/ceph: stderr
2024-06-07T08:41:36.464+0000 7f78c6a00640 1 --2- >> [v2:172.21.15.3:3300/0,v1:172.21.15.3:6789/0] conn(0x7f78c8105b20 0x7f78c8105f40 unknown :-1 s=BANNER_CONNECTING pgs=0 cs=0 l=0 rev1=0 crypto rx=0 tx=0 comp rx=0 tx=0)._handle_peer_banner_payload supported=3 required=0
2024-06-07T08:41:37.040 INFO:teuthology.orchestra.run.smithi003.stdout:/usr/bin/ceph: stderr
2024-06-07T08:41:36.464+0000 7f78c6a00640 1 --2- >> [v2:172.21.15.3:3300/0,v1:172.21.15.3:6789/0] conn(0x7f78c8105b20 0x7f78c8105f40 unknown :-1 s=HELLO_CONNECTING pgs=0 cs=0 l=0 rev1=1 crypto rx=0 tx=0 comp rx=0 tx=0).handle_hello peer v2:172.21.15.3:3300/0 says I am v2:172.21.15.3:54962/0 (socket says 172.21.15.3:54962)
2024-06-07T08:41:37.040 INFO:teuthology.orchestra.run.smithi003.stdout:/usr/bin/ceph: stderr
2024-06-07T08:41:36.464+0000 7f78c6a00640 1 -- 172.21.15.3:0/532118929 learned_addr learned my addr 172.21.15.3:0/532118929 (peer_addr_for_me v2:172.21.15.3:0/0)
2024-06-07T08:41:37.040 INFO:teuthology.orchestra.run.smithi003.stdout:/usr/bin/ceph: stderr
2024-06-07T08:41:36.464+0000 7f78c6a00640 1 -- 172.21.15.3:0/532118929 --> [v2:172.21.15.3:3300/0,v1:172.21.15.3:6789/0] -- mon_subscribe({config=0+,monmap=0+}) v3 -- 0x7f78c8106d20 con 0x7f78c8105b20
2024-06-07T08:41:37.040 INFO:teuthology.orchestra.run.smithi003.stdout:/usr/bin/ceph: stderr
2024-06-07T08:41:36.465+0000 7f78c6a00640 1 --2- 172.21.15.3:0/532118929 >> [v2:172.21.15.3:3300/0,v1:172.21.15.3:6789/0] conn(0x7f78c8105b20 0x7f78c8105f40 secure :-1 s=READY pgs=37 cs=0 l=1 rev1=1 crypto rx=0x7f78b8009820 tx=0x7f78b802a270 comp rx=0 tx=0).ready entity=mon.0 client_cookie=65defdec8e671c9a server_cookie=0 in_seq=0 out_seq=0
2024-06-07T08:41:37.040 INFO:teuthology.orchestra.run.smithi003.stdout:/usr/bin/ceph: stderr
2024-06-07T08:41:36.465+0000 7f78c5600640 1 -- 172.21.15.3:0/532118929 <== mon.0 v2:172.21.15.3:3300/0 1 ==== mon_map magic: 0 v1 ==== 205+0+0 (secure 0 0 0) 0x7f78b802ae70 con 0x7f78c8105b20
2024-06-07T08:41:37.041 INFO:teuthology.orchestra.run.smithi003.stdout:/usr/bin/ceph: stderr
2024-06-07T08:41:36.465+0000 7f78c5600640 1 -- 172.21.15.3:0/532118929 <== mon.0 v2:172.21.15.3:3300/0 2 ==== config(26 keys) v1 ==== 1074+0+0 (secure 0 0 0) 0x7f78b80328e0 con 0x7f78c8105b20
2024-06-07T08:41:37.041 INFO:teuthology.orchestra.run.smithi003.stdout:/usr/bin/ceph: stderr
2024-06-07T08:41:36.465+0000 7f78c5600640 1 -- 172.21.15.3:0/532118929 <== mon.0 v2:172.21.15.3:3300/0 3 ==== mon_map magic: 0 v1 ==== 205+0+0 (secure 0 0 0) 0x7f78b80308c0 con 0x7f78c8105b20
2024-06-07T08:41:37.041 INFO:teuthology.orchestra.run.smithi003.stdout:/usr/bin/ceph: stderr
2024-06-07T08:41:36.466+0000 7f78c7e00640 1 -- 172.21.15.3:0/532118929 >> [v2:172.21.15.3:3300/0,v1:172.21.15.3:6789/0] conn(0x7f78c8105b20 msgr2=0x7f78c8105f40 secure :-1 s=STATE_CONNECTION_ESTABLISHED l=1).mark_down
2024-06-07T08:41:37.041 INFO:teuthology.orchestra.run.smithi003.stdout:/usr/bin/ceph: stderr
2024-06-07T08:41:36.466+0000 7f78c7e00640 1 --2- 172.21.15.3:0/532118929 >> [v2:172.21.15.3:3300/0,v1:172.21.15.3:6789/0] conn(0x7f78c8105b20 0x7f78c8105f40 secure :-1 s=READY pgs=37 cs=0 l=1 rev1=1 crypto rx=0x7f78b8009820 tx=0x7f78b802a270 comp rx=0 tx=0).stop
2024-06-07T08:41:37.041 INFO:teuthology.orchestra.run.smithi003.stdout:/usr/bin/ceph: stderr
2024-06-07T08:41:36.466+0000 7f78c7e00640 1 -- 172.21.15.3:0/532118929 shutdown_connections
2024-06-07T08:41:37.041 INFO:teuthology.orchestra.run.smithi003.stdout:/usr/bin/ceph: stderr
2024-06-07T08:41:36.466+0000 7f78c7e00640 1 --2- 172.21.15.3:0/532118929 >> [v2:172.21.15.3:3300/0,v1:172.21.15.3:6789/0] conn(0x7f78c8105b20 0x7f78c8105f40 unknown :-1 s=CLOSED pgs=37 cs=0 l=1 rev1=1 crypto rx=0 tx=0 comp rx=0 tx=0).stop
2024-06-07T08:41:37.041 INFO:teuthology.orchestra.run.smithi003.stdout:/usr/bin/ceph: stderr
2024-06-07T08:41:36.466+0000 7f78c7e00640 1 -- 172.21.15.3:0/532118929 >> 172.21.15.3:0/532118929 conn(0x7f78c81010a0 msgr2=0x7f78c8103500 unknown :-1 s=STATE_NONE l=0).mark_down
2024-06-07T08:41:37.041 INFO:teuthology.orchestra.run.smithi003.stdout:/usr/bin/ceph: stderr
2024-06-07T08:41:36.466+0000 7f78c7e00640 1 -- 172.21.15.3:0/532118929 shutdown_connections
2024-06-07T08:41:37.041 INFO:teuthology.orchestra.run.smithi003.stdout:/usr/bin/ceph: stderr
2024-06-07T08:41:36.466+0000 7f78c7e00640 1 -- 172.21.15.3:0/532118929 wait complete.
2024-06-07T08:41:37.041 INFO:teuthology.orchestra.run.smithi003.stdout:/usr/bin/ceph: stderr
2024-06-07T08:41:36.468+0000 7f78c7e00640 1 Processor -- start
2024-06-07T08:41:37.041 INFO:teuthology.orchestra.run.smithi003.stdout:/usr/bin/ceph: stderr
2024-06-07T08:41:36.468+0000 7f78c7e00640 1 -- start start
2024-06-07T08:41:37.041 INFO:teuthology.orchestra.run.smithi003.stdout:/usr/bin/ceph: stderr
2024-06-07T08:41:36.468+0000 7f78c7e00640 1 --2- >> [v2:172.21.15.3:3300/0,v1:172.21.15.3:6789/0] conn(0x7f78c8105b20 0x7f78c807bb20 unknown :-1 s=NONE pgs=0 cs=0 l=1 rev1=0 crypto rx=0 tx=0 comp rx=0 tx=0).connect
2024-06-07T08:41:37.041 INFO:teuthology.orchestra.run.smithi003.stdout:/usr/bin/ceph: stderr
2024-06-07T08:41:36.468+0000 7f78c7e00640 1 -- --> [v2:172.21.15.3:3300/0,v1:172.21.15.3:6789/0] -- mon_getmap magic: 0 v1 -- 0x7f78c807c060 con 0x7f78c8105b20
2024-06-07T08:41:37.041 INFO:teuthology.orchestra.run.smithi003.stdout:/usr/bin/ceph: stderr
2024-06-07T08:41:36.469+0000 7f78c6a00640 1 --2- >> [v2:172.21.15.3:3300/0,v1:172.21.15.3:6789/0] conn(0x7f78c8105b20 0x7f78c807bb20 unknown :-1 s=BANNER_CONNECTING pgs=0 cs=0 l=1 rev1=0 crypto rx=0 tx=0 comp rx=0 tx=0)._handle_peer_banner_payload supported=3 required=0
2024-06-07T08:41:37.042 INFO:teuthology.orchestra.run.smithi003.stdout:/usr/bin/ceph: stderr
2024-06-07T08:41:36.469+0000 7f78c6a00640 1 --2- >> [v2:172.21.15.3:3300/0,v1:172.21.15.3:6789/0] conn(0x7f78c8105b20 0x7f78c807bb20 unknown :-1 s=HELLO_CONNECTING pgs=0 cs=0 l=1 rev1=1 crypto rx=0 tx=0 comp rx=0 tx=0).handle_hello peer v2:172.21.15.3:3300/0 says I am v2:172.21.15.3:54964/0 (socket says 172.21.15.3:54964)
2024-06-07T08:41:37.042 INFO:teuthology.orchestra.run.smithi003.stdout:/usr/bin/ceph: stderr
2024-06-07T08:41:36.469+0000 7f78c6a00640 1 -- 172.21.15.3:0/4258775929 learned_addr learned my addr 172.21.15.3:0/4258775929 (peer_addr_for_me v2:172.21.15.3:0/0)
2024-06-07T08:41:37.042 INFO:teuthology.orchestra.run.smithi003.stdout:/usr/bin/ceph: stderr
2024-06-07T08:41:36.469+0000 7f78c6a00640 1 -- 172.21.15.3:0/4258775929 --> [v2:172.21.15.3:3300/0,v1:172.21.15.3:6789/0] -- mon_subscribe({config=0+,monmap=0+}) v3 -- 0x7f78b80094d0 con 0x7f78c8105b20
2024-06-07T08:41:37.042 INFO:teuthology.orchestra.run.smithi003.stdout:/usr/bin/ceph: stderr
2024-06-07T08:41:36.469+0000 7f78c6a00640 1 --2- 172.21.15.3:0/4258775929 >> [v2:172.21.15.3:3300/0,v1:172.21.15.3:6789/0] conn(0x7f78c8105b20 0x7f78c807bb20 secure :-1 s=READY pgs=38 cs=0 l=1 rev1=1 crypto rx=0x7f78b80097f0 tx=0x7f78b8030db0 comp rx=0 tx=0).ready entity=mon.0 client_cookie=0 server_cookie=0 in_seq=0 out_seq=0
2024-06-07T08:41:37.042 INFO:teuthology.orchestra.run.smithi003.stdout:/usr/bin/ceph: stderr
2024-06-07T08:41:36.469+0000 7f78bf400640 1 -- 172.21.15.3:0/4258775929 <== mon.0 v2:172.21.15.3:3300/0 1 ==== mon_map magic: 0 v1 ==== 205+0+0 (secure 0 0 0) 0x7f78b8032d90 con 0x7f78c8105b20
2024-06-07T08:41:37.042 INFO:teuthology.orchestra.run.smithi003.stdout:/usr/bin/ceph: stderr
2024-06-07T08:41:36.470+0000 7f78bf400640 1 -- 172.21.15.3:0/4258775929 <== mon.0 v2:172.21.15.3:3300/0 2 ==== config(26 keys) v1 ==== 1074+0+0 (secure 0 0 0) 0x7f78b803b8d0 con 0x7f78c8105b20
2024-06-07T08:41:37.042 INFO:teuthology.orchestra.run.smithi003.stdout:/usr/bin/ceph: stderr
2024-06-07T08:41:36.470+0000 7f78c7e00640 1 -- 172.21.15.3:0/4258775929 --> [v2:172.21.15.3:3300/0,v1:172.21.15.3:6789/0] -- mon_subscribe({mgrmap=0+}) v3 -- 0x7f78c807a2a0 con 0x7f78c8105b20
2024-06-07T08:41:37.042 INFO:teuthology.orchestra.run.smithi003.stdout:/usr/bin/ceph: stderr
2024-06-07T08:41:36.470+0000 7f78bf400640 1 -- 172.21.15.3:0/4258775929 <== mon.0 v2:172.21.15.3:3300/0 3 ==== mon_map magic: 0 v1 ==== 205+0+0 (secure 0 0 0) 0x7f78b803a780 con 0x7f78c8105b20
2024-06-07T08:41:37.042 INFO:teuthology.orchestra.run.smithi003.stdout:/usr/bin/ceph: stderr
2024-06-07T08:41:36.470+0000 7f78c7e00640 1 -- 172.21.15.3:0/4258775929 --> [v2:172.21.15.3:3300/0,v1:172.21.15.3:6789/0] -- mon_subscribe({osdmap=0}) v3 -- 0x7f78c807a740 con 0x7f78c8105b20
2024-06-07T08:41:37.042 INFO:teuthology.orchestra.run.smithi003.stdout:/usr/bin/ceph: stderr
2024-06-07T08:41:36.471+0000 7f78bf400640 1 -- 172.21.15.3:0/4258775929 <== mon.0 v2:172.21.15.3:3300/0 4 ==== mgrmap(e 7) v1 ==== 44745+0+0 (secure 0 0 0) 0x7f78b8039040 con 0x7f78c8105b20
2024-06-07T08:41:37.042 INFO:teuthology.orchestra.run.smithi003.stdout:/usr/bin/ceph: stderr
2024-06-07T08:41:36.471+0000 7f78c7e00640 1 -- 172.21.15.3:0/4258775929 --> [v2:172.21.15.3:3300/0,v1:172.21.15.3:6789/0] -- mon_command({"prefix": "get_command_descriptions"} v 0) v1 -- 0x7f78c8061ae0 con 0x7f78c8105b20
2024-06-07T08:41:37.042 INFO:teuthology.orchestra.run.smithi003.stdout:/usr/bin/ceph: stderr
2024-06-07T08:41:36.471+0000 7f78bf400640 1 --2- 172.21.15.3:0/4258775929 >> [v2:172.21.15.3:6800/3568633537,v1:172.21.15.3:6801/3568633537] conn(0x7f78ac0376a0 0x7f78ac039b60 unknown :-1 s=NONE pgs=0 cs=0 l=1 rev1=0 crypto rx=0 tx=0 comp rx=0 tx=0).connect
2024-06-07T08:41:37.042 INFO:teuthology.orchestra.run.smithi003.stdout:/usr/bin/ceph: stderr
2024-06-07T08:41:36.471+0000 7f78bf400640 1 -- 172.21.15.3:0/4258775929 <== mon.0 v2:172.21.15.3:3300/0 5 ==== osd_map(2..2 src has 1..2) v4 ==== 940+0+0 (secure 0 0 0) 0x7f78b806a450 con 0x7f78c8105b20
2024-06-07T08:41:37.043 INFO:teuthology.orchestra.run.smithi003.stdout:/usr/bin/ceph: stderr
2024-06-07T08:41:36.472+0000 7f78c6000640 1 --2- 172.21.15.3:0/4258775929 >> [v2:172.21.15.3:6800/3568633537,v1:172.21.15.3:6801/3568633537] conn(0x7f78ac0376a0 0x7f78ac039b60 unknown :-1 s=BANNER_CONNECTING pgs=0 cs=0 l=1 rev1=0 crypto rx=0 tx=0 comp rx=0 tx=0)._handle_peer_banner_payload supported=3 required=0
2024-06-07T08:41:37.043 INFO:teuthology.orchestra.run.smithi003.stdout:/usr/bin/ceph: stderr
2024-06-07T08:41:36.472+0000 7f78c6000640 1 --2- 172.21.15.3:0/4258775929 >> [v2:172.21.15.3:6800/3568633537,v1:172.21.15.3:6801/3568633537] conn(0x7f78ac0376a0 0x7f78ac039b60 secure :-1 s=READY pgs=8 cs=0 l=1 rev1=1 crypto rx=0x7f78b40098c0 tx=0x7f78b4006db0 comp rx=0 tx=0).ready entity=mgr.14118 client_cookie=0 server_cookie=0 in_seq=0 out_seq=0
2024-06-07T08:41:37.043 INFO:teuthology.orchestra.run.smithi003.stdout:/usr/bin/ceph: stderr
2024-06-07T08:41:36.480+0000 7f78bf400640 1 -- 172.21.15.3:0/4258775929 <== mon.0 v2:172.21.15.3:3300/0 6 ==== mon_command_ack([{"prefix": "get_command_descriptions"}]=0 v0) v1 ==== 72+0+182498 (secure 0 0 0) 0x7f78b803ba40 con 0x7f78c8105b20
2024-06-07T08:41:37.043 INFO:teuthology.orchestra.run.smithi003.stdout:/usr/bin/ceph: stderr
2024-06-07T08:41:36.672+0000 7f78c7e00640 1 -- 172.21.15.3:0/4258775929 --> [v2:172.21.15.3:6800/3568633537,v1:172.21.15.3:6801/3568633537] -- mgr_command(tid 0: {"prefix": "cephadm set-user", "user": "root", "target": ["mon-mgr", ""]}) v1 -- 0x7f78c807ad80 con 0x7f78ac0376a0
2024-06-07T08:41:37.043 INFO:teuthology.orchestra.run.smithi003.stdout:/usr/bin/ceph: stderr
2024-06-07T08:41:36.673+0000 7f78bf400640 1 -- 172.21.15.3:0/4258775929 <== mgr.14118 v2:172.21.15.3:6800/3568633537 1 ==== mgr_command_reply(tid 0: 0 ) v1 ==== 8+0+16 (secure 0 0 0) 0x7f78c807ad80 con 0x7f78ac0376a0
2024-06-07T08:41:37.043 INFO:teuthology.orchestra.run.smithi003.stdout:/usr/bin/ceph: stderr
2024-06-07T08:41:36.675+0000 7f78c7e00640 1 -- 172.21.15.3:0/4258775929 >> [v2:172.21.15.3:6800/3568633537,v1:172.21.15.3:6801/3568633537] conn(0x7f78ac0376a0 msgr2=0x7f78ac039b60 secure :-1 s=STATE_CONNECTION_ESTABLISHED l=1).mark_down
2024-06-07T08:41:37.043 INFO:teuthology.orchestra.run.smithi003.stdout:/usr/bin/ceph: stderr
2024-06-07T08:41:36.675+0000 7f78c7e00640 1 --2- 172.21.15.3:0/4258775929 >> [v2:172.21.15.3:6800/3568633537,v1:172.21.15.3:6801/3568633537] conn(0x7f78ac0376a0 0x7f78ac039b60 secure :-1 s=READY pgs=8 cs=0 l=1 rev1=1 crypto rx=0x7f78b40098c0 tx=0x7f78b4006db0 comp rx=0 tx=0).stop
2024-06-07T08:41:37.043 INFO:teuthology.orchestra.run.smithi003.stdout:/usr/bin/ceph: stderr
2024-06-07T08:41:36.675+0000 7f78c7e00640 1 -- 172.21.15.3:0/4258775929 >> [v2:172.21.15.3:3300/0,v1:172.21.15.3:6789/0] conn(0x7f78c8105b20 msgr2=0x7f78c807bb20 secure :-1 s=STATE_CONNECTION_ESTABLISHED l=1).mark_down
2024-06-07T08:41:37.043 INFO:teuthology.orchestra.run.smithi003.stdout:/usr/bin/ceph: stderr
2024-06-07T08:41:36.675+0000 7f78c7e00640 1 --2- 172.21.15.3:0/4258775929 >> [v2:172.21.15.3:3300/0,v1:172.21.15.3:6789/0] conn(0x7f78c8105b20 0x7f78c807bb20 secure :-1 s=READY pgs=38 cs=0 l=1 rev1=1 crypto rx=0x7f78b80097f0 tx=0x7f78b8030db0 comp rx=0 tx=0).stop
2024-06-07T08:41:37.043 INFO:teuthology.orchestra.run.smithi003.stdout:/usr/bin/ceph: stderr
2024-06-07T08:41:36.676+0000 7f78c7e00640 1 -- 172.21.15.3:0/4258775929 shutdown_connections
2024-06-07T08:41:37.043 INFO:teuthology.orchestra.run.smithi003.stdout:/usr/bin/ceph: stderr
2024-06-07T08:41:36.676+0000 7f78c7e00640 1 --2- 172.21.15.3:0/4258775929 >> [v2:172.21.15.3:6800/3568633537,v1:172.21.15.3:6801/3568633537] conn(0x7f78ac0376a0 0x7f78ac039b60 unknown :-1 s=CLOSED pgs=8 cs=0 l=1 rev1=1 crypto rx=0 tx=0 comp rx=0 tx=0).stop
2024-06-07T08:41:37.043 INFO:teuthology.orchestra.run.smithi003.stdout:/usr/bin/ceph: stderr
2024-06-07T08:41:36.676+0000 7f78c7e00640 1 --2- 172.21.15.3:0/4258775929 >> [v2:172.21.15.3:3300/0,v1:172.21.15.3:6789/0] conn(0x7f78c8105b20 0x7f78c807bb20 unknown :-1 s=CLOSED pgs=38 cs=0 l=1 rev1=1 crypto rx=0 tx=0 comp rx=0 tx=0).stop
2024-06-07T08:41:37.043 INFO:teuthology.orchestra.run.smithi003.stdout:/usr/bin/ceph: stderr
2024-06-07T08:41:36.676+0000 7f78c7e00640 1 -- 172.21.15.3:0/4258775929 >> 172.21.15.3:0/4258775929 conn(0x7f78c81010a0 msgr2=0x7f78c8101bb0 unknown :-1 s=STATE_NONE l=0).mark_down
2024-06-07T08:41:37.043 INFO:teuthology.orchestra.run.smithi003.stdout:/usr/bin/ceph: stderr
2024-06-07T08:41:36.676+0000 7f78c7e00640 1 -- 172.21.15.3:0/4258775929 shutdown_connections
2024-06-07T08:41:37.044 INFO:teuthology.orchestra.run.smithi003.stdout:/usr/bin/ceph: stderr
2024-06-07T08:41:36.676+0000 7f78c7e00640 1 -- 172.21.15.3:0/4258775929 wait complete.
2024-06-07T08:41:37.044 INFO:teuthology.orchestra.run.smithi003.stdout:Generating ssh key...
2024-06-07T08:41:37.434 INFO:journalctl@ceph.mgr.x.smithi003.stdout:Jun 07 08:41:37 smithi003 ceph-93851d1a-24a9-11ef-bc9b-c7b262605968-mgr-x[37878]:
2024-06-07T08:41:37.030+0000 7fe80f600640 -1 log_channel(cephadm) log [ERR] : [07/Jun/2024:08:41:37] ENGINE Error in HTTPServer.serve
2024-06-07T08:41:37.434 INFO:journalctl@ceph.mgr.x.smithi003.stdout:Jun 07 08:41:37 smithi003 ceph-93851d1a-24a9-11ef-bc9b-c7b262605968-mgr-x[37878]: Traceback (most recent call last):
2024-06-07T08:41:37.434 INFO:journalctl@ceph.mgr.x.smithi003.stdout:Jun 07 08:41:37 smithi003 ceph-93851d1a-24a9-11ef-bc9b-c7b262605968-mgr-x[37878]: File "/lib/python3.9/site-packages/cheroot/server.py", line 1823, in serve
2024-06-07T08:41:37.434 INFO:journalctl@ceph.mgr.x.smithi003.stdout:Jun 07 08:41:37 smithi003 ceph-93851d1a-24a9-11ef-bc9b-c7b262605968-mgr-x[37878]: self._connections.run(self.expiration_interval)
2024-06-07T08:41:37.434 INFO:journalctl@ceph.mgr.x.smithi003.stdout:Jun 07 08:41:37 smithi003 ceph-93851d1a-24a9-11ef-bc9b-c7b262605968-mgr-x[37878]: File "/lib/python3.9/site-packages/cheroot/connections.py", line 203, in run
2024-06-07T08:41:37.434 INFO:journalctl@ceph.mgr.x.smithi003.stdout:Jun 07 08:41:37 smithi003 ceph-93851d1a-24a9-11ef-bc9b-c7b262605968-mgr-x[37878]: self._run(expiration_interval)
2024-06-07T08:41:37.435 INFO:journalctl@ceph.mgr.x.smithi003.stdout:Jun 07 08:41:37 smithi003 ceph-93851d1a-24a9-11ef-bc9b-c7b262605968-mgr-x[37878]: File "/lib/python3.9/site-packages/cheroot/connections.py", line 246, in _run
2024-06-07T08:41:37.435 INFO:journalctl@ceph.mgr.x.smithi003.stdout:Jun 07 08:41:37 smithi003 ceph-93851d1a-24a9-11ef-bc9b-c7b262605968-mgr-x[37878]: new_conn = self._from_server_socket(self.server.socket)
2024-06-07T08:41:37.435 INFO:journalctl@ceph.mgr.x.smithi003.stdout:Jun 07 08:41:37 smithi003 ceph-93851d1a-24a9-11ef-bc9b-c7b262605968-mgr-x[37878]: File "/lib/python3.9/site-packages/cheroot/connections.py", line 300, in _from_server_socket
2024-06-07T08:41:37.435 INFO:journalctl@ceph.mgr.x.smithi003.stdout:Jun 07 08:41:37 smithi003 ceph-93851d1a-24a9-11ef-bc9b-c7b262605968-mgr-x[37878]: s, ssl_env = self.server.ssl_adapter.wrap(s)
2024-06-07T08:41:37.435 INFO:journalctl@ceph.mgr.x.smithi003.stdout:Jun 07 08:41:37 smithi003 ceph-93851d1a-24a9-11ef-bc9b-c7b262605968-mgr-x[37878]: File "/lib/python3.9/site-packages/cheroot/ssl/builtin.py", line 277, in wrap
2024-06-07T08:41:37.435 INFO:journalctl@ceph.mgr.x.smithi003.stdout:Jun 07 08:41:37 smithi003 ceph-93851d1a-24a9-11ef-bc9b-c7b262605968-mgr-x[37878]: s = self.context.wrap_socket(
2024-06-07T08:41:37.435 INFO:journalctl@ceph.mgr.x.smithi003.stdout:Jun 07 08:41:37 smithi003 ceph-93851d1a-24a9-11ef-bc9b-c7b262605968-mgr-x[37878]: File "/lib64/python3.9/ssl.py", line 501, in wrap_socket
2024-06-07T08:41:37.435 INFO:journalctl@ceph.mgr.x.smithi003.stdout:Jun 07 08:41:37 smithi003 ceph-93851d1a-24a9-11ef-bc9b-c7b262605968-mgr-x[37878]: return self.sslsocket_class._create(
2024-06-07T08:41:37.435 INFO:journalctl@ceph.mgr.x.smithi003.stdout:Jun 07 08:41:37 smithi003 ceph-93851d1a-24a9-11ef-bc9b-c7b262605968-mgr-x[37878]: File "/lib64/python3.9/ssl.py", line 1074, in _create
2024-06-07T08:41:37.435 INFO:journalctl@ceph.mgr.x.smithi003.stdout:Jun 07 08:41:37 smithi003 ceph-93851d1a-24a9-11ef-bc9b-c7b262605968-mgr-x[37878]: self.do_handshake()
2024-06-07T08:41:37.435 INFO:journalctl@ceph.mgr.x.smithi003.stdout:Jun 07 08:41:37 smithi003 ceph-93851d1a-24a9-11ef-bc9b-c7b262605968-mgr-x[37878]: File "/lib64/python3.9/ssl.py", line 1343, in do_handshake
2024-06-07T08:41:37.435 INFO:journalctl@ceph.mgr.x.smithi003.stdout:Jun 07 08:41:37 smithi003 ceph-93851d1a-24a9-11ef-bc9b-c7b262605968-mgr-x[37878]: self._sslobj.do_handshake()
2024-06-07T08:41:37.435 INFO:journalctl@ceph.mgr.x.smithi003.stdout:Jun 07 08:41:37 smithi003 ceph-93851d1a-24a9-11ef-bc9b-c7b262605968-mgr-x[37878]: ssl.SSLZeroReturnError: TLS/SSL connection has been closed (EOF) (_ssl.c:1129)
2024-06-07T08:41:37.436 INFO:journalctl@ceph.mgr.x.smithi003.stdout:Jun 07 08:41:37 smithi003 ceph-93851d1a-24a9-11ef-bc9b-c7b262605968-mgr-x[37878]:
2024-06-07T08:41:38.005 INFO:journalctl@ceph.mon.a.smithi003.stdout:Jun 07 08:41:37 smithi003 ceph-mon[37630]: from='client.14132 -' entity='client.admin' cmd=[{"prefix": "cephadm set-user", "user": "root", "target": ["mon-mgr", ""]}]: dispatch
2024-06-07T08:41:38.005 INFO:journalctl@ceph.mon.a.smithi003.stdout:Jun 07 08:41:37 smithi003 ceph-mon[37630]: [07/Jun/2024:08:41:36] ENGINE Bus STARTING
2024-06-07T08:41:38.005 INFO:journalctl@ceph.mon.a.smithi003.stdout:Jun 07 08:41:37 smithi003 ceph-mon[37630]: [07/Jun/2024:08:41:37] ENGINE Serving on https://172.21.15.3:7150
2024-06-07T08:41:38.005 INFO:journalctl@ceph.mon.a.smithi003.stdout:Jun 07 08:41:37 smithi003 ceph-mon[37630]: [07/Jun/2024:08:41:37] ENGINE Error in HTTPServer.serve
2024-06-07T08:41:38.005 INFO:journalctl@ceph.mon.a.smithi003.stdout: Traceback (most recent call last):
2024-06-07T08:41:38.005 INFO:journalctl@ceph.mon.a.smithi003.stdout: File "/lib/python3.9/site-packages/cheroot/server.py", line 1823, in serve
2024-06-07T08:41:38.005 INFO:journalctl@ceph.mon.a.smithi003.stdout: self._connections.run(self.expiration_interval)
2024-06-07T08:41:38.005 INFO:journalctl@ceph.mon.a.smithi003.stdout: File "/lib/python3.9/site-packages/cheroot/connections.py", line 203, in run
2024-06-07T08:41:38.005 INFO:journalctl@ceph.mon.a.smithi003.stdout: self._run(expiration_interval)
2024-06-07T08:41:38.005 INFO:journalctl@ceph.mon.a.smithi003.stdout: File "/lib/python3.9/site-packages/cheroot/connections.py", line 246, in _run
2024-06-07T08:41:38.005 INFO:journalctl@ceph.mon.a.smithi003.stdout: new_conn = self._from_server_socket(self.server.socket)
2024-06-07T08:41:38.005 INFO:journalctl@ceph.mon.a.smithi003.stdout: File "/lib/python3.9/site-packages/cheroot/connections.py", line 300, in _from_server_socket
2024-06-07T08:41:38.006 INFO:journalctl@ceph.mon.a.smithi003.stdout: s, ssl_env = self.server.ssl_adapter.wrap(s)
2024-06-07T08:41:38.006 INFO:journalctl@ceph.mon.a.smithi003.stdout: File "/lib/python3.9/site-packages/cheroot/ssl/builtin.py", line 277, in wrap
2024-06-07T08:41:38.006 INFO:journalctl@ceph.mon.a.smithi003.stdout: s = self.context.wrap_socket(
2024-06-07T08:41:38.006 INFO:journalctl@ceph.mon.a.smithi003.stdout: File "/lib64/python3.9/ssl.py", line 501, in wrap_socket
2024-06-07T08:41:38.006 INFO:journalctl@ceph.mon.a.smithi003.stdout: return self.sslsocket_class._create(
2024-06-07T08:41:38.006 INFO:journalctl@ceph.mon.a.smithi003.stdout: File "/lib64/python3.9/ssl.py", line 1074, in _create
2024-06-07T08:41:38.006 INFO:journalctl@ceph.mon.a.smithi003.stdout: self.do_handshake()
2024-06-07T08:41:38.006 INFO:journalctl@ceph.mon.a.smithi003.stdout: File "/lib64/python3.9/ssl.py", line 1343, in do_handshake
2024-06-07T08:41:38.006 INFO:journalctl@ceph.mon.a.smithi003.stdout: self._sslobj.do_handshake()
2024-06-07T08:41:38.006 INFO:journalctl@ceph.mon.a.smithi003.stdout: ssl.SSLZeroReturnError: TLS/SSL connection has been closed (EOF) (_ssl.c:1129)
2024-06-07T08:41:38.006 INFO:journalctl@ceph.mon.a.smithi003.stdout:Jun 07 08:41:37 smithi003 ceph-mon[37630]: [07/Jun/2024:08:41:37] ENGINE Serving on http://172.21.15.3:8765
2024-06-07T08:41:38.006 INFO:journalctl@ceph.mon.a.smithi003.stdout:Jun 07 08:41:37 smithi003 ceph-mon[37630]: [07/Jun/2024:08:41:37] ENGINE Bus STARTED
2024-06-07T08:41:38.007 INFO:journalctl@ceph.mon.a.smithi003.stdout:Jun 07 08:41:37 smithi003 ceph-mon[37630]: from='mgr.14118 172.21.15.3:0/1070300717' entity='mgr.x' cmd=[{"prefix": "config dump", "format": "json"}]: dispatch
2024-06-07T08:41:38.257 INFO:journalctl@ceph.mgr.x.smithi003.stdout:Jun 07 08:41:38 smithi003 ceph-93851d1a-24a9-11ef-bc9b-c7b262605968-mgr-x[37878]: Generating public/private rsa key pair.
2024-06-07T08:41:38.257 INFO:journalctl@ceph.mgr.x.smithi003.stdout:Jun 07 08:41:38 smithi003 ceph-93851d1a-24a9-11ef-bc9b-c7b262605968-mgr-x[37878]: Your identification has been saved in /tmp/tmp44_mm5hm/key
2024-06-07T08:41:38.257 INFO:journalctl@ceph.mgr.x.smithi003.stdout:Jun 07 08:41:38 smithi003 ceph-93851d1a-24a9-11ef-bc9b-c7b262605968-mgr-x[37878]: Your public key has been saved in /tmp/tmp44_mm5hm/key.pub
2024-06-07T08:41:38.257 INFO:journalctl@ceph.mgr.x.smithi003.stdout:Jun 07 08:41:38 smithi003 ceph-93851d1a-24a9-11ef-bc9b-c7b262605968-mgr-x[37878]: The key fingerprint is:
2024-06-07T08:41:38.257 INFO:journalctl@ceph.mgr.x.smithi003.stdout:Jun 07 08:41:38 smithi003 ceph-93851d1a-24a9-11ef-bc9b-c7b262605968-mgr-x[37878]: SHA256:p6UNH/FqFbWK+gEJ/BbSMJ94iSCfjy52hHPRP7oRG/s ceph-93851d1a-24a9-11ef-bc9b-c7b262605968
2024-06-07T08:41:38.258 INFO:journalctl@ceph.mgr.x.smithi003.stdout:Jun 07 08:41:38 smithi003 ceph-93851d1a-24a9-11ef-bc9b-c7b262605968-mgr-x[37878]: The key's randomart image is:
2024-06-07T08:41:38.258 INFO:journalctl@ceph.mgr.x.smithi003.stdout:Jun 07 08:41:38 smithi003 ceph-93851d1a-24a9-11ef-bc9b-c7b262605968-mgr-x[37878]: +---[RSA 3072]----+
2024-06-07T08:41:38.258 INFO:journalctl@ceph.mgr.x.smithi003.stdout:Jun 07 08:41:38 smithi003 ceph-93851d1a-24a9-11ef-bc9b-c7b262605968-mgr-x[37878]: | . . o . |
2024-06-07T08:41:38.258 INFO:journalctl@ceph.mgr.x.smithi003.stdout:Jun 07 08:41:38 smithi003 ceph-93851d1a-24a9-11ef-bc9b-c7b262605968-mgr-x[37878]: | o = B o . . |
2024-06-07T08:41:38.258 INFO:journalctl@ceph.mgr.x.smithi003.stdout:Jun 07 08:41:38 smithi003 ceph-93851d1a-24a9-11ef-bc9b-c7b262605968-mgr-x[37878]: | + B B . . . |
2024-06-07T08:41:38.258 INFO:journalctl@ceph.mgr.x.smithi003.stdout:Jun 07 08:41:38 smithi003 ceph-93851d1a-24a9-11ef-bc9b-c7b262605968-mgr-x[37878]: | . + * o + o |
2024-06-07T08:41:38.258 INFO:journalctl@ceph.mgr.x.smithi003.stdout:Jun 07 08:41:38 smithi003 ceph-93851d1a-24a9-11ef-bc9b-c7b262605968-mgr-x[37878]: | o + + S = + |
2024-06-07T08:41:38.258 INFO:journalctl@ceph.mgr.x.smithi003.stdout:Jun 07 08:41:38 smithi003 ceph-93851d1a-24a9-11ef-bc9b-c7b262605968-mgr-x[37878]: | = B % + |
2024-06-07T08:41:38.258 INFO:journalctl@ceph.mgr.x.smithi003.stdout:Jun 07 08:41:38 smithi003 ceph-93851d1a-24a9-11ef-bc9b-c7b262605968-mgr-x[37878]: | o o = + * |
2024-06-07T08:41:38.258 INFO:journalctl@ceph.mgr.x.smithi003.stdout:Jun 07 08:41:38 smithi003 ceph-93851d1a-24a9-11ef-bc9b-c7b262605968-mgr-x[37878]: | . o + o . |
2024-06-07T08:41:38.258 INFO:journalctl@ceph.mgr.x.smithi003.stdout:Jun 07 08:41:38 smithi003 ceph-93851d1a-24a9-11ef-bc9b-c7b262605968-mgr-x[37878]: | . E . |
2024-06-07T08:41:38.258 INFO:journalctl@ceph.mgr.x.smithi003.stdout:Jun 07 08:41:38 smithi003 ceph-93851d1a-24a9-11ef-bc9b-c7b262605968-mgr-x[37878]: +----[SHA256]-----+
2024-06-07T08:41:38.406 INFO:teuthology.orchestra.run.smithi003.stdout:/usr/bin/ceph: stderr
2024-06-07T08:41:37.421+0000 7f7319400640 1 Processor -- start
2024-06-07T08:41:38.406 INFO:teuthology.orchestra.run.smithi003.stdout:/usr/bin/ceph: stderr
2024-06-07T08:41:37.422+0000 7f7319400640 1 -- start start
2024-06-07T08:41:38.406 INFO:teuthology.orchestra.run.smithi003.stdout:/usr/bin/ceph: stderr
2024-06-07T08:41:37.422+0000 7f7319400640 1 --2- >> [v2:172.21.15.3:3300/0,v1:172.21.15.3:6789/0] conn(0x7f731407bee0 0x7f731407a340 unknown :-1 s=NONE pgs=0 cs=0 l=0 rev1=0 crypto rx=0 tx=0 comp rx=0 tx=0).connect
2024-06-07T08:41:38.407 INFO:teuthology.orchestra.run.smithi003.stdout:/usr/bin/ceph: stderr
2024-06-07T08:41:37.422+0000 7f7319400640 1 -- --> [v2:172.21.15.3:3300/0,v1:172.21.15.3:6789/0] -- mon_getmap magic: 0 v1 -- 0x7f731407a910 con 0x7f731407bee0
2024-06-07T08:41:38.407 INFO:teuthology.orchestra.run.smithi003.stdout:/usr/bin/ceph: stderr
2024-06-07T08:41:37.422+0000 7f7313e00640 1 --2- >> [v2:172.21.15.3:3300/0,v1:172.21.15.3:6789/0] conn(0x7f731407bee0 0x7f731407a340 unknown :-1 s=BANNER_CONNECTING pgs=0 cs=0 l=0 rev1=0 crypto rx=0 tx=0 comp rx=0 tx=0)._handle_peer_banner_payload supported=3 required=0
2024-06-07T08:41:38.407 INFO:teuthology.orchestra.run.smithi003.stdout:/usr/bin/ceph: stderr
2024-06-07T08:41:37.422+0000 7f7313e00640 1 --2- >> [v2:172.21.15.3:3300/0,v1:172.21.15.3:6789/0] conn(0x7f731407bee0 0x7f731407a340 unknown :-1 s=HELLO_CONNECTING pgs=0 cs=0 l=0 rev1=1 crypto rx=0 tx=0 comp rx=0 tx=0).handle_hello peer v2:172.21.15.3:3300/0 says I am v2:172.21.15.3:54978/0 (socket says 172.21.15.3:54978)
2024-06-07T08:41:38.407 INFO:teuthology.orchestra.run.smithi003.stdout:/usr/bin/ceph: stderr
2024-06-07T08:41:37.422+0000 7f7313e00640 1 -- 172.21.15.3:0/3924506518 learned_addr learned my addr 172.21.15.3:0/3924506518 (peer_addr_for_me v2:172.21.15.3:0/0)
2024-06-07T08:41:38.407 INFO:teuthology.orchestra.run.smithi003.stdout:/usr/bin/ceph: stderr
2024-06-07T08:41:37.423+0000 7f7313e00640 1 -- 172.21.15.3:0/3924506518 --> [v2:172.21.15.3:3300/0,v1:172.21.15.3:6789/0] -- mon_subscribe({config=0+,monmap=0+}) v3 -- 0x7f731407aa50 con 0x7f731407bee0
2024-06-07T08:41:38.407 INFO:teuthology.orchestra.run.smithi003.stdout:/usr/bin/ceph: stderr
2024-06-07T08:41:37.424+0000 7f7313e00640 1 --2- 172.21.15.3:0/3924506518 >> [v2:172.21.15.3:3300/0,v1:172.21.15.3:6789/0] conn(0x7f731407bee0 0x7f731407a340 secure :-1 s=READY pgs=39 cs=0 l=1 rev1=1 crypto rx=0x7f7304009820 tx=0x7f730402a270 comp rx=0 tx=0).ready entity=mon.0 client_cookie=f0fe4e664ba4e677 server_cookie=0 in_seq=0 out_seq=0
2024-06-07T08:41:38.407 INFO:teuthology.orchestra.run.smithi003.stdout:/usr/bin/ceph: stderr
2024-06-07T08:41:37.424+0000 7f7312a00640 1 -- 172.21.15.3:0/3924506518 <== mon.0 v2:172.21.15.3:3300/0 1 ==== mon_map magic: 0 v1 ==== 205+0+0 (secure 0 0 0) 0x7f730402ae70 con 0x7f731407bee0
2024-06-07T08:41:38.407 INFO:teuthology.orchestra.run.smithi003.stdout:/usr/bin/ceph: stderr
2024-06-07T08:41:37.424+0000 7f7312a00640 1 -- 172.21.15.3:0/3924506518 <== mon.0 v2:172.21.15.3:3300/0 2 ==== config(26 keys) v1 ==== 1074+0+0 (secure 0 0 0) 0x7f73040328e0 con 0x7f731407bee0
2024-06-07T08:41:38.407 INFO:teuthology.orchestra.run.smithi003.stdout:/usr/bin/ceph: stderr
2024-06-07T08:41:37.424+0000 7f7312a00640 1 -- 172.21.15.3:0/3924506518 <== mon.0 v2:172.21.15.3:3300/0 3 ==== mon_map magic: 0 v1 ==== 205+0+0 (secure 0 0 0) 0x7f73040308c0 con 0x7f731407bee0
2024-06-07T08:41:38.407 INFO:teuthology.orchestra.run.smithi003.stdout:/usr/bin/ceph: stderr
2024-06-07T08:41:37.425+0000 7f7319400640 1 -- 172.21.15.3:0/3924506518 >> [v2:172.21.15.3:3300/0,v1:172.21.15.3:6789/0] conn(0x7f731407bee0 msgr2=0x7f731407a340 secure :-1 s=STATE_CONNECTION_ESTABLISHED l=1).mark_down
2024-06-07T08:41:38.407 INFO:teuthology.orchestra.run.smithi003.stdout:/usr/bin/ceph: stderr
2024-06-07T08:41:37.425+0000 7f7319400640 1 --2- 172.21.15.3:0/3924506518 >> [v2:172.21.15.3:3300/0,v1:172.21.15.3:6789/0] conn(0x7f731407bee0 0x7f731407a340 secure :-1 s=READY pgs=39 cs=0 l=1 rev1=1 crypto rx=0x7f7304009820 tx=0x7f730402a270 comp rx=0 tx=0).stop
2024-06-07T08:41:38.407 INFO:teuthology.orchestra.run.smithi003.stdout:/usr/bin/ceph: stderr
2024-06-07T08:41:37.425+0000 7f7319400640 1 -- 172.21.15.3:0/3924506518 shutdown_connections
2024-06-07T08:41:38.408 INFO:teuthology.orchestra.run.smithi003.stdout:/usr/bin/ceph: stderr
2024-06-07T08:41:37.425+0000 7f7319400640 1 --2- 172.21.15.3:0/3924506518 >> [v2:172.21.15.3:3300/0,v1:172.21.15.3:6789/0] conn(0x7f731407bee0 0x7f731407a340 unknown :-1 s=CLOSED pgs=39 cs=0 l=1 rev1=1 crypto rx=0 tx=0 comp rx=0 tx=0).stop
2024-06-07T08:41:38.408 INFO:teuthology.orchestra.run.smithi003.stdout:/usr/bin/ceph: stderr
2024-06-07T08:41:37.425+0000 7f7319400640 1 -- 172.21.15.3:0/3924506518 >> 172.21.15.3:0/3924506518 conn(0x7f73141010a0 msgr2=0x7f7314103500 unknown :-1 s=STATE_NONE l=0).mark_down
2024-06-07T08:41:38.408 INFO:teuthology.orchestra.run.smithi003.stdout:/usr/bin/ceph: stderr
2024-06-07T08:41:37.425+0000 7f7319400640 1 -- 172.21.15.3:0/3924506518 shutdown_connections
2024-06-07T08:41:38.408 INFO:teuthology.orchestra.run.smithi003.stdout:/usr/bin/ceph: stderr
2024-06-07T08:41:37.425+0000 7f7319400640 1 -- 172.21.15.3:0/3924506518 wait complete.
2024-06-07T08:41:38.408 INFO:teuthology.orchestra.run.smithi003.stdout:/usr/bin/ceph: stderr
2024-06-07T08:41:37.426+0000 7f7319400640 1 Processor -- start
2024-06-07T08:41:38.408 INFO:teuthology.orchestra.run.smithi003.stdout:/usr/bin/ceph: stderr
2024-06-07T08:41:37.426+0000 7f7319400640 1 -- start start
2024-06-07T08:41:38.408 INFO:teuthology.orchestra.run.smithi003.stdout:/usr/bin/ceph: stderr
2024-06-07T08:41:37.426+0000 7f7319400640 1 --2- >> [v2:172.21.15.3:3300/0,v1:172.21.15.3:6789/0] conn(0x7f731407bee0 0x7f731419bae0 unknown :-1 s=NONE pgs=0 cs=0 l=1 rev1=0 crypto rx=0 tx=0 comp rx=0 tx=0).connect
2024-06-07T08:41:38.408 INFO:teuthology.orchestra.run.smithi003.stdout:/usr/bin/ceph: stderr
