2024-06-07T08:41:57.184 INFO:journalctl@ceph.mon.a.smithi003.stdout:Jun 07 08:41:57 smithi003 ceph-mon[37630]: from='mgr.14150 172.21.15.3:0/625843775' entity='mgr.x' cmd=[{"prefix": "mgr metadata", "who": "x", "id": "x"}]: dispatch
2024-06-07T08:41:57.184 INFO:journalctl@ceph.mon.a.smithi003.stdout:Jun 07 08:41:57 smithi003 ceph-mon[37630]: from='mgr.14150 172.21.15.3:0/625843775' entity='mgr.x' cmd=[{"prefix": "mds metadata"}]: dispatch
2024-06-07T08:41:57.184 INFO:journalctl@ceph.mon.a.smithi003.stdout:Jun 07 08:41:57 smithi003 ceph-mon[37630]: from='mgr.14150 172.21.15.3:0/625843775' entity='mgr.x' cmd=[{"prefix": "osd metadata"}]: dispatch
2024-06-07T08:41:57.185 INFO:journalctl@ceph.mon.a.smithi003.stdout:Jun 07 08:41:57 smithi003 ceph-mon[37630]: from='mgr.14150 172.21.15.3:0/625843775' entity='mgr.x' cmd=[{"prefix": "mon metadata"}]: dispatch
2024-06-07T08:41:57.185 INFO:journalctl@ceph.mon.a.smithi003.stdout:Jun 07 08:41:57 smithi003 ceph-mon[37630]: Manager daemon x is now available
2024-06-07T08:41:57.185 INFO:journalctl@ceph.mon.a.smithi003.stdout:Jun 07 08:41:57 smithi003 ceph-mon[37630]: from='mgr.14150 172.21.15.3:0/625843775' entity='mgr.x' cmd=[{"prefix": "config dump", "format": "json"}]: dispatch
2024-06-07T08:41:57.185 INFO:journalctl@ceph.mgr.x.smithi003.stdout:Jun 07 08:41:56 smithi003 ceph-93851d1a-24a9-11ef-bc9b-c7b262605968-mgr-x[37878]:
2024-06-07T08:41:56.885+0000 7fc134e05040 -1 mgr[py] Module osd_support has missing NOTIFY_TYPES member
2024-06-07T08:41:57.185 INFO:journalctl@ceph.mgr.x.smithi003.stdout:Jun 07 08:41:57 smithi003 ceph-93851d1a-24a9-11ef-bc9b-c7b262605968-mgr-x[37878]:
2024-06-07T08:41:57.046+0000 7fc134e05040 -1 mgr[py] Module crash has missing NOTIFY_TYPES member
2024-06-07T08:41:57.185 INFO:journalctl@ceph.mgr.x.smithi003.stdout:Jun 07 08:41:57 smithi003 ceph-93851d1a-24a9-11ef-bc9b-c7b262605968-mgr-x[37878]:
2024-06-07T08:41:57.046+0000 7fc134e05040 -1 log_channel(cluster) log [ERR] : Failed to load ceph-mgr modules: k8sevents
2024-06-07T08:41:58.434 INFO:journalctl@ceph.mon.a.smithi003.stdout:Jun 07 08:41:58 smithi003 ceph-mon[37630]: from='mgr.14150 172.21.15.3:0/625843775' entity='mgr.x' cmd=[{"prefix":"config rm","who":"mgr","name":"mgr/rbd_support/x/mirror_snapshot_schedule"}]: dispatch
2024-06-07T08:41:58.434 INFO:journalctl@ceph.mon.a.smithi003.stdout:Jun 07 08:41:58 smithi003 ceph-mon[37630]: from='mgr.14150 172.21.15.3:0/625843775' entity='mgr.x' cmd=[{"prefix":"config rm","who":"mgr","name":"mgr/rbd_support/x/trash_purge_schedule"}]: dispatch
2024-06-07T08:41:58.434 INFO:journalctl@ceph.mon.a.smithi003.stdout:Jun 07 08:41:58 smithi003 ceph-mon[37630]: mgrmap e11: x(active, since 1.00882s)
2024-06-07T08:41:58.934 INFO:teuthology.orchestra.run.smithi003.stdout:/usr/bin/ceph: stdout {
2024-06-07T08:41:58.934 INFO:teuthology.orchestra.run.smithi003.stdout:/usr/bin/ceph: stdout "mgrmap_epoch": 11,
2024-06-07T08:41:58.934 INFO:teuthology.orchestra.run.smithi003.stdout:/usr/bin/ceph: stdout "initialized": true
2024-06-07T08:41:58.934 INFO:teuthology.orchestra.run.smithi003.stdout:/usr/bin/ceph: stdout }
2024-06-07T08:41:58.934 INFO:teuthology.orchestra.run.smithi003.stdout:/usr/bin/ceph: stderr
2024-06-07T08:41:52.596+0000 7f1a87e00640 1 Processor -- start
2024-06-07T08:41:58.934 INFO:teuthology.orchestra.run.smithi003.stdout:/usr/bin/ceph: stderr
2024-06-07T08:41:52.596+0000 7f1a87e00640 1 -- start start
2024-06-07T08:41:58.934 INFO:teuthology.orchestra.run.smithi003.stdout:/usr/bin/ceph: stderr
2024-06-07T08:41:52.597+0000 7f1a87e00640 1 --2- >> [v2:172.21.15.3:3300/0,v1:172.21.15.3:6789/0] conn(0x7f1a80107ed0 0x7f1a801082f0 unknown :-1 s=NONE pgs=0 cs=0 l=0 rev1=0 crypto rx=0 tx=0 comp rx=0 tx=0).connect
2024-06-07T08:41:58.934 INFO:teuthology.orchestra.run.smithi003.stdout:/usr/bin/ceph: stderr
2024-06-07T08:41:52.597+0000 7f1a87e00640 1 -- --> [v2:172.21.15.3:3300/0,v1:172.21.15.3:6789/0] -- mon_getmap magic: 0 v1 -- 0x7f1a80108830 con 0x7f1a80107ed0
2024-06-07T08:41:58.934 INFO:teuthology.orchestra.run.smithi003.stdout:/usr/bin/ceph: stderr
2024-06-07T08:41:52.597+0000 7f1a85400640 1 --2- >> [v2:172.21.15.3:3300/0,v1:172.21.15.3:6789/0] conn(0x7f1a80107ed0 0x7f1a801082f0 unknown :-1 s=BANNER_CONNECTING pgs=0 cs=0 l=0 rev1=0 crypto rx=0 tx=0 comp rx=0 tx=0)._handle_peer_banner_payload supported=3 required=0
2024-06-07T08:41:58.935 INFO:teuthology.orchestra.run.smithi003.stdout:/usr/bin/ceph: stderr
2024-06-07T08:41:52.597+0000 7f1a85400640 1 --2- >> [v2:172.21.15.3:3300/0,v1:172.21.15.3:6789/0] conn(0x7f1a80107ed0 0x7f1a801082f0 unknown :-1 s=HELLO_CONNECTING pgs=0 cs=0 l=0 rev1=1 crypto rx=0 tx=0 comp rx=0 tx=0).handle_hello peer v2:172.21.15.3:3300/0 says I am v2:172.21.15.3:53438/0 (socket says 172.21.15.3:53438)
2024-06-07T08:41:58.935 INFO:teuthology.orchestra.run.smithi003.stdout:/usr/bin/ceph: stderr
2024-06-07T08:41:52.597+0000 7f1a85400640 1 -- 172.21.15.3:0/1724093450 learned_addr learned my addr 172.21.15.3:0/1724093450 (peer_addr_for_me v2:172.21.15.3:0/0)
2024-06-07T08:41:58.935 INFO:teuthology.orchestra.run.smithi003.stdout:/usr/bin/ceph: stderr
2024-06-07T08:41:52.598+0000 7f1a85400640 1 -- 172.21.15.3:0/1724093450 --> [v2:172.21.15.3:3300/0,v1:172.21.15.3:6789/0] -- mon_subscribe({config=0+,monmap=0+}) v3 -- 0x7f1a80108970 con 0x7f1a80107ed0
2024-06-07T08:41:58.935 INFO:teuthology.orchestra.run.smithi003.stdout:/usr/bin/ceph: stderr
2024-06-07T08:41:52.599+0000 7f1a85400640 1 --2- 172.21.15.3:0/1724093450 >> [v2:172.21.15.3:3300/0,v1:172.21.15.3:6789/0] conn(0x7f1a80107ed0 0x7f1a801082f0 secure :-1 s=READY pgs=59 cs=0 l=1 rev1=1 crypto rx=0x7f1a74009820 tx=0x7f1a7402a270 comp rx=0 tx=0).ready entity=mon.0 client_cookie=5d52ce84599ee620 server_cookie=0 in_seq=0 out_seq=0
2024-06-07T08:41:58.935 INFO:teuthology.orchestra.run.smithi003.stdout:/usr/bin/ceph: stderr
2024-06-07T08:41:52.599+0000 7f1a7fe00640 1 -- 172.21.15.3:0/1724093450 <== mon.0 v2:172.21.15.3:3300/0 1 ==== mon_map magic: 0 v1 ==== 205+0+0 (secure 0 0 0) 0x7f1a7402ae70 con 0x7f1a80107ed0
2024-06-07T08:41:58.935 INFO:teuthology.orchestra.run.smithi003.stdout:/usr/bin/ceph: stderr
2024-06-07T08:41:52.599+0000 7f1a7fe00640 1 -- 172.21.15.3:0/1724093450 <== mon.0 v2:172.21.15.3:3300/0 2 ==== config(26 keys) v1 ==== 1105+0+0 (secure 0 0 0) 0x7f1a74032900 con 0x7f1a80107ed0
2024-06-07T08:41:58.935 INFO:teuthology.orchestra.run.smithi003.stdout:/usr/bin/ceph: stderr
2024-06-07T08:41:52.599+0000 7f1a7fe00640 1 -- 172.21.15.3:0/1724093450 <== mon.0 v2:172.21.15.3:3300/0 3 ==== mon_map magic: 0 v1 ==== 205+0+0 (secure 0 0 0) 0x7f1a74030880 con 0x7f1a80107ed0
2024-06-07T08:41:58.935 INFO:teuthology.orchestra.run.smithi003.stdout:/usr/bin/ceph: stderr
2024-06-07T08:41:52.600+0000 7f1a87e00640 1 -- 172.21.15.3:0/1724093450 >> [v2:172.21.15.3:3300/0,v1:172.21.15.3:6789/0] conn(0x7f1a80107ed0 msgr2=0x7f1a801082f0 secure :-1 s=STATE_CONNECTION_ESTABLISHED l=1).mark_down
2024-06-07T08:41:58.935 INFO:teuthology.orchestra.run.smithi003.stdout:/usr/bin/ceph: stderr
2024-06-07T08:41:52.600+0000 7f1a87e00640 1 --2- 172.21.15.3:0/1724093450 >> [v2:172.21.15.3:3300/0,v1:172.21.15.3:6789/0] conn(0x7f1a80107ed0 0x7f1a801082f0 secure :-1 s=READY pgs=59 cs=0 l=1 rev1=1 crypto rx=0x7f1a74009820 tx=0x7f1a7402a270 comp rx=0 tx=0).stop
2024-06-07T08:41:58.935 INFO:teuthology.orchestra.run.smithi003.stdout:/usr/bin/ceph: stderr
2024-06-07T08:41:52.600+0000 7f1a87e00640 1 -- 172.21.15.3:0/1724093450 shutdown_connections
2024-06-07T08:41:58.935 INFO:teuthology.orchestra.run.smithi003.stdout:/usr/bin/ceph: stderr
2024-06-07T08:41:52.600+0000 7f1a87e00640 1 --2- 172.21.15.3:0/1724093450 >> [v2:172.21.15.3:3300/0,v1:172.21.15.3:6789/0] conn(0x7f1a80107ed0 0x7f1a801082f0 unknown :-1 s=CLOSED pgs=59 cs=0 l=1 rev1=1 crypto rx=0 tx=0 comp rx=0 tx=0).stop
2024-06-07T08:41:58.935 INFO:teuthology.orchestra.run.smithi003.stdout:/usr/bin/ceph: stderr
2024-06-07T08:41:52.600+0000 7f1a87e00640 1 -- 172.21.15.3:0/1724093450 >> 172.21.15.3:0/1724093450 conn(0x7f1a8007b2b0 msgr2=0x7f1a8007b720 unknown :-1 s=STATE_NONE l=0).mark_down
2024-06-07T08:41:58.935 INFO:teuthology.orchestra.run.smithi003.stdout:/usr/bin/ceph: stderr
2024-06-07T08:41:52.600+0000 7f1a87e00640 1 -- 172.21.15.3:0/1724093450 shutdown_connections
2024-06-07T08:41:58.935 INFO:teuthology.orchestra.run.smithi003.stdout:/usr/bin/ceph: stderr
2024-06-07T08:41:52.600+0000 7f1a87e00640 1 -- 172.21.15.3:0/1724093450 wait complete.
2024-06-07T08:41:58.935 INFO:teuthology.orchestra.run.smithi003.stdout:/usr/bin/ceph: stderr
2024-06-07T08:41:52.601+0000 7f1a87e00640 1 Processor -- start
2024-06-07T08:41:58.936 INFO:teuthology.orchestra.run.smithi003.stdout:/usr/bin/ceph: stderr
2024-06-07T08:41:52.601+0000 7f1a87e00640 1 -- start start
2024-06-07T08:41:58.936 INFO:teuthology.orchestra.run.smithi003.stdout:/usr/bin/ceph: stderr
2024-06-07T08:41:52.602+0000 7f1a87e00640 1 --2- >> [v2:172.21.15.3:3300/0,v1:172.21.15.3:6789/0] conn(0x7f1a80107ed0 0x7f1a8019bbd0 unknown :-1 s=NONE pgs=0 cs=0 l=1 rev1=0 crypto rx=0 tx=0 comp rx=0 tx=0).connect
2024-06-07T08:41:58.936 INFO:teuthology.orchestra.run.smithi003.stdout:/usr/bin/ceph: stderr
2024-06-07T08:41:52.602+0000 7f1a87e00640 1 -- --> [v2:172.21.15.3:3300/0,v1:172.21.15.3:6789/0] -- mon_getmap magic: 0 v1 -- 0x7f1a8019c110 con 0x7f1a80107ed0
2024-06-07T08:41:58.936 INFO:teuthology.orchestra.run.smithi003.stdout:/usr/bin/ceph: stderr
2024-06-07T08:41:52.602+0000 7f1a85400640 1 --2- >> [v2:172.21.15.3:3300/0,v1:172.21.15.3:6789/0] conn(0x7f1a80107ed0 0x7f1a8019bbd0 unknown :-1 s=BANNER_CONNECTING pgs=0 cs=0 l=1 rev1=0 crypto rx=0 tx=0 comp rx=0 tx=0)._handle_peer_banner_payload supported=3 required=0
2024-06-07T08:41:58.936 INFO:teuthology.orchestra.run.smithi003.stdout:/usr/bin/ceph: stderr
2024-06-07T08:41:52.602+0000 7f1a85400640 1 --2- >> [v2:172.21.15.3:3300/0,v1:172.21.15.3:6789/0] conn(0x7f1a80107ed0 0x7f1a8019bbd0 unknown :-1 s=HELLO_CONNECTING pgs=0 cs=0 l=1 rev1=1 crypto rx=0 tx=0 comp rx=0 tx=0).handle_hello peer v2:172.21.15.3:3300/0 says I am v2:172.21.15.3:53454/0 (socket says 172.21.15.3:53454)
2024-06-07T08:41:58.936 INFO:teuthology.orchestra.run.smithi003.stdout:/usr/bin/ceph: stderr
2024-06-07T08:41:52.602+0000 7f1a85400640 1 -- 172.21.15.3:0/3108518189 learned_addr learned my addr 172.21.15.3:0/3108518189 (peer_addr_for_me v2:172.21.15.3:0/0)
2024-06-07T08:41:58.936 INFO:teuthology.orchestra.run.smithi003.stdout:/usr/bin/ceph: stderr
2024-06-07T08:41:52.603+0000 7f1a85400640 1 -- 172.21.15.3:0/3108518189 --> [v2:172.21.15.3:3300/0,v1:172.21.15.3:6789/0] -- mon_subscribe({config=0+,monmap=0+}) v3 -- 0x7f1a740094d0 con 0x7f1a80107ed0
2024-06-07T08:41:58.936 INFO:teuthology.orchestra.run.smithi003.stdout:/usr/bin/ceph: stderr
2024-06-07T08:41:52.603+0000 7f1a85400640 1 --2- 172.21.15.3:0/3108518189 >> [v2:172.21.15.3:3300/0,v1:172.21.15.3:6789/0] conn(0x7f1a80107ed0 0x7f1a8019bbd0 secure :-1 s=READY pgs=60 cs=0 l=1 rev1=1 crypto rx=0x7f1a740097f0 tx=0x7f1a74030d70 comp rx=0 tx=0).ready entity=mon.0 client_cookie=0 server_cookie=0 in_seq=0 out_seq=0
2024-06-07T08:41:58.936 INFO:teuthology.orchestra.run.smithi003.stdout:/usr/bin/ceph: stderr
2024-06-07T08:41:52.603+0000 7f1a7e000640 1 -- 172.21.15.3:0/3108518189 <== mon.0 v2:172.21.15.3:3300/0 1 ==== mon_map magic: 0 v1 ==== 205+0+0 (secure 0 0 0) 0x7f1a74032c80 con 0x7f1a80107ed0
2024-06-07T08:41:58.936 INFO:teuthology.orchestra.run.smithi003.stdout:/usr/bin/ceph: stderr
2024-06-07T08:41:52.603+0000 7f1a7e000640 1 -- 172.21.15.3:0/3108518189 <== mon.0 v2:172.21.15.3:3300/0 2 ==== config(26 keys) v1 ==== 1105+0+0 (secure 0 0 0) 0x7f1a74032de0 con 0x7f1a80107ed0
2024-06-07T08:41:58.936 INFO:teuthology.orchestra.run.smithi003.stdout:/usr/bin/ceph: stderr
2024-06-07T08:41:52.603+0000 7f1a87e00640 1 -- 172.21.15.3:0/3108518189 --> [v2:172.21.15.3:3300/0,v1:172.21.15.3:6789/0] -- mon_subscribe({mgrmap=0+}) v3 -- 0x7f1a8019c310 con 0x7f1a80107ed0
2024-06-07T08:41:58.936 INFO:teuthology.orchestra.run.smithi003.stdout:/usr/bin/ceph: stderr
2024-06-07T08:41:52.603+0000 7f1a7e000640 1 -- 172.21.15.3:0/3108518189 <== mon.0 v2:172.21.15.3:3300/0 3 ==== mon_map magic: 0 v1 ==== 205+0+0 (secure 0 0 0) 0x7f1a7403a690 con 0x7f1a80107ed0
2024-06-07T08:41:58.936 INFO:teuthology.orchestra.run.smithi003.stdout:/usr/bin/ceph: stderr
2024-06-07T08:41:52.603+0000 7f1a87e00640 1 -- 172.21.15.3:0/3108518189 --> [v2:172.21.15.3:3300/0,v1:172.21.15.3:6789/0] -- mon_subscribe({osdmap=0}) v3 -- 0x7f1a8019c7b0 con 0x7f1a80107ed0
2024-06-07T08:41:58.936 INFO:teuthology.orchestra.run.smithi003.stdout:/usr/bin/ceph: stderr
2024-06-07T08:41:52.604+0000 7f1a7e000640 1 -- 172.21.15.3:0/3108518189 <== mon.0 v2:172.21.15.3:3300/0 4 ==== mgrmap(e 9) v1 ==== 44864+0+0 (secure 0 0 0) 0x7f1a74039040 con 0x7f1a80107ed0
2024-06-07T08:41:58.937 INFO:teuthology.orchestra.run.smithi003.stdout:/usr/bin/ceph: stderr
2024-06-07T08:41:52.605+0000 7f1a7e000640 1 --2- 172.21.15.3:0/3108518189 >> [v2:172.21.15.3:6800/3568633537,v1:172.21.15.3:6801/3568633537] conn(0x7f1a680377c0 0x7f1a68039c80 unknown :-1 s=NONE pgs=0 cs=0 l=1 rev1=0 crypto rx=0 tx=0 comp rx=0 tx=0).connect
2024-06-07T08:41:58.937 INFO:teuthology.orchestra.run.smithi003.stdout:/usr/bin/ceph: stderr
2024-06-07T08:41:52.605+0000 7f1a87e00640 1 -- 172.21.15.3:0/3108518189 --> [v2:172.21.15.3:6800/3568633537,v1:172.21.15.3:6801/3568633537] -- command(tid 0: {"prefix": "get_command_descriptions"}) v1 -- 0x7f1a80061ae0 con 0x7f1a680377c0
2024-06-07T08:41:58.937 INFO:teuthology.orchestra.run.smithi003.stdout:/usr/bin/ceph: stderr
2024-06-07T08:41:52.605+0000 7f1a7e000640 1 -- 172.21.15.3:0/3108518189 <== mon.0 v2:172.21.15.3:3300/0 5 ==== osd_map(2..2 src has 1..2) v4 ==== 940+0+0 (secure 0 0 0) 0x7f1a7406a6f0 con 0x7f1a80107ed0
2024-06-07T08:41:58.937 INFO:teuthology.orchestra.run.smithi003.stdout:/usr/bin/ceph: stderr
2024-06-07T08:41:52.605+0000 7f1a84a00640 1 -- 172.21.15.3:0/3108518189 >> [v2:172.21.15.3:6800/3568633537,v1:172.21.15.3:6801/3568633537] conn(0x7f1a680377c0 msgr2=0x7f1a68039c80 unknown :-1 s=STATE_CONNECTING_RE l=1).process reconnect failed to v2:172.21.15.3:6800/3568633537
2024-06-07T08:41:58.937 INFO:teuthology.orchestra.run.smithi003.stdout:/usr/bin/ceph: stderr
2024-06-07T08:41:52.605+0000 7f1a84a00640 1 --2- 172.21.15.3:0/3108518189 >> [v2:172.21.15.3:6800/3568633537,v1:172.21.15.3:6801/3568633537] conn(0x7f1a680377c0 0x7f1a68039c80 unknown :-1 s=START_CONNECT pgs=0 cs=0 l=1 rev1=0 crypto rx=0 tx=0 comp rx=0 tx=0)._fault waiting 0.200000
2024-06-07T08:41:58.937 INFO:teuthology.orchestra.run.smithi003.stdout:/usr/bin/ceph: stderr
2024-06-07T08:41:52.806+0000 7f1a84a00640 1 -- 172.21.15.3:0/3108518189 >> [v2:172.21.15.3:6800/3568633537,v1:172.21.15.3:6801/3568633537] conn(0x7f1a680377c0 msgr2=0x7f1a68039c80 unknown :-1 s=STATE_CONNECTING_RE l=1).process reconnect failed to v2:172.21.15.3:6800/3568633537
2024-06-07T08:41:58.937 INFO:teuthology.orchestra.run.smithi003.stdout:/usr/bin/ceph: stderr
2024-06-07T08:41:52.806+0000 7f1a84a00640 1 --2- 172.21.15.3:0/3108518189 >> [v2:172.21.15.3:6800/3568633537,v1:172.21.15.3:6801/3568633537] conn(0x7f1a680377c0 0x7f1a68039c80 unknown :-1 s=START_CONNECT pgs=0 cs=0 l=1 rev1=0 crypto rx=0 tx=0 comp rx=0 tx=0)._fault waiting 0.400000
2024-06-07T08:41:58.937 INFO:teuthology.orchestra.run.smithi003.stdout:/usr/bin/ceph: stderr
2024-06-07T08:41:53.207+0000 7f1a84a00640 1 -- 172.21.15.3:0/3108518189 >> [v2:172.21.15.3:6800/3568633537,v1:172.21.15.3:6801/3568633537] conn(0x7f1a680377c0 msgr2=0x7f1a68039c80 unknown :-1 s=STATE_CONNECTING_RE l=1).process reconnect failed to v2:172.21.15.3:6800/3568633537
2024-06-07T08:41:58.937 INFO:teuthology.orchestra.run.smithi003.stdout:/usr/bin/ceph: stderr
2024-06-07T08:41:53.207+0000 7f1a84a00640 1 --2- 172.21.15.3:0/3108518189 >> [v2:172.21.15.3:6800/3568633537,v1:172.21.15.3:6801/3568633537] conn(0x7f1a680377c0 0x7f1a68039c80 unknown :-1 s=START_CONNECT pgs=0 cs=0 l=1 rev1=0 crypto rx=0 tx=0 comp rx=0 tx=0)._fault waiting 0.800000
2024-06-07T08:41:58.937 INFO:teuthology.orchestra.run.smithi003.stdout:/usr/bin/ceph: stderr
2024-06-07T08:41:54.008+0000 7f1a84a00640 1 -- 172.21.15.3:0/3108518189 >> [v2:172.21.15.3:6800/3568633537,v1:172.21.15.3:6801/3568633537] conn(0x7f1a680377c0 msgr2=0x7f1a68039c80 unknown :-1 s=STATE_CONNECTING_RE l=1).process reconnect failed to v2:172.21.15.3:6800/3568633537
2024-06-07T08:41:58.937 INFO:teuthology.orchestra.run.smithi003.stdout:/usr/bin/ceph: stderr
2024-06-07T08:41:54.008+0000 7f1a84a00640 1 --2- 172.21.15.3:0/3108518189 >> [v2:172.21.15.3:6800/3568633537,v1:172.21.15.3:6801/3568633537] conn(0x7f1a680377c0 0x7f1a68039c80 unknown :-1 s=START_CONNECT pgs=0 cs=0 l=1 rev1=0 crypto rx=0 tx=0 comp rx=0 tx=0)._fault waiting 1.600000
2024-06-07T08:41:58.937 INFO:teuthology.orchestra.run.smithi003.stdout:/usr/bin/ceph: stderr
2024-06-07T08:41:55.609+0000 7f1a84a00640 1 -- 172.21.15.3:0/3108518189 >> [v2:172.21.15.3:6800/3568633537,v1:172.21.15.3:6801/3568633537] conn(0x7f1a680377c0 msgr2=0x7f1a68039c80 unknown :-1 s=STATE_CONNECTING_RE l=1).process reconnect failed to v2:172.21.15.3:6800/3568633537
2024-06-07T08:41:58.937 INFO:teuthology.orchestra.run.smithi003.stdout:/usr/bin/ceph: stderr
2024-06-07T08:41:55.610+0000 7f1a84a00640 1 --2- 172.21.15.3:0/3108518189 >> [v2:172.21.15.3:6800/3568633537,v1:172.21.15.3:6801/3568633537] conn(0x7f1a680377c0 0x7f1a68039c80 unknown :-1 s=START_CONNECT pgs=0 cs=0 l=1 rev1=0 crypto rx=0 tx=0 comp rx=0 tx=0)._fault waiting 3.200000
2024-06-07T08:41:58.938 INFO:teuthology.orchestra.run.smithi003.stdout:/usr/bin/ceph: stderr
2024-06-07T08:41:57.051+0000 7f1a7e000640 1 -- 172.21.15.3:0/3108518189 <== mon.0 v2:172.21.15.3:3300/0 6 ==== mgrmap(e 10) v1 ==== 44631+0+0 (secure 0 0 0) 0x7f1a7403b430 con 0x7f1a80107ed0
2024-06-07T08:41:58.938 INFO:teuthology.orchestra.run.smithi003.stdout:/usr/bin/ceph: stderr
2024-06-07T08:41:57.051+0000 7f1a7e000640 1 -- 172.21.15.3:0/3108518189 >> [v2:172.21.15.3:6800/3568633537,v1:172.21.15.3:6801/3568633537] conn(0x7f1a680377c0 msgr2=0x7f1a68039c80 unknown :-1 s=STATE_CONNECTING l=1).mark_down
2024-06-07T08:41:58.938 INFO:teuthology.orchestra.run.smithi003.stdout:/usr/bin/ceph: stderr
2024-06-07T08:41:57.051+0000 7f1a7e000640 1 --2- 172.21.15.3:0/3108518189 >> [v2:172.21.15.3:6800/3568633537,v1:172.21.15.3:6801/3568633537] conn(0x7f1a680377c0 0x7f1a68039c80 unknown :-1 s=START_CONNECT pgs=0 cs=0 l=1 rev1=0 crypto rx=0 tx=0 comp rx=0 tx=0).stop
2024-06-07T08:41:58.938 INFO:teuthology.orchestra.run.smithi003.stdout:/usr/bin/ceph: stderr
2024-06-07T08:41:58.055+0000 7f1a7e000640 1 -- 172.21.15.3:0/3108518189 <== mon.0 v2:172.21.15.3:3300/0 7 ==== mgrmap(e 11) v1 ==== 44758+0+0 (secure 0 0 0) 0x7f1a7406bf00 con 0x7f1a80107ed0
2024-06-07T08:41:58.938 INFO:teuthology.orchestra.run.smithi003.stdout:/usr/bin/ceph: stderr
2024-06-07T08:41:58.055+0000 7f1a7e000640 1 --2- 172.21.15.3:0/3108518189 >> [v2:172.21.15.3:6800/2054294090,v1:172.21.15.3:6801/2054294090] conn(0x7f1a6803afe0 0x7f1a6803d3d0 unknown :-1 s=NONE pgs=0 cs=0 l=1 rev1=0 crypto rx=0 tx=0 comp rx=0 tx=0).connect
2024-06-07T08:41:58.938 INFO:teuthology.orchestra.run.smithi003.stdout:/usr/bin/ceph: stderr
2024-06-07T08:41:58.055+0000 7f1a7e000640 1 -- 172.21.15.3:0/3108518189 --> [v2:172.21.15.3:6800/2054294090,v1:172.21.15.3:6801/2054294090] -- command(tid 0: {"prefix": "get_command_descriptions"}) v1 -- 0x7f1a80061ae0 con 0x7f1a6803afe0
2024-06-07T08:41:58.938 INFO:teuthology.orchestra.run.smithi003.stdout:/usr/bin/ceph: stderr
2024-06-07T08:41:58.056+0000 7f1a84a00640 1 --2- 172.21.15.3:0/3108518189 >> [v2:172.21.15.3:6800/2054294090,v1:172.21.15.3:6801/2054294090] conn(0x7f1a6803afe0 0x7f1a6803d3d0 unknown :-1 s=BANNER_CONNECTING pgs=0 cs=0 l=1 rev1=0 crypto rx=0 tx=0 comp rx=0 tx=0)._handle_peer_banner_payload supported=3 required=0
2024-06-07T08:41:58.938 INFO:teuthology.orchestra.run.smithi003.stdout:/usr/bin/ceph: stderr
2024-06-07T08:41:58.057+0000 7f1a84a00640 1 --2- 172.21.15.3:0/3108518189 >> [v2:172.21.15.3:6800/2054294090,v1:172.21.15.3:6801/2054294090] conn(0x7f1a6803afe0 0x7f1a6803d3d0 secure :-1 s=READY pgs=1 cs=0 l=1 rev1=1 crypto rx=0x7f1a6c003980 tx=0x7f1a6c009290 comp rx=0 tx=0).ready entity=mgr.14150 client_cookie=0 server_cookie=0 in_seq=0 out_seq=0
2024-06-07T08:41:58.938 INFO:teuthology.orchestra.run.smithi003.stdout:/usr/bin/ceph: stderr
2024-06-07T08:41:58.059+0000 7f1a7e000640 1 -- 172.21.15.3:0/3108518189 <== mgr.14150 v2:172.21.15.3:6800/2054294090 1 ==== command_reply(tid 0: 0 ) v1 ==== 8+0+7774 (secure 0 0 0) 0x7f1a80061ae0 con 0x7f1a6803afe0
2024-06-07T08:41:58.938 INFO:teuthology.orchestra.run.smithi003.stdout:/usr/bin/ceph: stderr
2024-06-07T08:41:58.065+0000 7f1a87e00640 1 -- 172.21.15.3:0/3108518189 --> [v2:172.21.15.3:6800/2054294090,v1:172.21.15.3:6801/2054294090] -- command(tid 1: {"prefix": "mgr_status"}) v1 -- 0x7f1a8010c330 con 0x7f1a6803afe0
2024-06-07T08:41:58.938 INFO:teuthology.orchestra.run.smithi003.stdout:/usr/bin/ceph: stderr
2024-06-07T08:41:58.065+0000 7f1a7e000640 1 -- 172.21.15.3:0/3108518189 <== mgr.14150 v2:172.21.15.3:6800/2054294090 2 ==== command_reply(tid 1: 0 ) v1 ==== 8+0+52 (secure 0 0 0) 0x7f1a8010c330 con 0x7f1a6803afe0
2024-06-07T08:41:58.938 INFO:teuthology.orchestra.run.smithi003.stdout:/usr/bin/ceph: stderr
2024-06-07T08:41:58.066+0000 7f1a87e00640 1 -- 172.21.15.3:0/3108518189 >> [v2:172.21.15.3:6800/2054294090,v1:172.21.15.3:6801/2054294090] conn(0x7f1a6803afe0 msgr2=0x7f1a6803d3d0 secure :-1 s=STATE_CONNECTION_ESTABLISHED l=1).mark_down
2024-06-07T08:41:58.939 INFO:teuthology.orchestra.run.smithi003.stdout:/usr/bin/ceph: stderr
2024-06-07T08:41:58.066+0000 7f1a87e00640 1 --2- 172.21.15.3:0/3108518189 >> [v2:172.21.15.3:6800/2054294090,v1:172.21.15.3:6801/2054294090] conn(0x7f1a6803afe0 0x7f1a6803d3d0 secure :-1 s=READY pgs=1 cs=0 l=1 rev1=1 crypto rx=0x7f1a6c003980 tx=0x7f1a6c009290 comp rx=0 tx=0).stop
2024-06-07T08:41:58.939 INFO:teuthology.orchestra.run.smithi003.stdout:/usr/bin/ceph: stderr
2024-06-07T08:41:58.066+0000 7f1a87e00640 1 -- 172.21.15.3:0/3108518189 >> [v2:172.21.15.3:3300/0,v1:172.21.15.3:6789/0] conn(0x7f1a80107ed0 msgr2=0x7f1a8019bbd0 secure :-1 s=STATE_CONNECTION_ESTABLISHED l=1).mark_down
2024-06-07T08:41:58.939 INFO:teuthology.orchestra.run.smithi003.stdout:/usr/bin/ceph: stderr
2024-06-07T08:41:58.066+0000 7f1a87e00640 1 --2- 172.21.15.3:0/3108518189 >> [v2:172.21.15.3:3300/0,v1:172.21.15.3:6789/0] conn(0x7f1a80107ed0 0x7f1a8019bbd0 secure :-1 s=READY pgs=60 cs=0 l=1 rev1=1 crypto rx=0x7f1a740097f0 tx=0x7f1a74030d70 comp rx=0 tx=0).stop
2024-06-07T08:41:58.939 INFO:teuthology.orchestra.run.smithi003.stdout:/usr/bin/ceph: stderr
2024-06-07T08:41:58.066+0000 7f1a87e00640 1 -- 172.21.15.3:0/3108518189 shutdown_connections
2024-06-07T08:41:58.939 INFO:teuthology.orchestra.run.smithi003.stdout:/usr/bin/ceph: stderr
2024-06-07T08:41:58.066+0000 7f1a87e00640 1 --2- 172.21.15.3:0/3108518189 >> [v2:172.21.15.3:6800/2054294090,v1:172.21.15.3:6801/2054294090] conn(0x7f1a6803afe0 0x7f1a6803d3d0 unknown :-1 s=CLOSED pgs=1 cs=0 l=1 rev1=1 crypto rx=0 tx=0 comp rx=0 tx=0).stop
2024-06-07T08:41:58.939 INFO:teuthology.orchestra.run.smithi003.stdout:/usr/bin/ceph: stderr
2024-06-07T08:41:58.066+0000 7f1a87e00640 1 --2- 172.21.15.3:0/3108518189 >> [v2:172.21.15.3:6800/3568633537,v1:172.21.15.3:6801/3568633537] conn(0x7f1a680377c0 0x7f1a68039c80 unknown :-1 s=CLOSED pgs=0 cs=0 l=1 rev1=0 crypto rx=0 tx=0 comp rx=0 tx=0).stop
2024-06-07T08:41:58.939 INFO:teuthology.orchestra.run.smithi003.stdout:/usr/bin/ceph: stderr
2024-06-07T08:41:58.066+0000 7f1a87e00640 1 --2- 172.21.15.3:0/3108518189 >> [v2:172.21.15.3:3300/0,v1:172.21.15.3:6789/0] conn(0x7f1a80107ed0 0x7f1a8019bbd0 unknown :-1 s=CLOSED pgs=60 cs=0 l=1 rev1=1 crypto rx=0 tx=0 comp rx=0 tx=0).stop
2024-06-07T08:41:58.939 INFO:teuthology.orchestra.run.smithi003.stdout:/usr/bin/ceph: stderr
2024-06-07T08:41:58.066+0000 7f1a87e00640 1 -- 172.21.15.3:0/3108518189 >> 172.21.15.3:0/3108518189 conn(0x7f1a8007b2b0 msgr2=0x7f1a801054b0 unknown :-1 s=STATE_NONE l=0).mark_down
2024-06-07T08:41:58.939 INFO:teuthology.orchestra.run.smithi003.stdout:/usr/bin/ceph: stderr
2024-06-07T08:41:58.066+0000 7f1a87e00640 1 -- 172.21.15.3:0/3108518189 shutdown_connections
2024-06-07T08:41:58.939 INFO:teuthology.orchestra.run.smithi003.stdout:/usr/bin/ceph: stderr
2024-06-07T08:41:58.066+0000 7f1a87e00640 1 -- 172.21.15.3:0/3108518189 wait complete.
2024-06-07T08:41:58.939 INFO:teuthology.orchestra.run.smithi003.stdout:mgr epoch 9 is available
2024-06-07T08:41:58.939 INFO:teuthology.orchestra.run.smithi003.stdout:Generating a dashboard self-signed certificate...
2024-06-07T08:41:58.940 INFO:journalctl@ceph.mgr.x.smithi003.stdout:Jun 07 08:41:58 smithi003 ceph-93851d1a-24a9-11ef-bc9b-c7b262605968-mgr-x[37878]:
2024-06-07T08:41:58.890+0000 7fc08d000640 -1 log_channel(cephadm) log [ERR] : [07/Jun/2024:08:41:58] ENGINE Error in HTTPServer.serve
2024-06-07T08:41:58.940 INFO:journalctl@ceph.mgr.x.smithi003.stdout:Jun 07 08:41:58 smithi003 ceph-93851d1a-24a9-11ef-bc9b-c7b262605968-mgr-x[37878]: Traceback (most recent call last):
2024-06-07T08:41:58.940 INFO:journalctl@ceph.mgr.x.smithi003.stdout:Jun 07 08:41:58 smithi003 ceph-93851d1a-24a9-11ef-bc9b-c7b262605968-mgr-x[37878]: File "/lib/python3.9/site-packages/cheroot/server.py", line 1823, in serve
2024-06-07T08:41:58.940 INFO:journalctl@ceph.mgr.x.smithi003.stdout:Jun 07 08:41:58 smithi003 ceph-93851d1a-24a9-11ef-bc9b-c7b262605968-mgr-x[37878]: self._connections.run(self.expiration_interval)
2024-06-07T08:41:58.940 INFO:journalctl@ceph.mgr.x.smithi003.stdout:Jun 07 08:41:58 smithi003 ceph-93851d1a-24a9-11ef-bc9b-c7b262605968-mgr-x[37878]: File "/lib/python3.9/site-packages/cheroot/connections.py", line 203, in run
2024-06-07T08:41:58.940 INFO:journalctl@ceph.mgr.x.smithi003.stdout:Jun 07 08:41:58 smithi003 ceph-93851d1a-24a9-11ef-bc9b-c7b262605968-mgr-x[37878]: self._run(expiration_interval)
2024-06-07T08:41:58.940 INFO:journalctl@ceph.mgr.x.smithi003.stdout:Jun 07 08:41:58 smithi003 ceph-93851d1a-24a9-11ef-bc9b-c7b262605968-mgr-x[37878]: File "/lib/python3.9/site-packages/cheroot/connections.py", line 246, in _run
2024-06-07T08:41:58.940 INFO:journalctl@ceph.mgr.x.smithi003.stdout:Jun 07 08:41:58 smithi003 ceph-93851d1a-24a9-11ef-bc9b-c7b262605968-mgr-x[37878]: new_conn = self._from_server_socket(self.server.socket)
2024-06-07T08:41:58.940 INFO:journalctl@ceph.mgr.x.smithi003.stdout:Jun 07 08:41:58 smithi003 ceph-93851d1a-24a9-11ef-bc9b-c7b262605968-mgr-x[37878]: File "/lib/python3.9/site-packages/cheroot/connections.py", line 300, in _from_server_socket
2024-06-07T08:41:58.941 INFO:journalctl@ceph.mgr.x.smithi003.stdout:Jun 07 08:41:58 smithi003 ceph-93851d1a-24a9-11ef-bc9b-c7b262605968-mgr-x[37878]: s, ssl_env = self.server.ssl_adapter.wrap(s)
2024-06-07T08:41:58.941 INFO:journalctl@ceph.mgr.x.smithi003.stdout:Jun 07 08:41:58 smithi003 ceph-93851d1a-24a9-11ef-bc9b-c7b262605968-mgr-x[37878]: File "/lib/python3.9/site-packages/cheroot/ssl/builtin.py", line 277, in wrap
2024-06-07T08:41:58.941 INFO:journalctl@ceph.mgr.x.smithi003.stdout:Jun 07 08:41:58 smithi003 ceph-93851d1a-24a9-11ef-bc9b-c7b262605968-mgr-x[37878]: s = self.context.wrap_socket(
2024-06-07T08:41:58.941 INFO:journalctl@ceph.mgr.x.smithi003.stdout:Jun 07 08:41:58 smithi003 ceph-93851d1a-24a9-11ef-bc9b-c7b262605968-mgr-x[37878]: File "/lib64/python3.9/ssl.py", line 501, in wrap_socket
2024-06-07T08:41:58.941 INFO:journalctl@ceph.mgr.x.smithi003.stdout:Jun 07 08:41:58 smithi003 ceph-93851d1a-24a9-11ef-bc9b-c7b262605968-mgr-x[37878]: return self.sslsocket_class._create(
2024-06-07T08:41:58.941 INFO:journalctl@ceph.mgr.x.smithi003.stdout:Jun 07 08:41:58 smithi003 ceph-93851d1a-24a9-11ef-bc9b-c7b262605968-mgr-x[37878]: File "/lib64/python3.9/ssl.py", line 1074, in _create
2024-06-07T08:41:58.941 INFO:journalctl@ceph.mgr.x.smithi003.stdout:Jun 07 08:41:58 smithi003 ceph-93851d1a-24a9-11ef-bc9b-c7b262605968-mgr-x[37878]: self.do_handshake()
2024-06-07T08:41:58.941 INFO:journalctl@ceph.mgr.x.smithi003.stdout:Jun 07 08:41:58 smithi003 ceph-93851d1a-24a9-11ef-bc9b-c7b262605968-mgr-x[37878]: File "/lib64/python3.9/ssl.py", line 1343, in do_handshake
2024-06-07T08:41:58.941 INFO:journalctl@ceph.mgr.x.smithi003.stdout:Jun 07 08:41:58 smithi003 ceph-93851d1a-24a9-11ef-bc9b-c7b262605968-mgr-x[37878]: self._sslobj.do_handshake()
2024-06-07T08:41:58.941 INFO:journalctl@ceph.mgr.x.smithi003.stdout:Jun 07 08:41:58 smithi003 ceph-93851d1a-24a9-11ef-bc9b-c7b262605968-mgr-x[37878]: ssl.SSLZeroReturnError: TLS/SSL connection has been closed (EOF) (_ssl.c:1129)
2024-06-07T08:41:58.941 INFO:journalctl@ceph.mgr.x.smithi003.stdout:Jun 07 08:41:58 smithi003 ceph-93851d1a-24a9-11ef-bc9b-c7b262605968-mgr-x[37878]:
2024-06-07T08:41:59.434 INFO:journalctl@ceph.mon.a.smithi003.stdout:Jun 07 08:41:59 smithi003 ceph-mon[37630]: [07/Jun/2024:08:41:58] ENGINE Bus STARTING
2024-06-07T08:41:59.434 INFO:journalctl@ceph.mon.a.smithi003.stdout:Jun 07 08:41:59 smithi003 ceph-mon[37630]: [07/Jun/2024:08:41:58] ENGINE Serving on http://172.21.15.3:8765
2024-06-07T08:41:59.434 INFO:journalctl@ceph.mon.a.smithi003.stdout:Jun 07 08:41:59 smithi003 ceph-mon[37630]: from='mgr.14150 172.21.15.3:0/625843775' entity='mgr.x'
2024-06-07T08:42:00.049 INFO:teuthology.orchestra.run.smithi003.stdout:/usr/bin/ceph: stdout Self-signed certificate created
2024-06-07T08:42:00.049 INFO:teuthology.orchestra.run.smithi003.stdout:/usr/bin/ceph: stderr
2024-06-07T08:41:59.330+0000 7f2074a00640 1 Processor -- start
2024-06-07T08:42:00.049 INFO:teuthology.orchestra.run.smithi003.stdout:/usr/bin/ceph: stderr
2024-06-07T08:41:59.330+0000 7f2074a00640 1 -- start start
2024-06-07T08:42:00.049 INFO:teuthology.orchestra.run.smithi003.stdout:/usr/bin/ceph: stderr
2024-06-07T08:41:59.331+0000 7f2074a00640 1 --2- >> [v2:172.21.15.3:3300/0,v1:172.21.15.3:6789/0] conn(0x7f207007be90 0x7f207007a340 unknown :-1 s=NONE pgs=0 cs=0 l=0 rev1=0 crypto rx=0 tx=0 comp rx=0 tx=0).connect
2024-06-07T08:42:00.049 INFO:teuthology.orchestra.run.smithi003.stdout:/usr/bin/ceph: stderr
2024-06-07T08:41:59.331+0000 7f2074a00640 1 -- --> [v2:172.21.15.3:3300/0,v1:172.21.15.3:6789/0] -- mon_getmap magic: 0 v1 -- 0x7f207007a910 con 0x7f207007be90
2024-06-07T08:42:00.049 INFO:teuthology.orchestra.run.smithi003.stdout:/usr/bin/ceph: stderr
2024-06-07T08:41:59.331+0000 7f206de00640 1 --2- >> [v2:172.21.15.3:3300/0,v1:172.21.15.3:6789/0] conn(0x7f207007be90 0x7f207007a340 unknown :-1 s=BANNER_CONNECTING pgs=0 cs=0 l=0 rev1=0 crypto rx=0 tx=0 comp rx=0 tx=0)._handle_peer_banner_payload supported=3 required=0
2024-06-07T08:42:00.049 INFO:teuthology.orchestra.run.smithi003.stdout:/usr/bin/ceph: stderr
2024-06-07T08:41:59.331+0000 7f206de00640 1 --2- >> [v2:172.21.15.3:3300/0,v1:172.21.15.3:6789/0] conn(0x7f207007be90 0x7f207007a340 unknown :-1 s=HELLO_CONNECTING pgs=0 cs=0 l=0 rev1=1 crypto rx=0 tx=0 comp rx=0 tx=0).handle_hello peer v2:172.21.15.3:3300/0 says I am v2:172.21.15.3:53524/0 (socket says 172.21.15.3:53524)
2024-06-07T08:42:00.050 INFO:teuthology.orchestra.run.smithi003.stdout:/usr/bin/ceph: stderr
2024-06-07T08:41:59.331+0000 7f206de00640 1 -- 172.21.15.3:0/405276404 learned_addr learned my addr 172.21.15.3:0/405276404 (peer_addr_for_me v2:172.21.15.3:0/0)
2024-06-07T08:42:00.050 INFO:teuthology.orchestra.run.smithi003.stdout:/usr/bin/ceph: stderr
2024-06-07T08:41:59.331+0000 7f206de00640 1 -- 172.21.15.3:0/405276404 --> [v2:172.21.15.3:3300/0,v1:172.21.15.3:6789/0] -- mon_subscribe({config=0+,monmap=0+}) v3 -- 0x7f207007aa50 con 0x7f207007be90
2024-06-07T08:42:00.050 INFO:teuthology.orchestra.run.smithi003.stdout:/usr/bin/ceph: stderr
2024-06-07T08:41:59.332+0000 7f206de00640 1 --2- 172.21.15.3:0/405276404 >> [v2:172.21.15.3:3300/0,v1:172.21.15.3:6789/0] conn(0x7f207007be90 0x7f207007a340 secure :-1 s=READY pgs=68 cs=0 l=1 rev1=1 crypto rx=0x7f2060009820 tx=0x7f206002a270 comp rx=0 tx=0).ready entity=mon.0 client_cookie=5b7b1abe70469b00 server_cookie=0 in_seq=0 out_seq=0
2024-06-07T08:42:00.050 INFO:teuthology.orchestra.run.smithi003.stdout:/usr/bin/ceph: stderr
2024-06-07T08:41:59.333+0000 7f206ca00640 1 -- 172.21.15.3:0/405276404 <== mon.0 v2:172.21.15.3:3300/0 1 ==== mon_map magic: 0 v1 ==== 205+0+0 (secure 0 0 0) 0x7f206002ae70 con 0x7f207007be90
2024-06-07T08:42:00.050 INFO:teuthology.orchestra.run.smithi003.stdout:/usr/bin/ceph: stderr
2024-06-07T08:41:59.333+0000 7f206ca00640 1 -- 172.21.15.3:0/405276404 <== mon.0 v2:172.21.15.3:3300/0 2 ==== config(26 keys) v1 ==== 1105+0+0 (secure 0 0 0) 0x7f2060032900 con 0x7f207007be90
2024-06-07T08:42:00.050 INFO:teuthology.orchestra.run.smithi003.stdout:/usr/bin/ceph: stderr
2024-06-07T08:41:59.333+0000 7f206ca00640 1 -- 172.21.15.3:0/405276404 <== mon.0 v2:172.21.15.3:3300/0 3 ==== mon_map magic: 0 v1 ==== 205+0+0 (secure 0 0 0) 0x7f2060030880 con 0x7f207007be90
2024-06-07T08:42:00.050 INFO:teuthology.orchestra.run.smithi003.stdout:/usr/bin/ceph: stderr
2024-06-07T08:41:59.333+0000 7f2074a00640 1 -- 172.21.15.3:0/405276404 >> [v2:172.21.15.3:3300/0,v1:172.21.15.3:6789/0] conn(0x7f207007be90 msgr2=0x7f207007a340 secure :-1 s=STATE_CONNECTION_ESTABLISHED l=1).mark_down
2024-06-07T08:42:00.050 INFO:teuthology.orchestra.run.smithi003.stdout:/usr/bin/ceph: stderr
2024-06-07T08:41:59.333+0000 7f2074a00640 1 --2- 172.21.15.3:0/405276404 >> [v2:172.21.15.3:3300/0,v1:172.21.15.3:6789/0] conn(0x7f207007be90 0x7f207007a340 secure :-1 s=READY pgs=68 cs=0 l=1 rev1=1 crypto rx=0x7f2060009820 tx=0x7f206002a270 comp rx=0 tx=0).stop
2024-06-07T08:42:00.050 INFO:teuthology.orchestra.run.smithi003.stdout:/usr/bin/ceph: stderr
2024-06-07T08:41:59.334+0000 7f2074a00640 1 -- 172.21.15.3:0/405276404 shutdown_connections
2024-06-07T08:42:00.050 INFO:teuthology.orchestra.run.smithi003.stdout:/usr/bin/ceph: stderr
2024-06-07T08:41:59.334+0000 7f2074a00640 1 --2- 172.21.15.3:0/405276404 >> [v2:172.21.15.3:3300/0,v1:172.21.15.3:6789/0] conn(0x7f207007be90 0x7f207007a340 unknown :-1 s=CLOSED pgs=68 cs=0 l=1 rev1=1 crypto rx=0 tx=0 comp rx=0 tx=0).stop
2024-06-07T08:42:00.051 INFO:teuthology.orchestra.run.smithi003.stdout:/usr/bin/ceph: stderr
2024-06-07T08:41:59.334+0000 7f2074a00640 1 -- 172.21.15.3:0/405276404 >> 172.21.15.3:0/405276404 conn(0x7f2070101280 msgr2=0x7f2070103700 unknown :-1 s=STATE_NONE l=0).mark_down
2024-06-07T08:42:00.051 INFO:teuthology.orchestra.run.smithi003.stdout:/usr/bin/ceph: stderr
2024-06-07T08:41:59.334+0000 7f2074a00640 1 -- 172.21.15.3:0/405276404 shutdown_connections
2024-06-07T08:42:00.051 INFO:teuthology.orchestra.run.smithi003.stdout:/usr/bin/ceph: stderr
2024-06-07T08:41:59.334+0000 7f2074a00640 1 -- 172.21.15.3:0/405276404 wait complete.
2024-06-07T08:42:00.051 INFO:teuthology.orchestra.run.smithi003.stdout:/usr/bin/ceph: stderr
2024-06-07T08:41:59.335+0000 7f2074a00640 1 Processor -- start
2024-06-07T08:42:00.051 INFO:teuthology.orchestra.run.smithi003.stdout:/usr/bin/ceph: stderr
2024-06-07T08:41:59.335+0000 7f2074a00640 1 -- start start
2024-06-07T08:42:00.051 INFO:teuthology.orchestra.run.smithi003.stdout:/usr/bin/ceph: stderr
2024-06-07T08:41:59.335+0000 7f2074a00640 1 --2- >> [v2:172.21.15.3:3300/0,v1:172.21.15.3:6789/0] conn(0x7f207007be90 0x7f207019bbb0 unknown :-1 s=NONE pgs=0 cs=0 l=1 rev1=0 crypto rx=0 tx=0 comp rx=0 tx=0).connect
2024-06-07T08:42:00.051 INFO:teuthology.orchestra.run.smithi003.stdout:/usr/bin/ceph: stderr
2024-06-07T08:41:59.335+0000 7f2074a00640 1 -- --> [v2:172.21.15.3:3300/0,v1:172.21.15.3:6789/0] -- mon_getmap magic: 0 v1 -- 0x7f207019c0f0 con 0x7f207007be90
2024-06-07T08:42:00.051 INFO:teuthology.orchestra.run.smithi003.stdout:/usr/bin/ceph: stderr
2024-06-07T08:41:59.335+0000 7f206de00640 1 --2- >> [v2:172.21.15.3:3300/0,v1:172.21.15.3:6789/0] conn(0x7f207007be90 0x7f207019bbb0 unknown :-1 s=BANNER_CONNECTING pgs=0 cs=0 l=1 rev1=0 crypto rx=0 tx=0 comp rx=0 tx=0)._handle_peer_banner_payload supported=3 required=0
2024-06-07T08:42:00.051 INFO:teuthology.orchestra.run.smithi003.stdout:/usr/bin/ceph: stderr
2024-06-07T08:41:59.336+0000 7f206de00640 1 --2- >> [v2:172.21.15.3:3300/0,v1:172.21.15.3:6789/0] conn(0x7f207007be90 0x7f207019bbb0 unknown :-1 s=HELLO_CONNECTING pgs=0 cs=0 l=1 rev1=1 crypto rx=0 tx=0 comp rx=0 tx=0).handle_hello peer v2:172.21.15.3:3300/0 says I am v2:172.21.15.3:53532/0 (socket says 172.21.15.3:53532)
2024-06-07T08:42:00.051 INFO:teuthology.orchestra.run.smithi003.stdout:/usr/bin/ceph: stderr
2024-06-07T08:41:59.336+0000 7f206de00640 1 -- 172.21.15.3:0/2767746774 learned_addr learned my addr 172.21.15.3:0/2767746774 (peer_addr_for_me v2:172.21.15.3:0/0)
2024-06-07T08:42:00.051 INFO:teuthology.orchestra.run.smithi003.stdout:/usr/bin/ceph: stderr
2024-06-07T08:41:59.336+0000 7f206de00640 1 -- 172.21.15.3:0/2767746774 --> [v2:172.21.15.3:3300/0,v1:172.21.15.3:6789/0] -- mon_subscribe({config=0+,monmap=0+}) v3 -- 0x7f20600094d0 con 0x7f207007be90
2024-06-07T08:42:00.051 INFO:teuthology.orchestra.run.smithi003.stdout:/usr/bin/ceph: stderr
2024-06-07T08:41:59.336+0000 7f206de00640 1 --2- 172.21.15.3:0/2767746774 >> [v2:172.21.15.3:3300/0,v1:172.21.15.3:6789/0] conn(0x7f207007be90 0x7f207019bbb0 secure :-1 s=READY pgs=69 cs=0 l=1 rev1=1 crypto rx=0x7f2060030410 tx=0x7f2060032670 comp rx=0 tx=0).ready entity=mon.0 client_cookie=0 server_cookie=0 in_seq=0 out_seq=0
2024-06-07T08:42:00.052 INFO:teuthology.orchestra.run.smithi003.stdout:/usr/bin/ceph: stderr
2024-06-07T08:41:59.336+0000 7f2066a00640 1 -- 172.21.15.3:0/2767746774 <== mon.0 v2:172.21.15.3:3300/0 1 ==== mon_map magic: 0 v1 ==== 205+0+0 (secure 0 0 0) 0x7f2060032c80 con 0x7f207007be90
2024-06-07T08:42:00.052 INFO:teuthology.orchestra.run.smithi003.stdout:/usr/bin/ceph: stderr
2024-06-07T08:41:59.336+0000 7f2066a00640 1 -- 172.21.15.3:0/2767746774 <== mon.0 v2:172.21.15.3:3300/0 2 ==== config(26 keys) v1 ==== 1105+0+0 (secure 0 0 0) 0x7f2060032de0 con 0x7f207007be90
2024-06-07T08:42:00.052 INFO:teuthology.orchestra.run.smithi003.stdout:/usr/bin/ceph: stderr
2024-06-07T08:41:59.336+0000 7f2066a00640 1 -- 172.21.15.3:0/2767746774 <== mon.0 v2:172.21.15.3:3300/0 3 ==== mon_map magic: 0 v1 ==== 205+0+0 (secure 0 0 0) 0x7f206003a780 con 0x7f207007be90
2024-06-07T08:42:00.052 INFO:teuthology.orchestra.run.smithi003.stdout:/usr/bin/ceph: stderr
2024-06-07T08:41:59.337+0000 7f2074a00640 1 -- 172.21.15.3:0/2767746774 --> [v2:172.21.15.3:3300/0,v1:172.21.15.3:6789/0] -- mon_subscribe({mgrmap=0+}) v3 -- 0x7f207019c2f0 con 0x7f207007be90
2024-06-07T08:42:00.052 INFO:teuthology.orchestra.run.smithi003.stdout:/usr/bin/ceph: stderr
2024-06-07T08:41:59.337+0000 7f2074a00640 1 -- 172.21.15.3:0/2767746774 --> [v2:172.21.15.3:3300/0,v1:172.21.15.3:6789/0] -- mon_subscribe({osdmap=0}) v3 -- 0x7f207019c790 con 0x7f207007be90
2024-06-07T08:42:00.052 INFO:teuthology.orchestra.run.smithi003.stdout:/usr/bin/ceph: stderr
2024-06-07T08:41:59.338+0000 7f2074a00640 1 -- 172.21.15.3:0/2767746774 --> [v2:172.21.15.3:3300/0,v1:172.21.15.3:6789/0] -- mon_command({"prefix": "get_command_descriptions"} v 0) v1 -- 0x7f207010c170 con 0x7f207007be90
2024-06-07T08:42:00.052 INFO:teuthology.orchestra.run.smithi003.stdout:/usr/bin/ceph: stderr
2024-06-07T08:41:59.338+0000 7f2066a00640 1 -- 172.21.15.3:0/2767746774 <== mon.0 v2:172.21.15.3:3300/0 4 ==== mgrmap(e 11) v1 ==== 44758+0+0 (secure 0 0 0) 0x7f2060039040 con 0x7f207007be90
2024-06-07T08:42:00.052 INFO:teuthology.orchestra.run.smithi003.stdout:/usr/bin/ceph: stderr
2024-06-07T08:41:59.339+0000 7f2066a00640 1 --2- 172.21.15.3:0/2767746774 >> [v2:172.21.15.3:6800/2054294090,v1:172.21.15.3:6801/2054294090] conn(0x7f20540376a0 0x7f2054039b60 unknown :-1 s=NONE pgs=0 cs=0 l=1 rev1=0 crypto rx=0 tx=0 comp rx=0 tx=0).connect
2024-06-07T08:42:00.052 INFO:teuthology.orchestra.run.smithi003.stdout:/usr/bin/ceph: stderr
2024-06-07T08:41:59.339+0000 7f2066a00640 1 -- 172.21.15.3:0/2767746774 <== mon.0 v2:172.21.15.3:3300/0 5 ==== osd_map(3..3 src has 1..3) v4 ==== 1155+0+0 (secure 0 0 0) 0x7f206006a560 con 0x7f207007be90
2024-06-07T08:42:00.052 INFO:teuthology.orchestra.run.smithi003.stdout:/usr/bin/ceph: stderr
2024-06-07T08:41:59.339+0000 7f206d400640 1 --2- 172.21.15.3:0/2767746774 >> [v2:172.21.15.3:6800/2054294090,v1:172.21.15.3:6801/2054294090] conn(0x7f20540376a0 0x7f2054039b60 unknown :-1 s=BANNER_CONNECTING pgs=0 cs=0 l=1 rev1=0 crypto rx=0 tx=0 comp rx=0 tx=0)._handle_peer_banner_payload supported=3 required=0
2024-06-07T08:42:00.052 INFO:teuthology.orchestra.run.smithi003.stdout:/usr/bin/ceph: stderr
2024-06-07T08:41:59.339+0000 7f206d400640 1 --2- 172.21.15.3:0/2767746774 >> [v2:172.21.15.3:6800/2054294090,v1:172.21.15.3:6801/2054294090] conn(0x7f20540376a0 0x7f2054039b60 secure :-1 s=READY pgs=7 cs=0 l=1 rev1=1 crypto rx=0x7f205c0098c0 tx=0x7f205c006db0 comp rx=0 tx=0).ready entity=mgr.14150 client_cookie=0 server_cookie=0 in_seq=0 out_seq=0
2024-06-07T08:42:00.052 INFO:teuthology.orchestra.run.smithi003.stdout:/usr/bin/ceph: stderr
2024-06-07T08:41:59.347+0000 7f2066a00640 1 -- 172.21.15.3:0/2767746774 <== mon.0 v2:172.21.15.3:3300/0 6 ==== mon_command_ack([{"prefix": "get_command_descriptions"}]=0 v0) v1 ==== 72+0+182498 (secure 0 0 0) 0x7f20600313a0 con 0x7f207007be90
2024-06-07T08:42:00.053 INFO:teuthology.orchestra.run.smithi003.stdout:/usr/bin/ceph: stderr
2024-06-07T08:41:59.555+0000 7f2074a00640 1 -- 172.21.15.3:0/2767746774 --> [v2:172.21.15.3:6800/2054294090,v1:172.21.15.3:6801/2054294090] -- mgr_command(tid 0: {"prefix": "dashboard create-self-signed-cert", "target": ["mon-mgr", ""]}) v1 -- 0x7f2070102440 con 0x7f20540376a0
2024-06-07T08:42:00.053 INFO:teuthology.orchestra.run.smithi003.stdout:/usr/bin/ceph: stderr
2024-06-07T08:41:59.685+0000 7f2066a00640 1 -- 172.21.15.3:0/2767746774 <== mgr.14150 v2:172.21.15.3:6800/2054294090 1 ==== mgr_command_reply(tid 0: 0 ) v1 ==== 8+0+32 (secure 0 0 0) 0x7f2070102440 con 0x7f20540376a0
2024-06-07T08:42:00.053 INFO:teuthology.orchestra.run.smithi003.stdout:/usr/bin/ceph: stderr
2024-06-07T08:41:59.689+0000 7f2074a00640 1 -- 172.21.15.3:0/2767746774 >> [v2:172.21.15.3:6800/2054294090,v1:172.21.15.3:6801/2054294090] conn(0x7f20540376a0 msgr2=0x7f2054039b60 secure :-1 s=STATE_CONNECTION_ESTABLISHED l=1).mark_down
2024-06-07T08:42:00.053 INFO:teuthology.orchestra.run.smithi003.stdout:/usr/bin/ceph: stderr
2024-06-07T08:41:59.689+0000 7f2074a00640 1 --2- 172.21.15.3:0/2767746774 >> [v2:172.21.15.3:6800/2054294090,v1:172.21.15.3:6801/2054294090] conn(0x7f20540376a0 0x7f2054039b60 secure :-1 s=READY pgs=7 cs=0 l=1 rev1=1 crypto rx=0x7f205c0098c0 tx=0x7f205c006db0 comp rx=0 tx=0).stop
2024-06-07T08:42:00.053 INFO:teuthology.orchestra.run.smithi003.stdout:/usr/bin/ceph: stderr
2024-06-07T08:41:59.689+0000 7f2074a00640 1 -- 172.21.15.3:0/2767746774 >> [v2:172.21.15.3:3300/0,v1:172.21.15.3:6789/0] conn(0x7f207007be90 msgr2=0x7f207019bbb0 secure :-1 s=STATE_CONNECTION_ESTABLISHED l=1).mark_down
2024-06-07T08:42:00.053 INFO:teuthology.orchestra.run.smithi003.stdout:/usr/bin/ceph: stderr
2024-06-07T08:41:59.689+0000 7f2074a00640 1 --2- 172.21.15.3:0/2767746774 >> [v2:172.21.15.3:3300/0,v1:172.21.15.3:6789/0] conn(0x7f207007be90 0x7f207019bbb0 secure :-1 s=READY pgs=69 cs=0 l=1 rev1=1 crypto rx=0x7f2060030410 tx=0x7f2060032670 comp rx=0 tx=0).stop
2024-06-07T08:42:00.053 INFO:teuthology.orchestra.run.smithi003.stdout:/usr/bin/ceph: stderr
2024-06-07T08:41:59.689+0000 7f2074a00640 1 -- 172.21.15.3:0/2767746774 shutdown_connections
2024-06-07T08:42:00.053 INFO:teuthology.orchestra.run.smithi003.stdout:/usr/bin/ceph: stderr
2024-06-07T08:41:59.689+0000 7f2074a00640 1 --2- 172.21.15.3:0/2767746774 >> [v2:172.21.15.3:6800/2054294090,v1:172.21.15.3:6801/2054294090] conn(0x7f20540376a0 0x7f2054039b60 unknown :-1 s=CLOSED pgs=7 cs=0 l=1 rev1=1 crypto rx=0 tx=0 comp rx=0 tx=0).stop
2024-06-07T08:42:00.053 INFO:teuthology.orchestra.run.smithi003.stdout:/usr/bin/ceph: stderr
2024-06-07T08:41:59.689+0000 7f2074a00640 1 --2- 172.21.15.3:0/2767746774 >> [v2:172.21.15.3:3300/0,v1:172.21.15.3:6789/0] conn(0x7f207007be90 0x7f207019bbb0 unknown :-1 s=CLOSED pgs=69 cs=0 l=1 rev1=1 crypto rx=0 tx=0 comp rx=0 tx=0).stop
2024-06-07T08:42:00.053 INFO:teuthology.orchestra.run.smithi003.stdout:/usr/bin/ceph: stderr
2024-06-07T08:41:59.689+0000 7f2074a00640 1 -- 172.21.15.3:0/2767746774 >> 172.21.15.3:0/2767746774 conn(0x7f2070101280 msgr2=0x7f2070101d30 unknown :-1 s=STATE_NONE l=0).mark_down
2024-06-07T08:42:00.053 INFO:teuthology.orchestra.run.smithi003.stdout:/usr/bin/ceph: stderr
2024-06-07T08:41:59.689+0000 7f2074a00640 1 -- 172.21.15.3:0/2767746774 shutdown_connections
2024-06-07T08:42:00.053 INFO:teuthology.orchestra.run.smithi003.stdout:/usr/bin/ceph: stderr
2024-06-07T08:41:59.689+0000 7f2074a00640 1 -- 172.21.15.3:0/2767746774 wait complete.
2024-06-07T08:42:00.054 INFO:teuthology.orchestra.run.smithi003.stdout:Creating initial admin user...
2024-06-07T08:42:00.932 INFO:journalctl@ceph.mon.a.smithi003.stdout:Jun 07 08:42:00 smithi003 ceph-mon[37630]: [07/Jun/2024:08:41:58] ENGINE Serving on https://172.21.15.3:7150
2024-06-07T08:42:00.932 INFO:journalctl@ceph.mon.a.smithi003.stdout:Jun 07 08:42:00 smithi003 ceph-mon[37630]: [07/Jun/2024:08:41:58] ENGINE Bus STARTED
2024-06-07T08:42:00.932 INFO:journalctl@ceph.mon.a.smithi003.stdout:Jun 07 08:42:00 smithi003 ceph-mon[37630]: [07/Jun/2024:08:41:58] ENGINE Error in HTTPServer.serve
2024-06-07T08:42:00.932 INFO:journalctl@ceph.mon.a.smithi003.stdout: Traceback (most recent call last):
2024-06-07T08:42:00.933 INFO:journalctl@ceph.mon.a.smithi003.stdout: File "/lib/python3.9/site-packages/cheroot/server.py", line 1823, in serve
2024-06-07T08:42:00.933 INFO:journalctl@ceph.mon.a.smithi003.stdout: self._connections.run(self.expiration_interval)
2024-06-07T08:42:00.933 INFO:journalctl@ceph.mon.a.smithi003.stdout: File "/lib/python3.9/site-packages/cheroot/connections.py", line 203, in run
2024-06-07T08:42:00.933 INFO:journalctl@ceph.mon.a.smithi003.stdout: self._run(expiration_interval)
2024-06-07T08:42:00.933 INFO:journalctl@ceph.mon.a.smithi003.stdout: File "/lib/python3.9/site-packages/cheroot/connections.py", line 246, in _run
2024-06-07T08:42:00.933 INFO:journalctl@ceph.mon.a.smithi003.stdout: new_conn = self._from_server_socket(self.server.socket)
2024-06-07T08:42:00.933 INFO:journalctl@ceph.mon.a.smithi003.stdout: File "/lib/python3.9/site-packages/cheroot/connections.py", line 300, in _from_server_socket
2024-06-07T08:42:00.933 INFO:journalctl@ceph.mon.a.smithi003.stdout: s, ssl_env = self.server.ssl_adapter.wrap(s)
2024-06-07T08:42:00.933 INFO:journalctl@ceph.mon.a.smithi003.stdout: File "/lib/python3.9/site-packages/cheroot/ssl/builtin.py", line 277, in wrap
2024-06-07T08:42:00.933 INFO:journalctl@ceph.mon.a.smithi003.stdout: s = self.context.wrap_socket(
2024-06-07T08:42:00.933 INFO:journalctl@ceph.mon.a.smithi003.stdout: File "/lib64/python3.9/ssl.py", line 501, in wrap_socket
2024-06-07T08:42:00.933 INFO:journalctl@ceph.mon.a.smithi003.stdout: return self.sslsocket_class._create(
2024-06-07T08:42:00.933 INFO:journalctl@ceph.mon.a.smithi003.stdout: File "/lib64/python3.9/ssl.py", line 1074, in _create
2024-06-07T08:42:00.933 INFO:journalctl@ceph.mon.a.smithi003.stdout: self.do_handshake()
2024-06-07T08:42:00.934 INFO:journalctl@ceph.mon.a.smithi003.stdout: File "/lib64/python3.9/ssl.py", line 1343, in do_handshake
2024-06-07T08:42:00.934 INFO:journalctl@ceph.mon.a.smithi003.stdout: self._sslobj.do_handshake()
2024-06-07T08:42:00.934 INFO:journalctl@ceph.mon.a.smithi003.stdout: ssl.SSLZeroReturnError: TLS/SSL connection has been closed (EOF) (_ssl.c:1129)
2024-06-07T08:42:00.934 INFO:journalctl@ceph.mon.a.smithi003.stdout:Jun 07 08:42:00 smithi003 ceph-mon[37630]: from='client.14162 -' entity='client.admin' cmd=[{"prefix": "dashboard create-self-signed-cert", "target": ["mon-mgr", ""]}]: dispatch
2024-06-07T08:42:00.934 INFO:journalctl@ceph.mon.a.smithi003.stdout:Jun 07 08:42:00 smithi003 ceph-mon[37630]: from='mgr.14150 172.21.15.3:0/625843775' entity='mgr.x'
2024-06-07T08:42:00.934 INFO:journalctl@ceph.mon.a.smithi003.stdout:Jun 07 08:42:00 smithi003 ceph-mon[37630]: from='mgr.14150 172.21.15.3:0/625843775' entity='mgr.x'
2024-06-07T08:42:00.934 INFO:journalctl@ceph.mon.a.smithi003.stdout:Jun 07 08:42:00 smithi003 ceph-mon[37630]: mgrmap e12: x(active, since 2s)
2024-06-07T08:42:00.934 INFO:journalctl@ceph.mon.a.smithi003.stdout:Jun 07 08:42:00 smithi003 ceph-mon[37630]: from='mgr.14150 172.21.15.3:0/625843775' entity='mgr.x'
2024-06-07T08:42:01.520 INFO:teuthology.orchestra.run.smithi003.stdout:/usr/bin/ceph: stdout {"username": "admin", "password": "$2b$12$S.nfplA/fwruyeUORyHzpeEi2PHEll7Z9ZMM31WqIkW9Fnld.IeDW", "roles": ["administrator"], "name": null, "email": null, "lastUpdate": 1717749720, "enabled": true, "pwdExpirationDate": null, "pwdUpdateRequired": true}
2024-06-07T08:42:01.520 INFO:teuthology.orchestra.run.smithi003.stdout:/usr/bin/ceph: stderr
2024-06-07T08:42:00.439+0000 7fc7dae00640 1 Processor -- start
2024-06-07T08:42:01.520 INFO:teuthology.orchestra.run.smithi003.stdout:/usr/bin/ceph: stderr
2024-06-07T08:42:00.440+0000 7fc7dae00640 1 -- start start
2024-06-07T08:42:01.520 INFO:teuthology.orchestra.run.smithi003.stdout:/usr/bin/ceph: stderr
2024-06-07T08:42:00.440+0000 7fc7dae00640 1 --2- >> [v2:172.21.15.3:3300/0,v1:172.21.15.3:6789/0] conn(0x7fc7d4105ce0 0x7fc7d4106100 unknown :-1 s=NONE pgs=0 cs=0 l=0 rev1=0 crypto rx=0 tx=0 comp rx=0 tx=0).connect
2024-06-07T08:42:01.521 INFO:teuthology.orchestra.run.smithi003.stdout:/usr/bin/ceph: stderr
2024-06-07T08:42:00.440+0000 7fc7dae00640 1 -- --> [v2:172.21.15.3:3300/0,v1:172.21.15.3:6789/0] -- mon_getmap magic: 0 v1 -- 0x7fc7d41066d0 con 0x7fc7d4105ce0
2024-06-07T08:42:01.521 INFO:teuthology.orchestra.run.smithi003.stdout:/usr/bin/ceph: stderr
