2024-06-07T08:41:48.508+0000 7f7d55600640 1 -- 172.21.15.3:0/1610578151 <== mon.0 v2:172.21.15.3:3300/0 2 ==== config(26 keys) v1 ==== 1105+0+0 (secure 0 0 0) 0x7f7d4c032de0 con 0x7f7d58107f00
2024-06-07T08:41:49.092 INFO:teuthology.orchestra.run.smithi003.stdout:/usr/bin/ceph: stderr
2024-06-07T08:41:48.509+0000 7f7d5fc00640 1 -- 172.21.15.3:0/1610578151 --> [v2:172.21.15.3:3300/0,v1:172.21.15.3:6789/0] -- mon_subscribe({mgrmap=0+}) v3 -- 0x7f7d58080270 con 0x7f7d58107f00
2024-06-07T08:41:49.092 INFO:teuthology.orchestra.run.smithi003.stdout:/usr/bin/ceph: stderr
2024-06-07T08:41:48.509+0000 7f7d55600640 1 -- 172.21.15.3:0/1610578151 <== mon.0 v2:172.21.15.3:3300/0 3 ==== mon_map magic: 0 v1 ==== 205+0+0 (secure 0 0 0) 0x7f7d4c03a760 con 0x7f7d58107f00
2024-06-07T08:41:49.092 INFO:teuthology.orchestra.run.smithi003.stdout:/usr/bin/ceph: stderr
2024-06-07T08:41:48.509+0000 7f7d5fc00640 1 -- 172.21.15.3:0/1610578151 --> [v2:172.21.15.3:3300/0,v1:172.21.15.3:6789/0] -- mon_subscribe({osdmap=0}) v3 -- 0x7f7d5807c6c0 con 0x7f7d58107f00
2024-06-07T08:41:49.092 INFO:teuthology.orchestra.run.smithi003.stdout:/usr/bin/ceph: stderr
2024-06-07T08:41:48.510+0000 7f7d5fc00640 1 -- 172.21.15.3:0/1610578151 --> [v2:172.21.15.3:3300/0,v1:172.21.15.3:6789/0] -- mon_command({"prefix": "get_command_descriptions"} v 0) v1 -- 0x7f7d5810c320 con 0x7f7d58107f00
2024-06-07T08:41:49.092 INFO:teuthology.orchestra.run.smithi003.stdout:/usr/bin/ceph: stderr
2024-06-07T08:41:48.510+0000 7f7d55600640 1 -- 172.21.15.3:0/1610578151 <== mon.0 v2:172.21.15.3:3300/0 4 ==== mgrmap(e 8) v1 ==== 44851+0+0 (secure 0 0 0) 0x7f7d4c039040 con 0x7f7d58107f00
2024-06-07T08:41:49.092 INFO:teuthology.orchestra.run.smithi003.stdout:/usr/bin/ceph: stderr
2024-06-07T08:41:48.511+0000 7f7d55600640 1 --2- 172.21.15.3:0/1610578151 >> [v2:172.21.15.3:6800/3568633537,v1:172.21.15.3:6801/3568633537] conn(0x7f7d40037770 0x7f7d40039c30 unknown :-1 s=NONE pgs=0 cs=0 l=1 rev1=0 crypto rx=0 tx=0 comp rx=0 tx=0).connect
2024-06-07T08:41:49.092 INFO:teuthology.orchestra.run.smithi003.stdout:/usr/bin/ceph: stderr
2024-06-07T08:41:48.511+0000 7f7d55600640 1 -- 172.21.15.3:0/1610578151 <== mon.0 v2:172.21.15.3:3300/0 5 ==== osd_map(2..2 src has 1..2) v4 ==== 940+0+0 (secure 0 0 0) 0x7f7d4c06a6c0 con 0x7f7d58107f00
2024-06-07T08:41:49.092 INFO:teuthology.orchestra.run.smithi003.stdout:/usr/bin/ceph: stderr
2024-06-07T08:41:48.511+0000 7f7d57e00640 1 --2- 172.21.15.3:0/1610578151 >> [v2:172.21.15.3:6800/3568633537,v1:172.21.15.3:6801/3568633537] conn(0x7f7d40037770 0x7f7d40039c30 unknown :-1 s=BANNER_CONNECTING pgs=0 cs=0 l=1 rev1=0 crypto rx=0 tx=0 comp rx=0 tx=0)._handle_peer_banner_payload supported=3 required=0
2024-06-07T08:41:49.092 INFO:teuthology.orchestra.run.smithi003.stdout:/usr/bin/ceph: stderr
2024-06-07T08:41:48.512+0000 7f7d57e00640 1 --2- 172.21.15.3:0/1610578151 >> [v2:172.21.15.3:6800/3568633537,v1:172.21.15.3:6801/3568633537] conn(0x7f7d40037770 0x7f7d40039c30 secure :-1 s=READY pgs=15 cs=0 l=1 rev1=1 crypto rx=0x7f7d440098c0 tx=0x7f7d44006db0 comp rx=0 tx=0).ready entity=mgr.14118 client_cookie=0 server_cookie=0 in_seq=0 out_seq=0
2024-06-07T08:41:49.092 INFO:teuthology.orchestra.run.smithi003.stdout:/usr/bin/ceph: stderr
2024-06-07T08:41:48.516+0000 7f7d55600640 1 -- 172.21.15.3:0/1610578151 <== mon.0 v2:172.21.15.3:3300/0 6 ==== mon_command_ack([{"prefix": "get_command_descriptions"}]=0 v0) v1 ==== 72+0+182498 (secure 0 0 0) 0x7f7d4c0313a0 con 0x7f7d58107f00
2024-06-07T08:41:49.092 INFO:teuthology.orchestra.run.smithi003.stdout:/usr/bin/ceph: stderr
2024-06-07T08:41:48.710+0000 7f7d5fc00640 1 -- 172.21.15.3:0/1610578151 --> [v2:172.21.15.3:3300/0,v1:172.21.15.3:6789/0] -- mon_command([{prefix=config set, name=mgr/dashboard/ssl_server_port}] v 0) v1 -- 0x7f7d5807c900 con 0x7f7d58107f00
2024-06-07T08:41:49.092 INFO:teuthology.orchestra.run.smithi003.stdout:/usr/bin/ceph: stderr
2024-06-07T08:41:48.714+0000 7f7d55600640 1 -- 172.21.15.3:0/1610578151 <== mon.0 v2:172.21.15.3:3300/0 7 ==== mon_command_ack([{prefix=config set, name=mgr/dashboard/ssl_server_port}]=0 v8)=0 v8) v1 ==== 130+0+0 (secure 0 0 0) 0x7f7d4c03f0c0 con 0x7f7d58107f00
2024-06-07T08:41:49.093 INFO:teuthology.orchestra.run.smithi003.stdout:/usr/bin/ceph: stderr
2024-06-07T08:41:48.716+0000 7f7d5fc00640 1 -- 172.21.15.3:0/1610578151 >> [v2:172.21.15.3:6800/3568633537,v1:172.21.15.3:6801/3568633537] conn(0x7f7d40037770 msgr2=0x7f7d40039c30 secure :-1 s=STATE_CONNECTION_ESTABLISHED l=1).mark_down
2024-06-07T08:41:49.093 INFO:teuthology.orchestra.run.smithi003.stdout:/usr/bin/ceph: stderr
2024-06-07T08:41:48.716+0000 7f7d5fc00640 1 --2- 172.21.15.3:0/1610578151 >> [v2:172.21.15.3:6800/3568633537,v1:172.21.15.3:6801/3568633537] conn(0x7f7d40037770 0x7f7d40039c30 secure :-1 s=READY pgs=15 cs=0 l=1 rev1=1 crypto rx=0x7f7d440098c0 tx=0x7f7d44006db0 comp rx=0 tx=0).stop
2024-06-07T08:41:49.093 INFO:teuthology.orchestra.run.smithi003.stdout:/usr/bin/ceph: stderr
2024-06-07T08:41:48.716+0000 7f7d5fc00640 1 -- 172.21.15.3:0/1610578151 >> [v2:172.21.15.3:3300/0,v1:172.21.15.3:6789/0] conn(0x7f7d58107f00 msgr2=0x7f7d5807fb30 secure :-1 s=STATE_CONNECTION_ESTABLISHED l=1).mark_down
2024-06-07T08:41:49.093 INFO:teuthology.orchestra.run.smithi003.stdout:/usr/bin/ceph: stderr
2024-06-07T08:41:48.716+0000 7f7d5fc00640 1 --2- 172.21.15.3:0/1610578151 >> [v2:172.21.15.3:3300/0,v1:172.21.15.3:6789/0] conn(0x7f7d58107f00 0x7f7d5807fb30 secure :-1 s=READY pgs=52 cs=0 l=1 rev1=1 crypto rx=0x7f7d4c0097f0 tx=0x7f7d4c030d70 comp rx=0 tx=0).stop
2024-06-07T08:41:49.093 INFO:teuthology.orchestra.run.smithi003.stdout:/usr/bin/ceph: stderr
2024-06-07T08:41:48.716+0000 7f7d5fc00640 1 -- 172.21.15.3:0/1610578151 shutdown_connections
2024-06-07T08:41:49.093 INFO:teuthology.orchestra.run.smithi003.stdout:/usr/bin/ceph: stderr
2024-06-07T08:41:48.716+0000 7f7d5fc00640 1 --2- 172.21.15.3:0/1610578151 >> [v2:172.21.15.3:6800/3568633537,v1:172.21.15.3:6801/3568633537] conn(0x7f7d40037770 0x7f7d40039c30 unknown :-1 s=CLOSED pgs=15 cs=0 l=1 rev1=1 crypto rx=0 tx=0 comp rx=0 tx=0).stop
2024-06-07T08:41:49.093 INFO:teuthology.orchestra.run.smithi003.stdout:/usr/bin/ceph: stderr
2024-06-07T08:41:48.716+0000 7f7d5fc00640 1 --2- 172.21.15.3:0/1610578151 >> [v2:172.21.15.3:3300/0,v1:172.21.15.3:6789/0] conn(0x7f7d58107f00 0x7f7d5807fb30 secure :-1 s=CLOSED pgs=52 cs=0 l=1 rev1=1 crypto rx=0x7f7d4c0097f0 tx=0x7f7d4c030d70 comp rx=0 tx=0).stop
2024-06-07T08:41:49.093 INFO:teuthology.orchestra.run.smithi003.stdout:/usr/bin/ceph: stderr
2024-06-07T08:41:48.716+0000 7f7d5fc00640 1 -- 172.21.15.3:0/1610578151 >> 172.21.15.3:0/1610578151 conn(0x7f7d5807b2d0 msgr2=0x7f7d58105420 unknown :-1 s=STATE_NONE l=0).mark_down
2024-06-07T08:41:49.093 INFO:teuthology.orchestra.run.smithi003.stdout:/usr/bin/ceph: stderr
2024-06-07T08:41:48.717+0000 7f7d5fc00640 1 -- 172.21.15.3:0/1610578151 shutdown_connections
2024-06-07T08:41:49.093 INFO:teuthology.orchestra.run.smithi003.stdout:/usr/bin/ceph: stderr
2024-06-07T08:41:48.717+0000 7f7d5fc00640 1 -- 172.21.15.3:0/1610578151 wait complete.
2024-06-07T08:41:49.093 INFO:teuthology.orchestra.run.smithi003.stdout:Enabling the dashboard module...
2024-06-07T08:41:50.184 INFO:journalctl@ceph.mon.a.smithi003.stdout:Jun 07 08:41:49 smithi003 ceph-mon[37630]: from='client.? 172.21.15.3:0/1610578151' entity='client.admin'
2024-06-07T08:41:50.184 INFO:journalctl@ceph.mon.a.smithi003.stdout:Jun 07 08:41:49 smithi003 ceph-mon[37630]: from='mgr.14118 172.21.15.3:0/1070300717' entity='mgr.x'
2024-06-07T08:41:50.856 INFO:journalctl@ceph.mon.a.smithi003.stdout:Jun 07 08:41:50 smithi003 ceph-mon[37630]: from='client.? 172.21.15.3:0/3292170869' entity='client.admin' cmd=[{"prefix": "mgr module enable", "module": "dashboard"}]: dispatch
2024-06-07T08:41:50.856 INFO:journalctl@ceph.mgr.x.smithi003.stdout:Jun 07 08:41:50 smithi003 ceph-93851d1a-24a9-11ef-bc9b-c7b262605968-mgr-x[37878]: ignoring --setuser ceph since I am not root
2024-06-07T08:41:50.856 INFO:journalctl@ceph.mgr.x.smithi003.stdout:Jun 07 08:41:50 smithi003 ceph-93851d1a-24a9-11ef-bc9b-c7b262605968-mgr-x[37878]: ignoring --setgroup ceph since I am not root
2024-06-07T08:41:51.144 INFO:teuthology.orchestra.run.smithi003.stdout:/usr/bin/ceph: stderr
2024-06-07T08:41:49.515+0000 7f7186600640 1 Processor -- start
2024-06-07T08:41:51.144 INFO:teuthology.orchestra.run.smithi003.stdout:/usr/bin/ceph: stderr
2024-06-07T08:41:49.515+0000 7f7186600640 1 -- start start
2024-06-07T08:41:51.144 INFO:teuthology.orchestra.run.smithi003.stdout:/usr/bin/ceph: stderr
2024-06-07T08:41:49.516+0000 7f7186600640 1 --2- >> [v2:172.21.15.3:3300/0,v1:172.21.15.3:6789/0] conn(0x7f7180107f60 0x7f7180108380 unknown :-1 s=NONE pgs=0 cs=0 l=0 rev1=0 crypto rx=0 tx=0 comp rx=0 tx=0).connect
2024-06-07T08:41:51.144 INFO:teuthology.orchestra.run.smithi003.stdout:/usr/bin/ceph: stderr
2024-06-07T08:41:49.516+0000 7f7186600640 1 -- --> [v2:172.21.15.3:3300/0,v1:172.21.15.3:6789/0] -- mon_getmap magic: 0 v1 -- 0x7f71801088c0 con 0x7f7180107f60
2024-06-07T08:41:51.145 INFO:teuthology.orchestra.run.smithi003.stdout:/usr/bin/ceph: stderr
2024-06-07T08:41:49.516+0000 7f717f400640 1 --2- >> [v2:172.21.15.3:3300/0,v1:172.21.15.3:6789/0] conn(0x7f7180107f60 0x7f7180108380 unknown :-1 s=BANNER_CONNECTING pgs=0 cs=0 l=0 rev1=0 crypto rx=0 tx=0 comp rx=0 tx=0)._handle_peer_banner_payload supported=3 required=0
2024-06-07T08:41:51.145 INFO:teuthology.orchestra.run.smithi003.stdout:/usr/bin/ceph: stderr
2024-06-07T08:41:49.516+0000 7f717f400640 1 --2- >> [v2:172.21.15.3:3300/0,v1:172.21.15.3:6789/0] conn(0x7f7180107f60 0x7f7180108380 unknown :-1 s=HELLO_CONNECTING pgs=0 cs=0 l=0 rev1=1 crypto rx=0 tx=0 comp rx=0 tx=0).handle_hello peer v2:172.21.15.3:3300/0 says I am v2:172.21.15.3:39010/0 (socket says 172.21.15.3:39010)
2024-06-07T08:41:51.145 INFO:teuthology.orchestra.run.smithi003.stdout:/usr/bin/ceph: stderr
2024-06-07T08:41:49.516+0000 7f717f400640 1 -- 172.21.15.3:0/1185842145 learned_addr learned my addr 172.21.15.3:0/1185842145 (peer_addr_for_me v2:172.21.15.3:0/0)
2024-06-07T08:41:51.145 INFO:teuthology.orchestra.run.smithi003.stdout:/usr/bin/ceph: stderr
2024-06-07T08:41:49.517+0000 7f717f400640 1 -- 172.21.15.3:0/1185842145 --> [v2:172.21.15.3:3300/0,v1:172.21.15.3:6789/0] -- mon_subscribe({config=0+,monmap=0+}) v3 -- 0x7f7180108a00 con 0x7f7180107f60
2024-06-07T08:41:51.145 INFO:teuthology.orchestra.run.smithi003.stdout:/usr/bin/ceph: stderr
2024-06-07T08:41:49.517+0000 7f717f400640 1 --2- 172.21.15.3:0/1185842145 >> [v2:172.21.15.3:3300/0,v1:172.21.15.3:6789/0] conn(0x7f7180107f60 0x7f7180108380 secure :-1 s=READY pgs=53 cs=0 l=1 rev1=1 crypto rx=0x7f7170009820 tx=0x7f717002a270 comp rx=0 tx=0).ready entity=mon.0 client_cookie=b85a449cfb36f6ac server_cookie=0 in_seq=0 out_seq=0
2024-06-07T08:41:51.145 INFO:teuthology.orchestra.run.smithi003.stdout:/usr/bin/ceph: stderr
2024-06-07T08:41:49.518+0000 7f717e000640 1 -- 172.21.15.3:0/1185842145 <== mon.0 v2:172.21.15.3:3300/0 1 ==== mon_map magic: 0 v1 ==== 205+0+0 (secure 0 0 0) 0x7f717002ae70 con 0x7f7180107f60
2024-06-07T08:41:51.145 INFO:teuthology.orchestra.run.smithi003.stdout:/usr/bin/ceph: stderr
2024-06-07T08:41:49.518+0000 7f717e000640 1 -- 172.21.15.3:0/1185842145 <== mon.0 v2:172.21.15.3:3300/0 2 ==== config(26 keys) v1 ==== 1105+0+0 (secure 0 0 0) 0x7f7170032900 con 0x7f7180107f60
2024-06-07T08:41:51.145 INFO:teuthology.orchestra.run.smithi003.stdout:/usr/bin/ceph: stderr
2024-06-07T08:41:49.518+0000 7f717e000640 1 -- 172.21.15.3:0/1185842145 <== mon.0 v2:172.21.15.3:3300/0 3 ==== mon_map magic: 0 v1 ==== 205+0+0 (secure 0 0 0) 0x7f7170030880 con 0x7f7180107f60
2024-06-07T08:41:51.145 INFO:teuthology.orchestra.run.smithi003.stdout:/usr/bin/ceph: stderr
2024-06-07T08:41:49.519+0000 7f7186600640 1 -- 172.21.15.3:0/1185842145 >> [v2:172.21.15.3:3300/0,v1:172.21.15.3:6789/0] conn(0x7f7180107f60 msgr2=0x7f7180108380 secure :-1 s=STATE_CONNECTION_ESTABLISHED l=1).mark_down
2024-06-07T08:41:51.145 INFO:teuthology.orchestra.run.smithi003.stdout:/usr/bin/ceph: stderr
2024-06-07T08:41:49.519+0000 7f7186600640 1 --2- 172.21.15.3:0/1185842145 >> [v2:172.21.15.3:3300/0,v1:172.21.15.3:6789/0] conn(0x7f7180107f60 0x7f7180108380 secure :-1 s=READY pgs=53 cs=0 l=1 rev1=1 crypto rx=0x7f7170009820 tx=0x7f717002a270 comp rx=0 tx=0).stop
2024-06-07T08:41:51.145 INFO:teuthology.orchestra.run.smithi003.stdout:/usr/bin/ceph: stderr
2024-06-07T08:41:49.519+0000 7f7186600640 1 -- 172.21.15.3:0/1185842145 shutdown_connections
2024-06-07T08:41:51.145 INFO:teuthology.orchestra.run.smithi003.stdout:/usr/bin/ceph: stderr
2024-06-07T08:41:49.519+0000 7f7186600640 1 --2- 172.21.15.3:0/1185842145 >> [v2:172.21.15.3:3300/0,v1:172.21.15.3:6789/0] conn(0x7f7180107f60 0x7f7180108380 unknown :-1 s=CLOSED pgs=53 cs=0 l=1 rev1=1 crypto rx=0 tx=0 comp rx=0 tx=0).stop
2024-06-07T08:41:51.145 INFO:teuthology.orchestra.run.smithi003.stdout:/usr/bin/ceph: stderr
2024-06-07T08:41:49.519+0000 7f7186600640 1 -- 172.21.15.3:0/1185842145 >> 172.21.15.3:0/1185842145 conn(0x7f718007b300 msgr2=0x7f718007b710 unknown :-1 s=STATE_NONE l=0).mark_down
2024-06-07T08:41:51.146 INFO:teuthology.orchestra.run.smithi003.stdout:/usr/bin/ceph: stderr
2024-06-07T08:41:49.519+0000 7f7186600640 1 -- 172.21.15.3:0/1185842145 shutdown_connections
2024-06-07T08:41:51.146 INFO:teuthology.orchestra.run.smithi003.stdout:/usr/bin/ceph: stderr
2024-06-07T08:41:49.519+0000 7f7186600640 1 -- 172.21.15.3:0/1185842145 wait complete.
2024-06-07T08:41:51.146 INFO:teuthology.orchestra.run.smithi003.stdout:/usr/bin/ceph: stderr
2024-06-07T08:41:49.520+0000 7f7186600640 1 Processor -- start
2024-06-07T08:41:51.146 INFO:teuthology.orchestra.run.smithi003.stdout:/usr/bin/ceph: stderr
2024-06-07T08:41:49.520+0000 7f7186600640 1 -- start start
2024-06-07T08:41:51.146 INFO:teuthology.orchestra.run.smithi003.stdout:/usr/bin/ceph: stderr
2024-06-07T08:41:49.520+0000 7f7186600640 1 --2- >> [v2:172.21.15.3:3300/0,v1:172.21.15.3:6789/0] conn(0x7f7180107f60 0x7f718019bbb0 unknown :-1 s=NONE pgs=0 cs=0 l=1 rev1=0 crypto rx=0 tx=0 comp rx=0 tx=0).connect
2024-06-07T08:41:51.146 INFO:teuthology.orchestra.run.smithi003.stdout:/usr/bin/ceph: stderr
2024-06-07T08:41:49.520+0000 7f7186600640 1 -- --> [v2:172.21.15.3:3300/0,v1:172.21.15.3:6789/0] -- mon_getmap magic: 0 v1 -- 0x7f718019c0f0 con 0x7f7180107f60
2024-06-07T08:41:51.146 INFO:teuthology.orchestra.run.smithi003.stdout:/usr/bin/ceph: stderr
2024-06-07T08:41:49.521+0000 7f717f400640 1 --2- >> [v2:172.21.15.3:3300/0,v1:172.21.15.3:6789/0] conn(0x7f7180107f60 0x7f718019bbb0 unknown :-1 s=BANNER_CONNECTING pgs=0 cs=0 l=1 rev1=0 crypto rx=0 tx=0 comp rx=0 tx=0)._handle_peer_banner_payload supported=3 required=0
2024-06-07T08:41:51.146 INFO:teuthology.orchestra.run.smithi003.stdout:/usr/bin/ceph: stderr
2024-06-07T08:41:49.521+0000 7f717f400640 1 --2- >> [v2:172.21.15.3:3300/0,v1:172.21.15.3:6789/0] conn(0x7f7180107f60 0x7f718019bbb0 unknown :-1 s=HELLO_CONNECTING pgs=0 cs=0 l=1 rev1=1 crypto rx=0 tx=0 comp rx=0 tx=0).handle_hello peer v2:172.21.15.3:3300/0 says I am v2:172.21.15.3:39026/0 (socket says 172.21.15.3:39026)
2024-06-07T08:41:51.146 INFO:teuthology.orchestra.run.smithi003.stdout:/usr/bin/ceph: stderr
2024-06-07T08:41:49.521+0000 7f717f400640 1 -- 172.21.15.3:0/3292170869 learned_addr learned my addr 172.21.15.3:0/3292170869 (peer_addr_for_me v2:172.21.15.3:0/0)
2024-06-07T08:41:51.146 INFO:teuthology.orchestra.run.smithi003.stdout:/usr/bin/ceph: stderr
2024-06-07T08:41:49.521+0000 7f717f400640 1 -- 172.21.15.3:0/3292170869 --> [v2:172.21.15.3:3300/0,v1:172.21.15.3:6789/0] -- mon_subscribe({config=0+,monmap=0+}) v3 -- 0x7f71700094d0 con 0x7f7180107f60
2024-06-07T08:41:51.146 INFO:teuthology.orchestra.run.smithi003.stdout:/usr/bin/ceph: stderr
2024-06-07T08:41:49.521+0000 7f717f400640 1 --2- 172.21.15.3:0/3292170869 >> [v2:172.21.15.3:3300/0,v1:172.21.15.3:6789/0] conn(0x7f7180107f60 0x7f718019bbb0 secure :-1 s=READY pgs=54 cs=0 l=1 rev1=1 crypto rx=0x7f71700097f0 tx=0x7f7170030d70 comp rx=0 tx=0).ready entity=mon.0 client_cookie=0 server_cookie=0 in_seq=0 out_seq=0
2024-06-07T08:41:51.147 INFO:teuthology.orchestra.run.smithi003.stdout:/usr/bin/ceph: stderr
2024-06-07T08:41:49.522+0000 7f7177e00640 1 -- 172.21.15.3:0/3292170869 <== mon.0 v2:172.21.15.3:3300/0 1 ==== mon_map magic: 0 v1 ==== 205+0+0 (secure 0 0 0) 0x7f7170032c80 con 0x7f7180107f60
2024-06-07T08:41:51.147 INFO:teuthology.orchestra.run.smithi003.stdout:/usr/bin/ceph: stderr
2024-06-07T08:41:49.522+0000 7f7177e00640 1 -- 172.21.15.3:0/3292170869 <== mon.0 v2:172.21.15.3:3300/0 2 ==== config(26 keys) v1 ==== 1105+0+0 (secure 0 0 0) 0x7f7170032de0 con 0x7f7180107f60
2024-06-07T08:41:51.147 INFO:teuthology.orchestra.run.smithi003.stdout:/usr/bin/ceph: stderr
2024-06-07T08:41:49.522+0000 7f7177e00640 1 -- 172.21.15.3:0/3292170869 <== mon.0 v2:172.21.15.3:3300/0 3 ==== mon_map magic: 0 v1 ==== 205+0+0 (secure 0 0 0) 0x7f717003a760 con 0x7f7180107f60
2024-06-07T08:41:51.147 INFO:teuthology.orchestra.run.smithi003.stdout:/usr/bin/ceph: stderr
2024-06-07T08:41:49.522+0000 7f7186600640 1 -- 172.21.15.3:0/3292170869 --> [v2:172.21.15.3:3300/0,v1:172.21.15.3:6789/0] -- mon_subscribe({mgrmap=0+}) v3 -- 0x7f718019c2f0 con 0x7f7180107f60
2024-06-07T08:41:51.147 INFO:teuthology.orchestra.run.smithi003.stdout:/usr/bin/ceph: stderr
2024-06-07T08:41:49.522+0000 7f7186600640 1 -- 172.21.15.3:0/3292170869 --> [v2:172.21.15.3:3300/0,v1:172.21.15.3:6789/0] -- mon_subscribe({osdmap=0}) v3 -- 0x7f718019c790 con 0x7f7180107f60
2024-06-07T08:41:51.147 INFO:teuthology.orchestra.run.smithi003.stdout:/usr/bin/ceph: stderr
2024-06-07T08:41:49.523+0000 7f7177e00640 1 -- 172.21.15.3:0/3292170869 <== mon.0 v2:172.21.15.3:3300/0 4 ==== mgrmap(e 8) v1 ==== 44851+0+0 (secure 0 0 0) 0x7f7170039040 con 0x7f7180107f60
2024-06-07T08:41:51.147 INFO:teuthology.orchestra.run.smithi003.stdout:/usr/bin/ceph: stderr
2024-06-07T08:41:49.523+0000 7f7177e00640 1 --2- 172.21.15.3:0/3292170869 >> [v2:172.21.15.3:6800/3568633537,v1:172.21.15.3:6801/3568633537] conn(0x7f71640377c0 0x7f7164039c80 unknown :-1 s=NONE pgs=0 cs=0 l=1 rev1=0 crypto rx=0 tx=0 comp rx=0 tx=0).connect
2024-06-07T08:41:51.147 INFO:teuthology.orchestra.run.smithi003.stdout:/usr/bin/ceph: stderr
2024-06-07T08:41:49.523+0000 7f7177e00640 1 -- 172.21.15.3:0/3292170869 <== mon.0 v2:172.21.15.3:3300/0 5 ==== osd_map(2..2 src has 1..2) v4 ==== 940+0+0 (secure 0 0 0) 0x7f717006a710 con 0x7f7180107f60
2024-06-07T08:41:51.147 INFO:teuthology.orchestra.run.smithi003.stdout:/usr/bin/ceph: stderr
2024-06-07T08:41:49.523+0000 7f7186600640 1 -- 172.21.15.3:0/3292170869 --> [v2:172.21.15.3:3300/0,v1:172.21.15.3:6789/0] -- mon_command({"prefix": "get_command_descriptions"} v 0) v1 -- 0x7f7180061ae0 con 0x7f7180107f60
2024-06-07T08:41:51.147 INFO:teuthology.orchestra.run.smithi003.stdout:/usr/bin/ceph: stderr
2024-06-07T08:41:49.524+0000 7f717ea00640 1 --2- 172.21.15.3:0/3292170869 >> [v2:172.21.15.3:6800/3568633537,v1:172.21.15.3:6801/3568633537] conn(0x7f71640377c0 0x7f7164039c80 unknown :-1 s=BANNER_CONNECTING pgs=0 cs=0 l=1 rev1=0 crypto rx=0 tx=0 comp rx=0 tx=0)._handle_peer_banner_payload supported=3 required=0
2024-06-07T08:41:51.147 INFO:teuthology.orchestra.run.smithi003.stdout:/usr/bin/ceph: stderr
2024-06-07T08:41:49.524+0000 7f717ea00640 1 --2- 172.21.15.3:0/3292170869 >> [v2:172.21.15.3:6800/3568633537,v1:172.21.15.3:6801/3568633537] conn(0x7f71640377c0 0x7f7164039c80 secure :-1 s=READY pgs=16 cs=0 l=1 rev1=1 crypto rx=0x7f716c0098c0 tx=0x7f716c006db0 comp rx=0 tx=0).ready entity=mgr.14118 client_cookie=0 server_cookie=0 in_seq=0 out_seq=0
2024-06-07T08:41:51.147 INFO:teuthology.orchestra.run.smithi003.stdout:/usr/bin/ceph: stderr
2024-06-07T08:41:49.529+0000 7f7177e00640 1 -- 172.21.15.3:0/3292170869 <== mon.0 v2:172.21.15.3:3300/0 6 ==== mon_command_ack([{"prefix": "get_command_descriptions"}]=0 v0) v1 ==== 72+0+182498 (secure 0 0 0) 0x7f717003f080 con 0x7f7180107f60
2024-06-07T08:41:51.147 INFO:teuthology.orchestra.run.smithi003.stdout:/usr/bin/ceph: stderr
2024-06-07T08:41:49.774+0000 7f7186600640 1 -- 172.21.15.3:0/3292170869 --> [v2:172.21.15.3:3300/0,v1:172.21.15.3:6789/0] -- mon_command({"prefix": "mgr module enable", "module": "dashboard"} v 0) v1 -- 0x7f718010c330 con 0x7f7180107f60
2024-06-07T08:41:51.147 INFO:teuthology.orchestra.run.smithi003.stdout:/usr/bin/ceph: stderr
2024-06-07T08:41:50.720+0000 7f7177e00640 1 -- 172.21.15.3:0/3292170869 <== mon.0 v2:172.21.15.3:3300/0 7 ==== mgrmap(e 9) v1 ==== 44864+0+0 (secure 0 0 0) 0x7f717003a9a0 con 0x7f7180107f60
2024-06-07T08:41:51.147 INFO:teuthology.orchestra.run.smithi003.stdout:/usr/bin/ceph: stderr
2024-06-07T08:41:50.721+0000 7f7177e00640 1 -- 172.21.15.3:0/3292170869 <== mon.0 v2:172.21.15.3:3300/0 8 ==== mon_command_ack([{"prefix": "mgr module enable", "module": "dashboard"}]=0 v9) v1 ==== 88+0+0 (secure 0 0 0) 0x7f7170040260 con 0x7f7180107f60
2024-06-07T08:41:51.148 INFO:teuthology.orchestra.run.smithi003.stdout:/usr/bin/ceph: stderr
2024-06-07T08:41:50.725+0000 7f7186600640 1 -- 172.21.15.3:0/3292170869 >> [v2:172.21.15.3:6800/3568633537,v1:172.21.15.3:6801/3568633537] conn(0x7f71640377c0 msgr2=0x7f7164039c80 secure :-1 s=STATE_CONNECTION_ESTABLISHED l=1).mark_down
2024-06-07T08:41:51.148 INFO:teuthology.orchestra.run.smithi003.stdout:/usr/bin/ceph: stderr
2024-06-07T08:41:50.725+0000 7f7186600640 1 --2- 172.21.15.3:0/3292170869 >> [v2:172.21.15.3:6800/3568633537,v1:172.21.15.3:6801/3568633537] conn(0x7f71640377c0 0x7f7164039c80 secure :-1 s=READY pgs=16 cs=0 l=1 rev1=1 crypto rx=0x7f716c0098c0 tx=0x7f716c006db0 comp rx=0 tx=0).stop
2024-06-07T08:41:51.148 INFO:teuthology.orchestra.run.smithi003.stdout:/usr/bin/ceph: stderr
2024-06-07T08:41:50.725+0000 7f7186600640 1 -- 172.21.15.3:0/3292170869 >> [v2:172.21.15.3:3300/0,v1:172.21.15.3:6789/0] conn(0x7f7180107f60 msgr2=0x7f718019bbb0 secure :-1 s=STATE_CONNECTION_ESTABLISHED l=1).mark_down
2024-06-07T08:41:51.148 INFO:teuthology.orchestra.run.smithi003.stdout:/usr/bin/ceph: stderr
2024-06-07T08:41:50.725+0000 7f7186600640 1 --2- 172.21.15.3:0/3292170869 >> [v2:172.21.15.3:3300/0,v1:172.21.15.3:6789/0] conn(0x7f7180107f60 0x7f718019bbb0 secure :-1 s=READY pgs=54 cs=0 l=1 rev1=1 crypto rx=0x7f71700097f0 tx=0x7f7170030d70 comp rx=0 tx=0).stop
2024-06-07T08:41:51.148 INFO:teuthology.orchestra.run.smithi003.stdout:/usr/bin/ceph: stderr
2024-06-07T08:41:50.726+0000 7f7186600640 1 -- 172.21.15.3:0/3292170869 shutdown_connections
2024-06-07T08:41:51.148 INFO:teuthology.orchestra.run.smithi003.stdout:/usr/bin/ceph: stderr
2024-06-07T08:41:50.726+0000 7f7186600640 1 --2- 172.21.15.3:0/3292170869 >> [v2:172.21.15.3:6800/3568633537,v1:172.21.15.3:6801/3568633537] conn(0x7f71640377c0 0x7f7164039c80 unknown :-1 s=CLOSED pgs=16 cs=0 l=1 rev1=1 crypto rx=0 tx=0 comp rx=0 tx=0).stop
2024-06-07T08:41:51.148 INFO:teuthology.orchestra.run.smithi003.stdout:/usr/bin/ceph: stderr
2024-06-07T08:41:50.726+0000 7f7186600640 1 --2- 172.21.15.3:0/3292170869 >> [v2:172.21.15.3:3300/0,v1:172.21.15.3:6789/0] conn(0x7f7180107f60 0x7f718019bbb0 unknown :-1 s=CLOSED pgs=54 cs=0 l=1 rev1=1 crypto rx=0 tx=0 comp rx=0 tx=0).stop
2024-06-07T08:41:51.148 INFO:teuthology.orchestra.run.smithi003.stdout:/usr/bin/ceph: stderr
2024-06-07T08:41:50.726+0000 7f7186600640 1 -- 172.21.15.3:0/3292170869 >> 172.21.15.3:0/3292170869 conn(0x7f718007b300 msgr2=0x7f71801053f0 unknown :-1 s=STATE_NONE l=0).mark_down
2024-06-07T08:41:51.148 INFO:teuthology.orchestra.run.smithi003.stdout:/usr/bin/ceph: stderr
2024-06-07T08:41:50.726+0000 7f7186600640 1 -- 172.21.15.3:0/3292170869 shutdown_connections
2024-06-07T08:41:51.148 INFO:teuthology.orchestra.run.smithi003.stdout:/usr/bin/ceph: stderr
2024-06-07T08:41:50.726+0000 7f7186600640 1 -- 172.21.15.3:0/3292170869 wait complete.
2024-06-07T08:41:51.425 INFO:journalctl@ceph.mgr.x.smithi003.stdout:Jun 07 08:41:51 smithi003 ceph-93851d1a-24a9-11ef-bc9b-c7b262605968-mgr-x[37878]:
2024-06-07T08:41:51.323+0000 7fc134e05040 -1 mgr[py] Module prometheus has missing NOTIFY_TYPES member
2024-06-07T08:41:51.425 INFO:journalctl@ceph.mgr.x.smithi003.stdout:Jun 07 08:41:51 smithi003 ceph-93851d1a-24a9-11ef-bc9b-c7b262605968-mgr-x[37878]:
2024-06-07T08:41:51.427+0000 7fc134e05040 -1 mgr[py] Module alerts has missing NOTIFY_TYPES member
2024-06-07T08:41:51.684 INFO:journalctl@ceph.mgr.x.smithi003.stdout:Jun 07 08:41:51 smithi003 ceph-93851d1a-24a9-11ef-bc9b-c7b262605968-mgr-x[37878]:
2024-06-07T08:41:51.512+0000 7fc134e05040 -1 mgr[py] Module osd_perf_query has missing NOTIFY_TYPES member
2024-06-07T08:41:51.684 INFO:journalctl@ceph.mgr.x.smithi003.stdout:Jun 07 08:41:51 smithi003 ceph-93851d1a-24a9-11ef-bc9b-c7b262605968-mgr-x[37878]:
2024-06-07T08:41:51.592+0000 7fc134e05040 -1 mgr[py] Module progress has missing NOTIFY_TYPES member
2024-06-07T08:41:52.027 INFO:journalctl@ceph.mon.a.smithi003.stdout:Jun 07 08:41:51 smithi003 ceph-mon[37630]: from='client.? 172.21.15.3:0/3292170869' entity='client.admin' cmd='[{"prefix": "mgr module enable", "module": "dashboard"}]': finished
2024-06-07T08:41:52.027 INFO:journalctl@ceph.mon.a.smithi003.stdout:Jun 07 08:41:51 smithi003 ceph-mon[37630]: mgrmap e9: x(active, since 17s)
2024-06-07T08:41:52.205 INFO:teuthology.orchestra.run.smithi003.stdout:/usr/bin/ceph: stdout {
2024-06-07T08:41:52.205 INFO:teuthology.orchestra.run.smithi003.stdout:/usr/bin/ceph: stdout "epoch": 9,
2024-06-07T08:41:52.205 INFO:teuthology.orchestra.run.smithi003.stdout:/usr/bin/ceph: stdout "available": true,
2024-06-07T08:41:52.205 INFO:teuthology.orchestra.run.smithi003.stdout:/usr/bin/ceph: stdout "active_name": "x",
2024-06-07T08:41:52.205 INFO:teuthology.orchestra.run.smithi003.stdout:/usr/bin/ceph: stdout "num_standby": 0
2024-06-07T08:41:52.205 INFO:teuthology.orchestra.run.smithi003.stdout:/usr/bin/ceph: stdout }
2024-06-07T08:41:52.205 INFO:teuthology.orchestra.run.smithi003.stdout:/usr/bin/ceph: stderr
2024-06-07T08:41:51.558+0000 7f34d5200640 1 Processor -- start
2024-06-07T08:41:52.205 INFO:teuthology.orchestra.run.smithi003.stdout:/usr/bin/ceph: stderr
2024-06-07T08:41:51.558+0000 7f34d5200640 1 -- start start
2024-06-07T08:41:52.205 INFO:teuthology.orchestra.run.smithi003.stdout:/usr/bin/ceph: stderr
2024-06-07T08:41:51.558+0000 7f34d5200640 1 --2- >> [v2:172.21.15.3:3300/0,v1:172.21.15.3:6789/0] conn(0x7f34d0107ed0 0x7f34d01082f0 unknown :-1 s=NONE pgs=0 cs=0 l=0 rev1=0 crypto rx=0 tx=0 comp rx=0 tx=0).connect
2024-06-07T08:41:52.205 INFO:teuthology.orchestra.run.smithi003.stdout:/usr/bin/ceph: stderr
2024-06-07T08:41:51.558+0000 7f34d5200640 1 -- --> [v2:172.21.15.3:3300/0,v1:172.21.15.3:6789/0] -- mon_getmap magic: 0 v1 -- 0x7f34d0108830 con 0x7f34d0107ed0
2024-06-07T08:41:52.205 INFO:teuthology.orchestra.run.smithi003.stdout:/usr/bin/ceph: stderr
2024-06-07T08:41:51.559+0000 7f34cde00640 1 --2- >> [v2:172.21.15.3:3300/0,v1:172.21.15.3:6789/0] conn(0x7f34d0107ed0 0x7f34d01082f0 unknown :-1 s=BANNER_CONNECTING pgs=0 cs=0 l=0 rev1=0 crypto rx=0 tx=0 comp rx=0 tx=0)._handle_peer_banner_payload supported=3 required=0
2024-06-07T08:41:52.205 INFO:teuthology.orchestra.run.smithi003.stdout:/usr/bin/ceph: stderr
2024-06-07T08:41:51.559+0000 7f34cde00640 1 --2- >> [v2:172.21.15.3:3300/0,v1:172.21.15.3:6789/0] conn(0x7f34d0107ed0 0x7f34d01082f0 unknown :-1 s=HELLO_CONNECTING pgs=0 cs=0 l=0 rev1=1 crypto rx=0 tx=0 comp rx=0 tx=0).handle_hello peer v2:172.21.15.3:3300/0 says I am v2:172.21.15.3:53422/0 (socket says 172.21.15.3:53422)
2024-06-07T08:41:52.206 INFO:teuthology.orchestra.run.smithi003.stdout:/usr/bin/ceph: stderr
2024-06-07T08:41:51.559+0000 7f34cde00640 1 -- 172.21.15.3:0/1607748961 learned_addr learned my addr 172.21.15.3:0/1607748961 (peer_addr_for_me v2:172.21.15.3:0/0)
2024-06-07T08:41:52.206 INFO:teuthology.orchestra.run.smithi003.stdout:/usr/bin/ceph: stderr
2024-06-07T08:41:51.559+0000 7f34cde00640 1 -- 172.21.15.3:0/1607748961 --> [v2:172.21.15.3:3300/0,v1:172.21.15.3:6789/0] -- mon_subscribe({config=0+,monmap=0+}) v3 -- 0x7f34d0108970 con 0x7f34d0107ed0
2024-06-07T08:41:52.206 INFO:teuthology.orchestra.run.smithi003.stdout:/usr/bin/ceph: stderr
2024-06-07T08:41:51.560+0000 7f34cde00640 1 --2- 172.21.15.3:0/1607748961 >> [v2:172.21.15.3:3300/0,v1:172.21.15.3:6789/0] conn(0x7f34d0107ed0 0x7f34d01082f0 secure :-1 s=READY pgs=57 cs=0 l=1 rev1=1 crypto rx=0x7f34c0009820 tx=0x7f34c002a270 comp rx=0 tx=0).ready entity=mon.0 client_cookie=1ea3efe0bf23db1f server_cookie=0 in_seq=0 out_seq=0
2024-06-07T08:41:52.206 INFO:teuthology.orchestra.run.smithi003.stdout:/usr/bin/ceph: stderr
2024-06-07T08:41:51.560+0000 7f34cca00640 1 -- 172.21.15.3:0/1607748961 <== mon.0 v2:172.21.15.3:3300/0 1 ==== mon_map magic: 0 v1 ==== 205+0+0 (secure 0 0 0) 0x7f34c002ae70 con 0x7f34d0107ed0
2024-06-07T08:41:52.206 INFO:teuthology.orchestra.run.smithi003.stdout:/usr/bin/ceph: stderr
2024-06-07T08:41:51.560+0000 7f34cca00640 1 -- 172.21.15.3:0/1607748961 <== mon.0 v2:172.21.15.3:3300/0 2 ==== config(26 keys) v1 ==== 1105+0+0 (secure 0 0 0) 0x7f34c0032900 con 0x7f34d0107ed0
2024-06-07T08:41:52.206 INFO:teuthology.orchestra.run.smithi003.stdout:/usr/bin/ceph: stderr
2024-06-07T08:41:51.560+0000 7f34cca00640 1 -- 172.21.15.3:0/1607748961 <== mon.0 v2:172.21.15.3:3300/0 3 ==== mon_map magic: 0 v1 ==== 205+0+0 (secure 0 0 0) 0x7f34c0030880 con 0x7f34d0107ed0
2024-06-07T08:41:52.206 INFO:teuthology.orchestra.run.smithi003.stdout:/usr/bin/ceph: stderr
2024-06-07T08:41:51.561+0000 7f34d5200640 1 -- 172.21.15.3:0/1607748961 >> [v2:172.21.15.3:3300/0,v1:172.21.15.3:6789/0] conn(0x7f34d0107ed0 msgr2=0x7f34d01082f0 secure :-1 s=STATE_CONNECTION_ESTABLISHED l=1).mark_down
2024-06-07T08:41:52.206 INFO:teuthology.orchestra.run.smithi003.stdout:/usr/bin/ceph: stderr
2024-06-07T08:41:51.561+0000 7f34d5200640 1 --2- 172.21.15.3:0/1607748961 >> [v2:172.21.15.3:3300/0,v1:172.21.15.3:6789/0] conn(0x7f34d0107ed0 0x7f34d01082f0 secure :-1 s=READY pgs=57 cs=0 l=1 rev1=1 crypto rx=0x7f34c0009820 tx=0x7f34c002a270 comp rx=0 tx=0).stop
2024-06-07T08:41:52.206 INFO:teuthology.orchestra.run.smithi003.stdout:/usr/bin/ceph: stderr
2024-06-07T08:41:51.561+0000 7f34d5200640 1 -- 172.21.15.3:0/1607748961 shutdown_connections
2024-06-07T08:41:52.206 INFO:teuthology.orchestra.run.smithi003.stdout:/usr/bin/ceph: stderr
2024-06-07T08:41:51.561+0000 7f34d5200640 1 --2- 172.21.15.3:0/1607748961 >> [v2:172.21.15.3:3300/0,v1:172.21.15.3:6789/0] conn(0x7f34d0107ed0 0x7f34d01082f0 unknown :-1 s=CLOSED pgs=57 cs=0 l=1 rev1=1 crypto rx=0 tx=0 comp rx=0 tx=0).stop
2024-06-07T08:41:52.206 INFO:teuthology.orchestra.run.smithi003.stdout:/usr/bin/ceph: stderr
2024-06-07T08:41:51.561+0000 7f34d5200640 1 -- 172.21.15.3:0/1607748961 >> 172.21.15.3:0/1607748961 conn(0x7f34d007b2b0 msgr2=0x7f34d007b720 unknown :-1 s=STATE_NONE l=0).mark_down
2024-06-07T08:41:52.206 INFO:teuthology.orchestra.run.smithi003.stdout:/usr/bin/ceph: stderr
2024-06-07T08:41:51.561+0000 7f34d5200640 1 -- 172.21.15.3:0/1607748961 shutdown_connections
2024-06-07T08:41:52.207 INFO:teuthology.orchestra.run.smithi003.stdout:/usr/bin/ceph: stderr
2024-06-07T08:41:51.561+0000 7f34d5200640 1 -- 172.21.15.3:0/1607748961 wait complete.
2024-06-07T08:41:52.207 INFO:teuthology.orchestra.run.smithi003.stdout:/usr/bin/ceph: stderr
2024-06-07T08:41:51.563+0000 7f34d5200640 1 Processor -- start
2024-06-07T08:41:52.207 INFO:teuthology.orchestra.run.smithi003.stdout:/usr/bin/ceph: stderr
2024-06-07T08:41:51.563+0000 7f34d5200640 1 -- start start
2024-06-07T08:41:52.207 INFO:teuthology.orchestra.run.smithi003.stdout:/usr/bin/ceph: stderr
2024-06-07T08:41:51.563+0000 7f34d5200640 1 --2- >> [v2:172.21.15.3:3300/0,v1:172.21.15.3:6789/0] conn(0x7f34d0107ed0 0x7f34d019bbd0 unknown :-1 s=NONE pgs=0 cs=0 l=1 rev1=0 crypto rx=0 tx=0 comp rx=0 tx=0).connect
2024-06-07T08:41:52.207 INFO:teuthology.orchestra.run.smithi003.stdout:/usr/bin/ceph: stderr
2024-06-07T08:41:51.563+0000 7f34d5200640 1 -- --> [v2:172.21.15.3:3300/0,v1:172.21.15.3:6789/0] -- mon_getmap magic: 0 v1 -- 0x7f34d019c110 con 0x7f34d0107ed0
2024-06-07T08:41:52.207 INFO:teuthology.orchestra.run.smithi003.stdout:/usr/bin/ceph: stderr
2024-06-07T08:41:51.564+0000 7f34cde00640 1 --2- >> [v2:172.21.15.3:3300/0,v1:172.21.15.3:6789/0] conn(0x7f34d0107ed0 0x7f34d019bbd0 unknown :-1 s=BANNER_CONNECTING pgs=0 cs=0 l=1 rev1=0 crypto rx=0 tx=0 comp rx=0 tx=0)._handle_peer_banner_payload supported=3 required=0
2024-06-07T08:41:52.207 INFO:teuthology.orchestra.run.smithi003.stdout:/usr/bin/ceph: stderr
2024-06-07T08:41:51.564+0000 7f34cde00640 1 --2- >> [v2:172.21.15.3:3300/0,v1:172.21.15.3:6789/0] conn(0x7f34d0107ed0 0x7f34d019bbd0 unknown :-1 s=HELLO_CONNECTING pgs=0 cs=0 l=1 rev1=1 crypto rx=0 tx=0 comp rx=0 tx=0).handle_hello peer v2:172.21.15.3:3300/0 says I am v2:172.21.15.3:53428/0 (socket says 172.21.15.3:53428)
2024-06-07T08:41:52.207 INFO:teuthology.orchestra.run.smithi003.stdout:/usr/bin/ceph: stderr
2024-06-07T08:41:51.564+0000 7f34cde00640 1 -- 172.21.15.3:0/2030476013 learned_addr learned my addr 172.21.15.3:0/2030476013 (peer_addr_for_me v2:172.21.15.3:0/0)
2024-06-07T08:41:52.207 INFO:teuthology.orchestra.run.smithi003.stdout:/usr/bin/ceph: stderr
2024-06-07T08:41:51.564+0000 7f34cde00640 1 -- 172.21.15.3:0/2030476013 --> [v2:172.21.15.3:3300/0,v1:172.21.15.3:6789/0] -- mon_subscribe({config=0+,monmap=0+}) v3 -- 0x7f34c00094d0 con 0x7f34d0107ed0
2024-06-07T08:41:52.207 INFO:teuthology.orchestra.run.smithi003.stdout:/usr/bin/ceph: stderr
2024-06-07T08:41:51.564+0000 7f34cde00640 1 --2- 172.21.15.3:0/2030476013 >> [v2:172.21.15.3:3300/0,v1:172.21.15.3:6789/0] conn(0x7f34d0107ed0 0x7f34d019bbd0 secure :-1 s=READY pgs=58 cs=0 l=1 rev1=1 crypto rx=0x7f34c00097f0 tx=0x7f34c0030d70 comp rx=0 tx=0).ready entity=mon.0 client_cookie=0 server_cookie=0 in_seq=0 out_seq=0
2024-06-07T08:41:52.207 INFO:teuthology.orchestra.run.smithi003.stdout:/usr/bin/ceph: stderr
2024-06-07T08:41:51.565+0000 7f34c6a00640 1 -- 172.21.15.3:0/2030476013 <== mon.0 v2:172.21.15.3:3300/0 1 ==== mon_map magic: 0 v1 ==== 205+0+0 (secure 0 0 0) 0x7f34c0032c80 con 0x7f34d0107ed0
2024-06-07T08:41:52.207 INFO:teuthology.orchestra.run.smithi003.stdout:/usr/bin/ceph: stderr
2024-06-07T08:41:51.565+0000 7f34c6a00640 1 -- 172.21.15.3:0/2030476013 <== mon.0 v2:172.21.15.3:3300/0 2 ==== config(26 keys) v1 ==== 1105+0+0 (secure 0 0 0) 0x7f34c0032de0 con 0x7f34d0107ed0
2024-06-07T08:41:52.207 INFO:teuthology.orchestra.run.smithi003.stdout:/usr/bin/ceph: stderr
2024-06-07T08:41:51.565+0000 7f34c6a00640 1 -- 172.21.15.3:0/2030476013 <== mon.0 v2:172.21.15.3:3300/0 3 ==== mon_map magic: 0 v1 ==== 205+0+0 (secure 0 0 0) 0x7f34c003a690 con 0x7f34d0107ed0
2024-06-07T08:41:52.207 INFO:teuthology.orchestra.run.smithi003.stdout:/usr/bin/ceph: stderr
2024-06-07T08:41:51.565+0000 7f34d5200640 1 -- 172.21.15.3:0/2030476013 --> [v2:172.21.15.3:3300/0,v1:172.21.15.3:6789/0] -- mon_subscribe({mgrmap=0+}) v3 -- 0x7f34d019c310 con 0x7f34d0107ed0
2024-06-07T08:41:52.207 INFO:teuthology.orchestra.run.smithi003.stdout:/usr/bin/ceph: stderr
2024-06-07T08:41:51.565+0000 7f34d5200640 1 -- 172.21.15.3:0/2030476013 --> [v2:172.21.15.3:3300/0,v1:172.21.15.3:6789/0] -- mon_subscribe({osdmap=0}) v3 -- 0x7f34d019c7b0 con 0x7f34d0107ed0
2024-06-07T08:41:52.208 INFO:teuthology.orchestra.run.smithi003.stdout:/usr/bin/ceph: stderr
2024-06-07T08:41:51.566+0000 7f34c6a00640 1 -- 172.21.15.3:0/2030476013 <== mon.0 v2:172.21.15.3:3300/0 4 ==== mgrmap(e 9) v1 ==== 44864+0+0 (secure 0 0 0) 0x7f34c0039040 con 0x7f34d0107ed0
2024-06-07T08:41:52.208 INFO:teuthology.orchestra.run.smithi003.stdout:/usr/bin/ceph: stderr
2024-06-07T08:41:51.566+0000 7f34d5200640 1 -- 172.21.15.3:0/2030476013 --> [v2:172.21.15.3:3300/0,v1:172.21.15.3:6789/0] -- mon_command({"prefix": "get_command_descriptions"} v 0) v1 -- 0x7f34d010c330 con 0x7f34d0107ed0
2024-06-07T08:41:52.208 INFO:teuthology.orchestra.run.smithi003.stdout:/usr/bin/ceph: stderr
2024-06-07T08:41:51.566+0000 7f34c6a00640 1 --2- 172.21.15.3:0/2030476013 >> [v2:172.21.15.3:6800/3568633537,v1:172.21.15.3:6801/3568633537] conn(0x7f34b4037860 0x7f34b4039d20 unknown :-1 s=NONE pgs=0 cs=0 l=1 rev1=0 crypto rx=0 tx=0 comp rx=0 tx=0).connect
2024-06-07T08:41:52.208 INFO:teuthology.orchestra.run.smithi003.stdout:/usr/bin/ceph: stderr
2024-06-07T08:41:51.566+0000 7f34c6a00640 1 -- 172.21.15.3:0/2030476013 <== mon.0 v2:172.21.15.3:3300/0 5 ==== osd_map(2..2 src has 1..2) v4 ==== 940+0+0 (secure 0 0 0) 0x7f34c006a650 con 0x7f34d0107ed0
2024-06-07T08:41:52.208 INFO:teuthology.orchestra.run.smithi003.stdout:/usr/bin/ceph: stderr
2024-06-07T08:41:51.567+0000 7f34cd400640 1 -- 172.21.15.3:0/2030476013 >> [v2:172.21.15.3:6800/3568633537,v1:172.21.15.3:6801/3568633537] conn(0x7f34b4037860 msgr2=0x7f34b4039d20 unknown :-1 s=STATE_CONNECTING_RE l=1).process reconnect failed to v2:172.21.15.3:6800/3568633537
2024-06-07T08:41:52.208 INFO:teuthology.orchestra.run.smithi003.stdout:/usr/bin/ceph: stderr
2024-06-07T08:41:51.567+0000 7f34cd400640 1 --2- 172.21.15.3:0/2030476013 >> [v2:172.21.15.3:6800/3568633537,v1:172.21.15.3:6801/3568633537] conn(0x7f34b4037860 0x7f34b4039d20 unknown :-1 s=START_CONNECT pgs=0 cs=0 l=1 rev1=0 crypto rx=0 tx=0 comp rx=0 tx=0)._fault waiting 0.200000
2024-06-07T08:41:52.208 INFO:teuthology.orchestra.run.smithi003.stdout:/usr/bin/ceph: stderr
2024-06-07T08:41:51.571+0000 7f34c6a00640 1 -- 172.21.15.3:0/2030476013 <== mon.0 v2:172.21.15.3:3300/0 6 ==== mon_command_ack([{"prefix": "get_command_descriptions"}]=0 v0) v1 ==== 72+0+182498 (secure 0 0 0) 0x7f34c00313a0 con 0x7f34d0107ed0
2024-06-07T08:41:52.208 INFO:teuthology.orchestra.run.smithi003.stdout:/usr/bin/ceph: stderr
2024-06-07T08:41:51.768+0000 7f34cd400640 1 -- 172.21.15.3:0/2030476013 >> [v2:172.21.15.3:6800/3568633537,v1:172.21.15.3:6801/3568633537] conn(0x7f34b4037860 msgr2=0x7f34b4039d20 unknown :-1 s=STATE_CONNECTING_RE l=1).process reconnect failed to v2:172.21.15.3:6800/3568633537
2024-06-07T08:41:52.208 INFO:teuthology.orchestra.run.smithi003.stdout:/usr/bin/ceph: stderr
2024-06-07T08:41:51.768+0000 7f34cd400640 1 --2- 172.21.15.3:0/2030476013 >> [v2:172.21.15.3:6800/3568633537,v1:172.21.15.3:6801/3568633537] conn(0x7f34b4037860 0x7f34b4039d20 unknown :-1 s=START_CONNECT pgs=0 cs=0 l=1 rev1=0 crypto rx=0 tx=0 comp rx=0 tx=0)._fault waiting 0.400000
2024-06-07T08:41:52.208 INFO:teuthology.orchestra.run.smithi003.stdout:/usr/bin/ceph: stderr
2024-06-07T08:41:51.813+0000 7f34d5200640 1 -- 172.21.15.3:0/2030476013 --> [v2:172.21.15.3:3300/0,v1:172.21.15.3:6789/0] -- mon_command({"prefix": "mgr stat"} v 0) v1 -- 0x7f34d019f040 con 0x7f34d0107ed0
2024-06-07T08:41:52.208 INFO:teuthology.orchestra.run.smithi003.stdout:/usr/bin/ceph: stderr
2024-06-07T08:41:51.814+0000 7f34c6a00640 1 -- 172.21.15.3:0/2030476013 <== mon.0 v2:172.21.15.3:3300/0 7 ==== mon_command_ack([{"prefix": "mgr stat"}]=0 v9) v1 ==== 56+0+88 (secure 0 0 0) 0x7f34c003f070 con 0x7f34d0107ed0
2024-06-07T08:41:52.208 INFO:teuthology.orchestra.run.smithi003.stdout:/usr/bin/ceph: stderr
2024-06-07T08:41:51.816+0000 7f34d5200640 1 -- 172.21.15.3:0/2030476013 >> [v2:172.21.15.3:6800/3568633537,v1:172.21.15.3:6801/3568633537] conn(0x7f34b4037860 msgr2=0x7f34b4039d20 unknown :-1 s=STATE_CONNECTING l=1).mark_down
2024-06-07T08:41:52.208 INFO:teuthology.orchestra.run.smithi003.stdout:/usr/bin/ceph: stderr
2024-06-07T08:41:51.816+0000 7f34d5200640 1 --2- 172.21.15.3:0/2030476013 >> [v2:172.21.15.3:6800/3568633537,v1:172.21.15.3:6801/3568633537] conn(0x7f34b4037860 0x7f34b4039d20 unknown :-1 s=START_CONNECT pgs=0 cs=0 l=1 rev1=0 crypto rx=0 tx=0 comp rx=0 tx=0).stop
2024-06-07T08:41:52.209 INFO:teuthology.orchestra.run.smithi003.stdout:/usr/bin/ceph: stderr
2024-06-07T08:41:51.816+0000 7f34d5200640 1 -- 172.21.15.3:0/2030476013 >> [v2:172.21.15.3:3300/0,v1:172.21.15.3:6789/0] conn(0x7f34d0107ed0 msgr2=0x7f34d019bbd0 secure :-1 s=STATE_CONNECTION_ESTABLISHED l=1).mark_down
2024-06-07T08:41:52.209 INFO:teuthology.orchestra.run.smithi003.stdout:/usr/bin/ceph: stderr
2024-06-07T08:41:51.816+0000 7f34d5200640 1 --2- 172.21.15.3:0/2030476013 >> [v2:172.21.15.3:3300/0,v1:172.21.15.3:6789/0] conn(0x7f34d0107ed0 0x7f34d019bbd0 secure :-1 s=READY pgs=58 cs=0 l=1 rev1=1 crypto rx=0x7f34c00097f0 tx=0x7f34c0030d70 comp rx=0 tx=0).stop
2024-06-07T08:41:52.209 INFO:teuthology.orchestra.run.smithi003.stdout:/usr/bin/ceph: stderr
2024-06-07T08:41:51.816+0000 7f34d5200640 1 -- 172.21.15.3:0/2030476013 shutdown_connections
2024-06-07T08:41:52.209 INFO:teuthology.orchestra.run.smithi003.stdout:/usr/bin/ceph: stderr
2024-06-07T08:41:51.816+0000 7f34d5200640 1 --2- 172.21.15.3:0/2030476013 >> [v2:172.21.15.3:6800/3568633537,v1:172.21.15.3:6801/3568633537] conn(0x7f34b4037860 0x7f34b4039d20 unknown :-1 s=CLOSED pgs=0 cs=0 l=1 rev1=0 crypto rx=0 tx=0 comp rx=0 tx=0).stop
2024-06-07T08:41:52.209 INFO:teuthology.orchestra.run.smithi003.stdout:/usr/bin/ceph: stderr
2024-06-07T08:41:51.816+0000 7f34d5200640 1 --2- 172.21.15.3:0/2030476013 >> [v2:172.21.15.3:3300/0,v1:172.21.15.3:6789/0] conn(0x7f34d0107ed0 0x7f34d019bbd0 unknown :-1 s=CLOSED pgs=58 cs=0 l=1 rev1=1 crypto rx=0 tx=0 comp rx=0 tx=0).stop
2024-06-07T08:41:52.209 INFO:teuthology.orchestra.run.smithi003.stdout:/usr/bin/ceph: stderr
2024-06-07T08:41:51.816+0000 7f34d5200640 1 -- 172.21.15.3:0/2030476013 >> 172.21.15.3:0/2030476013 conn(0x7f34d007b2b0 msgr2=0x7f34d01054b0 unknown :-1 s=STATE_NONE l=0).mark_down
2024-06-07T08:41:52.209 INFO:teuthology.orchestra.run.smithi003.stdout:/usr/bin/ceph: stderr
2024-06-07T08:41:51.816+0000 7f34d5200640 1 -- 172.21.15.3:0/2030476013 shutdown_connections
2024-06-07T08:41:52.209 INFO:teuthology.orchestra.run.smithi003.stdout:/usr/bin/ceph: stderr
2024-06-07T08:41:51.816+0000 7f34d5200640 1 -- 172.21.15.3:0/2030476013 wait complete.
2024-06-07T08:41:52.209 INFO:teuthology.orchestra.run.smithi003.stdout:Waiting for the mgr to restart...
2024-06-07T08:41:52.209 INFO:teuthology.orchestra.run.smithi003.stdout:Waiting for mgr epoch 9...
2024-06-07T08:41:52.362 INFO:journalctl@ceph.mgr.x.smithi003.stdout:Jun 07 08:41:52 smithi003 ceph-93851d1a-24a9-11ef-bc9b-c7b262605968-mgr-x[37878]:
2024-06-07T08:41:52.028+0000 7fc134e05040 -1 mgr[py] Module not found: 'k8sevents'
2024-06-07T08:41:52.362 INFO:journalctl@ceph.mgr.x.smithi003.stdout:Jun 07 08:41:52 smithi003 ceph-93851d1a-24a9-11ef-bc9b-c7b262605968-mgr-x[37878]:
2024-06-07T08:41:52.028+0000 7fc134e05040 -1 mgr[py]
Traceback (most recent call last):
2024-06-07T08:41:52.362 INFO:journalctl@ceph.mgr.x.smithi003.stdout:Jun 07 08:41:52 smithi003 ceph-93851d1a-24a9-11ef-bc9b-c7b262605968-mgr-x[37878]: File "/usr/share/ceph/mgr/k8sevents/__init__.py", line 1, in
2024-06-07T08:41:52.362 INFO:journalctl@ceph.mgr.x.smithi003.stdout:Jun 07 08:41:52 smithi003 ceph-93851d1a-24a9-11ef-bc9b-c7b262605968-mgr-x[37878]: from .module import Module
2024-06-07T08:41:52.362 INFO:journalctl@ceph.mgr.x.smithi003.stdout:Jun 07 08:41:52 smithi003 ceph-93851d1a-24a9-11ef-bc9b-c7b262605968-mgr-x[37878]: File "/usr/share/ceph/mgr/k8sevents/module.py", line 70, in
2024-06-07T08:41:52.362 INFO:journalctl@ceph.mgr.x.smithi003.stdout:Jun 07 08:41:52 smithi003 ceph-93851d1a-24a9-11ef-bc9b-c7b262605968-mgr-x[37878]: from kubernetes.client.models.v1_event import V1Event
2024-06-07T08:41:52.362 INFO:journalctl@ceph.mgr.x.smithi003.stdout:Jun 07 08:41:52 smithi003 ceph-93851d1a-24a9-11ef-bc9b-c7b262605968-mgr-x[37878]: ModuleNotFoundError: No module named 'kubernetes.client.models.v1_event'
2024-06-07T08:41:52.362 INFO:journalctl@ceph.mgr.x.smithi003.stdout:Jun 07 08:41:52 smithi003 ceph-93851d1a-24a9-11ef-bc9b-c7b262605968-mgr-x[37878]:
2024-06-07T08:41:52.362 INFO:journalctl@ceph.mgr.x.smithi003.stdout:Jun 07 08:41:52 smithi003 ceph-93851d1a-24a9-11ef-bc9b-c7b262605968-mgr-x[37878]:
2024-06-07T08:41:52.029+0000 7fc134e05040 -1 mgr[py] Class not found in module 'k8sevents'
2024-06-07T08:41:52.362 INFO:journalctl@ceph.mgr.x.smithi003.stdout:Jun 07 08:41:52 smithi003 ceph-93851d1a-24a9-11ef-bc9b-c7b262605968-mgr-x[37878]:
2024-06-07T08:41:52.029+0000 7fc134e05040 -1 mgr[py] Error loading module 'k8sevents': (2) No such file or directory
2024-06-07T08:41:52.363 INFO:journalctl@ceph.mgr.x.smithi003.stdout:Jun 07 08:41:52 smithi003 ceph-93851d1a-24a9-11ef-bc9b-c7b262605968-mgr-x[37878]:
2024-06-07T08:41:52.208+0000 7fc134e05040 -1 mgr[py] Module orchestrator has missing NOTIFY_TYPES member
2024-06-07T08:41:52.684 INFO:journalctl@ceph.mgr.x.smithi003.stdout:Jun 07 08:41:52 smithi003 ceph-93851d1a-24a9-11ef-bc9b-c7b262605968-mgr-x[37878]:
2024-06-07T08:41:52.428+0000 7fc134e05040 -1 mgr[py] Module nfs has missing NOTIFY_TYPES member
2024-06-07T08:41:52.684 INFO:journalctl@ceph.mgr.x.smithi003.stdout:Jun 07 08:41:52 smithi003 ceph-93851d1a-24a9-11ef-bc9b-c7b262605968-mgr-x[37878]:
2024-06-07T08:41:52.504+0000 7fc134e05040 -1 mgr[py] Module zabbix has missing NOTIFY_TYPES member
2024-06-07T08:41:52.684 INFO:journalctl@ceph.mgr.x.smithi003.stdout:Jun 07 08:41:52 smithi003 ceph-93851d1a-24a9-11ef-bc9b-c7b262605968-mgr-x[37878]:
2024-06-07T08:41:52.612+0000 7fc134e05040 -1 mgr[py] Module rbd_support has missing NOTIFY_TYPES member
2024-06-07T08:41:52.966 INFO:journalctl@ceph.mon.a.smithi003.stdout:Jun 07 08:41:52 smithi003 ceph-mon[37630]: from='client.? 172.21.15.3:0/2030476013' entity='client.admin' cmd=[{"prefix": "mgr stat"}]: dispatch
2024-06-07T08:41:52.966 INFO:journalctl@ceph.mgr.x.smithi003.stdout:Jun 07 08:41:52 smithi003 ceph-93851d1a-24a9-11ef-bc9b-c7b262605968-mgr-x[37878]:
2024-06-07T08:41:52.694+0000 7fc134e05040 -1 mgr[py] Module status has missing NOTIFY_TYPES member
2024-06-07T08:41:52.966 INFO:journalctl@ceph.mgr.x.smithi003.stdout:Jun 07 08:41:52 smithi003 ceph-93851d1a-24a9-11ef-bc9b-c7b262605968-mgr-x[37878]:
2024-06-07T08:41:52.892+0000 7fc134e05040 -1 mgr[py] Module diskprediction_local has missing NOTIFY_TYPES member
2024-06-07T08:41:53.530 INFO:journalctl@ceph.mgr.x.smithi003.stdout:Jun 07 08:41:52 smithi003 ceph-93851d1a-24a9-11ef-bc9b-c7b262605968-mgr-x[37878]:
2024-06-07T08:41:52.967+0000 7fc134e05040 -1 mgr[py] Module telegraf has missing NOTIFY_TYPES member
2024-06-07T08:41:53.530 INFO:journalctl@ceph.mgr.x.smithi003.stdout:Jun 07 08:41:53 smithi003 ceph-93851d1a-24a9-11ef-bc9b-c7b262605968-mgr-x[37878]:
2024-06-07T08:41:53.271+0000 7fc134e05040 -1 mgr[py] Module influx has missing NOTIFY_TYPES member
2024-06-07T08:41:53.799 INFO:journalctl@ceph.mgr.x.smithi003.stdout:Jun 07 08:41:53 smithi003 ceph-93851d1a-24a9-11ef-bc9b-c7b262605968-mgr-x[37878]:
2024-06-07T08:41:53.532+0000 7fc134e05040 -1 mgr[py] Module pg_autoscaler has missing NOTIFY_TYPES member
2024-06-07T08:41:53.799 INFO:journalctl@ceph.mgr.x.smithi003.stdout:Jun 07 08:41:53 smithi003 ceph-93851d1a-24a9-11ef-bc9b-c7b262605968-mgr-x[37878]:
2024-06-07T08:41:53.716+0000 7fc134e05040 -1 mgr[py] Module rgw has missing NOTIFY_TYPES member
2024-06-07T08:41:53.800 INFO:journalctl@ceph.mgr.x.smithi003.stdout:Jun 07 08:41:53 smithi003 ceph-93851d1a-24a9-11ef-bc9b-c7b262605968-mgr-x[37878]:
2024-06-07T08:41:53.801+0000 7fc134e05040 -1 mgr[py] Module balancer has missing NOTIFY_TYPES member
2024-06-07T08:41:54.934 INFO:journalctl@ceph.mgr.x.smithi003.stdout:Jun 07 08:41:54 smithi003 ceph-93851d1a-24a9-11ef-bc9b-c7b262605968-mgr-x[37878]:
2024-06-07T08:41:54.652+0000 7fc134e05040 -1 mgr[py] Module iostat has missing NOTIFY_TYPES member
2024-06-07T08:41:54.934 INFO:journalctl@ceph.mgr.x.smithi003.stdout:Jun 07 08:41:54 smithi003 ceph-93851d1a-24a9-11ef-bc9b-c7b262605968-mgr-x[37878]:
2024-06-07T08:41:54.736+0000 7fc134e05040 -1 mgr[py] Module snap_schedule has missing NOTIFY_TYPES member
2024-06-07T08:41:54.934 INFO:journalctl@ceph.mgr.x.smithi003.stdout:Jun 07 08:41:54 smithi003 ceph-93851d1a-24a9-11ef-bc9b-c7b262605968-mgr-x[37878]:
2024-06-07T08:41:54.896+0000 7fc134e05040 -1 mgr[py] Module telemetry has missing NOTIFY_TYPES member
2024-06-07T08:41:55.769 INFO:journalctl@ceph.mgr.x.smithi003.stdout:Jun 07 08:41:55 smithi003 ceph-93851d1a-24a9-11ef-bc9b-c7b262605968-mgr-x[37878]:
2024-06-07T08:41:55.453+0000 7fc134e05040 -1 mgr[py] Module rook has missing NOTIFY_TYPES member
2024-06-07T08:41:55.769 INFO:journalctl@ceph.mgr.x.smithi003.stdout:Jun 07 08:41:55 smithi003 ceph-93851d1a-24a9-11ef-bc9b-c7b262605968-mgr-x[37878]:
2024-06-07T08:41:55.602+0000 7fc134e05040 -1 mgr[py] Module selftest has missing NOTIFY_TYPES member
2024-06-07T08:41:56.184 INFO:journalctl@ceph.mgr.x.smithi003.stdout:Jun 07 08:41:55 smithi003 ceph-93851d1a-24a9-11ef-bc9b-c7b262605968-mgr-x[37878]:
2024-06-07T08:41:55.771+0000 7fc134e05040 -1 mgr[py] Module devicehealth has missing NOTIFY_TYPES member
2024-06-07T08:41:56.883 INFO:journalctl@ceph.mgr.x.smithi003.stdout:Jun 07 08:41:56 smithi003 ceph-93851d1a-24a9-11ef-bc9b-c7b262605968-mgr-x[37878]:
2024-06-07T08:41:56.563+0000 7fc134e05040 -1 mgr[py] Module volumes has missing NOTIFY_TYPES member
2024-06-07T08:41:56.883 INFO:journalctl@ceph.mgr.x.smithi003.stdout:Jun 07 08:41:56 smithi003 ceph-93851d1a-24a9-11ef-bc9b-c7b262605968-mgr-x[37878]:
2024-06-07T08:41:56.813+0000 7fc134e05040 -1 mgr[py] Module test_orchestrator has missing NOTIFY_TYPES member
2024-06-07T08:41:57.184 INFO:journalctl@ceph.mon.a.smithi003.stdout:Jun 07 08:41:57 smithi003 ceph-mon[37630]: Active manager daemon x restarted
2024-06-07T08:41:57.184 INFO:journalctl@ceph.mon.a.smithi003.stdout:Jun 07 08:41:57 smithi003 ceph-mon[37630]: Activating manager daemon x
2024-06-07T08:41:57.184 INFO:journalctl@ceph.mon.a.smithi003.stdout:Jun 07 08:41:57 smithi003 ceph-mon[37630]: osdmap e3: 0 total, 0 up, 0 in
2024-06-07T08:41:57.184 INFO:journalctl@ceph.mon.a.smithi003.stdout:Jun 07 08:41:57 smithi003 ceph-mon[37630]: mgrmap e10: x(active, starting, since 0.00410568s)
2024-06-07T08:41:57.184 INFO:journalctl@ceph.mon.a.smithi003.stdout:Jun 07 08:41:57 smithi003 ceph-mon[37630]: from='mgr.14150 172.21.15.3:0/625843775' entity='mgr.x' cmd=[{"prefix": "mon metadata", "id": "a"}]: dispatch
