2024-06-07T02:44:35.855 INFO:teuthology.orchestra.run.smithi046.stdout:/usr/bin/ceph: stderr
2024-06-07T02:44:34.751+0000 7fa286ffd640 1 -- 172.21.15.46:0/4045948474 learned_addr learned my addr 172.21.15.46:0/4045948474 (peer_addr_for_me v2:172.21.15.46:0/0)
2024-06-07T02:44:35.855 INFO:teuthology.orchestra.run.smithi046.stdout:/usr/bin/ceph: stderr
2024-06-07T02:44:34.751+0000 7fa286ffd640 1 -- 172.21.15.46:0/4045948474 --> [v2:172.21.15.46:3300/0,v1:172.21.15.46:6789/0] -- mon_subscribe({config=0+,monmap=0+}) v3 -- 0x7fa288105d10 con 0x7fa288104b10
2024-06-07T02:44:35.855 INFO:teuthology.orchestra.run.smithi046.stdout:/usr/bin/ceph: stderr
2024-06-07T02:44:34.752+0000 7fa286ffd640 1 --2- 172.21.15.46:0/4045948474 >> [v2:172.21.15.46:3300/0,v1:172.21.15.46:6789/0] conn(0x7fa288104b10 0x7fa288104f30 secure :-1 s=READY pgs=53 cs=0 l=1 rev1=1 crypto rx=0x7fa278009e80 tx=0x7fa27802a7a0 comp rx=0 tx=0).ready entity=mon.0 client_cookie=9f09d1807f0dbf52 server_cookie=0 in_seq=0 out_seq=0
2024-06-07T02:44:35.855 INFO:teuthology.orchestra.run.smithi046.stdout:/usr/bin/ceph: stderr
2024-06-07T02:44:34.752+0000 7fa285ffb640 1 -- 172.21.15.46:0/4045948474 <== mon.0 v2:172.21.15.46:3300/0 1 ==== mon_map magic: 0 v1 ==== 229+0+0 (secure 0 0 0) 0x7fa278031400 con 0x7fa288104b10
2024-06-07T02:44:35.855 INFO:teuthology.orchestra.run.smithi046.stdout:/usr/bin/ceph: stderr
2024-06-07T02:44:34.752+0000 7fa285ffb640 1 -- 172.21.15.46:0/4045948474 <== mon.0 v2:172.21.15.46:3300/0 2 ==== config(27 keys) v1 ==== 1109+0+0 (secure 0 0 0) 0x7fa27802d050 con 0x7fa288104b10
2024-06-07T02:44:35.855 INFO:teuthology.orchestra.run.smithi046.stdout:/usr/bin/ceph: stderr
2024-06-07T02:44:34.752+0000 7fa285ffb640 1 -- 172.21.15.46:0/4045948474 <== mon.0 v2:172.21.15.46:3300/0 3 ==== mon_map magic: 0 v1 ==== 229+0+0 (secure 0 0 0) 0x7fa278007930 con 0x7fa288104b10
2024-06-07T02:44:35.855 INFO:teuthology.orchestra.run.smithi046.stdout:/usr/bin/ceph: stderr
2024-06-07T02:44:34.753+0000 7fa28d9a0640 1 -- 172.21.15.46:0/4045948474 >> [v2:172.21.15.46:3300/0,v1:172.21.15.46:6789/0] conn(0x7fa288104b10 msgr2=0x7fa288104f30 secure :-1 s=STATE_CONNECTION_ESTABLISHED l=1).mark_down
2024-06-07T02:44:35.855 INFO:teuthology.orchestra.run.smithi046.stdout:/usr/bin/ceph: stderr
2024-06-07T02:44:34.753+0000 7fa28d9a0640 1 --2- 172.21.15.46:0/4045948474 >> [v2:172.21.15.46:3300/0,v1:172.21.15.46:6789/0] conn(0x7fa288104b10 0x7fa288104f30 secure :-1 s=READY pgs=53 cs=0 l=1 rev1=1 crypto rx=0x7fa278009e80 tx=0x7fa27802a7a0 comp rx=0 tx=0).stop
2024-06-07T02:44:35.856 INFO:teuthology.orchestra.run.smithi046.stdout:/usr/bin/ceph: stderr
2024-06-07T02:44:34.753+0000 7fa28d9a0640 1 -- 172.21.15.46:0/4045948474 shutdown_connections
2024-06-07T02:44:35.856 INFO:teuthology.orchestra.run.smithi046.stdout:/usr/bin/ceph: stderr
2024-06-07T02:44:34.753+0000 7fa28d9a0640 1 --2- 172.21.15.46:0/4045948474 >> [v2:172.21.15.46:3300/0,v1:172.21.15.46:6789/0] conn(0x7fa288104b10 0x7fa288104f30 unknown :-1 s=CLOSED pgs=53 cs=0 l=1 rev1=1 crypto rx=0 tx=0 comp rx=0 tx=0).stop
2024-06-07T02:44:35.856 INFO:teuthology.orchestra.run.smithi046.stdout:/usr/bin/ceph: stderr
2024-06-07T02:44:34.753+0000 7fa28d9a0640 1 -- 172.21.15.46:0/4045948474 >> 172.21.15.46:0/4045948474 conn(0x7fa2881000d0 msgr2=0x7fa2881024f0 unknown :-1 s=STATE_NONE l=0).mark_down
2024-06-07T02:44:35.856 INFO:teuthology.orchestra.run.smithi046.stdout:/usr/bin/ceph: stderr
2024-06-07T02:44:34.753+0000 7fa28d9a0640 1 -- 172.21.15.46:0/4045948474 shutdown_connections
2024-06-07T02:44:35.856 INFO:teuthology.orchestra.run.smithi046.stdout:/usr/bin/ceph: stderr
2024-06-07T02:44:34.753+0000 7fa28d9a0640 1 -- 172.21.15.46:0/4045948474 wait complete.
2024-06-07T02:44:35.856 INFO:teuthology.orchestra.run.smithi046.stdout:/usr/bin/ceph: stderr
2024-06-07T02:44:34.754+0000 7fa28d9a0640 1 Processor -- start
2024-06-07T02:44:35.856 INFO:teuthology.orchestra.run.smithi046.stdout:/usr/bin/ceph: stderr
2024-06-07T02:44:34.754+0000 7fa28d9a0640 1 -- start start
2024-06-07T02:44:35.856 INFO:teuthology.orchestra.run.smithi046.stdout:/usr/bin/ceph: stderr
2024-06-07T02:44:34.754+0000 7fa28d9a0640 1 --2- >> [v2:172.21.15.46:3300/0,v1:172.21.15.46:6789/0] conn(0x7fa288104b10 0x7fa28818fc30 unknown :-1 s=NONE pgs=0 cs=0 l=1 rev1=0 crypto rx=0 tx=0 comp rx=0 tx=0).connect
2024-06-07T02:44:35.856 INFO:teuthology.orchestra.run.smithi046.stdout:/usr/bin/ceph: stderr
2024-06-07T02:44:34.754+0000 7fa28d9a0640 1 -- --> [v2:172.21.15.46:3300/0,v1:172.21.15.46:6789/0] -- mon_getmap magic: 0 v1 -- 0x7fa288190170 con 0x7fa288104b10
2024-06-07T02:44:35.856 INFO:teuthology.orchestra.run.smithi046.stdout:/usr/bin/ceph: stderr
2024-06-07T02:44:34.754+0000 7fa286ffd640 1 --2- >> [v2:172.21.15.46:3300/0,v1:172.21.15.46:6789/0] conn(0x7fa288104b10 0x7fa28818fc30 unknown :-1 s=BANNER_CONNECTING pgs=0 cs=0 l=1 rev1=0 crypto rx=0 tx=0 comp rx=0 tx=0)._handle_peer_banner_payload supported=3 required=0
2024-06-07T02:44:35.856 INFO:teuthology.orchestra.run.smithi046.stdout:/usr/bin/ceph: stderr
2024-06-07T02:44:34.754+0000 7fa286ffd640 1 --2- >> [v2:172.21.15.46:3300/0,v1:172.21.15.46:6789/0] conn(0x7fa288104b10 0x7fa28818fc30 unknown :-1 s=HELLO_CONNECTING pgs=0 cs=0 l=1 rev1=1 crypto rx=0 tx=0 comp rx=0 tx=0).handle_hello peer v2:172.21.15.46:3300/0 says I am v2:172.21.15.46:45588/0 (socket says 172.21.15.46:45588)
2024-06-07T02:44:35.856 INFO:teuthology.orchestra.run.smithi046.stdout:/usr/bin/ceph: stderr
2024-06-07T02:44:34.754+0000 7fa286ffd640 1 -- 172.21.15.46:0/3450276206 learned_addr learned my addr 172.21.15.46:0/3450276206 (peer_addr_for_me v2:172.21.15.46:0/0)
2024-06-07T02:44:35.856 INFO:teuthology.orchestra.run.smithi046.stdout:/usr/bin/ceph: stderr
2024-06-07T02:44:34.754+0000 7fa286ffd640 1 -- 172.21.15.46:0/3450276206 --> [v2:172.21.15.46:3300/0,v1:172.21.15.46:6789/0] -- mon_subscribe({config=0+,monmap=0+}) v3 -- 0x7fa278009b30 con 0x7fa288104b10
2024-06-07T02:44:35.856 INFO:teuthology.orchestra.run.smithi046.stdout:/usr/bin/ceph: stderr
2024-06-07T02:44:34.755+0000 7fa286ffd640 1 --2- 172.21.15.46:0/3450276206 >> [v2:172.21.15.46:3300/0,v1:172.21.15.46:6789/0] conn(0x7fa288104b10 0x7fa28818fc30 secure :-1 s=READY pgs=54 cs=0 l=1 rev1=1 crypto rx=0x7fa278009fa0 tx=0x7fa278031b70 comp rx=0 tx=0).ready entity=mon.0 client_cookie=0 server_cookie=0 in_seq=0 out_seq=0
2024-06-07T02:44:35.857 INFO:teuthology.orchestra.run.smithi046.stdout:/usr/bin/ceph: stderr
2024-06-07T02:44:34.755+0000 7fa28c99e640 1 -- 172.21.15.46:0/3450276206 <== mon.0 v2:172.21.15.46:3300/0 1 ==== mon_map magic: 0 v1 ==== 229+0+0 (secure 0 0 0) 0x7fa27803a550 con 0x7fa288104b10
2024-06-07T02:44:35.857 INFO:teuthology.orchestra.run.smithi046.stdout:/usr/bin/ceph: stderr
2024-06-07T02:44:34.755+0000 7fa28c99e640 1 -- 172.21.15.46:0/3450276206 <== mon.0 v2:172.21.15.46:3300/0 2 ==== config(27 keys) v1 ==== 1109+0+0 (secure 0 0 0) 0x7fa27803ab70 con 0x7fa288104b10
2024-06-07T02:44:35.857 INFO:teuthology.orchestra.run.smithi046.stdout:/usr/bin/ceph: stderr
2024-06-07T02:44:34.755+0000 7fa28c99e640 1 -- 172.21.15.46:0/3450276206 <== mon.0 v2:172.21.15.46:3300/0 3 ==== mon_map magic: 0 v1 ==== 229+0+0 (secure 0 0 0) 0x7fa278039c70 con 0x7fa288104b10
2024-06-07T02:44:35.857 INFO:teuthology.orchestra.run.smithi046.stdout:/usr/bin/ceph: stderr
2024-06-07T02:44:34.755+0000 7fa28d9a0640 1 -- 172.21.15.46:0/3450276206 --> [v2:172.21.15.46:3300/0,v1:172.21.15.46:6789/0] -- mon_subscribe({mgrmap=0+}) v3 -- 0x7fa28818e400 con 0x7fa288104b10
2024-06-07T02:44:35.857 INFO:teuthology.orchestra.run.smithi046.stdout:/usr/bin/ceph: stderr
2024-06-07T02:44:34.755+0000 7fa28d9a0640 1 -- 172.21.15.46:0/3450276206 --> [v2:172.21.15.46:3300/0,v1:172.21.15.46:6789/0] -- mon_subscribe({osdmap=0}) v3 -- 0x7fa28818e8a0 con 0x7fa288104b10
2024-06-07T02:44:35.857 INFO:teuthology.orchestra.run.smithi046.stdout:/usr/bin/ceph: stderr
2024-06-07T02:44:34.756+0000 7fa28c99e640 1 -- 172.21.15.46:0/3450276206 <== mon.0 v2:172.21.15.46:3300/0 4 ==== mgrmap(e 8) v1 ==== 44866+0+0 (secure 0 0 0) 0x7fa278038040 con 0x7fa288104b10
2024-06-07T02:44:35.857 INFO:teuthology.orchestra.run.smithi046.stdout:/usr/bin/ceph: stderr
2024-06-07T02:44:34.756+0000 7fa28c99e640 1 --2- 172.21.15.46:0/3450276206 >> [v2:172.21.15.46:6800/3921333825,v1:172.21.15.46:6801/3921333825] conn(0x7fa274037860 0x7fa274039d20 unknown :-1 s=NONE pgs=0 cs=0 l=1 rev1=0 crypto rx=0 tx=0 comp rx=0 tx=0).connect
2024-06-07T02:44:35.857 INFO:teuthology.orchestra.run.smithi046.stdout:/usr/bin/ceph: stderr
2024-06-07T02:44:34.756+0000 7fa28c99e640 1 -- 172.21.15.46:0/3450276206 <== mon.0 v2:172.21.15.46:3300/0 5 ==== osd_map(2..2 src has 1..2) v4 ==== 940+0+0 (secure 0 0 0) 0x7fa27806a700 con 0x7fa288104b10
2024-06-07T02:44:35.857 INFO:teuthology.orchestra.run.smithi046.stdout:/usr/bin/ceph: stderr
2024-06-07T02:44:34.756+0000 7fa28d9a0640 1 -- 172.21.15.46:0/3450276206 --> [v2:172.21.15.46:3300/0,v1:172.21.15.46:6789/0] -- mon_command({"prefix": "get_command_descriptions"} v 0) v1 -- 0x7fa28818f2a0 con 0x7fa288104b10
2024-06-07T02:44:35.858 INFO:teuthology.orchestra.run.smithi046.stdout:/usr/bin/ceph: stderr
2024-06-07T02:44:34.756+0000 7fa2867fc640 1 --2- 172.21.15.46:0/3450276206 >> [v2:172.21.15.46:6800/3921333825,v1:172.21.15.46:6801/3921333825] conn(0x7fa274037860 0x7fa274039d20 unknown :-1 s=BANNER_CONNECTING pgs=0 cs=0 l=1 rev1=0 crypto rx=0 tx=0 comp rx=0 tx=0)._handle_peer_banner_payload supported=3 required=0
2024-06-07T02:44:35.858 INFO:teuthology.orchestra.run.smithi046.stdout:/usr/bin/ceph: stderr
2024-06-07T02:44:34.757+0000 7fa2867fc640 1 --2- 172.21.15.46:0/3450276206 >> [v2:172.21.15.46:6800/3921333825,v1:172.21.15.46:6801/3921333825] conn(0x7fa274037860 0x7fa274039d20 secure :-1 s=READY pgs=17 cs=0 l=1 rev1=1 crypto rx=0x7fa2700098c0 tx=0x7fa270006db0 comp rx=0 tx=0).ready entity=mgr.14118 client_cookie=0 server_cookie=0 in_seq=0 out_seq=0
2024-06-07T02:44:35.858 INFO:teuthology.orchestra.run.smithi046.stdout:/usr/bin/ceph: stderr
2024-06-07T02:44:34.761+0000 7fa28c99e640 1 -- 172.21.15.46:0/3450276206 <== mon.0 v2:172.21.15.46:3300/0 6 ==== mon_command_ack([{"prefix": "get_command_descriptions"}]=0 v0) v1 ==== 72+0+182498 (secure 0 0 0) 0x7fa278041030 con 0x7fa288104b10
2024-06-07T02:44:35.858 INFO:teuthology.orchestra.run.smithi046.stdout:/usr/bin/ceph: stderr
2024-06-07T02:44:34.958+0000 7fa28d9a0640 1 -- 172.21.15.46:0/3450276206 --> [v2:172.21.15.46:6800/3921333825,v1:172.21.15.46:6801/3921333825] -- mgr_command(tid 0: {"prefix": "orch apply", "service_type": "prometheus", "target": ["mon-mgr", ""]}) v1 -- 0x7fa2881936f0 con 0x7fa274037860
2024-06-07T02:44:35.858 INFO:teuthology.orchestra.run.smithi046.stdout:/usr/bin/ceph: stderr
2024-06-07T02:44:34.963+0000 7fa28c99e640 1 -- 172.21.15.46:0/3450276206 <== mgr.14118 v2:172.21.15.46:6800/3921333825 1 ==== mgr_command_reply(tid 0: 0 ) v1 ==== 8+0+31 (secure 0 0 0) 0x7fa2881936f0 con 0x7fa274037860
2024-06-07T02:44:35.858 INFO:teuthology.orchestra.run.smithi046.stdout:/usr/bin/ceph: stderr
2024-06-07T02:44:34.965+0000 7fa28d9a0640 1 -- 172.21.15.46:0/3450276206 >> [v2:172.21.15.46:6800/3921333825,v1:172.21.15.46:6801/3921333825] conn(0x7fa274037860 msgr2=0x7fa274039d20 secure :-1 s=STATE_CONNECTION_ESTABLISHED l=1).mark_down
2024-06-07T02:44:35.858 INFO:teuthology.orchestra.run.smithi046.stdout:/usr/bin/ceph: stderr
2024-06-07T02:44:34.965+0000 7fa28d9a0640 1 --2- 172.21.15.46:0/3450276206 >> [v2:172.21.15.46:6800/3921333825,v1:172.21.15.46:6801/3921333825] conn(0x7fa274037860 0x7fa274039d20 secure :-1 s=READY pgs=17 cs=0 l=1 rev1=1 crypto rx=0x7fa2700098c0 tx=0x7fa270006db0 comp rx=0 tx=0).stop
2024-06-07T02:44:35.858 INFO:teuthology.orchestra.run.smithi046.stdout:/usr/bin/ceph: stderr
2024-06-07T02:44:34.965+0000 7fa28d9a0640 1 -- 172.21.15.46:0/3450276206 >> [v2:172.21.15.46:3300/0,v1:172.21.15.46:6789/0] conn(0x7fa288104b10 msgr2=0x7fa28818fc30 secure :-1 s=STATE_CONNECTION_ESTABLISHED l=1).mark_down
2024-06-07T02:44:35.858 INFO:teuthology.orchestra.run.smithi046.stdout:/usr/bin/ceph: stderr
2024-06-07T02:44:34.965+0000 7fa28d9a0640 1 --2- 172.21.15.46:0/3450276206 >> [v2:172.21.15.46:3300/0,v1:172.21.15.46:6789/0] conn(0x7fa288104b10 0x7fa28818fc30 secure :-1 s=READY pgs=54 cs=0 l=1 rev1=1 crypto rx=0x7fa278009fa0 tx=0x7fa278031b70 comp rx=0 tx=0).stop
2024-06-07T02:44:35.858 INFO:teuthology.orchestra.run.smithi046.stdout:/usr/bin/ceph: stderr
2024-06-07T02:44:34.965+0000 7fa28d9a0640 1 -- 172.21.15.46:0/3450276206 shutdown_connections
2024-06-07T02:44:35.858 INFO:teuthology.orchestra.run.smithi046.stdout:/usr/bin/ceph: stderr
2024-06-07T02:44:34.965+0000 7fa28d9a0640 1 --2- 172.21.15.46:0/3450276206 >> [v2:172.21.15.46:6800/3921333825,v1:172.21.15.46:6801/3921333825] conn(0x7fa274037860 0x7fa274039d20 unknown :-1 s=CLOSED pgs=17 cs=0 l=1 rev1=1 crypto rx=0 tx=0 comp rx=0 tx=0).stop
2024-06-07T02:44:35.858 INFO:teuthology.orchestra.run.smithi046.stdout:/usr/bin/ceph: stderr
2024-06-07T02:44:34.965+0000 7fa28d9a0640 1 --2- 172.21.15.46:0/3450276206 >> [v2:172.21.15.46:3300/0,v1:172.21.15.46:6789/0] conn(0x7fa288104b10 0x7fa28818fc30 unknown :-1 s=CLOSED pgs=54 cs=0 l=1 rev1=1 crypto rx=0 tx=0 comp rx=0 tx=0).stop
2024-06-07T02:44:35.859 INFO:teuthology.orchestra.run.smithi046.stdout:/usr/bin/ceph: stderr
2024-06-07T02:44:34.965+0000 7fa28d9a0640 1 -- 172.21.15.46:0/3450276206 >> 172.21.15.46:0/3450276206 conn(0x7fa2881000d0 msgr2=0x7fa288100ef0 unknown :-1 s=STATE_NONE l=0).mark_down
2024-06-07T02:44:35.859 INFO:teuthology.orchestra.run.smithi046.stdout:/usr/bin/ceph: stderr
2024-06-07T02:44:34.965+0000 7fa28d9a0640 1 -- 172.21.15.46:0/3450276206 shutdown_connections
2024-06-07T02:44:35.859 INFO:teuthology.orchestra.run.smithi046.stdout:/usr/bin/ceph: stderr
2024-06-07T02:44:34.965+0000 7fa28d9a0640 1 -- 172.21.15.46:0/3450276206 wait complete.
2024-06-07T02:44:35.859 INFO:teuthology.orchestra.run.smithi046.stdout:Deploying grafana service with default placement...
2024-06-07T02:44:36.053 INFO:journalctl@ceph.mon.smithi046.smithi046.stdout:Jun 07 02:44:35 smithi046 ceph-mon[29479]: pgmap v3: 0 pgs: ; 0 B data, 0 B used, 0 B / 0 B avail
2024-06-07T02:44:36.054 INFO:journalctl@ceph.mon.smithi046.smithi046.stdout:Jun 07 02:44:35 smithi046 ceph-mon[29479]: from='client.14148 -' entity='client.admin' cmd=[{"prefix": "orch apply", "service_type": "prometheus", "target": ["mon-mgr", ""]}]: dispatch
2024-06-07T02:44:36.054 INFO:journalctl@ceph.mon.smithi046.smithi046.stdout:Jun 07 02:44:35 smithi046 ceph-mon[29479]: Saving service prometheus spec with placement count:1
2024-06-07T02:44:36.054 INFO:journalctl@ceph.mon.smithi046.smithi046.stdout:Jun 07 02:44:35 smithi046 ceph-mon[29479]: from='mgr.14118 172.21.15.46:0/174314973' entity='mgr.smithi046.yybbol'
2024-06-07T02:44:36.969 INFO:teuthology.orchestra.run.smithi046.stdout:/usr/bin/ceph: stdout Scheduled grafana update...
2024-06-07T02:44:36.969 INFO:teuthology.orchestra.run.smithi046.stdout:/usr/bin/ceph: stderr
2024-06-07T02:44:36.237+0000 7f32bf3aa640 1 Processor -- start
2024-06-07T02:44:36.969 INFO:teuthology.orchestra.run.smithi046.stdout:/usr/bin/ceph: stderr
2024-06-07T02:44:36.238+0000 7f32bf3aa640 1 -- start start
2024-06-07T02:44:36.969 INFO:teuthology.orchestra.run.smithi046.stdout:/usr/bin/ceph: stderr
2024-06-07T02:44:36.238+0000 7f32bf3aa640 1 --2- >> [v2:172.21.15.46:3300/0,v1:172.21.15.46:6789/0] conn(0x7f32b807be30 0x7f32b807a290 unknown :-1 s=NONE pgs=0 cs=0 l=0 rev1=0 crypto rx=0 tx=0 comp rx=0 tx=0).connect
2024-06-07T02:44:36.969 INFO:teuthology.orchestra.run.smithi046.stdout:/usr/bin/ceph: stderr
2024-06-07T02:44:36.238+0000 7f32bf3aa640 1 -- --> [v2:172.21.15.46:3300/0,v1:172.21.15.46:6789/0] -- mon_getmap magic: 0 v1 -- 0x7f32b807a860 con 0x7f32b807be30
2024-06-07T02:44:36.969 INFO:teuthology.orchestra.run.smithi046.stdout:/usr/bin/ceph: stderr
2024-06-07T02:44:36.238+0000 7f32bd146640 1 --2- >> [v2:172.21.15.46:3300/0,v1:172.21.15.46:6789/0] conn(0x7f32b807be30 0x7f32b807a290 unknown :-1 s=BANNER_CONNECTING pgs=0 cs=0 l=0 rev1=0 crypto rx=0 tx=0 comp rx=0 tx=0)._handle_peer_banner_payload supported=3 required=0
2024-06-07T02:44:36.969 INFO:teuthology.orchestra.run.smithi046.stdout:/usr/bin/ceph: stderr
2024-06-07T02:44:36.238+0000 7f32bd146640 1 --2- >> [v2:172.21.15.46:3300/0,v1:172.21.15.46:6789/0] conn(0x7f32b807be30 0x7f32b807a290 unknown :-1 s=HELLO_CONNECTING pgs=0 cs=0 l=0 rev1=1 crypto rx=0 tx=0 comp rx=0 tx=0).handle_hello peer v2:172.21.15.46:3300/0 says I am v2:172.21.15.46:45598/0 (socket says 172.21.15.46:45598)
2024-06-07T02:44:36.969 INFO:teuthology.orchestra.run.smithi046.stdout:/usr/bin/ceph: stderr
2024-06-07T02:44:36.238+0000 7f32bd146640 1 -- 172.21.15.46:0/876077554 learned_addr learned my addr 172.21.15.46:0/876077554 (peer_addr_for_me v2:172.21.15.46:0/0)
2024-06-07T02:44:36.969 INFO:teuthology.orchestra.run.smithi046.stdout:/usr/bin/ceph: stderr
2024-06-07T02:44:36.239+0000 7f32bd146640 1 -- 172.21.15.46:0/876077554 --> [v2:172.21.15.46:3300/0,v1:172.21.15.46:6789/0] -- mon_subscribe({config=0+,monmap=0+}) v3 -- 0x7f32b807a9a0 con 0x7f32b807be30
2024-06-07T02:44:36.970 INFO:teuthology.orchestra.run.smithi046.stdout:/usr/bin/ceph: stderr
2024-06-07T02:44:36.239+0000 7f32bd146640 1 --2- 172.21.15.46:0/876077554 >> [v2:172.21.15.46:3300/0,v1:172.21.15.46:6789/0] conn(0x7f32b807be30 0x7f32b807a290 secure :-1 s=READY pgs=55 cs=0 l=1 rev1=1 crypto rx=0x7f32a8009820 tx=0x7f32a802a270 comp rx=0 tx=0).ready entity=mon.0 client_cookie=83fc4cddc245e374 server_cookie=0 in_seq=0 out_seq=0
2024-06-07T02:44:36.970 INFO:teuthology.orchestra.run.smithi046.stdout:/usr/bin/ceph: stderr
2024-06-07T02:44:36.240+0000 7f32b7fff640 1 -- 172.21.15.46:0/876077554 <== mon.0 v2:172.21.15.46:3300/0 1 ==== mon_map magic: 0 v1 ==== 229+0+0 (secure 0 0 0) 0x7f32a802ad40 con 0x7f32b807be30
2024-06-07T02:44:36.970 INFO:teuthology.orchestra.run.smithi046.stdout:/usr/bin/ceph: stderr
2024-06-07T02:44:36.240+0000 7f32b7fff640 1 -- 172.21.15.46:0/876077554 <== mon.0 v2:172.21.15.46:3300/0 2 ==== config(27 keys) v1 ==== 1109+0+0 (secure 0 0 0) 0x7f32a8032900 con 0x7f32b807be30
2024-06-07T02:44:36.970 INFO:teuthology.orchestra.run.smithi046.stdout:/usr/bin/ceph: stderr
2024-06-07T02:44:36.240+0000 7f32b7fff640 1 -- 172.21.15.46:0/876077554 <== mon.0 v2:172.21.15.46:3300/0 3 ==== mon_map magic: 0 v1 ==== 229+0+0 (secure 0 0 0) 0x7f32a8030860 con 0x7f32b807be30
2024-06-07T02:44:36.970 INFO:teuthology.orchestra.run.smithi046.stdout:/usr/bin/ceph: stderr
2024-06-07T02:44:36.240+0000 7f32bf3aa640 1 -- 172.21.15.46:0/876077554 >> [v2:172.21.15.46:3300/0,v1:172.21.15.46:6789/0] conn(0x7f32b807be30 msgr2=0x7f32b807a290 secure :-1 s=STATE_CONNECTION_ESTABLISHED l=1).mark_down
2024-06-07T02:44:36.970 INFO:teuthology.orchestra.run.smithi046.stdout:/usr/bin/ceph: stderr
2024-06-07T02:44:36.240+0000 7f32bf3aa640 1 --2- 172.21.15.46:0/876077554 >> [v2:172.21.15.46:3300/0,v1:172.21.15.46:6789/0] conn(0x7f32b807be30 0x7f32b807a290 secure :-1 s=READY pgs=55 cs=0 l=1 rev1=1 crypto rx=0x7f32a8009820 tx=0x7f32a802a270 comp rx=0 tx=0).stop
2024-06-07T02:44:36.970 INFO:teuthology.orchestra.run.smithi046.stdout:/usr/bin/ceph: stderr
2024-06-07T02:44:36.240+0000 7f32bf3aa640 1 -- 172.21.15.46:0/876077554 shutdown_connections
2024-06-07T02:44:36.970 INFO:teuthology.orchestra.run.smithi046.stdout:/usr/bin/ceph: stderr
2024-06-07T02:44:36.240+0000 7f32bf3aa640 1 --2- 172.21.15.46:0/876077554 >> [v2:172.21.15.46:3300/0,v1:172.21.15.46:6789/0] conn(0x7f32b807be30 0x7f32b807a290 unknown :-1 s=CLOSED pgs=55 cs=0 l=1 rev1=1 crypto rx=0 tx=0 comp rx=0 tx=0).stop
2024-06-07T02:44:36.970 INFO:teuthology.orchestra.run.smithi046.stdout:/usr/bin/ceph: stderr
2024-06-07T02:44:36.240+0000 7f32bf3aa640 1 -- 172.21.15.46:0/876077554 >> 172.21.15.46:0/876077554 conn(0x7f32b81011c0 msgr2=0x7f32b8103620 unknown :-1 s=STATE_NONE l=0).mark_down
2024-06-07T02:44:36.970 INFO:teuthology.orchestra.run.smithi046.stdout:/usr/bin/ceph: stderr
2024-06-07T02:44:36.240+0000 7f32bf3aa640 1 -- 172.21.15.46:0/876077554 shutdown_connections
2024-06-07T02:44:36.970 INFO:teuthology.orchestra.run.smithi046.stdout:/usr/bin/ceph: stderr
2024-06-07T02:44:36.240+0000 7f32bf3aa640 1 -- 172.21.15.46:0/876077554 wait complete.
2024-06-07T02:44:36.970 INFO:teuthology.orchestra.run.smithi046.stdout:/usr/bin/ceph: stderr
2024-06-07T02:44:36.241+0000 7f32bf3aa640 1 Processor -- start
2024-06-07T02:44:36.971 INFO:teuthology.orchestra.run.smithi046.stdout:/usr/bin/ceph: stderr
2024-06-07T02:44:36.241+0000 7f32bf3aa640 1 -- start start
2024-06-07T02:44:36.971 INFO:teuthology.orchestra.run.smithi046.stdout:/usr/bin/ceph: stderr
2024-06-07T02:44:36.241+0000 7f32bf3aa640 1 --2- >> [v2:172.21.15.46:3300/0,v1:172.21.15.46:6789/0] conn(0x7f32b807be30 0x7f32b819ba60 unknown :-1 s=NONE pgs=0 cs=0 l=1 rev1=0 crypto rx=0 tx=0 comp rx=0 tx=0).connect
2024-06-07T02:44:36.971 INFO:teuthology.orchestra.run.smithi046.stdout:/usr/bin/ceph: stderr
2024-06-07T02:44:36.241+0000 7f32bf3aa640 1 -- --> [v2:172.21.15.46:3300/0,v1:172.21.15.46:6789/0] -- mon_getmap magic: 0 v1 -- 0x7f32b819bfa0 con 0x7f32b807be30
2024-06-07T02:44:36.971 INFO:teuthology.orchestra.run.smithi046.stdout:/usr/bin/ceph: stderr
2024-06-07T02:44:36.241+0000 7f32bd146640 1 --2- >> [v2:172.21.15.46:3300/0,v1:172.21.15.46:6789/0] conn(0x7f32b807be30 0x7f32b819ba60 unknown :-1 s=BANNER_CONNECTING pgs=0 cs=0 l=1 rev1=0 crypto rx=0 tx=0 comp rx=0 tx=0)._handle_peer_banner_payload supported=3 required=0
2024-06-07T02:44:36.971 INFO:teuthology.orchestra.run.smithi046.stdout:/usr/bin/ceph: stderr
2024-06-07T02:44:36.241+0000 7f32bd146640 1 --2- >> [v2:172.21.15.46:3300/0,v1:172.21.15.46:6789/0] conn(0x7f32b807be30 0x7f32b819ba60 unknown :-1 s=HELLO_CONNECTING pgs=0 cs=0 l=1 rev1=1 crypto rx=0 tx=0 comp rx=0 tx=0).handle_hello peer v2:172.21.15.46:3300/0 says I am v2:172.21.15.46:45610/0 (socket says 172.21.15.46:45610)
2024-06-07T02:44:36.971 INFO:teuthology.orchestra.run.smithi046.stdout:/usr/bin/ceph: stderr
2024-06-07T02:44:36.241+0000 7f32bd146640 1 -- 172.21.15.46:0/1936930189 learned_addr learned my addr 172.21.15.46:0/1936930189 (peer_addr_for_me v2:172.21.15.46:0/0)
2024-06-07T02:44:36.971 INFO:teuthology.orchestra.run.smithi046.stdout:/usr/bin/ceph: stderr
2024-06-07T02:44:36.242+0000 7f32bd146640 1 -- 172.21.15.46:0/1936930189 --> [v2:172.21.15.46:3300/0,v1:172.21.15.46:6789/0] -- mon_subscribe({config=0+,monmap=0+}) v3 -- 0x7f32a80094d0 con 0x7f32b807be30
2024-06-07T02:44:36.971 INFO:teuthology.orchestra.run.smithi046.stdout:/usr/bin/ceph: stderr
2024-06-07T02:44:36.242+0000 7f32bd146640 1 --2- 172.21.15.46:0/1936930189 >> [v2:172.21.15.46:3300/0,v1:172.21.15.46:6789/0] conn(0x7f32b807be30 0x7f32b819ba60 secure :-1 s=READY pgs=56 cs=0 l=1 rev1=1 crypto rx=0x7f32a8009940 tx=0x7f32a8032670 comp rx=0 tx=0).ready entity=mon.0 client_cookie=0 server_cookie=0 in_seq=0 out_seq=0
2024-06-07T02:44:36.971 INFO:teuthology.orchestra.run.smithi046.stdout:/usr/bin/ceph: stderr
2024-06-07T02:44:36.242+0000 7f32b67fc640 1 -- 172.21.15.46:0/1936930189 <== mon.0 v2:172.21.15.46:3300/0 1 ==== mon_map magic: 0 v1 ==== 229+0+0 (secure 0 0 0) 0x7f32a8032c80 con 0x7f32b807be30
2024-06-07T02:44:36.971 INFO:teuthology.orchestra.run.smithi046.stdout:/usr/bin/ceph: stderr
2024-06-07T02:44:36.242+0000 7f32b67fc640 1 -- 172.21.15.46:0/1936930189 <== mon.0 v2:172.21.15.46:3300/0 2 ==== config(27 keys) v1 ==== 1109+0+0 (secure 0 0 0) 0x7f32a8032de0 con 0x7f32b807be30
2024-06-07T02:44:36.971 INFO:teuthology.orchestra.run.smithi046.stdout:/usr/bin/ceph: stderr
2024-06-07T02:44:36.242+0000 7f32b67fc640 1 -- 172.21.15.46:0/1936930189 <== mon.0 v2:172.21.15.46:3300/0 3 ==== mon_map magic: 0 v1 ==== 229+0+0 (secure 0 0 0) 0x7f32a803a730 con 0x7f32b807be30
2024-06-07T02:44:36.971 INFO:teuthology.orchestra.run.smithi046.stdout:/usr/bin/ceph: stderr
2024-06-07T02:44:36.242+0000 7f32bf3aa640 1 -- 172.21.15.46:0/1936930189 --> [v2:172.21.15.46:3300/0,v1:172.21.15.46:6789/0] -- mon_subscribe({mgrmap=0+}) v3 -- 0x7f32b819c1a0 con 0x7f32b807be30
2024-06-07T02:44:36.971 INFO:teuthology.orchestra.run.smithi046.stdout:/usr/bin/ceph: stderr
2024-06-07T02:44:36.242+0000 7f32bf3aa640 1 -- 172.21.15.46:0/1936930189 --> [v2:172.21.15.46:3300/0,v1:172.21.15.46:6789/0] -- mon_subscribe({osdmap=0}) v3 -- 0x7f32b819c640 con 0x7f32b807be30
2024-06-07T02:44:36.971 INFO:teuthology.orchestra.run.smithi046.stdout:/usr/bin/ceph: stderr
2024-06-07T02:44:36.243+0000 7f32b67fc640 1 -- 172.21.15.46:0/1936930189 <== mon.0 v2:172.21.15.46:3300/0 4 ==== mgrmap(e 8) v1 ==== 44866+0+0 (secure 0 0 0) 0x7f32a803a9a0 con 0x7f32b807be30
2024-06-07T02:44:36.971 INFO:teuthology.orchestra.run.smithi046.stdout:/usr/bin/ceph: stderr
2024-06-07T02:44:36.243+0000 7f32bf3aa640 1 -- 172.21.15.46:0/1936930189 --> [v2:172.21.15.46:3300/0,v1:172.21.15.46:6789/0] -- mon_command({"prefix": "get_command_descriptions"} v 0) v1 -- 0x7f32b810c060 con 0x7f32b807be30
2024-06-07T02:44:36.972 INFO:teuthology.orchestra.run.smithi046.stdout:/usr/bin/ceph: stderr
2024-06-07T02:44:36.243+0000 7f32b67fc640 1 --2- 172.21.15.46:0/1936930189 >> [v2:172.21.15.46:6800/3921333825,v1:172.21.15.46:6801/3921333825] conn(0x7f32a00378b0 0x7f32a0039d70 unknown :-1 s=NONE pgs=0 cs=0 l=1 rev1=0 crypto rx=0 tx=0 comp rx=0 tx=0).connect
2024-06-07T02:44:36.972 INFO:teuthology.orchestra.run.smithi046.stdout:/usr/bin/ceph: stderr
2024-06-07T02:44:36.243+0000 7f32b67fc640 1 -- 172.21.15.46:0/1936930189 <== mon.0 v2:172.21.15.46:3300/0 5 ==== osd_map(2..2 src has 1..2) v4 ==== 940+0+0 (secure 0 0 0) 0x7f32a806a8c0 con 0x7f32b807be30
2024-06-07T02:44:36.972 INFO:teuthology.orchestra.run.smithi046.stdout:/usr/bin/ceph: stderr
2024-06-07T02:44:36.244+0000 7f32bc945640 1 --2- 172.21.15.46:0/1936930189 >> [v2:172.21.15.46:6800/3921333825,v1:172.21.15.46:6801/3921333825] conn(0x7f32a00378b0 0x7f32a0039d70 unknown :-1 s=BANNER_CONNECTING pgs=0 cs=0 l=1 rev1=0 crypto rx=0 tx=0 comp rx=0 tx=0)._handle_peer_banner_payload supported=3 required=0
2024-06-07T02:44:36.972 INFO:teuthology.orchestra.run.smithi046.stdout:/usr/bin/ceph: stderr
2024-06-07T02:44:36.244+0000 7f32bc945640 1 --2- 172.21.15.46:0/1936930189 >> [v2:172.21.15.46:6800/3921333825,v1:172.21.15.46:6801/3921333825] conn(0x7f32a00378b0 0x7f32a0039d70 secure :-1 s=READY pgs=18 cs=0 l=1 rev1=1 crypto rx=0x7f32ac00ad30 tx=0x7f32ac0093f0 comp rx=0 tx=0).ready entity=mgr.14118 client_cookie=0 server_cookie=0 in_seq=0 out_seq=0
2024-06-07T02:44:36.972 INFO:teuthology.orchestra.run.smithi046.stdout:/usr/bin/ceph: stderr
2024-06-07T02:44:36.248+0000 7f32b67fc640 1 -- 172.21.15.46:0/1936930189 <== mon.0 v2:172.21.15.46:3300/0 6 ==== mon_command_ack([{"prefix": "get_command_descriptions"}]=0 v0) v1 ==== 72+0+182498 (secure 0 0 0) 0x7f32a803cc50 con 0x7f32b807be30
2024-06-07T02:44:36.972 INFO:teuthology.orchestra.run.smithi046.stdout:/usr/bin/ceph: stderr
2024-06-07T02:44:36.442+0000 7f32bf3aa640 1 -- 172.21.15.46:0/1936930189 --> [v2:172.21.15.46:6800/3921333825,v1:172.21.15.46:6801/3921333825] -- mgr_command(tid 0: {"prefix": "orch apply", "service_type": "grafana", "target": ["mon-mgr", ""]}) v1 -- 0x7f32b8102270 con 0x7f32a00378b0
2024-06-07T02:44:36.972 INFO:teuthology.orchestra.run.smithi046.stdout:/usr/bin/ceph: stderr
2024-06-07T02:44:36.447+0000 7f32b67fc640 1 -- 172.21.15.46:0/1936930189 <== mgr.14118 v2:172.21.15.46:6800/3921333825 1 ==== mgr_command_reply(tid 0: 0 ) v1 ==== 8+0+28 (secure 0 0 0) 0x7f32b8102270 con 0x7f32a00378b0
2024-06-07T02:44:36.972 INFO:teuthology.orchestra.run.smithi046.stdout:/usr/bin/ceph: stderr
2024-06-07T02:44:36.449+0000 7f32bf3aa640 1 -- 172.21.15.46:0/1936930189 >> [v2:172.21.15.46:6800/3921333825,v1:172.21.15.46:6801/3921333825] conn(0x7f32a00378b0 msgr2=0x7f32a0039d70 secure :-1 s=STATE_CONNECTION_ESTABLISHED l=1).mark_down
2024-06-07T02:44:36.972 INFO:teuthology.orchestra.run.smithi046.stdout:/usr/bin/ceph: stderr
2024-06-07T02:44:36.449+0000 7f32bf3aa640 1 --2- 172.21.15.46:0/1936930189 >> [v2:172.21.15.46:6800/3921333825,v1:172.21.15.46:6801/3921333825] conn(0x7f32a00378b0 0x7f32a0039d70 secure :-1 s=READY pgs=18 cs=0 l=1 rev1=1 crypto rx=0x7f32ac00ad30 tx=0x7f32ac0093f0 comp rx=0 tx=0).stop
2024-06-07T02:44:36.972 INFO:teuthology.orchestra.run.smithi046.stdout:/usr/bin/ceph: stderr
2024-06-07T02:44:36.449+0000 7f32bf3aa640 1 -- 172.21.15.46:0/1936930189 >> [v2:172.21.15.46:3300/0,v1:172.21.15.46:6789/0] conn(0x7f32b807be30 msgr2=0x7f32b819ba60 secure :-1 s=STATE_CONNECTION_ESTABLISHED l=1).mark_down
2024-06-07T02:44:36.972 INFO:teuthology.orchestra.run.smithi046.stdout:/usr/bin/ceph: stderr
2024-06-07T02:44:36.449+0000 7f32bf3aa640 1 --2- 172.21.15.46:0/1936930189 >> [v2:172.21.15.46:3300/0,v1:172.21.15.46:6789/0] conn(0x7f32b807be30 0x7f32b819ba60 secure :-1 s=READY pgs=56 cs=0 l=1 rev1=1 crypto rx=0x7f32a8009940 tx=0x7f32a8032670 comp rx=0 tx=0).stop
2024-06-07T02:44:36.972 INFO:teuthology.orchestra.run.smithi046.stdout:/usr/bin/ceph: stderr
2024-06-07T02:44:36.449+0000 7f32bf3aa640 1 -- 172.21.15.46:0/1936930189 shutdown_connections
2024-06-07T02:44:36.972 INFO:teuthology.orchestra.run.smithi046.stdout:/usr/bin/ceph: stderr
2024-06-07T02:44:36.449+0000 7f32bf3aa640 1 --2- 172.21.15.46:0/1936930189 >> [v2:172.21.15.46:6800/3921333825,v1:172.21.15.46:6801/3921333825] conn(0x7f32a00378b0 0x7f32a0039d70 unknown :-1 s=CLOSED pgs=18 cs=0 l=1 rev1=1 crypto rx=0 tx=0 comp rx=0 tx=0).stop
2024-06-07T02:44:36.972 INFO:teuthology.orchestra.run.smithi046.stdout:/usr/bin/ceph: stderr
2024-06-07T02:44:36.449+0000 7f32bf3aa640 1 --2- 172.21.15.46:0/1936930189 >> [v2:172.21.15.46:3300/0,v1:172.21.15.46:6789/0] conn(0x7f32b807be30 0x7f32b819ba60 unknown :-1 s=CLOSED pgs=56 cs=0 l=1 rev1=1 crypto rx=0 tx=0 comp rx=0 tx=0).stop
2024-06-07T02:44:36.973 INFO:teuthology.orchestra.run.smithi046.stdout:/usr/bin/ceph: stderr
2024-06-07T02:44:36.449+0000 7f32bf3aa640 1 -- 172.21.15.46:0/1936930189 >> 172.21.15.46:0/1936930189 conn(0x7f32b81011c0 msgr2=0x7f32b8101b60 unknown :-1 s=STATE_NONE l=0).mark_down
2024-06-07T02:44:36.973 INFO:teuthology.orchestra.run.smithi046.stdout:/usr/bin/ceph: stderr
2024-06-07T02:44:36.449+0000 7f32bf3aa640 1 -- 172.21.15.46:0/1936930189 shutdown_connections
2024-06-07T02:44:36.973 INFO:teuthology.orchestra.run.smithi046.stdout:/usr/bin/ceph: stderr
2024-06-07T02:44:36.449+0000 7f32bf3aa640 1 -- 172.21.15.46:0/1936930189 wait complete.
2024-06-07T02:44:36.973 INFO:teuthology.orchestra.run.smithi046.stdout:Deploying node-exporter service with default placement...
2024-06-07T02:44:37.586 INFO:journalctl@ceph.mon.smithi046.smithi046.stdout:Jun 07 02:44:37 smithi046 ceph-mon[29479]: pgmap v4: 0 pgs: ; 0 B data, 0 B used, 0 B / 0 B avail
2024-06-07T02:44:37.586 INFO:journalctl@ceph.mon.smithi046.smithi046.stdout:Jun 07 02:44:37 smithi046 ceph-mon[29479]: from='client.14150 -' entity='client.admin' cmd=[{"prefix": "orch apply", "service_type": "grafana", "target": ["mon-mgr", ""]}]: dispatch
2024-06-07T02:44:37.586 INFO:journalctl@ceph.mon.smithi046.smithi046.stdout:Jun 07 02:44:37 smithi046 ceph-mon[29479]: Saving service grafana spec with placement count:1
2024-06-07T02:44:37.586 INFO:journalctl@ceph.mon.smithi046.smithi046.stdout:Jun 07 02:44:37 smithi046 ceph-mon[29479]: from='mgr.14118 172.21.15.46:0/174314973' entity='mgr.smithi046.yybbol'
2024-06-07T02:44:38.060 INFO:teuthology.orchestra.run.smithi046.stdout:/usr/bin/ceph: stdout Scheduled node-exporter update...
2024-06-07T02:44:38.061 INFO:teuthology.orchestra.run.smithi046.stdout:/usr/bin/ceph: stderr
2024-06-07T02:44:37.323+0000 7fe329631640 1 Processor -- start
2024-06-07T02:44:38.061 INFO:teuthology.orchestra.run.smithi046.stdout:/usr/bin/ceph: stderr
2024-06-07T02:44:37.323+0000 7fe329631640 1 -- start start
2024-06-07T02:44:38.061 INFO:teuthology.orchestra.run.smithi046.stdout:/usr/bin/ceph: stderr
2024-06-07T02:44:37.323+0000 7fe329631640 1 --2- >> [v2:172.21.15.46:3300/0,v1:172.21.15.46:6789/0] conn(0x7fe32407be30 0x7fe32407a290 unknown :-1 s=NONE pgs=0 cs=0 l=0 rev1=0 crypto rx=0 tx=0 comp rx=0 tx=0).connect
2024-06-07T02:44:38.061 INFO:teuthology.orchestra.run.smithi046.stdout:/usr/bin/ceph: stderr
2024-06-07T02:44:37.323+0000 7fe329631640 1 -- --> [v2:172.21.15.46:3300/0,v1:172.21.15.46:6789/0] -- mon_getmap magic: 0 v1 -- 0x7fe32407a860 con 0x7fe32407be30
2024-06-07T02:44:38.061 INFO:teuthology.orchestra.run.smithi046.stdout:/usr/bin/ceph: stderr
2024-06-07T02:44:37.323+0000 7fe322ffd640 1 --2- >> [v2:172.21.15.46:3300/0,v1:172.21.15.46:6789/0] conn(0x7fe32407be30 0x7fe32407a290 unknown :-1 s=BANNER_CONNECTING pgs=0 cs=0 l=0 rev1=0 crypto rx=0 tx=0 comp rx=0 tx=0)._handle_peer_banner_payload supported=3 required=0
2024-06-07T02:44:38.061 INFO:teuthology.orchestra.run.smithi046.stdout:/usr/bin/ceph: stderr
2024-06-07T02:44:37.323+0000 7fe322ffd640 1 --2- >> [v2:172.21.15.46:3300/0,v1:172.21.15.46:6789/0] conn(0x7fe32407be30 0x7fe32407a290 unknown :-1 s=HELLO_CONNECTING pgs=0 cs=0 l=0 rev1=1 crypto rx=0 tx=0 comp rx=0 tx=0).handle_hello peer v2:172.21.15.46:3300/0 says I am v2:172.21.15.46:45616/0 (socket says 172.21.15.46:45616)
2024-06-07T02:44:38.061 INFO:teuthology.orchestra.run.smithi046.stdout:/usr/bin/ceph: stderr
2024-06-07T02:44:37.323+0000 7fe322ffd640 1 -- 172.21.15.46:0/3201802379 learned_addr learned my addr 172.21.15.46:0/3201802379 (peer_addr_for_me v2:172.21.15.46:0/0)
2024-06-07T02:44:38.061 INFO:teuthology.orchestra.run.smithi046.stdout:/usr/bin/ceph: stderr
2024-06-07T02:44:37.323+0000 7fe322ffd640 1 -- 172.21.15.46:0/3201802379 --> [v2:172.21.15.46:3300/0,v1:172.21.15.46:6789/0] -- mon_subscribe({config=0+,monmap=0+}) v3 -- 0x7fe32407a9a0 con 0x7fe32407be30
2024-06-07T02:44:38.062 INFO:teuthology.orchestra.run.smithi046.stdout:/usr/bin/ceph: stderr
2024-06-07T02:44:37.324+0000 7fe322ffd640 1 --2- 172.21.15.46:0/3201802379 >> [v2:172.21.15.46:3300/0,v1:172.21.15.46:6789/0] conn(0x7fe32407be30 0x7fe32407a290 secure :-1 s=READY pgs=57 cs=0 l=1 rev1=1 crypto rx=0x7fe314009820 tx=0x7fe31402a270 comp rx=0 tx=0).ready entity=mon.0 client_cookie=e88a57b282e171c3 server_cookie=0 in_seq=0 out_seq=0
2024-06-07T02:44:38.062 INFO:teuthology.orchestra.run.smithi046.stdout:/usr/bin/ceph: stderr
2024-06-07T02:44:37.325+0000 7fe3227fc640 1 -- 172.21.15.46:0/3201802379 <== mon.0 v2:172.21.15.46:3300/0 1 ==== mon_map magic: 0 v1 ==== 229+0+0 (secure 0 0 0) 0x7fe31402ad40 con 0x7fe32407be30
2024-06-07T02:44:38.062 INFO:teuthology.orchestra.run.smithi046.stdout:/usr/bin/ceph: stderr
2024-06-07T02:44:37.325+0000 7fe3227fc640 1 -- 172.21.15.46:0/3201802379 <== mon.0 v2:172.21.15.46:3300/0 2 ==== config(27 keys) v1 ==== 1109+0+0 (secure 0 0 0) 0x7fe314032900 con 0x7fe32407be30
2024-06-07T02:44:38.062 INFO:teuthology.orchestra.run.smithi046.stdout:/usr/bin/ceph: stderr
2024-06-07T02:44:37.325+0000 7fe3227fc640 1 -- 172.21.15.46:0/3201802379 <== mon.0 v2:172.21.15.46:3300/0 3 ==== mon_map magic: 0 v1 ==== 229+0+0 (secure 0 0 0) 0x7fe314030860 con 0x7fe32407be30
2024-06-07T02:44:38.062 INFO:teuthology.orchestra.run.smithi046.stdout:/usr/bin/ceph: stderr
2024-06-07T02:44:37.325+0000 7fe329631640 1 -- 172.21.15.46:0/3201802379 >> [v2:172.21.15.46:3300/0,v1:172.21.15.46:6789/0] conn(0x7fe32407be30 msgr2=0x7fe32407a290 secure :-1 s=STATE_CONNECTION_ESTABLISHED l=1).mark_down
2024-06-07T02:44:38.062 INFO:teuthology.orchestra.run.smithi046.stdout:/usr/bin/ceph: stderr
2024-06-07T02:44:37.325+0000 7fe329631640 1 --2- 172.21.15.46:0/3201802379 >> [v2:172.21.15.46:3300/0,v1:172.21.15.46:6789/0] conn(0x7fe32407be30 0x7fe32407a290 secure :-1 s=READY pgs=57 cs=0 l=1 rev1=1 crypto rx=0x7fe314009820 tx=0x7fe31402a270 comp rx=0 tx=0).stop
2024-06-07T02:44:38.062 INFO:teuthology.orchestra.run.smithi046.stdout:/usr/bin/ceph: stderr
2024-06-07T02:44:37.325+0000 7fe329631640 1 -- 172.21.15.46:0/3201802379 shutdown_connections
2024-06-07T02:44:38.063 INFO:teuthology.orchestra.run.smithi046.stdout:/usr/bin/ceph: stderr
2024-06-07T02:44:37.325+0000 7fe329631640 1 --2- 172.21.15.46:0/3201802379 >> [v2:172.21.15.46:3300/0,v1:172.21.15.46:6789/0] conn(0x7fe32407be30 0x7fe32407a290 unknown :-1 s=CLOSED pgs=57 cs=0 l=1 rev1=1 crypto rx=0 tx=0 comp rx=0 tx=0).stop
2024-06-07T02:44:38.063 INFO:teuthology.orchestra.run.smithi046.stdout:/usr/bin/ceph: stderr
2024-06-07T02:44:37.325+0000 7fe329631640 1 -- 172.21.15.46:0/3201802379 >> 172.21.15.46:0/3201802379 conn(0x7fe3241011c0 msgr2=0x7fe324103620 unknown :-1 s=STATE_NONE l=0).mark_down
2024-06-07T02:44:38.063 INFO:teuthology.orchestra.run.smithi046.stdout:/usr/bin/ceph: stderr
2024-06-07T02:44:37.325+0000 7fe329631640 1 -- 172.21.15.46:0/3201802379 shutdown_connections
2024-06-07T02:44:38.063 INFO:teuthology.orchestra.run.smithi046.stdout:/usr/bin/ceph: stderr
2024-06-07T02:44:37.325+0000 7fe329631640 1 -- 172.21.15.46:0/3201802379 wait complete.
2024-06-07T02:44:38.063 INFO:teuthology.orchestra.run.smithi046.stdout:/usr/bin/ceph: stderr
2024-06-07T02:44:37.326+0000 7fe329631640 1 Processor -- start
2024-06-07T02:44:38.063 INFO:teuthology.orchestra.run.smithi046.stdout:/usr/bin/ceph: stderr
2024-06-07T02:44:37.326+0000 7fe329631640 1 -- start start
2024-06-07T02:44:38.063 INFO:teuthology.orchestra.run.smithi046.stdout:/usr/bin/ceph: stderr
2024-06-07T02:44:37.326+0000 7fe329631640 1 --2- >> [v2:172.21.15.46:3300/0,v1:172.21.15.46:6789/0] conn(0x7fe32407be30 0x7fe32419ba60 unknown :-1 s=NONE pgs=0 cs=0 l=1 rev1=0 crypto rx=0 tx=0 comp rx=0 tx=0).connect
2024-06-07T02:44:38.063 INFO:teuthology.orchestra.run.smithi046.stdout:/usr/bin/ceph: stderr
2024-06-07T02:44:37.326+0000 7fe329631640 1 -- --> [v2:172.21.15.46:3300/0,v1:172.21.15.46:6789/0] -- mon_getmap magic: 0 v1 -- 0x7fe32419bfa0 con 0x7fe32407be30
2024-06-07T02:44:38.064 INFO:teuthology.orchestra.run.smithi046.stdout:/usr/bin/ceph: stderr
2024-06-07T02:44:37.326+0000 7fe322ffd640 1 --2- >> [v2:172.21.15.46:3300/0,v1:172.21.15.46:6789/0] conn(0x7fe32407be30 0x7fe32419ba60 unknown :-1 s=BANNER_CONNECTING pgs=0 cs=0 l=1 rev1=0 crypto rx=0 tx=0 comp rx=0 tx=0)._handle_peer_banner_payload supported=3 required=0
2024-06-07T02:44:38.064 INFO:teuthology.orchestra.run.smithi046.stdout:/usr/bin/ceph: stderr
2024-06-07T02:44:37.326+0000 7fe322ffd640 1 --2- >> [v2:172.21.15.46:3300/0,v1:172.21.15.46:6789/0] conn(0x7fe32407be30 0x7fe32419ba60 unknown :-1 s=HELLO_CONNECTING pgs=0 cs=0 l=1 rev1=1 crypto rx=0 tx=0 comp rx=0 tx=0).handle_hello peer v2:172.21.15.46:3300/0 says I am v2:172.21.15.46:45624/0 (socket says 172.21.15.46:45624)
2024-06-07T02:44:38.064 INFO:teuthology.orchestra.run.smithi046.stdout:/usr/bin/ceph: stderr
2024-06-07T02:44:37.326+0000 7fe322ffd640 1 -- 172.21.15.46:0/2361015970 learned_addr learned my addr 172.21.15.46:0/2361015970 (peer_addr_for_me v2:172.21.15.46:0/0)
2024-06-07T02:44:38.064 INFO:teuthology.orchestra.run.smithi046.stdout:/usr/bin/ceph: stderr
2024-06-07T02:44:37.327+0000 7fe322ffd640 1 -- 172.21.15.46:0/2361015970 --> [v2:172.21.15.46:3300/0,v1:172.21.15.46:6789/0] -- mon_subscribe({config=0+,monmap=0+}) v3 -- 0x7fe3140094d0 con 0x7fe32407be30
2024-06-07T02:44:38.064 INFO:teuthology.orchestra.run.smithi046.stdout:/usr/bin/ceph: stderr
2024-06-07T02:44:37.327+0000 7fe322ffd640 1 --2- 172.21.15.46:0/2361015970 >> [v2:172.21.15.46:3300/0,v1:172.21.15.46:6789/0] conn(0x7fe32407be30 0x7fe32419ba60 secure :-1 s=READY pgs=58 cs=0 l=1 rev1=1 crypto rx=0x7fe314009940 tx=0x7fe314032670 comp rx=0 tx=0).ready entity=mon.0 client_cookie=0 server_cookie=0 in_seq=0 out_seq=0
2024-06-07T02:44:38.064 INFO:teuthology.orchestra.run.smithi046.stdout:/usr/bin/ceph: stderr
2024-06-07T02:44:37.327+0000 7fe320ff9640 1 -- 172.21.15.46:0/2361015970 <== mon.0 v2:172.21.15.46:3300/0 1 ==== mon_map magic: 0 v1 ==== 229+0+0 (secure 0 0 0) 0x7fe314032c80 con 0x7fe32407be30
2024-06-07T02:44:38.064 INFO:teuthology.orchestra.run.smithi046.stdout:/usr/bin/ceph: stderr
2024-06-07T02:44:37.327+0000 7fe320ff9640 1 -- 172.21.15.46:0/2361015970 <== mon.0 v2:172.21.15.46:3300/0 2 ==== config(27 keys) v1 ==== 1109+0+0 (secure 0 0 0) 0x7fe314032de0 con 0x7fe32407be30
2024-06-07T02:44:38.064 INFO:teuthology.orchestra.run.smithi046.stdout:/usr/bin/ceph: stderr
2024-06-07T02:44:37.327+0000 7fe329631640 1 -- 172.21.15.46:0/2361015970 --> [v2:172.21.15.46:3300/0,v1:172.21.15.46:6789/0] -- mon_subscribe({mgrmap=0+}) v3 -- 0x7fe32419c1a0 con 0x7fe32407be30
2024-06-07T02:44:38.064 INFO:teuthology.orchestra.run.smithi046.stdout:/usr/bin/ceph: stderr
2024-06-07T02:44:37.327+0000 7fe320ff9640 1 -- 172.21.15.46:0/2361015970 <== mon.0 v2:172.21.15.46:3300/0 3 ==== mon_map magic: 0 v1 ==== 229+0+0 (secure 0 0 0) 0x7fe31403a730 con 0x7fe32407be30
2024-06-07T02:44:38.064 INFO:teuthology.orchestra.run.smithi046.stdout:/usr/bin/ceph: stderr
2024-06-07T02:44:37.327+0000 7fe329631640 1 -- 172.21.15.46:0/2361015970 --> [v2:172.21.15.46:3300/0,v1:172.21.15.46:6789/0] -- mon_subscribe({osdmap=0}) v3 -- 0x7fe32419c640 con 0x7fe32407be30
2024-06-07T02:44:38.064 INFO:teuthology.orchestra.run.smithi046.stdout:/usr/bin/ceph: stderr
2024-06-07T02:44:37.328+0000 7fe320ff9640 1 -- 172.21.15.46:0/2361015970 <== mon.0 v2:172.21.15.46:3300/0 4 ==== mgrmap(e 8) v1 ==== 44866+0+0 (secure 0 0 0) 0x7fe31403c400 con 0x7fe32407be30
2024-06-07T02:44:38.064 INFO:teuthology.orchestra.run.smithi046.stdout:/usr/bin/ceph: stderr
2024-06-07T02:44:37.328+0000 7fe329631640 1 -- 172.21.15.46:0/2361015970 --> [v2:172.21.15.46:3300/0,v1:172.21.15.46:6789/0] -- mon_command({"prefix": "get_command_descriptions"} v 0) v1 -- 0x7fe32410c060 con 0x7fe32407be30
2024-06-07T02:44:38.065 INFO:teuthology.orchestra.run.smithi046.stdout:/usr/bin/ceph: stderr
2024-06-07T02:44:37.328+0000 7fe320ff9640 1 --2- 172.21.15.46:0/2361015970 >> [v2:172.21.15.46:6800/3921333825,v1:172.21.15.46:6801/3921333825] conn(0x7fe310037860 0x7fe310039d20 unknown :-1 s=NONE pgs=0 cs=0 l=1 rev1=0 crypto rx=0 tx=0 comp rx=0 tx=0).connect
2024-06-07T02:44:38.065 INFO:teuthology.orchestra.run.smithi046.stdout:/usr/bin/ceph: stderr
2024-06-07T02:44:37.328+0000 7fe320ff9640 1 -- 172.21.15.46:0/2361015970 <== mon.0 v2:172.21.15.46:3300/0 5 ==== osd_map(2..2 src has 1..2) v4 ==== 940+0+0 (secure 0 0 0) 0x7fe31406a950 con 0x7fe32407be30
2024-06-07T02:44:38.065 INFO:teuthology.orchestra.run.smithi046.stdout:/usr/bin/ceph: stderr
2024-06-07T02:44:37.328+0000 7fe31bfff640 1 --2- 172.21.15.46:0/2361015970 >> [v2:172.21.15.46:6800/3921333825,v1:172.21.15.46:6801/3921333825] conn(0x7fe310037860 0x7fe310039d20 unknown :-1 s=BANNER_CONNECTING pgs=0 cs=0 l=1 rev1=0 crypto rx=0 tx=0 comp rx=0 tx=0)._handle_peer_banner_payload supported=3 required=0
2024-06-07T02:44:38.065 INFO:teuthology.orchestra.run.smithi046.stdout:/usr/bin/ceph: stderr
2024-06-07T02:44:37.329+0000 7fe31bfff640 1 --2- 172.21.15.46:0/2361015970 >> [v2:172.21.15.46:6800/3921333825,v1:172.21.15.46:6801/3921333825] conn(0x7fe310037860 0x7fe310039d20 secure :-1 s=READY pgs=19 cs=0 l=1 rev1=1 crypto rx=0x7fe30c0098c0 tx=0x7fe30c006db0 comp rx=0 tx=0).ready entity=mgr.14118 client_cookie=0 server_cookie=0 in_seq=0 out_seq=0
2024-06-07T02:44:38.065 INFO:teuthology.orchestra.run.smithi046.stdout:/usr/bin/ceph: stderr
2024-06-07T02:44:37.333+0000 7fe320ff9640 1 -- 172.21.15.46:0/2361015970 <== mon.0 v2:172.21.15.46:3300/0 6 ==== mon_command_ack([{"prefix": "get_command_descriptions"}]=0 v0) v1 ==== 72+0+182498 (secure 0 0 0) 0x7fe31403a9f0 con 0x7fe32407be30
2024-06-07T02:44:38.065 INFO:teuthology.orchestra.run.smithi046.stdout:/usr/bin/ceph: stderr
2024-06-07T02:44:37.526+0000 7fe329631640 1 -- 172.21.15.46:0/2361015970 --> [v2:172.21.15.46:6800/3921333825,v1:172.21.15.46:6801/3921333825] -- mgr_command(tid 0: {"prefix": "orch apply", "service_type": "node-exporter", "target": ["mon-mgr", ""]}) v1 -- 0x7fe324102270 con 0x7fe310037860
2024-06-07T02:44:38.065 INFO:teuthology.orchestra.run.smithi046.stdout:/usr/bin/ceph: stderr
2024-06-07T02:44:37.530+0000 7fe320ff9640 1 -- 172.21.15.46:0/2361015970 <== mgr.14118 v2:172.21.15.46:6800/3921333825 1 ==== mgr_command_reply(tid 0: 0 ) v1 ==== 8+0+34 (secure 0 0 0) 0x7fe324102270 con 0x7fe310037860
2024-06-07T02:44:38.065 INFO:teuthology.orchestra.run.smithi046.stdout:/usr/bin/ceph: stderr
2024-06-07T02:44:37.533+0000 7fe329631640 1 -- 172.21.15.46:0/2361015970 >> [v2:172.21.15.46:6800/3921333825,v1:172.21.15.46:6801/3921333825] conn(0x7fe310037860 msgr2=0x7fe310039d20 secure :-1 s=STATE_CONNECTION_ESTABLISHED l=1).mark_down
2024-06-07T02:44:38.065 INFO:teuthology.orchestra.run.smithi046.stdout:/usr/bin/ceph: stderr
2024-06-07T02:44:37.533+0000 7fe329631640 1 --2- 172.21.15.46:0/2361015970 >> [v2:172.21.15.46:6800/3921333825,v1:172.21.15.46:6801/3921333825] conn(0x7fe310037860 0x7fe310039d20 secure :-1 s=READY pgs=19 cs=0 l=1 rev1=1 crypto rx=0x7fe30c0098c0 tx=0x7fe30c006db0 comp rx=0 tx=0).stop
2024-06-07T02:44:38.065 INFO:teuthology.orchestra.run.smithi046.stdout:/usr/bin/ceph: stderr
2024-06-07T02:44:37.533+0000 7fe329631640 1 -- 172.21.15.46:0/2361015970 >> [v2:172.21.15.46:3300/0,v1:172.21.15.46:6789/0] conn(0x7fe32407be30 msgr2=0x7fe32419ba60 secure :-1 s=STATE_CONNECTION_ESTABLISHED l=1).mark_down
2024-06-07T02:44:38.065 INFO:teuthology.orchestra.run.smithi046.stdout:/usr/bin/ceph: stderr
2024-06-07T02:44:37.533+0000 7fe329631640 1 --2- 172.21.15.46:0/2361015970 >> [v2:172.21.15.46:3300/0,v1:172.21.15.46:6789/0] conn(0x7fe32407be30 0x7fe32419ba60 secure :-1 s=READY pgs=58 cs=0 l=1 rev1=1 crypto rx=0x7fe314009940 tx=0x7fe314032670 comp rx=0 tx=0).stop
2024-06-07T02:44:38.065 INFO:teuthology.orchestra.run.smithi046.stdout:/usr/bin/ceph: stderr
2024-06-07T02:44:37.533+0000 7fe329631640 1 -- 172.21.15.46:0/2361015970 shutdown_connections
2024-06-07T02:44:38.066 INFO:teuthology.orchestra.run.smithi046.stdout:/usr/bin/ceph: stderr
2024-06-07T02:44:37.533+0000 7fe329631640 1 --2- 172.21.15.46:0/2361015970 >> [v2:172.21.15.46:6800/3921333825,v1:172.21.15.46:6801/3921333825] conn(0x7fe310037860 0x7fe310039d20 unknown :-1 s=CLOSED pgs=19 cs=0 l=1 rev1=1 crypto rx=0 tx=0 comp rx=0 tx=0).stop
2024-06-07T02:44:38.066 INFO:teuthology.orchestra.run.smithi046.stdout:/usr/bin/ceph: stderr
2024-06-07T02:44:37.533+0000 7fe329631640 1 --2- 172.21.15.46:0/2361015970 >> [v2:172.21.15.46:3300/0,v1:172.21.15.46:6789/0] conn(0x7fe32407be30 0x7fe32419ba60 unknown :-1 s=CLOSED pgs=58 cs=0 l=1 rev1=1 crypto rx=0 tx=0 comp rx=0 tx=0).stop
2024-06-07T02:44:38.066 INFO:teuthology.orchestra.run.smithi046.stdout:/usr/bin/ceph: stderr
2024-06-07T02:44:37.533+0000 7fe329631640 1 -- 172.21.15.46:0/2361015970 >> 172.21.15.46:0/2361015970 conn(0x7fe3241011c0 msgr2=0x7fe324101b60 unknown :-1 s=STATE_NONE l=0).mark_down
2024-06-07T02:44:38.066 INFO:teuthology.orchestra.run.smithi046.stdout:/usr/bin/ceph: stderr
2024-06-07T02:44:37.533+0000 7fe329631640 1 -- 172.21.15.46:0/2361015970 shutdown_connections
2024-06-07T02:44:38.066 INFO:teuthology.orchestra.run.smithi046.stdout:/usr/bin/ceph: stderr
2024-06-07T02:44:37.533+0000 7fe329631640 1 -- 172.21.15.46:0/2361015970 wait complete.
2024-06-07T02:44:38.066 INFO:teuthology.orchestra.run.smithi046.stdout:Deploying alertmanager service with default placement...
2024-06-07T02:44:38.836 INFO:journalctl@ceph.mon.smithi046.smithi046.stdout:Jun 07 02:44:38 smithi046 ceph-mon[29479]: from='client.14152 -' entity='client.admin' cmd=[{"prefix": "orch apply", "service_type": "node-exporter", "target": ["mon-mgr", ""]}]: dispatch
2024-06-07T02:44:38.836 INFO:journalctl@ceph.mon.smithi046.smithi046.stdout:Jun 07 02:44:38 smithi046 ceph-mon[29479]: Saving service node-exporter spec with placement *
2024-06-07T02:44:38.836 INFO:journalctl@ceph.mon.smithi046.smithi046.stdout:Jun 07 02:44:38 smithi046 ceph-mon[29479]: from='mgr.14118 172.21.15.46:0/174314973' entity='mgr.smithi046.yybbol'
2024-06-07T02:44:39.190 INFO:teuthology.orchestra.run.smithi046.stdout:/usr/bin/ceph: stdout Scheduled alertmanager update...
2024-06-07T02:44:39.190 INFO:teuthology.orchestra.run.smithi046.stdout:/usr/bin/ceph: stderr
2024-06-07T02:44:38.444+0000 7f0728461640 1 Processor -- start
2024-06-07T02:44:39.190 INFO:teuthology.orchestra.run.smithi046.stdout:/usr/bin/ceph: stderr
2024-06-07T02:44:38.444+0000 7f0728461640 1 -- start start
2024-06-07T02:44:39.190 INFO:teuthology.orchestra.run.smithi046.stdout:/usr/bin/ceph: stderr
2024-06-07T02:44:38.444+0000 7f0728461640 1 --2- >> [v2:172.21.15.46:3300/0,v1:172.21.15.46:6789/0] conn(0x7f07201066f0 0x7f0720108ae0 unknown :-1 s=NONE pgs=0 cs=0 l=0 rev1=0 crypto rx=0 tx=0 comp rx=0 tx=0).connect
2024-06-07T02:44:39.190 INFO:teuthology.orchestra.run.smithi046.stdout:/usr/bin/ceph: stderr
2024-06-07T02:44:38.444+0000 7f0728461640 1 -- --> [v2:172.21.15.46:3300/0,v1:172.21.15.46:6789/0] -- mon_getmap magic: 0 v1 -- 0x7f0720079e40 con 0x7f07201066f0
2024-06-07T02:44:39.190 INFO:teuthology.orchestra.run.smithi046.stdout:/usr/bin/ceph: stderr
2024-06-07T02:44:38.445+0000 7f07261fd640 1 --2- >> [v2:172.21.15.46:3300/0,v1:172.21.15.46:6789/0] conn(0x7f07201066f0 0x7f0720108ae0 unknown :-1 s=BANNER_CONNECTING pgs=0 cs=0 l=0 rev1=0 crypto rx=0 tx=0 comp rx=0 tx=0)._handle_peer_banner_payload supported=3 required=0
2024-06-07T02:44:39.191 INFO:teuthology.orchestra.run.smithi046.stdout:/usr/bin/ceph: stderr
2024-06-07T02:44:38.445+0000 7f07261fd640 1 --2- >> [v2:172.21.15.46:3300/0,v1:172.21.15.46:6789/0] conn(0x7f07201066f0 0x7f0720108ae0 unknown :-1 s=HELLO_CONNECTING pgs=0 cs=0 l=0 rev1=1 crypto rx=0 tx=0 comp rx=0 tx=0).handle_hello peer v2:172.21.15.46:3300/0 says I am v2:172.21.15.46:45630/0 (socket says 172.21.15.46:45630)
2024-06-07T02:44:39.191 INFO:teuthology.orchestra.run.smithi046.stdout:/usr/bin/ceph: stderr
2024-06-07T02:44:38.445+0000 7f07261fd640 1 -- 172.21.15.46:0/2544606649 learned_addr learned my addr 172.21.15.46:0/2544606649 (peer_addr_for_me v2:172.21.15.46:0/0)
2024-06-07T02:44:39.191 INFO:teuthology.orchestra.run.smithi046.stdout:/usr/bin/ceph: stderr
