2024-06-09T22:08:53.004+0000 7f4d3fb5f200 -1 mgr[py] Module influx has missing NOTIFY_TYPES member
2024-06-09T22:08:53.951 INFO:teuthology.orchestra.run.smithi104.stdout:/usr/bin/ceph: stdout {
2024-06-09T22:08:53.951 INFO:teuthology.orchestra.run.smithi104.stdout:/usr/bin/ceph: stdout "epoch": 5,
2024-06-09T22:08:53.952 INFO:teuthology.orchestra.run.smithi104.stdout:/usr/bin/ceph: stdout "available": true,
2024-06-09T22:08:53.952 INFO:teuthology.orchestra.run.smithi104.stdout:/usr/bin/ceph: stdout "active_name": "x",
2024-06-09T22:08:53.952 INFO:teuthology.orchestra.run.smithi104.stdout:/usr/bin/ceph: stdout "num_standby": 0
2024-06-09T22:08:53.952 INFO:teuthology.orchestra.run.smithi104.stdout:/usr/bin/ceph: stdout }
2024-06-09T22:08:53.952 INFO:teuthology.orchestra.run.smithi104.stdout:/usr/bin/ceph: stderr
2024-06-09T22:08:53.103+0000 7f557410e700 1 Processor -- start
2024-06-09T22:08:53.952 INFO:teuthology.orchestra.run.smithi104.stdout:/usr/bin/ceph: stderr
2024-06-09T22:08:53.104+0000 7f557410e700 1 -- start start
2024-06-09T22:08:53.952 INFO:teuthology.orchestra.run.smithi104.stdout:/usr/bin/ceph: stderr
2024-06-09T22:08:53.104+0000 7f557410e700 1 --2- >> [v2:172.21.15.104:3300/0,v1:172.21.15.104:6789/0] conn(0x7f556c07e6c0 0x7f556c07cb70 unknown :-1 s=NONE pgs=0 cs=0 l=0 rev1=0 crypto rx=0 tx=0 comp rx=0 tx=0).connect
2024-06-09T22:08:53.952 INFO:teuthology.orchestra.run.smithi104.stdout:/usr/bin/ceph: stderr
2024-06-09T22:08:53.104+0000 7f557410e700 1 -- --> [v2:172.21.15.104:3300/0,v1:172.21.15.104:6789/0] -- mon_getmap magic: 0 -- 0x7f556c07d140 con 0x7f556c07e6c0
2024-06-09T22:08:53.952 INFO:teuthology.orchestra.run.smithi104.stdout:/usr/bin/ceph: stderr
2024-06-09T22:08:53.104+0000 7f5571eaa700 1 --2- >> [v2:172.21.15.104:3300/0,v1:172.21.15.104:6789/0] conn(0x7f556c07e6c0 0x7f556c07cb70 unknown :-1 s=BANNER_CONNECTING pgs=0 cs=0 l=0 rev1=0 crypto rx=0 tx=0 comp rx=0 tx=0)._handle_peer_banner_payload supported=3 required=0
2024-06-09T22:08:53.952 INFO:teuthology.orchestra.run.smithi104.stdout:/usr/bin/ceph: stderr
2024-06-09T22:08:53.104+0000 7f5571eaa700 1 --2- >> [v2:172.21.15.104:3300/0,v1:172.21.15.104:6789/0] conn(0x7f556c07e6c0 0x7f556c07cb70 unknown :-1 s=HELLO_CONNECTING pgs=0 cs=0 l=0 rev1=1 crypto rx=0 tx=0 comp rx=0 tx=0).handle_hello peer v2:172.21.15.104:3300/0 says I am v2:172.21.15.104:53412/0 (socket says 172.21.15.104:53412)
2024-06-09T22:08:53.952 INFO:teuthology.orchestra.run.smithi104.stdout:/usr/bin/ceph: stderr
2024-06-09T22:08:53.104+0000 7f5571eaa700 1 -- 172.21.15.104:0/1854087260 learned_addr learned my addr 172.21.15.104:0/1854087260 (peer_addr_for_me v2:172.21.15.104:0/0)
2024-06-09T22:08:53.952 INFO:teuthology.orchestra.run.smithi104.stdout:/usr/bin/ceph: stderr
2024-06-09T22:08:53.104+0000 7f5571eaa700 1 -- 172.21.15.104:0/1854087260 --> [v2:172.21.15.104:3300/0,v1:172.21.15.104:6789/0] -- mon_subscribe({config=0+,monmap=0+}) -- 0x7f556c07d2c0 con 0x7f556c07e6c0
2024-06-09T22:08:53.952 INFO:teuthology.orchestra.run.smithi104.stdout:/usr/bin/ceph: stderr
2024-06-09T22:08:53.104+0000 7f5571eaa700 1 --2- 172.21.15.104:0/1854087260 >> [v2:172.21.15.104:3300/0,v1:172.21.15.104:6789/0] conn(0x7f556c07e6c0 0x7f556c07cb70 secure :-1 s=READY pgs=26 cs=0 l=1 rev1=1 crypto rx=0x7f55680098a0 tx=0x7f5568009bb0 comp rx=0 tx=0).ready entity=mon.0 client_cookie=b0cfdf597b641eed server_cookie=0 in_seq=0 out_seq=0
2024-06-09T22:08:53.953 INFO:teuthology.orchestra.run.smithi104.stdout:/usr/bin/ceph: stderr
2024-06-09T22:08:53.105+0000 7f5570ea8700 1 -- 172.21.15.104:0/1854087260 <== mon.0 v2:172.21.15.104:3300/0 1 ==== mon_map magic: 0 ==== 205+0+0 (secure 0 0 0) 0x7f5568004160 con 0x7f556c07e6c0
2024-06-09T22:08:53.953 INFO:teuthology.orchestra.run.smithi104.stdout:/usr/bin/ceph: stderr
2024-06-09T22:08:53.105+0000 7f5570ea8700 1 -- 172.21.15.104:0/1854087260 <== mon.0 v2:172.21.15.104:3300/0 2 ==== config(27 keys) ==== 1109+0+0 (secure 0 0 0) 0x7f5568004300 con 0x7f556c07e6c0
2024-06-09T22:08:53.953 INFO:teuthology.orchestra.run.smithi104.stdout:/usr/bin/ceph: stderr
2024-06-09T22:08:53.105+0000 7f5570ea8700 1 -- 172.21.15.104:0/1854087260 <== mon.0 v2:172.21.15.104:3300/0 3 ==== mon_map magic: 0 ==== 205+0+0 (secure 0 0 0) 0x7f5568011b50 con 0x7f556c07e6c0
2024-06-09T22:08:53.953 INFO:teuthology.orchestra.run.smithi104.stdout:/usr/bin/ceph: stderr
2024-06-09T22:08:53.105+0000 7f557410e700 1 -- 172.21.15.104:0/1854087260 >> [v2:172.21.15.104:3300/0,v1:172.21.15.104:6789/0] conn(0x7f556c07e6c0 msgr2=0x7f556c07cb70 secure :-1 s=STATE_CONNECTION_ESTABLISHED l=1).mark_down
2024-06-09T22:08:53.953 INFO:teuthology.orchestra.run.smithi104.stdout:/usr/bin/ceph: stderr
2024-06-09T22:08:53.105+0000 7f557410e700 1 --2- 172.21.15.104:0/1854087260 >> [v2:172.21.15.104:3300/0,v1:172.21.15.104:6789/0] conn(0x7f556c07e6c0 0x7f556c07cb70 secure :-1 s=READY pgs=26 cs=0 l=1 rev1=1 crypto rx=0x7f55680098a0 tx=0x7f5568009bb0 comp rx=0 tx=0).stop
2024-06-09T22:08:53.953 INFO:teuthology.orchestra.run.smithi104.stdout:/usr/bin/ceph: stderr
2024-06-09T22:08:53.105+0000 7f557410e700 1 -- 172.21.15.104:0/1854087260 shutdown_connections
2024-06-09T22:08:53.953 INFO:teuthology.orchestra.run.smithi104.stdout:/usr/bin/ceph: stderr
2024-06-09T22:08:53.105+0000 7f557410e700 1 --2- 172.21.15.104:0/1854087260 >> [v2:172.21.15.104:3300/0,v1:172.21.15.104:6789/0] conn(0x7f556c07e6c0 0x7f556c07cb70 unknown :-1 s=CLOSED pgs=26 cs=0 l=1 rev1=1 crypto rx=0 tx=0 comp rx=0 tx=0).stop
2024-06-09T22:08:53.953 INFO:teuthology.orchestra.run.smithi104.stdout:/usr/bin/ceph: stderr
2024-06-09T22:08:53.105+0000 7f557410e700 1 -- 172.21.15.104:0/1854087260 >> 172.21.15.104:0/1854087260 conn(0x7f556c103580 msgr2=0x7f556c1059a0 unknown :-1 s=STATE_NONE l=0).mark_down
2024-06-09T22:08:53.953 INFO:teuthology.orchestra.run.smithi104.stdout:/usr/bin/ceph: stderr
2024-06-09T22:08:53.105+0000 7f557410e700 1 -- 172.21.15.104:0/1854087260 shutdown_connections
2024-06-09T22:08:53.953 INFO:teuthology.orchestra.run.smithi104.stdout:/usr/bin/ceph: stderr
2024-06-09T22:08:53.105+0000 7f557410e700 1 -- 172.21.15.104:0/1854087260 wait complete.
2024-06-09T22:08:53.953 INFO:teuthology.orchestra.run.smithi104.stdout:/usr/bin/ceph: stderr
2024-06-09T22:08:53.106+0000 7f557410e700 1 Processor -- start
2024-06-09T22:08:53.953 INFO:teuthology.orchestra.run.smithi104.stdout:/usr/bin/ceph: stderr
2024-06-09T22:08:53.106+0000 7f557410e700 1 -- start start
2024-06-09T22:08:53.953 INFO:teuthology.orchestra.run.smithi104.stdout:/usr/bin/ceph: stderr
2024-06-09T22:08:53.106+0000 7f557410e700 1 --2- >> [v2:172.21.15.104:3300/0,v1:172.21.15.104:6789/0] conn(0x7f556c07e6c0 0x7f556c19e140 unknown :-1 s=NONE pgs=0 cs=0 l=1 rev1=0 crypto rx=0 tx=0 comp rx=0 tx=0).connect
2024-06-09T22:08:53.954 INFO:teuthology.orchestra.run.smithi104.stdout:/usr/bin/ceph: stderr
2024-06-09T22:08:53.106+0000 7f557410e700 1 -- --> [v2:172.21.15.104:3300/0,v1:172.21.15.104:6789/0] -- mon_getmap magic: 0 -- 0x7f556c10e550 con 0x7f556c07e6c0
2024-06-09T22:08:53.954 INFO:teuthology.orchestra.run.smithi104.stdout:/usr/bin/ceph: stderr
2024-06-09T22:08:53.106+0000 7f5571eaa700 1 --2- >> [v2:172.21.15.104:3300/0,v1:172.21.15.104:6789/0] conn(0x7f556c07e6c0 0x7f556c19e140 unknown :-1 s=BANNER_CONNECTING pgs=0 cs=0 l=1 rev1=0 crypto rx=0 tx=0 comp rx=0 tx=0)._handle_peer_banner_payload supported=3 required=0
2024-06-09T22:08:53.954 INFO:teuthology.orchestra.run.smithi104.stdout:/usr/bin/ceph: stderr
2024-06-09T22:08:53.106+0000 7f5571eaa700 1 --2- >> [v2:172.21.15.104:3300/0,v1:172.21.15.104:6789/0] conn(0x7f556c07e6c0 0x7f556c19e140 unknown :-1 s=HELLO_CONNECTING pgs=0 cs=0 l=1 rev1=1 crypto rx=0 tx=0 comp rx=0 tx=0).handle_hello peer v2:172.21.15.104:3300/0 says I am v2:172.21.15.104:53422/0 (socket says 172.21.15.104:53422)
2024-06-09T22:08:53.954 INFO:teuthology.orchestra.run.smithi104.stdout:/usr/bin/ceph: stderr
2024-06-09T22:08:53.106+0000 7f5571eaa700 1 -- 172.21.15.104:0/4158332381 learned_addr learned my addr 172.21.15.104:0/4158332381 (peer_addr_for_me v2:172.21.15.104:0/0)
2024-06-09T22:08:53.954 INFO:teuthology.orchestra.run.smithi104.stdout:/usr/bin/ceph: stderr
2024-06-09T22:08:53.106+0000 7f5571eaa700 1 -- 172.21.15.104:0/4158332381 --> [v2:172.21.15.104:3300/0,v1:172.21.15.104:6789/0] -- mon_subscribe({config=0+,monmap=0+}) -- 0x7f556c19e680 con 0x7f556c07e6c0
2024-06-09T22:08:53.954 INFO:teuthology.orchestra.run.smithi104.stdout:/usr/bin/ceph: stderr
2024-06-09T22:08:53.107+0000 7f5571eaa700 1 --2- 172.21.15.104:0/4158332381 >> [v2:172.21.15.104:3300/0,v1:172.21.15.104:6789/0] conn(0x7f556c07e6c0 0x7f556c19e140 secure :-1 s=READY pgs=27 cs=0 l=1 rev1=1 crypto rx=0x7f5568011670 tx=0x7f5568011b60 comp rx=0 tx=0).ready entity=mon.0 client_cookie=0 server_cookie=0 in_seq=0 out_seq=0
2024-06-09T22:08:53.954 INFO:teuthology.orchestra.run.smithi104.stdout:/usr/bin/ceph: stderr
2024-06-09T22:08:53.107+0000 7f5562ffd700 1 -- 172.21.15.104:0/4158332381 <== mon.0 v2:172.21.15.104:3300/0 1 ==== mon_map magic: 0 ==== 205+0+0 (secure 0 0 0) 0x7f55680039c0 con 0x7f556c07e6c0
2024-06-09T22:08:53.954 INFO:teuthology.orchestra.run.smithi104.stdout:/usr/bin/ceph: stderr
2024-06-09T22:08:53.107+0000 7f5562ffd700 1 -- 172.21.15.104:0/4158332381 <== mon.0 v2:172.21.15.104:3300/0 2 ==== config(27 keys) ==== 1109+0+0 (secure 0 0 0) 0x7f5568011e50 con 0x7f556c07e6c0
2024-06-09T22:08:53.954 INFO:teuthology.orchestra.run.smithi104.stdout:/usr/bin/ceph: stderr
2024-06-09T22:08:53.107+0000 7f557410e700 1 -- 172.21.15.104:0/4158332381 --> [v2:172.21.15.104:3300/0,v1:172.21.15.104:6789/0] -- mon_subscribe({mgrmap=0+}) -- 0x7f556c19e910 con 0x7f556c07e6c0
2024-06-09T22:08:53.954 INFO:teuthology.orchestra.run.smithi104.stdout:/usr/bin/ceph: stderr
2024-06-09T22:08:53.107+0000 7f5562ffd700 1 -- 172.21.15.104:0/4158332381 <== mon.0 v2:172.21.15.104:3300/0 3 ==== mon_map magic: 0 ==== 205+0+0 (secure 0 0 0) 0x7f556801a5c0 con 0x7f556c07e6c0
2024-06-09T22:08:53.954 INFO:teuthology.orchestra.run.smithi104.stdout:/usr/bin/ceph: stderr
2024-06-09T22:08:53.107+0000 7f557410e700 1 -- 172.21.15.104:0/4158332381 --> [v2:172.21.15.104:3300/0,v1:172.21.15.104:6789/0] -- mon_subscribe({osdmap=0}) -- 0x7f556c1a1600 con 0x7f556c07e6c0
2024-06-09T22:08:53.954 INFO:teuthology.orchestra.run.smithi104.stdout:/usr/bin/ceph: stderr
2024-06-09T22:08:53.108+0000 7f5562ffd700 1 -- 172.21.15.104:0/4158332381 <== mon.0 v2:172.21.15.104:3300/0 4 ==== mgrmap(e 5) ==== 46287+0+0 (secure 0 0 0) 0x7f5568024430 con 0x7f556c07e6c0
2024-06-09T22:08:53.955 INFO:teuthology.orchestra.run.smithi104.stdout:/usr/bin/ceph: stderr
2024-06-09T22:08:53.108+0000 7f557410e700 1 -- 172.21.15.104:0/4158332381 --> [v2:172.21.15.104:3300/0,v1:172.21.15.104:6789/0] -- mon_command({"prefix": "get_command_descriptions"} v 0) -- 0x7f556c063af0 con 0x7f556c07e6c0
2024-06-09T22:08:53.955 INFO:teuthology.orchestra.run.smithi104.stdout:/usr/bin/ceph: stderr
2024-06-09T22:08:53.108+0000 7f5562ffd700 1 --2- 172.21.15.104:0/4158332381 >> [v2:172.21.15.104:6800/1879478526,v1:172.21.15.104:6801/1879478526] conn(0x7f5558039050 0x7f555803b510 unknown :-1 s=NONE pgs=0 cs=0 l=1 rev1=0 crypto rx=0 tx=0 comp rx=0 tx=0).connect
2024-06-09T22:08:53.955 INFO:teuthology.orchestra.run.smithi104.stdout:/usr/bin/ceph: stderr
2024-06-09T22:08:53.108+0000 7f5562ffd700 1 -- 172.21.15.104:0/4158332381 <== mon.0 v2:172.21.15.104:3300/0 5 ==== osd_map(1..1 src has 1..1) ==== 725+0+0 (secure 0 0 0) 0x7f556804d3f0 con 0x7f556c07e6c0
2024-06-09T22:08:53.955 INFO:teuthology.orchestra.run.smithi104.stdout:/usr/bin/ceph: stderr
2024-06-09T22:08:53.108+0000 7f55716a9700 1 -- 172.21.15.104:0/4158332381 >> [v2:172.21.15.104:6800/1879478526,v1:172.21.15.104:6801/1879478526] conn(0x7f5558039050 msgr2=0x7f555803b510 unknown :-1 s=STATE_CONNECTING_RE l=1).process reconnect failed to v2:172.21.15.104:6800/1879478526
2024-06-09T22:08:53.955 INFO:teuthology.orchestra.run.smithi104.stdout:/usr/bin/ceph: stderr
2024-06-09T22:08:53.108+0000 7f55716a9700 1 --2- 172.21.15.104:0/4158332381 >> [v2:172.21.15.104:6800/1879478526,v1:172.21.15.104:6801/1879478526] conn(0x7f5558039050 0x7f555803b510 unknown :-1 s=START_CONNECT pgs=0 cs=0 l=1 rev1=0 crypto rx=0 tx=0 comp rx=0 tx=0)._fault waiting 0.200000
2024-06-09T22:08:53.955 INFO:teuthology.orchestra.run.smithi104.stdout:/usr/bin/ceph: stderr
2024-06-09T22:08:53.113+0000 7f5562ffd700 1 -- 172.21.15.104:0/4158332381 <== mon.0 v2:172.21.15.104:3300/0 6 ==== mon_command_ack([{"prefix": "get_command_descriptions"}]=0 v0) ==== 72+0+186418 (secure 0 0 0) 0x7f556804ce10 con 0x7f556c07e6c0
2024-06-09T22:08:53.955 INFO:teuthology.orchestra.run.smithi104.stdout:/usr/bin/ceph: stderr
2024-06-09T22:08:53.309+0000 7f55716a9700 1 -- 172.21.15.104:0/4158332381 >> [v2:172.21.15.104:6800/1879478526,v1:172.21.15.104:6801/1879478526] conn(0x7f5558039050 msgr2=0x7f555803b510 unknown :-1 s=STATE_CONNECTING_RE l=1).process reconnect failed to v2:172.21.15.104:6800/1879478526
2024-06-09T22:08:53.955 INFO:teuthology.orchestra.run.smithi104.stdout:/usr/bin/ceph: stderr
2024-06-09T22:08:53.309+0000 7f55716a9700 1 --2- 172.21.15.104:0/4158332381 >> [v2:172.21.15.104:6800/1879478526,v1:172.21.15.104:6801/1879478526] conn(0x7f5558039050 0x7f555803b510 unknown :-1 s=START_CONNECT pgs=0 cs=0 l=1 rev1=0 crypto rx=0 tx=0 comp rx=0 tx=0)._fault waiting 0.400000
2024-06-09T22:08:53.955 INFO:teuthology.orchestra.run.smithi104.stdout:/usr/bin/ceph: stderr
2024-06-09T22:08:53.371+0000 7f557410e700 1 -- 172.21.15.104:0/4158332381 --> [v2:172.21.15.104:3300/0,v1:172.21.15.104:6789/0] -- mon_command({"prefix": "mgr stat"} v 0) -- 0x7f556c1a17d0 con 0x7f556c07e6c0
2024-06-09T22:08:53.955 INFO:teuthology.orchestra.run.smithi104.stdout:/usr/bin/ceph: stderr
2024-06-09T22:08:53.372+0000 7f5562ffd700 1 -- 172.21.15.104:0/4158332381 <== mon.0 v2:172.21.15.104:3300/0 7 ==== mon_command_ack([{"prefix": "mgr stat"}]=0 v5) ==== 56+0+88 (secure 0 0 0) 0x7f556c1a17d0 con 0x7f556c07e6c0
2024-06-09T22:08:53.955 INFO:teuthology.orchestra.run.smithi104.stdout:/usr/bin/ceph: stderr
2024-06-09T22:08:53.374+0000 7f557410e700 1 -- 172.21.15.104:0/4158332381 >> [v2:172.21.15.104:6800/1879478526,v1:172.21.15.104:6801/1879478526] conn(0x7f5558039050 msgr2=0x7f555803b510 unknown :-1 s=STATE_CONNECTING l=1).mark_down
2024-06-09T22:08:53.955 INFO:teuthology.orchestra.run.smithi104.stdout:/usr/bin/ceph: stderr
2024-06-09T22:08:53.374+0000 7f557410e700 1 --2- 172.21.15.104:0/4158332381 >> [v2:172.21.15.104:6800/1879478526,v1:172.21.15.104:6801/1879478526] conn(0x7f5558039050 0x7f555803b510 unknown :-1 s=START_CONNECT pgs=0 cs=0 l=1 rev1=0 crypto rx=0 tx=0 comp rx=0 tx=0).stop
2024-06-09T22:08:53.956 INFO:teuthology.orchestra.run.smithi104.stdout:/usr/bin/ceph: stderr
2024-06-09T22:08:53.374+0000 7f557410e700 1 -- 172.21.15.104:0/4158332381 >> [v2:172.21.15.104:3300/0,v1:172.21.15.104:6789/0] conn(0x7f556c07e6c0 msgr2=0x7f556c19e140 secure :-1 s=STATE_CONNECTION_ESTABLISHED l=1).mark_down
2024-06-09T22:08:53.956 INFO:teuthology.orchestra.run.smithi104.stdout:/usr/bin/ceph: stderr
2024-06-09T22:08:53.374+0000 7f557410e700 1 --2- 172.21.15.104:0/4158332381 >> [v2:172.21.15.104:3300/0,v1:172.21.15.104:6789/0] conn(0x7f556c07e6c0 0x7f556c19e140 secure :-1 s=READY pgs=27 cs=0 l=1 rev1=1 crypto rx=0x7f5568011670 tx=0x7f5568011b60 comp rx=0 tx=0).stop
2024-06-09T22:08:53.956 INFO:teuthology.orchestra.run.smithi104.stdout:/usr/bin/ceph: stderr
2024-06-09T22:08:53.374+0000 7f557410e700 1 -- 172.21.15.104:0/4158332381 shutdown_connections
2024-06-09T22:08:53.956 INFO:teuthology.orchestra.run.smithi104.stdout:/usr/bin/ceph: stderr
2024-06-09T22:08:53.374+0000 7f557410e700 1 --2- 172.21.15.104:0/4158332381 >> [v2:172.21.15.104:6800/1879478526,v1:172.21.15.104:6801/1879478526] conn(0x7f5558039050 0x7f555803b510 unknown :-1 s=CLOSED pgs=0 cs=0 l=1 rev1=0 crypto rx=0 tx=0 comp rx=0 tx=0).stop
2024-06-09T22:08:53.956 INFO:teuthology.orchestra.run.smithi104.stdout:/usr/bin/ceph: stderr
2024-06-09T22:08:53.374+0000 7f557410e700 1 --2- 172.21.15.104:0/4158332381 >> [v2:172.21.15.104:3300/0,v1:172.21.15.104:6789/0] conn(0x7f556c07e6c0 0x7f556c19e140 unknown :-1 s=CLOSED pgs=27 cs=0 l=1 rev1=1 crypto rx=0 tx=0 comp rx=0 tx=0).stop
2024-06-09T22:08:53.956 INFO:teuthology.orchestra.run.smithi104.stdout:/usr/bin/ceph: stderr
2024-06-09T22:08:53.374+0000 7f557410e700 1 -- 172.21.15.104:0/4158332381 >> 172.21.15.104:0/4158332381 conn(0x7f556c103580 msgr2=0x7f556c1040c0 unknown :-1 s=STATE_NONE l=0).mark_down
2024-06-09T22:08:53.956 INFO:teuthology.orchestra.run.smithi104.stdout:/usr/bin/ceph: stderr
2024-06-09T22:08:53.374+0000 7f557410e700 1 -- 172.21.15.104:0/4158332381 shutdown_connections
2024-06-09T22:08:53.956 INFO:teuthology.orchestra.run.smithi104.stdout:/usr/bin/ceph: stderr
2024-06-09T22:08:53.374+0000 7f557410e700 1 -- 172.21.15.104:0/4158332381 wait complete.
2024-06-09T22:08:53.956 INFO:teuthology.orchestra.run.smithi104.stdout:Waiting for the mgr to restart...
2024-06-09T22:08:53.956 INFO:teuthology.orchestra.run.smithi104.stdout:Waiting for mgr epoch 5...
2024-06-09T22:08:54.211 INFO:journalctl@ceph.mon.a.smithi104.stdout:Jun 09 22:08:54 smithi104 ceph-mon[32389]: from='client.? 172.21.15.104:0/4158332381' entity='client.admin' cmd=[{"prefix": "mgr stat"}]: dispatch
2024-06-09T22:08:54.493 INFO:journalctl@ceph.mgr.x.smithi104.stdout:Jun 09 22:08:54 smithi104 ceph-a948c0ca-26ac-11ef-bc9b-c7b262605968-mgr-x[32617]:
2024-06-09T22:08:54.224+0000 7f4d3fb5f200 -1 mgr[py] Module telegraf has missing NOTIFY_TYPES member
2024-06-09T22:08:54.493 INFO:journalctl@ceph.mgr.x.smithi104.stdout:Jun 09 22:08:54 smithi104 ceph-a948c0ca-26ac-11ef-bc9b-c7b262605968-mgr-x[32617]:
2024-06-09T22:08:54.398+0000 7f4d3fb5f200 -1 mgr[py] Module osd_support has missing NOTIFY_TYPES member
2024-06-09T22:08:54.841 INFO:journalctl@ceph.mgr.x.smithi104.stdout:Jun 09 22:08:54 smithi104 ceph-a948c0ca-26ac-11ef-bc9b-c7b262605968-mgr-x[32617]:
2024-06-09T22:08:54.568+0000 7f4d3fb5f200 -1 mgr[py] Module iostat has missing NOTIFY_TYPES member
2024-06-09T22:08:54.841 INFO:journalctl@ceph.mgr.x.smithi104.stdout:Jun 09 22:08:54 smithi104 ceph-a948c0ca-26ac-11ef-bc9b-c7b262605968-mgr-x[32617]:
2024-06-09T22:08:54.854+0000 7f4d3fb5f200 -1 mgr[py] Module alerts has missing NOTIFY_TYPES member
2024-06-09T22:08:55.134 INFO:journalctl@ceph.mgr.x.smithi104.stdout:Jun 09 22:08:54 smithi104 ceph-a948c0ca-26ac-11ef-bc9b-c7b262605968-mgr-x[32617]:
2024-06-09T22:08:54.946+0000 7f4d3fb5f200 -1 mgr[py] Module selftest has missing NOTIFY_TYPES member
2024-06-09T22:08:55.134 INFO:journalctl@ceph.mgr.x.smithi104.stdout:Jun 09 22:08:55 smithi104 ceph-a948c0ca-26ac-11ef-bc9b-c7b262605968-mgr-x[32617]:
2024-06-09T22:08:55.147+0000 7f4d3fb5f200 -1 mgr[py] Module pg_autoscaler has missing NOTIFY_TYPES member
2024-06-09T22:08:55.492 INFO:journalctl@ceph.mgr.x.smithi104.stdout:Jun 09 22:08:55 smithi104 ceph-a948c0ca-26ac-11ef-bc9b-c7b262605968-mgr-x[32617]:
2024-06-09T22:08:55.340+0000 7f4d3fb5f200 -1 mgr[py] Module test_orchestrator has missing NOTIFY_TYPES member
2024-06-09T22:08:56.242 INFO:journalctl@ceph.mgr.x.smithi104.stdout:Jun 09 22:08:55 smithi104 ceph-a948c0ca-26ac-11ef-bc9b-c7b262605968-mgr-x[32617]:
2024-06-09T22:08:55.934+0000 7f4d3fb5f200 -1 mgr[py] Module rook has missing NOTIFY_TYPES member
2024-06-09T22:08:56.637 INFO:journalctl@ceph.mgr.x.smithi104.stdout:Jun 09 22:08:56 smithi104 ceph-a948c0ca-26ac-11ef-bc9b-c7b262605968-mgr-x[32617]:
2024-06-09T22:08:56.354+0000 7f4d3fb5f200 -1 mgr[py] Module volumes has missing NOTIFY_TYPES member
2024-06-09T22:08:56.637 INFO:journalctl@ceph.mgr.x.smithi104.stdout:Jun 09 22:08:56 smithi104 ceph-a948c0ca-26ac-11ef-bc9b-c7b262605968-mgr-x[32617]:
2024-06-09T22:08:56.450+0000 7f4d3fb5f200 -1 mgr[py] Module crash has missing NOTIFY_TYPES member
2024-06-09T22:08:56.637 INFO:journalctl@ceph.mgr.x.smithi104.stdout:Jun 09 22:08:56 smithi104 ceph-a948c0ca-26ac-11ef-bc9b-c7b262605968-mgr-x[32617]:
2024-06-09T22:08:56.651+0000 7f4d3fb5f200 -1 mgr[py] Module rgw has missing NOTIFY_TYPES member
2024-06-09T22:08:57.492 INFO:journalctl@ceph.mgr.x.smithi104.stdout:Jun 09 22:08:57 smithi104 ceph-a948c0ca-26ac-11ef-bc9b-c7b262605968-mgr-x[32617]:
2024-06-09T22:08:57.184+0000 7f4d3fb5f200 -1 mgr[py] Module prometheus has missing NOTIFY_TYPES member
2024-06-09T22:08:57.493 INFO:journalctl@ceph.mgr.x.smithi104.stdout:Jun 09 22:08:57 smithi104 ceph-a948c0ca-26ac-11ef-bc9b-c7b262605968-mgr-x[32617]:
2024-06-09T22:08:57.275+0000 7f4d3fb5f200 -1 mgr[py] Module devicehealth has missing NOTIFY_TYPES member
2024-06-09T22:08:57.846 INFO:journalctl@ceph.mgr.x.smithi104.stdout:Jun 09 22:08:57 smithi104 ceph-a948c0ca-26ac-11ef-bc9b-c7b262605968-mgr-x[32617]:
2024-06-09T22:08:57.518+0000 7f4d3fb5f200 -1 mgr[py] Module telemetry has missing NOTIFY_TYPES member
2024-06-09T22:08:57.846 INFO:journalctl@ceph.mgr.x.smithi104.stdout:Jun 09 22:08:57 smithi104 ceph-a948c0ca-26ac-11ef-bc9b-c7b262605968-mgr-x[32617]:
2024-06-09T22:08:57.651+0000 7f4d3fb5f200 -1 mgr[py] Module diskprediction_local has missing NOTIFY_TYPES member
2024-06-09T22:08:57.846 INFO:journalctl@ceph.mgr.x.smithi104.stdout:Jun 09 22:08:57 smithi104 ceph-a948c0ca-26ac-11ef-bc9b-c7b262605968-mgr-x[32617]:
2024-06-09T22:08:57.745+0000 7f4d3fb5f200 -1 mgr[py] Module osd_perf_query has missing NOTIFY_TYPES member
2024-06-09T22:08:57.847 INFO:journalctl@ceph.mgr.x.smithi104.stdout:Jun 09 22:08:57 smithi104 ceph-a948c0ca-26ac-11ef-bc9b-c7b262605968-mgr-x[32617]:
2024-06-09T22:08:57.860+0000 7f4d3fb5f200 -1 mgr[py] Module rbd_support has missing NOTIFY_TYPES member
2024-06-09T22:08:58.492 INFO:journalctl@ceph.mgr.x.smithi104.stdout:Jun 09 22:08:58 smithi104 ceph-a948c0ca-26ac-11ef-bc9b-c7b262605968-mgr-x[32617]:
2024-06-09T22:08:58.154+0000 7f4d3fb5f200 -1 mgr[py] Module zabbix has missing NOTIFY_TYPES member
2024-06-09T22:08:58.992 INFO:journalctl@ceph.mgr.x.smithi104.stdout:Jun 09 22:08:58 smithi104 ceph-a948c0ca-26ac-11ef-bc9b-c7b262605968-mgr-x[32617]:
2024-06-09T22:08:58.751+0000 7f4d3fb5f200 -1 mgr[py] Module status has missing NOTIFY_TYPES member
2024-06-09T22:08:58.993 INFO:journalctl@ceph.mgr.x.smithi104.stdout:Jun 09 22:08:58 smithi104 ceph-a948c0ca-26ac-11ef-bc9b-c7b262605968-mgr-x[32617]:
2024-06-09T22:08:58.966+0000 7f4d3fb5f200 -1 mgr[py] Module nfs has missing NOTIFY_TYPES member
2024-06-09T22:08:59.493 INFO:journalctl@ceph.mon.a.smithi104.stdout:Jun 09 22:08:59 smithi104 ceph-mon[32389]: Active manager daemon x restarted
2024-06-09T22:08:59.493 INFO:journalctl@ceph.mon.a.smithi104.stdout:Jun 09 22:08:59 smithi104 ceph-mon[32389]: Activating manager daemon x
2024-06-09T22:08:59.493 INFO:journalctl@ceph.mon.a.smithi104.stdout:Jun 09 22:08:59 smithi104 ceph-mon[32389]: osdmap e2: 0 total, 0 up, 0 in
2024-06-09T22:08:59.493 INFO:journalctl@ceph.mon.a.smithi104.stdout:Jun 09 22:08:59 smithi104 ceph-mon[32389]: mgrmap e6: x(active, starting, since 0.00344692s)
2024-06-09T22:08:59.493 INFO:journalctl@ceph.mon.a.smithi104.stdout:Jun 09 22:08:59 smithi104 ceph-mon[32389]: from='mgr.14120 172.21.15.104:0/3713486194' entity='mgr.x' cmd=[{"prefix": "mon metadata", "id": "a"}]: dispatch
2024-06-09T22:08:59.493 INFO:journalctl@ceph.mon.a.smithi104.stdout:Jun 09 22:08:59 smithi104 ceph-mon[32389]: from='mgr.14120 172.21.15.104:0/3713486194' entity='mgr.x' cmd=[{"prefix": "mgr metadata", "who": "x", "id": "x"}]: dispatch
2024-06-09T22:08:59.493 INFO:journalctl@ceph.mon.a.smithi104.stdout:Jun 09 22:08:59 smithi104 ceph-mon[32389]: from='mgr.14120 172.21.15.104:0/3713486194' entity='mgr.x' cmd=[{"prefix": "mds metadata"}]: dispatch
2024-06-09T22:08:59.493 INFO:journalctl@ceph.mon.a.smithi104.stdout:Jun 09 22:08:59 smithi104 ceph-mon[32389]: from='mgr.14120 172.21.15.104:0/3713486194' entity='mgr.x' cmd=[{"prefix": "osd metadata"}]: dispatch
2024-06-09T22:08:59.493 INFO:journalctl@ceph.mon.a.smithi104.stdout:Jun 09 22:08:59 smithi104 ceph-mon[32389]: from='mgr.14120 172.21.15.104:0/3713486194' entity='mgr.x' cmd=[{"prefix": "mon metadata"}]: dispatch
2024-06-09T22:08:59.494 INFO:journalctl@ceph.mon.a.smithi104.stdout:Jun 09 22:08:59 smithi104 ceph-mon[32389]: Manager daemon x is now available
2024-06-09T22:08:59.494 INFO:journalctl@ceph.mon.a.smithi104.stdout:Jun 09 22:08:59 smithi104 ceph-mon[32389]: from='mgr.14120 172.21.15.104:0/3713486194' entity='mgr.x'
2024-06-09T22:08:59.494 INFO:journalctl@ceph.mon.a.smithi104.stdout:Jun 09 22:08:59 smithi104 ceph-mon[32389]: from='mgr.14120 172.21.15.104:0/3713486194' entity='mgr.x'
2024-06-09T22:08:59.494 INFO:journalctl@ceph.mon.a.smithi104.stdout:Jun 09 22:08:59 smithi104 ceph-mon[32389]: from='mgr.14120 172.21.15.104:0/3713486194' entity='mgr.x' cmd=[{"prefix": "config dump", "format": "json"}]: dispatch
2024-06-09T22:08:59.494 INFO:journalctl@ceph.mon.a.smithi104.stdout:Jun 09 22:08:59 smithi104 ceph-mon[32389]: from='mgr.14120 172.21.15.104:0/3713486194' entity='mgr.x' cmd=[{"prefix": "config dump", "format": "json"}]: dispatch
2024-06-09T22:08:59.494 INFO:journalctl@ceph.mon.a.smithi104.stdout:Jun 09 22:08:59 smithi104 ceph-mon[32389]: from='mgr.14120 172.21.15.104:0/3713486194' entity='mgr.x' cmd=[{"prefix":"config rm","who":"mgr","name":"mgr/rbd_support/x/mirror_snapshot_schedule"}]: dispatch
2024-06-09T22:08:59.494 INFO:journalctl@ceph.mon.a.smithi104.stdout:Jun 09 22:08:59 smithi104 ceph-mon[32389]: from='mgr.14120 172.21.15.104:0/3713486194' entity='mgr.x' cmd=[{"prefix":"config rm","who":"mgr","name":"mgr/rbd_support/x/trash_purge_schedule"}]: dispatch
2024-06-09T22:09:00.243 INFO:journalctl@ceph.mon.a.smithi104.stdout:Jun 09 22:09:00 smithi104 ceph-mon[32389]: Found migration_current of "None". Setting to last migration.
2024-06-09T22:09:00.243 INFO:journalctl@ceph.mon.a.smithi104.stdout:Jun 09 22:09:00 smithi104 ceph-mon[32389]: from='mgr.14120 172.21.15.104:0/3713486194' entity='mgr.x'
2024-06-09T22:09:00.243 INFO:journalctl@ceph.mon.a.smithi104.stdout:Jun 09 22:09:00 smithi104 ceph-mon[32389]: from='mgr.14120 172.21.15.104:0/3713486194' entity='mgr.x'
2024-06-09T22:09:00.243 INFO:journalctl@ceph.mon.a.smithi104.stdout:Jun 09 22:09:00 smithi104 ceph-mon[32389]: mgrmap e7: x(active, since 1.00529s)
2024-06-09T22:09:00.558 INFO:teuthology.orchestra.run.smithi104.stdout:/usr/bin/ceph: stdout {
2024-06-09T22:09:00.558 INFO:teuthology.orchestra.run.smithi104.stdout:/usr/bin/ceph: stdout "mgrmap_epoch": 7,
2024-06-09T22:09:00.558 INFO:teuthology.orchestra.run.smithi104.stdout:/usr/bin/ceph: stdout "initialized": true
2024-06-09T22:09:00.558 INFO:teuthology.orchestra.run.smithi104.stdout:/usr/bin/ceph: stdout }
2024-06-09T22:09:00.558 INFO:teuthology.orchestra.run.smithi104.stdout:/usr/bin/ceph: stderr
2024-06-09T22:08:54.402+0000 7fd08c1e8700 1 Processor -- start
2024-06-09T22:09:00.558 INFO:teuthology.orchestra.run.smithi104.stdout:/usr/bin/ceph: stderr
2024-06-09T22:08:54.402+0000 7fd08c1e8700 1 -- start start
2024-06-09T22:09:00.558 INFO:teuthology.orchestra.run.smithi104.stdout:/usr/bin/ceph: stderr
2024-06-09T22:08:54.403+0000 7fd08c1e8700 1 --2- >> [v2:172.21.15.104:3300/0,v1:172.21.15.104:6789/0] conn(0x7fd084106e40 0x7fd084107260 unknown :-1 s=NONE pgs=0 cs=0 l=0 rev1=0 crypto rx=0 tx=0 comp rx=0 tx=0).connect
2024-06-09T22:09:00.558 INFO:teuthology.orchestra.run.smithi104.stdout:/usr/bin/ceph: stderr
2024-06-09T22:08:54.403+0000 7fd08c1e8700 1 -- --> [v2:172.21.15.104:3300/0,v1:172.21.15.104:6789/0] -- mon_getmap magic: 0 -- 0x7fd0841077a0 con 0x7fd084106e40
2024-06-09T22:09:00.559 INFO:teuthology.orchestra.run.smithi104.stdout:/usr/bin/ceph: stderr
2024-06-09T22:08:54.403+0000 7fd089f84700 1 --2- >> [v2:172.21.15.104:3300/0,v1:172.21.15.104:6789/0] conn(0x7fd084106e40 0x7fd084107260 unknown :-1 s=BANNER_CONNECTING pgs=0 cs=0 l=0 rev1=0 crypto rx=0 tx=0 comp rx=0 tx=0)._handle_peer_banner_payload supported=3 required=0
2024-06-09T22:09:00.559 INFO:teuthology.orchestra.run.smithi104.stdout:/usr/bin/ceph: stderr
2024-06-09T22:08:54.403+0000 7fd089f84700 1 --2- >> [v2:172.21.15.104:3300/0,v1:172.21.15.104:6789/0] conn(0x7fd084106e40 0x7fd084107260 unknown :-1 s=HELLO_CONNECTING pgs=0 cs=0 l=0 rev1=1 crypto rx=0 tx=0 comp rx=0 tx=0).handle_hello peer v2:172.21.15.104:3300/0 says I am v2:172.21.15.104:53424/0 (socket says 172.21.15.104:53424)
2024-06-09T22:09:00.559 INFO:teuthology.orchestra.run.smithi104.stdout:/usr/bin/ceph: stderr
2024-06-09T22:08:54.403+0000 7fd089f84700 1 -- 172.21.15.104:0/153875204 learned_addr learned my addr 172.21.15.104:0/153875204 (peer_addr_for_me v2:172.21.15.104:0/0)
2024-06-09T22:09:00.559 INFO:teuthology.orchestra.run.smithi104.stdout:/usr/bin/ceph: stderr
2024-06-09T22:08:54.403+0000 7fd089f84700 1 -- 172.21.15.104:0/153875204 --> [v2:172.21.15.104:3300/0,v1:172.21.15.104:6789/0] -- mon_subscribe({config=0+,monmap=0+}) -- 0x7fd084107fa0 con 0x7fd084106e40
2024-06-09T22:09:00.559 INFO:teuthology.orchestra.run.smithi104.stdout:/usr/bin/ceph: stderr
2024-06-09T22:08:54.403+0000 7fd089f84700 1 --2- 172.21.15.104:0/153875204 >> [v2:172.21.15.104:3300/0,v1:172.21.15.104:6789/0] conn(0x7fd084106e40 0x7fd084107260 secure :-1 s=READY pgs=28 cs=0 l=1 rev1=1 crypto rx=0x7fd0800098a0 tx=0x7fd080009bb0 comp rx=0 tx=0).ready entity=mon.0 client_cookie=9945945fe90c6c83 server_cookie=0 in_seq=0 out_seq=0
2024-06-09T22:09:00.559 INFO:teuthology.orchestra.run.smithi104.stdout:/usr/bin/ceph: stderr
2024-06-09T22:08:54.403+0000 7fd088f82700 1 -- 172.21.15.104:0/153875204 <== mon.0 v2:172.21.15.104:3300/0 1 ==== mon_map magic: 0 ==== 205+0+0 (secure 0 0 0) 0x7fd080004160 con 0x7fd084106e40
2024-06-09T22:09:00.559 INFO:teuthology.orchestra.run.smithi104.stdout:/usr/bin/ceph: stderr
2024-06-09T22:08:54.403+0000 7fd088f82700 1 -- 172.21.15.104:0/153875204 <== mon.0 v2:172.21.15.104:3300/0 2 ==== config(27 keys) ==== 1109+0+0 (secure 0 0 0) 0x7fd080004300 con 0x7fd084106e40
2024-06-09T22:09:00.559 INFO:teuthology.orchestra.run.smithi104.stdout:/usr/bin/ceph: stderr
2024-06-09T22:08:54.403+0000 7fd088f82700 1 -- 172.21.15.104:0/153875204 <== mon.0 v2:172.21.15.104:3300/0 3 ==== mon_map magic: 0 ==== 205+0+0 (secure 0 0 0) 0x7fd080011b50 con 0x7fd084106e40
2024-06-09T22:09:00.559 INFO:teuthology.orchestra.run.smithi104.stdout:/usr/bin/ceph: stderr
2024-06-09T22:08:54.404+0000 7fd08c1e8700 1 -- 172.21.15.104:0/153875204 >> [v2:172.21.15.104:3300/0,v1:172.21.15.104:6789/0] conn(0x7fd084106e40 msgr2=0x7fd084107260 secure :-1 s=STATE_CONNECTION_ESTABLISHED l=1).mark_down
2024-06-09T22:09:00.559 INFO:teuthology.orchestra.run.smithi104.stdout:/usr/bin/ceph: stderr
2024-06-09T22:08:54.404+0000 7fd08c1e8700 1 --2- 172.21.15.104:0/153875204 >> [v2:172.21.15.104:3300/0,v1:172.21.15.104:6789/0] conn(0x7fd084106e40 0x7fd084107260 secure :-1 s=READY pgs=28 cs=0 l=1 rev1=1 crypto rx=0x7fd0800098a0 tx=0x7fd080009bb0 comp rx=0 tx=0).stop
2024-06-09T22:09:00.559 INFO:teuthology.orchestra.run.smithi104.stdout:/usr/bin/ceph: stderr
2024-06-09T22:08:54.404+0000 7fd08c1e8700 1 -- 172.21.15.104:0/153875204 shutdown_connections
2024-06-09T22:09:00.559 INFO:teuthology.orchestra.run.smithi104.stdout:/usr/bin/ceph: stderr
2024-06-09T22:08:54.404+0000 7fd08c1e8700 1 --2- 172.21.15.104:0/153875204 >> [v2:172.21.15.104:3300/0,v1:172.21.15.104:6789/0] conn(0x7fd084106e40 0x7fd084107260 unknown :-1 s=CLOSED pgs=28 cs=0 l=1 rev1=1 crypto rx=0 tx=0 comp rx=0 tx=0).stop
2024-06-09T22:09:00.559 INFO:teuthology.orchestra.run.smithi104.stdout:/usr/bin/ceph: stderr
2024-06-09T22:08:54.404+0000 7fd08c1e8700 1 -- 172.21.15.104:0/153875204 >> 172.21.15.104:0/153875204 conn(0x7fd084102400 msgr2=0x7fd084104820 unknown :-1 s=STATE_NONE l=0).mark_down
2024-06-09T22:09:00.560 INFO:teuthology.orchestra.run.smithi104.stdout:/usr/bin/ceph: stderr
2024-06-09T22:08:54.404+0000 7fd08c1e8700 1 -- 172.21.15.104:0/153875204 shutdown_connections
2024-06-09T22:09:00.560 INFO:teuthology.orchestra.run.smithi104.stdout:/usr/bin/ceph: stderr
2024-06-09T22:08:54.404+0000 7fd08c1e8700 1 -- 172.21.15.104:0/153875204 wait complete.
2024-06-09T22:09:00.560 INFO:teuthology.orchestra.run.smithi104.stdout:/usr/bin/ceph: stderr
2024-06-09T22:08:54.405+0000 7fd08c1e8700 1 Processor -- start
2024-06-09T22:09:00.560 INFO:teuthology.orchestra.run.smithi104.stdout:/usr/bin/ceph: stderr
2024-06-09T22:08:54.405+0000 7fd08c1e8700 1 -- start start
2024-06-09T22:09:00.560 INFO:teuthology.orchestra.run.smithi104.stdout:/usr/bin/ceph: stderr
2024-06-09T22:08:54.405+0000 7fd08c1e8700 1 --2- >> [v2:172.21.15.104:3300/0,v1:172.21.15.104:6789/0] conn(0x7fd084106e40 0x7fd08419bf40 unknown :-1 s=NONE pgs=0 cs=0 l=1 rev1=0 crypto rx=0 tx=0 comp rx=0 tx=0).connect
2024-06-09T22:09:00.560 INFO:teuthology.orchestra.run.smithi104.stdout:/usr/bin/ceph: stderr
2024-06-09T22:08:54.405+0000 7fd08c1e8700 1 -- --> [v2:172.21.15.104:3300/0,v1:172.21.15.104:6789/0] -- mon_getmap magic: 0 -- 0x7fd08410b3e0 con 0x7fd084106e40
2024-06-09T22:09:00.560 INFO:teuthology.orchestra.run.smithi104.stdout:/usr/bin/ceph: stderr
2024-06-09T22:08:54.405+0000 7fd089f84700 1 --2- >> [v2:172.21.15.104:3300/0,v1:172.21.15.104:6789/0] conn(0x7fd084106e40 0x7fd08419bf40 unknown :-1 s=BANNER_CONNECTING pgs=0 cs=0 l=1 rev1=0 crypto rx=0 tx=0 comp rx=0 tx=0)._handle_peer_banner_payload supported=3 required=0
2024-06-09T22:09:00.560 INFO:teuthology.orchestra.run.smithi104.stdout:/usr/bin/ceph: stderr
2024-06-09T22:08:54.405+0000 7fd089f84700 1 --2- >> [v2:172.21.15.104:3300/0,v1:172.21.15.104:6789/0] conn(0x7fd084106e40 0x7fd08419bf40 unknown :-1 s=HELLO_CONNECTING pgs=0 cs=0 l=1 rev1=1 crypto rx=0 tx=0 comp rx=0 tx=0).handle_hello peer v2:172.21.15.104:3300/0 says I am v2:172.21.15.104:53430/0 (socket says 172.21.15.104:53430)
2024-06-09T22:09:00.560 INFO:teuthology.orchestra.run.smithi104.stdout:/usr/bin/ceph: stderr
2024-06-09T22:08:54.405+0000 7fd089f84700 1 -- 172.21.15.104:0/731521286 learned_addr learned my addr 172.21.15.104:0/731521286 (peer_addr_for_me v2:172.21.15.104:0/0)
2024-06-09T22:09:00.560 INFO:teuthology.orchestra.run.smithi104.stdout:/usr/bin/ceph: stderr
2024-06-09T22:08:54.405+0000 7fd089f84700 1 -- 172.21.15.104:0/731521286 --> [v2:172.21.15.104:3300/0,v1:172.21.15.104:6789/0] -- mon_subscribe({config=0+,monmap=0+}) -- 0x7fd08419c480 con 0x7fd084106e40
2024-06-09T22:09:00.560 INFO:teuthology.orchestra.run.smithi104.stdout:/usr/bin/ceph: stderr
2024-06-09T22:08:54.405+0000 7fd089f84700 1 --2- 172.21.15.104:0/731521286 >> [v2:172.21.15.104:3300/0,v1:172.21.15.104:6789/0] conn(0x7fd084106e40 0x7fd08419bf40 secure :-1 s=READY pgs=29 cs=0 l=1 rev1=1 crypto rx=0x7fd080011b60 tx=0x7fd080011c40 comp rx=0 tx=0).ready entity=mon.0 client_cookie=0 server_cookie=0 in_seq=0 out_seq=0
2024-06-09T22:09:00.560 INFO:teuthology.orchestra.run.smithi104.stdout:/usr/bin/ceph: stderr
2024-06-09T22:08:54.405+0000 7fd07affd700 1 -- 172.21.15.104:0/731521286 <== mon.0 v2:172.21.15.104:3300/0 1 ==== mon_map magic: 0 ==== 205+0+0 (secure 0 0 0) 0x7fd080003970 con 0x7fd084106e40
2024-06-09T22:09:00.561 INFO:teuthology.orchestra.run.smithi104.stdout:/usr/bin/ceph: stderr
2024-06-09T22:08:54.406+0000 7fd07affd700 1 -- 172.21.15.104:0/731521286 <== mon.0 v2:172.21.15.104:3300/0 2 ==== config(27 keys) ==== 1109+0+0 (secure 0 0 0) 0x7fd080003b10 con 0x7fd084106e40
2024-06-09T22:09:00.561 INFO:teuthology.orchestra.run.smithi104.stdout:/usr/bin/ceph: stderr
2024-06-09T22:08:54.406+0000 7fd08c1e8700 1 -- 172.21.15.104:0/731521286 --> [v2:172.21.15.104:3300/0,v1:172.21.15.104:6789/0] -- mon_subscribe({mgrmap=0+}) -- 0x7fd08419c710 con 0x7fd084106e40
2024-06-09T22:09:00.561 INFO:teuthology.orchestra.run.smithi104.stdout:/usr/bin/ceph: stderr
2024-06-09T22:08:54.406+0000 7fd07affd700 1 -- 172.21.15.104:0/731521286 <== mon.0 v2:172.21.15.104:3300/0 3 ==== mon_map magic: 0 ==== 205+0+0 (secure 0 0 0) 0x7fd080024610 con 0x7fd084106e40
2024-06-09T22:09:00.561 INFO:teuthology.orchestra.run.smithi104.stdout:/usr/bin/ceph: stderr
2024-06-09T22:08:54.406+0000 7fd08c1e8700 1 -- 172.21.15.104:0/731521286 --> [v2:172.21.15.104:3300/0,v1:172.21.15.104:6789/0] -- mon_subscribe({osdmap=0}) -- 0x7fd08419f400 con 0x7fd084106e40
2024-06-09T22:09:00.561 INFO:teuthology.orchestra.run.smithi104.stdout:/usr/bin/ceph: stderr
2024-06-09T22:08:54.406+0000 7fd07affd700 1 -- 172.21.15.104:0/731521286 <== mon.0 v2:172.21.15.104:3300/0 4 ==== mgrmap(e 5) ==== 46287+0+0 (secure 0 0 0) 0x7fd080024910 con 0x7fd084106e40
2024-06-09T22:09:00.561 INFO:teuthology.orchestra.run.smithi104.stdout:/usr/bin/ceph: stderr
2024-06-09T22:08:54.407+0000 7fd07affd700 1 --2- 172.21.15.104:0/731521286 >> [v2:172.21.15.104:6800/1879478526,v1:172.21.15.104:6801/1879478526] conn(0x7fd070039050 0x7fd07003b510 unknown :-1 s=NONE pgs=0 cs=0 l=1 rev1=0 crypto rx=0 tx=0 comp rx=0 tx=0).connect
2024-06-09T22:09:00.561 INFO:teuthology.orchestra.run.smithi104.stdout:/usr/bin/ceph: stderr
2024-06-09T22:08:54.407+0000 7fd07affd700 1 -- 172.21.15.104:0/731521286 --> [v2:172.21.15.104:6800/1879478526,v1:172.21.15.104:6801/1879478526] -- command(tid 0: {"prefix": "get_command_descriptions"}) -- 0x7fd07003bc20 con 0x7fd070039050
2024-06-09T22:09:00.561 INFO:teuthology.orchestra.run.smithi104.stdout:/usr/bin/ceph: stderr
2024-06-09T22:08:54.407+0000 7fd089783700 1 -- 172.21.15.104:0/731521286 >> [v2:172.21.15.104:6800/1879478526,v1:172.21.15.104:6801/1879478526] conn(0x7fd070039050 msgr2=0x7fd07003b510 unknown :-1 s=STATE_CONNECTING_RE l=1).process reconnect failed to v2:172.21.15.104:6800/1879478526
2024-06-09T22:09:00.561 INFO:teuthology.orchestra.run.smithi104.stdout:/usr/bin/ceph: stderr
2024-06-09T22:08:54.407+0000 7fd07affd700 1 -- 172.21.15.104:0/731521286 <== mon.0 v2:172.21.15.104:3300/0 5 ==== osd_map(1..1 src has 1..1) ==== 725+0+0 (secure 0 0 0) 0x7fd080011e00 con 0x7fd084106e40
2024-06-09T22:09:00.561 INFO:teuthology.orchestra.run.smithi104.stdout:/usr/bin/ceph: stderr
2024-06-09T22:08:54.407+0000 7fd089783700 1 --2- 172.21.15.104:0/731521286 >> [v2:172.21.15.104:6800/1879478526,v1:172.21.15.104:6801/1879478526] conn(0x7fd070039050 0x7fd07003b510 unknown :-1 s=START_CONNECT pgs=0 cs=0 l=1 rev1=0 crypto rx=0 tx=0 comp rx=0 tx=0)._fault waiting 0.200000
2024-06-09T22:09:00.561 INFO:teuthology.orchestra.run.smithi104.stdout:/usr/bin/ceph: stderr
2024-06-09T22:08:54.608+0000 7fd089783700 1 -- 172.21.15.104:0/731521286 >> [v2:172.21.15.104:6800/1879478526,v1:172.21.15.104:6801/1879478526] conn(0x7fd070039050 msgr2=0x7fd07003b510 unknown :-1 s=STATE_CONNECTING_RE l=1).process reconnect failed to v2:172.21.15.104:6800/1879478526
2024-06-09T22:09:00.562 INFO:teuthology.orchestra.run.smithi104.stdout:/usr/bin/ceph: stderr
2024-06-09T22:08:54.608+0000 7fd089783700 1 --2- 172.21.15.104:0/731521286 >> [v2:172.21.15.104:6800/1879478526,v1:172.21.15.104:6801/1879478526] conn(0x7fd070039050 0x7fd07003b510 unknown :-1 s=START_CONNECT pgs=0 cs=0 l=1 rev1=0 crypto rx=0 tx=0 comp rx=0 tx=0)._fault waiting 0.400000
2024-06-09T22:09:00.562 INFO:teuthology.orchestra.run.smithi104.stdout:/usr/bin/ceph: stderr
2024-06-09T22:08:55.009+0000 7fd089783700 1 -- 172.21.15.104:0/731521286 >> [v2:172.21.15.104:6800/1879478526,v1:172.21.15.104:6801/1879478526] conn(0x7fd070039050 msgr2=0x7fd07003b510 unknown :-1 s=STATE_CONNECTING_RE l=1).process reconnect failed to v2:172.21.15.104:6800/1879478526
2024-06-09T22:09:00.562 INFO:teuthology.orchestra.run.smithi104.stdout:/usr/bin/ceph: stderr
2024-06-09T22:08:55.009+0000 7fd089783700 1 --2- 172.21.15.104:0/731521286 >> [v2:172.21.15.104:6800/1879478526,v1:172.21.15.104:6801/1879478526] conn(0x7fd070039050 0x7fd07003b510 unknown :-1 s=START_CONNECT pgs=0 cs=0 l=1 rev1=0 crypto rx=0 tx=0 comp rx=0 tx=0)._fault waiting 0.800000
2024-06-09T22:09:00.562 INFO:teuthology.orchestra.run.smithi104.stdout:/usr/bin/ceph: stderr
2024-06-09T22:08:55.810+0000 7fd089783700 1 -- 172.21.15.104:0/731521286 >> [v2:172.21.15.104:6800/1879478526,v1:172.21.15.104:6801/1879478526] conn(0x7fd070039050 msgr2=0x7fd07003b510 unknown :-1 s=STATE_CONNECTING_RE l=1).process reconnect failed to v2:172.21.15.104:6800/1879478526
2024-06-09T22:09:00.562 INFO:teuthology.orchestra.run.smithi104.stdout:/usr/bin/ceph: stderr
2024-06-09T22:08:55.810+0000 7fd089783700 1 --2- 172.21.15.104:0/731521286 >> [v2:172.21.15.104:6800/1879478526,v1:172.21.15.104:6801/1879478526] conn(0x7fd070039050 0x7fd07003b510 unknown :-1 s=START_CONNECT pgs=0 cs=0 l=1 rev1=0 crypto rx=0 tx=0 comp rx=0 tx=0)._fault waiting 1.600000
2024-06-09T22:09:00.562 INFO:teuthology.orchestra.run.smithi104.stdout:/usr/bin/ceph: stderr
2024-06-09T22:08:57.411+0000 7fd089783700 1 -- 172.21.15.104:0/731521286 >> [v2:172.21.15.104:6800/1879478526,v1:172.21.15.104:6801/1879478526] conn(0x7fd070039050 msgr2=0x7fd07003b510 unknown :-1 s=STATE_CONNECTING_RE l=1).process reconnect failed to v2:172.21.15.104:6800/1879478526
2024-06-09T22:09:00.562 INFO:teuthology.orchestra.run.smithi104.stdout:/usr/bin/ceph: stderr
2024-06-09T22:08:57.411+0000 7fd089783700 1 --2- 172.21.15.104:0/731521286 >> [v2:172.21.15.104:6800/1879478526,v1:172.21.15.104:6801/1879478526] conn(0x7fd070039050 0x7fd07003b510 unknown :-1 s=START_CONNECT pgs=0 cs=0 l=1 rev1=0 crypto rx=0 tx=0 comp rx=0 tx=0)._fault waiting 3.200000
2024-06-09T22:09:00.562 INFO:teuthology.orchestra.run.smithi104.stdout:/usr/bin/ceph: stderr
2024-06-09T22:08:58.970+0000 7fd07affd700 1 -- 172.21.15.104:0/731521286 <== mon.0 v2:172.21.15.104:3300/0 6 ==== mgrmap(e 6) ==== 46054+0+0 (secure 0 0 0) 0x7fd080024c00 con 0x7fd084106e40
2024-06-09T22:09:00.562 INFO:teuthology.orchestra.run.smithi104.stdout:/usr/bin/ceph: stderr
2024-06-09T22:08:58.970+0000 7fd07affd700 1 -- 172.21.15.104:0/731521286 >> [v2:172.21.15.104:6800/1879478526,v1:172.21.15.104:6801/1879478526] conn(0x7fd070039050 msgr2=0x7fd07003b510 unknown :-1 s=STATE_CONNECTING l=1).mark_down
2024-06-09T22:09:00.562 INFO:teuthology.orchestra.run.smithi104.stdout:/usr/bin/ceph: stderr
2024-06-09T22:08:58.970+0000 7fd07affd700 1 --2- 172.21.15.104:0/731521286 >> [v2:172.21.15.104:6800/1879478526,v1:172.21.15.104:6801/1879478526] conn(0x7fd070039050 0x7fd07003b510 unknown :-1 s=START_CONNECT pgs=0 cs=0 l=1 rev1=0 crypto rx=0 tx=0 comp rx=0 tx=0).stop
2024-06-09T22:09:00.562 INFO:teuthology.orchestra.run.smithi104.stdout:/usr/bin/ceph: stderr
2024-06-09T22:08:59.971+0000 7fd07affd700 1 -- 172.21.15.104:0/731521286 <== mon.0 v2:172.21.15.104:3300/0 7 ==== mgrmap(e 7) ==== 46181+0+0 (secure 0 0 0) 0x7fd08004eeb0 con 0x7fd084106e40
2024-06-09T22:09:00.563 INFO:teuthology.orchestra.run.smithi104.stdout:/usr/bin/ceph: stderr
2024-06-09T22:08:59.971+0000 7fd07affd700 1 --2- 172.21.15.104:0/731521286 >> [v2:172.21.15.104:6800/85752866,v1:172.21.15.104:6801/85752866] conn(0x7fd07003c980 0x7fd07003ed70 unknown :-1 s=NONE pgs=0 cs=0 l=1 rev1=0 crypto rx=0 tx=0 comp rx=0 tx=0).connect
2024-06-09T22:09:00.563 INFO:teuthology.orchestra.run.smithi104.stdout:/usr/bin/ceph: stderr
2024-06-09T22:08:59.971+0000 7fd07affd700 1 -- 172.21.15.104:0/731521286 --> [v2:172.21.15.104:6800/85752866,v1:172.21.15.104:6801/85752866] -- command(tid 0: {"prefix": "get_command_descriptions"}) -- 0x7fd08000af30 con 0x7fd07003c980
2024-06-09T22:09:00.563 INFO:teuthology.orchestra.run.smithi104.stdout:/usr/bin/ceph: stderr
2024-06-09T22:08:59.972+0000 7fd089783700 1 --2- 172.21.15.104:0/731521286 >> [v2:172.21.15.104:6800/85752866,v1:172.21.15.104:6801/85752866] conn(0x7fd07003c980 0x7fd07003ed70 unknown :-1 s=BANNER_CONNECTING pgs=0 cs=0 l=1 rev1=0 crypto rx=0 tx=0 comp rx=0 tx=0)._handle_peer_banner_payload supported=3 required=0
2024-06-09T22:09:00.563 INFO:teuthology.orchestra.run.smithi104.stdout:/usr/bin/ceph: stderr
2024-06-09T22:08:59.972+0000 7fd089783700 1 --2- 172.21.15.104:0/731521286 >> [v2:172.21.15.104:6800/85752866,v1:172.21.15.104:6801/85752866] conn(0x7fd07003c980 0x7fd07003ed70 secure :-1 s=READY pgs=2 cs=0 l=1 rev1=1 crypto rx=0x7fd074003a10 tx=0x7fd074009290 comp rx=0 tx=0).ready entity=mgr.14120 client_cookie=0 server_cookie=0 in_seq=0 out_seq=0
2024-06-09T22:09:00.563 INFO:teuthology.orchestra.run.smithi104.stdout:/usr/bin/ceph: stderr
2024-06-09T22:08:59.973+0000 7fd07affd700 1 -- 172.21.15.104:0/731521286 <== mgr.14120 v2:172.21.15.104:6800/85752866 1 ==== command_reply(tid 0: 0 ) ==== 8+0+7774 (secure 0 0 0) 0x7fd08000af30 con 0x7fd07003c980
2024-06-09T22:09:00.563 INFO:teuthology.orchestra.run.smithi104.stdout:/usr/bin/ceph: stderr
2024-06-09T22:08:59.979+0000 7fd08c1e8700 1 -- 172.21.15.104:0/731521286 --> [v2:172.21.15.104:6800/85752866,v1:172.21.15.104:6801/85752866] -- command(tid 1: {"prefix": "mgr_status"}) -- 0x7fd0840695d0 con 0x7fd07003c980
2024-06-09T22:09:00.563 INFO:teuthology.orchestra.run.smithi104.stdout:/usr/bin/ceph: stderr
2024-06-09T22:08:59.979+0000 7fd07affd700 1 -- 172.21.15.104:0/731521286 <== mgr.14120 v2:172.21.15.104:6800/85752866 2 ==== command_reply(tid 1: 0 ) ==== 8+0+51 (secure 0 0 0) 0x7fd0840695d0 con 0x7fd07003c980
2024-06-09T22:09:00.563 INFO:teuthology.orchestra.run.smithi104.stdout:/usr/bin/ceph: stderr
2024-06-09T22:08:59.980+0000 7fd08c1e8700 1 -- 172.21.15.104:0/731521286 >> [v2:172.21.15.104:6800/85752866,v1:172.21.15.104:6801/85752866] conn(0x7fd07003c980 msgr2=0x7fd07003ed70 secure :-1 s=STATE_CONNECTION_ESTABLISHED l=1).mark_down
2024-06-09T22:09:00.563 INFO:teuthology.orchestra.run.smithi104.stdout:/usr/bin/ceph: stderr
2024-06-09T22:08:59.980+0000 7fd08c1e8700 1 --2- 172.21.15.104:0/731521286 >> [v2:172.21.15.104:6800/85752866,v1:172.21.15.104:6801/85752866] conn(0x7fd07003c980 0x7fd07003ed70 secure :-1 s=READY pgs=2 cs=0 l=1 rev1=1 crypto rx=0x7fd074003a10 tx=0x7fd074009290 comp rx=0 tx=0).stop
2024-06-09T22:09:00.563 INFO:teuthology.orchestra.run.smithi104.stdout:/usr/bin/ceph: stderr
2024-06-09T22:08:59.980+0000 7fd08c1e8700 1 -- 172.21.15.104:0/731521286 >> [v2:172.21.15.104:3300/0,v1:172.21.15.104:6789/0] conn(0x7fd084106e40 msgr2=0x7fd08419bf40 secure :-1 s=STATE_CONNECTION_ESTABLISHED l=1).mark_down
2024-06-09T22:09:00.563 INFO:teuthology.orchestra.run.smithi104.stdout:/usr/bin/ceph: stderr
2024-06-09T22:08:59.980+0000 7fd08c1e8700 1 --2- 172.21.15.104:0/731521286 >> [v2:172.21.15.104:3300/0,v1:172.21.15.104:6789/0] conn(0x7fd084106e40 0x7fd08419bf40 secure :-1 s=READY pgs=29 cs=0 l=1 rev1=1 crypto rx=0x7fd080011b60 tx=0x7fd080011c40 comp rx=0 tx=0).stop
2024-06-09T22:09:00.563 INFO:teuthology.orchestra.run.smithi104.stdout:/usr/bin/ceph: stderr
2024-06-09T22:08:59.980+0000 7fd08c1e8700 1 -- 172.21.15.104:0/731521286 shutdown_connections
2024-06-09T22:09:00.563 INFO:teuthology.orchestra.run.smithi104.stdout:/usr/bin/ceph: stderr
2024-06-09T22:08:59.980+0000 7fd08c1e8700 1 --2- 172.21.15.104:0/731521286 >> [v2:172.21.15.104:6800/85752866,v1:172.21.15.104:6801/85752866] conn(0x7fd07003c980 0x7fd07003ed70 unknown :-1 s=CLOSED pgs=2 cs=0 l=1 rev1=1 crypto rx=0 tx=0 comp rx=0 tx=0).stop
2024-06-09T22:09:00.564 INFO:teuthology.orchestra.run.smithi104.stdout:/usr/bin/ceph: stderr
2024-06-09T22:08:59.980+0000 7fd08c1e8700 1 --2- 172.21.15.104:0/731521286 >> [v2:172.21.15.104:3300/0,v1:172.21.15.104:6789/0] conn(0x7fd084106e40 0x7fd08419bf40 unknown :-1 s=CLOSED pgs=29 cs=0 l=1 rev1=1 crypto rx=0 tx=0 comp rx=0 tx=0).stop
2024-06-09T22:09:00.564 INFO:teuthology.orchestra.run.smithi104.stdout:/usr/bin/ceph: stderr
2024-06-09T22:08:59.980+0000 7fd08c1e8700 1 --2- 172.21.15.104:0/731521286 >> [v2:172.21.15.104:6800/1879478526,v1:172.21.15.104:6801/1879478526] conn(0x7fd070039050 0x7fd07003b510 unknown :-1 s=CLOSED pgs=0 cs=0 l=1 rev1=0 crypto rx=0 tx=0 comp rx=0 tx=0).stop
2024-06-09T22:09:00.564 INFO:teuthology.orchestra.run.smithi104.stdout:/usr/bin/ceph: stderr
2024-06-09T22:08:59.980+0000 7fd08c1e8700 1 -- 172.21.15.104:0/731521286 >> 172.21.15.104:0/731521286 conn(0x7fd084102400 msgr2=0x7fd0841032e0 unknown :-1 s=STATE_NONE l=0).mark_down
2024-06-09T22:09:00.564 INFO:teuthology.orchestra.run.smithi104.stdout:/usr/bin/ceph: stderr
2024-06-09T22:08:59.980+0000 7fd08c1e8700 1 -- 172.21.15.104:0/731521286 shutdown_connections
2024-06-09T22:09:00.564 INFO:teuthology.orchestra.run.smithi104.stdout:/usr/bin/ceph: stderr
2024-06-09T22:08:59.980+0000 7fd08c1e8700 1 -- 172.21.15.104:0/731521286 wait complete.
2024-06-09T22:09:00.564 INFO:teuthology.orchestra.run.smithi104.stdout:mgr epoch 5 is available
2024-06-09T22:09:00.564 INFO:teuthology.orchestra.run.smithi104.stdout:Setting orchestrator backend to cephadm...
2024-06-09T22:09:01.169 INFO:journalctl@ceph.mon.a.smithi104.stdout:Jun 09 22:09:01 smithi104 ceph-mon[32389]: from='client.14124 -' entity='client.admin' cmd=[{"prefix": "get_command_descriptions"}]: dispatch
2024-06-09T22:09:01.169 INFO:journalctl@ceph.mon.a.smithi104.stdout:Jun 09 22:09:01 smithi104 ceph-mon[32389]: from='client.14124 -' entity='client.admin' cmd=[{"prefix": "mgr_status"}]: dispatch
2024-06-09T22:09:01.169 INFO:journalctl@ceph.mon.a.smithi104.stdout:Jun 09 22:09:01 smithi104 ceph-mon[32389]: from='mgr.14120 172.21.15.104:0/3713486194' entity='mgr.x' cmd=[{"prefix": "config dump", "format": "json"}]: dispatch
2024-06-09T22:09:01.686 INFO:teuthology.orchestra.run.smithi104.stdout:/usr/bin/ceph: stderr
2024-06-09T22:09:00.957+0000 7fb757db9700 1 Processor -- start
2024-06-09T22:09:01.687 INFO:teuthology.orchestra.run.smithi104.stdout:/usr/bin/ceph: stderr
2024-06-09T22:09:00.957+0000 7fb757db9700 1 -- start start
2024-06-09T22:09:01.687 INFO:teuthology.orchestra.run.smithi104.stdout:/usr/bin/ceph: stderr
2024-06-09T22:09:00.958+0000 7fb757db9700 1 --2- >> [v2:172.21.15.104:3300/0,v1:172.21.15.104:6789/0] conn(0x7fb750109520 0x7fb750109940 unknown :-1 s=NONE pgs=0 cs=0 l=0 rev1=0 crypto rx=0 tx=0 comp rx=0 tx=0).connect
2024-06-09T22:09:01.687 INFO:teuthology.orchestra.run.smithi104.stdout:/usr/bin/ceph: stderr
2024-06-09T22:09:00.958+0000 7fb757db9700 1 -- --> [v2:172.21.15.104:3300/0,v1:172.21.15.104:6789/0] -- mon_getmap magic: 0 -- 0x7fb750109f10 con 0x7fb750109520
2024-06-09T22:09:01.687 INFO:teuthology.orchestra.run.smithi104.stdout:/usr/bin/ceph: stderr
