2024-06-09T22:08:50.031 INFO:teuthology.orchestra.run.smithi104.stdout:/usr/bin/ceph: stderr
2024-06-09T22:08:49.062+0000 7f460e59c700 1 -- 172.21.15.104:0/713090560 learned_addr learned my addr 172.21.15.104:0/713090560 (peer_addr_for_me v2:172.21.15.104:0/0)
2024-06-09T22:08:50.031 INFO:teuthology.orchestra.run.smithi104.stdout:/usr/bin/ceph: stderr
2024-06-09T22:08:49.063+0000 7f460e59c700 1 -- 172.21.15.104:0/713090560 --> [v2:172.21.15.104:3300/0,v1:172.21.15.104:6789/0] -- mon_subscribe({config=0+,monmap=0+}) -- 0x7f46101090e0 con 0x7f4610107f50
2024-06-09T22:08:50.031 INFO:teuthology.orchestra.run.smithi104.stdout:/usr/bin/ceph: stderr
2024-06-09T22:08:49.063+0000 7f460e59c700 1 --2- 172.21.15.104:0/713090560 >> [v2:172.21.15.104:3300/0,v1:172.21.15.104:6789/0] conn(0x7f4610107f50 0x7f4610108390 secure :-1 s=READY pgs=18 cs=0 l=1 rev1=1 crypto rx=0x7f46000098a0 tx=0x7f4600009bb0 comp rx=0 tx=0).ready entity=mon.0 client_cookie=4e020bbe989b372e server_cookie=0 in_seq=0 out_seq=0
2024-06-09T22:08:50.031 INFO:teuthology.orchestra.run.smithi104.stdout:/usr/bin/ceph: stderr
2024-06-09T22:08:49.063+0000 7f460d59a700 1 -- 172.21.15.104:0/713090560 <== mon.0 v2:172.21.15.104:3300/0 1 ==== mon_map magic: 0 ==== 205+0+0 (secure 0 0 0) 0x7f4600004160 con 0x7f4610107f50
2024-06-09T22:08:50.031 INFO:teuthology.orchestra.run.smithi104.stdout:/usr/bin/ceph: stderr
2024-06-09T22:08:49.063+0000 7f460d59a700 1 -- 172.21.15.104:0/713090560 <== mon.0 v2:172.21.15.104:3300/0 2 ==== config(27 keys) ==== 1109+0+0 (secure 0 0 0) 0x7f4600004300 con 0x7f4610107f50
2024-06-09T22:08:50.031 INFO:teuthology.orchestra.run.smithi104.stdout:/usr/bin/ceph: stderr
2024-06-09T22:08:49.063+0000 7f460d59a700 1 -- 172.21.15.104:0/713090560 <== mon.0 v2:172.21.15.104:3300/0 3 ==== mon_map magic: 0 ==== 205+0+0 (secure 0 0 0) 0x7f4600011b50 con 0x7f4610107f50
2024-06-09T22:08:50.032 INFO:teuthology.orchestra.run.smithi104.stdout:/usr/bin/ceph: stderr
2024-06-09T22:08:49.064+0000 7f4614fb9700 1 -- 172.21.15.104:0/713090560 >> [v2:172.21.15.104:3300/0,v1:172.21.15.104:6789/0] conn(0x7f4610107f50 msgr2=0x7f4610108390 secure :-1 s=STATE_CONNECTION_ESTABLISHED l=1).mark_down
2024-06-09T22:08:50.032 INFO:teuthology.orchestra.run.smithi104.stdout:/usr/bin/ceph: stderr
2024-06-09T22:08:49.064+0000 7f4614fb9700 1 --2- 172.21.15.104:0/713090560 >> [v2:172.21.15.104:3300/0,v1:172.21.15.104:6789/0] conn(0x7f4610107f50 0x7f4610108390 secure :-1 s=READY pgs=18 cs=0 l=1 rev1=1 crypto rx=0x7f46000098a0 tx=0x7f4600009bb0 comp rx=0 tx=0).stop
2024-06-09T22:08:50.032 INFO:teuthology.orchestra.run.smithi104.stdout:/usr/bin/ceph: stderr
2024-06-09T22:08:49.064+0000 7f4614fb9700 1 -- 172.21.15.104:0/713090560 shutdown_connections
2024-06-09T22:08:50.032 INFO:teuthology.orchestra.run.smithi104.stdout:/usr/bin/ceph: stderr
2024-06-09T22:08:49.064+0000 7f4614fb9700 1 --2- 172.21.15.104:0/713090560 >> [v2:172.21.15.104:3300/0,v1:172.21.15.104:6789/0] conn(0x7f4610107f50 0x7f4610108390 unknown :-1 s=CLOSED pgs=18 cs=0 l=1 rev1=1 crypto rx=0 tx=0 comp rx=0 tx=0).stop
2024-06-09T22:08:50.032 INFO:teuthology.orchestra.run.smithi104.stdout:/usr/bin/ceph: stderr
2024-06-09T22:08:49.064+0000 7f4614fb9700 1 -- 172.21.15.104:0/713090560 >> 172.21.15.104:0/713090560 conn(0x7f4610103540 msgr2=0x7f4610105980 unknown :-1 s=STATE_NONE l=0).mark_down
2024-06-09T22:08:50.032 INFO:teuthology.orchestra.run.smithi104.stdout:/usr/bin/ceph: stderr
2024-06-09T22:08:49.064+0000 7f4614fb9700 1 -- 172.21.15.104:0/713090560 shutdown_connections
2024-06-09T22:08:50.032 INFO:teuthology.orchestra.run.smithi104.stdout:/usr/bin/ceph: stderr
2024-06-09T22:08:49.064+0000 7f4614fb9700 1 -- 172.21.15.104:0/713090560 wait complete.
2024-06-09T22:08:50.032 INFO:teuthology.orchestra.run.smithi104.stdout:/usr/bin/ceph: stderr
2024-06-09T22:08:49.065+0000 7f4614fb9700 1 Processor -- start
2024-06-09T22:08:50.032 INFO:teuthology.orchestra.run.smithi104.stdout:/usr/bin/ceph: stderr
2024-06-09T22:08:49.065+0000 7f4614fb9700 1 -- start start
2024-06-09T22:08:50.032 INFO:teuthology.orchestra.run.smithi104.stdout:/usr/bin/ceph: stderr
2024-06-09T22:08:49.065+0000 7f4614fb9700 1 --2- >> [v2:172.21.15.104:3300/0,v1:172.21.15.104:6789/0] conn(0x7f4610107f50 0x7f461019bf40 unknown :-1 s=NONE pgs=0 cs=0 l=1 rev1=0 crypto rx=0 tx=0 comp rx=0 tx=0).connect
2024-06-09T22:08:50.032 INFO:teuthology.orchestra.run.smithi104.stdout:/usr/bin/ceph: stderr
2024-06-09T22:08:49.065+0000 7f4614fb9700 1 -- --> [v2:172.21.15.104:3300/0,v1:172.21.15.104:6789/0] -- mon_getmap magic: 0 -- 0x7f461010c3a0 con 0x7f4610107f50
2024-06-09T22:08:50.032 INFO:teuthology.orchestra.run.smithi104.stdout:/usr/bin/ceph: stderr
2024-06-09T22:08:49.065+0000 7f460e59c700 1 --2- >> [v2:172.21.15.104:3300/0,v1:172.21.15.104:6789/0] conn(0x7f4610107f50 0x7f461019bf40 unknown :-1 s=BANNER_CONNECTING pgs=0 cs=0 l=1 rev1=0 crypto rx=0 tx=0 comp rx=0 tx=0)._handle_peer_banner_payload supported=3 required=0
2024-06-09T22:08:50.032 INFO:teuthology.orchestra.run.smithi104.stdout:/usr/bin/ceph: stderr
2024-06-09T22:08:49.065+0000 7f460e59c700 1 --2- >> [v2:172.21.15.104:3300/0,v1:172.21.15.104:6789/0] conn(0x7f4610107f50 0x7f461019bf40 unknown :-1 s=HELLO_CONNECTING pgs=0 cs=0 l=1 rev1=1 crypto rx=0 tx=0 comp rx=0 tx=0).handle_hello peer v2:172.21.15.104:3300/0 says I am v2:172.21.15.104:53346/0 (socket says 172.21.15.104:53346)
2024-06-09T22:08:50.033 INFO:teuthology.orchestra.run.smithi104.stdout:/usr/bin/ceph: stderr
2024-06-09T22:08:49.065+0000 7f460e59c700 1 -- 172.21.15.104:0/1690034098 learned_addr learned my addr 172.21.15.104:0/1690034098 (peer_addr_for_me v2:172.21.15.104:0/0)
2024-06-09T22:08:50.033 INFO:teuthology.orchestra.run.smithi104.stdout:/usr/bin/ceph: stderr
2024-06-09T22:08:49.065+0000 7f460e59c700 1 -- 172.21.15.104:0/1690034098 --> [v2:172.21.15.104:3300/0,v1:172.21.15.104:6789/0] -- mon_subscribe({config=0+,monmap=0+}) -- 0x7f461019c480 con 0x7f4610107f50
2024-06-09T22:08:50.033 INFO:teuthology.orchestra.run.smithi104.stdout:/usr/bin/ceph: stderr
2024-06-09T22:08:49.065+0000 7f460e59c700 1 --2- 172.21.15.104:0/1690034098 >> [v2:172.21.15.104:3300/0,v1:172.21.15.104:6789/0] conn(0x7f4610107f50 0x7f461019bf40 secure :-1 s=READY pgs=19 cs=0 l=1 rev1=1 crypto rx=0x7f4600011670 tx=0x7f4600011b60 comp rx=0 tx=0).ready entity=mon.0 client_cookie=0 server_cookie=0 in_seq=0 out_seq=0
2024-06-09T22:08:50.033 INFO:teuthology.orchestra.run.smithi104.stdout:/usr/bin/ceph: stderr
2024-06-09T22:08:49.065+0000 7f45ff7fe700 1 -- 172.21.15.104:0/1690034098 <== mon.0 v2:172.21.15.104:3300/0 1 ==== mon_map magic: 0 ==== 205+0+0 (secure 0 0 0) 0x7f46000039c0 con 0x7f4610107f50
2024-06-09T22:08:50.033 INFO:teuthology.orchestra.run.smithi104.stdout:/usr/bin/ceph: stderr
2024-06-09T22:08:49.065+0000 7f4614fb9700 1 -- 172.21.15.104:0/1690034098 --> [v2:172.21.15.104:3300/0,v1:172.21.15.104:6789/0] -- mon_subscribe({mgrmap=0+}) -- 0x7f461019c710 con 0x7f4610107f50
2024-06-09T22:08:50.033 INFO:teuthology.orchestra.run.smithi104.stdout:/usr/bin/ceph: stderr
2024-06-09T22:08:49.065+0000 7f45ff7fe700 1 -- 172.21.15.104:0/1690034098 <== mon.0 v2:172.21.15.104:3300/0 2 ==== config(27 keys) ==== 1109+0+0 (secure 0 0 0) 0x7f4600011e50 con 0x7f4610107f50
2024-06-09T22:08:50.033 INFO:teuthology.orchestra.run.smithi104.stdout:/usr/bin/ceph: stderr
2024-06-09T22:08:49.065+0000 7f45ff7fe700 1 -- 172.21.15.104:0/1690034098 <== mon.0 v2:172.21.15.104:3300/0 3 ==== mon_map magic: 0 ==== 205+0+0 (secure 0 0 0) 0x7f460001a5c0 con 0x7f4610107f50
2024-06-09T22:08:50.033 INFO:teuthology.orchestra.run.smithi104.stdout:/usr/bin/ceph: stderr
2024-06-09T22:08:49.066+0000 7f4614fb9700 1 -- 172.21.15.104:0/1690034098 --> [v2:172.21.15.104:3300/0,v1:172.21.15.104:6789/0] -- mon_subscribe({osdmap=0}) -- 0x7f461019f400 con 0x7f4610107f50
2024-06-09T22:08:50.033 INFO:teuthology.orchestra.run.smithi104.stdout:/usr/bin/ceph: stderr
2024-06-09T22:08:49.066+0000 7f45ff7fe700 1 -- 172.21.15.104:0/1690034098 <== mon.0 v2:172.21.15.104:3300/0 4 ==== mgrmap(e 4) ==== 46276+0+0 (secure 0 0 0) 0x7f460001a8c0 con 0x7f4610107f50
2024-06-09T22:08:50.033 INFO:teuthology.orchestra.run.smithi104.stdout:/usr/bin/ceph: stderr
2024-06-09T22:08:49.067+0000 7f45ff7fe700 1 --2- 172.21.15.104:0/1690034098 >> [v2:172.21.15.104:6800/1879478526,v1:172.21.15.104:6801/1879478526] conn(0x7f45f8038fb0 0x7f45f803b470 unknown :-1 s=NONE pgs=0 cs=0 l=1 rev1=0 crypto rx=0 tx=0 comp rx=0 tx=0).connect
2024-06-09T22:08:50.033 INFO:teuthology.orchestra.run.smithi104.stdout:/usr/bin/ceph: stderr
2024-06-09T22:08:49.067+0000 7f45ff7fe700 1 -- 172.21.15.104:0/1690034098 <== mon.0 v2:172.21.15.104:3300/0 5 ==== osd_map(1..1 src has 1..1) ==== 725+0+0 (secure 0 0 0) 0x7f460004d420 con 0x7f4610107f50
2024-06-09T22:08:50.033 INFO:teuthology.orchestra.run.smithi104.stdout:/usr/bin/ceph: stderr
2024-06-09T22:08:49.067+0000 7f4614fb9700 1 -- 172.21.15.104:0/1690034098 --> [v2:172.21.15.104:3300/0,v1:172.21.15.104:6789/0] -- mon_command({"prefix": "get_command_descriptions"} v 0) -- 0x7f461010c520 con 0x7f4610107f50
2024-06-09T22:08:50.034 INFO:teuthology.orchestra.run.smithi104.stdout:/usr/bin/ceph: stderr
2024-06-09T22:08:49.067+0000 7f460dd9b700 1 --2- 172.21.15.104:0/1690034098 >> [v2:172.21.15.104:6800/1879478526,v1:172.21.15.104:6801/1879478526] conn(0x7f45f8038fb0 0x7f45f803b470 unknown :-1 s=BANNER_CONNECTING pgs=0 cs=0 l=1 rev1=0 crypto rx=0 tx=0 comp rx=0 tx=0)._handle_peer_banner_payload supported=3 required=0
2024-06-09T22:08:50.034 INFO:teuthology.orchestra.run.smithi104.stdout:/usr/bin/ceph: stderr
2024-06-09T22:08:49.067+0000 7f460dd9b700 1 --2- 172.21.15.104:0/1690034098 >> [v2:172.21.15.104:6800/1879478526,v1:172.21.15.104:6801/1879478526] conn(0x7f45f8038fb0 0x7f45f803b470 secure :-1 s=READY pgs=6 cs=0 l=1 rev1=1 crypto rx=0x7f4604006fd0 tx=0x7f4604006e40 comp rx=0 tx=0).ready entity=mgr.14100 client_cookie=0 server_cookie=0 in_seq=0 out_seq=0
2024-06-09T22:08:50.034 INFO:teuthology.orchestra.run.smithi104.stdout:/usr/bin/ceph: stderr
2024-06-09T22:08:49.072+0000 7f45ff7fe700 1 -- 172.21.15.104:0/1690034098 <== mon.0 v2:172.21.15.104:3300/0 6 ==== mon_command_ack([{"prefix": "get_command_descriptions"}]=0 v0) ==== 72+0+186418 (secure 0 0 0) 0x7f4600019c70 con 0x7f4610107f50
2024-06-09T22:08:50.034 INFO:teuthology.orchestra.run.smithi104.stdout:/usr/bin/ceph: stderr
2024-06-09T22:08:49.348+0000 7f4614fb9700 1 -- 172.21.15.104:0/1690034098 --> [v2:172.21.15.104:3300/0,v1:172.21.15.104:6789/0] -- mon_command({"prefix": "status", "format": "json-pretty"} v 0) -- 0x7f461019f5d0 con 0x7f4610107f50
2024-06-09T22:08:50.034 INFO:teuthology.orchestra.run.smithi104.stdout:/usr/bin/ceph: stderr
2024-06-09T22:08:49.349+0000 7f45ff7fe700 1 -- 172.21.15.104:0/1690034098 <== mon.0 v2:172.21.15.104:3300/0 7 ==== mon_command_ack([{"prefix": "status", "format": "json-pretty"}]=0 v0) ==== 79+0+1239 (secure 0 0 0) 0x7f460002cc00 con 0x7f4610107f50
2024-06-09T22:08:50.034 INFO:teuthology.orchestra.run.smithi104.stdout:/usr/bin/ceph: stderr
2024-06-09T22:08:49.351+0000 7f4614fb9700 1 -- 172.21.15.104:0/1690034098 >> [v2:172.21.15.104:6800/1879478526,v1:172.21.15.104:6801/1879478526] conn(0x7f45f8038fb0 msgr2=0x7f45f803b470 secure :-1 s=STATE_CONNECTION_ESTABLISHED l=1).mark_down
2024-06-09T22:08:50.034 INFO:teuthology.orchestra.run.smithi104.stdout:/usr/bin/ceph: stderr
2024-06-09T22:08:49.351+0000 7f4614fb9700 1 --2- 172.21.15.104:0/1690034098 >> [v2:172.21.15.104:6800/1879478526,v1:172.21.15.104:6801/1879478526] conn(0x7f45f8038fb0 0x7f45f803b470 secure :-1 s=READY pgs=6 cs=0 l=1 rev1=1 crypto rx=0x7f4604006fd0 tx=0x7f4604006e40 comp rx=0 tx=0).stop
2024-06-09T22:08:50.034 INFO:teuthology.orchestra.run.smithi104.stdout:/usr/bin/ceph: stderr
2024-06-09T22:08:49.351+0000 7f4614fb9700 1 -- 172.21.15.104:0/1690034098 >> [v2:172.21.15.104:3300/0,v1:172.21.15.104:6789/0] conn(0x7f4610107f50 msgr2=0x7f461019bf40 secure :-1 s=STATE_CONNECTION_ESTABLISHED l=1).mark_down
2024-06-09T22:08:50.034 INFO:teuthology.orchestra.run.smithi104.stdout:/usr/bin/ceph: stderr
2024-06-09T22:08:49.351+0000 7f4614fb9700 1 --2- 172.21.15.104:0/1690034098 >> [v2:172.21.15.104:3300/0,v1:172.21.15.104:6789/0] conn(0x7f4610107f50 0x7f461019bf40 secure :-1 s=READY pgs=19 cs=0 l=1 rev1=1 crypto rx=0x7f4600011670 tx=0x7f4600011b60 comp rx=0 tx=0).stop
2024-06-09T22:08:50.034 INFO:teuthology.orchestra.run.smithi104.stdout:/usr/bin/ceph: stderr
2024-06-09T22:08:49.351+0000 7f4614fb9700 1 -- 172.21.15.104:0/1690034098 shutdown_connections
2024-06-09T22:08:50.034 INFO:teuthology.orchestra.run.smithi104.stdout:/usr/bin/ceph: stderr
2024-06-09T22:08:49.351+0000 7f4614fb9700 1 --2- 172.21.15.104:0/1690034098 >> [v2:172.21.15.104:6800/1879478526,v1:172.21.15.104:6801/1879478526] conn(0x7f45f8038fb0 0x7f45f803b470 unknown :-1 s=CLOSED pgs=6 cs=0 l=1 rev1=1 crypto rx=0 tx=0 comp rx=0 tx=0).stop
2024-06-09T22:08:50.034 INFO:teuthology.orchestra.run.smithi104.stdout:/usr/bin/ceph: stderr
2024-06-09T22:08:49.351+0000 7f4614fb9700 1 --2- 172.21.15.104:0/1690034098 >> [v2:172.21.15.104:3300/0,v1:172.21.15.104:6789/0] conn(0x7f4610107f50 0x7f461019bf40 unknown :-1 s=CLOSED pgs=19 cs=0 l=1 rev1=1 crypto rx=0 tx=0 comp rx=0 tx=0).stop
2024-06-09T22:08:50.034 INFO:teuthology.orchestra.run.smithi104.stdout:/usr/bin/ceph: stderr
2024-06-09T22:08:49.351+0000 7f4614fb9700 1 -- 172.21.15.104:0/1690034098 >> 172.21.15.104:0/1690034098 conn(0x7f4610103540 msgr2=0x7f46101040d0 unknown :-1 s=STATE_NONE l=0).mark_down
2024-06-09T22:08:50.035 INFO:teuthology.orchestra.run.smithi104.stdout:/usr/bin/ceph: stderr
2024-06-09T22:08:49.351+0000 7f4614fb9700 1 -- 172.21.15.104:0/1690034098 shutdown_connections
2024-06-09T22:08:50.035 INFO:teuthology.orchestra.run.smithi104.stdout:/usr/bin/ceph: stderr
2024-06-09T22:08:49.351+0000 7f4614fb9700 1 -- 172.21.15.104:0/1690034098 wait complete.
2024-06-09T22:08:50.035 INFO:teuthology.orchestra.run.smithi104.stdout:mgr is available
2024-06-09T22:08:50.433 INFO:journalctl@ceph.mon.a.smithi104.stdout:Jun 09 22:08:50 smithi104 ceph-mon[32389]: from='client.? 172.21.15.104:0/1690034098' entity='client.admin' cmd=[{"prefix": "status", "format": "json-pretty"}]: dispatch
2024-06-09T22:08:51.213 INFO:teuthology.orchestra.run.smithi104.stdout:/usr/bin/ceph: stdout
2024-06-09T22:08:51.213 INFO:teuthology.orchestra.run.smithi104.stdout:/usr/bin/ceph: stdout [global]
2024-06-09T22:08:51.213 INFO:teuthology.orchestra.run.smithi104.stdout:/usr/bin/ceph: stdout fsid = a948c0ca-26ac-11ef-bc9b-c7b262605968
2024-06-09T22:08:51.213 INFO:teuthology.orchestra.run.smithi104.stdout:/usr/bin/ceph: stdout mon_osd_allow_pg_remap = true
2024-06-09T22:08:51.213 INFO:teuthology.orchestra.run.smithi104.stdout:/usr/bin/ceph: stdout mon_osd_allow_primary_affinity = true
2024-06-09T22:08:51.214 INFO:teuthology.orchestra.run.smithi104.stdout:/usr/bin/ceph: stdout mon_warn_on_no_sortbitwise = false
2024-06-09T22:08:51.214 INFO:teuthology.orchestra.run.smithi104.stdout:/usr/bin/ceph: stdout osd_crush_chooseleaf_type = 0
2024-06-09T22:08:51.214 INFO:teuthology.orchestra.run.smithi104.stdout:/usr/bin/ceph: stdout
2024-06-09T22:08:51.214 INFO:teuthology.orchestra.run.smithi104.stdout:/usr/bin/ceph: stdout [mgr]
2024-06-09T22:08:51.214 INFO:teuthology.orchestra.run.smithi104.stdout:/usr/bin/ceph: stdout mgr/telemetry/nag = false
2024-06-09T22:08:51.214 INFO:teuthology.orchestra.run.smithi104.stdout:/usr/bin/ceph: stdout
2024-06-09T22:08:51.214 INFO:teuthology.orchestra.run.smithi104.stdout:/usr/bin/ceph: stdout [osd]
2024-06-09T22:08:51.214 INFO:teuthology.orchestra.run.smithi104.stdout:/usr/bin/ceph: stdout mon_osd_backfillfull_ratio = 0.85
2024-06-09T22:08:51.214 INFO:teuthology.orchestra.run.smithi104.stdout:/usr/bin/ceph: stdout mon_osd_full_ratio = 0.9
2024-06-09T22:08:51.214 INFO:teuthology.orchestra.run.smithi104.stdout:/usr/bin/ceph: stdout mon_osd_nearfull_ratio = 0.8
2024-06-09T22:08:51.214 INFO:teuthology.orchestra.run.smithi104.stdout:/usr/bin/ceph: stdout osd_map_max_advance = 10
2024-06-09T22:08:51.214 INFO:teuthology.orchestra.run.smithi104.stdout:/usr/bin/ceph: stdout osd_sloppy_crc = true
2024-06-09T22:08:51.214 INFO:teuthology.orchestra.run.smithi104.stdout:/usr/bin/ceph: stderr
2024-06-09T22:08:50.457+0000 7fda94d92700 1 Processor -- start
2024-06-09T22:08:51.215 INFO:teuthology.orchestra.run.smithi104.stdout:/usr/bin/ceph: stderr
2024-06-09T22:08:50.457+0000 7fda94d92700 1 -- start start
2024-06-09T22:08:51.215 INFO:teuthology.orchestra.run.smithi104.stdout:/usr/bin/ceph: stderr
2024-06-09T22:08:50.457+0000 7fda94d92700 1 --2- >> [v2:172.21.15.104:3300/0,v1:172.21.15.104:6789/0] conn(0x7fda90107fc0 0x7fda901083e0 unknown :-1 s=NONE pgs=0 cs=0 l=0 rev1=0 crypto rx=0 tx=0 comp rx=0 tx=0).connect
2024-06-09T22:08:51.215 INFO:teuthology.orchestra.run.smithi104.stdout:/usr/bin/ceph: stderr
2024-06-09T22:08:50.457+0000 7fda94d92700 1 -- --> [v2:172.21.15.104:3300/0,v1:172.21.15.104:6789/0] -- mon_getmap magic: 0 -- 0x7fda90108920 con 0x7fda90107fc0
2024-06-09T22:08:51.215 INFO:teuthology.orchestra.run.smithi104.stdout:/usr/bin/ceph: stderr
2024-06-09T22:08:50.457+0000 7fda8e59c700 1 --2- >> [v2:172.21.15.104:3300/0,v1:172.21.15.104:6789/0] conn(0x7fda90107fc0 0x7fda901083e0 unknown :-1 s=BANNER_CONNECTING pgs=0 cs=0 l=0 rev1=0 crypto rx=0 tx=0 comp rx=0 tx=0)._handle_peer_banner_payload supported=3 required=0
2024-06-09T22:08:51.215 INFO:teuthology.orchestra.run.smithi104.stdout:/usr/bin/ceph: stderr
2024-06-09T22:08:50.457+0000 7fda8e59c700 1 --2- >> [v2:172.21.15.104:3300/0,v1:172.21.15.104:6789/0] conn(0x7fda90107fc0 0x7fda901083e0 unknown :-1 s=HELLO_CONNECTING pgs=0 cs=0 l=0 rev1=1 crypto rx=0 tx=0 comp rx=0 tx=0).handle_hello peer v2:172.21.15.104:3300/0 says I am v2:172.21.15.104:53362/0 (socket says 172.21.15.104:53362)
2024-06-09T22:08:51.215 INFO:teuthology.orchestra.run.smithi104.stdout:/usr/bin/ceph: stderr
2024-06-09T22:08:50.457+0000 7fda8e59c700 1 -- 172.21.15.104:0/1645505968 learned_addr learned my addr 172.21.15.104:0/1645505968 (peer_addr_for_me v2:172.21.15.104:0/0)
2024-06-09T22:08:51.215 INFO:teuthology.orchestra.run.smithi104.stdout:/usr/bin/ceph: stderr
2024-06-09T22:08:50.458+0000 7fda8e59c700 1 -- 172.21.15.104:0/1645505968 --> [v2:172.21.15.104:3300/0,v1:172.21.15.104:6789/0] -- mon_subscribe({config=0+,monmap=0+}) -- 0x7fda90108aa0 con 0x7fda90107fc0
2024-06-09T22:08:51.215 INFO:teuthology.orchestra.run.smithi104.stdout:/usr/bin/ceph: stderr
2024-06-09T22:08:50.458+0000 7fda8e59c700 1 --2- 172.21.15.104:0/1645505968 >> [v2:172.21.15.104:3300/0,v1:172.21.15.104:6789/0] conn(0x7fda90107fc0 0x7fda901083e0 secure :-1 s=READY pgs=20 cs=0 l=1 rev1=1 crypto rx=0x7fda800098a0 tx=0x7fda80009bb0 comp rx=0 tx=0).ready entity=mon.0 client_cookie=73515bce7780f3b9 server_cookie=0 in_seq=0 out_seq=0
2024-06-09T22:08:51.215 INFO:teuthology.orchestra.run.smithi104.stdout:/usr/bin/ceph: stderr
2024-06-09T22:08:50.458+0000 7fda8dd9b700 1 -- 172.21.15.104:0/1645505968 <== mon.0 v2:172.21.15.104:3300/0 1 ==== mon_map magic: 0 ==== 205+0+0 (secure 0 0 0) 0x7fda80004160 con 0x7fda90107fc0
2024-06-09T22:08:51.215 INFO:teuthology.orchestra.run.smithi104.stdout:/usr/bin/ceph: stderr
2024-06-09T22:08:50.458+0000 7fda8dd9b700 1 -- 172.21.15.104:0/1645505968 <== mon.0 v2:172.21.15.104:3300/0 2 ==== config(27 keys) ==== 1109+0+0 (secure 0 0 0) 0x7fda80004300 con 0x7fda90107fc0
2024-06-09T22:08:51.215 INFO:teuthology.orchestra.run.smithi104.stdout:/usr/bin/ceph: stderr
2024-06-09T22:08:50.458+0000 7fda8dd9b700 1 -- 172.21.15.104:0/1645505968 <== mon.0 v2:172.21.15.104:3300/0 3 ==== mon_map magic: 0 ==== 205+0+0 (secure 0 0 0) 0x7fda80011b50 con 0x7fda90107fc0
2024-06-09T22:08:51.216 INFO:teuthology.orchestra.run.smithi104.stdout:/usr/bin/ceph: stderr
2024-06-09T22:08:50.458+0000 7fda94d92700 1 -- 172.21.15.104:0/1645505968 >> [v2:172.21.15.104:3300/0,v1:172.21.15.104:6789/0] conn(0x7fda90107fc0 msgr2=0x7fda901083e0 secure :-1 s=STATE_CONNECTION_ESTABLISHED l=1).mark_down
2024-06-09T22:08:51.216 INFO:teuthology.orchestra.run.smithi104.stdout:/usr/bin/ceph: stderr
2024-06-09T22:08:50.458+0000 7fda94d92700 1 --2- 172.21.15.104:0/1645505968 >> [v2:172.21.15.104:3300/0,v1:172.21.15.104:6789/0] conn(0x7fda90107fc0 0x7fda901083e0 secure :-1 s=READY pgs=20 cs=0 l=1 rev1=1 crypto rx=0x7fda800098a0 tx=0x7fda80009bb0 comp rx=0 tx=0).stop
2024-06-09T22:08:51.216 INFO:teuthology.orchestra.run.smithi104.stdout:/usr/bin/ceph: stderr
2024-06-09T22:08:50.459+0000 7fda94d92700 1 -- 172.21.15.104:0/1645505968 shutdown_connections
2024-06-09T22:08:51.216 INFO:teuthology.orchestra.run.smithi104.stdout:/usr/bin/ceph: stderr
2024-06-09T22:08:50.459+0000 7fda94d92700 1 --2- 172.21.15.104:0/1645505968 >> [v2:172.21.15.104:3300/0,v1:172.21.15.104:6789/0] conn(0x7fda90107fc0 0x7fda901083e0 unknown :-1 s=CLOSED pgs=20 cs=0 l=1 rev1=1 crypto rx=0 tx=0 comp rx=0 tx=0).stop
2024-06-09T22:08:51.216 INFO:teuthology.orchestra.run.smithi104.stdout:/usr/bin/ceph: stderr
2024-06-09T22:08:50.459+0000 7fda94d92700 1 -- 172.21.15.104:0/1645505968 >> 172.21.15.104:0/1645505968 conn(0x7fda901035e0 msgr2=0x7fda90105a40 unknown :-1 s=STATE_NONE l=0).mark_down
2024-06-09T22:08:51.216 INFO:teuthology.orchestra.run.smithi104.stdout:/usr/bin/ceph: stderr
2024-06-09T22:08:50.459+0000 7fda94d92700 1 -- 172.21.15.104:0/1645505968 shutdown_connections
2024-06-09T22:08:51.216 INFO:teuthology.orchestra.run.smithi104.stdout:/usr/bin/ceph: stderr
2024-06-09T22:08:50.459+0000 7fda94d92700 1 -- 172.21.15.104:0/1645505968 wait complete.
2024-06-09T22:08:51.216 INFO:teuthology.orchestra.run.smithi104.stdout:/usr/bin/ceph: stderr
2024-06-09T22:08:50.459+0000 7fda94d92700 1 Processor -- start
2024-06-09T22:08:51.216 INFO:teuthology.orchestra.run.smithi104.stdout:/usr/bin/ceph: stderr
2024-06-09T22:08:50.459+0000 7fda94d92700 1 -- start start
2024-06-09T22:08:51.216 INFO:teuthology.orchestra.run.smithi104.stdout:/usr/bin/ceph: stderr
2024-06-09T22:08:50.460+0000 7fda94d92700 1 --2- >> [v2:172.21.15.104:3300/0,v1:172.21.15.104:6789/0] conn(0x7fda90107fc0 0x7fda9019bef0 unknown :-1 s=NONE pgs=0 cs=0 l=1 rev1=0 crypto rx=0 tx=0 comp rx=0 tx=0).connect
2024-06-09T22:08:51.217 INFO:teuthology.orchestra.run.smithi104.stdout:/usr/bin/ceph: stderr
2024-06-09T22:08:50.460+0000 7fda94d92700 1 -- --> [v2:172.21.15.104:3300/0,v1:172.21.15.104:6789/0] -- mon_getmap magic: 0 -- 0x7fda9010c430 con 0x7fda90107fc0
2024-06-09T22:08:51.217 INFO:teuthology.orchestra.run.smithi104.stdout:/usr/bin/ceph: stderr
2024-06-09T22:08:50.460+0000 7fda8e59c700 1 --2- >> [v2:172.21.15.104:3300/0,v1:172.21.15.104:6789/0] conn(0x7fda90107fc0 0x7fda9019bef0 unknown :-1 s=BANNER_CONNECTING pgs=0 cs=0 l=1 rev1=0 crypto rx=0 tx=0 comp rx=0 tx=0)._handle_peer_banner_payload supported=3 required=0
2024-06-09T22:08:51.217 INFO:teuthology.orchestra.run.smithi104.stdout:/usr/bin/ceph: stderr
2024-06-09T22:08:50.460+0000 7fda8e59c700 1 --2- >> [v2:172.21.15.104:3300/0,v1:172.21.15.104:6789/0] conn(0x7fda90107fc0 0x7fda9019bef0 unknown :-1 s=HELLO_CONNECTING pgs=0 cs=0 l=1 rev1=1 crypto rx=0 tx=0 comp rx=0 tx=0).handle_hello peer v2:172.21.15.104:3300/0 says I am v2:172.21.15.104:53374/0 (socket says 172.21.15.104:53374)
2024-06-09T22:08:51.217 INFO:teuthology.orchestra.run.smithi104.stdout:/usr/bin/ceph: stderr
2024-06-09T22:08:50.460+0000 7fda8e59c700 1 -- 172.21.15.104:0/2891508187 learned_addr learned my addr 172.21.15.104:0/2891508187 (peer_addr_for_me v2:172.21.15.104:0/0)
2024-06-09T22:08:51.217 INFO:teuthology.orchestra.run.smithi104.stdout:/usr/bin/ceph: stderr
2024-06-09T22:08:50.460+0000 7fda8e59c700 1 -- 172.21.15.104:0/2891508187 --> [v2:172.21.15.104:3300/0,v1:172.21.15.104:6789/0] -- mon_subscribe({config=0+,monmap=0+}) -- 0x7fda9019c430 con 0x7fda90107fc0
2024-06-09T22:08:51.217 INFO:teuthology.orchestra.run.smithi104.stdout:/usr/bin/ceph: stderr
2024-06-09T22:08:50.460+0000 7fda8e59c700 1 --2- 172.21.15.104:0/2891508187 >> [v2:172.21.15.104:3300/0,v1:172.21.15.104:6789/0] conn(0x7fda90107fc0 0x7fda9019bef0 secure :-1 s=READY pgs=21 cs=0 l=1 rev1=1 crypto rx=0x7fda80011670 tx=0x7fda80011b60 comp rx=0 tx=0).ready entity=mon.0 client_cookie=0 server_cookie=0 in_seq=0 out_seq=0
2024-06-09T22:08:51.217 INFO:teuthology.orchestra.run.smithi104.stdout:/usr/bin/ceph: stderr
2024-06-09T22:08:50.460+0000 7fda877fe700 1 -- 172.21.15.104:0/2891508187 <== mon.0 v2:172.21.15.104:3300/0 1 ==== mon_map magic: 0 ==== 205+0+0 (secure 0 0 0) 0x7fda800039c0 con 0x7fda90107fc0
2024-06-09T22:08:51.217 INFO:teuthology.orchestra.run.smithi104.stdout:/usr/bin/ceph: stderr
2024-06-09T22:08:50.460+0000 7fda877fe700 1 -- 172.21.15.104:0/2891508187 <== mon.0 v2:172.21.15.104:3300/0 2 ==== config(27 keys) ==== 1109+0+0 (secure 0 0 0) 0x7fda80011e50 con 0x7fda90107fc0
2024-06-09T22:08:51.217 INFO:teuthology.orchestra.run.smithi104.stdout:/usr/bin/ceph: stderr
2024-06-09T22:08:50.460+0000 7fda94d92700 1 -- 172.21.15.104:0/2891508187 --> [v2:172.21.15.104:3300/0,v1:172.21.15.104:6789/0] -- mon_subscribe({mgrmap=0+}) -- 0x7fda9019c6c0 con 0x7fda90107fc0
2024-06-09T22:08:51.217 INFO:teuthology.orchestra.run.smithi104.stdout:/usr/bin/ceph: stderr
2024-06-09T22:08:50.460+0000 7fda877fe700 1 -- 172.21.15.104:0/2891508187 <== mon.0 v2:172.21.15.104:3300/0 3 ==== mon_map magic: 0 ==== 205+0+0 (secure 0 0 0) 0x7fda8001a5c0 con 0x7fda90107fc0
2024-06-09T22:08:51.217 INFO:teuthology.orchestra.run.smithi104.stdout:/usr/bin/ceph: stderr
2024-06-09T22:08:50.460+0000 7fda94d92700 1 -- 172.21.15.104:0/2891508187 --> [v2:172.21.15.104:3300/0,v1:172.21.15.104:6789/0] -- mon_subscribe({osdmap=0}) -- 0x7fda9019f3b0 con 0x7fda90107fc0
2024-06-09T22:08:51.217 INFO:teuthology.orchestra.run.smithi104.stdout:/usr/bin/ceph: stderr
2024-06-09T22:08:50.461+0000 7fda877fe700 1 -- 172.21.15.104:0/2891508187 <== mon.0 v2:172.21.15.104:3300/0 4 ==== mgrmap(e 4) ==== 46276+0+0 (secure 0 0 0) 0x7fda8001a8c0 con 0x7fda90107fc0
2024-06-09T22:08:51.217 INFO:teuthology.orchestra.run.smithi104.stdout:/usr/bin/ceph: stderr
2024-06-09T22:08:50.461+0000 7fda94d92700 1 -- 172.21.15.104:0/2891508187 --> [v2:172.21.15.104:3300/0,v1:172.21.15.104:6789/0] -- mon_command({"prefix": "get_command_descriptions"} v 0) -- 0x7fda90063af0 con 0x7fda90107fc0
2024-06-09T22:08:51.218 INFO:teuthology.orchestra.run.smithi104.stdout:/usr/bin/ceph: stderr
2024-06-09T22:08:50.462+0000 7fda877fe700 1 --2- 172.21.15.104:0/2891508187 >> [v2:172.21.15.104:6800/1879478526,v1:172.21.15.104:6801/1879478526] conn(0x7fda7c038fb0 0x7fda7c03b470 unknown :-1 s=NONE pgs=0 cs=0 l=1 rev1=0 crypto rx=0 tx=0 comp rx=0 tx=0).connect
2024-06-09T22:08:51.218 INFO:teuthology.orchestra.run.smithi104.stdout:/usr/bin/ceph: stderr
2024-06-09T22:08:50.462+0000 7fda877fe700 1 -- 172.21.15.104:0/2891508187 <== mon.0 v2:172.21.15.104:3300/0 5 ==== osd_map(1..1 src has 1..1) ==== 725+0+0 (secure 0 0 0) 0x7fda8004d410 con 0x7fda90107fc0
2024-06-09T22:08:51.218 INFO:teuthology.orchestra.run.smithi104.stdout:/usr/bin/ceph: stderr
2024-06-09T22:08:50.462+0000 7fda87fff700 1 --2- 172.21.15.104:0/2891508187 >> [v2:172.21.15.104:6800/1879478526,v1:172.21.15.104:6801/1879478526] conn(0x7fda7c038fb0 0x7fda7c03b470 unknown :-1 s=BANNER_CONNECTING pgs=0 cs=0 l=1 rev1=0 crypto rx=0 tx=0 comp rx=0 tx=0)._handle_peer_banner_payload supported=3 required=0
2024-06-09T22:08:51.218 INFO:teuthology.orchestra.run.smithi104.stdout:/usr/bin/ceph: stderr
2024-06-09T22:08:50.462+0000 7fda87fff700 1 --2- 172.21.15.104:0/2891508187 >> [v2:172.21.15.104:6800/1879478526,v1:172.21.15.104:6801/1879478526] conn(0x7fda7c038fb0 0x7fda7c03b470 secure :-1 s=READY pgs=7 cs=0 l=1 rev1=1 crypto rx=0x7fda78006fd0 tx=0x7fda78006e40 comp rx=0 tx=0).ready entity=mgr.14100 client_cookie=0 server_cookie=0 in_seq=0 out_seq=0
2024-06-09T22:08:51.218 INFO:teuthology.orchestra.run.smithi104.stdout:/usr/bin/ceph: stderr
2024-06-09T22:08:50.467+0000 7fda877fe700 1 -- 172.21.15.104:0/2891508187 <== mon.0 v2:172.21.15.104:3300/0 6 ==== mon_command_ack([{"prefix": "get_command_descriptions"}]=0 v0) ==== 72+0+186418 (secure 0 0 0) 0x7fda8000f2e0 con 0x7fda90107fc0
2024-06-09T22:08:51.218 INFO:teuthology.orchestra.run.smithi104.stdout:/usr/bin/ceph: stderr
2024-06-09T22:08:50.659+0000 7fda94d92700 1 -- 172.21.15.104:0/2891508187 --> [v2:172.21.15.104:3300/0,v1:172.21.15.104:6789/0] -- mon_command({"prefix": "config assimilate-conf"} v 0) -- 0x7fda9019f580 con 0x7fda90107fc0
2024-06-09T22:08:51.218 INFO:teuthology.orchestra.run.smithi104.stdout:/usr/bin/ceph: stderr
2024-06-09T22:08:50.660+0000 7fda877fe700 1 -- 172.21.15.104:0/2891508187 <== mon.0 v2:172.21.15.104:3300/0 7 ==== mon_command_ack([{"prefix": "config assimilate-conf"}]=0 v3) ==== 70+0+373 (secure 0 0 0) 0x7fda9019f580 con 0x7fda90107fc0
2024-06-09T22:08:51.218 INFO:teuthology.orchestra.run.smithi104.stdout:/usr/bin/ceph: stderr
2024-06-09T22:08:50.662+0000 7fda94d92700 1 -- 172.21.15.104:0/2891508187 >> [v2:172.21.15.104:6800/1879478526,v1:172.21.15.104:6801/1879478526] conn(0x7fda7c038fb0 msgr2=0x7fda7c03b470 secure :-1 s=STATE_CONNECTION_ESTABLISHED l=1).mark_down
2024-06-09T22:08:51.218 INFO:teuthology.orchestra.run.smithi104.stdout:/usr/bin/ceph: stderr
2024-06-09T22:08:50.662+0000 7fda94d92700 1 --2- 172.21.15.104:0/2891508187 >> [v2:172.21.15.104:6800/1879478526,v1:172.21.15.104:6801/1879478526] conn(0x7fda7c038fb0 0x7fda7c03b470 secure :-1 s=READY pgs=7 cs=0 l=1 rev1=1 crypto rx=0x7fda78006fd0 tx=0x7fda78006e40 comp rx=0 tx=0).stop
2024-06-09T22:08:51.218 INFO:teuthology.orchestra.run.smithi104.stdout:/usr/bin/ceph: stderr
2024-06-09T22:08:50.662+0000 7fda94d92700 1 -- 172.21.15.104:0/2891508187 >> [v2:172.21.15.104:3300/0,v1:172.21.15.104:6789/0] conn(0x7fda90107fc0 msgr2=0x7fda9019bef0 secure :-1 s=STATE_CONNECTION_ESTABLISHED l=1).mark_down
2024-06-09T22:08:51.218 INFO:teuthology.orchestra.run.smithi104.stdout:/usr/bin/ceph: stderr
2024-06-09T22:08:50.662+0000 7fda94d92700 1 --2- 172.21.15.104:0/2891508187 >> [v2:172.21.15.104:3300/0,v1:172.21.15.104:6789/0] conn(0x7fda90107fc0 0x7fda9019bef0 secure :-1 s=READY pgs=21 cs=0 l=1 rev1=1 crypto rx=0x7fda80011670 tx=0x7fda80011b60 comp rx=0 tx=0).stop
2024-06-09T22:08:51.218 INFO:teuthology.orchestra.run.smithi104.stdout:/usr/bin/ceph: stderr
2024-06-09T22:08:50.662+0000 7fda94d92700 1 -- 172.21.15.104:0/2891508187 shutdown_connections
2024-06-09T22:08:51.219 INFO:teuthology.orchestra.run.smithi104.stdout:/usr/bin/ceph: stderr
2024-06-09T22:08:50.662+0000 7fda94d92700 1 --2- 172.21.15.104:0/2891508187 >> [v2:172.21.15.104:6800/1879478526,v1:172.21.15.104:6801/1879478526] conn(0x7fda7c038fb0 0x7fda7c03b470 unknown :-1 s=CLOSED pgs=7 cs=0 l=1 rev1=1 crypto rx=0 tx=0 comp rx=0 tx=0).stop
2024-06-09T22:08:51.219 INFO:teuthology.orchestra.run.smithi104.stdout:/usr/bin/ceph: stderr
2024-06-09T22:08:50.662+0000 7fda94d92700 1 --2- 172.21.15.104:0/2891508187 >> [v2:172.21.15.104:3300/0,v1:172.21.15.104:6789/0] conn(0x7fda90107fc0 0x7fda9019bef0 unknown :-1 s=CLOSED pgs=21 cs=0 l=1 rev1=1 crypto rx=0 tx=0 comp rx=0 tx=0).stop
2024-06-09T22:08:51.219 INFO:teuthology.orchestra.run.smithi104.stdout:/usr/bin/ceph: stderr
2024-06-09T22:08:50.662+0000 7fda94d92700 1 -- 172.21.15.104:0/2891508187 >> 172.21.15.104:0/2891508187 conn(0x7fda901035e0 msgr2=0x7fda90104050 unknown :-1 s=STATE_NONE l=0).mark_down
2024-06-09T22:08:51.219 INFO:teuthology.orchestra.run.smithi104.stdout:/usr/bin/ceph: stderr
2024-06-09T22:08:50.662+0000 7fda94d92700 1 -- 172.21.15.104:0/2891508187 shutdown_connections
2024-06-09T22:08:51.219 INFO:teuthology.orchestra.run.smithi104.stdout:/usr/bin/ceph: stderr
2024-06-09T22:08:50.662+0000 7fda94d92700 1 -- 172.21.15.104:0/2891508187 wait complete.
2024-06-09T22:08:51.219 INFO:teuthology.orchestra.run.smithi104.stdout:Enabling cephadm module...
2024-06-09T22:08:51.242 INFO:journalctl@ceph.mon.a.smithi104.stdout:Jun 09 22:08:51 smithi104 ceph-mon[32389]: from='client.? 172.21.15.104:0/2891508187' entity='client.admin' cmd=[{"prefix": "config assimilate-conf"}]: dispatch
2024-06-09T22:08:52.124 INFO:journalctl@ceph.mon.a.smithi104.stdout:Jun 09 22:08:52 smithi104 ceph-mon[32389]: from='client.? 172.21.15.104:0/2538035083' entity='client.admin' cmd=[{"prefix": "mgr module enable", "module": "cephadm"}]: dispatch
2024-06-09T22:08:52.444 INFO:journalctl@ceph.mgr.x.smithi104.stdout:Jun 09 22:08:52 smithi104 ceph-a948c0ca-26ac-11ef-bc9b-c7b262605968-mgr-x[32617]: ignoring --setuser ceph since I am not root
2024-06-09T22:08:52.444 INFO:journalctl@ceph.mgr.x.smithi104.stdout:Jun 09 22:08:52 smithi104 ceph-a948c0ca-26ac-11ef-bc9b-c7b262605968-mgr-x[32617]: ignoring --setgroup ceph since I am not root
2024-06-09T22:08:52.444 INFO:journalctl@ceph.mgr.x.smithi104.stdout:Jun 09 22:08:52 smithi104 ceph-a948c0ca-26ac-11ef-bc9b-c7b262605968-mgr-x[32617]:
2024-06-09T22:08:52.305+0000 7f4d3fb5f200 -1 mgr[py] Module balancer has missing NOTIFY_TYPES member
2024-06-09T22:08:52.703 INFO:journalctl@ceph.mgr.x.smithi104.stdout:Jun 09 22:08:52 smithi104 ceph-a948c0ca-26ac-11ef-bc9b-c7b262605968-mgr-x[32617]:
2024-06-09T22:08:52.491+0000 7f4d3fb5f200 -1 mgr[py] Module orchestrator has missing NOTIFY_TYPES member
2024-06-09T22:08:52.703 INFO:journalctl@ceph.mgr.x.smithi104.stdout:Jun 09 22:08:52 smithi104 ceph-a948c0ca-26ac-11ef-bc9b-c7b262605968-mgr-x[32617]:
2024-06-09T22:08:52.593+0000 7f4d3fb5f200 -1 mgr[py] Module snap_schedule has missing NOTIFY_TYPES member
2024-06-09T22:08:52.710 INFO:teuthology.orchestra.run.smithi104.stdout:/usr/bin/ceph: stderr
2024-06-09T22:08:51.631+0000 7f7f92b5d700 1 Processor -- start
2024-06-09T22:08:52.710 INFO:teuthology.orchestra.run.smithi104.stdout:/usr/bin/ceph: stderr
2024-06-09T22:08:51.631+0000 7f7f92b5d700 1 -- start start
2024-06-09T22:08:52.710 INFO:teuthology.orchestra.run.smithi104.stdout:/usr/bin/ceph: stderr
2024-06-09T22:08:51.631+0000 7f7f92b5d700 1 --2- >> [v2:172.21.15.104:3300/0,v1:172.21.15.104:6789/0] conn(0x7f7f8c106e70 0x7f7f8c107290 unknown :-1 s=NONE pgs=0 cs=0 l=0 rev1=0 crypto rx=0 tx=0 comp rx=0 tx=0).connect
2024-06-09T22:08:52.710 INFO:teuthology.orchestra.run.smithi104.stdout:/usr/bin/ceph: stderr
2024-06-09T22:08:51.631+0000 7f7f92b5d700 1 -- --> [v2:172.21.15.104:3300/0,v1:172.21.15.104:6789/0] -- mon_getmap magic: 0 -- 0x7f7f8c1077d0 con 0x7f7f8c106e70
2024-06-09T22:08:52.710 INFO:teuthology.orchestra.run.smithi104.stdout:/usr/bin/ceph: stderr
2024-06-09T22:08:51.632+0000 7f7f908f9700 1 --2- >> [v2:172.21.15.104:3300/0,v1:172.21.15.104:6789/0] conn(0x7f7f8c106e70 0x7f7f8c107290 unknown :-1 s=BANNER_CONNECTING pgs=0 cs=0 l=0 rev1=0 crypto rx=0 tx=0 comp rx=0 tx=0)._handle_peer_banner_payload supported=3 required=0
2024-06-09T22:08:52.711 INFO:teuthology.orchestra.run.smithi104.stdout:/usr/bin/ceph: stderr
2024-06-09T22:08:51.632+0000 7f7f908f9700 1 --2- >> [v2:172.21.15.104:3300/0,v1:172.21.15.104:6789/0] conn(0x7f7f8c106e70 0x7f7f8c107290 unknown :-1 s=HELLO_CONNECTING pgs=0 cs=0 l=0 rev1=1 crypto rx=0 tx=0 comp rx=0 tx=0).handle_hello peer v2:172.21.15.104:3300/0 says I am v2:172.21.15.104:53380/0 (socket says 172.21.15.104:53380)
2024-06-09T22:08:52.711 INFO:teuthology.orchestra.run.smithi104.stdout:/usr/bin/ceph: stderr
2024-06-09T22:08:51.632+0000 7f7f908f9700 1 -- 172.21.15.104:0/728864966 learned_addr learned my addr 172.21.15.104:0/728864966 (peer_addr_for_me v2:172.21.15.104:0/0)
2024-06-09T22:08:52.711 INFO:teuthology.orchestra.run.smithi104.stdout:/usr/bin/ceph: stderr
2024-06-09T22:08:51.632+0000 7f7f908f9700 1 -- 172.21.15.104:0/728864966 --> [v2:172.21.15.104:3300/0,v1:172.21.15.104:6789/0] -- mon_subscribe({config=0+,monmap=0+}) -- 0x7f7f8c107f80 con 0x7f7f8c106e70
2024-06-09T22:08:52.711 INFO:teuthology.orchestra.run.smithi104.stdout:/usr/bin/ceph: stderr
2024-06-09T22:08:51.632+0000 7f7f908f9700 1 --2- 172.21.15.104:0/728864966 >> [v2:172.21.15.104:3300/0,v1:172.21.15.104:6789/0] conn(0x7f7f8c106e70 0x7f7f8c107290 secure :-1 s=READY pgs=22 cs=0 l=1 rev1=1 crypto rx=0x7f7f80009e80 tx=0x7f7f8000b330 comp rx=0 tx=0).ready entity=mon.0 client_cookie=1579cda68971fd4f server_cookie=0 in_seq=0 out_seq=0
2024-06-09T22:08:52.711 INFO:teuthology.orchestra.run.smithi104.stdout:/usr/bin/ceph: stderr
2024-06-09T22:08:51.632+0000 7f7f8b7fe700 1 -- 172.21.15.104:0/728864966 <== mon.0 v2:172.21.15.104:3300/0 1 ==== mon_map magic: 0 ==== 205+0+0 (secure 0 0 0) 0x7f7f80017070 con 0x7f7f8c106e70
2024-06-09T22:08:52.711 INFO:teuthology.orchestra.run.smithi104.stdout:/usr/bin/ceph: stderr
2024-06-09T22:08:51.632+0000 7f7f8b7fe700 1 -- 172.21.15.104:0/728864966 <== mon.0 v2:172.21.15.104:3300/0 2 ==== config(27 keys) ==== 1109+0+0 (secure 0 0 0) 0x7f7f8000b8c0 con 0x7f7f8c106e70
2024-06-09T22:08:52.711 INFO:teuthology.orchestra.run.smithi104.stdout:/usr/bin/ceph: stderr
2024-06-09T22:08:51.632+0000 7f7f8b7fe700 1 -- 172.21.15.104:0/728864966 <== mon.0 v2:172.21.15.104:3300/0 3 ==== mon_map magic: 0 ==== 205+0+0 (secure 0 0 0) 0x7f7f800045c0 con 0x7f7f8c106e70
2024-06-09T22:08:52.711 INFO:teuthology.orchestra.run.smithi104.stdout:/usr/bin/ceph: stderr
2024-06-09T22:08:51.633+0000 7f7f92b5d700 1 -- 172.21.15.104:0/728864966 >> [v2:172.21.15.104:3300/0,v1:172.21.15.104:6789/0] conn(0x7f7f8c106e70 msgr2=0x7f7f8c107290 secure :-1 s=STATE_CONNECTION_ESTABLISHED l=1).mark_down
2024-06-09T22:08:52.711 INFO:teuthology.orchestra.run.smithi104.stdout:/usr/bin/ceph: stderr
2024-06-09T22:08:51.633+0000 7f7f92b5d700 1 --2- 172.21.15.104:0/728864966 >> [v2:172.21.15.104:3300/0,v1:172.21.15.104:6789/0] conn(0x7f7f8c106e70 0x7f7f8c107290 secure :-1 s=READY pgs=22 cs=0 l=1 rev1=1 crypto rx=0x7f7f80009e80 tx=0x7f7f8000b330 comp rx=0 tx=0).stop
2024-06-09T22:08:52.711 INFO:teuthology.orchestra.run.smithi104.stdout:/usr/bin/ceph: stderr
2024-06-09T22:08:51.633+0000 7f7f92b5d700 1 -- 172.21.15.104:0/728864966 shutdown_connections
2024-06-09T22:08:52.711 INFO:teuthology.orchestra.run.smithi104.stdout:/usr/bin/ceph: stderr
2024-06-09T22:08:51.633+0000 7f7f92b5d700 1 --2- 172.21.15.104:0/728864966 >> [v2:172.21.15.104:3300/0,v1:172.21.15.104:6789/0] conn(0x7f7f8c106e70 0x7f7f8c107290 unknown :-1 s=CLOSED pgs=22 cs=0 l=1 rev1=1 crypto rx=0 tx=0 comp rx=0 tx=0).stop
2024-06-09T22:08:52.711 INFO:teuthology.orchestra.run.smithi104.stdout:/usr/bin/ceph: stderr
2024-06-09T22:08:51.633+0000 7f7f92b5d700 1 -- 172.21.15.104:0/728864966 >> 172.21.15.104:0/728864966 conn(0x7f7f8c102410 msgr2=0x7f7f8c104850 unknown :-1 s=STATE_NONE l=0).mark_down
2024-06-09T22:08:52.712 INFO:teuthology.orchestra.run.smithi104.stdout:/usr/bin/ceph: stderr
2024-06-09T22:08:51.633+0000 7f7f92b5d700 1 -- 172.21.15.104:0/728864966 shutdown_connections
2024-06-09T22:08:52.712 INFO:teuthology.orchestra.run.smithi104.stdout:/usr/bin/ceph: stderr
2024-06-09T22:08:51.633+0000 7f7f92b5d700 1 -- 172.21.15.104:0/728864966 wait complete.
2024-06-09T22:08:52.712 INFO:teuthology.orchestra.run.smithi104.stdout:/usr/bin/ceph: stderr
2024-06-09T22:08:51.633+0000 7f7f92b5d700 1 Processor -- start
2024-06-09T22:08:52.712 INFO:teuthology.orchestra.run.smithi104.stdout:/usr/bin/ceph: stderr
2024-06-09T22:08:51.634+0000 7f7f92b5d700 1 -- start start
2024-06-09T22:08:52.712 INFO:teuthology.orchestra.run.smithi104.stdout:/usr/bin/ceph: stderr
2024-06-09T22:08:51.634+0000 7f7f92b5d700 1 --2- >> [v2:172.21.15.104:3300/0,v1:172.21.15.104:6789/0] conn(0x7f7f8c106e70 0x7f7f8c104770 unknown :-1 s=NONE pgs=0 cs=0 l=1 rev1=0 crypto rx=0 tx=0 comp rx=0 tx=0).connect
2024-06-09T22:08:52.712 INFO:teuthology.orchestra.run.smithi104.stdout:/usr/bin/ceph: stderr
2024-06-09T22:08:51.634+0000 7f7f92b5d700 1 -- --> [v2:172.21.15.104:3300/0,v1:172.21.15.104:6789/0] -- mon_getmap magic: 0 -- 0x7f7f8c10b3c0 con 0x7f7f8c106e70
2024-06-09T22:08:52.712 INFO:teuthology.orchestra.run.smithi104.stdout:/usr/bin/ceph: stderr
2024-06-09T22:08:51.634+0000 7f7f908f9700 1 --2- >> [v2:172.21.15.104:3300/0,v1:172.21.15.104:6789/0] conn(0x7f7f8c106e70 0x7f7f8c104770 unknown :-1 s=BANNER_CONNECTING pgs=0 cs=0 l=1 rev1=0 crypto rx=0 tx=0 comp rx=0 tx=0)._handle_peer_banner_payload supported=3 required=0
2024-06-09T22:08:52.712 INFO:teuthology.orchestra.run.smithi104.stdout:/usr/bin/ceph: stderr
2024-06-09T22:08:51.634+0000 7f7f908f9700 1 --2- >> [v2:172.21.15.104:3300/0,v1:172.21.15.104:6789/0] conn(0x7f7f8c106e70 0x7f7f8c104770 unknown :-1 s=HELLO_CONNECTING pgs=0 cs=0 l=1 rev1=1 crypto rx=0 tx=0 comp rx=0 tx=0).handle_hello peer v2:172.21.15.104:3300/0 says I am v2:172.21.15.104:53392/0 (socket says 172.21.15.104:53392)
2024-06-09T22:08:52.712 INFO:teuthology.orchestra.run.smithi104.stdout:/usr/bin/ceph: stderr
2024-06-09T22:08:51.634+0000 7f7f908f9700 1 -- 172.21.15.104:0/2538035083 learned_addr learned my addr 172.21.15.104:0/2538035083 (peer_addr_for_me v2:172.21.15.104:0/0)
2024-06-09T22:08:52.712 INFO:teuthology.orchestra.run.smithi104.stdout:/usr/bin/ceph: stderr
2024-06-09T22:08:51.634+0000 7f7f908f9700 1 -- 172.21.15.104:0/2538035083 --> [v2:172.21.15.104:3300/0,v1:172.21.15.104:6789/0] -- mon_subscribe({config=0+,monmap=0+}) -- 0x7f7f8c104cb0 con 0x7f7f8c106e70
2024-06-09T22:08:52.712 INFO:teuthology.orchestra.run.smithi104.stdout:/usr/bin/ceph: stderr
2024-06-09T22:08:51.634+0000 7f7f908f9700 1 --2- 172.21.15.104:0/2538035083 >> [v2:172.21.15.104:3300/0,v1:172.21.15.104:6789/0] conn(0x7f7f8c106e70 0x7f7f8c104770 secure :-1 s=READY pgs=23 cs=0 l=1 rev1=1 crypto rx=0x7f7f800072a0 tx=0x7f7f8000bd50 comp rx=0 tx=0).ready entity=mon.0 client_cookie=0 server_cookie=0 in_seq=0 out_seq=0
2024-06-09T22:08:52.713 INFO:teuthology.orchestra.run.smithi104.stdout:/usr/bin/ceph: stderr
2024-06-09T22:08:51.634+0000 7f7f89ffb700 1 -- 172.21.15.104:0/2538035083 <== mon.0 v2:172.21.15.104:3300/0 1 ==== mon_map magic: 0 ==== 205+0+0 (secure 0 0 0) 0x7f7f80020020 con 0x7f7f8c106e70
2024-06-09T22:08:52.713 INFO:teuthology.orchestra.run.smithi104.stdout:/usr/bin/ceph: stderr
2024-06-09T22:08:51.634+0000 7f7f92b5d700 1 -- 172.21.15.104:0/2538035083 --> [v2:172.21.15.104:3300/0,v1:172.21.15.104:6789/0] -- mon_subscribe({mgrmap=0+}) -- 0x7f7f8c102ea0 con 0x7f7f8c106e70
2024-06-09T22:08:52.713 INFO:teuthology.orchestra.run.smithi104.stdout:/usr/bin/ceph: stderr
2024-06-09T22:08:51.634+0000 7f7f89ffb700 1 -- 172.21.15.104:0/2538035083 <== mon.0 v2:172.21.15.104:3300/0 2 ==== config(27 keys) ==== 1109+0+0 (secure 0 0 0) 0x7f7f80003b50 con 0x7f7f8c106e70
2024-06-09T22:08:52.713 INFO:teuthology.orchestra.run.smithi104.stdout:/usr/bin/ceph: stderr
2024-06-09T22:08:51.634+0000 7f7f89ffb700 1 -- 172.21.15.104:0/2538035083 <== mon.0 v2:172.21.15.104:3300/0 3 ==== mon_map magic: 0 ==== 205+0+0 (secure 0 0 0) 0x7f7f80017040 con 0x7f7f8c106e70
2024-06-09T22:08:52.713 INFO:teuthology.orchestra.run.smithi104.stdout:/usr/bin/ceph: stderr
2024-06-09T22:08:51.635+0000 7f7f92b5d700 1 -- 172.21.15.104:0/2538035083 --> [v2:172.21.15.104:3300/0,v1:172.21.15.104:6789/0] -- mon_subscribe({osdmap=0}) -- 0x7f7f8c1033e0 con 0x7f7f8c106e70
2024-06-09T22:08:52.713 INFO:teuthology.orchestra.run.smithi104.stdout:/usr/bin/ceph: stderr
2024-06-09T22:08:51.635+0000 7f7f89ffb700 1 -- 172.21.15.104:0/2538035083 <== mon.0 v2:172.21.15.104:3300/0 4 ==== mgrmap(e 4) ==== 46276+0+0 (secure 0 0 0) 0x7f7f80023020 con 0x7f7f8c106e70
2024-06-09T22:08:52.713 INFO:teuthology.orchestra.run.smithi104.stdout:/usr/bin/ceph: stderr
2024-06-09T22:08:51.635+0000 7f7f92b5d700 1 -- 172.21.15.104:0/2538035083 --> [v2:172.21.15.104:3300/0,v1:172.21.15.104:6789/0] -- mon_command({"prefix": "get_command_descriptions"} v 0) -- 0x7f7f8c063af0 con 0x7f7f8c106e70
2024-06-09T22:08:52.713 INFO:teuthology.orchestra.run.smithi104.stdout:/usr/bin/ceph: stderr
2024-06-09T22:08:51.635+0000 7f7f89ffb700 1 --2- 172.21.15.104:0/2538035083 >> [v2:172.21.15.104:6800/1879478526,v1:172.21.15.104:6801/1879478526] conn(0x7f7f7c038fb0 0x7f7f7c03b470 unknown :-1 s=NONE pgs=0 cs=0 l=1 rev1=0 crypto rx=0 tx=0 comp rx=0 tx=0).connect
2024-06-09T22:08:52.713 INFO:teuthology.orchestra.run.smithi104.stdout:/usr/bin/ceph: stderr
2024-06-09T22:08:51.636+0000 7f7f89ffb700 1 -- 172.21.15.104:0/2538035083 <== mon.0 v2:172.21.15.104:3300/0 5 ==== osd_map(1..1 src has 1..1) ==== 725+0+0 (secure 0 0 0) 0x7f7f8000f050 con 0x7f7f8c106e70
2024-06-09T22:08:52.713 INFO:teuthology.orchestra.run.smithi104.stdout:/usr/bin/ceph: stderr
2024-06-09T22:08:51.636+0000 7f7f8bfff700 1 --2- 172.21.15.104:0/2538035083 >> [v2:172.21.15.104:6800/1879478526,v1:172.21.15.104:6801/1879478526] conn(0x7f7f7c038fb0 0x7f7f7c03b470 unknown :-1 s=BANNER_CONNECTING pgs=0 cs=0 l=1 rev1=0 crypto rx=0 tx=0 comp rx=0 tx=0)._handle_peer_banner_payload supported=3 required=0
2024-06-09T22:08:52.713 INFO:teuthology.orchestra.run.smithi104.stdout:/usr/bin/ceph: stderr
2024-06-09T22:08:51.636+0000 7f7f8bfff700 1 --2- 172.21.15.104:0/2538035083 >> [v2:172.21.15.104:6800/1879478526,v1:172.21.15.104:6801/1879478526] conn(0x7f7f7c038fb0 0x7f7f7c03b470 secure :-1 s=READY pgs=8 cs=0 l=1 rev1=1 crypto rx=0x7f7f78006fd0 tx=0x7f7f78006e40 comp rx=0 tx=0).ready entity=mgr.14100 client_cookie=0 server_cookie=0 in_seq=0 out_seq=0
2024-06-09T22:08:52.713 INFO:teuthology.orchestra.run.smithi104.stdout:/usr/bin/ceph: stderr
2024-06-09T22:08:51.640+0000 7f7f89ffb700 1 -- 172.21.15.104:0/2538035083 <== mon.0 v2:172.21.15.104:3300/0 6 ==== mon_command_ack([{"prefix": "get_command_descriptions"}]=0 v0) ==== 72+0+186418 (secure 0 0 0) 0x7f7f8002a020 con 0x7f7f8c106e70
2024-06-09T22:08:52.713 INFO:teuthology.orchestra.run.smithi104.stdout:/usr/bin/ceph: stderr
2024-06-09T22:08:51.888+0000 7f7f92b5d700 1 -- 172.21.15.104:0/2538035083 --> [v2:172.21.15.104:3300/0,v1:172.21.15.104:6789/0] -- mon_command({"prefix": "mgr module enable", "module": "cephadm"} v 0) -- 0x7f7f8c1952c0 con 0x7f7f8c106e70
2024-06-09T22:08:52.714 INFO:teuthology.orchestra.run.smithi104.stdout:/usr/bin/ceph: stderr
2024-06-09T22:08:52.138+0000 7f7f89ffb700 1 -- 172.21.15.104:0/2538035083 <== mon.0 v2:172.21.15.104:3300/0 7 ==== mon_command_ack([{"prefix": "mgr module enable", "module": "cephadm"}]=0 v5) ==== 86+0+0 (secure 0 0 0) 0x7f7f8c1952c0 con 0x7f7f8c106e70
2024-06-09T22:08:52.714 INFO:teuthology.orchestra.run.smithi104.stdout:/usr/bin/ceph: stderr
2024-06-09T22:08:52.140+0000 7f7f89ffb700 1 -- 172.21.15.104:0/2538035083 <== mon.0 v2:172.21.15.104:3300/0 8 ==== mgrmap(e 5) ==== 46287+0+0 (secure 0 0 0) 0x7f7f80025400 con 0x7f7f8c106e70
2024-06-09T22:08:52.714 INFO:teuthology.orchestra.run.smithi104.stdout:/usr/bin/ceph: stderr
2024-06-09T22:08:52.141+0000 7f7f92b5d700 1 -- 172.21.15.104:0/2538035083 >> [v2:172.21.15.104:6800/1879478526,v1:172.21.15.104:6801/1879478526] conn(0x7f7f7c038fb0 msgr2=0x7f7f7c03b470 secure :-1 s=STATE_CONNECTION_ESTABLISHED l=1).mark_down
2024-06-09T22:08:52.714 INFO:teuthology.orchestra.run.smithi104.stdout:/usr/bin/ceph: stderr
2024-06-09T22:08:52.141+0000 7f7f92b5d700 1 --2- 172.21.15.104:0/2538035083 >> [v2:172.21.15.104:6800/1879478526,v1:172.21.15.104:6801/1879478526] conn(0x7f7f7c038fb0 0x7f7f7c03b470 secure :-1 s=READY pgs=8 cs=0 l=1 rev1=1 crypto rx=0x7f7f78006fd0 tx=0x7f7f78006e40 comp rx=0 tx=0).stop
2024-06-09T22:08:52.714 INFO:teuthology.orchestra.run.smithi104.stdout:/usr/bin/ceph: stderr
2024-06-09T22:08:52.141+0000 7f7f92b5d700 1 -- 172.21.15.104:0/2538035083 >> [v2:172.21.15.104:3300/0,v1:172.21.15.104:6789/0] conn(0x7f7f8c106e70 msgr2=0x7f7f8c104770 secure :-1 s=STATE_CONNECTION_ESTABLISHED l=1).mark_down
2024-06-09T22:08:52.714 INFO:teuthology.orchestra.run.smithi104.stdout:/usr/bin/ceph: stderr
2024-06-09T22:08:52.141+0000 7f7f92b5d700 1 --2- 172.21.15.104:0/2538035083 >> [v2:172.21.15.104:3300/0,v1:172.21.15.104:6789/0] conn(0x7f7f8c106e70 0x7f7f8c104770 secure :-1 s=READY pgs=23 cs=0 l=1 rev1=1 crypto rx=0x7f7f800072a0 tx=0x7f7f8000bd50 comp rx=0 tx=0).stop
2024-06-09T22:08:52.714 INFO:teuthology.orchestra.run.smithi104.stdout:/usr/bin/ceph: stderr
2024-06-09T22:08:52.141+0000 7f7f92b5d700 1 -- 172.21.15.104:0/2538035083 shutdown_connections
2024-06-09T22:08:52.714 INFO:teuthology.orchestra.run.smithi104.stdout:/usr/bin/ceph: stderr
2024-06-09T22:08:52.141+0000 7f7f92b5d700 1 --2- 172.21.15.104:0/2538035083 >> [v2:172.21.15.104:6800/1879478526,v1:172.21.15.104:6801/1879478526] conn(0x7f7f7c038fb0 0x7f7f7c03b470 unknown :-1 s=CLOSED pgs=8 cs=0 l=1 rev1=1 crypto rx=0 tx=0 comp rx=0 tx=0).stop
2024-06-09T22:08:52.714 INFO:teuthology.orchestra.run.smithi104.stdout:/usr/bin/ceph: stderr
2024-06-09T22:08:52.141+0000 7f7f92b5d700 1 --2- 172.21.15.104:0/2538035083 >> [v2:172.21.15.104:3300/0,v1:172.21.15.104:6789/0] conn(0x7f7f8c106e70 0x7f7f8c104770 unknown :-1 s=CLOSED pgs=23 cs=0 l=1 rev1=1 crypto rx=0 tx=0 comp rx=0 tx=0).stop
2024-06-09T22:08:52.714 INFO:teuthology.orchestra.run.smithi104.stdout:/usr/bin/ceph: stderr
2024-06-09T22:08:52.141+0000 7f7f92b5d700 1 -- 172.21.15.104:0/2538035083 >> 172.21.15.104:0/2538035083 conn(0x7f7f8c102410 msgr2=0x7f7f8c192a20 unknown :-1 s=STATE_NONE l=0).mark_down
2024-06-09T22:08:52.714 INFO:teuthology.orchestra.run.smithi104.stdout:/usr/bin/ceph: stderr
2024-06-09T22:08:52.142+0000 7f7f92b5d700 1 -- 172.21.15.104:0/2538035083 shutdown_connections
2024-06-09T22:08:52.714 INFO:teuthology.orchestra.run.smithi104.stdout:/usr/bin/ceph: stderr
2024-06-09T22:08:52.142+0000 7f7f92b5d700 1 -- 172.21.15.104:0/2538035083 wait complete.
2024-06-09T22:08:52.988 INFO:journalctl@ceph.mgr.x.smithi104.stdout:Jun 09 22:08:52 smithi104 ceph-a948c0ca-26ac-11ef-bc9b-c7b262605968-mgr-x[32617]:
2024-06-09T22:08:52.914+0000 7f4d3fb5f200 -1 mgr[py] Module progress has missing NOTIFY_TYPES member
2024-06-09T22:08:53.242 INFO:journalctl@ceph.mon.a.smithi104.stdout:Jun 09 22:08:53 smithi104 ceph-mon[32389]: from='client.? 172.21.15.104:0/2538035083' entity='client.admin' cmd='[{"prefix": "mgr module enable", "module": "cephadm"}]': finished
2024-06-09T22:08:53.243 INFO:journalctl@ceph.mon.a.smithi104.stdout:Jun 09 22:08:53 smithi104 ceph-mon[32389]: mgrmap e5: x(active, since 6s)
2024-06-09T22:08:53.243 INFO:journalctl@ceph.mgr.x.smithi104.stdout:Jun 09 22:08:53 smithi104 ceph-a948c0ca-26ac-11ef-bc9b-c7b262605968-mgr-x[32617]:
