2024-06-09T22:09:03.699+0000 7fc5880d6700 1 --2- 172.21.15.104:0/1095146094 >> [v2:172.21.15.104:3300/0,v1:172.21.15.104:6789/0] conn(0x7fc580106e70 0x7fc58019ae50 unknown :-1 s=CLOSED pgs=42 cs=0 l=1 rev1=1 crypto rx=0 tx=0 comp rx=0 tx=0).stop
2024-06-09T22:09:04.319 INFO:teuthology.orchestra.run.smithi104.stdout:/usr/bin/ceph: stderr
2024-06-09T22:09:03.699+0000 7fc5880d6700 1 -- 172.21.15.104:0/1095146094 >> 172.21.15.104:0/1095146094 conn(0x7fc580102410 msgr2=0x7fc580102f70 unknown :-1 s=STATE_NONE l=0).mark_down
2024-06-09T22:09:04.319 INFO:teuthology.orchestra.run.smithi104.stdout:/usr/bin/ceph: stderr
2024-06-09T22:09:03.699+0000 7fc5880d6700 1 -- 172.21.15.104:0/1095146094 shutdown_connections
2024-06-09T22:09:04.319 INFO:teuthology.orchestra.run.smithi104.stdout:/usr/bin/ceph: stderr
2024-06-09T22:09:03.699+0000 7fc5880d6700 1 -- 172.21.15.104:0/1095146094 wait complete.
2024-06-09T22:09:04.917 INFO:journalctl@ceph.mon.a.smithi104.stdout:Jun 09 22:09:04 smithi104 ceph-mon[32389]: from='client.14136 -' entity='client.admin' cmd=[{"prefix": "cephadm generate-key", "target": ["mon-mgr", ""]}]: dispatch
2024-06-09T22:09:04.917 INFO:journalctl@ceph.mon.a.smithi104.stdout:Jun 09 22:09:04 smithi104 ceph-mon[32389]: Generating ssh key...
2024-06-09T22:09:04.917 INFO:journalctl@ceph.mon.a.smithi104.stdout:Jun 09 22:09:04 smithi104 ceph-mon[32389]: from='mgr.14120 172.21.15.104:0/3713486194' entity='mgr.x'
2024-06-09T22:09:04.917 INFO:journalctl@ceph.mon.a.smithi104.stdout:Jun 09 22:09:04 smithi104 ceph-mon[32389]: from='mgr.14120 172.21.15.104:0/3713486194' entity='mgr.x'
2024-06-09T22:09:05.505 INFO:teuthology.orchestra.run.smithi104.stdout:/usr/bin/ceph: stdout ssh-rsa AAAAB3NzaC1yc2EAAAADAQABAAABgQC/VUyIH7cF72dyZ84ZWviMNeJxtiUfX9MOxaJkPOk5H7yzbOIkVWycAP09tklpSNBlPcxQOVKN0cdOLjPsyGqBF9NvY+A2B/snv37M7AMm9E4uLoylwO3EXa1acTx161qDgLqD2IBKZ2fGowA/tPFZv1A/ncIpqZnFIWtyaASgssGRaJKegxdTVZSwRZwm8VhR1VNVJiD6bxQ1gFddNy1wxrmmkoGScgleMOOvp2Jk32+a2hYKy8gvRtIZ1CVsmmeGMyFGG+2dlY0m1LEIIM2mhf/cmzUfHK3n1dFXxC+wGi/5yhYF+O3zz3vHNfC+Axz8m6+9im5g624avZraIG2PvhYoK1gX5BMkgFdNVYEX9OQclzCqqyIzSAJnHmOYwLC//oPiNFYMONLZt1USy1asim+BeECtUvJvybHo3b4Mfz92W4a9jRK7Y/pyu8zNJzSuk+Ld5oy0mJtDPCWc+d3SAJPcHIQvVHOaJ10TEj/DysNBbI1KXOUvG6sFxcZGqfk= ceph-a948c0ca-26ac-11ef-bc9b-c7b262605968
2024-06-09T22:09:05.505 INFO:teuthology.orchestra.run.smithi104.stdout:/usr/bin/ceph: stderr
2024-06-09T22:09:04.726+0000 7fb05fa43700 1 Processor -- start
2024-06-09T22:09:05.505 INFO:teuthology.orchestra.run.smithi104.stdout:/usr/bin/ceph: stderr
2024-06-09T22:09:04.726+0000 7fb05fa43700 1 -- start start
2024-06-09T22:09:05.505 INFO:teuthology.orchestra.run.smithi104.stdout:/usr/bin/ceph: stderr
2024-06-09T22:09:04.726+0000 7fb05fa43700 1 --2- >> [v2:172.21.15.104:3300/0,v1:172.21.15.104:6789/0] conn(0x7fb058108a30 0x7fb05810ae20 unknown :-1 s=NONE pgs=0 cs=0 l=0 rev1=0 crypto rx=0 tx=0 comp rx=0 tx=0).connect
2024-06-09T22:09:05.505 INFO:teuthology.orchestra.run.smithi104.stdout:/usr/bin/ceph: stderr
2024-06-09T22:09:04.726+0000 7fb05fa43700 1 -- --> [v2:172.21.15.104:3300/0,v1:172.21.15.104:6789/0] -- mon_getmap magic: 0 -- 0x7fb05807c690 con 0x7fb058108a30
2024-06-09T22:09:05.505 INFO:teuthology.orchestra.run.smithi104.stdout:/usr/bin/ceph: stderr
2024-06-09T22:09:04.726+0000 7fb05d7df700 1 --2- >> [v2:172.21.15.104:3300/0,v1:172.21.15.104:6789/0] conn(0x7fb058108a30 0x7fb05810ae20 unknown :-1 s=BANNER_CONNECTING pgs=0 cs=0 l=0 rev1=0 crypto rx=0 tx=0 comp rx=0 tx=0)._handle_peer_banner_payload supported=3 required=0
2024-06-09T22:09:05.505 INFO:teuthology.orchestra.run.smithi104.stdout:/usr/bin/ceph: stderr
2024-06-09T22:09:04.726+0000 7fb05d7df700 1 --2- >> [v2:172.21.15.104:3300/0,v1:172.21.15.104:6789/0] conn(0x7fb058108a30 0x7fb05810ae20 unknown :-1 s=HELLO_CONNECTING pgs=0 cs=0 l=0 rev1=1 crypto rx=0 tx=0 comp rx=0 tx=0).handle_hello peer v2:172.21.15.104:3300/0 says I am v2:172.21.15.104:41920/0 (socket says 172.21.15.104:41920)
2024-06-09T22:09:05.506 INFO:teuthology.orchestra.run.smithi104.stdout:/usr/bin/ceph: stderr
2024-06-09T22:09:04.726+0000 7fb05d7df700 1 -- 172.21.15.104:0/4050304411 learned_addr learned my addr 172.21.15.104:0/4050304411 (peer_addr_for_me v2:172.21.15.104:0/0)
2024-06-09T22:09:05.506 INFO:teuthology.orchestra.run.smithi104.stdout:/usr/bin/ceph: stderr
2024-06-09T22:09:04.726+0000 7fb05d7df700 1 -- 172.21.15.104:0/4050304411 --> [v2:172.21.15.104:3300/0,v1:172.21.15.104:6789/0] -- mon_subscribe({config=0+,monmap=0+}) -- 0x7fb05810b360 con 0x7fb058108a30
2024-06-09T22:09:05.506 INFO:teuthology.orchestra.run.smithi104.stdout:/usr/bin/ceph: stderr
2024-06-09T22:09:04.727+0000 7fb05d7df700 1 --2- 172.21.15.104:0/4050304411 >> [v2:172.21.15.104:3300/0,v1:172.21.15.104:6789/0] conn(0x7fb058108a30 0x7fb05810ae20 secure :-1 s=READY pgs=43 cs=0 l=1 rev1=1 crypto rx=0x7fb0480098a0 tx=0x7fb048009bb0 comp rx=0 tx=0).ready entity=mon.0 client_cookie=44545552e80b2e08 server_cookie=0 in_seq=0 out_seq=0
2024-06-09T22:09:05.506 INFO:teuthology.orchestra.run.smithi104.stdout:/usr/bin/ceph: stderr
2024-06-09T22:09:04.727+0000 7fb04ffff700 1 -- 172.21.15.104:0/4050304411 <== mon.0 v2:172.21.15.104:3300/0 1 ==== mon_map magic: 0 ==== 205+0+0 (secure 0 0 0) 0x7fb048004160 con 0x7fb058108a30
2024-06-09T22:09:05.506 INFO:teuthology.orchestra.run.smithi104.stdout:/usr/bin/ceph: stderr
2024-06-09T22:09:04.727+0000 7fb04ffff700 1 -- 172.21.15.104:0/4050304411 <== mon.0 v2:172.21.15.104:3300/0 2 ==== config(27 keys) ==== 1109+0+0 (secure 0 0 0) 0x7fb048004300 con 0x7fb058108a30
2024-06-09T22:09:05.506 INFO:teuthology.orchestra.run.smithi104.stdout:/usr/bin/ceph: stderr
2024-06-09T22:09:04.727+0000 7fb04ffff700 1 -- 172.21.15.104:0/4050304411 <== mon.0 v2:172.21.15.104:3300/0 3 ==== mon_map magic: 0 ==== 205+0+0 (secure 0 0 0) 0x7fb048011b50 con 0x7fb058108a30
2024-06-09T22:09:05.506 INFO:teuthology.orchestra.run.smithi104.stdout:/usr/bin/ceph: stderr
2024-06-09T22:09:04.727+0000 7fb05fa43700 1 -- 172.21.15.104:0/4050304411 >> [v2:172.21.15.104:3300/0,v1:172.21.15.104:6789/0] conn(0x7fb058108a30 msgr2=0x7fb05810ae20 secure :-1 s=STATE_CONNECTION_ESTABLISHED l=1).mark_down
2024-06-09T22:09:05.506 INFO:teuthology.orchestra.run.smithi104.stdout:/usr/bin/ceph: stderr
2024-06-09T22:09:04.727+0000 7fb05fa43700 1 --2- 172.21.15.104:0/4050304411 >> [v2:172.21.15.104:3300/0,v1:172.21.15.104:6789/0] conn(0x7fb058108a30 0x7fb05810ae20 secure :-1 s=READY pgs=43 cs=0 l=1 rev1=1 crypto rx=0x7fb0480098a0 tx=0x7fb048009bb0 comp rx=0 tx=0).stop
2024-06-09T22:09:05.506 INFO:teuthology.orchestra.run.smithi104.stdout:/usr/bin/ceph: stderr
2024-06-09T22:09:04.727+0000 7fb05fa43700 1 -- 172.21.15.104:0/4050304411 shutdown_connections
2024-06-09T22:09:05.506 INFO:teuthology.orchestra.run.smithi104.stdout:/usr/bin/ceph: stderr
2024-06-09T22:09:04.727+0000 7fb05fa43700 1 --2- 172.21.15.104:0/4050304411 >> [v2:172.21.15.104:3300/0,v1:172.21.15.104:6789/0] conn(0x7fb058108a30 0x7fb05810ae20 unknown :-1 s=CLOSED pgs=43 cs=0 l=1 rev1=1 crypto rx=0 tx=0 comp rx=0 tx=0).stop
2024-06-09T22:09:05.506 INFO:teuthology.orchestra.run.smithi104.stdout:/usr/bin/ceph: stderr
2024-06-09T22:09:04.727+0000 7fb05fa43700 1 -- 172.21.15.104:0/4050304411 >> 172.21.15.104:0/4050304411 conn(0x7fb058102440 msgr2=0x7fb058104860 unknown :-1 s=STATE_NONE l=0).mark_down
2024-06-09T22:09:05.506 INFO:teuthology.orchestra.run.smithi104.stdout:/usr/bin/ceph: stderr
2024-06-09T22:09:04.727+0000 7fb05fa43700 1 -- 172.21.15.104:0/4050304411 shutdown_connections
2024-06-09T22:09:05.506 INFO:teuthology.orchestra.run.smithi104.stdout:/usr/bin/ceph: stderr
2024-06-09T22:09:04.727+0000 7fb05fa43700 1 -- 172.21.15.104:0/4050304411 wait complete.
2024-06-09T22:09:05.507 INFO:teuthology.orchestra.run.smithi104.stdout:/usr/bin/ceph: stderr
2024-06-09T22:09:04.728+0000 7fb05fa43700 1 Processor -- start
2024-06-09T22:09:05.507 INFO:teuthology.orchestra.run.smithi104.stdout:/usr/bin/ceph: stderr
2024-06-09T22:09:04.728+0000 7fb05fa43700 1 -- start start
2024-06-09T22:09:05.507 INFO:teuthology.orchestra.run.smithi104.stdout:/usr/bin/ceph: stderr
2024-06-09T22:09:04.728+0000 7fb05fa43700 1 --2- >> [v2:172.21.15.104:3300/0,v1:172.21.15.104:6789/0] conn(0x7fb058108a30 0x7fb05819beb0 unknown :-1 s=NONE pgs=0 cs=0 l=1 rev1=0 crypto rx=0 tx=0 comp rx=0 tx=0).connect
2024-06-09T22:09:05.507 INFO:teuthology.orchestra.run.smithi104.stdout:/usr/bin/ceph: stderr
2024-06-09T22:09:04.728+0000 7fb05fa43700 1 -- --> [v2:172.21.15.104:3300/0,v1:172.21.15.104:6789/0] -- mon_getmap magic: 0 -- 0x7fb05810c320 con 0x7fb058108a30
2024-06-09T22:09:05.507 INFO:teuthology.orchestra.run.smithi104.stdout:/usr/bin/ceph: stderr
2024-06-09T22:09:04.728+0000 7fb05d7df700 1 --2- >> [v2:172.21.15.104:3300/0,v1:172.21.15.104:6789/0] conn(0x7fb058108a30 0x7fb05819beb0 unknown :-1 s=BANNER_CONNECTING pgs=0 cs=0 l=1 rev1=0 crypto rx=0 tx=0 comp rx=0 tx=0)._handle_peer_banner_payload supported=3 required=0
2024-06-09T22:09:05.507 INFO:teuthology.orchestra.run.smithi104.stdout:/usr/bin/ceph: stderr
2024-06-09T22:09:04.728+0000 7fb05d7df700 1 --2- >> [v2:172.21.15.104:3300/0,v1:172.21.15.104:6789/0] conn(0x7fb058108a30 0x7fb05819beb0 unknown :-1 s=HELLO_CONNECTING pgs=0 cs=0 l=1 rev1=1 crypto rx=0 tx=0 comp rx=0 tx=0).handle_hello peer v2:172.21.15.104:3300/0 says I am v2:172.21.15.104:41926/0 (socket says 172.21.15.104:41926)
2024-06-09T22:09:05.507 INFO:teuthology.orchestra.run.smithi104.stdout:/usr/bin/ceph: stderr
2024-06-09T22:09:04.728+0000 7fb05d7df700 1 -- 172.21.15.104:0/418336942 learned_addr learned my addr 172.21.15.104:0/418336942 (peer_addr_for_me v2:172.21.15.104:0/0)
2024-06-09T22:09:05.507 INFO:teuthology.orchestra.run.smithi104.stdout:/usr/bin/ceph: stderr
2024-06-09T22:09:04.729+0000 7fb05d7df700 1 -- 172.21.15.104:0/418336942 --> [v2:172.21.15.104:3300/0,v1:172.21.15.104:6789/0] -- mon_subscribe({config=0+,monmap=0+}) -- 0x7fb05819c3f0 con 0x7fb058108a30
2024-06-09T22:09:05.507 INFO:teuthology.orchestra.run.smithi104.stdout:/usr/bin/ceph: stderr
2024-06-09T22:09:04.729+0000 7fb05d7df700 1 --2- 172.21.15.104:0/418336942 >> [v2:172.21.15.104:3300/0,v1:172.21.15.104:6789/0] conn(0x7fb058108a30 0x7fb05819beb0 secure :-1 s=READY pgs=44 cs=0 l=1 rev1=1 crypto rx=0x7fb048011670 tx=0x7fb048011b60 comp rx=0 tx=0).ready entity=mon.0 client_cookie=0 server_cookie=0 in_seq=0 out_seq=0
2024-06-09T22:09:05.507 INFO:teuthology.orchestra.run.smithi104.stdout:/usr/bin/ceph: stderr
2024-06-09T22:09:04.729+0000 7fb04e7fc700 1 -- 172.21.15.104:0/418336942 <== mon.0 v2:172.21.15.104:3300/0 1 ==== mon_map magic: 0 ==== 205+0+0 (secure 0 0 0) 0x7fb0480039c0 con 0x7fb058108a30
2024-06-09T22:09:05.507 INFO:teuthology.orchestra.run.smithi104.stdout:/usr/bin/ceph: stderr
2024-06-09T22:09:04.729+0000 7fb05fa43700 1 -- 172.21.15.104:0/418336942 --> [v2:172.21.15.104:3300/0,v1:172.21.15.104:6789/0] -- mon_subscribe({mgrmap=0+}) -- 0x7fb05819c680 con 0x7fb058108a30
2024-06-09T22:09:05.507 INFO:teuthology.orchestra.run.smithi104.stdout:/usr/bin/ceph: stderr
2024-06-09T22:09:04.729+0000 7fb04e7fc700 1 -- 172.21.15.104:0/418336942 <== mon.0 v2:172.21.15.104:3300/0 2 ==== config(27 keys) ==== 1109+0+0 (secure 0 0 0) 0x7fb048011e50 con 0x7fb058108a30
2024-06-09T22:09:05.507 INFO:teuthology.orchestra.run.smithi104.stdout:/usr/bin/ceph: stderr
2024-06-09T22:09:04.729+0000 7fb04e7fc700 1 -- 172.21.15.104:0/418336942 <== mon.0 v2:172.21.15.104:3300/0 3 ==== mon_map magic: 0 ==== 205+0+0 (secure 0 0 0) 0x7fb04801a5c0 con 0x7fb058108a30
2024-06-09T22:09:05.507 INFO:teuthology.orchestra.run.smithi104.stdout:/usr/bin/ceph: stderr
2024-06-09T22:09:04.729+0000 7fb05fa43700 1 -- 172.21.15.104:0/418336942 --> [v2:172.21.15.104:3300/0,v1:172.21.15.104:6789/0] -- mon_subscribe({osdmap=0}) -- 0x7fb05819f370 con 0x7fb058108a30
2024-06-09T22:09:05.507 INFO:teuthology.orchestra.run.smithi104.stdout:/usr/bin/ceph: stderr
2024-06-09T22:09:04.730+0000 7fb04e7fc700 1 -- 172.21.15.104:0/418336942 <== mon.0 v2:172.21.15.104:3300/0 4 ==== mgrmap(e 8) ==== 46287+0+0 (secure 0 0 0) 0x7fb048024430 con 0x7fb058108a30
2024-06-09T22:09:05.508 INFO:teuthology.orchestra.run.smithi104.stdout:/usr/bin/ceph: stderr
2024-06-09T22:09:04.730+0000 7fb04e7fc700 1 --2- 172.21.15.104:0/418336942 >> [v2:172.21.15.104:6800/85752866,v1:172.21.15.104:6801/85752866] conn(0x7fb044039000 0x7fb04403b4c0 unknown :-1 s=NONE pgs=0 cs=0 l=1 rev1=0 crypto rx=0 tx=0 comp rx=0 tx=0).connect
2024-06-09T22:09:05.508 INFO:teuthology.orchestra.run.smithi104.stdout:/usr/bin/ceph: stderr
2024-06-09T22:09:04.730+0000 7fb04e7fc700 1 -- 172.21.15.104:0/418336942 <== mon.0 v2:172.21.15.104:3300/0 5 ==== osd_map(2..2 src has 1..2) ==== 940+0+0 (secure 0 0 0) 0x7fb04804d520 con 0x7fb058108a30
2024-06-09T22:09:05.508 INFO:teuthology.orchestra.run.smithi104.stdout:/usr/bin/ceph: stderr
2024-06-09T22:09:04.730+0000 7fb05fa43700 1 -- 172.21.15.104:0/418336942 --> [v2:172.21.15.104:3300/0,v1:172.21.15.104:6789/0] -- mon_command({"prefix": "get_command_descriptions"} v 0) -- 0x7fb058063af0 con 0x7fb058108a30
2024-06-09T22:09:05.508 INFO:teuthology.orchestra.run.smithi104.stdout:/usr/bin/ceph: stderr
2024-06-09T22:09:04.730+0000 7fb05cfde700 1 --2- 172.21.15.104:0/418336942 >> [v2:172.21.15.104:6800/85752866,v1:172.21.15.104:6801/85752866] conn(0x7fb044039000 0x7fb04403b4c0 unknown :-1 s=BANNER_CONNECTING pgs=0 cs=0 l=1 rev1=0 crypto rx=0 tx=0 comp rx=0 tx=0)._handle_peer_banner_payload supported=3 required=0
2024-06-09T22:09:05.508 INFO:teuthology.orchestra.run.smithi104.stdout:/usr/bin/ceph: stderr
2024-06-09T22:09:04.730+0000 7fb05cfde700 1 --2- 172.21.15.104:0/418336942 >> [v2:172.21.15.104:6800/85752866,v1:172.21.15.104:6801/85752866] conn(0x7fb044039000 0x7fb04403b4c0 secure :-1 s=READY pgs=10 cs=0 l=1 rev1=1 crypto rx=0x7fb054006fd0 tx=0x7fb054006e40 comp rx=0 tx=0).ready entity=mgr.14120 client_cookie=0 server_cookie=0 in_seq=0 out_seq=0
2024-06-09T22:09:05.508 INFO:teuthology.orchestra.run.smithi104.stdout:/usr/bin/ceph: stderr
2024-06-09T22:09:04.735+0000 7fb04e7fc700 1 -- 172.21.15.104:0/418336942 <== mon.0 v2:172.21.15.104:3300/0 6 ==== mon_command_ack([{"prefix": "get_command_descriptions"}]=0 v0) ==== 72+0+186418 (secure 0 0 0) 0x7fb04802d910 con 0x7fb058108a30
2024-06-09T22:09:05.508 INFO:teuthology.orchestra.run.smithi104.stdout:/usr/bin/ceph: stderr
2024-06-09T22:09:04.931+0000 7fb05fa43700 1 -- 172.21.15.104:0/418336942 --> [v2:172.21.15.104:6800/85752866,v1:172.21.15.104:6801/85752866] -- mgr_command(tid 0: {"prefix": "cephadm get-pub-key", "target": ["mon-mgr", ""]}) -- 0x7fb0581036b0 con 0x7fb044039000
2024-06-09T22:09:05.508 INFO:teuthology.orchestra.run.smithi104.stdout:/usr/bin/ceph: stderr
2024-06-09T22:09:04.931+0000 7fb04e7fc700 1 -- 172.21.15.104:0/418336942 <== mgr.14120 v2:172.21.15.104:6800/85752866 1 ==== mgr_command_reply(tid 0: 0 ) ==== 8+0+595 (secure 0 0 0) 0x7fb0581036b0 con 0x7fb044039000
2024-06-09T22:09:05.508 INFO:teuthology.orchestra.run.smithi104.stdout:/usr/bin/ceph: stderr
2024-06-09T22:09:04.933+0000 7fb05fa43700 1 -- 172.21.15.104:0/418336942 >> [v2:172.21.15.104:6800/85752866,v1:172.21.15.104:6801/85752866] conn(0x7fb044039000 msgr2=0x7fb04403b4c0 secure :-1 s=STATE_CONNECTION_ESTABLISHED l=1).mark_down
2024-06-09T22:09:05.508 INFO:teuthology.orchestra.run.smithi104.stdout:/usr/bin/ceph: stderr
2024-06-09T22:09:04.933+0000 7fb05fa43700 1 --2- 172.21.15.104:0/418336942 >> [v2:172.21.15.104:6800/85752866,v1:172.21.15.104:6801/85752866] conn(0x7fb044039000 0x7fb04403b4c0 secure :-1 s=READY pgs=10 cs=0 l=1 rev1=1 crypto rx=0x7fb054006fd0 tx=0x7fb054006e40 comp rx=0 tx=0).stop
2024-06-09T22:09:05.508 INFO:teuthology.orchestra.run.smithi104.stdout:/usr/bin/ceph: stderr
2024-06-09T22:09:04.933+0000 7fb05fa43700 1 -- 172.21.15.104:0/418336942 >> [v2:172.21.15.104:3300/0,v1:172.21.15.104:6789/0] conn(0x7fb058108a30 msgr2=0x7fb05819beb0 secure :-1 s=STATE_CONNECTION_ESTABLISHED l=1).mark_down
2024-06-09T22:09:05.508 INFO:teuthology.orchestra.run.smithi104.stdout:/usr/bin/ceph: stderr
2024-06-09T22:09:04.933+0000 7fb05fa43700 1 --2- 172.21.15.104:0/418336942 >> [v2:172.21.15.104:3300/0,v1:172.21.15.104:6789/0] conn(0x7fb058108a30 0x7fb05819beb0 secure :-1 s=READY pgs=44 cs=0 l=1 rev1=1 crypto rx=0x7fb048011670 tx=0x7fb048011b60 comp rx=0 tx=0).stop
2024-06-09T22:09:05.508 INFO:teuthology.orchestra.run.smithi104.stdout:/usr/bin/ceph: stderr
2024-06-09T22:09:04.933+0000 7fb05fa43700 1 -- 172.21.15.104:0/418336942 shutdown_connections
2024-06-09T22:09:05.509 INFO:teuthology.orchestra.run.smithi104.stdout:/usr/bin/ceph: stderr
2024-06-09T22:09:04.933+0000 7fb05fa43700 1 --2- 172.21.15.104:0/418336942 >> [v2:172.21.15.104:6800/85752866,v1:172.21.15.104:6801/85752866] conn(0x7fb044039000 0x7fb04403b4c0 unknown :-1 s=CLOSED pgs=10 cs=0 l=1 rev1=1 crypto rx=0 tx=0 comp rx=0 tx=0).stop
2024-06-09T22:09:05.509 INFO:teuthology.orchestra.run.smithi104.stdout:/usr/bin/ceph: stderr
2024-06-09T22:09:04.933+0000 7fb05fa43700 1 --2- 172.21.15.104:0/418336942 >> [v2:172.21.15.104:3300/0,v1:172.21.15.104:6789/0] conn(0x7fb058108a30 0x7fb05819beb0 unknown :-1 s=CLOSED pgs=44 cs=0 l=1 rev1=1 crypto rx=0 tx=0 comp rx=0 tx=0).stop
2024-06-09T22:09:05.509 INFO:teuthology.orchestra.run.smithi104.stdout:/usr/bin/ceph: stderr
2024-06-09T22:09:04.934+0000 7fb05fa43700 1 -- 172.21.15.104:0/418336942 >> 172.21.15.104:0/418336942 conn(0x7fb058102440 msgr2=0x7fb058102fa0 unknown :-1 s=STATE_NONE l=0).mark_down
2024-06-09T22:09:05.509 INFO:teuthology.orchestra.run.smithi104.stdout:/usr/bin/ceph: stderr
2024-06-09T22:09:04.934+0000 7fb05fa43700 1 -- 172.21.15.104:0/418336942 shutdown_connections
2024-06-09T22:09:05.509 INFO:teuthology.orchestra.run.smithi104.stdout:/usr/bin/ceph: stderr
2024-06-09T22:09:04.934+0000 7fb05fa43700 1 -- 172.21.15.104:0/418336942 wait complete.
2024-06-09T22:09:05.509 INFO:teuthology.orchestra.run.smithi104.stdout:Wrote public SSH key to /home/ubuntu/cephtest/ceph.pub
2024-06-09T22:09:05.509 INFO:teuthology.orchestra.run.smithi104.stdout:Adding key to root@localhost authorized_keys...
2024-06-09T22:09:05.509 INFO:teuthology.orchestra.run.smithi104.stdout:Adding host smithi104...
2024-06-09T22:09:05.993 INFO:journalctl@ceph.mon.a.smithi104.stdout:Jun 09 22:09:05 smithi104 ceph-mon[32389]: from='client.14138 -' entity='client.admin' cmd=[{"prefix": "cephadm get-pub-key", "target": ["mon-mgr", ""]}]: dispatch
2024-06-09T22:09:06.726 INFO:journalctl@ceph.mon.a.smithi104.stdout:Jun 09 22:09:06 smithi104 ceph-mon[32389]: from='client.14140 -' entity='client.admin' cmd=[{"prefix": "orch host add", "hostname": "smithi104", "addr": "172.21.15.104", "target": ["mon-mgr", ""]}]: dispatch
2024-06-09T22:09:07.993 INFO:journalctl@ceph.mon.a.smithi104.stdout:Jun 09 22:09:07 smithi104 ceph-mon[32389]: Deploying cephadm binary to smithi104
2024-06-09T22:09:10.697 INFO:teuthology.orchestra.run.smithi104.stdout:/usr/bin/ceph: stdout Added host 'smithi104' with addr '172.21.15.104'
2024-06-09T22:09:10.697 INFO:teuthology.orchestra.run.smithi104.stdout:/usr/bin/ceph: stderr
2024-06-09T22:09:05.926+0000 7fa6750a4700 1 Processor -- start
2024-06-09T22:09:10.697 INFO:teuthology.orchestra.run.smithi104.stdout:/usr/bin/ceph: stderr
2024-06-09T22:09:05.927+0000 7fa6750a4700 1 -- start start
2024-06-09T22:09:10.697 INFO:teuthology.orchestra.run.smithi104.stdout:/usr/bin/ceph: stderr
2024-06-09T22:09:05.927+0000 7fa6750a4700 1 --2- >> [v2:172.21.15.104:3300/0,v1:172.21.15.104:6789/0] conn(0x7fa670108a40 0x7fa67010ae30 unknown :-1 s=NONE pgs=0 cs=0 l=0 rev1=0 crypto rx=0 tx=0 comp rx=0 tx=0).connect
2024-06-09T22:09:10.697 INFO:teuthology.orchestra.run.smithi104.stdout:/usr/bin/ceph: stderr
2024-06-09T22:09:05.927+0000 7fa6750a4700 1 -- --> [v2:172.21.15.104:3300/0,v1:172.21.15.104:6789/0] -- mon_getmap magic: 0 -- 0x7fa67007c670 con 0x7fa670108a40
2024-06-09T22:09:10.697 INFO:teuthology.orchestra.run.smithi104.stdout:/usr/bin/ceph: stderr
2024-06-09T22:09:05.927+0000 7fa66ed9d700 1 --2- >> [v2:172.21.15.104:3300/0,v1:172.21.15.104:6789/0] conn(0x7fa670108a40 0x7fa67010ae30 unknown :-1 s=BANNER_CONNECTING pgs=0 cs=0 l=0 rev1=0 crypto rx=0 tx=0 comp rx=0 tx=0)._handle_peer_banner_payload supported=3 required=0
2024-06-09T22:09:10.697 INFO:teuthology.orchestra.run.smithi104.stdout:/usr/bin/ceph: stderr
2024-06-09T22:09:05.927+0000 7fa66ed9d700 1 --2- >> [v2:172.21.15.104:3300/0,v1:172.21.15.104:6789/0] conn(0x7fa670108a40 0x7fa67010ae30 unknown :-1 s=HELLO_CONNECTING pgs=0 cs=0 l=0 rev1=1 crypto rx=0 tx=0 comp rx=0 tx=0).handle_hello peer v2:172.21.15.104:3300/0 says I am v2:172.21.15.104:41934/0 (socket says 172.21.15.104:41934)
2024-06-09T22:09:10.697 INFO:teuthology.orchestra.run.smithi104.stdout:/usr/bin/ceph: stderr
2024-06-09T22:09:05.927+0000 7fa66ed9d700 1 -- 172.21.15.104:0/1191925648 learned_addr learned my addr 172.21.15.104:0/1191925648 (peer_addr_for_me v2:172.21.15.104:0/0)
2024-06-09T22:09:10.697 INFO:teuthology.orchestra.run.smithi104.stdout:/usr/bin/ceph: stderr
2024-06-09T22:09:05.927+0000 7fa66ed9d700 1 -- 172.21.15.104:0/1191925648 --> [v2:172.21.15.104:3300/0,v1:172.21.15.104:6789/0] -- mon_subscribe({config=0+,monmap=0+}) -- 0x7fa67010b370 con 0x7fa670108a40
2024-06-09T22:09:10.697 INFO:teuthology.orchestra.run.smithi104.stdout:/usr/bin/ceph: stderr
2024-06-09T22:09:05.927+0000 7fa66ed9d700 1 --2- 172.21.15.104:0/1191925648 >> [v2:172.21.15.104:3300/0,v1:172.21.15.104:6789/0] conn(0x7fa670108a40 0x7fa67010ae30 secure :-1 s=READY pgs=45 cs=0 l=1 rev1=1 crypto rx=0x7fa6580098a0 tx=0x7fa658009bb0 comp rx=0 tx=0).ready entity=mon.0 client_cookie=f62d0b9f35fbc942 server_cookie=0 in_seq=0 out_seq=0
2024-06-09T22:09:10.698 INFO:teuthology.orchestra.run.smithi104.stdout:/usr/bin/ceph: stderr
2024-06-09T22:09:05.927+0000 7fa66dd9b700 1 -- 172.21.15.104:0/1191925648 <== mon.0 v2:172.21.15.104:3300/0 1 ==== mon_map magic: 0 ==== 205+0+0 (secure 0 0 0) 0x7fa658004160 con 0x7fa670108a40
2024-06-09T22:09:10.698 INFO:teuthology.orchestra.run.smithi104.stdout:/usr/bin/ceph: stderr
2024-06-09T22:09:05.927+0000 7fa66dd9b700 1 -- 172.21.15.104:0/1191925648 <== mon.0 v2:172.21.15.104:3300/0 2 ==== config(27 keys) ==== 1109+0+0 (secure 0 0 0) 0x7fa658004300 con 0x7fa670108a40
2024-06-09T22:09:10.698 INFO:teuthology.orchestra.run.smithi104.stdout:/usr/bin/ceph: stderr
2024-06-09T22:09:05.927+0000 7fa66dd9b700 1 -- 172.21.15.104:0/1191925648 <== mon.0 v2:172.21.15.104:3300/0 3 ==== mon_map magic: 0 ==== 205+0+0 (secure 0 0 0) 0x7fa658011b50 con 0x7fa670108a40
2024-06-09T22:09:10.698 INFO:teuthology.orchestra.run.smithi104.stdout:/usr/bin/ceph: stderr
2024-06-09T22:09:05.928+0000 7fa6750a4700 1 -- 172.21.15.104:0/1191925648 >> [v2:172.21.15.104:3300/0,v1:172.21.15.104:6789/0] conn(0x7fa670108a40 msgr2=0x7fa67010ae30 secure :-1 s=STATE_CONNECTION_ESTABLISHED l=1).mark_down
2024-06-09T22:09:10.698 INFO:teuthology.orchestra.run.smithi104.stdout:/usr/bin/ceph: stderr
2024-06-09T22:09:05.928+0000 7fa6750a4700 1 --2- 172.21.15.104:0/1191925648 >> [v2:172.21.15.104:3300/0,v1:172.21.15.104:6789/0] conn(0x7fa670108a40 0x7fa67010ae30 secure :-1 s=READY pgs=45 cs=0 l=1 rev1=1 crypto rx=0x7fa6580098a0 tx=0x7fa658009bb0 comp rx=0 tx=0).stop
2024-06-09T22:09:10.698 INFO:teuthology.orchestra.run.smithi104.stdout:/usr/bin/ceph: stderr
2024-06-09T22:09:05.928+0000 7fa6750a4700 1 -- 172.21.15.104:0/1191925648 shutdown_connections
2024-06-09T22:09:10.698 INFO:teuthology.orchestra.run.smithi104.stdout:/usr/bin/ceph: stderr
2024-06-09T22:09:05.928+0000 7fa6750a4700 1 --2- 172.21.15.104:0/1191925648 >> [v2:172.21.15.104:3300/0,v1:172.21.15.104:6789/0] conn(0x7fa670108a40 0x7fa67010ae30 unknown :-1 s=CLOSED pgs=45 cs=0 l=1 rev1=1 crypto rx=0 tx=0 comp rx=0 tx=0).stop
2024-06-09T22:09:10.698 INFO:teuthology.orchestra.run.smithi104.stdout:/usr/bin/ceph: stderr
2024-06-09T22:09:05.928+0000 7fa6750a4700 1 -- 172.21.15.104:0/1191925648 >> 172.21.15.104:0/1191925648 conn(0x7fa670102410 msgr2=0x7fa670104850 unknown :-1 s=STATE_NONE l=0).mark_down
2024-06-09T22:09:10.698 INFO:teuthology.orchestra.run.smithi104.stdout:/usr/bin/ceph: stderr
2024-06-09T22:09:05.928+0000 7fa6750a4700 1 -- 172.21.15.104:0/1191925648 shutdown_connections
2024-06-09T22:09:10.698 INFO:teuthology.orchestra.run.smithi104.stdout:/usr/bin/ceph: stderr
2024-06-09T22:09:05.928+0000 7fa6750a4700 1 -- 172.21.15.104:0/1191925648 wait complete.
2024-06-09T22:09:10.698 INFO:teuthology.orchestra.run.smithi104.stdout:/usr/bin/ceph: stderr
2024-06-09T22:09:05.929+0000 7fa6750a4700 1 Processor -- start
2024-06-09T22:09:10.699 INFO:teuthology.orchestra.run.smithi104.stdout:/usr/bin/ceph: stderr
2024-06-09T22:09:05.929+0000 7fa6750a4700 1 -- start start
2024-06-09T22:09:10.699 INFO:teuthology.orchestra.run.smithi104.stdout:/usr/bin/ceph: stderr
2024-06-09T22:09:05.929+0000 7fa6750a4700 1 --2- >> [v2:172.21.15.104:3300/0,v1:172.21.15.104:6789/0] conn(0x7fa670108a40 0x7fa6701082c0 unknown :-1 s=NONE pgs=0 cs=0 l=1 rev1=0 crypto rx=0 tx=0 comp rx=0 tx=0).connect
2024-06-09T22:09:10.699 INFO:teuthology.orchestra.run.smithi104.stdout:/usr/bin/ceph: stderr
2024-06-09T22:09:05.929+0000 7fa6750a4700 1 -- --> [v2:172.21.15.104:3300/0,v1:172.21.15.104:6789/0] -- mon_getmap magic: 0 -- 0x7fa67010c330 con 0x7fa670108a40
2024-06-09T22:09:10.699 INFO:teuthology.orchestra.run.smithi104.stdout:/usr/bin/ceph: stderr
2024-06-09T22:09:05.929+0000 7fa66ed9d700 1 --2- >> [v2:172.21.15.104:3300/0,v1:172.21.15.104:6789/0] conn(0x7fa670108a40 0x7fa6701082c0 unknown :-1 s=BANNER_CONNECTING pgs=0 cs=0 l=1 rev1=0 crypto rx=0 tx=0 comp rx=0 tx=0)._handle_peer_banner_payload supported=3 required=0
2024-06-09T22:09:10.699 INFO:teuthology.orchestra.run.smithi104.stdout:/usr/bin/ceph: stderr
2024-06-09T22:09:05.929+0000 7fa66ed9d700 1 --2- >> [v2:172.21.15.104:3300/0,v1:172.21.15.104:6789/0] conn(0x7fa670108a40 0x7fa6701082c0 unknown :-1 s=HELLO_CONNECTING pgs=0 cs=0 l=1 rev1=1 crypto rx=0 tx=0 comp rx=0 tx=0).handle_hello peer v2:172.21.15.104:3300/0 says I am v2:172.21.15.104:41940/0 (socket says 172.21.15.104:41940)
2024-06-09T22:09:10.699 INFO:teuthology.orchestra.run.smithi104.stdout:/usr/bin/ceph: stderr
2024-06-09T22:09:05.929+0000 7fa66ed9d700 1 -- 172.21.15.104:0/2871293814 learned_addr learned my addr 172.21.15.104:0/2871293814 (peer_addr_for_me v2:172.21.15.104:0/0)
2024-06-09T22:09:10.699 INFO:teuthology.orchestra.run.smithi104.stdout:/usr/bin/ceph: stderr
2024-06-09T22:09:05.929+0000 7fa66ed9d700 1 -- 172.21.15.104:0/2871293814 --> [v2:172.21.15.104:3300/0,v1:172.21.15.104:6789/0] -- mon_subscribe({config=0+,monmap=0+}) -- 0x7fa670108800 con 0x7fa670108a40
2024-06-09T22:09:10.699 INFO:teuthology.orchestra.run.smithi104.stdout:/usr/bin/ceph: stderr
2024-06-09T22:09:05.930+0000 7fa66ed9d700 1 --2- 172.21.15.104:0/2871293814 >> [v2:172.21.15.104:3300/0,v1:172.21.15.104:6789/0] conn(0x7fa670108a40 0x7fa6701082c0 secure :-1 s=READY pgs=46 cs=0 l=1 rev1=1 crypto rx=0x7fa658011670 tx=0x7fa658011b60 comp rx=0 tx=0).ready entity=mon.0 client_cookie=0 server_cookie=0 in_seq=0 out_seq=0
2024-06-09T22:09:10.699 INFO:teuthology.orchestra.run.smithi104.stdout:/usr/bin/ceph: stderr
2024-06-09T22:09:05.930+0000 7fa667fff700 1 -- 172.21.15.104:0/2871293814 <== mon.0 v2:172.21.15.104:3300/0 1 ==== mon_map magic: 0 ==== 205+0+0 (secure 0 0 0) 0x7fa6580039c0 con 0x7fa670108a40
2024-06-09T22:09:10.699 INFO:teuthology.orchestra.run.smithi104.stdout:/usr/bin/ceph: stderr
2024-06-09T22:09:05.930+0000 7fa667fff700 1 -- 172.21.15.104:0/2871293814 <== mon.0 v2:172.21.15.104:3300/0 2 ==== config(27 keys) ==== 1109+0+0 (secure 0 0 0) 0x7fa658011e50 con 0x7fa670108a40
2024-06-09T22:09:10.699 INFO:teuthology.orchestra.run.smithi104.stdout:/usr/bin/ceph: stderr
2024-06-09T22:09:05.930+0000 7fa6750a4700 1 -- 172.21.15.104:0/2871293814 --> [v2:172.21.15.104:3300/0,v1:172.21.15.104:6789/0] -- mon_subscribe({mgrmap=0+}) -- 0x7fa6701069f0 con 0x7fa670108a40
2024-06-09T22:09:10.699 INFO:teuthology.orchestra.run.smithi104.stdout:/usr/bin/ceph: stderr
2024-06-09T22:09:05.930+0000 7fa667fff700 1 -- 172.21.15.104:0/2871293814 <== mon.0 v2:172.21.15.104:3300/0 3 ==== mon_map magic: 0 ==== 205+0+0 (secure 0 0 0) 0x7fa65801a5c0 con 0x7fa670108a40
2024-06-09T22:09:10.699 INFO:teuthology.orchestra.run.smithi104.stdout:/usr/bin/ceph: stderr
2024-06-09T22:09:05.930+0000 7fa6750a4700 1 -- 172.21.15.104:0/2871293814 --> [v2:172.21.15.104:3300/0,v1:172.21.15.104:6789/0] -- mon_subscribe({osdmap=0}) -- 0x7fa670106f30 con 0x7fa670108a40
2024-06-09T22:09:10.700 INFO:teuthology.orchestra.run.smithi104.stdout:/usr/bin/ceph: stderr
2024-06-09T22:09:05.931+0000 7fa667fff700 1 -- 172.21.15.104:0/2871293814 <== mon.0 v2:172.21.15.104:3300/0 4 ==== mgrmap(e 8) ==== 46287+0+0 (secure 0 0 0) 0x7fa65801a8c0 con 0x7fa670108a40
2024-06-09T22:09:10.700 INFO:teuthology.orchestra.run.smithi104.stdout:/usr/bin/ceph: stderr
2024-06-09T22:09:05.931+0000 7fa6750a4700 1 -- 172.21.15.104:0/2871293814 --> [v2:172.21.15.104:3300/0,v1:172.21.15.104:6789/0] -- mon_command({"prefix": "get_command_descriptions"} v 0) -- 0x7fa670063af0 con 0x7fa670108a40
2024-06-09T22:09:10.700 INFO:teuthology.orchestra.run.smithi104.stdout:/usr/bin/ceph: stderr
2024-06-09T22:09:05.931+0000 7fa667fff700 1 --2- 172.21.15.104:0/2871293814 >> [v2:172.21.15.104:6800/85752866,v1:172.21.15.104:6801/85752866] conn(0x7fa65c039000 0x7fa65c03b4c0 unknown :-1 s=NONE pgs=0 cs=0 l=1 rev1=0 crypto rx=0 tx=0 comp rx=0 tx=0).connect
2024-06-09T22:09:10.700 INFO:teuthology.orchestra.run.smithi104.stdout:/usr/bin/ceph: stderr
2024-06-09T22:09:05.931+0000 7fa667fff700 1 -- 172.21.15.104:0/2871293814 <== mon.0 v2:172.21.15.104:3300/0 5 ==== osd_map(2..2 src has 1..2) ==== 940+0+0 (secure 0 0 0) 0x7fa65804d460 con 0x7fa670108a40
2024-06-09T22:09:10.700 INFO:teuthology.orchestra.run.smithi104.stdout:/usr/bin/ceph: stderr
2024-06-09T22:09:05.931+0000 7fa66e59c700 1 --2- 172.21.15.104:0/2871293814 >> [v2:172.21.15.104:6800/85752866,v1:172.21.15.104:6801/85752866] conn(0x7fa65c039000 0x7fa65c03b4c0 unknown :-1 s=BANNER_CONNECTING pgs=0 cs=0 l=1 rev1=0 crypto rx=0 tx=0 comp rx=0 tx=0)._handle_peer_banner_payload supported=3 required=0
2024-06-09T22:09:10.700 INFO:teuthology.orchestra.run.smithi104.stdout:/usr/bin/ceph: stderr
2024-06-09T22:09:05.931+0000 7fa66e59c700 1 --2- 172.21.15.104:0/2871293814 >> [v2:172.21.15.104:6800/85752866,v1:172.21.15.104:6801/85752866] conn(0x7fa65c039000 0x7fa65c03b4c0 secure :-1 s=READY pgs=11 cs=0 l=1 rev1=1 crypto rx=0x7fa660006fd0 tx=0x7fa660006e40 comp rx=0 tx=0).ready entity=mgr.14120 client_cookie=0 server_cookie=0 in_seq=0 out_seq=0
2024-06-09T22:09:10.700 INFO:teuthology.orchestra.run.smithi104.stdout:/usr/bin/ceph: stderr
2024-06-09T22:09:05.936+0000 7fa667fff700 1 -- 172.21.15.104:0/2871293814 <== mon.0 v2:172.21.15.104:3300/0 6 ==== mon_command_ack([{"prefix": "get_command_descriptions"}]=0 v0) ==== 72+0+186418 (secure 0 0 0) 0x7fa658019c70 con 0x7fa670108a40
2024-06-09T22:09:10.700 INFO:teuthology.orchestra.run.smithi104.stdout:/usr/bin/ceph: stderr
2024-06-09T22:09:06.137+0000 7fa6750a4700 1 -- 172.21.15.104:0/2871293814 --> [v2:172.21.15.104:6800/85752866,v1:172.21.15.104:6801/85752866] -- mgr_command(tid 0: {"prefix": "orch host add", "hostname": "smithi104", "addr": "172.21.15.104", "target": ["mon-mgr", ""]}) -- 0x7fa6701036d0 con 0x7fa65c039000
2024-06-09T22:09:10.700 INFO:teuthology.orchestra.run.smithi104.stdout:/usr/bin/ceph: stderr
2024-06-09T22:09:10.206+0000 7fa667fff700 1 -- 172.21.15.104:0/2871293814 <== mgr.14120 v2:172.21.15.104:6800/85752866 1 ==== mgr_command_reply(tid 0: 0 ) ==== 8+0+49 (secure 0 0 0) 0x7fa6701036d0 con 0x7fa65c039000
2024-06-09T22:09:10.700 INFO:teuthology.orchestra.run.smithi104.stdout:/usr/bin/ceph: stderr
2024-06-09T22:09:10.208+0000 7fa6750a4700 1 -- 172.21.15.104:0/2871293814 >> [v2:172.21.15.104:6800/85752866,v1:172.21.15.104:6801/85752866] conn(0x7fa65c039000 msgr2=0x7fa65c03b4c0 secure :-1 s=STATE_CONNECTION_ESTABLISHED l=1).mark_down
2024-06-09T22:09:10.700 INFO:teuthology.orchestra.run.smithi104.stdout:/usr/bin/ceph: stderr
2024-06-09T22:09:10.208+0000 7fa6750a4700 1 --2- 172.21.15.104:0/2871293814 >> [v2:172.21.15.104:6800/85752866,v1:172.21.15.104:6801/85752866] conn(0x7fa65c039000 0x7fa65c03b4c0 secure :-1 s=READY pgs=11 cs=0 l=1 rev1=1 crypto rx=0x7fa660006fd0 tx=0x7fa660006e40 comp rx=0 tx=0).stop
2024-06-09T22:09:10.700 INFO:teuthology.orchestra.run.smithi104.stdout:/usr/bin/ceph: stderr
2024-06-09T22:09:10.208+0000 7fa6750a4700 1 -- 172.21.15.104:0/2871293814 >> [v2:172.21.15.104:3300/0,v1:172.21.15.104:6789/0] conn(0x7fa670108a40 msgr2=0x7fa6701082c0 secure :-1 s=STATE_CONNECTION_ESTABLISHED l=1).mark_down
2024-06-09T22:09:10.700 INFO:teuthology.orchestra.run.smithi104.stdout:/usr/bin/ceph: stderr
2024-06-09T22:09:10.208+0000 7fa6750a4700 1 --2- 172.21.15.104:0/2871293814 >> [v2:172.21.15.104:3300/0,v1:172.21.15.104:6789/0] conn(0x7fa670108a40 0x7fa6701082c0 secure :-1 s=READY pgs=46 cs=0 l=1 rev1=1 crypto rx=0x7fa658011670 tx=0x7fa658011b60 comp rx=0 tx=0).stop
2024-06-09T22:09:10.700 INFO:teuthology.orchestra.run.smithi104.stdout:/usr/bin/ceph: stderr
2024-06-09T22:09:10.209+0000 7fa6750a4700 1 -- 172.21.15.104:0/2871293814 shutdown_connections
2024-06-09T22:09:10.701 INFO:teuthology.orchestra.run.smithi104.stdout:/usr/bin/ceph: stderr
2024-06-09T22:09:10.209+0000 7fa6750a4700 1 --2- 172.21.15.104:0/2871293814 >> [v2:172.21.15.104:6800/85752866,v1:172.21.15.104:6801/85752866] conn(0x7fa65c039000 0x7fa65c03b4c0 unknown :-1 s=CLOSED pgs=11 cs=0 l=1 rev1=1 crypto rx=0 tx=0 comp rx=0 tx=0).stop
2024-06-09T22:09:10.701 INFO:teuthology.orchestra.run.smithi104.stdout:/usr/bin/ceph: stderr
2024-06-09T22:09:10.209+0000 7fa6750a4700 1 --2- 172.21.15.104:0/2871293814 >> [v2:172.21.15.104:3300/0,v1:172.21.15.104:6789/0] conn(0x7fa670108a40 0x7fa6701082c0 unknown :-1 s=CLOSED pgs=46 cs=0 l=1 rev1=1 crypto rx=0 tx=0 comp rx=0 tx=0).stop
2024-06-09T22:09:10.701 INFO:teuthology.orchestra.run.smithi104.stdout:/usr/bin/ceph: stderr
2024-06-09T22:09:10.209+0000 7fa6750a4700 1 -- 172.21.15.104:0/2871293814 >> 172.21.15.104:0/2871293814 conn(0x7fa670102410 msgr2=0x7fa670102fc0 unknown :-1 s=STATE_NONE l=0).mark_down
2024-06-09T22:09:10.701 INFO:teuthology.orchestra.run.smithi104.stdout:/usr/bin/ceph: stderr
2024-06-09T22:09:10.209+0000 7fa6750a4700 1 -- 172.21.15.104:0/2871293814 shutdown_connections
2024-06-09T22:09:10.701 INFO:teuthology.orchestra.run.smithi104.stdout:/usr/bin/ceph: stderr
2024-06-09T22:09:10.209+0000 7fa6750a4700 1 -- 172.21.15.104:0/2871293814 wait complete.
2024-06-09T22:09:10.701 INFO:teuthology.orchestra.run.smithi104.stdout:Deploying unmanaged mon service...
2024-06-09T22:09:11.374 INFO:journalctl@ceph.mon.a.smithi104.stdout:Jun 09 22:09:11 smithi104 ceph-mon[32389]: from='mgr.14120 172.21.15.104:0/3713486194' entity='mgr.x'
2024-06-09T22:09:11.374 INFO:journalctl@ceph.mon.a.smithi104.stdout:Jun 09 22:09:11 smithi104 ceph-mon[32389]: Added host smithi104
2024-06-09T22:09:11.375 INFO:journalctl@ceph.mon.a.smithi104.stdout:Jun 09 22:09:11 smithi104 ceph-mon[32389]: from='mgr.14120 172.21.15.104:0/3713486194' entity='mgr.x' cmd=[{"prefix": "config dump", "format": "json"}]: dispatch
2024-06-09T22:09:11.937 INFO:teuthology.orchestra.run.smithi104.stdout:/usr/bin/ceph: stdout Scheduled mon update...
2024-06-09T22:09:11.937 INFO:teuthology.orchestra.run.smithi104.stdout:/usr/bin/ceph: stderr
2024-06-09T22:09:11.157+0000 7f4977505700 1 Processor -- start
2024-06-09T22:09:11.937 INFO:teuthology.orchestra.run.smithi104.stdout:/usr/bin/ceph: stderr
2024-06-09T22:09:11.157+0000 7f4977505700 1 -- start start
2024-06-09T22:09:11.937 INFO:teuthology.orchestra.run.smithi104.stdout:/usr/bin/ceph: stderr
2024-06-09T22:09:11.157+0000 7f4977505700 1 --2- >> [v2:172.21.15.104:3300/0,v1:172.21.15.104:6789/0] conn(0x7f497007e600 0x7f497007cb70 unknown :-1 s=NONE pgs=0 cs=0 l=0 rev1=0 crypto rx=0 tx=0 comp rx=0 tx=0).connect
2024-06-09T22:09:11.937 INFO:teuthology.orchestra.run.smithi104.stdout:/usr/bin/ceph: stderr
2024-06-09T22:09:11.157+0000 7f4977505700 1 -- --> [v2:172.21.15.104:3300/0,v1:172.21.15.104:6789/0] -- mon_getmap magic: 0 -- 0x7f497007d0b0 con 0x7f497007e600
2024-06-09T22:09:11.937 INFO:teuthology.orchestra.run.smithi104.stdout:/usr/bin/ceph: stderr
2024-06-09T22:09:11.157+0000 7f49752a1700 1 --2- >> [v2:172.21.15.104:3300/0,v1:172.21.15.104:6789/0] conn(0x7f497007e600 0x7f497007cb70 unknown :-1 s=BANNER_CONNECTING pgs=0 cs=0 l=0 rev1=0 crypto rx=0 tx=0 comp rx=0 tx=0)._handle_peer_banner_payload supported=3 required=0
2024-06-09T22:09:11.937 INFO:teuthology.orchestra.run.smithi104.stdout:/usr/bin/ceph: stderr
2024-06-09T22:09:11.157+0000 7f49752a1700 1 --2- >> [v2:172.21.15.104:3300/0,v1:172.21.15.104:6789/0] conn(0x7f497007e600 0x7f497007cb70 unknown :-1 s=HELLO_CONNECTING pgs=0 cs=0 l=0 rev1=1 crypto rx=0 tx=0 comp rx=0 tx=0).handle_hello peer v2:172.21.15.104:3300/0 says I am v2:172.21.15.104:34292/0 (socket says 172.21.15.104:34292)
2024-06-09T22:09:11.937 INFO:teuthology.orchestra.run.smithi104.stdout:/usr/bin/ceph: stderr
2024-06-09T22:09:11.157+0000 7f49752a1700 1 -- 172.21.15.104:0/578298487 learned_addr learned my addr 172.21.15.104:0/578298487 (peer_addr_for_me v2:172.21.15.104:0/0)
2024-06-09T22:09:11.937 INFO:teuthology.orchestra.run.smithi104.stdout:/usr/bin/ceph: stderr
2024-06-09T22:09:11.158+0000 7f49752a1700 1 -- 172.21.15.104:0/578298487 --> [v2:172.21.15.104:3300/0,v1:172.21.15.104:6789/0] -- mon_subscribe({config=0+,monmap=0+}) -- 0x7f497007d230 con 0x7f497007e600
2024-06-09T22:09:11.938 INFO:teuthology.orchestra.run.smithi104.stdout:/usr/bin/ceph: stderr
2024-06-09T22:09:11.158+0000 7f49752a1700 1 --2- 172.21.15.104:0/578298487 >> [v2:172.21.15.104:3300/0,v1:172.21.15.104:6789/0] conn(0x7f497007e600 0x7f497007cb70 secure :-1 s=READY pgs=47 cs=0 l=1 rev1=1 crypto rx=0x7f496c0098a0 tx=0x7f496c009bb0 comp rx=0 tx=0).ready entity=mon.0 client_cookie=510f4b3d41ed9206 server_cookie=0 in_seq=0 out_seq=0
2024-06-09T22:09:11.938 INFO:teuthology.orchestra.run.smithi104.stdout:/usr/bin/ceph: stderr
2024-06-09T22:09:11.158+0000 7f4967fff700 1 -- 172.21.15.104:0/578298487 <== mon.0 v2:172.21.15.104:3300/0 1 ==== mon_map magic: 0 ==== 205+0+0 (secure 0 0 0) 0x7f496c004160 con 0x7f497007e600
2024-06-09T22:09:11.938 INFO:teuthology.orchestra.run.smithi104.stdout:/usr/bin/ceph: stderr
2024-06-09T22:09:11.158+0000 7f4967fff700 1 -- 172.21.15.104:0/578298487 <== mon.0 v2:172.21.15.104:3300/0 2 ==== config(27 keys) ==== 1109+0+0 (secure 0 0 0) 0x7f496c004300 con 0x7f497007e600
2024-06-09T22:09:11.938 INFO:teuthology.orchestra.run.smithi104.stdout:/usr/bin/ceph: stderr
2024-06-09T22:09:11.158+0000 7f4967fff700 1 -- 172.21.15.104:0/578298487 <== mon.0 v2:172.21.15.104:3300/0 3 ==== mon_map magic: 0 ==== 205+0+0 (secure 0 0 0) 0x7f496c011b50 con 0x7f497007e600
2024-06-09T22:09:11.938 INFO:teuthology.orchestra.run.smithi104.stdout:/usr/bin/ceph: stderr
2024-06-09T22:09:11.159+0000 7f4977505700 1 -- 172.21.15.104:0/578298487 >> [v2:172.21.15.104:3300/0,v1:172.21.15.104:6789/0] conn(0x7f497007e600 msgr2=0x7f497007cb70 secure :-1 s=STATE_CONNECTION_ESTABLISHED l=1).mark_down
2024-06-09T22:09:11.938 INFO:teuthology.orchestra.run.smithi104.stdout:/usr/bin/ceph: stderr
2024-06-09T22:09:11.159+0000 7f4977505700 1 --2- 172.21.15.104:0/578298487 >> [v2:172.21.15.104:3300/0,v1:172.21.15.104:6789/0] conn(0x7f497007e600 0x7f497007cb70 secure :-1 s=READY pgs=47 cs=0 l=1 rev1=1 crypto rx=0x7f496c0098a0 tx=0x7f496c009bb0 comp rx=0 tx=0).stop
2024-06-09T22:09:11.938 INFO:teuthology.orchestra.run.smithi104.stdout:/usr/bin/ceph: stderr
2024-06-09T22:09:11.159+0000 7f4977505700 1 -- 172.21.15.104:0/578298487 shutdown_connections
2024-06-09T22:09:11.938 INFO:teuthology.orchestra.run.smithi104.stdout:/usr/bin/ceph: stderr
2024-06-09T22:09:11.159+0000 7f4977505700 1 --2- 172.21.15.104:0/578298487 >> [v2:172.21.15.104:3300/0,v1:172.21.15.104:6789/0] conn(0x7f497007e600 0x7f497007cb70 unknown :-1 s=CLOSED pgs=47 cs=0 l=1 rev1=1 crypto rx=0 tx=0 comp rx=0 tx=0).stop
2024-06-09T22:09:11.938 INFO:teuthology.orchestra.run.smithi104.stdout:/usr/bin/ceph: stderr
2024-06-09T22:09:11.159+0000 7f4977505700 1 -- 172.21.15.104:0/578298487 >> 172.21.15.104:0/578298487 conn(0x7f49701035e0 msgr2=0x7f4970105a40 unknown :-1 s=STATE_NONE l=0).mark_down
2024-06-09T22:09:11.938 INFO:teuthology.orchestra.run.smithi104.stdout:/usr/bin/ceph: stderr
2024-06-09T22:09:11.159+0000 7f4977505700 1 -- 172.21.15.104:0/578298487 shutdown_connections
2024-06-09T22:09:11.938 INFO:teuthology.orchestra.run.smithi104.stdout:/usr/bin/ceph: stderr
2024-06-09T22:09:11.159+0000 7f4977505700 1 -- 172.21.15.104:0/578298487 wait complete.
2024-06-09T22:09:11.938 INFO:teuthology.orchestra.run.smithi104.stdout:/usr/bin/ceph: stderr
2024-06-09T22:09:11.159+0000 7f4977505700 1 Processor -- start
2024-06-09T22:09:11.939 INFO:teuthology.orchestra.run.smithi104.stdout:/usr/bin/ceph: stderr
2024-06-09T22:09:11.159+0000 7f4977505700 1 -- start start
2024-06-09T22:09:11.939 INFO:teuthology.orchestra.run.smithi104.stdout:/usr/bin/ceph: stderr
2024-06-09T22:09:11.160+0000 7f4977505700 1 --2- >> [v2:172.21.15.104:3300/0,v1:172.21.15.104:6789/0] conn(0x7f497007e600 0x7f497019e120 unknown :-1 s=NONE pgs=0 cs=0 l=1 rev1=0 crypto rx=0 tx=0 comp rx=0 tx=0).connect
2024-06-09T22:09:11.939 INFO:teuthology.orchestra.run.smithi104.stdout:/usr/bin/ceph: stderr
2024-06-09T22:09:11.160+0000 7f4977505700 1 -- --> [v2:172.21.15.104:3300/0,v1:172.21.15.104:6789/0] -- mon_getmap magic: 0 -- 0x7f497010e490 con 0x7f497007e600
2024-06-09T22:09:11.939 INFO:teuthology.orchestra.run.smithi104.stdout:/usr/bin/ceph: stderr
2024-06-09T22:09:11.160+0000 7f49752a1700 1 --2- >> [v2:172.21.15.104:3300/0,v1:172.21.15.104:6789/0] conn(0x7f497007e600 0x7f497019e120 unknown :-1 s=BANNER_CONNECTING pgs=0 cs=0 l=1 rev1=0 crypto rx=0 tx=0 comp rx=0 tx=0)._handle_peer_banner_payload supported=3 required=0
2024-06-09T22:09:11.939 INFO:teuthology.orchestra.run.smithi104.stdout:/usr/bin/ceph: stderr
2024-06-09T22:09:11.160+0000 7f49752a1700 1 --2- >> [v2:172.21.15.104:3300/0,v1:172.21.15.104:6789/0] conn(0x7f497007e600 0x7f497019e120 unknown :-1 s=HELLO_CONNECTING pgs=0 cs=0 l=1 rev1=1 crypto rx=0 tx=0 comp rx=0 tx=0).handle_hello peer v2:172.21.15.104:3300/0 says I am v2:172.21.15.104:34296/0 (socket says 172.21.15.104:34296)
2024-06-09T22:09:11.939 INFO:teuthology.orchestra.run.smithi104.stdout:/usr/bin/ceph: stderr
2024-06-09T22:09:11.160+0000 7f49752a1700 1 -- 172.21.15.104:0/2278272492 learned_addr learned my addr 172.21.15.104:0/2278272492 (peer_addr_for_me v2:172.21.15.104:0/0)
2024-06-09T22:09:11.939 INFO:teuthology.orchestra.run.smithi104.stdout:/usr/bin/ceph: stderr
2024-06-09T22:09:11.160+0000 7f49752a1700 1 -- 172.21.15.104:0/2278272492 --> [v2:172.21.15.104:3300/0,v1:172.21.15.104:6789/0] -- mon_subscribe({config=0+,monmap=0+}) -- 0x7f497019e660 con 0x7f497007e600
2024-06-09T22:09:11.939 INFO:teuthology.orchestra.run.smithi104.stdout:/usr/bin/ceph: stderr
2024-06-09T22:09:11.160+0000 7f49752a1700 1 --2- 172.21.15.104:0/2278272492 >> [v2:172.21.15.104:3300/0,v1:172.21.15.104:6789/0] conn(0x7f497007e600 0x7f497019e120 secure :-1 s=READY pgs=48 cs=0 l=1 rev1=1 crypto rx=0x7f496c011670 tx=0x7f496c011b60 comp rx=0 tx=0).ready entity=mon.0 client_cookie=0 server_cookie=0 in_seq=0 out_seq=0
2024-06-09T22:09:11.939 INFO:teuthology.orchestra.run.smithi104.stdout:/usr/bin/ceph: stderr
2024-06-09T22:09:11.160+0000 7f49667fc700 1 -- 172.21.15.104:0/2278272492 <== mon.0 v2:172.21.15.104:3300/0 1 ==== mon_map magic: 0 ==== 205+0+0 (secure 0 0 0) 0x7f496c0039c0 con 0x7f497007e600
2024-06-09T22:09:11.939 INFO:teuthology.orchestra.run.smithi104.stdout:/usr/bin/ceph: stderr
2024-06-09T22:09:11.160+0000 7f49667fc700 1 -- 172.21.15.104:0/2278272492 <== mon.0 v2:172.21.15.104:3300/0 2 ==== config(27 keys) ==== 1109+0+0 (secure 0 0 0) 0x7f496c011e50 con 0x7f497007e600
2024-06-09T22:09:11.939 INFO:teuthology.orchestra.run.smithi104.stdout:/usr/bin/ceph: stderr
2024-06-09T22:09:11.160+0000 7f4977505700 1 -- 172.21.15.104:0/2278272492 --> [v2:172.21.15.104:3300/0,v1:172.21.15.104:6789/0] -- mon_subscribe({mgrmap=0+}) -- 0x7f497019e8f0 con 0x7f497007e600
2024-06-09T22:09:11.939 INFO:teuthology.orchestra.run.smithi104.stdout:/usr/bin/ceph: stderr
2024-06-09T22:09:11.160+0000 7f49667fc700 1 -- 172.21.15.104:0/2278272492 <== mon.0 v2:172.21.15.104:3300/0 3 ==== mon_map magic: 0 ==== 205+0+0 (secure 0 0 0) 0x7f496c01a5c0 con 0x7f497007e600
2024-06-09T22:09:11.939 INFO:teuthology.orchestra.run.smithi104.stdout:/usr/bin/ceph: stderr
2024-06-09T22:09:11.160+0000 7f4977505700 1 -- 172.21.15.104:0/2278272492 --> [v2:172.21.15.104:3300/0,v1:172.21.15.104:6789/0] -- mon_subscribe({osdmap=0}) -- 0x7f49701a15e0 con 0x7f497007e600
2024-06-09T22:09:11.940 INFO:teuthology.orchestra.run.smithi104.stdout:/usr/bin/ceph: stderr
2024-06-09T22:09:11.161+0000 7f49667fc700 1 -- 172.21.15.104:0/2278272492 <== mon.0 v2:172.21.15.104:3300/0 4 ==== mgrmap(e 8) ==== 46287+0+0 (secure 0 0 0) 0x7f496c01a870 con 0x7f497007e600
2024-06-09T22:09:11.940 INFO:teuthology.orchestra.run.smithi104.stdout:/usr/bin/ceph: stderr
2024-06-09T22:09:11.161+0000 7f49667fc700 1 --2- 172.21.15.104:0/2278272492 >> [v2:172.21.15.104:6800/85752866,v1:172.21.15.104:6801/85752866] conn(0x7f495c039050 0x7f495c03b510 unknown :-1 s=NONE pgs=0 cs=0 l=1 rev1=0 crypto rx=0 tx=0 comp rx=0 tx=0).connect
2024-06-09T22:09:11.940 INFO:teuthology.orchestra.run.smithi104.stdout:/usr/bin/ceph: stderr
2024-06-09T22:09:11.161+0000 7f4977505700 1 -- 172.21.15.104:0/2278272492 --> [v2:172.21.15.104:3300/0,v1:172.21.15.104:6789/0] -- mon_command({"prefix": "get_command_descriptions"} v 0) -- 0x7f4970063af0 con 0x7f497007e600
2024-06-09T22:09:11.940 INFO:teuthology.orchestra.run.smithi104.stdout:/usr/bin/ceph: stderr
2024-06-09T22:09:11.161+0000 7f49667fc700 1 -- 172.21.15.104:0/2278272492 <== mon.0 v2:172.21.15.104:3300/0 5 ==== osd_map(2..2 src has 1..2) ==== 940+0+0 (secure 0 0 0) 0x7f496c04d340 con 0x7f497007e600
2024-06-09T22:09:11.940 INFO:teuthology.orchestra.run.smithi104.stdout:/usr/bin/ceph: stderr
2024-06-09T22:09:11.161+0000 7f4974aa0700 1 --2- 172.21.15.104:0/2278272492 >> [v2:172.21.15.104:6800/85752866,v1:172.21.15.104:6801/85752866] conn(0x7f495c039050 0x7f495c03b510 unknown :-1 s=BANNER_CONNECTING pgs=0 cs=0 l=1 rev1=0 crypto rx=0 tx=0 comp rx=0 tx=0)._handle_peer_banner_payload supported=3 required=0
2024-06-09T22:09:11.940 INFO:teuthology.orchestra.run.smithi104.stdout:/usr/bin/ceph: stderr
2024-06-09T22:09:11.162+0000 7f4974aa0700 1 --2- 172.21.15.104:0/2278272492 >> [v2:172.21.15.104:6800/85752866,v1:172.21.15.104:6801/85752866] conn(0x7f495c039050 0x7f495c03b510 secure :-1 s=READY pgs=12 cs=0 l=1 rev1=1 crypto rx=0x7f4960006fd0 tx=0x7f4960006e40 comp rx=0 tx=0).ready entity=mgr.14120 client_cookie=0 server_cookie=0 in_seq=0 out_seq=0
2024-06-09T22:09:11.940 INFO:teuthology.orchestra.run.smithi104.stdout:/usr/bin/ceph: stderr
2024-06-09T22:09:11.166+0000 7f49667fc700 1 -- 172.21.15.104:0/2278272492 <== mon.0 v2:172.21.15.104:3300/0 6 ==== mon_command_ack([{"prefix": "get_command_descriptions"}]=0 v0) ==== 72+0+186418 (secure 0 0 0) 0x7f496c019c70 con 0x7f497007e600
2024-06-09T22:09:11.940 INFO:teuthology.orchestra.run.smithi104.stdout:/usr/bin/ceph: stderr
2024-06-09T22:09:11.388+0000 7f4977505700 1 -- 172.21.15.104:0/2278272492 --> [v2:172.21.15.104:6800/85752866,v1:172.21.15.104:6801/85752866] -- mgr_command(tid 0: {"prefix": "orch apply", "service_type": "mon", "unmanaged": true, "target": ["mon-mgr", ""]}) -- 0x7f4970104830 con 0x7f495c039050
2024-06-09T22:09:11.940 INFO:teuthology.orchestra.run.smithi104.stdout:/usr/bin/ceph: stderr
2024-06-09T22:09:11.395+0000 7f49667fc700 1 -- 172.21.15.104:0/2278272492 <== mgr.14120 v2:172.21.15.104:6800/85752866 1 ==== mgr_command_reply(tid 0: 0 ) ==== 8+0+24 (secure 0 0 0) 0x7f4970104830 con 0x7f495c039050
2024-06-09T22:09:11.940 INFO:teuthology.orchestra.run.smithi104.stdout:/usr/bin/ceph: stderr
2024-06-09T22:09:11.398+0000 7f4977505700 1 -- 172.21.15.104:0/2278272492 >> [v2:172.21.15.104:6800/85752866,v1:172.21.15.104:6801/85752866] conn(0x7f495c039050 msgr2=0x7f495c03b510 secure :-1 s=STATE_CONNECTION_ESTABLISHED l=1).mark_down
2024-06-09T22:09:11.940 INFO:teuthology.orchestra.run.smithi104.stdout:/usr/bin/ceph: stderr
2024-06-09T22:09:11.398+0000 7f4977505700 1 --2- 172.21.15.104:0/2278272492 >> [v2:172.21.15.104:6800/85752866,v1:172.21.15.104:6801/85752866] conn(0x7f495c039050 0x7f495c03b510 secure :-1 s=READY pgs=12 cs=0 l=1 rev1=1 crypto rx=0x7f4960006fd0 tx=0x7f4960006e40 comp rx=0 tx=0).stop
2024-06-09T22:09:11.940 INFO:teuthology.orchestra.run.smithi104.stdout:/usr/bin/ceph: stderr
2024-06-09T22:09:11.398+0000 7f4977505700 1 -- 172.21.15.104:0/2278272492 >> [v2:172.21.15.104:3300/0,v1:172.21.15.104:6789/0] conn(0x7f497007e600 msgr2=0x7f497019e120 secure :-1 s=STATE_CONNECTION_ESTABLISHED l=1).mark_down
2024-06-09T22:09:11.941 INFO:teuthology.orchestra.run.smithi104.stdout:/usr/bin/ceph: stderr
2024-06-09T22:09:11.398+0000 7f4977505700 1 --2- 172.21.15.104:0/2278272492 >> [v2:172.21.15.104:3300/0,v1:172.21.15.104:6789/0] conn(0x7f497007e600 0x7f497019e120 secure :-1 s=READY pgs=48 cs=0 l=1 rev1=1 crypto rx=0x7f496c011670 tx=0x7f496c011b60 comp rx=0 tx=0).stop
2024-06-09T22:09:11.941 INFO:teuthology.orchestra.run.smithi104.stdout:/usr/bin/ceph: stderr
2024-06-09T22:09:11.398+0000 7f4977505700 1 -- 172.21.15.104:0/2278272492 shutdown_connections
2024-06-09T22:09:11.941 INFO:teuthology.orchestra.run.smithi104.stdout:/usr/bin/ceph: stderr
2024-06-09T22:09:11.398+0000 7f4977505700 1 --2- 172.21.15.104:0/2278272492 >> [v2:172.21.15.104:6800/85752866,v1:172.21.15.104:6801/85752866] conn(0x7f495c039050 0x7f495c03b510 unknown :-1 s=CLOSED pgs=12 cs=0 l=1 rev1=1 crypto rx=0 tx=0 comp rx=0 tx=0).stop
2024-06-09T22:09:11.941 INFO:teuthology.orchestra.run.smithi104.stdout:/usr/bin/ceph: stderr
