2024-06-09T22:09:11.398+0000 7f4977505700 1 --2- 172.21.15.104:0/2278272492 >> [v2:172.21.15.104:3300/0,v1:172.21.15.104:6789/0] conn(0x7f497007e600 0x7f497019e120 unknown :-1 s=CLOSED pgs=48 cs=0 l=1 rev1=1 crypto rx=0 tx=0 comp rx=0 tx=0).stop
2024-06-09T22:09:11.941 INFO:teuthology.orchestra.run.smithi104.stdout:/usr/bin/ceph: stderr
2024-06-09T22:09:11.398+0000 7f4977505700 1 -- 172.21.15.104:0/2278272492 >> 172.21.15.104:0/2278272492 conn(0x7f49701035e0 msgr2=0x7f4970104120 unknown :-1 s=STATE_NONE l=0).mark_down
2024-06-09T22:09:11.941 INFO:teuthology.orchestra.run.smithi104.stdout:/usr/bin/ceph: stderr
2024-06-09T22:09:11.398+0000 7f4977505700 1 -- 172.21.15.104:0/2278272492 shutdown_connections
2024-06-09T22:09:11.941 INFO:teuthology.orchestra.run.smithi104.stdout:/usr/bin/ceph: stderr
2024-06-09T22:09:11.398+0000 7f4977505700 1 -- 172.21.15.104:0/2278272492 wait complete.
2024-06-09T22:09:11.941 INFO:teuthology.orchestra.run.smithi104.stdout:Deploying unmanaged mgr service...
2024-06-09T22:09:12.589 INFO:journalctl@ceph.mon.a.smithi104.stdout:Jun 09 22:09:12 smithi104 ceph-mon[32389]: from='client.14142 -' entity='client.admin' cmd=[{"prefix": "orch apply", "service_type": "mon", "unmanaged": true, "target": ["mon-mgr", ""]}]: dispatch
2024-06-09T22:09:12.589 INFO:journalctl@ceph.mon.a.smithi104.stdout:Jun 09 22:09:12 smithi104 ceph-mon[32389]: Saving service mon spec with placement count:5
2024-06-09T22:09:12.589 INFO:journalctl@ceph.mon.a.smithi104.stdout:Jun 09 22:09:12 smithi104 ceph-mon[32389]: from='mgr.14120 172.21.15.104:0/3713486194' entity='mgr.x'
2024-06-09T22:09:13.151 INFO:teuthology.orchestra.run.smithi104.stdout:/usr/bin/ceph: stdout Scheduled mgr update...
2024-06-09T22:09:13.151 INFO:teuthology.orchestra.run.smithi104.stdout:/usr/bin/ceph: stderr
2024-06-09T22:09:12.381+0000 7f5d1d7ee700 1 Processor -- start
2024-06-09T22:09:13.151 INFO:teuthology.orchestra.run.smithi104.stdout:/usr/bin/ceph: stderr
2024-06-09T22:09:12.381+0000 7f5d1d7ee700 1 -- start start
2024-06-09T22:09:13.151 INFO:teuthology.orchestra.run.smithi104.stdout:/usr/bin/ceph: stderr
2024-06-09T22:09:12.381+0000 7f5d1d7ee700 1 --2- >> [v2:172.21.15.104:3300/0,v1:172.21.15.104:6789/0] conn(0x7f5d181089d0 0x7f5d1810adc0 unknown :-1 s=NONE pgs=0 cs=0 l=0 rev1=0 crypto rx=0 tx=0 comp rx=0 tx=0).connect
2024-06-09T22:09:13.151 INFO:teuthology.orchestra.run.smithi104.stdout:/usr/bin/ceph: stderr
2024-06-09T22:09:12.381+0000 7f5d1d7ee700 1 -- --> [v2:172.21.15.104:3300/0,v1:172.21.15.104:6789/0] -- mon_getmap magic: 0 -- 0x7f5d1807be50 con 0x7f5d181089d0
2024-06-09T22:09:13.151 INFO:teuthology.orchestra.run.smithi104.stdout:/usr/bin/ceph: stderr
2024-06-09T22:09:12.381+0000 7f5d16ffd700 1 --2- >> [v2:172.21.15.104:3300/0,v1:172.21.15.104:6789/0] conn(0x7f5d181089d0 0x7f5d1810adc0 unknown :-1 s=BANNER_CONNECTING pgs=0 cs=0 l=0 rev1=0 crypto rx=0 tx=0 comp rx=0 tx=0)._handle_peer_banner_payload supported=3 required=0
2024-06-09T22:09:13.151 INFO:teuthology.orchestra.run.smithi104.stdout:/usr/bin/ceph: stderr
2024-06-09T22:09:12.381+0000 7f5d16ffd700 1 --2- >> [v2:172.21.15.104:3300/0,v1:172.21.15.104:6789/0] conn(0x7f5d181089d0 0x7f5d1810adc0 unknown :-1 s=HELLO_CONNECTING pgs=0 cs=0 l=0 rev1=1 crypto rx=0 tx=0 comp rx=0 tx=0).handle_hello peer v2:172.21.15.104:3300/0 says I am v2:172.21.15.104:34308/0 (socket says 172.21.15.104:34308)
2024-06-09T22:09:13.151 INFO:teuthology.orchestra.run.smithi104.stdout:/usr/bin/ceph: stderr
2024-06-09T22:09:12.381+0000 7f5d16ffd700 1 -- 172.21.15.104:0/1570171041 learned_addr learned my addr 172.21.15.104:0/1570171041 (peer_addr_for_me v2:172.21.15.104:0/0)
2024-06-09T22:09:13.152 INFO:teuthology.orchestra.run.smithi104.stdout:/usr/bin/ceph: stderr
2024-06-09T22:09:12.382+0000 7f5d16ffd700 1 -- 172.21.15.104:0/1570171041 --> [v2:172.21.15.104:3300/0,v1:172.21.15.104:6789/0] -- mon_subscribe({config=0+,monmap=0+}) -- 0x7f5d1810b300 con 0x7f5d181089d0
2024-06-09T22:09:13.152 INFO:teuthology.orchestra.run.smithi104.stdout:/usr/bin/ceph: stderr
2024-06-09T22:09:12.382+0000 7f5d16ffd700 1 --2- 172.21.15.104:0/1570171041 >> [v2:172.21.15.104:3300/0,v1:172.21.15.104:6789/0] conn(0x7f5d181089d0 0x7f5d1810adc0 secure :-1 s=READY pgs=49 cs=0 l=1 rev1=1 crypto rx=0x7f5d080098a0 tx=0x7f5d08009bb0 comp rx=0 tx=0).ready entity=mon.0 client_cookie=420a9a5e84104528 server_cookie=0 in_seq=0 out_seq=0
2024-06-09T22:09:13.152 INFO:teuthology.orchestra.run.smithi104.stdout:/usr/bin/ceph: stderr
2024-06-09T22:09:12.382+0000 7f5d167fc700 1 -- 172.21.15.104:0/1570171041 <== mon.0 v2:172.21.15.104:3300/0 1 ==== mon_map magic: 0 ==== 205+0+0 (secure 0 0 0) 0x7f5d08004160 con 0x7f5d181089d0
2024-06-09T22:09:13.152 INFO:teuthology.orchestra.run.smithi104.stdout:/usr/bin/ceph: stderr
2024-06-09T22:09:12.382+0000 7f5d167fc700 1 -- 172.21.15.104:0/1570171041 <== mon.0 v2:172.21.15.104:3300/0 2 ==== config(27 keys) ==== 1109+0+0 (secure 0 0 0) 0x7f5d08004300 con 0x7f5d181089d0
2024-06-09T22:09:13.152 INFO:teuthology.orchestra.run.smithi104.stdout:/usr/bin/ceph: stderr
2024-06-09T22:09:12.382+0000 7f5d167fc700 1 -- 172.21.15.104:0/1570171041 <== mon.0 v2:172.21.15.104:3300/0 3 ==== mon_map magic: 0 ==== 205+0+0 (secure 0 0 0) 0x7f5d08011b50 con 0x7f5d181089d0
2024-06-09T22:09:13.152 INFO:teuthology.orchestra.run.smithi104.stdout:/usr/bin/ceph: stderr
2024-06-09T22:09:12.383+0000 7f5d1d7ee700 1 -- 172.21.15.104:0/1570171041 >> [v2:172.21.15.104:3300/0,v1:172.21.15.104:6789/0] conn(0x7f5d181089d0 msgr2=0x7f5d1810adc0 secure :-1 s=STATE_CONNECTION_ESTABLISHED l=1).mark_down
2024-06-09T22:09:13.152 INFO:teuthology.orchestra.run.smithi104.stdout:/usr/bin/ceph: stderr
2024-06-09T22:09:12.383+0000 7f5d1d7ee700 1 --2- 172.21.15.104:0/1570171041 >> [v2:172.21.15.104:3300/0,v1:172.21.15.104:6789/0] conn(0x7f5d181089d0 0x7f5d1810adc0 secure :-1 s=READY pgs=49 cs=0 l=1 rev1=1 crypto rx=0x7f5d080098a0 tx=0x7f5d08009bb0 comp rx=0 tx=0).stop
2024-06-09T22:09:13.152 INFO:teuthology.orchestra.run.smithi104.stdout:/usr/bin/ceph: stderr
2024-06-09T22:09:12.383+0000 7f5d1d7ee700 1 -- 172.21.15.104:0/1570171041 shutdown_connections
2024-06-09T22:09:13.152 INFO:teuthology.orchestra.run.smithi104.stdout:/usr/bin/ceph: stderr
2024-06-09T22:09:12.383+0000 7f5d1d7ee700 1 --2- 172.21.15.104:0/1570171041 >> [v2:172.21.15.104:3300/0,v1:172.21.15.104:6789/0] conn(0x7f5d181089d0 0x7f5d1810adc0 unknown :-1 s=CLOSED pgs=49 cs=0 l=1 rev1=1 crypto rx=0 tx=0 comp rx=0 tx=0).stop
2024-06-09T22:09:13.152 INFO:teuthology.orchestra.run.smithi104.stdout:/usr/bin/ceph: stderr
2024-06-09T22:09:12.383+0000 7f5d1d7ee700 1 -- 172.21.15.104:0/1570171041 >> 172.21.15.104:0/1570171041 conn(0x7f5d181023c0 msgr2=0x7f5d18104800 unknown :-1 s=STATE_NONE l=0).mark_down
2024-06-09T22:09:13.152 INFO:teuthology.orchestra.run.smithi104.stdout:/usr/bin/ceph: stderr
2024-06-09T22:09:12.383+0000 7f5d1d7ee700 1 -- 172.21.15.104:0/1570171041 shutdown_connections
2024-06-09T22:09:13.152 INFO:teuthology.orchestra.run.smithi104.stdout:/usr/bin/ceph: stderr
2024-06-09T22:09:12.383+0000 7f5d1d7ee700 1 -- 172.21.15.104:0/1570171041 wait complete.
2024-06-09T22:09:13.153 INFO:teuthology.orchestra.run.smithi104.stdout:/usr/bin/ceph: stderr
2024-06-09T22:09:12.383+0000 7f5d1d7ee700 1 Processor -- start
2024-06-09T22:09:13.153 INFO:teuthology.orchestra.run.smithi104.stdout:/usr/bin/ceph: stderr
2024-06-09T22:09:12.384+0000 7f5d1d7ee700 1 -- start start
2024-06-09T22:09:13.153 INFO:teuthology.orchestra.run.smithi104.stdout:/usr/bin/ceph: stderr
2024-06-09T22:09:12.384+0000 7f5d1d7ee700 1 --2- >> [v2:172.21.15.104:3300/0,v1:172.21.15.104:6789/0] conn(0x7f5d181089d0 0x7f5d18108250 unknown :-1 s=NONE pgs=0 cs=0 l=1 rev1=0 crypto rx=0 tx=0 comp rx=0 tx=0).connect
2024-06-09T22:09:13.153 INFO:teuthology.orchestra.run.smithi104.stdout:/usr/bin/ceph: stderr
2024-06-09T22:09:12.384+0000 7f5d1d7ee700 1 -- --> [v2:172.21.15.104:3300/0,v1:172.21.15.104:6789/0] -- mon_getmap magic: 0 -- 0x7f5d1810c320 con 0x7f5d181089d0
2024-06-09T22:09:13.153 INFO:teuthology.orchestra.run.smithi104.stdout:/usr/bin/ceph: stderr
2024-06-09T22:09:12.384+0000 7f5d16ffd700 1 --2- >> [v2:172.21.15.104:3300/0,v1:172.21.15.104:6789/0] conn(0x7f5d181089d0 0x7f5d18108250 unknown :-1 s=BANNER_CONNECTING pgs=0 cs=0 l=1 rev1=0 crypto rx=0 tx=0 comp rx=0 tx=0)._handle_peer_banner_payload supported=3 required=0
2024-06-09T22:09:13.153 INFO:teuthology.orchestra.run.smithi104.stdout:/usr/bin/ceph: stderr
2024-06-09T22:09:12.384+0000 7f5d16ffd700 1 --2- >> [v2:172.21.15.104:3300/0,v1:172.21.15.104:6789/0] conn(0x7f5d181089d0 0x7f5d18108250 unknown :-1 s=HELLO_CONNECTING pgs=0 cs=0 l=1 rev1=1 crypto rx=0 tx=0 comp rx=0 tx=0).handle_hello peer v2:172.21.15.104:3300/0 says I am v2:172.21.15.104:34316/0 (socket says 172.21.15.104:34316)
2024-06-09T22:09:13.153 INFO:teuthology.orchestra.run.smithi104.stdout:/usr/bin/ceph: stderr
2024-06-09T22:09:12.384+0000 7f5d16ffd700 1 -- 172.21.15.104:0/3870804487 learned_addr learned my addr 172.21.15.104:0/3870804487 (peer_addr_for_me v2:172.21.15.104:0/0)
2024-06-09T22:09:13.153 INFO:teuthology.orchestra.run.smithi104.stdout:/usr/bin/ceph: stderr
2024-06-09T22:09:12.384+0000 7f5d16ffd700 1 -- 172.21.15.104:0/3870804487 --> [v2:172.21.15.104:3300/0,v1:172.21.15.104:6789/0] -- mon_subscribe({config=0+,monmap=0+}) -- 0x7f5d18108790 con 0x7f5d181089d0
2024-06-09T22:09:13.153 INFO:teuthology.orchestra.run.smithi104.stdout:/usr/bin/ceph: stderr
2024-06-09T22:09:12.384+0000 7f5d16ffd700 1 --2- 172.21.15.104:0/3870804487 >> [v2:172.21.15.104:3300/0,v1:172.21.15.104:6789/0] conn(0x7f5d181089d0 0x7f5d18108250 secure :-1 s=READY pgs=50 cs=0 l=1 rev1=1 crypto rx=0x7f5d08011b60 tx=0x7f5d08011c40 comp rx=0 tx=0).ready entity=mon.0 client_cookie=0 server_cookie=0 in_seq=0 out_seq=0
2024-06-09T22:09:13.153 INFO:teuthology.orchestra.run.smithi104.stdout:/usr/bin/ceph: stderr
2024-06-09T22:09:12.384+0000 7f5d14ff9700 1 -- 172.21.15.104:0/3870804487 <== mon.0 v2:172.21.15.104:3300/0 1 ==== mon_map magic: 0 ==== 205+0+0 (secure 0 0 0) 0x7f5d08003b20 con 0x7f5d181089d0
2024-06-09T22:09:13.153 INFO:teuthology.orchestra.run.smithi104.stdout:/usr/bin/ceph: stderr
2024-06-09T22:09:12.384+0000 7f5d14ff9700 1 -- 172.21.15.104:0/3870804487 <== mon.0 v2:172.21.15.104:3300/0 2 ==== config(27 keys) ==== 1109+0+0 (secure 0 0 0) 0x7f5d08003cc0 con 0x7f5d181089d0
2024-06-09T22:09:13.153 INFO:teuthology.orchestra.run.smithi104.stdout:/usr/bin/ceph: stderr
2024-06-09T22:09:12.384+0000 7f5d1d7ee700 1 -- 172.21.15.104:0/3870804487 --> [v2:172.21.15.104:3300/0,v1:172.21.15.104:6789/0] -- mon_subscribe({mgrmap=0+}) -- 0x7f5d18106980 con 0x7f5d181089d0
2024-06-09T22:09:13.154 INFO:teuthology.orchestra.run.smithi104.stdout:/usr/bin/ceph: stderr
2024-06-09T22:09:12.384+0000 7f5d14ff9700 1 -- 172.21.15.104:0/3870804487 <== mon.0 v2:172.21.15.104:3300/0 3 ==== mon_map magic: 0 ==== 205+0+0 (secure 0 0 0) 0x7f5d08024840 con 0x7f5d181089d0
2024-06-09T22:09:13.154 INFO:teuthology.orchestra.run.smithi104.stdout:/usr/bin/ceph: stderr
2024-06-09T22:09:12.384+0000 7f5d1d7ee700 1 -- 172.21.15.104:0/3870804487 --> [v2:172.21.15.104:3300/0,v1:172.21.15.104:6789/0] -- mon_subscribe({osdmap=0}) -- 0x7f5d18106ec0 con 0x7f5d181089d0
2024-06-09T22:09:13.154 INFO:teuthology.orchestra.run.smithi104.stdout:/usr/bin/ceph: stderr
2024-06-09T22:09:12.385+0000 7f5d14ff9700 1 -- 172.21.15.104:0/3870804487 <== mon.0 v2:172.21.15.104:3300/0 4 ==== mgrmap(e 8) ==== 46287+0+0 (secure 0 0 0) 0x7f5d08022020 con 0x7f5d181089d0
2024-06-09T22:09:13.154 INFO:teuthology.orchestra.run.smithi104.stdout:/usr/bin/ceph: stderr
2024-06-09T22:09:12.385+0000 7f5d1d7ee700 1 -- 172.21.15.104:0/3870804487 --> [v2:172.21.15.104:3300/0,v1:172.21.15.104:6789/0] -- mon_command({"prefix": "get_command_descriptions"} v 0) -- 0x7f5d18063af0 con 0x7f5d181089d0
2024-06-09T22:09:13.154 INFO:teuthology.orchestra.run.smithi104.stdout:/usr/bin/ceph: stderr
2024-06-09T22:09:12.386+0000 7f5d14ff9700 1 --2- 172.21.15.104:0/3870804487 >> [v2:172.21.15.104:6800/85752866,v1:172.21.15.104:6801/85752866] conn(0x7f5d04039050 0x7f5d0403b510 unknown :-1 s=NONE pgs=0 cs=0 l=1 rev1=0 crypto rx=0 tx=0 comp rx=0 tx=0).connect
2024-06-09T22:09:13.154 INFO:teuthology.orchestra.run.smithi104.stdout:/usr/bin/ceph: stderr
2024-06-09T22:09:12.386+0000 7f5d14ff9700 1 -- 172.21.15.104:0/3870804487 <== mon.0 v2:172.21.15.104:3300/0 5 ==== osd_map(2..2 src has 1..2) ==== 940+0+0 (secure 0 0 0) 0x7f5d08011e00 con 0x7f5d181089d0
2024-06-09T22:09:13.154 INFO:teuthology.orchestra.run.smithi104.stdout:/usr/bin/ceph: stderr
2024-06-09T22:09:12.386+0000 7f5d0e7fc700 1 --2- 172.21.15.104:0/3870804487 >> [v2:172.21.15.104:6800/85752866,v1:172.21.15.104:6801/85752866] conn(0x7f5d04039050 0x7f5d0403b510 unknown :-1 s=BANNER_CONNECTING pgs=0 cs=0 l=1 rev1=0 crypto rx=0 tx=0 comp rx=0 tx=0)._handle_peer_banner_payload supported=3 required=0
2024-06-09T22:09:13.154 INFO:teuthology.orchestra.run.smithi104.stdout:/usr/bin/ceph: stderr
2024-06-09T22:09:12.386+0000 7f5d0e7fc700 1 --2- 172.21.15.104:0/3870804487 >> [v2:172.21.15.104:6800/85752866,v1:172.21.15.104:6801/85752866] conn(0x7f5d04039050 0x7f5d0403b510 secure :-1 s=READY pgs=13 cs=0 l=1 rev1=1 crypto rx=0x7f5d00006fd0 tx=0x7f5d00006e40 comp rx=0 tx=0).ready entity=mgr.14120 client_cookie=0 server_cookie=0 in_seq=0 out_seq=0
2024-06-09T22:09:13.154 INFO:teuthology.orchestra.run.smithi104.stdout:/usr/bin/ceph: stderr
2024-06-09T22:09:12.391+0000 7f5d14ff9700 1 -- 172.21.15.104:0/3870804487 <== mon.0 v2:172.21.15.104:3300/0 6 ==== mon_command_ack([{"prefix": "get_command_descriptions"}]=0 v0) ==== 72+0+186418 (secure 0 0 0) 0x7f5d0801a950 con 0x7f5d181089d0
2024-06-09T22:09:13.154 INFO:teuthology.orchestra.run.smithi104.stdout:/usr/bin/ceph: stderr
2024-06-09T22:09:12.602+0000 7f5d1d7ee700 1 -- 172.21.15.104:0/3870804487 --> [v2:172.21.15.104:6800/85752866,v1:172.21.15.104:6801/85752866] -- mgr_command(tid 0: {"prefix": "orch apply", "service_type": "mgr", "unmanaged": true, "target": ["mon-mgr", ""]}) -- 0x7f5d181035e0 con 0x7f5d04039050
2024-06-09T22:09:13.154 INFO:teuthology.orchestra.run.smithi104.stdout:/usr/bin/ceph: stderr
2024-06-09T22:09:12.610+0000 7f5d14ff9700 1 -- 172.21.15.104:0/3870804487 <== mgr.14120 v2:172.21.15.104:6800/85752866 1 ==== mgr_command_reply(tid 0: 0 ) ==== 8+0+24 (secure 0 0 0) 0x7f5d181035e0 con 0x7f5d04039050
2024-06-09T22:09:13.154 INFO:teuthology.orchestra.run.smithi104.stdout:/usr/bin/ceph: stderr
2024-06-09T22:09:12.612+0000 7f5d1d7ee700 1 -- 172.21.15.104:0/3870804487 >> [v2:172.21.15.104:6800/85752866,v1:172.21.15.104:6801/85752866] conn(0x7f5d04039050 msgr2=0x7f5d0403b510 secure :-1 s=STATE_CONNECTION_ESTABLISHED l=1).mark_down
2024-06-09T22:09:13.155 INFO:teuthology.orchestra.run.smithi104.stdout:/usr/bin/ceph: stderr
2024-06-09T22:09:12.612+0000 7f5d1d7ee700 1 --2- 172.21.15.104:0/3870804487 >> [v2:172.21.15.104:6800/85752866,v1:172.21.15.104:6801/85752866] conn(0x7f5d04039050 0x7f5d0403b510 secure :-1 s=READY pgs=13 cs=0 l=1 rev1=1 crypto rx=0x7f5d00006fd0 tx=0x7f5d00006e40 comp rx=0 tx=0).stop
2024-06-09T22:09:13.155 INFO:teuthology.orchestra.run.smithi104.stdout:/usr/bin/ceph: stderr
2024-06-09T22:09:12.612+0000 7f5d1d7ee700 1 -- 172.21.15.104:0/3870804487 >> [v2:172.21.15.104:3300/0,v1:172.21.15.104:6789/0] conn(0x7f5d181089d0 msgr2=0x7f5d18108250 secure :-1 s=STATE_CONNECTION_ESTABLISHED l=1).mark_down
2024-06-09T22:09:13.155 INFO:teuthology.orchestra.run.smithi104.stdout:/usr/bin/ceph: stderr
2024-06-09T22:09:12.612+0000 7f5d1d7ee700 1 --2- 172.21.15.104:0/3870804487 >> [v2:172.21.15.104:3300/0,v1:172.21.15.104:6789/0] conn(0x7f5d181089d0 0x7f5d18108250 secure :-1 s=READY pgs=50 cs=0 l=1 rev1=1 crypto rx=0x7f5d08011b60 tx=0x7f5d08011c40 comp rx=0 tx=0).stop
2024-06-09T22:09:13.155 INFO:teuthology.orchestra.run.smithi104.stdout:/usr/bin/ceph: stderr
2024-06-09T22:09:12.612+0000 7f5d1d7ee700 1 -- 172.21.15.104:0/3870804487 shutdown_connections
2024-06-09T22:09:13.155 INFO:teuthology.orchestra.run.smithi104.stdout:/usr/bin/ceph: stderr
2024-06-09T22:09:12.612+0000 7f5d1d7ee700 1 --2- 172.21.15.104:0/3870804487 >> [v2:172.21.15.104:6800/85752866,v1:172.21.15.104:6801/85752866] conn(0x7f5d04039050 0x7f5d0403b510 unknown :-1 s=CLOSED pgs=13 cs=0 l=1 rev1=1 crypto rx=0 tx=0 comp rx=0 tx=0).stop
2024-06-09T22:09:13.155 INFO:teuthology.orchestra.run.smithi104.stdout:/usr/bin/ceph: stderr
2024-06-09T22:09:12.612+0000 7f5d1d7ee700 1 --2- 172.21.15.104:0/3870804487 >> [v2:172.21.15.104:3300/0,v1:172.21.15.104:6789/0] conn(0x7f5d181089d0 0x7f5d18108250 unknown :-1 s=CLOSED pgs=50 cs=0 l=1 rev1=1 crypto rx=0 tx=0 comp rx=0 tx=0).stop
2024-06-09T22:09:13.155 INFO:teuthology.orchestra.run.smithi104.stdout:/usr/bin/ceph: stderr
2024-06-09T22:09:12.612+0000 7f5d1d7ee700 1 -- 172.21.15.104:0/3870804487 >> 172.21.15.104:0/3870804487 conn(0x7f5d181023c0 msgr2=0x7f5d18102ed0 unknown :-1 s=STATE_NONE l=0).mark_down
2024-06-09T22:09:13.155 INFO:teuthology.orchestra.run.smithi104.stdout:/usr/bin/ceph: stderr
2024-06-09T22:09:12.612+0000 7f5d1d7ee700 1 -- 172.21.15.104:0/3870804487 shutdown_connections
2024-06-09T22:09:13.155 INFO:teuthology.orchestra.run.smithi104.stdout:/usr/bin/ceph: stderr
2024-06-09T22:09:12.612+0000 7f5d1d7ee700 1 -- 172.21.15.104:0/3870804487 wait complete.
2024-06-09T22:09:13.801 INFO:journalctl@ceph.mon.a.smithi104.stdout:Jun 09 22:09:13 smithi104 ceph-mon[32389]: from='client.14144 -' entity='client.admin' cmd=[{"prefix": "orch apply", "service_type": "mgr", "unmanaged": true, "target": ["mon-mgr", ""]}]: dispatch
2024-06-09T22:09:13.801 INFO:journalctl@ceph.mon.a.smithi104.stdout:Jun 09 22:09:13 smithi104 ceph-mon[32389]: Saving service mgr spec with placement count:2
2024-06-09T22:09:13.801 INFO:journalctl@ceph.mon.a.smithi104.stdout:Jun 09 22:09:13 smithi104 ceph-mon[32389]: from='mgr.14120 172.21.15.104:0/3713486194' entity='mgr.x'
2024-06-09T22:09:14.448 INFO:teuthology.orchestra.run.smithi104.stdout:/usr/bin/ceph: stderr
2024-06-09T22:09:13.582+0000 7fb0e9da1700 1 Processor -- start
2024-06-09T22:09:14.448 INFO:teuthology.orchestra.run.smithi104.stdout:/usr/bin/ceph: stderr
2024-06-09T22:09:13.582+0000 7fb0e9da1700 1 -- start start
2024-06-09T22:09:14.448 INFO:teuthology.orchestra.run.smithi104.stdout:/usr/bin/ceph: stderr
2024-06-09T22:09:13.582+0000 7fb0e9da1700 1 --2- >> [v2:172.21.15.104:3300/0,v1:172.21.15.104:6789/0] conn(0x7fb0e4108870 0x7fb0e410ac60 unknown :-1 s=NONE pgs=0 cs=0 l=0 rev1=0 crypto rx=0 tx=0 comp rx=0 tx=0).connect
2024-06-09T22:09:14.449 INFO:teuthology.orchestra.run.smithi104.stdout:/usr/bin/ceph: stderr
2024-06-09T22:09:13.582+0000 7fb0e9da1700 1 -- --> [v2:172.21.15.104:3300/0,v1:172.21.15.104:6789/0] -- mon_getmap magic: 0 -- 0x7fb0e407be50 con 0x7fb0e4108870
2024-06-09T22:09:14.449 INFO:teuthology.orchestra.run.smithi104.stdout:/usr/bin/ceph: stderr
2024-06-09T22:09:13.583+0000 7fb0e8d9f700 1 --2- >> [v2:172.21.15.104:3300/0,v1:172.21.15.104:6789/0] conn(0x7fb0e4108870 0x7fb0e410ac60 unknown :-1 s=BANNER_CONNECTING pgs=0 cs=0 l=0 rev1=0 crypto rx=0 tx=0 comp rx=0 tx=0)._handle_peer_banner_payload supported=3 required=0
2024-06-09T22:09:14.449 INFO:teuthology.orchestra.run.smithi104.stdout:/usr/bin/ceph: stderr
2024-06-09T22:09:13.583+0000 7fb0e8d9f700 1 --2- >> [v2:172.21.15.104:3300/0,v1:172.21.15.104:6789/0] conn(0x7fb0e4108870 0x7fb0e410ac60 unknown :-1 s=HELLO_CONNECTING pgs=0 cs=0 l=0 rev1=1 crypto rx=0 tx=0 comp rx=0 tx=0).handle_hello peer v2:172.21.15.104:3300/0 says I am v2:172.21.15.104:34326/0 (socket says 172.21.15.104:34326)
2024-06-09T22:09:14.449 INFO:teuthology.orchestra.run.smithi104.stdout:/usr/bin/ceph: stderr
2024-06-09T22:09:13.583+0000 7fb0e8d9f700 1 -- 172.21.15.104:0/3949319974 learned_addr learned my addr 172.21.15.104:0/3949319974 (peer_addr_for_me v2:172.21.15.104:0/0)
2024-06-09T22:09:14.449 INFO:teuthology.orchestra.run.smithi104.stdout:/usr/bin/ceph: stderr
2024-06-09T22:09:13.583+0000 7fb0e8d9f700 1 -- 172.21.15.104:0/3949319974 --> [v2:172.21.15.104:3300/0,v1:172.21.15.104:6789/0] -- mon_subscribe({config=0+,monmap=0+}) -- 0x7fb0e410b1a0 con 0x7fb0e4108870
2024-06-09T22:09:14.449 INFO:teuthology.orchestra.run.smithi104.stdout:/usr/bin/ceph: stderr
2024-06-09T22:09:13.583+0000 7fb0e8d9f700 1 --2- 172.21.15.104:0/3949319974 >> [v2:172.21.15.104:3300/0,v1:172.21.15.104:6789/0] conn(0x7fb0e4108870 0x7fb0e410ac60 secure :-1 s=READY pgs=51 cs=0 l=1 rev1=1 crypto rx=0x7fb0d80098a0 tx=0x7fb0d8009bb0 comp rx=0 tx=0).ready entity=mon.0 client_cookie=b49917220b19dc44 server_cookie=0 in_seq=0 out_seq=0
2024-06-09T22:09:14.449 INFO:teuthology.orchestra.run.smithi104.stdout:/usr/bin/ceph: stderr
2024-06-09T22:09:13.583+0000 7fb0e37fe700 1 -- 172.21.15.104:0/3949319974 <== mon.0 v2:172.21.15.104:3300/0 1 ==== mon_map magic: 0 ==== 205+0+0 (secure 0 0 0) 0x7fb0d8004160 con 0x7fb0e4108870
2024-06-09T22:09:14.449 INFO:teuthology.orchestra.run.smithi104.stdout:/usr/bin/ceph: stderr
2024-06-09T22:09:13.583+0000 7fb0e37fe700 1 -- 172.21.15.104:0/3949319974 <== mon.0 v2:172.21.15.104:3300/0 2 ==== config(27 keys) ==== 1109+0+0 (secure 0 0 0) 0x7fb0d8004300 con 0x7fb0e4108870
2024-06-09T22:09:14.449 INFO:teuthology.orchestra.run.smithi104.stdout:/usr/bin/ceph: stderr
2024-06-09T22:09:13.583+0000 7fb0e37fe700 1 -- 172.21.15.104:0/3949319974 <== mon.0 v2:172.21.15.104:3300/0 3 ==== mon_map magic: 0 ==== 205+0+0 (secure 0 0 0) 0x7fb0d8011b50 con 0x7fb0e4108870
2024-06-09T22:09:14.449 INFO:teuthology.orchestra.run.smithi104.stdout:/usr/bin/ceph: stderr
2024-06-09T22:09:13.584+0000 7fb0e9da1700 1 -- 172.21.15.104:0/3949319974 >> [v2:172.21.15.104:3300/0,v1:172.21.15.104:6789/0] conn(0x7fb0e4108870 msgr2=0x7fb0e410ac60 secure :-1 s=STATE_CONNECTION_ESTABLISHED l=1).mark_down
2024-06-09T22:09:14.449 INFO:teuthology.orchestra.run.smithi104.stdout:/usr/bin/ceph: stderr
2024-06-09T22:09:13.584+0000 7fb0e9da1700 1 --2- 172.21.15.104:0/3949319974 >> [v2:172.21.15.104:3300/0,v1:172.21.15.104:6789/0] conn(0x7fb0e4108870 0x7fb0e410ac60 secure :-1 s=READY pgs=51 cs=0 l=1 rev1=1 crypto rx=0x7fb0d80098a0 tx=0x7fb0d8009bb0 comp rx=0 tx=0).stop
2024-06-09T22:09:14.449 INFO:teuthology.orchestra.run.smithi104.stdout:/usr/bin/ceph: stderr
2024-06-09T22:09:13.584+0000 7fb0e9da1700 1 -- 172.21.15.104:0/3949319974 shutdown_connections
2024-06-09T22:09:14.449 INFO:teuthology.orchestra.run.smithi104.stdout:/usr/bin/ceph: stderr
2024-06-09T22:09:13.584+0000 7fb0e9da1700 1 --2- 172.21.15.104:0/3949319974 >> [v2:172.21.15.104:3300/0,v1:172.21.15.104:6789/0] conn(0x7fb0e4108870 0x7fb0e410ac60 unknown :-1 s=CLOSED pgs=51 cs=0 l=1 rev1=1 crypto rx=0 tx=0 comp rx=0 tx=0).stop
2024-06-09T22:09:14.450 INFO:teuthology.orchestra.run.smithi104.stdout:/usr/bin/ceph: stderr
2024-06-09T22:09:13.584+0000 7fb0e9da1700 1 -- 172.21.15.104:0/3949319974 >> 172.21.15.104:0/3949319974 conn(0x7fb0e41022e0 msgr2=0x7fb0e4104700 unknown :-1 s=STATE_NONE l=0).mark_down
2024-06-09T22:09:14.450 INFO:teuthology.orchestra.run.smithi104.stdout:/usr/bin/ceph: stderr
2024-06-09T22:09:13.584+0000 7fb0e9da1700 1 -- 172.21.15.104:0/3949319974 shutdown_connections
2024-06-09T22:09:14.450 INFO:teuthology.orchestra.run.smithi104.stdout:/usr/bin/ceph: stderr
2024-06-09T22:09:13.584+0000 7fb0e9da1700 1 -- 172.21.15.104:0/3949319974 wait complete.
2024-06-09T22:09:14.450 INFO:teuthology.orchestra.run.smithi104.stdout:/usr/bin/ceph: stderr
2024-06-09T22:09:13.585+0000 7fb0e9da1700 1 Processor -- start
2024-06-09T22:09:14.450 INFO:teuthology.orchestra.run.smithi104.stdout:/usr/bin/ceph: stderr
2024-06-09T22:09:13.585+0000 7fb0e9da1700 1 -- start start
2024-06-09T22:09:14.450 INFO:teuthology.orchestra.run.smithi104.stdout:/usr/bin/ceph: stderr
2024-06-09T22:09:13.585+0000 7fb0e9da1700 1 --2- >> [v2:172.21.15.104:3300/0,v1:172.21.15.104:6789/0] conn(0x7fb0e4108870 0x7fb0e419dfe0 unknown :-1 s=NONE pgs=0 cs=0 l=1 rev1=0 crypto rx=0 tx=0 comp rx=0 tx=0).connect
2024-06-09T22:09:14.450 INFO:teuthology.orchestra.run.smithi104.stdout:/usr/bin/ceph: stderr
2024-06-09T22:09:13.585+0000 7fb0e9da1700 1 -- --> [v2:172.21.15.104:3300/0,v1:172.21.15.104:6789/0] -- mon_getmap magic: 0 -- 0x7fb0e410c1c0 con 0x7fb0e4108870
2024-06-09T22:09:14.450 INFO:teuthology.orchestra.run.smithi104.stdout:/usr/bin/ceph: stderr
2024-06-09T22:09:13.585+0000 7fb0e8d9f700 1 --2- >> [v2:172.21.15.104:3300/0,v1:172.21.15.104:6789/0] conn(0x7fb0e4108870 0x7fb0e419dfe0 unknown :-1 s=BANNER_CONNECTING pgs=0 cs=0 l=1 rev1=0 crypto rx=0 tx=0 comp rx=0 tx=0)._handle_peer_banner_payload supported=3 required=0
2024-06-09T22:09:14.450 INFO:teuthology.orchestra.run.smithi104.stdout:/usr/bin/ceph: stderr
2024-06-09T22:09:13.585+0000 7fb0e8d9f700 1 --2- >> [v2:172.21.15.104:3300/0,v1:172.21.15.104:6789/0] conn(0x7fb0e4108870 0x7fb0e419dfe0 unknown :-1 s=HELLO_CONNECTING pgs=0 cs=0 l=1 rev1=1 crypto rx=0 tx=0 comp rx=0 tx=0).handle_hello peer v2:172.21.15.104:3300/0 says I am v2:172.21.15.104:34340/0 (socket says 172.21.15.104:34340)
2024-06-09T22:09:14.450 INFO:teuthology.orchestra.run.smithi104.stdout:/usr/bin/ceph: stderr
2024-06-09T22:09:13.585+0000 7fb0e8d9f700 1 -- 172.21.15.104:0/2970246827 learned_addr learned my addr 172.21.15.104:0/2970246827 (peer_addr_for_me v2:172.21.15.104:0/0)
2024-06-09T22:09:14.450 INFO:teuthology.orchestra.run.smithi104.stdout:/usr/bin/ceph: stderr
2024-06-09T22:09:13.585+0000 7fb0e8d9f700 1 -- 172.21.15.104:0/2970246827 --> [v2:172.21.15.104:3300/0,v1:172.21.15.104:6789/0] -- mon_subscribe({config=0+,monmap=0+}) -- 0x7fb0e419e520 con 0x7fb0e4108870
2024-06-09T22:09:14.450 INFO:teuthology.orchestra.run.smithi104.stdout:/usr/bin/ceph: stderr
2024-06-09T22:09:13.585+0000 7fb0e8d9f700 1 --2- 172.21.15.104:0/2970246827 >> [v2:172.21.15.104:3300/0,v1:172.21.15.104:6789/0] conn(0x7fb0e4108870 0x7fb0e419dfe0 secure :-1 s=READY pgs=52 cs=0 l=1 rev1=1 crypto rx=0x7fb0d8009fb0 tx=0x7fb0d8011bf0 comp rx=0 tx=0).ready entity=mon.0 client_cookie=0 server_cookie=0 in_seq=0 out_seq=0
2024-06-09T22:09:14.450 INFO:teuthology.orchestra.run.smithi104.stdout:/usr/bin/ceph: stderr
2024-06-09T22:09:13.585+0000 7fb0e1ffb700 1 -- 172.21.15.104:0/2970246827 <== mon.0 v2:172.21.15.104:3300/0 1 ==== mon_map magic: 0 ==== 205+0+0 (secure 0 0 0) 0x7fb0d80038b0 con 0x7fb0e4108870
2024-06-09T22:09:14.451 INFO:teuthology.orchestra.run.smithi104.stdout:/usr/bin/ceph: stderr
2024-06-09T22:09:13.585+0000 7fb0e1ffb700 1 -- 172.21.15.104:0/2970246827 <== mon.0 v2:172.21.15.104:3300/0 2 ==== config(27 keys) ==== 1109+0+0 (secure 0 0 0) 0x7fb0d8011e50 con 0x7fb0e4108870
2024-06-09T22:09:14.451 INFO:teuthology.orchestra.run.smithi104.stdout:/usr/bin/ceph: stderr
2024-06-09T22:09:13.586+0000 7fb0e9da1700 1 -- 172.21.15.104:0/2970246827 --> [v2:172.21.15.104:3300/0,v1:172.21.15.104:6789/0] -- mon_subscribe({mgrmap=0+}) -- 0x7fb0e419e7b0 con 0x7fb0e4108870
2024-06-09T22:09:14.451 INFO:teuthology.orchestra.run.smithi104.stdout:/usr/bin/ceph: stderr
2024-06-09T22:09:13.586+0000 7fb0e1ffb700 1 -- 172.21.15.104:0/2970246827 <== mon.0 v2:172.21.15.104:3300/0 3 ==== mon_map magic: 0 ==== 205+0+0 (secure 0 0 0) 0x7fb0d8019420 con 0x7fb0e4108870
2024-06-09T22:09:14.451 INFO:teuthology.orchestra.run.smithi104.stdout:/usr/bin/ceph: stderr
2024-06-09T22:09:13.586+0000 7fb0e9da1700 1 -- 172.21.15.104:0/2970246827 --> [v2:172.21.15.104:3300/0,v1:172.21.15.104:6789/0] -- mon_subscribe({osdmap=0}) -- 0x7fb0e41a14a0 con 0x7fb0e4108870
2024-06-09T22:09:14.451 INFO:teuthology.orchestra.run.smithi104.stdout:/usr/bin/ceph: stderr
2024-06-09T22:09:13.587+0000 7fb0e1ffb700 1 -- 172.21.15.104:0/2970246827 <== mon.0 v2:172.21.15.104:3300/0 4 ==== mgrmap(e 8) ==== 46287+0+0 (secure 0 0 0) 0x7fb0d80196f0 con 0x7fb0e4108870
2024-06-09T22:09:14.451 INFO:teuthology.orchestra.run.smithi104.stdout:/usr/bin/ceph: stderr
2024-06-09T22:09:13.587+0000 7fb0e9da1700 1 -- 172.21.15.104:0/2970246827 --> [v2:172.21.15.104:3300/0,v1:172.21.15.104:6789/0] -- mon_command({"prefix": "get_command_descriptions"} v 0) -- 0x7fb0e40695d0 con 0x7fb0e4108870
2024-06-09T22:09:14.451 INFO:teuthology.orchestra.run.smithi104.stdout:/usr/bin/ceph: stderr
2024-06-09T22:09:13.587+0000 7fb0e1ffb700 1 --2- 172.21.15.104:0/2970246827 >> [v2:172.21.15.104:6800/85752866,v1:172.21.15.104:6801/85752866] conn(0x7fb0d4039050 0x7fb0d403b510 unknown :-1 s=NONE pgs=0 cs=0 l=1 rev1=0 crypto rx=0 tx=0 comp rx=0 tx=0).connect
2024-06-09T22:09:14.451 INFO:teuthology.orchestra.run.smithi104.stdout:/usr/bin/ceph: stderr
2024-06-09T22:09:13.587+0000 7fb0e1ffb700 1 -- 172.21.15.104:0/2970246827 <== mon.0 v2:172.21.15.104:3300/0 5 ==== osd_map(2..2 src has 1..2) ==== 940+0+0 (secure 0 0 0) 0x7fb0d804d700 con 0x7fb0e4108870
2024-06-09T22:09:14.451 INFO:teuthology.orchestra.run.smithi104.stdout:/usr/bin/ceph: stderr
2024-06-09T22:09:13.587+0000 7fb0e3fff700 1 --2- 172.21.15.104:0/2970246827 >> [v2:172.21.15.104:6800/85752866,v1:172.21.15.104:6801/85752866] conn(0x7fb0d4039050 0x7fb0d403b510 unknown :-1 s=BANNER_CONNECTING pgs=0 cs=0 l=1 rev1=0 crypto rx=0 tx=0 comp rx=0 tx=0)._handle_peer_banner_payload supported=3 required=0
2024-06-09T22:09:14.451 INFO:teuthology.orchestra.run.smithi104.stdout:/usr/bin/ceph: stderr
2024-06-09T22:09:13.588+0000 7fb0e3fff700 1 --2- 172.21.15.104:0/2970246827 >> [v2:172.21.15.104:6800/85752866,v1:172.21.15.104:6801/85752866] conn(0x7fb0d4039050 0x7fb0d403b510 secure :-1 s=READY pgs=14 cs=0 l=1 rev1=1 crypto rx=0x7fb0d0006fd0 tx=0x7fb0d0006e40 comp rx=0 tx=0).ready entity=mgr.14120 client_cookie=0 server_cookie=0 in_seq=0 out_seq=0
2024-06-09T22:09:14.451 INFO:teuthology.orchestra.run.smithi104.stdout:/usr/bin/ceph: stderr
2024-06-09T22:09:13.592+0000 7fb0e1ffb700 1 -- 172.21.15.104:0/2970246827 <== mon.0 v2:172.21.15.104:3300/0 6 ==== mon_command_ack([{"prefix": "get_command_descriptions"}]=0 v0) ==== 72+0+186418 (secure 0 0 0) 0x7fb0d800ba30 con 0x7fb0e4108870
2024-06-09T22:09:14.451 INFO:teuthology.orchestra.run.smithi104.stdout:/usr/bin/ceph: stderr
2024-06-09T22:09:13.795+0000 7fb0e9da1700 1 -- 172.21.15.104:0/2970246827 --> [v2:172.21.15.104:3300/0,v1:172.21.15.104:6789/0] -- mon_command([{prefix=config set, name=mgr/cephadm/container_init}] v 0) -- 0x7fb0e41a1af0 con 0x7fb0e4108870
2024-06-09T22:09:14.451 INFO:teuthology.orchestra.run.smithi104.stdout:/usr/bin/ceph: stderr
2024-06-09T22:09:13.800+0000 7fb0e1ffb700 1 -- 172.21.15.104:0/2970246827 <== mon.0 v2:172.21.15.104:3300/0 7 ==== mon_command_ack([{prefix=config set, name=mgr/cephadm/container_init}]=0 v6)=0 v6) ==== 142+0+0 (secure 0 0 0) 0x7fb0d800bc90 con 0x7fb0e4108870
2024-06-09T22:09:14.451 INFO:teuthology.orchestra.run.smithi104.stdout:/usr/bin/ceph: stderr
2024-06-09T22:09:13.803+0000 7fb0e9da1700 1 -- 172.21.15.104:0/2970246827 >> [v2:172.21.15.104:6800/85752866,v1:172.21.15.104:6801/85752866] conn(0x7fb0d4039050 msgr2=0x7fb0d403b510 secure :-1 s=STATE_CONNECTION_ESTABLISHED l=1).mark_down
2024-06-09T22:09:14.452 INFO:teuthology.orchestra.run.smithi104.stdout:/usr/bin/ceph: stderr
2024-06-09T22:09:13.803+0000 7fb0e9da1700 1 --2- 172.21.15.104:0/2970246827 >> [v2:172.21.15.104:6800/85752866,v1:172.21.15.104:6801/85752866] conn(0x7fb0d4039050 0x7fb0d403b510 secure :-1 s=READY pgs=14 cs=0 l=1 rev1=1 crypto rx=0x7fb0d0006fd0 tx=0x7fb0d0006e40 comp rx=0 tx=0).stop
2024-06-09T22:09:14.452 INFO:teuthology.orchestra.run.smithi104.stdout:/usr/bin/ceph: stderr
2024-06-09T22:09:13.803+0000 7fb0e9da1700 1 -- 172.21.15.104:0/2970246827 >> [v2:172.21.15.104:3300/0,v1:172.21.15.104:6789/0] conn(0x7fb0e4108870 msgr2=0x7fb0e419dfe0 secure :-1 s=STATE_CONNECTION_ESTABLISHED l=1).mark_down
2024-06-09T22:09:14.452 INFO:teuthology.orchestra.run.smithi104.stdout:/usr/bin/ceph: stderr
2024-06-09T22:09:13.803+0000 7fb0e9da1700 1 --2- 172.21.15.104:0/2970246827 >> [v2:172.21.15.104:3300/0,v1:172.21.15.104:6789/0] conn(0x7fb0e4108870 0x7fb0e419dfe0 secure :-1 s=READY pgs=52 cs=0 l=1 rev1=1 crypto rx=0x7fb0d8009fb0 tx=0x7fb0d8011bf0 comp rx=0 tx=0).stop
2024-06-09T22:09:14.452 INFO:teuthology.orchestra.run.smithi104.stdout:/usr/bin/ceph: stderr
2024-06-09T22:09:13.803+0000 7fb0e9da1700 1 -- 172.21.15.104:0/2970246827 shutdown_connections
2024-06-09T22:09:14.452 INFO:teuthology.orchestra.run.smithi104.stdout:/usr/bin/ceph: stderr
2024-06-09T22:09:13.803+0000 7fb0e9da1700 1 --2- 172.21.15.104:0/2970246827 >> [v2:172.21.15.104:6800/85752866,v1:172.21.15.104:6801/85752866] conn(0x7fb0d4039050 0x7fb0d403b510 unknown :-1 s=CLOSED pgs=14 cs=0 l=1 rev1=1 crypto rx=0 tx=0 comp rx=0 tx=0).stop
2024-06-09T22:09:14.452 INFO:teuthology.orchestra.run.smithi104.stdout:/usr/bin/ceph: stderr
2024-06-09T22:09:13.803+0000 7fb0e9da1700 1 --2- 172.21.15.104:0/2970246827 >> [v2:172.21.15.104:3300/0,v1:172.21.15.104:6789/0] conn(0x7fb0e4108870 0x7fb0e419dfe0 unknown :-1 s=CLOSED pgs=52 cs=0 l=1 rev1=1 crypto rx=0 tx=0 comp rx=0 tx=0).stop
2024-06-09T22:09:14.452 INFO:teuthology.orchestra.run.smithi104.stdout:/usr/bin/ceph: stderr
2024-06-09T22:09:13.803+0000 7fb0e9da1700 1 -- 172.21.15.104:0/2970246827 >> 172.21.15.104:0/2970246827 conn(0x7fb0e41022e0 msgr2=0x7fb0e4102da0 unknown :-1 s=STATE_NONE l=0).mark_down
2024-06-09T22:09:14.452 INFO:teuthology.orchestra.run.smithi104.stdout:/usr/bin/ceph: stderr
2024-06-09T22:09:13.803+0000 7fb0e9da1700 1 -- 172.21.15.104:0/2970246827 shutdown_connections
2024-06-09T22:09:14.452 INFO:teuthology.orchestra.run.smithi104.stdout:/usr/bin/ceph: stderr
2024-06-09T22:09:13.803+0000 7fb0e9da1700 1 -- 172.21.15.104:0/2970246827 wait complete.
2024-06-09T22:09:14.993 INFO:journalctl@ceph.mon.a.smithi104.stdout:Jun 09 22:09:14 smithi104 ceph-mon[32389]: from='client.? 172.21.15.104:0/2970246827' entity='client.admin'
2024-06-09T22:09:16.287 INFO:journalctl@ceph.mon.a.smithi104.stdout:Jun 09 22:09:16 smithi104 ceph-mon[32389]: from='client.? 172.21.15.104:0/1959843645' entity='client.admin'
2024-06-09T22:09:16.294 INFO:teuthology.orchestra.run.smithi104.stdout:/usr/bin/ceph: stderr
2024-06-09T22:09:14.894+0000 7f7b77c92700 1 Processor -- start
2024-06-09T22:09:16.294 INFO:teuthology.orchestra.run.smithi104.stdout:/usr/bin/ceph: stderr
2024-06-09T22:09:14.894+0000 7f7b77c92700 1 -- start start
2024-06-09T22:09:16.295 INFO:teuthology.orchestra.run.smithi104.stdout:/usr/bin/ceph: stderr
2024-06-09T22:09:14.894+0000 7f7b77c92700 1 --2- >> [v2:172.21.15.104:3300/0,v1:172.21.15.104:6789/0] conn(0x7f7b701089b0 0x7f7b7010ada0 unknown :-1 s=NONE pgs=0 cs=0 l=0 rev1=0 crypto rx=0 tx=0 comp rx=0 tx=0).connect
2024-06-09T22:09:16.295 INFO:teuthology.orchestra.run.smithi104.stdout:/usr/bin/ceph: stderr
2024-06-09T22:09:14.894+0000 7f7b77c92700 1 -- --> [v2:172.21.15.104:3300/0,v1:172.21.15.104:6789/0] -- mon_getmap magic: 0 -- 0x7f7b7007be70 con 0x7f7b701089b0
2024-06-09T22:09:16.295 INFO:teuthology.orchestra.run.smithi104.stdout:/usr/bin/ceph: stderr
2024-06-09T22:09:14.894+0000 7f7b75a2e700 1 --2- >> [v2:172.21.15.104:3300/0,v1:172.21.15.104:6789/0] conn(0x7f7b701089b0 0x7f7b7010ada0 unknown :-1 s=BANNER_CONNECTING pgs=0 cs=0 l=0 rev1=0 crypto rx=0 tx=0 comp rx=0 tx=0)._handle_peer_banner_payload supported=3 required=0
2024-06-09T22:09:16.295 INFO:teuthology.orchestra.run.smithi104.stdout:/usr/bin/ceph: stderr
2024-06-09T22:09:14.894+0000 7f7b75a2e700 1 --2- >> [v2:172.21.15.104:3300/0,v1:172.21.15.104:6789/0] conn(0x7f7b701089b0 0x7f7b7010ada0 unknown :-1 s=HELLO_CONNECTING pgs=0 cs=0 l=0 rev1=1 crypto rx=0 tx=0 comp rx=0 tx=0).handle_hello peer v2:172.21.15.104:3300/0 says I am v2:172.21.15.104:34344/0 (socket says 172.21.15.104:34344)
2024-06-09T22:09:16.295 INFO:teuthology.orchestra.run.smithi104.stdout:/usr/bin/ceph: stderr
2024-06-09T22:09:14.894+0000 7f7b75a2e700 1 -- 172.21.15.104:0/3049881142 learned_addr learned my addr 172.21.15.104:0/3049881142 (peer_addr_for_me v2:172.21.15.104:0/0)
2024-06-09T22:09:16.295 INFO:teuthology.orchestra.run.smithi104.stdout:/usr/bin/ceph: stderr
2024-06-09T22:09:14.895+0000 7f7b75a2e700 1 -- 172.21.15.104:0/3049881142 --> [v2:172.21.15.104:3300/0,v1:172.21.15.104:6789/0] -- mon_subscribe({config=0+,monmap=0+}) -- 0x7f7b7010b2e0 con 0x7f7b701089b0
2024-06-09T22:09:16.295 INFO:teuthology.orchestra.run.smithi104.stdout:/usr/bin/ceph: stderr
2024-06-09T22:09:14.895+0000 7f7b75a2e700 1 --2- 172.21.15.104:0/3049881142 >> [v2:172.21.15.104:3300/0,v1:172.21.15.104:6789/0] conn(0x7f7b701089b0 0x7f7b7010ada0 secure :-1 s=READY pgs=53 cs=0 l=1 rev1=1 crypto rx=0x7f7b6c0098a0 tx=0x7f7b6c009bb0 comp rx=0 tx=0).ready entity=mon.0 client_cookie=3c8450a2b383797e server_cookie=0 in_seq=0 out_seq=0
2024-06-09T22:09:16.295 INFO:teuthology.orchestra.run.smithi104.stdout:/usr/bin/ceph: stderr
2024-06-09T22:09:14.895+0000 7f7b74a2c700 1 -- 172.21.15.104:0/3049881142 <== mon.0 v2:172.21.15.104:3300/0 1 ==== mon_map magic: 0 ==== 205+0+0 (secure 0 0 0) 0x7f7b6c004160 con 0x7f7b701089b0
2024-06-09T22:09:16.295 INFO:teuthology.orchestra.run.smithi104.stdout:/usr/bin/ceph: stderr
2024-06-09T22:09:14.895+0000 7f7b74a2c700 1 -- 172.21.15.104:0/3049881142 <== mon.0 v2:172.21.15.104:3300/0 2 ==== config(27 keys) ==== 1109+0+0 (secure 0 0 0) 0x7f7b6c004300 con 0x7f7b701089b0
2024-06-09T22:09:16.295 INFO:teuthology.orchestra.run.smithi104.stdout:/usr/bin/ceph: stderr
2024-06-09T22:09:14.895+0000 7f7b74a2c700 1 -- 172.21.15.104:0/3049881142 <== mon.0 v2:172.21.15.104:3300/0 3 ==== mon_map magic: 0 ==== 205+0+0 (secure 0 0 0) 0x7f7b6c011b50 con 0x7f7b701089b0
2024-06-09T22:09:16.295 INFO:teuthology.orchestra.run.smithi104.stdout:/usr/bin/ceph: stderr
2024-06-09T22:09:14.896+0000 7f7b77c92700 1 -- 172.21.15.104:0/3049881142 >> [v2:172.21.15.104:3300/0,v1:172.21.15.104:6789/0] conn(0x7f7b701089b0 msgr2=0x7f7b7010ada0 secure :-1 s=STATE_CONNECTION_ESTABLISHED l=1).mark_down
2024-06-09T22:09:16.295 INFO:teuthology.orchestra.run.smithi104.stdout:/usr/bin/ceph: stderr
2024-06-09T22:09:14.896+0000 7f7b77c92700 1 --2- 172.21.15.104:0/3049881142 >> [v2:172.21.15.104:3300/0,v1:172.21.15.104:6789/0] conn(0x7f7b701089b0 0x7f7b7010ada0 secure :-1 s=READY pgs=53 cs=0 l=1 rev1=1 crypto rx=0x7f7b6c0098a0 tx=0x7f7b6c009bb0 comp rx=0 tx=0).stop
2024-06-09T22:09:16.295 INFO:teuthology.orchestra.run.smithi104.stdout:/usr/bin/ceph: stderr
2024-06-09T22:09:14.896+0000 7f7b77c92700 1 -- 172.21.15.104:0/3049881142 shutdown_connections
2024-06-09T22:09:16.296 INFO:teuthology.orchestra.run.smithi104.stdout:/usr/bin/ceph: stderr
2024-06-09T22:09:14.896+0000 7f7b77c92700 1 --2- 172.21.15.104:0/3049881142 >> [v2:172.21.15.104:3300/0,v1:172.21.15.104:6789/0] conn(0x7f7b701089b0 0x7f7b7010ada0 unknown :-1 s=CLOSED pgs=53 cs=0 l=1 rev1=1 crypto rx=0 tx=0 comp rx=0 tx=0).stop
2024-06-09T22:09:16.296 INFO:teuthology.orchestra.run.smithi104.stdout:/usr/bin/ceph: stderr
2024-06-09T22:09:14.896+0000 7f7b77c92700 1 -- 172.21.15.104:0/3049881142 >> 172.21.15.104:0/3049881142 conn(0x7f7b701023c0 msgr2=0x7f7b70104800 unknown :-1 s=STATE_NONE l=0).mark_down
2024-06-09T22:09:16.296 INFO:teuthology.orchestra.run.smithi104.stdout:/usr/bin/ceph: stderr
2024-06-09T22:09:14.896+0000 7f7b77c92700 1 -- 172.21.15.104:0/3049881142 shutdown_connections
2024-06-09T22:09:16.296 INFO:teuthology.orchestra.run.smithi104.stdout:/usr/bin/ceph: stderr
2024-06-09T22:09:14.896+0000 7f7b77c92700 1 -- 172.21.15.104:0/3049881142 wait complete.
2024-06-09T22:09:16.296 INFO:teuthology.orchestra.run.smithi104.stdout:/usr/bin/ceph: stderr
2024-06-09T22:09:14.896+0000 7f7b77c92700 1 Processor -- start
2024-06-09T22:09:16.296 INFO:teuthology.orchestra.run.smithi104.stdout:/usr/bin/ceph: stderr
2024-06-09T22:09:14.896+0000 7f7b77c92700 1 -- start start
2024-06-09T22:09:16.296 INFO:teuthology.orchestra.run.smithi104.stdout:/usr/bin/ceph: stderr
2024-06-09T22:09:14.897+0000 7f7b77c92700 1 --2- >> [v2:172.21.15.104:3300/0,v1:172.21.15.104:6789/0] conn(0x7f7b701089b0 0x7f7b7019be90 unknown :-1 s=NONE pgs=0 cs=0 l=1 rev1=0 crypto rx=0 tx=0 comp rx=0 tx=0).connect
2024-06-09T22:09:16.296 INFO:teuthology.orchestra.run.smithi104.stdout:/usr/bin/ceph: stderr
2024-06-09T22:09:14.897+0000 7f7b77c92700 1 -- --> [v2:172.21.15.104:3300/0,v1:172.21.15.104:6789/0] -- mon_getmap magic: 0 -- 0x7f7b7010c290 con 0x7f7b701089b0
2024-06-09T22:09:16.296 INFO:teuthology.orchestra.run.smithi104.stdout:/usr/bin/ceph: stderr
2024-06-09T22:09:14.897+0000 7f7b75a2e700 1 --2- >> [v2:172.21.15.104:3300/0,v1:172.21.15.104:6789/0] conn(0x7f7b701089b0 0x7f7b7019be90 unknown :-1 s=BANNER_CONNECTING pgs=0 cs=0 l=1 rev1=0 crypto rx=0 tx=0 comp rx=0 tx=0)._handle_peer_banner_payload supported=3 required=0
2024-06-09T22:09:16.296 INFO:teuthology.orchestra.run.smithi104.stdout:/usr/bin/ceph: stderr
2024-06-09T22:09:14.897+0000 7f7b75a2e700 1 --2- >> [v2:172.21.15.104:3300/0,v1:172.21.15.104:6789/0] conn(0x7f7b701089b0 0x7f7b7019be90 unknown :-1 s=HELLO_CONNECTING pgs=0 cs=0 l=1 rev1=1 crypto rx=0 tx=0 comp rx=0 tx=0).handle_hello peer v2:172.21.15.104:3300/0 says I am v2:172.21.15.104:34354/0 (socket says 172.21.15.104:34354)
2024-06-09T22:09:16.296 INFO:teuthology.orchestra.run.smithi104.stdout:/usr/bin/ceph: stderr
2024-06-09T22:09:14.897+0000 7f7b75a2e700 1 -- 172.21.15.104:0/1959843645 learned_addr learned my addr 172.21.15.104:0/1959843645 (peer_addr_for_me v2:172.21.15.104:0/0)
2024-06-09T22:09:16.296 INFO:teuthology.orchestra.run.smithi104.stdout:/usr/bin/ceph: stderr
2024-06-09T22:09:14.897+0000 7f7b75a2e700 1 -- 172.21.15.104:0/1959843645 --> [v2:172.21.15.104:3300/0,v1:172.21.15.104:6789/0] -- mon_subscribe({config=0+,monmap=0+}) -- 0x7f7b7019c3d0 con 0x7f7b701089b0
2024-06-09T22:09:16.296 INFO:teuthology.orchestra.run.smithi104.stdout:/usr/bin/ceph: stderr
2024-06-09T22:09:14.897+0000 7f7b75a2e700 1 --2- 172.21.15.104:0/1959843645 >> [v2:172.21.15.104:3300/0,v1:172.21.15.104:6789/0] conn(0x7f7b701089b0 0x7f7b7019be90 secure :-1 s=READY pgs=54 cs=0 l=1 rev1=1 crypto rx=0x7f7b6c011670 tx=0x7f7b6c011b60 comp rx=0 tx=0).ready entity=mon.0 client_cookie=0 server_cookie=0 in_seq=0 out_seq=0
2024-06-09T22:09:16.297 INFO:teuthology.orchestra.run.smithi104.stdout:/usr/bin/ceph: stderr
2024-06-09T22:09:14.897+0000 7f7b66ffd700 1 -- 172.21.15.104:0/1959843645 <== mon.0 v2:172.21.15.104:3300/0 1 ==== mon_map magic: 0 ==== 205+0+0 (secure 0 0 0) 0x7f7b6c0039c0 con 0x7f7b701089b0
2024-06-09T22:09:16.297 INFO:teuthology.orchestra.run.smithi104.stdout:/usr/bin/ceph: stderr
2024-06-09T22:09:14.897+0000 7f7b66ffd700 1 -- 172.21.15.104:0/1959843645 <== mon.0 v2:172.21.15.104:3300/0 2 ==== config(27 keys) ==== 1109+0+0 (secure 0 0 0) 0x7f7b6c011e50 con 0x7f7b701089b0
2024-06-09T22:09:16.297 INFO:teuthology.orchestra.run.smithi104.stdout:/usr/bin/ceph: stderr
2024-06-09T22:09:14.897+0000 7f7b77c92700 1 -- 172.21.15.104:0/1959843645 --> [v2:172.21.15.104:3300/0,v1:172.21.15.104:6789/0] -- mon_subscribe({mgrmap=0+}) -- 0x7f7b7019c6c0 con 0x7f7b701089b0
2024-06-09T22:09:16.297 INFO:teuthology.orchestra.run.smithi104.stdout:/usr/bin/ceph: stderr
2024-06-09T22:09:14.897+0000 7f7b66ffd700 1 -- 172.21.15.104:0/1959843645 <== mon.0 v2:172.21.15.104:3300/0 3 ==== mon_map magic: 0 ==== 205+0+0 (secure 0 0 0) 0x7f7b6c01a5c0 con 0x7f7b701089b0
2024-06-09T22:09:16.297 INFO:teuthology.orchestra.run.smithi104.stdout:/usr/bin/ceph: stderr
2024-06-09T22:09:14.897+0000 7f7b77c92700 1 -- 172.21.15.104:0/1959843645 --> [v2:172.21.15.104:3300/0,v1:172.21.15.104:6789/0] -- mon_subscribe({osdmap=0}) -- 0x7f7b7019f350 con 0x7f7b701089b0
2024-06-09T22:09:16.297 INFO:teuthology.orchestra.run.smithi104.stdout:/usr/bin/ceph: stderr
2024-06-09T22:09:14.898+0000 7f7b66ffd700 1 -- 172.21.15.104:0/1959843645 <== mon.0 v2:172.21.15.104:3300/0 4 ==== mgrmap(e 8) ==== 46287+0+0 (secure 0 0 0) 0x7f7b6c01a870 con 0x7f7b701089b0
2024-06-09T22:09:16.297 INFO:teuthology.orchestra.run.smithi104.stdout:/usr/bin/ceph: stderr
2024-06-09T22:09:14.898+0000 7f7b77c92700 1 -- 172.21.15.104:0/1959843645 --> [v2:172.21.15.104:3300/0,v1:172.21.15.104:6789/0] -- mon_command({"prefix": "get_command_descriptions"} v 0) -- 0x7f7b70063af0 con 0x7f7b701089b0
2024-06-09T22:09:16.297 INFO:teuthology.orchestra.run.smithi104.stdout:/usr/bin/ceph: stderr
2024-06-09T22:09:14.898+0000 7f7b66ffd700 1 --2- 172.21.15.104:0/1959843645 >> [v2:172.21.15.104:6800/85752866,v1:172.21.15.104:6801/85752866] conn(0x7f7b5c039050 0x7f7b5c03b510 unknown :-1 s=NONE pgs=0 cs=0 l=1 rev1=0 crypto rx=0 tx=0 comp rx=0 tx=0).connect
2024-06-09T22:09:16.297 INFO:teuthology.orchestra.run.smithi104.stdout:/usr/bin/ceph: stderr
2024-06-09T22:09:14.898+0000 7f7b66ffd700 1 -- 172.21.15.104:0/1959843645 <== mon.0 v2:172.21.15.104:3300/0 5 ==== osd_map(2..2 src has 1..2) ==== 940+0+0 (secure 0 0 0) 0x7f7b6c04d500 con 0x7f7b701089b0
2024-06-09T22:09:16.297 INFO:teuthology.orchestra.run.smithi104.stdout:/usr/bin/ceph: stderr
2024-06-09T22:09:14.898+0000 7f7b7522d700 1 --2- 172.21.15.104:0/1959843645 >> [v2:172.21.15.104:6800/85752866,v1:172.21.15.104:6801/85752866] conn(0x7f7b5c039050 0x7f7b5c03b510 unknown :-1 s=BANNER_CONNECTING pgs=0 cs=0 l=1 rev1=0 crypto rx=0 tx=0 comp rx=0 tx=0)._handle_peer_banner_payload supported=3 required=0
2024-06-09T22:09:16.297 INFO:teuthology.orchestra.run.smithi104.stdout:/usr/bin/ceph: stderr
2024-06-09T22:09:14.899+0000 7f7b7522d700 1 --2- 172.21.15.104:0/1959843645 >> [v2:172.21.15.104:6800/85752866,v1:172.21.15.104:6801/85752866] conn(0x7f7b5c039050 0x7f7b5c03b510 secure :-1 s=READY pgs=15 cs=0 l=1 rev1=1 crypto rx=0x7f7b60006fd0 tx=0x7f7b60006e40 comp rx=0 tx=0).ready entity=mgr.14120 client_cookie=0 server_cookie=0 in_seq=0 out_seq=0
2024-06-09T22:09:16.297 INFO:teuthology.orchestra.run.smithi104.stdout:/usr/bin/ceph: stderr
2024-06-09T22:09:14.903+0000 7f7b66ffd700 1 -- 172.21.15.104:0/1959843645 <== mon.0 v2:172.21.15.104:3300/0 6 ==== mon_command_ack([{"prefix": "get_command_descriptions"}]=0 v0) ==== 72+0+186418 (secure 0 0 0) 0x7f7b6c019c70 con 0x7f7b701089b0
2024-06-09T22:09:16.298 INFO:teuthology.orchestra.run.smithi104.stdout:/usr/bin/ceph: stderr
2024-06-09T22:09:15.098+0000 7f7b77c92700 1 -- 172.21.15.104:0/1959843645 --> [v2:172.21.15.104:3300/0,v1:172.21.15.104:6789/0] -- mon_command([{prefix=config set, name=mgr/dashboard/ssl_server_port}] v 0) -- 0x7f7b7019f520 con 0x7f7b701089b0
2024-06-09T22:09:16.298 INFO:teuthology.orchestra.run.smithi104.stdout:/usr/bin/ceph: stderr
2024-06-09T22:09:15.100+0000 7f7b66ffd700 1 -- 172.21.15.104:0/1959843645 <== mon.0 v2:172.21.15.104:3300/0 7 ==== mon_command_ack([{prefix=config set, name=mgr/dashboard/ssl_server_port}]=0 v7)=0 v7) ==== 130+0+0 (secure 0 0 0) 0x7f7b6c003b60 con 0x7f7b701089b0
2024-06-09T22:09:16.298 INFO:teuthology.orchestra.run.smithi104.stdout:/usr/bin/ceph: stderr
2024-06-09T22:09:15.103+0000 7f7b77c92700 1 -- 172.21.15.104:0/1959843645 >> [v2:172.21.15.104:6800/85752866,v1:172.21.15.104:6801/85752866] conn(0x7f7b5c039050 msgr2=0x7f7b5c03b510 secure :-1 s=STATE_CONNECTION_ESTABLISHED l=1).mark_down
2024-06-09T22:09:16.298 INFO:teuthology.orchestra.run.smithi104.stdout:/usr/bin/ceph: stderr
2024-06-09T22:09:15.103+0000 7f7b77c92700 1 --2- 172.21.15.104:0/1959843645 >> [v2:172.21.15.104:6800/85752866,v1:172.21.15.104:6801/85752866] conn(0x7f7b5c039050 0x7f7b5c03b510 secure :-1 s=READY pgs=15 cs=0 l=1 rev1=1 crypto rx=0x7f7b60006fd0 tx=0x7f7b60006e40 comp rx=0 tx=0).stop
2024-06-09T22:09:16.298 INFO:teuthology.orchestra.run.smithi104.stdout:/usr/bin/ceph: stderr
2024-06-09T22:09:15.103+0000 7f7b77c92700 1 -- 172.21.15.104:0/1959843645 >> [v2:172.21.15.104:3300/0,v1:172.21.15.104:6789/0] conn(0x7f7b701089b0 msgr2=0x7f7b7019be90 secure :-1 s=STATE_CONNECTION_ESTABLISHED l=1).mark_down
2024-06-09T22:09:16.298 INFO:teuthology.orchestra.run.smithi104.stdout:/usr/bin/ceph: stderr
2024-06-09T22:09:15.103+0000 7f7b77c92700 1 --2- 172.21.15.104:0/1959843645 >> [v2:172.21.15.104:3300/0,v1:172.21.15.104:6789/0] conn(0x7f7b701089b0 0x7f7b7019be90 secure :-1 s=READY pgs=54 cs=0 l=1 rev1=1 crypto rx=0x7f7b6c011670 tx=0x7f7b6c011b60 comp rx=0 tx=0).stop
2024-06-09T22:09:16.298 INFO:teuthology.orchestra.run.smithi104.stdout:/usr/bin/ceph: stderr
2024-06-09T22:09:15.103+0000 7f7b77c92700 1 -- 172.21.15.104:0/1959843645 shutdown_connections
2024-06-09T22:09:16.298 INFO:teuthology.orchestra.run.smithi104.stdout:/usr/bin/ceph: stderr
2024-06-09T22:09:15.103+0000 7f7b77c92700 1 --2- 172.21.15.104:0/1959843645 >> [v2:172.21.15.104:6800/85752866,v1:172.21.15.104:6801/85752866] conn(0x7f7b5c039050 0x7f7b5c03b510 unknown :-1 s=CLOSED pgs=15 cs=0 l=1 rev1=1 crypto rx=0 tx=0 comp rx=0 tx=0).stop
2024-06-09T22:09:16.298 INFO:teuthology.orchestra.run.smithi104.stdout:/usr/bin/ceph: stderr
2024-06-09T22:09:15.103+0000 7f7b77c92700 1 --2- 172.21.15.104:0/1959843645 >> [v2:172.21.15.104:3300/0,v1:172.21.15.104:6789/0] conn(0x7f7b701089b0 0x7f7b7019be90 unknown :-1 s=CLOSED pgs=54 cs=0 l=1 rev1=1 crypto rx=0 tx=0 comp rx=0 tx=0).stop
2024-06-09T22:09:16.298 INFO:teuthology.orchestra.run.smithi104.stdout:/usr/bin/ceph: stderr
2024-06-09T22:09:15.103+0000 7f7b77c92700 1 -- 172.21.15.104:0/1959843645 >> 172.21.15.104:0/1959843645 conn(0x7f7b701023c0 msgr2=0x7f7b70102f50 unknown :-1 s=STATE_NONE l=0).mark_down
2024-06-09T22:09:16.298 INFO:teuthology.orchestra.run.smithi104.stdout:/usr/bin/ceph: stderr
2024-06-09T22:09:15.103+0000 7f7b77c92700 1 -- 172.21.15.104:0/1959843645 shutdown_connections
2024-06-09T22:09:16.299 INFO:teuthology.orchestra.run.smithi104.stdout:/usr/bin/ceph: stderr
2024-06-09T22:09:15.103+0000 7f7b77c92700 1 -- 172.21.15.104:0/1959843645 wait complete.
2024-06-09T22:09:16.299 INFO:teuthology.orchestra.run.smithi104.stdout:Enabling the dashboard module...
2024-06-09T22:09:18.104 INFO:journalctl@ceph.mon.a.smithi104.stdout:Jun 09 22:09:17 smithi104 ceph-mon[32389]: from='mgr.14120 172.21.15.104:0/3713486194' entity='mgr.x'
2024-06-09T22:09:18.104 INFO:journalctl@ceph.mon.a.smithi104.stdout:Jun 09 22:09:17 smithi104 ceph-mon[32389]: from='mgr.14120 172.21.15.104:0/3713486194' entity='mgr.x'
2024-06-09T22:09:18.104 INFO:journalctl@ceph.mon.a.smithi104.stdout:Jun 09 22:09:17 smithi104 ceph-mon[32389]: from='client.? 172.21.15.104:0/3379774491' entity='client.admin' cmd=[{"prefix": "mgr module enable", "module": "dashboard"}]: dispatch
