2024-06-09T22:09:18.731 INFO:journalctl@ceph.mgr.x.smithi104.stdout:Jun 09 22:09:18 smithi104 ceph-a948c0ca-26ac-11ef-bc9b-c7b262605968-mgr-x[32617]: ignoring --setuser ceph since I am not root
2024-06-09T22:09:18.731 INFO:journalctl@ceph.mgr.x.smithi104.stdout:Jun 09 22:09:18 smithi104 ceph-a948c0ca-26ac-11ef-bc9b-c7b262605968-mgr-x[32617]: ignoring --setgroup ceph since I am not root
2024-06-09T22:09:18.731 INFO:journalctl@ceph.mgr.x.smithi104.stdout:Jun 09 22:09:18 smithi104 ceph-a948c0ca-26ac-11ef-bc9b-c7b262605968-mgr-x[32617]:
2024-06-09T22:09:18.543+0000 7f1647238200 -1 mgr[py] Module balancer has missing NOTIFY_TYPES member
2024-06-09T22:09:18.731 INFO:journalctl@ceph.mgr.x.smithi104.stdout:Jun 09 22:09:18 smithi104 ceph-a948c0ca-26ac-11ef-bc9b-c7b262605968-mgr-x[32617]:
2024-06-09T22:09:18.744+0000 7f1647238200 -1 mgr[py] Module orchestrator has missing NOTIFY_TYPES member
2024-06-09T22:09:18.993 INFO:journalctl@ceph.mgr.x.smithi104.stdout:Jun 09 22:09:18 smithi104 ceph-a948c0ca-26ac-11ef-bc9b-c7b262605968-mgr-x[32617]:
2024-06-09T22:09:18.848+0000 7f1647238200 -1 mgr[py] Module snap_schedule has missing NOTIFY_TYPES member
2024-06-09T22:09:19.131 INFO:teuthology.orchestra.run.smithi104.stdout:/usr/bin/ceph: stderr
2024-06-09T22:09:17.304+0000 7f9115a31700 1 Processor -- start
2024-06-09T22:09:19.131 INFO:teuthology.orchestra.run.smithi104.stdout:/usr/bin/ceph: stderr
2024-06-09T22:09:17.304+0000 7f9115a31700 1 -- start start
2024-06-09T22:09:19.132 INFO:teuthology.orchestra.run.smithi104.stdout:/usr/bin/ceph: stderr
2024-06-09T22:09:17.304+0000 7f9115a31700 1 --2- >> [v2:172.21.15.104:3300/0,v1:172.21.15.104:6789/0] conn(0x7f9110109520 0x7f9110109940 unknown :-1 s=NONE pgs=0 cs=0 l=0 rev1=0 crypto rx=0 tx=0 comp rx=0 tx=0).connect
2024-06-09T22:09:19.132 INFO:teuthology.orchestra.run.smithi104.stdout:/usr/bin/ceph: stderr
2024-06-09T22:09:17.304+0000 7f9115a31700 1 -- --> [v2:172.21.15.104:3300/0,v1:172.21.15.104:6789/0] -- mon_getmap magic: 0 -- 0x7f9110109f10 con 0x7f9110109520
2024-06-09T22:09:19.132 INFO:teuthology.orchestra.run.smithi104.stdout:/usr/bin/ceph: stderr
2024-06-09T22:09:17.304+0000 7f910effd700 1 --2- >> [v2:172.21.15.104:3300/0,v1:172.21.15.104:6789/0] conn(0x7f9110109520 0x7f9110109940 unknown :-1 s=BANNER_CONNECTING pgs=0 cs=0 l=0 rev1=0 crypto rx=0 tx=0 comp rx=0 tx=0)._handle_peer_banner_payload supported=3 required=0
2024-06-09T22:09:19.132 INFO:teuthology.orchestra.run.smithi104.stdout:/usr/bin/ceph: stderr
2024-06-09T22:09:17.304+0000 7f910effd700 1 --2- >> [v2:172.21.15.104:3300/0,v1:172.21.15.104:6789/0] conn(0x7f9110109520 0x7f9110109940 unknown :-1 s=HELLO_CONNECTING pgs=0 cs=0 l=0 rev1=1 crypto rx=0 tx=0 comp rx=0 tx=0).handle_hello peer v2:172.21.15.104:3300/0 says I am v2:172.21.15.104:43082/0 (socket says 172.21.15.104:43082)
2024-06-09T22:09:19.132 INFO:teuthology.orchestra.run.smithi104.stdout:/usr/bin/ceph: stderr
2024-06-09T22:09:17.304+0000 7f910effd700 1 -- 172.21.15.104:0/3734383308 learned_addr learned my addr 172.21.15.104:0/3734383308 (peer_addr_for_me v2:172.21.15.104:0/0)
2024-06-09T22:09:19.132 INFO:teuthology.orchestra.run.smithi104.stdout:/usr/bin/ceph: stderr
2024-06-09T22:09:17.304+0000 7f910effd700 1 -- 172.21.15.104:0/3734383308 --> [v2:172.21.15.104:3300/0,v1:172.21.15.104:6789/0] -- mon_subscribe({config=0+,monmap=0+}) -- 0x7f911010a090 con 0x7f9110109520
2024-06-09T22:09:19.132 INFO:teuthology.orchestra.run.smithi104.stdout:/usr/bin/ceph: stderr
2024-06-09T22:09:17.305+0000 7f910effd700 1 --2- 172.21.15.104:0/3734383308 >> [v2:172.21.15.104:3300/0,v1:172.21.15.104:6789/0] conn(0x7f9110109520 0x7f9110109940 secure :-1 s=READY pgs=55 cs=0 l=1 rev1=1 crypto rx=0x7f91000098a0 tx=0x7f9100009bb0 comp rx=0 tx=0).ready entity=mon.0 client_cookie=47cde76a9ef1b489 server_cookie=0 in_seq=0 out_seq=0
2024-06-09T22:09:19.132 INFO:teuthology.orchestra.run.smithi104.stdout:/usr/bin/ceph: stderr
2024-06-09T22:09:17.305+0000 7f910dffb700 1 -- 172.21.15.104:0/3734383308 <== mon.0 v2:172.21.15.104:3300/0 1 ==== mon_map magic: 0 ==== 205+0+0 (secure 0 0 0) 0x7f9100004160 con 0x7f9110109520
2024-06-09T22:09:19.132 INFO:teuthology.orchestra.run.smithi104.stdout:/usr/bin/ceph: stderr
2024-06-09T22:09:17.305+0000 7f910dffb700 1 -- 172.21.15.104:0/3734383308 <== mon.0 v2:172.21.15.104:3300/0 2 ==== config(27 keys) ==== 1140+0+0 (secure 0 0 0) 0x7f9100004300 con 0x7f9110109520
2024-06-09T22:09:19.132 INFO:teuthology.orchestra.run.smithi104.stdout:/usr/bin/ceph: stderr
2024-06-09T22:09:17.305+0000 7f910dffb700 1 -- 172.21.15.104:0/3734383308 <== mon.0 v2:172.21.15.104:3300/0 3 ==== mon_map magic: 0 ==== 205+0+0 (secure 0 0 0) 0x7f9100011b20 con 0x7f9110109520
2024-06-09T22:09:19.132 INFO:teuthology.orchestra.run.smithi104.stdout:/usr/bin/ceph: stderr
2024-06-09T22:09:17.306+0000 7f9115a31700 1 -- 172.21.15.104:0/3734383308 >> [v2:172.21.15.104:3300/0,v1:172.21.15.104:6789/0] conn(0x7f9110109520 msgr2=0x7f9110109940 secure :-1 s=STATE_CONNECTION_ESTABLISHED l=1).mark_down
2024-06-09T22:09:19.132 INFO:teuthology.orchestra.run.smithi104.stdout:/usr/bin/ceph: stderr
2024-06-09T22:09:17.306+0000 7f9115a31700 1 --2- 172.21.15.104:0/3734383308 >> [v2:172.21.15.104:3300/0,v1:172.21.15.104:6789/0] conn(0x7f9110109520 0x7f9110109940 secure :-1 s=READY pgs=55 cs=0 l=1 rev1=1 crypto rx=0x7f91000098a0 tx=0x7f9100009bb0 comp rx=0 tx=0).stop
2024-06-09T22:09:19.133 INFO:teuthology.orchestra.run.smithi104.stdout:/usr/bin/ceph: stderr
2024-06-09T22:09:17.306+0000 7f9115a31700 1 -- 172.21.15.104:0/3734383308 shutdown_connections
2024-06-09T22:09:19.133 INFO:teuthology.orchestra.run.smithi104.stdout:/usr/bin/ceph: stderr
2024-06-09T22:09:17.306+0000 7f9115a31700 1 --2- 172.21.15.104:0/3734383308 >> [v2:172.21.15.104:3300/0,v1:172.21.15.104:6789/0] conn(0x7f9110109520 0x7f9110109940 unknown :-1 s=CLOSED pgs=55 cs=0 l=1 rev1=1 crypto rx=0 tx=0 comp rx=0 tx=0).stop
2024-06-09T22:09:19.133 INFO:teuthology.orchestra.run.smithi104.stdout:/usr/bin/ceph: stderr
2024-06-09T22:09:17.306+0000 7f9115a31700 1 -- 172.21.15.104:0/3734383308 >> 172.21.15.104:0/3734383308 conn(0x7f9110101b40 msgr2=0x7f9110103f80 unknown :-1 s=STATE_NONE l=0).mark_down
2024-06-09T22:09:19.133 INFO:teuthology.orchestra.run.smithi104.stdout:/usr/bin/ceph: stderr
2024-06-09T22:09:17.306+0000 7f9115a31700 1 -- 172.21.15.104:0/3734383308 shutdown_connections
2024-06-09T22:09:19.133 INFO:teuthology.orchestra.run.smithi104.stdout:/usr/bin/ceph: stderr
2024-06-09T22:09:17.306+0000 7f9115a31700 1 -- 172.21.15.104:0/3734383308 wait complete.
2024-06-09T22:09:19.133 INFO:teuthology.orchestra.run.smithi104.stdout:/usr/bin/ceph: stderr
2024-06-09T22:09:17.306+0000 7f9115a31700 1 Processor -- start
2024-06-09T22:09:19.133 INFO:teuthology.orchestra.run.smithi104.stdout:/usr/bin/ceph: stderr
2024-06-09T22:09:17.306+0000 7f9115a31700 1 -- start start
2024-06-09T22:09:19.133 INFO:teuthology.orchestra.run.smithi104.stdout:/usr/bin/ceph: stderr
2024-06-09T22:09:17.307+0000 7f9115a31700 1 --2- >> [v2:172.21.15.104:3300/0,v1:172.21.15.104:6789/0] conn(0x7f9110109520 0x7f911019be70 unknown :-1 s=NONE pgs=0 cs=0 l=1 rev1=0 crypto rx=0 tx=0 comp rx=0 tx=0).connect
2024-06-09T22:09:19.133 INFO:teuthology.orchestra.run.smithi104.stdout:/usr/bin/ceph: stderr
2024-06-09T22:09:17.307+0000 7f9115a31700 1 -- --> [v2:172.21.15.104:3300/0,v1:172.21.15.104:6789/0] -- mon_getmap magic: 0 -- 0x7f9110106e30 con 0x7f9110109520
2024-06-09T22:09:19.133 INFO:teuthology.orchestra.run.smithi104.stdout:/usr/bin/ceph: stderr
2024-06-09T22:09:17.307+0000 7f910effd700 1 --2- >> [v2:172.21.15.104:3300/0,v1:172.21.15.104:6789/0] conn(0x7f9110109520 0x7f911019be70 unknown :-1 s=BANNER_CONNECTING pgs=0 cs=0 l=1 rev1=0 crypto rx=0 tx=0 comp rx=0 tx=0)._handle_peer_banner_payload supported=3 required=0
2024-06-09T22:09:19.133 INFO:teuthology.orchestra.run.smithi104.stdout:/usr/bin/ceph: stderr
2024-06-09T22:09:17.307+0000 7f910effd700 1 --2- >> [v2:172.21.15.104:3300/0,v1:172.21.15.104:6789/0] conn(0x7f9110109520 0x7f911019be70 unknown :-1 s=HELLO_CONNECTING pgs=0 cs=0 l=1 rev1=1 crypto rx=0 tx=0 comp rx=0 tx=0).handle_hello peer v2:172.21.15.104:3300/0 says I am v2:172.21.15.104:43084/0 (socket says 172.21.15.104:43084)
2024-06-09T22:09:19.133 INFO:teuthology.orchestra.run.smithi104.stdout:/usr/bin/ceph: stderr
2024-06-09T22:09:17.307+0000 7f910effd700 1 -- 172.21.15.104:0/3379774491 learned_addr learned my addr 172.21.15.104:0/3379774491 (peer_addr_for_me v2:172.21.15.104:0/0)
2024-06-09T22:09:19.133 INFO:teuthology.orchestra.run.smithi104.stdout:/usr/bin/ceph: stderr
2024-06-09T22:09:17.307+0000 7f910effd700 1 -- 172.21.15.104:0/3379774491 --> [v2:172.21.15.104:3300/0,v1:172.21.15.104:6789/0] -- mon_subscribe({config=0+,monmap=0+}) -- 0x7f911019c3b0 con 0x7f9110109520
2024-06-09T22:09:19.133 INFO:teuthology.orchestra.run.smithi104.stdout:/usr/bin/ceph: stderr
2024-06-09T22:09:17.307+0000 7f910effd700 1 --2- 172.21.15.104:0/3379774491 >> [v2:172.21.15.104:3300/0,v1:172.21.15.104:6789/0] conn(0x7f9110109520 0x7f911019be70 secure :-1 s=READY pgs=56 cs=0 l=1 rev1=1 crypto rx=0x7f91000117e0 tx=0x7f9100011c10 comp rx=0 tx=0).ready entity=mon.0 client_cookie=0 server_cookie=0 in_seq=0 out_seq=0
2024-06-09T22:09:19.134 INFO:teuthology.orchestra.run.smithi104.stdout:/usr/bin/ceph: stderr
2024-06-09T22:09:17.307+0000 7f9114a2f700 1 -- 172.21.15.104:0/3379774491 <== mon.0 v2:172.21.15.104:3300/0 1 ==== mon_map magic: 0 ==== 205+0+0 (secure 0 0 0) 0x7f9100003bf0 con 0x7f9110109520
2024-06-09T22:09:19.134 INFO:teuthology.orchestra.run.smithi104.stdout:/usr/bin/ceph: stderr
2024-06-09T22:09:17.307+0000 7f9115a31700 1 -- 172.21.15.104:0/3379774491 --> [v2:172.21.15.104:3300/0,v1:172.21.15.104:6789/0] -- mon_subscribe({mgrmap=0+}) -- 0x7f911019c6a0 con 0x7f9110109520
2024-06-09T22:09:19.134 INFO:teuthology.orchestra.run.smithi104.stdout:/usr/bin/ceph: stderr
2024-06-09T22:09:17.307+0000 7f9114a2f700 1 -- 172.21.15.104:0/3379774491 <== mon.0 v2:172.21.15.104:3300/0 2 ==== config(27 keys) ==== 1140+0+0 (secure 0 0 0) 0x7f910001a910 con 0x7f9110109520
2024-06-09T22:09:19.134 INFO:teuthology.orchestra.run.smithi104.stdout:/usr/bin/ceph: stderr
2024-06-09T22:09:17.307+0000 7f9114a2f700 1 -- 172.21.15.104:0/3379774491 <== mon.0 v2:172.21.15.104:3300/0 3 ==== mon_map magic: 0 ==== 205+0+0 (secure 0 0 0) 0x7f91000249a0 con 0x7f9110109520
2024-06-09T22:09:19.134 INFO:teuthology.orchestra.run.smithi104.stdout:/usr/bin/ceph: stderr
2024-06-09T22:09:17.307+0000 7f9115a31700 1 -- 172.21.15.104:0/3379774491 --> [v2:172.21.15.104:3300/0,v1:172.21.15.104:6789/0] -- mon_subscribe({osdmap=0}) -- 0x7f911019f330 con 0x7f9110109520
2024-06-09T22:09:19.134 INFO:teuthology.orchestra.run.smithi104.stdout:/usr/bin/ceph: stderr
2024-06-09T22:09:17.308+0000 7f9114a2f700 1 -- 172.21.15.104:0/3379774491 <== mon.0 v2:172.21.15.104:3300/0 4 ==== mgrmap(e 8) ==== 46287+0+0 (secure 0 0 0) 0x7f9100022020 con 0x7f9110109520
2024-06-09T22:09:19.134 INFO:teuthology.orchestra.run.smithi104.stdout:/usr/bin/ceph: stderr
2024-06-09T22:09:17.308+0000 7f9115a31700 1 -- 172.21.15.104:0/3379774491 --> [v2:172.21.15.104:3300/0,v1:172.21.15.104:6789/0] -- mon_command({"prefix": "get_command_descriptions"} v 0) -- 0x7f90fc005360 con 0x7f9110109520
2024-06-09T22:09:19.134 INFO:teuthology.orchestra.run.smithi104.stdout:/usr/bin/ceph: stderr
2024-06-09T22:09:17.309+0000 7f9114a2f700 1 --2- 172.21.15.104:0/3379774491 >> [v2:172.21.15.104:6800/85752866,v1:172.21.15.104:6801/85752866] conn(0x7f90f8039000 0x7f90f803b4c0 unknown :-1 s=NONE pgs=0 cs=0 l=1 rev1=0 crypto rx=0 tx=0 comp rx=0 tx=0).connect
2024-06-09T22:09:19.134 INFO:teuthology.orchestra.run.smithi104.stdout:/usr/bin/ceph: stderr
2024-06-09T22:09:17.309+0000 7f9114a2f700 1 -- 172.21.15.104:0/3379774491 <== mon.0 v2:172.21.15.104:3300/0 5 ==== osd_map(2..2 src has 1..2) ==== 940+0+0 (secure 0 0 0) 0x7f910004d320 con 0x7f9110109520
2024-06-09T22:09:19.134 INFO:teuthology.orchestra.run.smithi104.stdout:/usr/bin/ceph: stderr
2024-06-09T22:09:17.309+0000 7f910e7fc700 1 --2- 172.21.15.104:0/3379774491 >> [v2:172.21.15.104:6800/85752866,v1:172.21.15.104:6801/85752866] conn(0x7f90f8039000 0x7f90f803b4c0 unknown :-1 s=BANNER_CONNECTING pgs=0 cs=0 l=1 rev1=0 crypto rx=0 tx=0 comp rx=0 tx=0)._handle_peer_banner_payload supported=3 required=0
2024-06-09T22:09:19.134 INFO:teuthology.orchestra.run.smithi104.stdout:/usr/bin/ceph: stderr
2024-06-09T22:09:17.309+0000 7f910e7fc700 1 --2- 172.21.15.104:0/3379774491 >> [v2:172.21.15.104:6800/85752866,v1:172.21.15.104:6801/85752866] conn(0x7f90f8039000 0x7f90f803b4c0 secure :-1 s=READY pgs=16 cs=0 l=1 rev1=1 crypto rx=0x7f9104006fd0 tx=0x7f9104006e40 comp rx=0 tx=0).ready entity=mgr.14120 client_cookie=0 server_cookie=0 in_seq=0 out_seq=0
2024-06-09T22:09:19.134 INFO:teuthology.orchestra.run.smithi104.stdout:/usr/bin/ceph: stderr
2024-06-09T22:09:17.314+0000 7f9114a2f700 1 -- 172.21.15.104:0/3379774491 <== mon.0 v2:172.21.15.104:3300/0 6 ==== mon_command_ack([{"prefix": "get_command_descriptions"}]=0 v0) ==== 72+0+186418 (secure 0 0 0) 0x7f9100011e20 con 0x7f9110109520
2024-06-09T22:09:19.134 INFO:teuthology.orchestra.run.smithi104.stdout:/usr/bin/ceph: stderr
2024-06-09T22:09:17.592+0000 7f9115a31700 1 -- 172.21.15.104:0/3379774491 --> [v2:172.21.15.104:3300/0,v1:172.21.15.104:6789/0] -- mon_command({"prefix": "mgr module enable", "module": "dashboard"} v 0) -- 0x7f90fc005650 con 0x7f9110109520
2024-06-09T22:09:19.135 INFO:teuthology.orchestra.run.smithi104.stdout:/usr/bin/ceph: stderr
2024-06-09T22:09:18.367+0000 7f9114a2f700 1 -- 172.21.15.104:0/3379774491 <== mon.0 v2:172.21.15.104:3300/0 7 ==== mon_command_ack([{"prefix": "mgr module enable", "module": "dashboard"}]=0 v9) ==== 88+0+0 (secure 0 0 0) 0x7f91000172b0 con 0x7f9110109520
2024-06-09T22:09:19.135 INFO:teuthology.orchestra.run.smithi104.stdout:/usr/bin/ceph: stderr
2024-06-09T22:09:18.368+0000 7f9114a2f700 1 -- 172.21.15.104:0/3379774491 <== mon.0 v2:172.21.15.104:3300/0 8 ==== mgrmap(e 9) ==== 46300+0+0 (secure 0 0 0) 0x7f910002d910 con 0x7f9110109520
2024-06-09T22:09:19.135 INFO:teuthology.orchestra.run.smithi104.stdout:/usr/bin/ceph: stderr
2024-06-09T22:09:18.370+0000 7f9115a31700 1 -- 172.21.15.104:0/3379774491 >> [v2:172.21.15.104:6800/85752866,v1:172.21.15.104:6801/85752866] conn(0x7f90f8039000 msgr2=0x7f90f803b4c0 secure :-1 s=STATE_CONNECTION_ESTABLISHED l=1).mark_down
2024-06-09T22:09:19.135 INFO:teuthology.orchestra.run.smithi104.stdout:/usr/bin/ceph: stderr
2024-06-09T22:09:18.370+0000 7f9115a31700 1 --2- 172.21.15.104:0/3379774491 >> [v2:172.21.15.104:6800/85752866,v1:172.21.15.104:6801/85752866] conn(0x7f90f8039000 0x7f90f803b4c0 secure :-1 s=READY pgs=16 cs=0 l=1 rev1=1 crypto rx=0x7f9104006fd0 tx=0x7f9104006e40 comp rx=0 tx=0).stop
2024-06-09T22:09:19.135 INFO:teuthology.orchestra.run.smithi104.stdout:/usr/bin/ceph: stderr
2024-06-09T22:09:18.370+0000 7f9115a31700 1 -- 172.21.15.104:0/3379774491 >> [v2:172.21.15.104:3300/0,v1:172.21.15.104:6789/0] conn(0x7f9110109520 msgr2=0x7f911019be70 secure :-1 s=STATE_CONNECTION_ESTABLISHED l=1).mark_down
2024-06-09T22:09:19.135 INFO:teuthology.orchestra.run.smithi104.stdout:/usr/bin/ceph: stderr
2024-06-09T22:09:18.370+0000 7f9115a31700 1 --2- 172.21.15.104:0/3379774491 >> [v2:172.21.15.104:3300/0,v1:172.21.15.104:6789/0] conn(0x7f9110109520 0x7f911019be70 secure :-1 s=READY pgs=56 cs=0 l=1 rev1=1 crypto rx=0x7f91000117e0 tx=0x7f9100011c10 comp rx=0 tx=0).stop
2024-06-09T22:09:19.135 INFO:teuthology.orchestra.run.smithi104.stdout:/usr/bin/ceph: stderr
2024-06-09T22:09:18.370+0000 7f9115a31700 1 -- 172.21.15.104:0/3379774491 shutdown_connections
2024-06-09T22:09:19.135 INFO:teuthology.orchestra.run.smithi104.stdout:/usr/bin/ceph: stderr
2024-06-09T22:09:18.370+0000 7f9115a31700 1 --2- 172.21.15.104:0/3379774491 >> [v2:172.21.15.104:6800/85752866,v1:172.21.15.104:6801/85752866] conn(0x7f90f8039000 0x7f90f803b4c0 unknown :-1 s=CLOSED pgs=16 cs=0 l=1 rev1=1 crypto rx=0 tx=0 comp rx=0 tx=0).stop
2024-06-09T22:09:19.135 INFO:teuthology.orchestra.run.smithi104.stdout:/usr/bin/ceph: stderr
2024-06-09T22:09:18.370+0000 7f9115a31700 1 --2- 172.21.15.104:0/3379774491 >> [v2:172.21.15.104:3300/0,v1:172.21.15.104:6789/0] conn(0x7f9110109520 0x7f911019be70 unknown :-1 s=CLOSED pgs=56 cs=0 l=1 rev1=1 crypto rx=0 tx=0 comp rx=0 tx=0).stop
2024-06-09T22:09:19.135 INFO:teuthology.orchestra.run.smithi104.stdout:/usr/bin/ceph: stderr
2024-06-09T22:09:18.370+0000 7f9115a31700 1 -- 172.21.15.104:0/3379774491 >> 172.21.15.104:0/3379774491 conn(0x7f9110101b40 msgr2=0x7f9110102650 unknown :-1 s=STATE_NONE l=0).mark_down
2024-06-09T22:09:19.135 INFO:teuthology.orchestra.run.smithi104.stdout:/usr/bin/ceph: stderr
2024-06-09T22:09:18.370+0000 7f9115a31700 1 -- 172.21.15.104:0/3379774491 shutdown_connections
2024-06-09T22:09:19.135 INFO:teuthology.orchestra.run.smithi104.stdout:/usr/bin/ceph: stderr
2024-06-09T22:09:18.370+0000 7f9115a31700 1 -- 172.21.15.104:0/3379774491 wait complete.
2024-06-09T22:09:19.444 INFO:journalctl@ceph.mon.a.smithi104.stdout:Jun 09 22:09:19 smithi104 ceph-mon[32389]: from='client.? 172.21.15.104:0/3379774491' entity='client.admin' cmd='[{"prefix": "mgr module enable", "module": "dashboard"}]': finished
2024-06-09T22:09:19.444 INFO:journalctl@ceph.mon.a.smithi104.stdout:Jun 09 22:09:19 smithi104 ceph-mon[32389]: mgrmap e9: x(active, since 19s)
2024-06-09T22:09:19.444 INFO:journalctl@ceph.mgr.x.smithi104.stdout:Jun 09 22:09:19 smithi104 ceph-a948c0ca-26ac-11ef-bc9b-c7b262605968-mgr-x[32617]:
2024-06-09T22:09:19.157+0000 7f1647238200 -1 mgr[py] Module progress has missing NOTIFY_TYPES member
2024-06-09T22:09:19.445 INFO:journalctl@ceph.mgr.x.smithi104.stdout:Jun 09 22:09:19 smithi104 ceph-a948c0ca-26ac-11ef-bc9b-c7b262605968-mgr-x[32617]:
2024-06-09T22:09:19.245+0000 7f1647238200 -1 mgr[py] Module influx has missing NOTIFY_TYPES member
2024-06-09T22:09:20.456 INFO:teuthology.orchestra.run.smithi104.stdout:/usr/bin/ceph: stdout {
2024-06-09T22:09:20.456 INFO:teuthology.orchestra.run.smithi104.stdout:/usr/bin/ceph: stdout "epoch": 9,
2024-06-09T22:09:20.456 INFO:teuthology.orchestra.run.smithi104.stdout:/usr/bin/ceph: stdout "available": true,
2024-06-09T22:09:20.456 INFO:teuthology.orchestra.run.smithi104.stdout:/usr/bin/ceph: stdout "active_name": "x",
2024-06-09T22:09:20.456 INFO:teuthology.orchestra.run.smithi104.stdout:/usr/bin/ceph: stdout "num_standby": 0
2024-06-09T22:09:20.456 INFO:teuthology.orchestra.run.smithi104.stdout:/usr/bin/ceph: stdout }
2024-06-09T22:09:20.456 INFO:teuthology.orchestra.run.smithi104.stdout:/usr/bin/ceph: stderr
2024-06-09T22:09:19.559+0000 7fa747dd3700 1 Processor -- start
2024-06-09T22:09:20.456 INFO:teuthology.orchestra.run.smithi104.stdout:/usr/bin/ceph: stderr
2024-06-09T22:09:19.559+0000 7fa747dd3700 1 -- start start
2024-06-09T22:09:20.457 INFO:teuthology.orchestra.run.smithi104.stdout:/usr/bin/ceph: stderr
2024-06-09T22:09:19.559+0000 7fa747dd3700 1 --2- >> [v2:172.21.15.104:3300/0,v1:172.21.15.104:6789/0] conn(0x7fa740108a30 0x7fa74010ae20 unknown :-1 s=NONE pgs=0 cs=0 l=0 rev1=0 crypto rx=0 tx=0 comp rx=0 tx=0).connect
2024-06-09T22:09:20.457 INFO:teuthology.orchestra.run.smithi104.stdout:/usr/bin/ceph: stderr
2024-06-09T22:09:19.559+0000 7fa747dd3700 1 -- --> [v2:172.21.15.104:3300/0,v1:172.21.15.104:6789/0] -- mon_getmap magic: 0 -- 0x7fa74007bdf0 con 0x7fa740108a30
2024-06-09T22:09:20.457 INFO:teuthology.orchestra.run.smithi104.stdout:/usr/bin/ceph: stderr
2024-06-09T22:09:19.559+0000 7fa745b6f700 1 --2- >> [v2:172.21.15.104:3300/0,v1:172.21.15.104:6789/0] conn(0x7fa740108a30 0x7fa74010ae20 unknown :-1 s=BANNER_CONNECTING pgs=0 cs=0 l=0 rev1=0 crypto rx=0 tx=0 comp rx=0 tx=0)._handle_peer_banner_payload supported=3 required=0
2024-06-09T22:09:20.457 INFO:teuthology.orchestra.run.smithi104.stdout:/usr/bin/ceph: stderr
2024-06-09T22:09:19.559+0000 7fa745b6f700 1 --2- >> [v2:172.21.15.104:3300/0,v1:172.21.15.104:6789/0] conn(0x7fa740108a30 0x7fa74010ae20 unknown :-1 s=HELLO_CONNECTING pgs=0 cs=0 l=0 rev1=1 crypto rx=0 tx=0 comp rx=0 tx=0).handle_hello peer v2:172.21.15.104:3300/0 says I am v2:172.21.15.104:43112/0 (socket says 172.21.15.104:43112)
2024-06-09T22:09:20.457 INFO:teuthology.orchestra.run.smithi104.stdout:/usr/bin/ceph: stderr
2024-06-09T22:09:19.559+0000 7fa745b6f700 1 -- 172.21.15.104:0/1958884987 learned_addr learned my addr 172.21.15.104:0/1958884987 (peer_addr_for_me v2:172.21.15.104:0/0)
2024-06-09T22:09:20.457 INFO:teuthology.orchestra.run.smithi104.stdout:/usr/bin/ceph: stderr
2024-06-09T22:09:19.560+0000 7fa745b6f700 1 -- 172.21.15.104:0/1958884987 --> [v2:172.21.15.104:3300/0,v1:172.21.15.104:6789/0] -- mon_subscribe({config=0+,monmap=0+}) -- 0x7fa74010b360 con 0x7fa740108a30
2024-06-09T22:09:20.457 INFO:teuthology.orchestra.run.smithi104.stdout:/usr/bin/ceph: stderr
2024-06-09T22:09:19.560+0000 7fa745b6f700 1 --2- 172.21.15.104:0/1958884987 >> [v2:172.21.15.104:3300/0,v1:172.21.15.104:6789/0] conn(0x7fa740108a30 0x7fa74010ae20 secure :-1 s=READY pgs=59 cs=0 l=1 rev1=1 crypto rx=0x7fa73c0098a0 tx=0x7fa73c009bb0 comp rx=0 tx=0).ready entity=mon.0 client_cookie=58b07bde72680b63 server_cookie=0 in_seq=0 out_seq=0
2024-06-09T22:09:20.457 INFO:teuthology.orchestra.run.smithi104.stdout:/usr/bin/ceph: stderr
2024-06-09T22:09:19.560+0000 7fa744b6d700 1 -- 172.21.15.104:0/1958884987 <== mon.0 v2:172.21.15.104:3300/0 1 ==== mon_map magic: 0 ==== 205+0+0 (secure 0 0 0) 0x7fa73c004160 con 0x7fa740108a30
2024-06-09T22:09:20.457 INFO:teuthology.orchestra.run.smithi104.stdout:/usr/bin/ceph: stderr
2024-06-09T22:09:19.560+0000 7fa744b6d700 1 -- 172.21.15.104:0/1958884987 <== mon.0 v2:172.21.15.104:3300/0 2 ==== config(27 keys) ==== 1140+0+0 (secure 0 0 0) 0x7fa73c004300 con 0x7fa740108a30
2024-06-09T22:09:20.457 INFO:teuthology.orchestra.run.smithi104.stdout:/usr/bin/ceph: stderr
2024-06-09T22:09:19.560+0000 7fa744b6d700 1 -- 172.21.15.104:0/1958884987 <== mon.0 v2:172.21.15.104:3300/0 3 ==== mon_map magic: 0 ==== 205+0+0 (secure 0 0 0) 0x7fa73c011b20 con 0x7fa740108a30
2024-06-09T22:09:20.457 INFO:teuthology.orchestra.run.smithi104.stdout:/usr/bin/ceph: stderr
2024-06-09T22:09:19.561+0000 7fa747dd3700 1 -- 172.21.15.104:0/1958884987 >> [v2:172.21.15.104:3300/0,v1:172.21.15.104:6789/0] conn(0x7fa740108a30 msgr2=0x7fa74010ae20 secure :-1 s=STATE_CONNECTION_ESTABLISHED l=1).mark_down
2024-06-09T22:09:20.457 INFO:teuthology.orchestra.run.smithi104.stdout:/usr/bin/ceph: stderr
2024-06-09T22:09:19.561+0000 7fa747dd3700 1 --2- 172.21.15.104:0/1958884987 >> [v2:172.21.15.104:3300/0,v1:172.21.15.104:6789/0] conn(0x7fa740108a30 0x7fa74010ae20 secure :-1 s=READY pgs=59 cs=0 l=1 rev1=1 crypto rx=0x7fa73c0098a0 tx=0x7fa73c009bb0 comp rx=0 tx=0).stop
2024-06-09T22:09:20.457 INFO:teuthology.orchestra.run.smithi104.stdout:/usr/bin/ceph: stderr
2024-06-09T22:09:19.561+0000 7fa747dd3700 1 -- 172.21.15.104:0/1958884987 shutdown_connections
2024-06-09T22:09:20.457 INFO:teuthology.orchestra.run.smithi104.stdout:/usr/bin/ceph: stderr
2024-06-09T22:09:19.561+0000 7fa747dd3700 1 --2- 172.21.15.104:0/1958884987 >> [v2:172.21.15.104:3300/0,v1:172.21.15.104:6789/0] conn(0x7fa740108a30 0x7fa74010ae20 unknown :-1 s=CLOSED pgs=59 cs=0 l=1 rev1=1 crypto rx=0 tx=0 comp rx=0 tx=0).stop
2024-06-09T22:09:20.458 INFO:teuthology.orchestra.run.smithi104.stdout:/usr/bin/ceph: stderr
2024-06-09T22:09:19.561+0000 7fa747dd3700 1 -- 172.21.15.104:0/1958884987 >> 172.21.15.104:0/1958884987 conn(0x7fa7401023c0 msgr2=0x7fa740104800 unknown :-1 s=STATE_NONE l=0).mark_down
2024-06-09T22:09:20.458 INFO:teuthology.orchestra.run.smithi104.stdout:/usr/bin/ceph: stderr
2024-06-09T22:09:19.561+0000 7fa747dd3700 1 -- 172.21.15.104:0/1958884987 shutdown_connections
2024-06-09T22:09:20.458 INFO:teuthology.orchestra.run.smithi104.stdout:/usr/bin/ceph: stderr
2024-06-09T22:09:19.561+0000 7fa747dd3700 1 -- 172.21.15.104:0/1958884987 wait complete.
2024-06-09T22:09:20.458 INFO:teuthology.orchestra.run.smithi104.stdout:/usr/bin/ceph: stderr
2024-06-09T22:09:19.561+0000 7fa747dd3700 1 Processor -- start
2024-06-09T22:09:20.458 INFO:teuthology.orchestra.run.smithi104.stdout:/usr/bin/ceph: stderr
2024-06-09T22:09:19.562+0000 7fa747dd3700 1 -- start start
2024-06-09T22:09:20.458 INFO:teuthology.orchestra.run.smithi104.stdout:/usr/bin/ceph: stderr
2024-06-09T22:09:19.562+0000 7fa747dd3700 1 --2- >> [v2:172.21.15.104:3300/0,v1:172.21.15.104:6789/0] conn(0x7fa740108a30 0x7fa74019be80 unknown :-1 s=NONE pgs=0 cs=0 l=1 rev1=0 crypto rx=0 tx=0 comp rx=0 tx=0).connect
2024-06-09T22:09:20.458 INFO:teuthology.orchestra.run.smithi104.stdout:/usr/bin/ceph: stderr
2024-06-09T22:09:19.562+0000 7fa747dd3700 1 -- --> [v2:172.21.15.104:3300/0,v1:172.21.15.104:6789/0] -- mon_getmap magic: 0 -- 0x7fa74010c360 con 0x7fa740108a30
2024-06-09T22:09:20.458 INFO:teuthology.orchestra.run.smithi104.stdout:/usr/bin/ceph: stderr
2024-06-09T22:09:19.562+0000 7fa745b6f700 1 --2- >> [v2:172.21.15.104:3300/0,v1:172.21.15.104:6789/0] conn(0x7fa740108a30 0x7fa74019be80 unknown :-1 s=BANNER_CONNECTING pgs=0 cs=0 l=1 rev1=0 crypto rx=0 tx=0 comp rx=0 tx=0)._handle_peer_banner_payload supported=3 required=0
2024-06-09T22:09:20.458 INFO:teuthology.orchestra.run.smithi104.stdout:/usr/bin/ceph: stderr
2024-06-09T22:09:19.562+0000 7fa745b6f700 1 --2- >> [v2:172.21.15.104:3300/0,v1:172.21.15.104:6789/0] conn(0x7fa740108a30 0x7fa74019be80 unknown :-1 s=HELLO_CONNECTING pgs=0 cs=0 l=1 rev1=1 crypto rx=0 tx=0 comp rx=0 tx=0).handle_hello peer v2:172.21.15.104:3300/0 says I am v2:172.21.15.104:43126/0 (socket says 172.21.15.104:43126)
2024-06-09T22:09:20.458 INFO:teuthology.orchestra.run.smithi104.stdout:/usr/bin/ceph: stderr
2024-06-09T22:09:19.562+0000 7fa745b6f700 1 -- 172.21.15.104:0/454228319 learned_addr learned my addr 172.21.15.104:0/454228319 (peer_addr_for_me v2:172.21.15.104:0/0)
2024-06-09T22:09:20.458 INFO:teuthology.orchestra.run.smithi104.stdout:/usr/bin/ceph: stderr
2024-06-09T22:09:19.562+0000 7fa745b6f700 1 -- 172.21.15.104:0/454228319 --> [v2:172.21.15.104:3300/0,v1:172.21.15.104:6789/0] -- mon_subscribe({config=0+,monmap=0+}) -- 0x7fa74019c3c0 con 0x7fa740108a30
2024-06-09T22:09:20.458 INFO:teuthology.orchestra.run.smithi104.stdout:/usr/bin/ceph: stderr
2024-06-09T22:09:19.562+0000 7fa745b6f700 1 --2- 172.21.15.104:0/454228319 >> [v2:172.21.15.104:3300/0,v1:172.21.15.104:6789/0] conn(0x7fa740108a30 0x7fa74019be80 secure :-1 s=READY pgs=60 cs=0 l=1 rev1=1 crypto rx=0x7fa73c0117e0 tx=0x7fa73c011ba0 comp rx=0 tx=0).ready entity=mon.0 client_cookie=0 server_cookie=0 in_seq=0 out_seq=0
2024-06-09T22:09:20.459 INFO:teuthology.orchestra.run.smithi104.stdout:/usr/bin/ceph: stderr
2024-06-09T22:09:19.562+0000 7fa736ffd700 1 -- 172.21.15.104:0/454228319 <== mon.0 v2:172.21.15.104:3300/0 1 ==== mon_map magic: 0 ==== 205+0+0 (secure 0 0 0) 0x7fa73c003ba0 con 0x7fa740108a30
2024-06-09T22:09:20.459 INFO:teuthology.orchestra.run.smithi104.stdout:/usr/bin/ceph: stderr
2024-06-09T22:09:19.562+0000 7fa736ffd700 1 -- 172.21.15.104:0/454228319 <== mon.0 v2:172.21.15.104:3300/0 2 ==== config(27 keys) ==== 1140+0+0 (secure 0 0 0) 0x7fa73c01a910 con 0x7fa740108a30
2024-06-09T22:09:20.459 INFO:teuthology.orchestra.run.smithi104.stdout:/usr/bin/ceph: stderr
2024-06-09T22:09:19.562+0000 7fa736ffd700 1 -- 172.21.15.104:0/454228319 <== mon.0 v2:172.21.15.104:3300/0 3 ==== mon_map magic: 0 ==== 205+0+0 (secure 0 0 0) 0x7fa73c0248f0 con 0x7fa740108a30
2024-06-09T22:09:20.459 INFO:teuthology.orchestra.run.smithi104.stdout:/usr/bin/ceph: stderr
2024-06-09T22:09:19.562+0000 7fa747dd3700 1 -- 172.21.15.104:0/454228319 --> [v2:172.21.15.104:3300/0,v1:172.21.15.104:6789/0] -- mon_subscribe({mgrmap=0+}) -- 0x7fa74019c650 con 0x7fa740108a30
2024-06-09T22:09:20.459 INFO:teuthology.orchestra.run.smithi104.stdout:/usr/bin/ceph: stderr
2024-06-09T22:09:19.562+0000 7fa747dd3700 1 -- 172.21.15.104:0/454228319 --> [v2:172.21.15.104:3300/0,v1:172.21.15.104:6789/0] -- mon_subscribe({osdmap=0}) -- 0x7fa74019cab0 con 0x7fa740108a30
2024-06-09T22:09:20.459 INFO:teuthology.orchestra.run.smithi104.stdout:/usr/bin/ceph: stderr
2024-06-09T22:09:19.563+0000 7fa747dd3700 1 -- 172.21.15.104:0/454228319 --> [v2:172.21.15.104:3300/0,v1:172.21.15.104:6789/0] -- mon_command({"prefix": "get_command_descriptions"} v 0) -- 0x7fa740063af0 con 0x7fa740108a30
2024-06-09T22:09:20.459 INFO:teuthology.orchestra.run.smithi104.stdout:/usr/bin/ceph: stderr
2024-06-09T22:09:19.563+0000 7fa736ffd700 1 -- 172.21.15.104:0/454228319 <== mon.0 v2:172.21.15.104:3300/0 4 ==== mgrmap(e 9) ==== 46300+0+0 (secure 0 0 0) 0x7fa73c022020 con 0x7fa740108a30
2024-06-09T22:09:20.459 INFO:teuthology.orchestra.run.smithi104.stdout:/usr/bin/ceph: stderr
2024-06-09T22:09:19.563+0000 7fa736ffd700 1 --2- 172.21.15.104:0/454228319 >> [v2:172.21.15.104:6800/85752866,v1:172.21.15.104:6801/85752866] conn(0x7fa72c039100 0x7fa72c03b5c0 unknown :-1 s=NONE pgs=0 cs=0 l=1 rev1=0 crypto rx=0 tx=0 comp rx=0 tx=0).connect
2024-06-09T22:09:20.459 INFO:teuthology.orchestra.run.smithi104.stdout:/usr/bin/ceph: stderr
2024-06-09T22:09:19.564+0000 7fa736ffd700 1 -- 172.21.15.104:0/454228319 <== mon.0 v2:172.21.15.104:3300/0 5 ==== osd_map(2..2 src has 1..2) ==== 940+0+0 (secure 0 0 0) 0x7fa73c04d670 con 0x7fa740108a30
2024-06-09T22:09:20.459 INFO:teuthology.orchestra.run.smithi104.stdout:/usr/bin/ceph: stderr
2024-06-09T22:09:19.564+0000 7fa74536e700 1 -- 172.21.15.104:0/454228319 >> [v2:172.21.15.104:6800/85752866,v1:172.21.15.104:6801/85752866] conn(0x7fa72c039100 msgr2=0x7fa72c03b5c0 unknown :-1 s=STATE_CONNECTING_RE l=1).process reconnect failed to v2:172.21.15.104:6800/85752866
2024-06-09T22:09:20.459 INFO:teuthology.orchestra.run.smithi104.stdout:/usr/bin/ceph: stderr
2024-06-09T22:09:19.564+0000 7fa74536e700 1 --2- 172.21.15.104:0/454228319 >> [v2:172.21.15.104:6800/85752866,v1:172.21.15.104:6801/85752866] conn(0x7fa72c039100 0x7fa72c03b5c0 unknown :-1 s=START_CONNECT pgs=0 cs=0 l=1 rev1=0 crypto rx=0 tx=0 comp rx=0 tx=0)._fault waiting 0.200000
2024-06-09T22:09:20.459 INFO:teuthology.orchestra.run.smithi104.stdout:/usr/bin/ceph: stderr
2024-06-09T22:09:19.568+0000 7fa736ffd700 1 -- 172.21.15.104:0/454228319 <== mon.0 v2:172.21.15.104:3300/0 6 ==== mon_command_ack([{"prefix": "get_command_descriptions"}]=0 v0) ==== 72+0+186418 (secure 0 0 0) 0x7fa73c02dc90 con 0x7fa740108a30
2024-06-09T22:09:20.459 INFO:teuthology.orchestra.run.smithi104.stdout:/usr/bin/ceph: stderr
2024-06-09T22:09:19.765+0000 7fa74536e700 1 -- 172.21.15.104:0/454228319 >> [v2:172.21.15.104:6800/85752866,v1:172.21.15.104:6801/85752866] conn(0x7fa72c039100 msgr2=0x7fa72c03b5c0 unknown :-1 s=STATE_CONNECTING_RE l=1).process reconnect failed to v2:172.21.15.104:6800/85752866
2024-06-09T22:09:20.460 INFO:teuthology.orchestra.run.smithi104.stdout:/usr/bin/ceph: stderr
2024-06-09T22:09:19.765+0000 7fa74536e700 1 --2- 172.21.15.104:0/454228319 >> [v2:172.21.15.104:6800/85752866,v1:172.21.15.104:6801/85752866] conn(0x7fa72c039100 0x7fa72c03b5c0 unknown :-1 s=START_CONNECT pgs=0 cs=0 l=1 rev1=0 crypto rx=0 tx=0 comp rx=0 tx=0)._fault waiting 0.400000
2024-06-09T22:09:20.460 INFO:teuthology.orchestra.run.smithi104.stdout:/usr/bin/ceph: stderr
2024-06-09T22:09:19.863+0000 7fa747dd3700 1 -- 172.21.15.104:0/454228319 --> [v2:172.21.15.104:3300/0,v1:172.21.15.104:6789/0] -- mon_command({"prefix": "mgr stat"} v 0) -- 0x7fa74019f520 con 0x7fa740108a30
2024-06-09T22:09:20.460 INFO:teuthology.orchestra.run.smithi104.stdout:/usr/bin/ceph: stderr
2024-06-09T22:09:19.863+0000 7fa736ffd700 1 -- 172.21.15.104:0/454228319 <== mon.0 v2:172.21.15.104:3300/0 7 ==== mon_command_ack([{"prefix": "mgr stat"}]=0 v9) ==== 56+0+88 (secure 0 0 0) 0x7fa73c018aa0 con 0x7fa740108a30
2024-06-09T22:09:20.460 INFO:teuthology.orchestra.run.smithi104.stdout:/usr/bin/ceph: stderr
2024-06-09T22:09:19.865+0000 7fa747dd3700 1 -- 172.21.15.104:0/454228319 >> [v2:172.21.15.104:6800/85752866,v1:172.21.15.104:6801/85752866] conn(0x7fa72c039100 msgr2=0x7fa72c03b5c0 unknown :-1 s=STATE_CONNECTING l=1).mark_down
2024-06-09T22:09:20.460 INFO:teuthology.orchestra.run.smithi104.stdout:/usr/bin/ceph: stderr
2024-06-09T22:09:19.865+0000 7fa747dd3700 1 --2- 172.21.15.104:0/454228319 >> [v2:172.21.15.104:6800/85752866,v1:172.21.15.104:6801/85752866] conn(0x7fa72c039100 0x7fa72c03b5c0 unknown :-1 s=START_CONNECT pgs=0 cs=0 l=1 rev1=0 crypto rx=0 tx=0 comp rx=0 tx=0).stop
2024-06-09T22:09:20.460 INFO:teuthology.orchestra.run.smithi104.stdout:/usr/bin/ceph: stderr
2024-06-09T22:09:19.865+0000 7fa747dd3700 1 -- 172.21.15.104:0/454228319 >> [v2:172.21.15.104:3300/0,v1:172.21.15.104:6789/0] conn(0x7fa740108a30 msgr2=0x7fa74019be80 secure :-1 s=STATE_CONNECTION_ESTABLISHED l=1).mark_down
2024-06-09T22:09:20.460 INFO:teuthology.orchestra.run.smithi104.stdout:/usr/bin/ceph: stderr
2024-06-09T22:09:19.865+0000 7fa747dd3700 1 --2- 172.21.15.104:0/454228319 >> [v2:172.21.15.104:3300/0,v1:172.21.15.104:6789/0] conn(0x7fa740108a30 0x7fa74019be80 secure :-1 s=READY pgs=60 cs=0 l=1 rev1=1 crypto rx=0x7fa73c0117e0 tx=0x7fa73c011ba0 comp rx=0 tx=0).stop
2024-06-09T22:09:20.460 INFO:teuthology.orchestra.run.smithi104.stdout:/usr/bin/ceph: stderr
2024-06-09T22:09:19.865+0000 7fa747dd3700 1 -- 172.21.15.104:0/454228319 shutdown_connections
2024-06-09T22:09:20.460 INFO:teuthology.orchestra.run.smithi104.stdout:/usr/bin/ceph: stderr
2024-06-09T22:09:19.865+0000 7fa747dd3700 1 --2- 172.21.15.104:0/454228319 >> [v2:172.21.15.104:6800/85752866,v1:172.21.15.104:6801/85752866] conn(0x7fa72c039100 0x7fa72c03b5c0 unknown :-1 s=CLOSED pgs=0 cs=0 l=1 rev1=0 crypto rx=0 tx=0 comp rx=0 tx=0).stop
2024-06-09T22:09:20.460 INFO:teuthology.orchestra.run.smithi104.stdout:/usr/bin/ceph: stderr
2024-06-09T22:09:19.865+0000 7fa747dd3700 1 --2- 172.21.15.104:0/454228319 >> [v2:172.21.15.104:3300/0,v1:172.21.15.104:6789/0] conn(0x7fa740108a30 0x7fa74019be80 unknown :-1 s=CLOSED pgs=60 cs=0 l=1 rev1=1 crypto rx=0 tx=0 comp rx=0 tx=0).stop
2024-06-09T22:09:20.460 INFO:teuthology.orchestra.run.smithi104.stdout:/usr/bin/ceph: stderr
2024-06-09T22:09:19.865+0000 7fa747dd3700 1 -- 172.21.15.104:0/454228319 >> 172.21.15.104:0/454228319 conn(0x7fa7401023c0 msgr2=0x7fa740102ed0 unknown :-1 s=STATE_NONE l=0).mark_down
2024-06-09T22:09:20.460 INFO:teuthology.orchestra.run.smithi104.stdout:/usr/bin/ceph: stderr
2024-06-09T22:09:19.865+0000 7fa747dd3700 1 -- 172.21.15.104:0/454228319 shutdown_connections
2024-06-09T22:09:20.461 INFO:teuthology.orchestra.run.smithi104.stdout:/usr/bin/ceph: stderr
2024-06-09T22:09:19.865+0000 7fa747dd3700 1 -- 172.21.15.104:0/454228319 wait complete.
2024-06-09T22:09:20.461 INFO:teuthology.orchestra.run.smithi104.stdout:Waiting for the mgr to restart...
2024-06-09T22:09:20.461 INFO:teuthology.orchestra.run.smithi104.stdout:Waiting for mgr epoch 9...
2024-06-09T22:09:20.493 INFO:journalctl@ceph.mon.a.smithi104.stdout:Jun 09 22:09:20 smithi104 ceph-mon[32389]: from='client.? 172.21.15.104:0/454228319' entity='client.admin' cmd=[{"prefix": "mgr stat"}]: dispatch
2024-06-09T22:09:20.493 INFO:journalctl@ceph.mgr.x.smithi104.stdout:Jun 09 22:09:20 smithi104 ceph-a948c0ca-26ac-11ef-bc9b-c7b262605968-mgr-x[32617]:
2024-06-09T22:09:20.460+0000 7f1647238200 -1 mgr[py] Module telegraf has missing NOTIFY_TYPES member
2024-06-09T22:09:20.850 INFO:journalctl@ceph.mgr.x.smithi104.stdout:Jun 09 22:09:20 smithi104 ceph-a948c0ca-26ac-11ef-bc9b-c7b262605968-mgr-x[32617]:
2024-06-09T22:09:20.637+0000 7f1647238200 -1 mgr[py] Module osd_support has missing NOTIFY_TYPES member
2024-06-09T22:09:20.850 INFO:journalctl@ceph.mgr.x.smithi104.stdout:Jun 09 22:09:20 smithi104 ceph-a948c0ca-26ac-11ef-bc9b-c7b262605968-mgr-x[32617]:
2024-06-09T22:09:20.810+0000 7f1647238200 -1 mgr[py] Module iostat has missing NOTIFY_TYPES member
2024-06-09T22:09:21.182 INFO:journalctl@ceph.mgr.x.smithi104.stdout:Jun 09 22:09:21 smithi104 ceph-a948c0ca-26ac-11ef-bc9b-c7b262605968-mgr-x[32617]:
2024-06-09T22:09:21.104+0000 7f1647238200 -1 mgr[py] Module alerts has missing NOTIFY_TYPES member
2024-06-09T22:09:21.182 INFO:journalctl@ceph.mgr.x.smithi104.stdout:Jun 09 22:09:21 smithi104 ceph-a948c0ca-26ac-11ef-bc9b-c7b262605968-mgr-x[32617]:
2024-06-09T22:09:21.195+0000 7f1647238200 -1 mgr[py] Module selftest has missing NOTIFY_TYPES member
2024-06-09T22:09:21.476 INFO:journalctl@ceph.mgr.x.smithi104.stdout:Jun 09 22:09:21 smithi104 ceph-a948c0ca-26ac-11ef-bc9b-c7b262605968-mgr-x[32617]:
2024-06-09T22:09:21.397+0000 7f1647238200 -1 mgr[py] Module pg_autoscaler has missing NOTIFY_TYPES member
2024-06-09T22:09:21.743 INFO:journalctl@ceph.mgr.x.smithi104.stdout:Jun 09 22:09:21 smithi104 ceph-a948c0ca-26ac-11ef-bc9b-c7b262605968-mgr-x[32617]:
2024-06-09T22:09:21.590+0000 7f1647238200 -1 mgr[py] Module test_orchestrator has missing NOTIFY_TYPES member
2024-06-09T22:09:22.493 INFO:journalctl@ceph.mgr.x.smithi104.stdout:Jun 09 22:09:22 smithi104 ceph-a948c0ca-26ac-11ef-bc9b-c7b262605968-mgr-x[32617]:
2024-06-09T22:09:22.188+0000 7f1647238200 -1 mgr[py] Module rook has missing NOTIFY_TYPES member
2024-06-09T22:09:22.894 INFO:journalctl@ceph.mgr.x.smithi104.stdout:Jun 09 22:09:22 smithi104 ceph-a948c0ca-26ac-11ef-bc9b-c7b262605968-mgr-x[32617]:
2024-06-09T22:09:22.609+0000 7f1647238200 -1 mgr[py] Module volumes has missing NOTIFY_TYPES member
2024-06-09T22:09:22.894 INFO:journalctl@ceph.mgr.x.smithi104.stdout:Jun 09 22:09:22 smithi104 ceph-a948c0ca-26ac-11ef-bc9b-c7b262605968-mgr-x[32617]:
2024-06-09T22:09:22.707+0000 7f1647238200 -1 mgr[py] Module crash has missing NOTIFY_TYPES member
2024-06-09T22:09:22.894 INFO:journalctl@ceph.mgr.x.smithi104.stdout:Jun 09 22:09:22 smithi104 ceph-a948c0ca-26ac-11ef-bc9b-c7b262605968-mgr-x[32617]:
2024-06-09T22:09:22.907+0000 7f1647238200 -1 mgr[py] Module rgw has missing NOTIFY_TYPES member
2024-06-09T22:09:23.742 INFO:journalctl@ceph.mgr.x.smithi104.stdout:Jun 09 22:09:23 smithi104 ceph-a948c0ca-26ac-11ef-bc9b-c7b262605968-mgr-x[32617]:
2024-06-09T22:09:23.422+0000 7f1647238200 -1 mgr[py] Module prometheus has missing NOTIFY_TYPES member
2024-06-09T22:09:23.742 INFO:journalctl@ceph.mgr.x.smithi104.stdout:Jun 09 22:09:23 smithi104 ceph-a948c0ca-26ac-11ef-bc9b-c7b262605968-mgr-x[32617]:
2024-06-09T22:09:23.514+0000 7f1647238200 -1 mgr[py] Module devicehealth has missing NOTIFY_TYPES member
2024-06-09T22:09:23.993 INFO:journalctl@ceph.mgr.x.smithi104.stdout:Jun 09 22:09:23 smithi104 ceph-a948c0ca-26ac-11ef-bc9b-c7b262605968-mgr-x[32617]:
2024-06-09T22:09:23.755+0000 7f1647238200 -1 mgr[py] Module telemetry has missing NOTIFY_TYPES member
2024-06-09T22:09:23.993 INFO:journalctl@ceph.mgr.x.smithi104.stdout:Jun 09 22:09:23 smithi104 ceph-a948c0ca-26ac-11ef-bc9b-c7b262605968-mgr-x[32617]:
2024-06-09T22:09:23.888+0000 7f1647238200 -1 mgr[py] Module diskprediction_local has missing NOTIFY_TYPES member
2024-06-09T22:09:23.994 INFO:journalctl@ceph.mgr.x.smithi104.stdout:Jun 09 22:09:23 smithi104 ceph-a948c0ca-26ac-11ef-bc9b-c7b262605968-mgr-x[32617]:
2024-06-09T22:09:23.984+0000 7f1647238200 -1 mgr[py] Module osd_perf_query has missing NOTIFY_TYPES member
2024-06-09T22:09:24.388 INFO:journalctl@ceph.mgr.x.smithi104.stdout:Jun 09 22:09:24 smithi104 ceph-a948c0ca-26ac-11ef-bc9b-c7b262605968-mgr-x[32617]:
2024-06-09T22:09:24.104+0000 7f1647238200 -1 mgr[py] Module rbd_support has missing NOTIFY_TYPES member
2024-06-09T22:09:24.658 INFO:journalctl@ceph.mgr.x.smithi104.stdout:Jun 09 22:09:24 smithi104 ceph-a948c0ca-26ac-11ef-bc9b-c7b262605968-mgr-x[32617]:
2024-06-09T22:09:24.401+0000 7f1647238200 -1 mgr[py] Module zabbix has missing NOTIFY_TYPES member
2024-06-09T22:09:25.243 INFO:journalctl@ceph.mgr.x.smithi104.stdout:Jun 09 22:09:25 smithi104 ceph-a948c0ca-26ac-11ef-bc9b-c7b262605968-mgr-x[32617]:
2024-06-09T22:09:25.002+0000 7f1647238200 -1 mgr[py] Module status has missing NOTIFY_TYPES member
2024-06-09T22:09:25.243 INFO:journalctl@ceph.mgr.x.smithi104.stdout:Jun 09 22:09:25 smithi104 ceph-a948c0ca-26ac-11ef-bc9b-c7b262605968-mgr-x[32617]:
2024-06-09T22:09:25.219+0000 7f1647238200 -1 mgr[py] Module nfs has missing NOTIFY_TYPES member
2024-06-09T22:09:25.744 INFO:journalctl@ceph.mon.a.smithi104.stdout:Jun 09 22:09:25 smithi104 ceph-mon[32389]: Active manager daemon x restarted
2024-06-09T22:09:25.744 INFO:journalctl@ceph.mon.a.smithi104.stdout:Jun 09 22:09:25 smithi104 ceph-mon[32389]: Activating manager daemon x
2024-06-09T22:09:25.744 INFO:journalctl@ceph.mon.a.smithi104.stdout:Jun 09 22:09:25 smithi104 ceph-mon[32389]: osdmap e3: 0 total, 0 up, 0 in
2024-06-09T22:09:25.744 INFO:journalctl@ceph.mon.a.smithi104.stdout:Jun 09 22:09:25 smithi104 ceph-mon[32389]: mgrmap e10: x(active, starting, since 0.00332034s)
2024-06-09T22:09:25.744 INFO:journalctl@ceph.mon.a.smithi104.stdout:Jun 09 22:09:25 smithi104 ceph-mon[32389]: from='mgr.14152 172.21.15.104:0/2129580690' entity='mgr.x' cmd=[{"prefix": "mon metadata", "id": "a"}]: dispatch
2024-06-09T22:09:25.744 INFO:journalctl@ceph.mon.a.smithi104.stdout:Jun 09 22:09:25 smithi104 ceph-mon[32389]: from='mgr.14152 172.21.15.104:0/2129580690' entity='mgr.x' cmd=[{"prefix": "mgr metadata", "who": "x", "id": "x"}]: dispatch
2024-06-09T22:09:25.744 INFO:journalctl@ceph.mon.a.smithi104.stdout:Jun 09 22:09:25 smithi104 ceph-mon[32389]: from='mgr.14152 172.21.15.104:0/2129580690' entity='mgr.x' cmd=[{"prefix": "mds metadata"}]: dispatch
2024-06-09T22:09:25.744 INFO:journalctl@ceph.mon.a.smithi104.stdout:Jun 09 22:09:25 smithi104 ceph-mon[32389]: from='mgr.14152 172.21.15.104:0/2129580690' entity='mgr.x' cmd=[{"prefix": "osd metadata"}]: dispatch
2024-06-09T22:09:25.744 INFO:journalctl@ceph.mon.a.smithi104.stdout:Jun 09 22:09:25 smithi104 ceph-mon[32389]: from='mgr.14152 172.21.15.104:0/2129580690' entity='mgr.x' cmd=[{"prefix": "mon metadata"}]: dispatch
2024-06-09T22:09:25.744 INFO:journalctl@ceph.mon.a.smithi104.stdout:Jun 09 22:09:25 smithi104 ceph-mon[32389]: Manager daemon x is now available
2024-06-09T22:09:25.744 INFO:journalctl@ceph.mon.a.smithi104.stdout:Jun 09 22:09:25 smithi104 ceph-mon[32389]: from='mgr.14152 172.21.15.104:0/2129580690' entity='mgr.x' cmd=[{"prefix": "config dump", "format": "json"}]: dispatch
2024-06-09T22:09:25.745 INFO:journalctl@ceph.mon.a.smithi104.stdout:Jun 09 22:09:25 smithi104 ceph-mon[32389]: from='mgr.14152 172.21.15.104:0/2129580690' entity='mgr.x' cmd=[{"prefix":"config rm","who":"mgr","name":"mgr/rbd_support/x/mirror_snapshot_schedule"}]: dispatch
2024-06-09T22:09:26.436 INFO:journalctl@ceph.mon.a.smithi104.stdout:Jun 09 22:09:26 smithi104 ceph-mon[32389]: from='mgr.14152 172.21.15.104:0/2129580690' entity='mgr.x' cmd=[{"prefix":"config rm","who":"mgr","name":"mgr/rbd_support/x/trash_purge_schedule"}]: dispatch
2024-06-09T22:09:26.436 INFO:journalctl@ceph.mon.a.smithi104.stdout:Jun 09 22:09:26 smithi104 ceph-mon[32389]: mgrmap e11: x(active, since 1.00672s)
2024-06-09T22:09:27.116 INFO:teuthology.orchestra.run.smithi104.stdout:/usr/bin/ceph: stdout {
2024-06-09T22:09:27.116 INFO:teuthology.orchestra.run.smithi104.stdout:/usr/bin/ceph: stdout "mgrmap_epoch": 11,
2024-06-09T22:09:27.116 INFO:teuthology.orchestra.run.smithi104.stdout:/usr/bin/ceph: stdout "initialized": true
2024-06-09T22:09:27.116 INFO:teuthology.orchestra.run.smithi104.stdout:/usr/bin/ceph: stdout }
2024-06-09T22:09:27.116 INFO:teuthology.orchestra.run.smithi104.stdout:/usr/bin/ceph: stderr
2024-06-09T22:09:20.882+0000 7fe99759e700 1 Processor -- start
2024-06-09T22:09:27.116 INFO:teuthology.orchestra.run.smithi104.stdout:/usr/bin/ceph: stderr
2024-06-09T22:09:20.882+0000 7fe99759e700 1 -- start start
2024-06-09T22:09:27.116 INFO:teuthology.orchestra.run.smithi104.stdout:/usr/bin/ceph: stderr
2024-06-09T22:09:20.882+0000 7fe99759e700 1 --2- >> [v2:172.21.15.104:3300/0,v1:172.21.15.104:6789/0] conn(0x7fe9981088b0 0x7fe99810aca0 unknown :-1 s=NONE pgs=0 cs=0 l=0 rev1=0 crypto rx=0 tx=0 comp rx=0 tx=0).connect
2024-06-09T22:09:27.116 INFO:teuthology.orchestra.run.smithi104.stdout:/usr/bin/ceph: stderr
2024-06-09T22:09:20.882+0000 7fe99759e700 1 -- --> [v2:172.21.15.104:3300/0,v1:172.21.15.104:6789/0] -- mon_getmap magic: 0 -- 0x7fe99807be10 con 0x7fe9981088b0
2024-06-09T22:09:27.117 INFO:teuthology.orchestra.run.smithi104.stdout:/usr/bin/ceph: stderr
2024-06-09T22:09:20.883+0000 7fe99659c700 1 --2- >> [v2:172.21.15.104:3300/0,v1:172.21.15.104:6789/0] conn(0x7fe9981088b0 0x7fe99810aca0 unknown :-1 s=BANNER_CONNECTING pgs=0 cs=0 l=0 rev1=0 crypto rx=0 tx=0 comp rx=0 tx=0)._handle_peer_banner_payload supported=3 required=0
2024-06-09T22:09:27.117 INFO:teuthology.orchestra.run.smithi104.stdout:/usr/bin/ceph: stderr
2024-06-09T22:09:20.883+0000 7fe99659c700 1 --2- >> [v2:172.21.15.104:3300/0,v1:172.21.15.104:6789/0] conn(0x7fe9981088b0 0x7fe99810aca0 unknown :-1 s=HELLO_CONNECTING pgs=0 cs=0 l=0 rev1=1 crypto rx=0 tx=0 comp rx=0 tx=0).handle_hello peer v2:172.21.15.104:3300/0 says I am v2:172.21.15.104:43132/0 (socket says 172.21.15.104:43132)
2024-06-09T22:09:27.117 INFO:teuthology.orchestra.run.smithi104.stdout:/usr/bin/ceph: stderr
2024-06-09T22:09:20.883+0000 7fe99659c700 1 -- 172.21.15.104:0/496769901 learned_addr learned my addr 172.21.15.104:0/496769901 (peer_addr_for_me v2:172.21.15.104:0/0)
2024-06-09T22:09:27.117 INFO:teuthology.orchestra.run.smithi104.stdout:/usr/bin/ceph: stderr
2024-06-09T22:09:20.883+0000 7fe99659c700 1 -- 172.21.15.104:0/496769901 --> [v2:172.21.15.104:3300/0,v1:172.21.15.104:6789/0] -- mon_subscribe({config=0+,monmap=0+}) -- 0x7fe99810b1e0 con 0x7fe9981088b0
2024-06-09T22:09:27.117 INFO:teuthology.orchestra.run.smithi104.stdout:/usr/bin/ceph: stderr
2024-06-09T22:09:20.883+0000 7fe99659c700 1 --2- 172.21.15.104:0/496769901 >> [v2:172.21.15.104:3300/0,v1:172.21.15.104:6789/0] conn(0x7fe9981088b0 0x7fe99810aca0 secure :-1 s=READY pgs=61 cs=0 l=1 rev1=1 crypto rx=0x7fe98c0098a0 tx=0x7fe98c009bb0 comp rx=0 tx=0).ready entity=mon.0 client_cookie=3c580bf57f92d6a9 server_cookie=0 in_seq=0 out_seq=0
2024-06-09T22:09:27.117 INFO:teuthology.orchestra.run.smithi104.stdout:/usr/bin/ceph: stderr
2024-06-09T22:09:20.883+0000 7fe99559a700 1 -- 172.21.15.104:0/496769901 <== mon.0 v2:172.21.15.104:3300/0 1 ==== mon_map magic: 0 ==== 205+0+0 (secure 0 0 0) 0x7fe98c004160 con 0x7fe9981088b0
2024-06-09T22:09:27.117 INFO:teuthology.orchestra.run.smithi104.stdout:/usr/bin/ceph: stderr
2024-06-09T22:09:20.883+0000 7fe99559a700 1 -- 172.21.15.104:0/496769901 <== mon.0 v2:172.21.15.104:3300/0 2 ==== config(27 keys) ==== 1140+0+0 (secure 0 0 0) 0x7fe98c004300 con 0x7fe9981088b0
2024-06-09T22:09:27.117 INFO:teuthology.orchestra.run.smithi104.stdout:/usr/bin/ceph: stderr
2024-06-09T22:09:20.883+0000 7fe99559a700 1 -- 172.21.15.104:0/496769901 <== mon.0 v2:172.21.15.104:3300/0 3 ==== mon_map magic: 0 ==== 205+0+0 (secure 0 0 0) 0x7fe98c011b20 con 0x7fe9981088b0
2024-06-09T22:09:27.117 INFO:teuthology.orchestra.run.smithi104.stdout:/usr/bin/ceph: stderr
2024-06-09T22:09:20.884+0000 7fe99759e700 1 -- 172.21.15.104:0/496769901 >> [v2:172.21.15.104:3300/0,v1:172.21.15.104:6789/0] conn(0x7fe9981088b0 msgr2=0x7fe99810aca0 secure :-1 s=STATE_CONNECTION_ESTABLISHED l=1).mark_down
2024-06-09T22:09:27.117 INFO:teuthology.orchestra.run.smithi104.stdout:/usr/bin/ceph: stderr
2024-06-09T22:09:20.884+0000 7fe99759e700 1 --2- 172.21.15.104:0/496769901 >> [v2:172.21.15.104:3300/0,v1:172.21.15.104:6789/0] conn(0x7fe9981088b0 0x7fe99810aca0 secure :-1 s=READY pgs=61 cs=0 l=1 rev1=1 crypto rx=0x7fe98c0098a0 tx=0x7fe98c009bb0 comp rx=0 tx=0).stop
2024-06-09T22:09:27.117 INFO:teuthology.orchestra.run.smithi104.stdout:/usr/bin/ceph: stderr
2024-06-09T22:09:20.884+0000 7fe99759e700 1 -- 172.21.15.104:0/496769901 shutdown_connections
2024-06-09T22:09:27.117 INFO:teuthology.orchestra.run.smithi104.stdout:/usr/bin/ceph: stderr
2024-06-09T22:09:20.884+0000 7fe99759e700 1 --2- 172.21.15.104:0/496769901 >> [v2:172.21.15.104:3300/0,v1:172.21.15.104:6789/0] conn(0x7fe9981088b0 0x7fe99810aca0 unknown :-1 s=CLOSED pgs=61 cs=0 l=1 rev1=1 crypto rx=0 tx=0 comp rx=0 tx=0).stop
2024-06-09T22:09:27.118 INFO:teuthology.orchestra.run.smithi104.stdout:/usr/bin/ceph: stderr
2024-06-09T22:09:20.884+0000 7fe99759e700 1 -- 172.21.15.104:0/496769901 >> 172.21.15.104:0/496769901 conn(0x7fe9981022e0 msgr2=0x7fe998104700 unknown :-1 s=STATE_NONE l=0).mark_down
2024-06-09T22:09:27.118 INFO:teuthology.orchestra.run.smithi104.stdout:/usr/bin/ceph: stderr
2024-06-09T22:09:20.884+0000 7fe99759e700 1 -- 172.21.15.104:0/496769901 shutdown_connections
2024-06-09T22:09:27.118 INFO:teuthology.orchestra.run.smithi104.stdout:/usr/bin/ceph: stderr
2024-06-09T22:09:20.884+0000 7fe99759e700 1 -- 172.21.15.104:0/496769901 wait complete.
2024-06-09T22:09:27.118 INFO:teuthology.orchestra.run.smithi104.stdout:/usr/bin/ceph: stderr
2024-06-09T22:09:20.885+0000 7fe99759e700 1 Processor -- start
2024-06-09T22:09:27.118 INFO:teuthology.orchestra.run.smithi104.stdout:/usr/bin/ceph: stderr
2024-06-09T22:09:20.885+0000 7fe99759e700 1 -- start start
2024-06-09T22:09:27.118 INFO:teuthology.orchestra.run.smithi104.stdout:/usr/bin/ceph: stderr
2024-06-09T22:09:20.885+0000 7fe99759e700 1 --2- >> [v2:172.21.15.104:3300/0,v1:172.21.15.104:6789/0] conn(0x7fe9981088b0 0x7fe99819bda0 unknown :-1 s=NONE pgs=0 cs=0 l=1 rev1=0 crypto rx=0 tx=0 comp rx=0 tx=0).connect
2024-06-09T22:09:27.118 INFO:teuthology.orchestra.run.smithi104.stdout:/usr/bin/ceph: stderr
2024-06-09T22:09:20.885+0000 7fe99759e700 1 -- --> [v2:172.21.15.104:3300/0,v1:172.21.15.104:6789/0] -- mon_getmap magic: 0 -- 0x7fe99810c1e0 con 0x7fe9981088b0
2024-06-09T22:09:27.118 INFO:teuthology.orchestra.run.smithi104.stdout:/usr/bin/ceph: stderr
2024-06-09T22:09:20.885+0000 7fe99659c700 1 --2- >> [v2:172.21.15.104:3300/0,v1:172.21.15.104:6789/0] conn(0x7fe9981088b0 0x7fe99819bda0 unknown :-1 s=BANNER_CONNECTING pgs=0 cs=0 l=1 rev1=0 crypto rx=0 tx=0 comp rx=0 tx=0)._handle_peer_banner_payload supported=3 required=0
2024-06-09T22:09:27.118 INFO:teuthology.orchestra.run.smithi104.stdout:/usr/bin/ceph: stderr
