2024-06-09T22:59:40.502 INFO:journalctl@ceph.mon.smithi040.smithi040.stdout:Jun 09 22:59:40 smithi040 ceph-mon[29374]: from='mgr.14100 172.21.15.40:0/4168226888' entity='mgr.smithi040.eeidzw' cmd=[{"prefix": "mgr metadata", "who": "smithi040.eeidzw", "id": "smithi040.eeidzw"}]: dispatch
2024-06-09T22:59:40.502 INFO:journalctl@ceph.mon.smithi040.smithi040.stdout:Jun 09 22:59:40 smithi040 ceph-mon[29374]: Manager daemon smithi040.eeidzw is now available
2024-06-09T22:59:40.502 INFO:journalctl@ceph.mon.smithi040.smithi040.stdout:Jun 09 22:59:40 smithi040 ceph-mon[29374]: from='mgr.14100 172.21.15.40:0/4168226888' entity='mgr.smithi040.eeidzw' cmd=[{"prefix":"config rm","who":"mgr","name":"mgr/rbd_support/smithi040.eeidzw/mirror_snapshot_schedule"}]: dispatch
2024-06-09T22:59:40.502 INFO:journalctl@ceph.mon.smithi040.smithi040.stdout:Jun 09 22:59:40 smithi040 ceph-mon[29374]: from='mgr.14100 172.21.15.40:0/4168226888' entity='mgr.smithi040.eeidzw' cmd=[{"prefix":"config rm","who":"mgr","name":"mgr/rbd_support/smithi040.eeidzw/trash_purge_schedule"}]: dispatch
2024-06-09T22:59:40.502 INFO:journalctl@ceph.mon.smithi040.smithi040.stdout:Jun 09 22:59:40 smithi040 ceph-mon[29374]: from='mgr.14100 172.21.15.40:0/4168226888' entity='mgr.smithi040.eeidzw'
2024-06-09T22:59:40.502 INFO:journalctl@ceph.mon.smithi040.smithi040.stdout:Jun 09 22:59:40 smithi040 ceph-mon[29374]: from='mgr.14100 172.21.15.40:0/4168226888' entity='mgr.smithi040.eeidzw'
2024-06-09T22:59:40.502 INFO:journalctl@ceph.mon.smithi040.smithi040.stdout:Jun 09 22:59:40 smithi040 ceph-mon[29374]: from='mgr.14100 172.21.15.40:0/4168226888' entity='mgr.smithi040.eeidzw'
2024-06-09T22:59:42.751 INFO:journalctl@ceph.mon.smithi040.smithi040.stdout:Jun 09 22:59:42 smithi040 ceph-mon[29374]: mgrmap e3: smithi040.eeidzw(active, since 1.0079s)
2024-06-09T22:59:43.501 INFO:journalctl@ceph.mon.smithi040.smithi040.stdout:Jun 09 22:59:43 smithi040 ceph-mon[29374]: mgrmap e4: smithi040.eeidzw(active, since 2s)
2024-06-09T22:59:44.751 INFO:journalctl@ceph.mon.smithi040.smithi040.stdout:Jun 09 22:59:44 smithi040 ceph-mon[29374]: from='client.? 172.21.15.40:0/1737789085' entity='client.admin' cmd=[{"prefix": "status", "format": "json-pretty"}]: dispatch
2024-06-09T22:59:50.560 INFO:teuthology.orchestra.run.smithi040.stdout:/usr/bin/ceph: stdout
2024-06-09T22:59:50.560 INFO:teuthology.orchestra.run.smithi040.stdout:/usr/bin/ceph: stdout {
2024-06-09T22:59:50.560 INFO:teuthology.orchestra.run.smithi040.stdout:/usr/bin/ceph: stdout "fsid": "d407ecbc-26b3-11ef-bc9b-c7b262605968",
2024-06-09T22:59:50.560 INFO:teuthology.orchestra.run.smithi040.stdout:/usr/bin/ceph: stdout "health": {
2024-06-09T22:59:50.561 INFO:teuthology.orchestra.run.smithi040.stdout:/usr/bin/ceph: stdout "status": "HEALTH_OK",
2024-06-09T22:59:50.561 INFO:teuthology.orchestra.run.smithi040.stdout:/usr/bin/ceph: stdout "checks": {},
2024-06-09T22:59:50.561 INFO:teuthology.orchestra.run.smithi040.stdout:/usr/bin/ceph: stdout "mutes": []
2024-06-09T22:59:50.561 INFO:teuthology.orchestra.run.smithi040.stdout:/usr/bin/ceph: stdout },
2024-06-09T22:59:50.561 INFO:teuthology.orchestra.run.smithi040.stdout:/usr/bin/ceph: stdout "election_epoch": 5,
2024-06-09T22:59:50.561 INFO:teuthology.orchestra.run.smithi040.stdout:/usr/bin/ceph: stdout "quorum": [
2024-06-09T22:59:50.561 INFO:teuthology.orchestra.run.smithi040.stdout:/usr/bin/ceph: stdout 0
2024-06-09T22:59:50.561 INFO:teuthology.orchestra.run.smithi040.stdout:/usr/bin/ceph: stdout ],
2024-06-09T22:59:50.561 INFO:teuthology.orchestra.run.smithi040.stdout:/usr/bin/ceph: stdout "quorum_names": [
2024-06-09T22:59:50.561 INFO:teuthology.orchestra.run.smithi040.stdout:/usr/bin/ceph: stdout "smithi040"
2024-06-09T22:59:50.561 INFO:teuthology.orchestra.run.smithi040.stdout:/usr/bin/ceph: stdout ],
2024-06-09T22:59:50.561 INFO:teuthology.orchestra.run.smithi040.stdout:/usr/bin/ceph: stdout "quorum_age": 11,
2024-06-09T22:59:50.561 INFO:teuthology.orchestra.run.smithi040.stdout:/usr/bin/ceph: stdout "monmap": {
2024-06-09T22:59:50.561 INFO:teuthology.orchestra.run.smithi040.stdout:/usr/bin/ceph: stdout "epoch": 1,
2024-06-09T22:59:50.561 INFO:teuthology.orchestra.run.smithi040.stdout:/usr/bin/ceph: stdout "min_mon_release_name": "reef",
2024-06-09T22:59:50.562 INFO:teuthology.orchestra.run.smithi040.stdout:/usr/bin/ceph: stdout "num_mons": 1
2024-06-09T22:59:50.562 INFO:teuthology.orchestra.run.smithi040.stdout:/usr/bin/ceph: stdout },
2024-06-09T22:59:50.562 INFO:teuthology.orchestra.run.smithi040.stdout:/usr/bin/ceph: stdout "osdmap": {
2024-06-09T22:59:50.562 INFO:teuthology.orchestra.run.smithi040.stdout:/usr/bin/ceph: stdout "epoch": 1,
2024-06-09T22:59:50.562 INFO:teuthology.orchestra.run.smithi040.stdout:/usr/bin/ceph: stdout "num_osds": 0,
2024-06-09T22:59:50.562 INFO:teuthology.orchestra.run.smithi040.stdout:/usr/bin/ceph: stdout "num_up_osds": 0,
2024-06-09T22:59:50.562 INFO:teuthology.orchestra.run.smithi040.stdout:/usr/bin/ceph: stdout "osd_up_since": 0,
2024-06-09T22:59:50.570 INFO:teuthology.orchestra.run.smithi040.stdout:/usr/bin/ceph: stdout "num_in_osds": 0,
2024-06-09T22:59:50.570 INFO:teuthology.orchestra.run.smithi040.stdout:/usr/bin/ceph: stdout "osd_in_since": 0,
2024-06-09T22:59:50.570 INFO:teuthology.orchestra.run.smithi040.stdout:/usr/bin/ceph: stdout "num_remapped_pgs": 0
2024-06-09T22:59:50.570 INFO:teuthology.orchestra.run.smithi040.stdout:/usr/bin/ceph: stdout },
2024-06-09T22:59:50.570 INFO:teuthology.orchestra.run.smithi040.stdout:/usr/bin/ceph: stdout "pgmap": {
2024-06-09T22:59:50.570 INFO:teuthology.orchestra.run.smithi040.stdout:/usr/bin/ceph: stdout "pgs_by_state": [],
2024-06-09T22:59:50.570 INFO:teuthology.orchestra.run.smithi040.stdout:/usr/bin/ceph: stdout "num_pgs": 0,
2024-06-09T22:59:50.570 INFO:teuthology.orchestra.run.smithi040.stdout:/usr/bin/ceph: stdout "num_pools": 0,
2024-06-09T22:59:50.571 INFO:teuthology.orchestra.run.smithi040.stdout:/usr/bin/ceph: stdout "num_objects": 0,
2024-06-09T22:59:50.571 INFO:teuthology.orchestra.run.smithi040.stdout:/usr/bin/ceph: stdout "data_bytes": 0,
2024-06-09T22:59:50.571 INFO:teuthology.orchestra.run.smithi040.stdout:/usr/bin/ceph: stdout "bytes_used": 0,
2024-06-09T22:59:50.571 INFO:teuthology.orchestra.run.smithi040.stdout:/usr/bin/ceph: stdout "bytes_avail": 0,
2024-06-09T22:59:50.571 INFO:teuthology.orchestra.run.smithi040.stdout:/usr/bin/ceph: stdout "bytes_total": 0
2024-06-09T22:59:50.571 INFO:teuthology.orchestra.run.smithi040.stdout:/usr/bin/ceph: stdout },
2024-06-09T22:59:50.571 INFO:teuthology.orchestra.run.smithi040.stdout:/usr/bin/ceph: stdout "fsmap": {
2024-06-09T22:59:50.571 INFO:teuthology.orchestra.run.smithi040.stdout:/usr/bin/ceph: stdout "epoch": 1,
2024-06-09T22:59:50.571 INFO:teuthology.orchestra.run.smithi040.stdout:/usr/bin/ceph: stdout "by_rank": [],
2024-06-09T22:59:50.571 INFO:teuthology.orchestra.run.smithi040.stdout:/usr/bin/ceph: stdout "up:standby": 0
2024-06-09T22:59:50.572 INFO:teuthology.orchestra.run.smithi040.stdout:/usr/bin/ceph: stdout },
2024-06-09T22:59:50.572 INFO:teuthology.orchestra.run.smithi040.stdout:/usr/bin/ceph: stdout "mgrmap": {
2024-06-09T22:59:50.572 INFO:teuthology.orchestra.run.smithi040.stdout:/usr/bin/ceph: stdout "available": true,
2024-06-09T22:59:50.572 INFO:teuthology.orchestra.run.smithi040.stdout:/usr/bin/ceph: stdout "num_standbys": 0,
2024-06-09T22:59:50.572 INFO:teuthology.orchestra.run.smithi040.stdout:/usr/bin/ceph: stdout "modules": [
2024-06-09T22:59:50.572 INFO:teuthology.orchestra.run.smithi040.stdout:/usr/bin/ceph: stdout "iostat",
2024-06-09T22:59:50.572 INFO:teuthology.orchestra.run.smithi040.stdout:/usr/bin/ceph: stdout "nfs",
2024-06-09T22:59:50.572 INFO:teuthology.orchestra.run.smithi040.stdout:/usr/bin/ceph: stdout "restful"
2024-06-09T22:59:50.572 INFO:teuthology.orchestra.run.smithi040.stdout:/usr/bin/ceph: stdout ],
2024-06-09T22:59:50.572 INFO:teuthology.orchestra.run.smithi040.stdout:/usr/bin/ceph: stdout "services": {}
2024-06-09T22:59:50.572 INFO:teuthology.orchestra.run.smithi040.stdout:/usr/bin/ceph: stdout },
2024-06-09T22:59:50.572 INFO:teuthology.orchestra.run.smithi040.stdout:/usr/bin/ceph: stdout "servicemap": {
2024-06-09T22:59:50.572 INFO:teuthology.orchestra.run.smithi040.stdout:/usr/bin/ceph: stdout "epoch": 1,
2024-06-09T22:59:50.573 INFO:teuthology.orchestra.run.smithi040.stdout:/usr/bin/ceph: stdout "modified": "2024-06-09T22:59:28.187315+0000",
2024-06-09T22:59:50.573 INFO:teuthology.orchestra.run.smithi040.stdout:/usr/bin/ceph: stdout "services": {}
2024-06-09T22:59:50.573 INFO:teuthology.orchestra.run.smithi040.stdout:/usr/bin/ceph: stdout },
2024-06-09T22:59:50.573 INFO:teuthology.orchestra.run.smithi040.stdout:/usr/bin/ceph: stdout "progress_events": {}
2024-06-09T22:59:50.573 INFO:teuthology.orchestra.run.smithi040.stdout:/usr/bin/ceph: stdout }
2024-06-09T22:59:50.573 INFO:teuthology.orchestra.run.smithi040.stdout:/usr/bin/ceph: stderr
2024-06-09T22:59:44.126+0000 7f0082107640 1 Processor -- start
2024-06-09T22:59:50.573 INFO:teuthology.orchestra.run.smithi040.stdout:/usr/bin/ceph: stderr
2024-06-09T22:59:44.126+0000 7f0082107640 1 -- start start
2024-06-09T22:59:50.573 INFO:teuthology.orchestra.run.smithi040.stdout:/usr/bin/ceph: stderr
2024-06-09T22:59:44.126+0000 7f0082107640 1 --2- >> [v2:172.21.15.40:3300/0,v1:172.21.15.40:6789/0] conn(0x7f007c105c40 0x7f007c106060 unknown :-1 s=NONE pgs=0 cs=0 l=0 rev1=0 crypto rx=0 tx=0 comp rx=0 tx=0).connect
2024-06-09T22:59:50.573 INFO:teuthology.orchestra.run.smithi040.stdout:/usr/bin/ceph: stderr
2024-06-09T22:59:44.126+0000 7f0082107640 1 -- --> [v2:172.21.15.40:3300/0,v1:172.21.15.40:6789/0] -- mon_getmap magic: 0 v1 -- 0x7f007c106630 con 0x7f007c105c40
2024-06-09T22:59:50.573 INFO:teuthology.orchestra.run.smithi040.stdout:/usr/bin/ceph: stderr
2024-06-09T22:59:44.126+0000 7f007b7fe640 1 --2- >> [v2:172.21.15.40:3300/0,v1:172.21.15.40:6789/0] conn(0x7f007c105c40 0x7f007c106060 unknown :-1 s=BANNER_CONNECTING pgs=0 cs=0 l=0 rev1=0 crypto rx=0 tx=0 comp rx=0 tx=0)._handle_peer_banner_payload supported=3 required=0
2024-06-09T22:59:50.574 INFO:teuthology.orchestra.run.smithi040.stdout:/usr/bin/ceph: stderr
2024-06-09T22:59:44.126+0000 7f007b7fe640 1 --2- >> [v2:172.21.15.40:3300/0,v1:172.21.15.40:6789/0] conn(0x7f007c105c40 0x7f007c106060 unknown :-1 s=HELLO_CONNECTING pgs=0 cs=0 l=0 rev1=1 crypto rx=0 tx=0 comp rx=0 tx=0).handle_hello peer v2:172.21.15.40:3300/0 says I am v2:172.21.15.40:40878/0 (socket says 172.21.15.40:40878)
2024-06-09T22:59:50.574 INFO:teuthology.orchestra.run.smithi040.stdout:/usr/bin/ceph: stderr
2024-06-09T22:59:44.126+0000 7f007b7fe640 1 -- 172.21.15.40:0/695717919 learned_addr learned my addr 172.21.15.40:0/695717919 (peer_addr_for_me v2:172.21.15.40:0/0)
2024-06-09T22:59:50.574 INFO:teuthology.orchestra.run.smithi040.stdout:/usr/bin/ceph: stderr
2024-06-09T22:59:44.126+0000 7f007b7fe640 1 -- 172.21.15.40:0/695717919 --> [v2:172.21.15.40:3300/0,v1:172.21.15.40:6789/0] -- mon_subscribe({config=0+,monmap=0+}) v3 -- 0x7f007c106e40 con 0x7f007c105c40
2024-06-09T22:59:50.574 INFO:teuthology.orchestra.run.smithi040.stdout:/usr/bin/ceph: stderr
2024-06-09T22:59:44.127+0000 7f007b7fe640 1 --2- 172.21.15.40:0/695717919 >> [v2:172.21.15.40:3300/0,v1:172.21.15.40:6789/0] conn(0x7f007c105c40 0x7f007c106060 secure :-1 s=READY pgs=16 cs=0 l=1 rev1=1 crypto rx=0x7f006c009820 tx=0x7f006c02a270 comp rx=0 tx=0).ready entity=mon.0 client_cookie=4ba678d80df6caa2 server_cookie=0 in_seq=0 out_seq=0
2024-06-09T22:59:50.574 INFO:teuthology.orchestra.run.smithi040.stdout:/usr/bin/ceph: stderr
2024-06-09T22:59:44.127+0000 7f007affd640 1 -- 172.21.15.40:0/695717919 <== mon.0 v2:172.21.15.40:3300/0 1 ==== mon_map magic: 0 v1 ==== 229+0+0 (secure 0 0 0) 0x7f006c02ad40 con 0x7f007c105c40
2024-06-09T22:59:50.574 INFO:teuthology.orchestra.run.smithi040.stdout:/usr/bin/ceph: stderr
2024-06-09T22:59:44.127+0000 7f007affd640 1 -- 172.21.15.40:0/695717919 <== mon.0 v2:172.21.15.40:3300/0 2 ==== config(27 keys) v1 ==== 1042+0+0 (secure 0 0 0) 0x7f006c0328c0 con 0x7f007c105c40
2024-06-09T22:59:50.574 INFO:teuthology.orchestra.run.smithi040.stdout:/usr/bin/ceph: stderr
2024-06-09T22:59:44.127+0000 7f007affd640 1 -- 172.21.15.40:0/695717919 <== mon.0 v2:172.21.15.40:3300/0 3 ==== mon_map magic: 0 v1 ==== 229+0+0 (secure 0 0 0) 0x7f006c0307f0 con 0x7f007c105c40
2024-06-09T22:59:50.574 INFO:teuthology.orchestra.run.smithi040.stdout:/usr/bin/ceph: stderr
2024-06-09T22:59:44.128+0000 7f0082107640 1 -- 172.21.15.40:0/695717919 >> [v2:172.21.15.40:3300/0,v1:172.21.15.40:6789/0] conn(0x7f007c105c40 msgr2=0x7f007c106060 secure :-1 s=STATE_CONNECTION_ESTABLISHED l=1).mark_down
2024-06-09T22:59:50.574 INFO:teuthology.orchestra.run.smithi040.stdout:/usr/bin/ceph: stderr
2024-06-09T22:59:44.128+0000 7f0082107640 1 --2- 172.21.15.40:0/695717919 >> [v2:172.21.15.40:3300/0,v1:172.21.15.40:6789/0] conn(0x7f007c105c40 0x7f007c106060 secure :-1 s=READY pgs=16 cs=0 l=1 rev1=1 crypto rx=0x7f006c009820 tx=0x7f006c02a270 comp rx=0 tx=0).stop
2024-06-09T22:59:50.574 INFO:teuthology.orchestra.run.smithi040.stdout:/usr/bin/ceph: stderr
2024-06-09T22:59:44.128+0000 7f0082107640 1 -- 172.21.15.40:0/695717919 shutdown_connections
2024-06-09T22:59:50.574 INFO:teuthology.orchestra.run.smithi040.stdout:/usr/bin/ceph: stderr
2024-06-09T22:59:44.128+0000 7f0082107640 1 --2- 172.21.15.40:0/695717919 >> [v2:172.21.15.40:3300/0,v1:172.21.15.40:6789/0] conn(0x7f007c105c40 0x7f007c106060 unknown :-1 s=CLOSED pgs=16 cs=0 l=1 rev1=1 crypto rx=0 tx=0 comp rx=0 tx=0).stop
2024-06-09T22:59:50.574 INFO:teuthology.orchestra.run.smithi040.stdout:/usr/bin/ceph: stderr
2024-06-09T22:59:44.128+0000 7f0082107640 1 -- 172.21.15.40:0/695717919 >> 172.21.15.40:0/695717919 conn(0x7f007c1011c0 msgr2=0x7f007c103620 unknown :-1 s=STATE_NONE l=0).mark_down
2024-06-09T22:59:50.575 INFO:teuthology.orchestra.run.smithi040.stdout:/usr/bin/ceph: stderr
2024-06-09T22:59:44.128+0000 7f0082107640 1 -- 172.21.15.40:0/695717919 shutdown_connections
2024-06-09T22:59:50.575 INFO:teuthology.orchestra.run.smithi040.stdout:/usr/bin/ceph: stderr
2024-06-09T22:59:44.128+0000 7f0082107640 1 -- 172.21.15.40:0/695717919 wait complete.
2024-06-09T22:59:50.575 INFO:teuthology.orchestra.run.smithi040.stdout:/usr/bin/ceph: stderr
2024-06-09T22:59:44.129+0000 7f0082107640 1 Processor -- start
2024-06-09T22:59:50.575 INFO:teuthology.orchestra.run.smithi040.stdout:/usr/bin/ceph: stderr
2024-06-09T22:59:44.129+0000 7f0082107640 1 -- start start
2024-06-09T22:59:50.575 INFO:teuthology.orchestra.run.smithi040.stdout:/usr/bin/ceph: stderr
2024-06-09T22:59:44.129+0000 7f0082107640 1 --2- >> [v2:172.21.15.40:3300/0,v1:172.21.15.40:6789/0] conn(0x7f007c105c40 0x7f007c199870 unknown :-1 s=NONE pgs=0 cs=0 l=1 rev1=0 crypto rx=0 tx=0 comp rx=0 tx=0).connect
2024-06-09T22:59:50.575 INFO:teuthology.orchestra.run.smithi040.stdout:/usr/bin/ceph: stderr
2024-06-09T22:59:44.129+0000 7f0082107640 1 -- --> [v2:172.21.15.40:3300/0,v1:172.21.15.40:6789/0] -- mon_getmap magic: 0 v1 -- 0x7f007c199db0 con 0x7f007c105c40
2024-06-09T22:59:50.575 INFO:teuthology.orchestra.run.smithi040.stdout:/usr/bin/ceph: stderr
2024-06-09T22:59:44.129+0000 7f007b7fe640 1 --2- >> [v2:172.21.15.40:3300/0,v1:172.21.15.40:6789/0] conn(0x7f007c105c40 0x7f007c199870 unknown :-1 s=BANNER_CONNECTING pgs=0 cs=0 l=1 rev1=0 crypto rx=0 tx=0 comp rx=0 tx=0)._handle_peer_banner_payload supported=3 required=0
2024-06-09T22:59:50.575 INFO:teuthology.orchestra.run.smithi040.stdout:/usr/bin/ceph: stderr
2024-06-09T22:59:44.129+0000 7f007b7fe640 1 --2- >> [v2:172.21.15.40:3300/0,v1:172.21.15.40:6789/0] conn(0x7f007c105c40 0x7f007c199870 unknown :-1 s=HELLO_CONNECTING pgs=0 cs=0 l=1 rev1=1 crypto rx=0 tx=0 comp rx=0 tx=0).handle_hello peer v2:172.21.15.40:3300/0 says I am v2:172.21.15.40:40892/0 (socket says 172.21.15.40:40892)
2024-06-09T22:59:50.575 INFO:teuthology.orchestra.run.smithi040.stdout:/usr/bin/ceph: stderr
2024-06-09T22:59:44.129+0000 7f007b7fe640 1 -- 172.21.15.40:0/1737789085 learned_addr learned my addr 172.21.15.40:0/1737789085 (peer_addr_for_me v2:172.21.15.40:0/0)
2024-06-09T22:59:50.575 INFO:teuthology.orchestra.run.smithi040.stdout:/usr/bin/ceph: stderr
2024-06-09T22:59:44.130+0000 7f007b7fe640 1 -- 172.21.15.40:0/1737789085 --> [v2:172.21.15.40:3300/0,v1:172.21.15.40:6789/0] -- mon_subscribe({config=0+,monmap=0+}) v3 -- 0x7f006c0094d0 con 0x7f007c105c40
2024-06-09T22:59:50.575 INFO:teuthology.orchestra.run.smithi040.stdout:/usr/bin/ceph: stderr
2024-06-09T22:59:44.130+0000 7f007b7fe640 1 --2- 172.21.15.40:0/1737789085 >> [v2:172.21.15.40:3300/0,v1:172.21.15.40:6789/0] conn(0x7f007c105c40 0x7f007c199870 secure :-1 s=READY pgs=17 cs=0 l=1 rev1=1 crypto rx=0x7f006c009940 tx=0x7f006c032c60 comp rx=0 tx=0).ready entity=mon.0 client_cookie=0 server_cookie=0 in_seq=0 out_seq=0
2024-06-09T22:59:50.575 INFO:teuthology.orchestra.run.smithi040.stdout:/usr/bin/ceph: stderr
2024-06-09T22:59:44.130+0000 7f00797fa640 1 -- 172.21.15.40:0/1737789085 <== mon.0 v2:172.21.15.40:3300/0 1 ==== mon_map magic: 0 v1 ==== 229+0+0 (secure 0 0 0) 0x7f006c041070 con 0x7f007c105c40
2024-06-09T22:59:50.575 INFO:teuthology.orchestra.run.smithi040.stdout:/usr/bin/ceph: stderr
2024-06-09T22:59:44.130+0000 7f00797fa640 1 -- 172.21.15.40:0/1737789085 <== mon.0 v2:172.21.15.40:3300/0 2 ==== config(27 keys) v1 ==== 1042+0+0 (secure 0 0 0) 0x7f006c030cc0 con 0x7f007c105c40
2024-06-09T22:59:50.575 INFO:teuthology.orchestra.run.smithi040.stdout:/usr/bin/ceph: stderr
2024-06-09T22:59:44.130+0000 7f00797fa640 1 -- 172.21.15.40:0/1737789085 <== mon.0 v2:172.21.15.40:3300/0 3 ==== mon_map magic: 0 v1 ==== 229+0+0 (secure 0 0 0) 0x7f006c03c690 con 0x7f007c105c40
2024-06-09T22:59:50.576 INFO:teuthology.orchestra.run.smithi040.stdout:/usr/bin/ceph: stderr
2024-06-09T22:59:44.130+0000 7f0082107640 1 -- 172.21.15.40:0/1737789085 --> [v2:172.21.15.40:3300/0,v1:172.21.15.40:6789/0] -- mon_subscribe({mgrmap=0+}) v3 -- 0x7f007c199fb0 con 0x7f007c105c40
2024-06-09T22:59:50.576 INFO:teuthology.orchestra.run.smithi040.stdout:/usr/bin/ceph: stderr
2024-06-09T22:59:44.130+0000 7f0082107640 1 -- 172.21.15.40:0/1737789085 --> [v2:172.21.15.40:3300/0,v1:172.21.15.40:6789/0] -- mon_subscribe({osdmap=0}) v3 -- 0x7f007c19a3d0 con 0x7f007c105c40
2024-06-09T22:59:50.576 INFO:teuthology.orchestra.run.smithi040.stdout:/usr/bin/ceph: stderr
2024-06-09T22:59:44.131+0000 7f00797fa640 1 -- 172.21.15.40:0/1737789085 <== mon.0 v2:172.21.15.40:3300/0 4 ==== mgrmap(e 4) v1 ==== 44855+0+0 (secure 0 0 0) 0x7f006c03d480 con 0x7f007c105c40
2024-06-09T22:59:50.576 INFO:teuthology.orchestra.run.smithi040.stdout:/usr/bin/ceph: stderr
2024-06-09T22:59:44.131+0000 7f0082107640 1 -- 172.21.15.40:0/1737789085 --> [v2:172.21.15.40:3300/0,v1:172.21.15.40:6789/0] -- mon_command({"prefix": "get_command_descriptions"} v 0) v1 -- 0x7f007c061ae0 con 0x7f007c105c40
2024-06-09T22:59:50.576 INFO:teuthology.orchestra.run.smithi040.stdout:/usr/bin/ceph: stderr
2024-06-09T22:59:44.131+0000 7f00797fa640 1 --2- 172.21.15.40:0/1737789085 >> [v2:172.21.15.40:6800/1312256205,v1:172.21.15.40:6801/1312256205] conn(0x7f00680378b0 0x7f0068039d70 unknown :-1 s=NONE pgs=0 cs=0 l=1 rev1=0 crypto rx=0 tx=0 comp rx=0 tx=0).connect
2024-06-09T22:59:50.576 INFO:teuthology.orchestra.run.smithi040.stdout:/usr/bin/ceph: stderr
2024-06-09T22:59:44.131+0000 7f00797fa640 1 -- 172.21.15.40:0/1737789085 <== mon.0 v2:172.21.15.40:3300/0 5 ==== osd_map(1..1 src has 1..1) v4 ==== 725+0+0 (secure 0 0 0) 0x7f006c06a460 con 0x7f007c105c40
2024-06-09T22:59:50.576 INFO:teuthology.orchestra.run.smithi040.stdout:/usr/bin/ceph: stderr
2024-06-09T22:59:44.131+0000 7f0072ffd640 1 --2- 172.21.15.40:0/1737789085 >> [v2:172.21.15.40:6800/1312256205,v1:172.21.15.40:6801/1312256205] conn(0x7f00680378b0 0x7f0068039d70 unknown :-1 s=BANNER_CONNECTING pgs=0 cs=0 l=1 rev1=0 crypto rx=0 tx=0 comp rx=0 tx=0)._handle_peer_banner_payload supported=3 required=0
2024-06-09T22:59:50.576 INFO:teuthology.orchestra.run.smithi040.stdout:/usr/bin/ceph: stderr
2024-06-09T22:59:44.132+0000 7f0072ffd640 1 --2- 172.21.15.40:0/1737789085 >> [v2:172.21.15.40:6800/1312256205,v1:172.21.15.40:6801/1312256205] conn(0x7f00680378b0 0x7f0068039d70 secure :-1 s=READY pgs=6 cs=0 l=1 rev1=1 crypto rx=0x7f00640098c0 tx=0x7f0064006db0 comp rx=0 tx=0).ready entity=mgr.14100 client_cookie=0 server_cookie=0 in_seq=0 out_seq=0
2024-06-09T22:59:50.576 INFO:teuthology.orchestra.run.smithi040.stdout:/usr/bin/ceph: stderr
2024-06-09T22:59:44.136+0000 7f00797fa640 1 -- 172.21.15.40:0/1737789085 <== mon.0 v2:172.21.15.40:3300/0 6 ==== mon_command_ack([{"prefix": "get_command_descriptions"}]=0 v0) v1 ==== 72+0+182498 (secure 0 0 0) 0x7f006c03db70 con 0x7f007c105c40
2024-06-09T22:59:50.576 INFO:teuthology.orchestra.run.smithi040.stdout:/usr/bin/ceph: stderr
2024-06-09T22:59:44.393+0000 7f0082107640 1 -- 172.21.15.40:0/1737789085 --> [v2:172.21.15.40:3300/0,v1:172.21.15.40:6789/0] -- mon_command({"prefix": "status", "format": "json-pretty"} v 0) v1 -- 0x7f007c19cce0 con 0x7f007c105c40
2024-06-09T22:59:50.576 INFO:teuthology.orchestra.run.smithi040.stdout:/usr/bin/ceph: stderr
2024-06-09T22:59:44.393+0000 7f00797fa640 1 -- 172.21.15.40:0/1737789085 <== mon.0 v2:172.21.15.40:3300/0 7 ==== mon_command_ack([{"prefix": "status", "format": "json-pretty"}]=0 v0) v1 ==== 79+0+1246 (secure 0 0 0) 0x7f006c042220 con 0x7f007c105c40
2024-06-09T22:59:50.576 INFO:teuthology.orchestra.run.smithi040.stdout:/usr/bin/ceph: stderr
2024-06-09T22:59:44.395+0000 7f0082107640 1 -- 172.21.15.40:0/1737789085 >> [v2:172.21.15.40:6800/1312256205,v1:172.21.15.40:6801/1312256205] conn(0x7f00680378b0 msgr2=0x7f0068039d70 secure :-1 s=STATE_CONNECTION_ESTABLISHED l=1).mark_down
2024-06-09T22:59:50.576 INFO:teuthology.orchestra.run.smithi040.stdout:/usr/bin/ceph: stderr
2024-06-09T22:59:44.395+0000 7f0082107640 1 --2- 172.21.15.40:0/1737789085 >> [v2:172.21.15.40:6800/1312256205,v1:172.21.15.40:6801/1312256205] conn(0x7f00680378b0 0x7f0068039d70 secure :-1 s=READY pgs=6 cs=0 l=1 rev1=1 crypto rx=0x7f00640098c0 tx=0x7f0064006db0 comp rx=0 tx=0).stop
2024-06-09T22:59:50.576 INFO:teuthology.orchestra.run.smithi040.stdout:/usr/bin/ceph: stderr
2024-06-09T22:59:44.395+0000 7f0082107640 1 -- 172.21.15.40:0/1737789085 >> [v2:172.21.15.40:3300/0,v1:172.21.15.40:6789/0] conn(0x7f007c105c40 msgr2=0x7f007c199870 secure :-1 s=STATE_CONNECTION_ESTABLISHED l=1).mark_down
2024-06-09T22:59:50.576 INFO:teuthology.orchestra.run.smithi040.stdout:/usr/bin/ceph: stderr
2024-06-09T22:59:44.395+0000 7f0082107640 1 --2- 172.21.15.40:0/1737789085 >> [v2:172.21.15.40:3300/0,v1:172.21.15.40:6789/0] conn(0x7f007c105c40 0x7f007c199870 secure :-1 s=READY pgs=17 cs=0 l=1 rev1=1 crypto rx=0x7f006c009940 tx=0x7f006c032c60 comp rx=0 tx=0).stop
2024-06-09T22:59:50.577 INFO:teuthology.orchestra.run.smithi040.stdout:/usr/bin/ceph: stderr
2024-06-09T22:59:44.395+0000 7f0082107640 1 -- 172.21.15.40:0/1737789085 shutdown_connections
2024-06-09T22:59:50.577 INFO:teuthology.orchestra.run.smithi040.stdout:/usr/bin/ceph: stderr
2024-06-09T22:59:44.395+0000 7f0082107640 1 --2- 172.21.15.40:0/1737789085 >> [v2:172.21.15.40:6800/1312256205,v1:172.21.15.40:6801/1312256205] conn(0x7f00680378b0 0x7f0068039d70 unknown :-1 s=CLOSED pgs=6 cs=0 l=1 rev1=1 crypto rx=0 tx=0 comp rx=0 tx=0).stop
2024-06-09T22:59:50.577 INFO:teuthology.orchestra.run.smithi040.stdout:/usr/bin/ceph: stderr
2024-06-09T22:59:44.395+0000 7f0082107640 1 --2- 172.21.15.40:0/1737789085 >> [v2:172.21.15.40:3300/0,v1:172.21.15.40:6789/0] conn(0x7f007c105c40 0x7f007c199870 unknown :-1 s=CLOSED pgs=17 cs=0 l=1 rev1=1 crypto rx=0 tx=0 comp rx=0 tx=0).stop
2024-06-09T22:59:50.577 INFO:teuthology.orchestra.run.smithi040.stdout:/usr/bin/ceph: stderr
2024-06-09T22:59:44.395+0000 7f0082107640 1 -- 172.21.15.40:0/1737789085 >> 172.21.15.40:0/1737789085 conn(0x7f007c1011c0 msgr2=0x7f007c101c00 unknown :-1 s=STATE_NONE l=0).mark_down
2024-06-09T22:59:50.577 INFO:teuthology.orchestra.run.smithi040.stdout:/usr/bin/ceph: stderr
2024-06-09T22:59:44.395+0000 7f0082107640 1 -- 172.21.15.40:0/1737789085 shutdown_connections
2024-06-09T22:59:50.577 INFO:teuthology.orchestra.run.smithi040.stdout:/usr/bin/ceph: stderr
2024-06-09T22:59:44.395+0000 7f0082107640 1 -- 172.21.15.40:0/1737789085 wait complete.
2024-06-09T22:59:50.577 INFO:teuthology.orchestra.run.smithi040.stdout:mgr is available
2024-06-09T22:59:52.218 INFO:journalctl@ceph.mon.smithi040.smithi040.stdout:Jun 09 22:59:51 smithi040 ceph-mon[29374]: from='client.? 172.21.15.40:0/1906146117' entity='client.admin' cmd=[{"prefix": "config assimilate-conf"}]: dispatch
2024-06-09T22:59:52.462 INFO:teuthology.orchestra.run.smithi040.stdout:/usr/bin/ceph: stdout
2024-06-09T22:59:52.469 INFO:teuthology.orchestra.run.smithi040.stdout:/usr/bin/ceph: stdout [global]
2024-06-09T22:59:52.469 INFO:teuthology.orchestra.run.smithi040.stdout:/usr/bin/ceph: stdout fsid = d407ecbc-26b3-11ef-bc9b-c7b262605968
2024-06-09T22:59:52.469 INFO:teuthology.orchestra.run.smithi040.stdout:/usr/bin/ceph: stdout mon_osd_allow_pg_remap = true
2024-06-09T22:59:52.469 INFO:teuthology.orchestra.run.smithi040.stdout:/usr/bin/ceph: stdout mon_osd_allow_primary_affinity = true
2024-06-09T22:59:52.469 INFO:teuthology.orchestra.run.smithi040.stdout:/usr/bin/ceph: stdout mon_warn_on_no_sortbitwise = false
2024-06-09T22:59:52.469 INFO:teuthology.orchestra.run.smithi040.stdout:/usr/bin/ceph: stdout osd_crush_chooseleaf_type = 0
2024-06-09T22:59:52.469 INFO:teuthology.orchestra.run.smithi040.stdout:/usr/bin/ceph: stdout
2024-06-09T22:59:52.469 INFO:teuthology.orchestra.run.smithi040.stdout:/usr/bin/ceph: stdout [mgr]
2024-06-09T22:59:52.470 INFO:teuthology.orchestra.run.smithi040.stdout:/usr/bin/ceph: stdout mgr/telemetry/nag = false
2024-06-09T22:59:52.470 INFO:teuthology.orchestra.run.smithi040.stdout:/usr/bin/ceph: stdout
2024-06-09T22:59:52.470 INFO:teuthology.orchestra.run.smithi040.stdout:/usr/bin/ceph: stdout [osd]
2024-06-09T22:59:52.470 INFO:teuthology.orchestra.run.smithi040.stdout:/usr/bin/ceph: stdout mon_osd_backfillfull_ratio = 0.85
2024-06-09T22:59:52.470 INFO:teuthology.orchestra.run.smithi040.stdout:/usr/bin/ceph: stdout mon_osd_full_ratio = 0.9
2024-06-09T22:59:52.470 INFO:teuthology.orchestra.run.smithi040.stdout:/usr/bin/ceph: stdout mon_osd_nearfull_ratio = 0.8
2024-06-09T22:59:52.470 INFO:teuthology.orchestra.run.smithi040.stdout:/usr/bin/ceph: stdout osd_map_max_advance = 10
2024-06-09T22:59:52.470 INFO:teuthology.orchestra.run.smithi040.stdout:/usr/bin/ceph: stdout osd_sloppy_crc = true
2024-06-09T22:59:52.470 INFO:teuthology.orchestra.run.smithi040.stdout:/usr/bin/ceph: stderr
2024-06-09T22:59:51.676+0000 7f848c13b640 1 Processor -- start
2024-06-09T22:59:52.470 INFO:teuthology.orchestra.run.smithi040.stdout:/usr/bin/ceph: stderr
2024-06-09T22:59:51.676+0000 7f848c13b640 1 -- start start
2024-06-09T22:59:52.470 INFO:teuthology.orchestra.run.smithi040.stdout:/usr/bin/ceph: stderr
2024-06-09T22:59:51.676+0000 7f848c13b640 1 --2- >> [v2:172.21.15.40:3300/0,v1:172.21.15.40:6789/0] conn(0x7f8484105c40 0x7f8484106060 unknown :-1 s=NONE pgs=0 cs=0 l=0 rev1=0 crypto rx=0 tx=0 comp rx=0 tx=0).connect
2024-06-09T22:59:52.470 INFO:teuthology.orchestra.run.smithi040.stdout:/usr/bin/ceph: stderr
2024-06-09T22:59:51.677+0000 7f848c13b640 1 -- --> [v2:172.21.15.40:3300/0,v1:172.21.15.40:6789/0] -- mon_getmap magic: 0 v1 -- 0x7f8484106630 con 0x7f8484105c40
2024-06-09T22:59:52.471 INFO:teuthology.orchestra.run.smithi040.stdout:/usr/bin/ceph: stderr
2024-06-09T22:59:51.677+0000 7f8489ed7640 1 --2- >> [v2:172.21.15.40:3300/0,v1:172.21.15.40:6789/0] conn(0x7f8484105c40 0x7f8484106060 unknown :-1 s=BANNER_CONNECTING pgs=0 cs=0 l=0 rev1=0 crypto rx=0 tx=0 comp rx=0 tx=0)._handle_peer_banner_payload supported=3 required=0
2024-06-09T22:59:52.471 INFO:teuthology.orchestra.run.smithi040.stdout:/usr/bin/ceph: stderr
2024-06-09T22:59:51.677+0000 7f8489ed7640 1 --2- >> [v2:172.21.15.40:3300/0,v1:172.21.15.40:6789/0] conn(0x7f8484105c40 0x7f8484106060 unknown :-1 s=HELLO_CONNECTING pgs=0 cs=0 l=0 rev1=1 crypto rx=0 tx=0 comp rx=0 tx=0).handle_hello peer v2:172.21.15.40:3300/0 says I am v2:172.21.15.40:47562/0 (socket says 172.21.15.40:47562)
2024-06-09T22:59:52.471 INFO:teuthology.orchestra.run.smithi040.stdout:/usr/bin/ceph: stderr
2024-06-09T22:59:51.677+0000 7f8489ed7640 1 -- 172.21.15.40:0/1160530197 learned_addr learned my addr 172.21.15.40:0/1160530197 (peer_addr_for_me v2:172.21.15.40:0/0)
2024-06-09T22:59:52.471 INFO:teuthology.orchestra.run.smithi040.stdout:/usr/bin/ceph: stderr
2024-06-09T22:59:51.677+0000 7f8489ed7640 1 -- 172.21.15.40:0/1160530197 --> [v2:172.21.15.40:3300/0,v1:172.21.15.40:6789/0] -- mon_subscribe({config=0+,monmap=0+}) v3 -- 0x7f8484106e40 con 0x7f8484105c40
2024-06-09T22:59:52.471 INFO:teuthology.orchestra.run.smithi040.stdout:/usr/bin/ceph: stderr
2024-06-09T22:59:51.678+0000 7f8489ed7640 1 --2- 172.21.15.40:0/1160530197 >> [v2:172.21.15.40:3300/0,v1:172.21.15.40:6789/0] conn(0x7f8484105c40 0x7f8484106060 secure :-1 s=READY pgs=18 cs=0 l=1 rev1=1 crypto rx=0x7f8474009e80 tx=0x7f847402a7a0 comp rx=0 tx=0).ready entity=mon.0 client_cookie=6b6eeee8d25400cc server_cookie=0 in_seq=0 out_seq=0
2024-06-09T22:59:52.471 INFO:teuthology.orchestra.run.smithi040.stdout:/usr/bin/ceph: stderr
2024-06-09T22:59:51.678+0000 7f8488ed5640 1 -- 172.21.15.40:0/1160530197 <== mon.0 v2:172.21.15.40:3300/0 1 ==== mon_map magic: 0 v1 ==== 229+0+0 (secure 0 0 0) 0x7f8474031400 con 0x7f8484105c40
2024-06-09T22:59:52.471 INFO:teuthology.orchestra.run.smithi040.stdout:/usr/bin/ceph: stderr
2024-06-09T22:59:51.678+0000 7f8488ed5640 1 -- 172.21.15.40:0/1160530197 <== mon.0 v2:172.21.15.40:3300/0 2 ==== config(27 keys) v1 ==== 1042+0+0 (secure 0 0 0) 0x7f847402d050 con 0x7f8484105c40
2024-06-09T22:59:52.471 INFO:teuthology.orchestra.run.smithi040.stdout:/usr/bin/ceph: stderr
2024-06-09T22:59:51.678+0000 7f8488ed5640 1 -- 172.21.15.40:0/1160530197 <== mon.0 v2:172.21.15.40:3300/0 3 ==== mon_map magic: 0 v1 ==== 229+0+0 (secure 0 0 0) 0x7f8474007910 con 0x7f8484105c40
2024-06-09T22:59:52.471 INFO:teuthology.orchestra.run.smithi040.stdout:/usr/bin/ceph: stderr
2024-06-09T22:59:51.679+0000 7f848c13b640 1 -- 172.21.15.40:0/1160530197 >> [v2:172.21.15.40:3300/0,v1:172.21.15.40:6789/0] conn(0x7f8484105c40 msgr2=0x7f8484106060 secure :-1 s=STATE_CONNECTION_ESTABLISHED l=1).mark_down
2024-06-09T22:59:52.471 INFO:teuthology.orchestra.run.smithi040.stdout:/usr/bin/ceph: stderr
2024-06-09T22:59:51.679+0000 7f848c13b640 1 --2- 172.21.15.40:0/1160530197 >> [v2:172.21.15.40:3300/0,v1:172.21.15.40:6789/0] conn(0x7f8484105c40 0x7f8484106060 secure :-1 s=READY pgs=18 cs=0 l=1 rev1=1 crypto rx=0x7f8474009e80 tx=0x7f847402a7a0 comp rx=0 tx=0).stop
2024-06-09T22:59:52.471 INFO:teuthology.orchestra.run.smithi040.stdout:/usr/bin/ceph: stderr
2024-06-09T22:59:51.679+0000 7f848c13b640 1 -- 172.21.15.40:0/1160530197 shutdown_connections
2024-06-09T22:59:52.471 INFO:teuthology.orchestra.run.smithi040.stdout:/usr/bin/ceph: stderr
2024-06-09T22:59:51.679+0000 7f848c13b640 1 --2- 172.21.15.40:0/1160530197 >> [v2:172.21.15.40:3300/0,v1:172.21.15.40:6789/0] conn(0x7f8484105c40 0x7f8484106060 unknown :-1 s=CLOSED pgs=18 cs=0 l=1 rev1=1 crypto rx=0 tx=0 comp rx=0 tx=0).stop
2024-06-09T22:59:52.471 INFO:teuthology.orchestra.run.smithi040.stdout:/usr/bin/ceph: stderr
2024-06-09T22:59:51.679+0000 7f848c13b640 1 -- 172.21.15.40:0/1160530197 >> 172.21.15.40:0/1160530197 conn(0x7f84841011c0 msgr2=0x7f8484103620 unknown :-1 s=STATE_NONE l=0).mark_down
2024-06-09T22:59:52.472 INFO:teuthology.orchestra.run.smithi040.stdout:/usr/bin/ceph: stderr
2024-06-09T22:59:51.679+0000 7f848c13b640 1 -- 172.21.15.40:0/1160530197 shutdown_connections
2024-06-09T22:59:52.472 INFO:teuthology.orchestra.run.smithi040.stdout:/usr/bin/ceph: stderr
2024-06-09T22:59:51.679+0000 7f848c13b640 1 -- 172.21.15.40:0/1160530197 wait complete.
2024-06-09T22:59:52.472 INFO:teuthology.orchestra.run.smithi040.stdout:/usr/bin/ceph: stderr
2024-06-09T22:59:51.680+0000 7f848c13b640 1 Processor -- start
2024-06-09T22:59:52.472 INFO:teuthology.orchestra.run.smithi040.stdout:/usr/bin/ceph: stderr
2024-06-09T22:59:51.680+0000 7f848c13b640 1 -- start start
2024-06-09T22:59:52.472 INFO:teuthology.orchestra.run.smithi040.stdout:/usr/bin/ceph: stderr
2024-06-09T22:59:51.680+0000 7f848c13b640 1 --2- >> [v2:172.21.15.40:3300/0,v1:172.21.15.40:6789/0] conn(0x7f8484105c40 0x7f848407bab0 unknown :-1 s=NONE pgs=0 cs=0 l=1 rev1=0 crypto rx=0 tx=0 comp rx=0 tx=0).connect
2024-06-09T22:59:52.472 INFO:teuthology.orchestra.run.smithi040.stdout:/usr/bin/ceph: stderr
2024-06-09T22:59:51.680+0000 7f848c13b640 1 -- --> [v2:172.21.15.40:3300/0,v1:172.21.15.40:6789/0] -- mon_getmap magic: 0 v1 -- 0x7f848407bff0 con 0x7f8484105c40
2024-06-09T22:59:52.472 INFO:teuthology.orchestra.run.smithi040.stdout:/usr/bin/ceph: stderr
2024-06-09T22:59:51.680+0000 7f8489ed7640 1 --2- >> [v2:172.21.15.40:3300/0,v1:172.21.15.40:6789/0] conn(0x7f8484105c40 0x7f848407bab0 unknown :-1 s=BANNER_CONNECTING pgs=0 cs=0 l=1 rev1=0 crypto rx=0 tx=0 comp rx=0 tx=0)._handle_peer_banner_payload supported=3 required=0
2024-06-09T22:59:52.472 INFO:teuthology.orchestra.run.smithi040.stdout:/usr/bin/ceph: stderr
2024-06-09T22:59:51.680+0000 7f8489ed7640 1 --2- >> [v2:172.21.15.40:3300/0,v1:172.21.15.40:6789/0] conn(0x7f8484105c40 0x7f848407bab0 unknown :-1 s=HELLO_CONNECTING pgs=0 cs=0 l=1 rev1=1 crypto rx=0 tx=0 comp rx=0 tx=0).handle_hello peer v2:172.21.15.40:3300/0 says I am v2:172.21.15.40:47564/0 (socket says 172.21.15.40:47564)
2024-06-09T22:59:52.472 INFO:teuthology.orchestra.run.smithi040.stdout:/usr/bin/ceph: stderr
2024-06-09T22:59:51.680+0000 7f8489ed7640 1 -- 172.21.15.40:0/1906146117 learned_addr learned my addr 172.21.15.40:0/1906146117 (peer_addr_for_me v2:172.21.15.40:0/0)
2024-06-09T22:59:52.472 INFO:teuthology.orchestra.run.smithi040.stdout:/usr/bin/ceph: stderr
2024-06-09T22:59:51.680+0000 7f8489ed7640 1 -- 172.21.15.40:0/1906146117 --> [v2:172.21.15.40:3300/0,v1:172.21.15.40:6789/0] -- mon_subscribe({config=0+,monmap=0+}) v3 -- 0x7f8474009b30 con 0x7f8484105c40
2024-06-09T22:59:52.472 INFO:teuthology.orchestra.run.smithi040.stdout:/usr/bin/ceph: stderr
2024-06-09T22:59:51.681+0000 7f8489ed7640 1 --2- 172.21.15.40:0/1906146117 >> [v2:172.21.15.40:3300/0,v1:172.21.15.40:6789/0] conn(0x7f8484105c40 0x7f848407bab0 secure :-1 s=READY pgs=19 cs=0 l=1 rev1=1 crypto rx=0x7f847402acc0 tx=0x7f8474031630 comp rx=0 tx=0).ready entity=mon.0 client_cookie=0 server_cookie=0 in_seq=0 out_seq=0
2024-06-09T22:59:52.472 INFO:teuthology.orchestra.run.smithi040.stdout:/usr/bin/ceph: stderr
2024-06-09T22:59:51.681+0000 7f8482ffd640 1 -- 172.21.15.40:0/1906146117 <== mon.0 v2:172.21.15.40:3300/0 1 ==== mon_map magic: 0 v1 ==== 229+0+0 (secure 0 0 0) 0x7f8474031b90 con 0x7f8484105c40
2024-06-09T22:59:52.473 INFO:teuthology.orchestra.run.smithi040.stdout:/usr/bin/ceph: stderr
2024-06-09T22:59:51.681+0000 7f8482ffd640 1 -- 172.21.15.40:0/1906146117 <== mon.0 v2:172.21.15.40:3300/0 2 ==== config(27 keys) v1 ==== 1042+0+0 (secure 0 0 0) 0x7f8474031cf0 con 0x7f8484105c40
2024-06-09T22:59:52.473 INFO:teuthology.orchestra.run.smithi040.stdout:/usr/bin/ceph: stderr
2024-06-09T22:59:51.681+0000 7f848c13b640 1 -- 172.21.15.40:0/1906146117 --> [v2:172.21.15.40:3300/0,v1:172.21.15.40:6789/0] -- mon_subscribe({mgrmap=0+}) v3 -- 0x7f848407a230 con 0x7f8484105c40
2024-06-09T22:59:52.473 INFO:teuthology.orchestra.run.smithi040.stdout:/usr/bin/ceph: stderr
2024-06-09T22:59:51.681+0000 7f8482ffd640 1 -- 172.21.15.40:0/1906146117 <== mon.0 v2:172.21.15.40:3300/0 3 ==== mon_map magic: 0 v1 ==== 229+0+0 (secure 0 0 0) 0x7f847403a740 con 0x7f8484105c40
2024-06-09T22:59:52.473 INFO:teuthology.orchestra.run.smithi040.stdout:/usr/bin/ceph: stderr
2024-06-09T22:59:51.681+0000 7f848c13b640 1 -- 172.21.15.40:0/1906146117 --> [v2:172.21.15.40:3300/0,v1:172.21.15.40:6789/0] -- mon_subscribe({osdmap=0}) v3 -- 0x7f848407a730 con 0x7f8484105c40
2024-06-09T22:59:52.473 INFO:teuthology.orchestra.run.smithi040.stdout:/usr/bin/ceph: stderr
2024-06-09T22:59:51.682+0000 7f8482ffd640 1 -- 172.21.15.40:0/1906146117 <== mon.0 v2:172.21.15.40:3300/0 4 ==== mgrmap(e 4) v1 ==== 44855+0+0 (secure 0 0 0) 0x7f8474038040 con 0x7f8484105c40
2024-06-09T22:59:52.473 INFO:teuthology.orchestra.run.smithi040.stdout:/usr/bin/ceph: stderr
2024-06-09T22:59:51.682+0000 7f848c13b640 1 -- 172.21.15.40:0/1906146117 --> [v2:172.21.15.40:3300/0,v1:172.21.15.40:6789/0] -- mon_command({"prefix": "get_command_descriptions"} v 0) v1 -- 0x7f8484061ae0 con 0x7f8484105c40
2024-06-09T22:59:52.473 INFO:teuthology.orchestra.run.smithi040.stdout:/usr/bin/ceph: stderr
2024-06-09T22:59:51.682+0000 7f8482ffd640 1 --2- 172.21.15.40:0/1906146117 >> [v2:172.21.15.40:6800/1312256205,v1:172.21.15.40:6801/1312256205] conn(0x7f846c037860 0x7f846c039d20 unknown :-1 s=NONE pgs=0 cs=0 l=1 rev1=0 crypto rx=0 tx=0 comp rx=0 tx=0).connect
2024-06-09T22:59:52.473 INFO:teuthology.orchestra.run.smithi040.stdout:/usr/bin/ceph: stderr
2024-06-09T22:59:51.682+0000 7f8482ffd640 1 -- 172.21.15.40:0/1906146117 <== mon.0 v2:172.21.15.40:3300/0 5 ==== osd_map(1..1 src has 1..1) v4 ==== 725+0+0 (secure 0 0 0) 0x7f847406a3d0 con 0x7f8484105c40
2024-06-09T22:59:52.473 INFO:teuthology.orchestra.run.smithi040.stdout:/usr/bin/ceph: stderr
2024-06-09T22:59:51.682+0000 7f84896d6640 1 --2- 172.21.15.40:0/1906146117 >> [v2:172.21.15.40:6800/1312256205,v1:172.21.15.40:6801/1312256205] conn(0x7f846c037860 0x7f846c039d20 unknown :-1 s=BANNER_CONNECTING pgs=0 cs=0 l=1 rev1=0 crypto rx=0 tx=0 comp rx=0 tx=0)._handle_peer_banner_payload supported=3 required=0
2024-06-09T22:59:52.473 INFO:teuthology.orchestra.run.smithi040.stdout:/usr/bin/ceph: stderr
2024-06-09T22:59:51.683+0000 7f84896d6640 1 --2- 172.21.15.40:0/1906146117 >> [v2:172.21.15.40:6800/1312256205,v1:172.21.15.40:6801/1312256205] conn(0x7f846c037860 0x7f846c039d20 secure :-1 s=READY pgs=7 cs=0 l=1 rev1=1 crypto rx=0x7f84780098c0 tx=0x7f8478006db0 comp rx=0 tx=0).ready entity=mgr.14100 client_cookie=0 server_cookie=0 in_seq=0 out_seq=0
2024-06-09T22:59:52.473 INFO:teuthology.orchestra.run.smithi040.stdout:/usr/bin/ceph: stderr
2024-06-09T22:59:51.687+0000 7f8482ffd640 1 -- 172.21.15.40:0/1906146117 <== mon.0 v2:172.21.15.40:3300/0 6 ==== mon_command_ack([{"prefix": "get_command_descriptions"}]=0 v0) v1 ==== 72+0+182498 (secure 0 0 0) 0x7f847403c420 con 0x7f8484105c40
2024-06-09T22:59:52.473 INFO:teuthology.orchestra.run.smithi040.stdout:/usr/bin/ceph: stderr
2024-06-09T22:59:51.868+0000 7f848c13b640 1 -- 172.21.15.40:0/1906146117 --> [v2:172.21.15.40:3300/0,v1:172.21.15.40:6789/0] -- mon_command({"prefix": "config assimilate-conf"} v 0) v1 -- 0x7f848407aca0 con 0x7f8484105c40
2024-06-09T22:59:52.473 INFO:teuthology.orchestra.run.smithi040.stdout:/usr/bin/ceph: stderr
2024-06-09T22:59:51.868+0000 7f8482ffd640 1 -- 172.21.15.40:0/1906146117 <== mon.0 v2:172.21.15.40:3300/0 7 ==== mon_command_ack([{"prefix": "config assimilate-conf"}]=0 v3) v1 ==== 70+0+373 (secure 0 0 0) 0x7f8474040e10 con 0x7f8484105c40
2024-06-09T22:59:52.474 INFO:teuthology.orchestra.run.smithi040.stdout:/usr/bin/ceph: stderr
2024-06-09T22:59:51.870+0000 7f848c13b640 1 -- 172.21.15.40:0/1906146117 >> [v2:172.21.15.40:6800/1312256205,v1:172.21.15.40:6801/1312256205] conn(0x7f846c037860 msgr2=0x7f846c039d20 secure :-1 s=STATE_CONNECTION_ESTABLISHED l=1).mark_down
2024-06-09T22:59:52.474 INFO:teuthology.orchestra.run.smithi040.stdout:/usr/bin/ceph: stderr
2024-06-09T22:59:51.870+0000 7f848c13b640 1 --2- 172.21.15.40:0/1906146117 >> [v2:172.21.15.40:6800/1312256205,v1:172.21.15.40:6801/1312256205] conn(0x7f846c037860 0x7f846c039d20 secure :-1 s=READY pgs=7 cs=0 l=1 rev1=1 crypto rx=0x7f84780098c0 tx=0x7f8478006db0 comp rx=0 tx=0).stop
2024-06-09T22:59:52.474 INFO:teuthology.orchestra.run.smithi040.stdout:/usr/bin/ceph: stderr
2024-06-09T22:59:51.870+0000 7f848c13b640 1 -- 172.21.15.40:0/1906146117 >> [v2:172.21.15.40:3300/0,v1:172.21.15.40:6789/0] conn(0x7f8484105c40 msgr2=0x7f848407bab0 secure :-1 s=STATE_CONNECTION_ESTABLISHED l=1).mark_down
2024-06-09T22:59:52.474 INFO:teuthology.orchestra.run.smithi040.stdout:/usr/bin/ceph: stderr
2024-06-09T22:59:51.870+0000 7f848c13b640 1 --2- 172.21.15.40:0/1906146117 >> [v2:172.21.15.40:3300/0,v1:172.21.15.40:6789/0] conn(0x7f8484105c40 0x7f848407bab0 secure :-1 s=READY pgs=19 cs=0 l=1 rev1=1 crypto rx=0x7f847402acc0 tx=0x7f8474031630 comp rx=0 tx=0).stop
2024-06-09T22:59:52.474 INFO:teuthology.orchestra.run.smithi040.stdout:/usr/bin/ceph: stderr
2024-06-09T22:59:51.870+0000 7f848c13b640 1 -- 172.21.15.40:0/1906146117 shutdown_connections
2024-06-09T22:59:52.474 INFO:teuthology.orchestra.run.smithi040.stdout:/usr/bin/ceph: stderr
2024-06-09T22:59:51.870+0000 7f848c13b640 1 --2- 172.21.15.40:0/1906146117 >> [v2:172.21.15.40:6800/1312256205,v1:172.21.15.40:6801/1312256205] conn(0x7f846c037860 0x7f846c039d20 unknown :-1 s=CLOSED pgs=7 cs=0 l=1 rev1=1 crypto rx=0 tx=0 comp rx=0 tx=0).stop
2024-06-09T22:59:52.474 INFO:teuthology.orchestra.run.smithi040.stdout:/usr/bin/ceph: stderr
2024-06-09T22:59:51.870+0000 7f848c13b640 1 --2- 172.21.15.40:0/1906146117 >> [v2:172.21.15.40:3300/0,v1:172.21.15.40:6789/0] conn(0x7f8484105c40 0x7f848407bab0 unknown :-1 s=CLOSED pgs=19 cs=0 l=1 rev1=1 crypto rx=0 tx=0 comp rx=0 tx=0).stop
2024-06-09T22:59:52.474 INFO:teuthology.orchestra.run.smithi040.stdout:/usr/bin/ceph: stderr
2024-06-09T22:59:51.870+0000 7f848c13b640 1 -- 172.21.15.40:0/1906146117 >> 172.21.15.40:0/1906146117 conn(0x7f84841011c0 msgr2=0x7f8484101c90 unknown :-1 s=STATE_NONE l=0).mark_down
2024-06-09T22:59:52.474 INFO:teuthology.orchestra.run.smithi040.stdout:/usr/bin/ceph: stderr
2024-06-09T22:59:51.871+0000 7f848c13b640 1 -- 172.21.15.40:0/1906146117 shutdown_connections
2024-06-09T22:59:52.474 INFO:teuthology.orchestra.run.smithi040.stdout:/usr/bin/ceph: stderr
2024-06-09T22:59:51.871+0000 7f848c13b640 1 -- 172.21.15.40:0/1906146117 wait complete.
2024-06-09T22:59:52.474 INFO:teuthology.orchestra.run.smithi040.stdout:Enabling cephadm module...
2024-06-09T22:59:53.452 INFO:journalctl@ceph.mon.smithi040.smithi040.stdout:Jun 09 22:59:53 smithi040 ceph-mon[29374]: from='client.? 172.21.15.40:0/2282730804' entity='client.admin' cmd=[{"prefix": "mgr module enable", "module": "cephadm"}]: dispatch
2024-06-09T22:59:53.757 INFO:teuthology.orchestra.run.smithi040.stdout:/usr/bin/ceph: stderr
2024-06-09T22:59:52.854+0000 7f8bdc0ca640 1 Processor -- start
2024-06-09T22:59:53.757 INFO:teuthology.orchestra.run.smithi040.stdout:/usr/bin/ceph: stderr
2024-06-09T22:59:52.854+0000 7f8bdc0ca640 1 -- start start
2024-06-09T22:59:53.757 INFO:teuthology.orchestra.run.smithi040.stdout:/usr/bin/ceph: stderr
2024-06-09T22:59:52.855+0000 7f8bdc0ca640 1 --2- >> [v2:172.21.15.40:3300/0,v1:172.21.15.40:6789/0] conn(0x7f8bd4106700 0x7f8bd4108af0 unknown :-1 s=NONE pgs=0 cs=0 l=0 rev1=0 crypto rx=0 tx=0 comp rx=0 tx=0).connect
2024-06-09T22:59:53.758 INFO:teuthology.orchestra.run.smithi040.stdout:/usr/bin/ceph: stderr
2024-06-09T22:59:52.855+0000 7f8bdc0ca640 1 -- --> [v2:172.21.15.40:3300/0,v1:172.21.15.40:6789/0] -- mon_getmap magic: 0 v1 -- 0x7f8bd4079dc0 con 0x7f8bd4106700
2024-06-09T22:59:53.758 INFO:teuthology.orchestra.run.smithi040.stdout:/usr/bin/ceph: stderr
2024-06-09T22:59:52.855+0000 7f8bd9e66640 1 --2- >> [v2:172.21.15.40:3300/0,v1:172.21.15.40:6789/0] conn(0x7f8bd4106700 0x7f8bd4108af0 unknown :-1 s=BANNER_CONNECTING pgs=0 cs=0 l=0 rev1=0 crypto rx=0 tx=0 comp rx=0 tx=0)._handle_peer_banner_payload supported=3 required=0
2024-06-09T22:59:53.758 INFO:teuthology.orchestra.run.smithi040.stdout:/usr/bin/ceph: stderr
2024-06-09T22:59:52.855+0000 7f8bd9e66640 1 --2- >> [v2:172.21.15.40:3300/0,v1:172.21.15.40:6789/0] conn(0x7f8bd4106700 0x7f8bd4108af0 unknown :-1 s=HELLO_CONNECTING pgs=0 cs=0 l=0 rev1=1 crypto rx=0 tx=0 comp rx=0 tx=0).handle_hello peer v2:172.21.15.40:3300/0 says I am v2:172.21.15.40:47574/0 (socket says 172.21.15.40:47574)
2024-06-09T22:59:53.758 INFO:teuthology.orchestra.run.smithi040.stdout:/usr/bin/ceph: stderr
2024-06-09T22:59:52.855+0000 7f8bd9e66640 1 -- 172.21.15.40:0/1061653067 learned_addr learned my addr 172.21.15.40:0/1061653067 (peer_addr_for_me v2:172.21.15.40:0/0)
2024-06-09T22:59:53.758 INFO:teuthology.orchestra.run.smithi040.stdout:/usr/bin/ceph: stderr
2024-06-09T22:59:52.855+0000 7f8bd9e66640 1 -- 172.21.15.40:0/1061653067 --> [v2:172.21.15.40:3300/0,v1:172.21.15.40:6789/0] -- mon_subscribe({config=0+,monmap=0+}) v3 -- 0x7f8bd4109030 con 0x7f8bd4106700
2024-06-09T22:59:53.758 INFO:teuthology.orchestra.run.smithi040.stdout:/usr/bin/ceph: stderr
2024-06-09T22:59:52.856+0000 7f8bd9e66640 1 --2- 172.21.15.40:0/1061653067 >> [v2:172.21.15.40:3300/0,v1:172.21.15.40:6789/0] conn(0x7f8bd4106700 0x7f8bd4108af0 secure :-1 s=READY pgs=20 cs=0 l=1 rev1=1 crypto rx=0x7f8bcc009820 tx=0x7f8bcc02a270 comp rx=0 tx=0).ready entity=mon.0 client_cookie=8c69c7e737e15958 server_cookie=0 in_seq=0 out_seq=0
2024-06-09T22:59:53.758 INFO:teuthology.orchestra.run.smithi040.stdout:/usr/bin/ceph: stderr
2024-06-09T22:59:52.856+0000 7f8bd8e64640 1 -- 172.21.15.40:0/1061653067 <== mon.0 v2:172.21.15.40:3300/0 1 ==== mon_map magic: 0 v1 ==== 229+0+0 (secure 0 0 0) 0x7f8bcc02ad40 con 0x7f8bd4106700
2024-06-09T22:59:53.758 INFO:teuthology.orchestra.run.smithi040.stdout:/usr/bin/ceph: stderr
2024-06-09T22:59:52.856+0000 7f8bd8e64640 1 -- 172.21.15.40:0/1061653067 <== mon.0 v2:172.21.15.40:3300/0 2 ==== config(27 keys) v1 ==== 1042+0+0 (secure 0 0 0) 0x7f8bcc0328c0 con 0x7f8bd4106700
2024-06-09T22:59:53.758 INFO:teuthology.orchestra.run.smithi040.stdout:/usr/bin/ceph: stderr
2024-06-09T22:59:52.856+0000 7f8bd8e64640 1 -- 172.21.15.40:0/1061653067 <== mon.0 v2:172.21.15.40:3300/0 3 ==== mon_map magic: 0 v1 ==== 229+0+0 (secure 0 0 0) 0x7f8bcc0307f0 con 0x7f8bd4106700
2024-06-09T22:59:53.758 INFO:teuthology.orchestra.run.smithi040.stdout:/usr/bin/ceph: stderr
2024-06-09T22:59:52.857+0000 7f8bdc0ca640 1 -- 172.21.15.40:0/1061653067 >> [v2:172.21.15.40:3300/0,v1:172.21.15.40:6789/0] conn(0x7f8bd4106700 msgr2=0x7f8bd4108af0 secure :-1 s=STATE_CONNECTION_ESTABLISHED l=1).mark_down
2024-06-09T22:59:53.758 INFO:teuthology.orchestra.run.smithi040.stdout:/usr/bin/ceph: stderr
2024-06-09T22:59:52.857+0000 7f8bdc0ca640 1 --2- 172.21.15.40:0/1061653067 >> [v2:172.21.15.40:3300/0,v1:172.21.15.40:6789/0] conn(0x7f8bd4106700 0x7f8bd4108af0 secure :-1 s=READY pgs=20 cs=0 l=1 rev1=1 crypto rx=0x7f8bcc009820 tx=0x7f8bcc02a270 comp rx=0 tx=0).stop
2024-06-09T22:59:53.758 INFO:teuthology.orchestra.run.smithi040.stdout:/usr/bin/ceph: stderr
2024-06-09T22:59:52.857+0000 7f8bdc0ca640 1 -- 172.21.15.40:0/1061653067 shutdown_connections
2024-06-09T22:59:53.759 INFO:teuthology.orchestra.run.smithi040.stdout:/usr/bin/ceph: stderr
2024-06-09T22:59:52.857+0000 7f8bdc0ca640 1 --2- 172.21.15.40:0/1061653067 >> [v2:172.21.15.40:3300/0,v1:172.21.15.40:6789/0] conn(0x7f8bd4106700 0x7f8bd4108af0 unknown :-1 s=CLOSED pgs=20 cs=0 l=1 rev1=1 crypto rx=0 tx=0 comp rx=0 tx=0).stop
2024-06-09T22:59:53.759 INFO:teuthology.orchestra.run.smithi040.stdout:/usr/bin/ceph: stderr
2024-06-09T22:59:52.857+0000 7f8bdc0ca640 1 -- 172.21.15.40:0/1061653067 >> 172.21.15.40:0/1061653067 conn(0x7f8bd41000d0 msgr2=0x7f8bd41024f0 unknown :-1 s=STATE_NONE l=0).mark_down
2024-06-09T22:59:53.759 INFO:teuthology.orchestra.run.smithi040.stdout:/usr/bin/ceph: stderr
2024-06-09T22:59:52.857+0000 7f8bdc0ca640 1 -- 172.21.15.40:0/1061653067 shutdown_connections
2024-06-09T22:59:53.759 INFO:teuthology.orchestra.run.smithi040.stdout:/usr/bin/ceph: stderr
2024-06-09T22:59:52.857+0000 7f8bdc0ca640 1 -- 172.21.15.40:0/1061653067 wait complete.
2024-06-09T22:59:53.759 INFO:teuthology.orchestra.run.smithi040.stdout:/usr/bin/ceph: stderr
2024-06-09T22:59:52.858+0000 7f8bdc0ca640 1 Processor -- start
2024-06-09T22:59:53.759 INFO:teuthology.orchestra.run.smithi040.stdout:/usr/bin/ceph: stderr
2024-06-09T22:59:52.858+0000 7f8bdc0ca640 1 -- start start
2024-06-09T22:59:53.759 INFO:teuthology.orchestra.run.smithi040.stdout:/usr/bin/ceph: stderr
2024-06-09T22:59:52.858+0000 7f8bdc0ca640 1 --2- >> [v2:172.21.15.40:3300/0,v1:172.21.15.40:6789/0] conn(0x7f8bd4106700 0x7f8bd4199840 unknown :-1 s=NONE pgs=0 cs=0 l=1 rev1=0 crypto rx=0 tx=0 comp rx=0 tx=0).connect
2024-06-09T22:59:53.759 INFO:teuthology.orchestra.run.smithi040.stdout:/usr/bin/ceph: stderr
2024-06-09T22:59:52.858+0000 7f8bdc0ca640 1 -- --> [v2:172.21.15.40:3300/0,v1:172.21.15.40:6789/0] -- mon_getmap magic: 0 v1 -- 0x7f8bd4199d80 con 0x7f8bd4106700
2024-06-09T22:59:53.759 INFO:teuthology.orchestra.run.smithi040.stdout:/usr/bin/ceph: stderr
2024-06-09T22:59:52.858+0000 7f8bd9e66640 1 --2- >> [v2:172.21.15.40:3300/0,v1:172.21.15.40:6789/0] conn(0x7f8bd4106700 0x7f8bd4199840 unknown :-1 s=BANNER_CONNECTING pgs=0 cs=0 l=1 rev1=0 crypto rx=0 tx=0 comp rx=0 tx=0)._handle_peer_banner_payload supported=3 required=0
2024-06-09T22:59:53.759 INFO:teuthology.orchestra.run.smithi040.stdout:/usr/bin/ceph: stderr
2024-06-09T22:59:52.858+0000 7f8bd9e66640 1 --2- >> [v2:172.21.15.40:3300/0,v1:172.21.15.40:6789/0] conn(0x7f8bd4106700 0x7f8bd4199840 unknown :-1 s=HELLO_CONNECTING pgs=0 cs=0 l=1 rev1=1 crypto rx=0 tx=0 comp rx=0 tx=0).handle_hello peer v2:172.21.15.40:3300/0 says I am v2:172.21.15.40:47586/0 (socket says 172.21.15.40:47586)
2024-06-09T22:59:53.759 INFO:teuthology.orchestra.run.smithi040.stdout:/usr/bin/ceph: stderr
2024-06-09T22:59:52.858+0000 7f8bd9e66640 1 -- 172.21.15.40:0/2282730804 learned_addr learned my addr 172.21.15.40:0/2282730804 (peer_addr_for_me v2:172.21.15.40:0/0)
2024-06-09T22:59:53.759 INFO:teuthology.orchestra.run.smithi040.stdout:/usr/bin/ceph: stderr
2024-06-09T22:59:52.858+0000 7f8bd9e66640 1 -- 172.21.15.40:0/2282730804 --> [v2:172.21.15.40:3300/0,v1:172.21.15.40:6789/0] -- mon_subscribe({config=0+,monmap=0+}) v3 -- 0x7f8bcc0094d0 con 0x7f8bd4106700
