2024-06-09T22:59:59.281+0000 7f42f522d640 1 -- 172.21.15.40:0/3239605204 >> 172.21.15.40:0/3239605204 conn(0x7f42f01000d0 msgr2=0x7f42f0100b00 unknown :-1 s=STATE_NONE l=0).mark_down
2024-06-09T22:59:59.886 INFO:teuthology.orchestra.run.smithi040.stdout:/usr/bin/ceph: stderr
2024-06-09T22:59:59.281+0000 7f42f522d640 1 -- 172.21.15.40:0/3239605204 shutdown_connections
2024-06-09T22:59:59.886 INFO:teuthology.orchestra.run.smithi040.stdout:/usr/bin/ceph: stderr
2024-06-09T22:59:59.281+0000 7f42f522d640 1 -- 172.21.15.40:0/3239605204 wait complete.
2024-06-09T22:59:59.886 INFO:teuthology.orchestra.run.smithi040.stdout:mgr epoch 5 is available
2024-06-09T22:59:59.886 INFO:teuthology.orchestra.run.smithi040.stdout:Setting orchestrator backend to cephadm...
2024-06-09T23:00:00.200 INFO:journalctl@ceph.mon.smithi040.smithi040.stdout:Jun 09 23:00:00 smithi040 ceph-mon[29374]: Found migration_current of "None". Setting to last migration.
2024-06-09T23:00:00.200 INFO:journalctl@ceph.mon.smithi040.smithi040.stdout:Jun 09 23:00:00 smithi040 ceph-mon[29374]: from='mgr.14118 172.21.15.40:0/2484436756' entity='mgr.smithi040.eeidzw'
2024-06-09T23:00:00.200 INFO:journalctl@ceph.mon.smithi040.smithi040.stdout:Jun 09 23:00:00 smithi040 ceph-mon[29374]: from='mgr.14118 172.21.15.40:0/2484436756' entity='mgr.smithi040.eeidzw'
2024-06-09T23:00:00.200 INFO:journalctl@ceph.mon.smithi040.smithi040.stdout:Jun 09 23:00:00 smithi040 ceph-mon[29374]: mgrmap e7: smithi040.eeidzw(active, since 1.00524s)
2024-06-09T23:00:01.061 INFO:teuthology.orchestra.run.smithi040.stdout:/usr/bin/ceph: stderr
2024-06-09T23:00:00.280+0000 7fbf1afbb640 1 Processor -- start
2024-06-09T23:00:01.061 INFO:teuthology.orchestra.run.smithi040.stdout:/usr/bin/ceph: stderr
2024-06-09T23:00:00.280+0000 7fbf1afbb640 1 -- start start
2024-06-09T23:00:01.061 INFO:teuthology.orchestra.run.smithi040.stdout:/usr/bin/ceph: stderr
2024-06-09T23:00:00.280+0000 7fbf1afbb640 1 --2- >> [v2:172.21.15.40:3300/0,v1:172.21.15.40:6789/0] conn(0x7fbf14103f30 0x7fbf14104350 unknown :-1 s=NONE pgs=0 cs=0 l=0 rev1=0 crypto rx=0 tx=0 comp rx=0 tx=0).connect
2024-06-09T23:00:01.061 INFO:teuthology.orchestra.run.smithi040.stdout:/usr/bin/ceph: stderr
2024-06-09T23:00:00.280+0000 7fbf1afbb640 1 -- --> [v2:172.21.15.40:3300/0,v1:172.21.15.40:6789/0] -- mon_getmap magic: 0 v1 -- 0x7fbf14104920 con 0x7fbf14103f30
2024-06-09T23:00:01.061 INFO:teuthology.orchestra.run.smithi040.stdout:/usr/bin/ceph: stderr
2024-06-09T23:00:00.280+0000 7fbf18d57640 1 --2- >> [v2:172.21.15.40:3300/0,v1:172.21.15.40:6789/0] conn(0x7fbf14103f30 0x7fbf14104350 unknown :-1 s=BANNER_CONNECTING pgs=0 cs=0 l=0 rev1=0 crypto rx=0 tx=0 comp rx=0 tx=0)._handle_peer_banner_payload supported=3 required=0
2024-06-09T23:00:01.061 INFO:teuthology.orchestra.run.smithi040.stdout:/usr/bin/ceph: stderr
2024-06-09T23:00:00.280+0000 7fbf18d57640 1 --2- >> [v2:172.21.15.40:3300/0,v1:172.21.15.40:6789/0] conn(0x7fbf14103f30 0x7fbf14104350 unknown :-1 s=HELLO_CONNECTING pgs=0 cs=0 l=0 rev1=1 crypto rx=0 tx=0 comp rx=0 tx=0).handle_hello peer v2:172.21.15.40:3300/0 says I am v2:172.21.15.40:42000/0 (socket says 172.21.15.40:42000)
2024-06-09T23:00:01.061 INFO:teuthology.orchestra.run.smithi040.stdout:/usr/bin/ceph: stderr
2024-06-09T23:00:00.280+0000 7fbf18d57640 1 -- 172.21.15.40:0/264179413 learned_addr learned my addr 172.21.15.40:0/264179413 (peer_addr_for_me v2:172.21.15.40:0/0)
2024-06-09T23:00:01.061 INFO:teuthology.orchestra.run.smithi040.stdout:/usr/bin/ceph: stderr
2024-06-09T23:00:00.280+0000 7fbf18d57640 1 -- 172.21.15.40:0/264179413 --> [v2:172.21.15.40:3300/0,v1:172.21.15.40:6789/0] -- mon_subscribe({config=0+,monmap=0+}) v3 -- 0x7fbf14106ec0 con 0x7fbf14103f30
2024-06-09T23:00:01.062 INFO:teuthology.orchestra.run.smithi040.stdout:/usr/bin/ceph: stderr
2024-06-09T23:00:00.281+0000 7fbf18d57640 1 --2- 172.21.15.40:0/264179413 >> [v2:172.21.15.40:3300/0,v1:172.21.15.40:6789/0] conn(0x7fbf14103f30 0x7fbf14104350 secure :-1 s=READY pgs=35 cs=0 l=1 rev1=1 crypto rx=0x7fbf04009820 tx=0x7fbf0402a270 comp rx=0 tx=0).ready entity=mon.0 client_cookie=bf05fbacc7871824 server_cookie=0 in_seq=0 out_seq=0
2024-06-09T23:00:01.062 INFO:teuthology.orchestra.run.smithi040.stdout:/usr/bin/ceph: stderr
2024-06-09T23:00:00.281+0000 7fbf137fe640 1 -- 172.21.15.40:0/264179413 <== mon.0 v2:172.21.15.40:3300/0 1 ==== mon_map magic: 0 v1 ==== 229+0+0 (secure 0 0 0) 0x7fbf0402ad40 con 0x7fbf14103f30
2024-06-09T23:00:01.062 INFO:teuthology.orchestra.run.smithi040.stdout:/usr/bin/ceph: stderr
2024-06-09T23:00:00.281+0000 7fbf137fe640 1 -- 172.21.15.40:0/264179413 <== mon.0 v2:172.21.15.40:3300/0 2 ==== config(27 keys) v1 ==== 1042+0+0 (secure 0 0 0) 0x7fbf040328c0 con 0x7fbf14103f30
2024-06-09T23:00:01.062 INFO:teuthology.orchestra.run.smithi040.stdout:/usr/bin/ceph: stderr
2024-06-09T23:00:00.281+0000 7fbf137fe640 1 -- 172.21.15.40:0/264179413 <== mon.0 v2:172.21.15.40:3300/0 3 ==== mon_map magic: 0 v1 ==== 229+0+0 (secure 0 0 0) 0x7fbf040307f0 con 0x7fbf14103f30
2024-06-09T23:00:01.062 INFO:teuthology.orchestra.run.smithi040.stdout:/usr/bin/ceph: stderr
2024-06-09T23:00:00.282+0000 7fbf1afbb640 1 -- 172.21.15.40:0/264179413 >> [v2:172.21.15.40:3300/0,v1:172.21.15.40:6789/0] conn(0x7fbf14103f30 msgr2=0x7fbf14104350 secure :-1 s=STATE_CONNECTION_ESTABLISHED l=1).mark_down
2024-06-09T23:00:01.062 INFO:teuthology.orchestra.run.smithi040.stdout:/usr/bin/ceph: stderr
2024-06-09T23:00:00.282+0000 7fbf1afbb640 1 --2- 172.21.15.40:0/264179413 >> [v2:172.21.15.40:3300/0,v1:172.21.15.40:6789/0] conn(0x7fbf14103f30 0x7fbf14104350 secure :-1 s=READY pgs=35 cs=0 l=1 rev1=1 crypto rx=0x7fbf04009820 tx=0x7fbf0402a270 comp rx=0 tx=0).stop
2024-06-09T23:00:01.062 INFO:teuthology.orchestra.run.smithi040.stdout:/usr/bin/ceph: stderr
2024-06-09T23:00:00.282+0000 7fbf1afbb640 1 -- 172.21.15.40:0/264179413 shutdown_connections
2024-06-09T23:00:01.062 INFO:teuthology.orchestra.run.smithi040.stdout:/usr/bin/ceph: stderr
2024-06-09T23:00:00.282+0000 7fbf1afbb640 1 --2- 172.21.15.40:0/264179413 >> [v2:172.21.15.40:3300/0,v1:172.21.15.40:6789/0] conn(0x7fbf14103f30 0x7fbf14104350 unknown :-1 s=CLOSED pgs=35 cs=0 l=1 rev1=1 crypto rx=0 tx=0 comp rx=0 tx=0).stop
2024-06-09T23:00:01.062 INFO:teuthology.orchestra.run.smithi040.stdout:/usr/bin/ceph: stderr
2024-06-09T23:00:00.282+0000 7fbf1afbb640 1 -- 172.21.15.40:0/264179413 >> 172.21.15.40:0/264179413 conn(0x7fbf140ff860 msgr2=0x7fbf14101ca0 unknown :-1 s=STATE_NONE l=0).mark_down
2024-06-09T23:00:01.062 INFO:teuthology.orchestra.run.smithi040.stdout:/usr/bin/ceph: stderr
2024-06-09T23:00:00.282+0000 7fbf1afbb640 1 -- 172.21.15.40:0/264179413 shutdown_connections
2024-06-09T23:00:01.062 INFO:teuthology.orchestra.run.smithi040.stdout:/usr/bin/ceph: stderr
2024-06-09T23:00:00.282+0000 7fbf1afbb640 1 -- 172.21.15.40:0/264179413 wait complete.
2024-06-09T23:00:01.062 INFO:teuthology.orchestra.run.smithi040.stdout:/usr/bin/ceph: stderr
2024-06-09T23:00:00.282+0000 7fbf1afbb640 1 Processor -- start
2024-06-09T23:00:01.062 INFO:teuthology.orchestra.run.smithi040.stdout:/usr/bin/ceph: stderr
2024-06-09T23:00:00.282+0000 7fbf1afbb640 1 -- start start
2024-06-09T23:00:01.063 INFO:teuthology.orchestra.run.smithi040.stdout:/usr/bin/ceph: stderr
2024-06-09T23:00:00.283+0000 7fbf1afbb640 1 --2- >> [v2:172.21.15.40:3300/0,v1:172.21.15.40:6789/0] conn(0x7fbf14103f30 0x7fbf14199860 unknown :-1 s=NONE pgs=0 cs=0 l=1 rev1=0 crypto rx=0 tx=0 comp rx=0 tx=0).connect
2024-06-09T23:00:01.063 INFO:teuthology.orchestra.run.smithi040.stdout:/usr/bin/ceph: stderr
2024-06-09T23:00:00.283+0000 7fbf1afbb640 1 -- --> [v2:172.21.15.40:3300/0,v1:172.21.15.40:6789/0] -- mon_getmap magic: 0 v1 -- 0x7fbf14199da0 con 0x7fbf14103f30
2024-06-09T23:00:01.063 INFO:teuthology.orchestra.run.smithi040.stdout:/usr/bin/ceph: stderr
2024-06-09T23:00:00.283+0000 7fbf18d57640 1 --2- >> [v2:172.21.15.40:3300/0,v1:172.21.15.40:6789/0] conn(0x7fbf14103f30 0x7fbf14199860 unknown :-1 s=BANNER_CONNECTING pgs=0 cs=0 l=1 rev1=0 crypto rx=0 tx=0 comp rx=0 tx=0)._handle_peer_banner_payload supported=3 required=0
2024-06-09T23:00:01.063 INFO:teuthology.orchestra.run.smithi040.stdout:/usr/bin/ceph: stderr
2024-06-09T23:00:00.283+0000 7fbf18d57640 1 --2- >> [v2:172.21.15.40:3300/0,v1:172.21.15.40:6789/0] conn(0x7fbf14103f30 0x7fbf14199860 unknown :-1 s=HELLO_CONNECTING pgs=0 cs=0 l=1 rev1=1 crypto rx=0 tx=0 comp rx=0 tx=0).handle_hello peer v2:172.21.15.40:3300/0 says I am v2:172.21.15.40:42006/0 (socket says 172.21.15.40:42006)
2024-06-09T23:00:01.063 INFO:teuthology.orchestra.run.smithi040.stdout:/usr/bin/ceph: stderr
2024-06-09T23:00:00.283+0000 7fbf18d57640 1 -- 172.21.15.40:0/2074359909 learned_addr learned my addr 172.21.15.40:0/2074359909 (peer_addr_for_me v2:172.21.15.40:0/0)
2024-06-09T23:00:01.063 INFO:teuthology.orchestra.run.smithi040.stdout:/usr/bin/ceph: stderr
2024-06-09T23:00:00.283+0000 7fbf18d57640 1 -- 172.21.15.40:0/2074359909 --> [v2:172.21.15.40:3300/0,v1:172.21.15.40:6789/0] -- mon_subscribe({config=0+,monmap=0+}) v3 -- 0x7fbf040094d0 con 0x7fbf14103f30
2024-06-09T23:00:01.063 INFO:teuthology.orchestra.run.smithi040.stdout:/usr/bin/ceph: stderr
2024-06-09T23:00:00.283+0000 7fbf18d57640 1 --2- 172.21.15.40:0/2074359909 >> [v2:172.21.15.40:3300/0,v1:172.21.15.40:6789/0] conn(0x7fbf14103f30 0x7fbf14199860 secure :-1 s=READY pgs=36 cs=0 l=1 rev1=1 crypto rx=0x7fbf04009940 tx=0x7fbf04032c60 comp rx=0 tx=0).ready entity=mon.0 client_cookie=0 server_cookie=0 in_seq=0 out_seq=0
2024-06-09T23:00:01.063 INFO:teuthology.orchestra.run.smithi040.stdout:/usr/bin/ceph: stderr
2024-06-09T23:00:00.283+0000 7fbf11ffb640 1 -- 172.21.15.40:0/2074359909 <== mon.0 v2:172.21.15.40:3300/0 1 ==== mon_map magic: 0 v1 ==== 229+0+0 (secure 0 0 0) 0x7fbf04041070 con 0x7fbf14103f30
2024-06-09T23:00:01.063 INFO:teuthology.orchestra.run.smithi040.stdout:/usr/bin/ceph: stderr
2024-06-09T23:00:00.283+0000 7fbf11ffb640 1 -- 172.21.15.40:0/2074359909 <== mon.0 v2:172.21.15.40:3300/0 2 ==== config(27 keys) v1 ==== 1042+0+0 (secure 0 0 0) 0x7fbf04030cc0 con 0x7fbf14103f30
2024-06-09T23:00:01.063 INFO:teuthology.orchestra.run.smithi040.stdout:/usr/bin/ceph: stderr
2024-06-09T23:00:00.283+0000 7fbf1afbb640 1 -- 172.21.15.40:0/2074359909 --> [v2:172.21.15.40:3300/0,v1:172.21.15.40:6789/0] -- mon_subscribe({mgrmap=0+}) v3 -- 0x7fbf14199fa0 con 0x7fbf14103f30
2024-06-09T23:00:01.063 INFO:teuthology.orchestra.run.smithi040.stdout:/usr/bin/ceph: stderr
2024-06-09T23:00:00.283+0000 7fbf11ffb640 1 -- 172.21.15.40:0/2074359909 <== mon.0 v2:172.21.15.40:3300/0 3 ==== mon_map magic: 0 v1 ==== 229+0+0 (secure 0 0 0) 0x7fbf0403c690 con 0x7fbf14103f30
2024-06-09T23:00:01.063 INFO:teuthology.orchestra.run.smithi040.stdout:/usr/bin/ceph: stderr
2024-06-09T23:00:00.284+0000 7fbf1afbb640 1 -- 172.21.15.40:0/2074359909 --> [v2:172.21.15.40:3300/0,v1:172.21.15.40:6789/0] -- mon_subscribe({osdmap=0}) v3 -- 0x7fbf1419a3c0 con 0x7fbf14103f30
2024-06-09T23:00:01.063 INFO:teuthology.orchestra.run.smithi040.stdout:/usr/bin/ceph: stderr
2024-06-09T23:00:00.284+0000 7fbf11ffb640 1 -- 172.21.15.40:0/2074359909 <== mon.0 v2:172.21.15.40:3300/0 4 ==== mgrmap(e 7) v1 ==== 44760+0+0 (secure 0 0 0) 0x7fbf0403d480 con 0x7fbf14103f30
2024-06-09T23:00:01.063 INFO:teuthology.orchestra.run.smithi040.stdout:/usr/bin/ceph: stderr
2024-06-09T23:00:00.285+0000 7fbf11ffb640 1 --2- 172.21.15.40:0/2074359909 >> [v2:172.21.15.40:6800/1403971859,v1:172.21.15.40:6801/1403971859] conn(0x7fbf00037740 0x7fbf00039c00 unknown :-1 s=NONE pgs=0 cs=0 l=1 rev1=0 crypto rx=0 tx=0 comp rx=0 tx=0).connect
2024-06-09T23:00:01.064 INFO:teuthology.orchestra.run.smithi040.stdout:/usr/bin/ceph: stderr
2024-06-09T23:00:00.285+0000 7fbf1afbb640 1 -- 172.21.15.40:0/2074359909 --> [v2:172.21.15.40:3300/0,v1:172.21.15.40:6789/0] -- mon_command({"prefix": "get_command_descriptions"} v 0) v1 -- 0x7fbf14061ae0 con 0x7fbf14103f30
2024-06-09T23:00:01.064 INFO:teuthology.orchestra.run.smithi040.stdout:/usr/bin/ceph: stderr
2024-06-09T23:00:00.285+0000 7fbf11ffb640 1 -- 172.21.15.40:0/2074359909 <== mon.0 v2:172.21.15.40:3300/0 5 ==== osd_map(2..2 src has 1..2) v4 ==== 940+0+0 (secure 0 0 0) 0x7fbf0406a290 con 0x7fbf14103f30
2024-06-09T23:00:01.064 INFO:teuthology.orchestra.run.smithi040.stdout:/usr/bin/ceph: stderr
2024-06-09T23:00:00.285+0000 7fbf13fff640 1 --2- 172.21.15.40:0/2074359909 >> [v2:172.21.15.40:6800/1403971859,v1:172.21.15.40:6801/1403971859] conn(0x7fbf00037740 0x7fbf00039c00 unknown :-1 s=BANNER_CONNECTING pgs=0 cs=0 l=1 rev1=0 crypto rx=0 tx=0 comp rx=0 tx=0)._handle_peer_banner_payload supported=3 required=0
2024-06-09T23:00:01.064 INFO:teuthology.orchestra.run.smithi040.stdout:/usr/bin/ceph: stderr
2024-06-09T23:00:00.285+0000 7fbf13fff640 1 --2- 172.21.15.40:0/2074359909 >> [v2:172.21.15.40:6800/1403971859,v1:172.21.15.40:6801/1403971859] conn(0x7fbf00037740 0x7fbf00039c00 secure :-1 s=READY pgs=7 cs=0 l=1 rev1=1 crypto rx=0x7fbefc0098c0 tx=0x7fbefc006db0 comp rx=0 tx=0).ready entity=mgr.14118 client_cookie=0 server_cookie=0 in_seq=0 out_seq=0
2024-06-09T23:00:01.064 INFO:teuthology.orchestra.run.smithi040.stdout:/usr/bin/ceph: stderr
2024-06-09T23:00:00.290+0000 7fbf11ffb640 1 -- 172.21.15.40:0/2074359909 <== mon.0 v2:172.21.15.40:3300/0 6 ==== mon_command_ack([{"prefix": "get_command_descriptions"}]=0 v0) v1 ==== 72+0+182498 (secure 0 0 0) 0x7fbf0403db70 con 0x7fbf14103f30
2024-06-09T23:00:01.064 INFO:teuthology.orchestra.run.smithi040.stdout:/usr/bin/ceph: stderr
2024-06-09T23:00:00.488+0000 7fbf1afbb640 1 -- 172.21.15.40:0/2074359909 --> [v2:172.21.15.40:6800/1403971859,v1:172.21.15.40:6801/1403971859] -- mgr_command(tid 0: {"prefix": "orch set backend", "module_name": "cephadm", "target": ["mon-mgr", ""]}) v1 -- 0x7fbf1410a0c0 con 0x7fbf00037740
2024-06-09T23:00:01.064 INFO:teuthology.orchestra.run.smithi040.stdout:/usr/bin/ceph: stderr
2024-06-09T23:00:00.497+0000 7fbf11ffb640 1 -- 172.21.15.40:0/2074359909 <== mgr.14118 v2:172.21.15.40:6800/1403971859 1 ==== mgr_command_reply(tid 0: 0 ) v1 ==== 8+0+0 (secure 0 0 0) 0x7fbf1410a0c0 con 0x7fbf00037740
2024-06-09T23:00:01.064 INFO:teuthology.orchestra.run.smithi040.stdout:/usr/bin/ceph: stderr
2024-06-09T23:00:00.499+0000 7fbf1afbb640 1 -- 172.21.15.40:0/2074359909 >> [v2:172.21.15.40:6800/1403971859,v1:172.21.15.40:6801/1403971859] conn(0x7fbf00037740 msgr2=0x7fbf00039c00 secure :-1 s=STATE_CONNECTION_ESTABLISHED l=1).mark_down
2024-06-09T23:00:01.064 INFO:teuthology.orchestra.run.smithi040.stdout:/usr/bin/ceph: stderr
2024-06-09T23:00:00.499+0000 7fbf1afbb640 1 --2- 172.21.15.40:0/2074359909 >> [v2:172.21.15.40:6800/1403971859,v1:172.21.15.40:6801/1403971859] conn(0x7fbf00037740 0x7fbf00039c00 secure :-1 s=READY pgs=7 cs=0 l=1 rev1=1 crypto rx=0x7fbefc0098c0 tx=0x7fbefc006db0 comp rx=0 tx=0).stop
2024-06-09T23:00:01.064 INFO:teuthology.orchestra.run.smithi040.stdout:/usr/bin/ceph: stderr
2024-06-09T23:00:00.499+0000 7fbf1afbb640 1 -- 172.21.15.40:0/2074359909 >> [v2:172.21.15.40:3300/0,v1:172.21.15.40:6789/0] conn(0x7fbf14103f30 msgr2=0x7fbf14199860 secure :-1 s=STATE_CONNECTION_ESTABLISHED l=1).mark_down
2024-06-09T23:00:01.064 INFO:teuthology.orchestra.run.smithi040.stdout:/usr/bin/ceph: stderr
2024-06-09T23:00:00.499+0000 7fbf1afbb640 1 --2- 172.21.15.40:0/2074359909 >> [v2:172.21.15.40:3300/0,v1:172.21.15.40:6789/0] conn(0x7fbf14103f30 0x7fbf14199860 secure :-1 s=READY pgs=36 cs=0 l=1 rev1=1 crypto rx=0x7fbf04009940 tx=0x7fbf04032c60 comp rx=0 tx=0).stop
2024-06-09T23:00:01.064 INFO:teuthology.orchestra.run.smithi040.stdout:/usr/bin/ceph: stderr
2024-06-09T23:00:00.499+0000 7fbf1afbb640 1 -- 172.21.15.40:0/2074359909 shutdown_connections
2024-06-09T23:00:01.064 INFO:teuthology.orchestra.run.smithi040.stdout:/usr/bin/ceph: stderr
2024-06-09T23:00:00.499+0000 7fbf1afbb640 1 --2- 172.21.15.40:0/2074359909 >> [v2:172.21.15.40:6800/1403971859,v1:172.21.15.40:6801/1403971859] conn(0x7fbf00037740 0x7fbf00039c00 unknown :-1 s=CLOSED pgs=7 cs=0 l=1 rev1=1 crypto rx=0 tx=0 comp rx=0 tx=0).stop
2024-06-09T23:00:01.065 INFO:teuthology.orchestra.run.smithi040.stdout:/usr/bin/ceph: stderr
2024-06-09T23:00:00.499+0000 7fbf1afbb640 1 --2- 172.21.15.40:0/2074359909 >> [v2:172.21.15.40:3300/0,v1:172.21.15.40:6789/0] conn(0x7fbf14103f30 0x7fbf14199860 unknown :-1 s=CLOSED pgs=36 cs=0 l=1 rev1=1 crypto rx=0 tx=0 comp rx=0 tx=0).stop
2024-06-09T23:00:01.065 INFO:teuthology.orchestra.run.smithi040.stdout:/usr/bin/ceph: stderr
2024-06-09T23:00:00.499+0000 7fbf1afbb640 1 -- 172.21.15.40:0/2074359909 >> 172.21.15.40:0/2074359909 conn(0x7fbf140ff860 msgr2=0x7fbf141001e0 unknown :-1 s=STATE_NONE l=0).mark_down
2024-06-09T23:00:01.065 INFO:teuthology.orchestra.run.smithi040.stdout:/usr/bin/ceph: stderr
2024-06-09T23:00:00.499+0000 7fbf1afbb640 1 -- 172.21.15.40:0/2074359909 shutdown_connections
2024-06-09T23:00:01.065 INFO:teuthology.orchestra.run.smithi040.stdout:/usr/bin/ceph: stderr
2024-06-09T23:00:00.499+0000 7fbf1afbb640 1 -- 172.21.15.40:0/2074359909 wait complete.
2024-06-09T23:00:01.304 INFO:journalctl@ceph.mon.smithi040.smithi040.stdout:Jun 09 23:00:01 smithi040 ceph-mon[29374]: from='client.14122 -' entity='client.admin' cmd=[{"prefix": "get_command_descriptions"}]: dispatch
2024-06-09T23:00:01.304 INFO:journalctl@ceph.mon.smithi040.smithi040.stdout:Jun 09 23:00:01 smithi040 ceph-mon[29374]: from='client.14122 -' entity='client.admin' cmd=[{"prefix": "mgr_status"}]: dispatch
2024-06-09T23:00:01.304 INFO:journalctl@ceph.mon.smithi040.smithi040.stdout:Jun 09 23:00:01 smithi040 ceph-mon[29374]: [09/Jun/2024:23:00:00] ENGINE Bus STARTING
2024-06-09T23:00:01.304 INFO:journalctl@ceph.mon.smithi040.smithi040.stdout:Jun 09 23:00:01 smithi040 ceph-mon[29374]: [09/Jun/2024:23:00:00] ENGINE Serving on http://172.21.15.40:8765
2024-06-09T23:00:01.304 INFO:journalctl@ceph.mon.smithi040.smithi040.stdout:Jun 09 23:00:01 smithi040 ceph-mon[29374]: from='mgr.14118 172.21.15.40:0/2484436756' entity='mgr.smithi040.eeidzw' cmd=[{"prefix": "config dump", "format": "json"}]: dispatch
2024-06-09T23:00:01.304 INFO:journalctl@ceph.mon.smithi040.smithi040.stdout:Jun 09 23:00:01 smithi040 ceph-mon[29374]: from='mgr.14118 172.21.15.40:0/2484436756' entity='mgr.smithi040.eeidzw'
2024-06-09T23:00:01.304 INFO:journalctl@ceph.mon.smithi040.smithi040.stdout:Jun 09 23:00:01 smithi040 ceph-mon[29374]: from='mgr.14118 172.21.15.40:0/2484436756' entity='mgr.smithi040.eeidzw' cmd=[{"prefix": "config dump", "format": "json"}]: dispatch
2024-06-09T23:00:02.251 INFO:journalctl@ceph.mon.smithi040.smithi040.stdout:Jun 09 23:00:02 smithi040 ceph-mon[29374]: [09/Jun/2024:23:00:00] ENGINE Serving on https://172.21.15.40:7150
2024-06-09T23:00:02.251 INFO:journalctl@ceph.mon.smithi040.smithi040.stdout:Jun 09 23:00:02 smithi040 ceph-mon[29374]: [09/Jun/2024:23:00:00] ENGINE Bus STARTED
2024-06-09T23:00:02.251 INFO:journalctl@ceph.mon.smithi040.smithi040.stdout:Jun 09 23:00:02 smithi040 ceph-mon[29374]: [09/Jun/2024:23:00:00] ENGINE Error in HTTPServer.serve
2024-06-09T23:00:02.251 INFO:journalctl@ceph.mon.smithi040.smithi040.stdout: Traceback (most recent call last):
2024-06-09T23:00:02.252 INFO:journalctl@ceph.mon.smithi040.smithi040.stdout: File "/lib/python3.9/site-packages/cheroot/server.py", line 1823, in serve
2024-06-09T23:00:02.252 INFO:journalctl@ceph.mon.smithi040.smithi040.stdout: self._connections.run(self.expiration_interval)
2024-06-09T23:00:02.252 INFO:journalctl@ceph.mon.smithi040.smithi040.stdout: File "/lib/python3.9/site-packages/cheroot/connections.py", line 203, in run
2024-06-09T23:00:02.252 INFO:journalctl@ceph.mon.smithi040.smithi040.stdout: self._run(expiration_interval)
2024-06-09T23:00:02.252 INFO:journalctl@ceph.mon.smithi040.smithi040.stdout: File "/lib/python3.9/site-packages/cheroot/connections.py", line 246, in _run
2024-06-09T23:00:02.252 INFO:journalctl@ceph.mon.smithi040.smithi040.stdout: new_conn = self._from_server_socket(self.server.socket)
2024-06-09T23:00:02.252 INFO:journalctl@ceph.mon.smithi040.smithi040.stdout: File "/lib/python3.9/site-packages/cheroot/connections.py", line 300, in _from_server_socket
2024-06-09T23:00:02.252 INFO:journalctl@ceph.mon.smithi040.smithi040.stdout: s, ssl_env = self.server.ssl_adapter.wrap(s)
2024-06-09T23:00:02.252 INFO:journalctl@ceph.mon.smithi040.smithi040.stdout: File "/lib/python3.9/site-packages/cheroot/ssl/builtin.py", line 277, in wrap
2024-06-09T23:00:02.252 INFO:journalctl@ceph.mon.smithi040.smithi040.stdout: s = self.context.wrap_socket(
2024-06-09T23:00:02.252 INFO:journalctl@ceph.mon.smithi040.smithi040.stdout: File "/lib64/python3.9/ssl.py", line 501, in wrap_socket
2024-06-09T23:00:02.252 INFO:journalctl@ceph.mon.smithi040.smithi040.stdout: return self.sslsocket_class._create(
2024-06-09T23:00:02.252 INFO:journalctl@ceph.mon.smithi040.smithi040.stdout: File "/lib64/python3.9/ssl.py", line 1074, in _create
2024-06-09T23:00:02.253 INFO:journalctl@ceph.mon.smithi040.smithi040.stdout: self.do_handshake()
2024-06-09T23:00:02.253 INFO:journalctl@ceph.mon.smithi040.smithi040.stdout: File "/lib64/python3.9/ssl.py", line 1343, in do_handshake
2024-06-09T23:00:02.253 INFO:journalctl@ceph.mon.smithi040.smithi040.stdout: self._sslobj.do_handshake()
2024-06-09T23:00:02.253 INFO:journalctl@ceph.mon.smithi040.smithi040.stdout: ssl.SSLZeroReturnError: TLS/SSL connection has been closed (EOF) (_ssl.c:1129)
2024-06-09T23:00:02.253 INFO:journalctl@ceph.mon.smithi040.smithi040.stdout:Jun 09 23:00:02 smithi040 ceph-mon[29374]: from='client.14130 -' entity='client.admin' cmd=[{"prefix": "orch set backend", "module_name": "cephadm", "target": ["mon-mgr", ""]}]: dispatch
2024-06-09T23:00:02.253 INFO:journalctl@ceph.mon.smithi040.smithi040.stdout:Jun 09 23:00:02 smithi040 ceph-mon[29374]: mgrmap e8: smithi040.eeidzw(active, since 2s)
2024-06-09T23:00:02.276 INFO:teuthology.orchestra.run.smithi040.stdout:/usr/bin/ceph: stdout value unchanged
2024-06-09T23:00:02.276 INFO:teuthology.orchestra.run.smithi040.stdout:/usr/bin/ceph: stderr
2024-06-09T23:00:01.492+0000 7f7170d37640 1 Processor -- start
2024-06-09T23:00:02.276 INFO:teuthology.orchestra.run.smithi040.stdout:/usr/bin/ceph: stderr
2024-06-09T23:00:01.492+0000 7f7170d37640 1 -- start start
2024-06-09T23:00:02.277 INFO:teuthology.orchestra.run.smithi040.stdout:/usr/bin/ceph: stderr
2024-06-09T23:00:01.492+0000 7f7170d37640 1 --2- >> [v2:172.21.15.40:3300/0,v1:172.21.15.40:6789/0] conn(0x7f716c105c40 0x7f716c106060 unknown :-1 s=NONE pgs=0 cs=0 l=0 rev1=0 crypto rx=0 tx=0 comp rx=0 tx=0).connect
2024-06-09T23:00:02.277 INFO:teuthology.orchestra.run.smithi040.stdout:/usr/bin/ceph: stderr
2024-06-09T23:00:01.492+0000 7f7170d37640 1 -- --> [v2:172.21.15.40:3300/0,v1:172.21.15.40:6789/0] -- mon_getmap magic: 0 v1 -- 0x7f716c106630 con 0x7f716c105c40
2024-06-09T23:00:02.277 INFO:teuthology.orchestra.run.smithi040.stdout:/usr/bin/ceph: stderr
2024-06-09T23:00:01.493+0000 7f716a59c640 1 --2- >> [v2:172.21.15.40:3300/0,v1:172.21.15.40:6789/0] conn(0x7f716c105c40 0x7f716c106060 unknown :-1 s=BANNER_CONNECTING pgs=0 cs=0 l=0 rev1=0 crypto rx=0 tx=0 comp rx=0 tx=0)._handle_peer_banner_payload supported=3 required=0
2024-06-09T23:00:02.277 INFO:teuthology.orchestra.run.smithi040.stdout:/usr/bin/ceph: stderr
2024-06-09T23:00:01.493+0000 7f716a59c640 1 --2- >> [v2:172.21.15.40:3300/0,v1:172.21.15.40:6789/0] conn(0x7f716c105c40 0x7f716c106060 unknown :-1 s=HELLO_CONNECTING pgs=0 cs=0 l=0 rev1=1 crypto rx=0 tx=0 comp rx=0 tx=0).handle_hello peer v2:172.21.15.40:3300/0 says I am v2:172.21.15.40:42012/0 (socket says 172.21.15.40:42012)
2024-06-09T23:00:02.277 INFO:teuthology.orchestra.run.smithi040.stdout:/usr/bin/ceph: stderr
2024-06-09T23:00:01.493+0000 7f716a59c640 1 -- 172.21.15.40:0/857472585 learned_addr learned my addr 172.21.15.40:0/857472585 (peer_addr_for_me v2:172.21.15.40:0/0)
2024-06-09T23:00:02.277 INFO:teuthology.orchestra.run.smithi040.stdout:/usr/bin/ceph: stderr
2024-06-09T23:00:01.493+0000 7f716a59c640 1 -- 172.21.15.40:0/857472585 --> [v2:172.21.15.40:3300/0,v1:172.21.15.40:6789/0] -- mon_subscribe({config=0+,monmap=0+}) v3 -- 0x7f716c106e40 con 0x7f716c105c40
2024-06-09T23:00:02.277 INFO:teuthology.orchestra.run.smithi040.stdout:/usr/bin/ceph: stderr
2024-06-09T23:00:01.494+0000 7f716a59c640 1 --2- 172.21.15.40:0/857472585 >> [v2:172.21.15.40:3300/0,v1:172.21.15.40:6789/0] conn(0x7f716c105c40 0x7f716c106060 secure :-1 s=READY pgs=37 cs=0 l=1 rev1=1 crypto rx=0x7f715c009820 tx=0x7f715c02a270 comp rx=0 tx=0).ready entity=mon.0 client_cookie=ec44e4578cc68c48 server_cookie=0 in_seq=0 out_seq=0
2024-06-09T23:00:02.277 INFO:teuthology.orchestra.run.smithi040.stdout:/usr/bin/ceph: stderr
2024-06-09T23:00:01.494+0000 7f716959a640 1 -- 172.21.15.40:0/857472585 <== mon.0 v2:172.21.15.40:3300/0 1 ==== mon_map magic: 0 v1 ==== 229+0+0 (secure 0 0 0) 0x7f715c02ad40 con 0x7f716c105c40
2024-06-09T23:00:02.277 INFO:teuthology.orchestra.run.smithi040.stdout:/usr/bin/ceph: stderr
2024-06-09T23:00:01.494+0000 7f716959a640 1 -- 172.21.15.40:0/857472585 <== mon.0 v2:172.21.15.40:3300/0 2 ==== config(27 keys) v1 ==== 1042+0+0 (secure 0 0 0) 0x7f715c0328c0 con 0x7f716c105c40
2024-06-09T23:00:02.277 INFO:teuthology.orchestra.run.smithi040.stdout:/usr/bin/ceph: stderr
2024-06-09T23:00:01.494+0000 7f716959a640 1 -- 172.21.15.40:0/857472585 <== mon.0 v2:172.21.15.40:3300/0 3 ==== mon_map magic: 0 v1 ==== 229+0+0 (secure 0 0 0) 0x7f715c0307f0 con 0x7f716c105c40
2024-06-09T23:00:02.277 INFO:teuthology.orchestra.run.smithi040.stdout:/usr/bin/ceph: stderr
2024-06-09T23:00:01.494+0000 7f7170d37640 1 -- 172.21.15.40:0/857472585 >> [v2:172.21.15.40:3300/0,v1:172.21.15.40:6789/0] conn(0x7f716c105c40 msgr2=0x7f716c106060 secure :-1 s=STATE_CONNECTION_ESTABLISHED l=1).mark_down
2024-06-09T23:00:02.277 INFO:teuthology.orchestra.run.smithi040.stdout:/usr/bin/ceph: stderr
2024-06-09T23:00:01.495+0000 7f7170d37640 1 --2- 172.21.15.40:0/857472585 >> [v2:172.21.15.40:3300/0,v1:172.21.15.40:6789/0] conn(0x7f716c105c40 0x7f716c106060 secure :-1 s=READY pgs=37 cs=0 l=1 rev1=1 crypto rx=0x7f715c009820 tx=0x7f715c02a270 comp rx=0 tx=0).stop
2024-06-09T23:00:02.277 INFO:teuthology.orchestra.run.smithi040.stdout:/usr/bin/ceph: stderr
2024-06-09T23:00:01.495+0000 7f7170d37640 1 -- 172.21.15.40:0/857472585 shutdown_connections
2024-06-09T23:00:02.278 INFO:teuthology.orchestra.run.smithi040.stdout:/usr/bin/ceph: stderr
2024-06-09T23:00:01.495+0000 7f7170d37640 1 --2- 172.21.15.40:0/857472585 >> [v2:172.21.15.40:3300/0,v1:172.21.15.40:6789/0] conn(0x7f716c105c40 0x7f716c106060 unknown :-1 s=CLOSED pgs=37 cs=0 l=1 rev1=1 crypto rx=0 tx=0 comp rx=0 tx=0).stop
2024-06-09T23:00:02.278 INFO:teuthology.orchestra.run.smithi040.stdout:/usr/bin/ceph: stderr
2024-06-09T23:00:01.495+0000 7f7170d37640 1 -- 172.21.15.40:0/857472585 >> 172.21.15.40:0/857472585 conn(0x7f716c1011c0 msgr2=0x7f716c103620 unknown :-1 s=STATE_NONE l=0).mark_down
2024-06-09T23:00:02.278 INFO:teuthology.orchestra.run.smithi040.stdout:/usr/bin/ceph: stderr
2024-06-09T23:00:01.495+0000 7f7170d37640 1 -- 172.21.15.40:0/857472585 shutdown_connections
2024-06-09T23:00:02.278 INFO:teuthology.orchestra.run.smithi040.stdout:/usr/bin/ceph: stderr
2024-06-09T23:00:01.495+0000 7f7170d37640 1 -- 172.21.15.40:0/857472585 wait complete.
2024-06-09T23:00:02.278 INFO:teuthology.orchestra.run.smithi040.stdout:/usr/bin/ceph: stderr
2024-06-09T23:00:01.496+0000 7f7170d37640 1 Processor -- start
2024-06-09T23:00:02.278 INFO:teuthology.orchestra.run.smithi040.stdout:/usr/bin/ceph: stderr
2024-06-09T23:00:01.496+0000 7f7170d37640 1 -- start start
2024-06-09T23:00:02.278 INFO:teuthology.orchestra.run.smithi040.stdout:/usr/bin/ceph: stderr
2024-06-09T23:00:01.496+0000 7f7170d37640 1 --2- >> [v2:172.21.15.40:3300/0,v1:172.21.15.40:6789/0] conn(0x7f716c105c40 0x7f716c07bab0 unknown :-1 s=NONE pgs=0 cs=0 l=1 rev1=0 crypto rx=0 tx=0 comp rx=0 tx=0).connect
2024-06-09T23:00:02.278 INFO:teuthology.orchestra.run.smithi040.stdout:/usr/bin/ceph: stderr
2024-06-09T23:00:01.496+0000 7f7170d37640 1 -- --> [v2:172.21.15.40:3300/0,v1:172.21.15.40:6789/0] -- mon_getmap magic: 0 v1 -- 0x7f716c07bff0 con 0x7f716c105c40
2024-06-09T23:00:02.278 INFO:teuthology.orchestra.run.smithi040.stdout:/usr/bin/ceph: stderr
2024-06-09T23:00:01.496+0000 7f716a59c640 1 --2- >> [v2:172.21.15.40:3300/0,v1:172.21.15.40:6789/0] conn(0x7f716c105c40 0x7f716c07bab0 unknown :-1 s=BANNER_CONNECTING pgs=0 cs=0 l=1 rev1=0 crypto rx=0 tx=0 comp rx=0 tx=0)._handle_peer_banner_payload supported=3 required=0
2024-06-09T23:00:02.278 INFO:teuthology.orchestra.run.smithi040.stdout:/usr/bin/ceph: stderr
2024-06-09T23:00:01.496+0000 7f716a59c640 1 --2- >> [v2:172.21.15.40:3300/0,v1:172.21.15.40:6789/0] conn(0x7f716c105c40 0x7f716c07bab0 unknown :-1 s=HELLO_CONNECTING pgs=0 cs=0 l=1 rev1=1 crypto rx=0 tx=0 comp rx=0 tx=0).handle_hello peer v2:172.21.15.40:3300/0 says I am v2:172.21.15.40:42020/0 (socket says 172.21.15.40:42020)
2024-06-09T23:00:02.278 INFO:teuthology.orchestra.run.smithi040.stdout:/usr/bin/ceph: stderr
2024-06-09T23:00:01.496+0000 7f716a59c640 1 -- 172.21.15.40:0/4164935191 learned_addr learned my addr 172.21.15.40:0/4164935191 (peer_addr_for_me v2:172.21.15.40:0/0)
2024-06-09T23:00:02.278 INFO:teuthology.orchestra.run.smithi040.stdout:/usr/bin/ceph: stderr
2024-06-09T23:00:01.496+0000 7f716a59c640 1 -- 172.21.15.40:0/4164935191 --> [v2:172.21.15.40:3300/0,v1:172.21.15.40:6789/0] -- mon_subscribe({config=0+,monmap=0+}) v3 -- 0x7f715c0094d0 con 0x7f716c105c40
2024-06-09T23:00:02.278 INFO:teuthology.orchestra.run.smithi040.stdout:/usr/bin/ceph: stderr
2024-06-09T23:00:01.496+0000 7f716a59c640 1 --2- 172.21.15.40:0/4164935191 >> [v2:172.21.15.40:3300/0,v1:172.21.15.40:6789/0] conn(0x7f716c105c40 0x7f716c07bab0 secure :-1 s=READY pgs=38 cs=0 l=1 rev1=1 crypto rx=0x7f715c030d30 tx=0x7f715c030d60 comp rx=0 tx=0).ready entity=mon.0 client_cookie=0 server_cookie=0 in_seq=0 out_seq=0
2024-06-09T23:00:02.278 INFO:teuthology.orchestra.run.smithi040.stdout:/usr/bin/ceph: stderr
2024-06-09T23:00:01.497+0000 7f715b7fe640 1 -- 172.21.15.40:0/4164935191 <== mon.0 v2:172.21.15.40:3300/0 1 ==== mon_map magic: 0 v1 ==== 229+0+0 (secure 0 0 0) 0x7f715c032c40 con 0x7f716c105c40
2024-06-09T23:00:02.279 INFO:teuthology.orchestra.run.smithi040.stdout:/usr/bin/ceph: stderr
2024-06-09T23:00:01.497+0000 7f715b7fe640 1 -- 172.21.15.40:0/4164935191 <== mon.0 v2:172.21.15.40:3300/0 2 ==== config(27 keys) v1 ==== 1042+0+0 (secure 0 0 0) 0x7f715c032da0 con 0x7f716c105c40
2024-06-09T23:00:02.279 INFO:teuthology.orchestra.run.smithi040.stdout:/usr/bin/ceph: stderr
2024-06-09T23:00:01.497+0000 7f7170d37640 1 -- 172.21.15.40:0/4164935191 --> [v2:172.21.15.40:3300/0,v1:172.21.15.40:6789/0] -- mon_subscribe({mgrmap=0+}) v3 -- 0x7f716c07a230 con 0x7f716c105c40
2024-06-09T23:00:02.279 INFO:teuthology.orchestra.run.smithi040.stdout:/usr/bin/ceph: stderr
2024-06-09T23:00:01.497+0000 7f715b7fe640 1 -- 172.21.15.40:0/4164935191 <== mon.0 v2:172.21.15.40:3300/0 3 ==== mon_map magic: 0 v1 ==== 229+0+0 (secure 0 0 0) 0x7f715c03c6a0 con 0x7f716c105c40
2024-06-09T23:00:02.279 INFO:teuthology.orchestra.run.smithi040.stdout:/usr/bin/ceph: stderr
2024-06-09T23:00:01.497+0000 7f7170d37640 1 -- 172.21.15.40:0/4164935191 --> [v2:172.21.15.40:3300/0,v1:172.21.15.40:6789/0] -- mon_subscribe({osdmap=0}) v3 -- 0x7f716c07a650 con 0x7f716c105c40
2024-06-09T23:00:02.279 INFO:teuthology.orchestra.run.smithi040.stdout:/usr/bin/ceph: stderr
2024-06-09T23:00:01.498+0000 7f715b7fe640 1 -- 172.21.15.40:0/4164935191 <== mon.0 v2:172.21.15.40:3300/0 4 ==== mgrmap(e 8) v1 ==== 44866+0+0 (secure 0 0 0) 0x7f715c03c800 con 0x7f716c105c40
2024-06-09T23:00:02.279 INFO:teuthology.orchestra.run.smithi040.stdout:/usr/bin/ceph: stderr
2024-06-09T23:00:01.498+0000 7f715b7fe640 1 --2- 172.21.15.40:0/4164935191 >> [v2:172.21.15.40:6800/1403971859,v1:172.21.15.40:6801/1403971859] conn(0x7f71540378b0 0x7f7154039d70 unknown :-1 s=NONE pgs=0 cs=0 l=1 rev1=0 crypto rx=0 tx=0 comp rx=0 tx=0).connect
2024-06-09T23:00:02.279 INFO:teuthology.orchestra.run.smithi040.stdout:/usr/bin/ceph: stderr
2024-06-09T23:00:01.498+0000 7f715b7fe640 1 -- 172.21.15.40:0/4164935191 <== mon.0 v2:172.21.15.40:3300/0 5 ==== osd_map(2..2 src has 1..2) v4 ==== 940+0+0 (secure 0 0 0) 0x7f715c06b800 con 0x7f716c105c40
2024-06-09T23:00:02.279 INFO:teuthology.orchestra.run.smithi040.stdout:/usr/bin/ceph: stderr
2024-06-09T23:00:01.498+0000 7f7169d9b640 1 --2- 172.21.15.40:0/4164935191 >> [v2:172.21.15.40:6800/1403971859,v1:172.21.15.40:6801/1403971859] conn(0x7f71540378b0 0x7f7154039d70 unknown :-1 s=BANNER_CONNECTING pgs=0 cs=0 l=1 rev1=0 crypto rx=0 tx=0 comp rx=0 tx=0)._handle_peer_banner_payload supported=3 required=0
2024-06-09T23:00:02.279 INFO:teuthology.orchestra.run.smithi040.stdout:/usr/bin/ceph: stderr
2024-06-09T23:00:01.498+0000 7f7170d37640 1 -- 172.21.15.40:0/4164935191 --> [v2:172.21.15.40:3300/0,v1:172.21.15.40:6789/0] -- mon_command({"prefix": "get_command_descriptions"} v 0) v1 -- 0x7f716c061ae0 con 0x7f716c105c40
2024-06-09T23:00:02.279 INFO:teuthology.orchestra.run.smithi040.stdout:/usr/bin/ceph: stderr
2024-06-09T23:00:01.499+0000 7f7169d9b640 1 --2- 172.21.15.40:0/4164935191 >> [v2:172.21.15.40:6800/1403971859,v1:172.21.15.40:6801/1403971859] conn(0x7f71540378b0 0x7f7154039d70 secure :-1 s=READY pgs=8 cs=0 l=1 rev1=1 crypto rx=0x7f71600098c0 tx=0x7f7160006db0 comp rx=0 tx=0).ready entity=mgr.14118 client_cookie=0 server_cookie=0 in_seq=0 out_seq=0
2024-06-09T23:00:02.279 INFO:teuthology.orchestra.run.smithi040.stdout:/usr/bin/ceph: stderr
2024-06-09T23:00:01.503+0000 7f715b7fe640 1 -- 172.21.15.40:0/4164935191 <== mon.0 v2:172.21.15.40:3300/0 6 ==== mon_command_ack([{"prefix": "get_command_descriptions"}]=0 v0) v1 ==== 72+0+182498 (secure 0 0 0) 0x7f715c0313a0 con 0x7f716c105c40
2024-06-09T23:00:02.279 INFO:teuthology.orchestra.run.smithi040.stdout:/usr/bin/ceph: stderr
2024-06-09T23:00:01.688+0000 7f7170d37640 1 -- 172.21.15.40:0/4164935191 --> [v2:172.21.15.40:6800/1403971859,v1:172.21.15.40:6801/1403971859] -- mgr_command(tid 0: {"prefix": "cephadm set-user", "user": "root", "target": ["mon-mgr", ""]}) v1 -- 0x7f716c07ab70 con 0x7f71540378b0
2024-06-09T23:00:02.279 INFO:teuthology.orchestra.run.smithi040.stdout:/usr/bin/ceph: stderr
2024-06-09T23:00:01.689+0000 7f715b7fe640 1 -- 172.21.15.40:0/4164935191 <== mgr.14118 v2:172.21.15.40:6800/1403971859 1 ==== mgr_command_reply(tid 0: 0 ) v1 ==== 8+0+16 (secure 0 0 0) 0x7f716c07ab70 con 0x7f71540378b0
2024-06-09T23:00:02.280 INFO:teuthology.orchestra.run.smithi040.stdout:/usr/bin/ceph: stderr
2024-06-09T23:00:01.690+0000 7f7170d37640 1 -- 172.21.15.40:0/4164935191 >> [v2:172.21.15.40:6800/1403971859,v1:172.21.15.40:6801/1403971859] conn(0x7f71540378b0 msgr2=0x7f7154039d70 secure :-1 s=STATE_CONNECTION_ESTABLISHED l=1).mark_down
2024-06-09T23:00:02.280 INFO:teuthology.orchestra.run.smithi040.stdout:/usr/bin/ceph: stderr
2024-06-09T23:00:01.690+0000 7f7170d37640 1 --2- 172.21.15.40:0/4164935191 >> [v2:172.21.15.40:6800/1403971859,v1:172.21.15.40:6801/1403971859] conn(0x7f71540378b0 0x7f7154039d70 secure :-1 s=READY pgs=8 cs=0 l=1 rev1=1 crypto rx=0x7f71600098c0 tx=0x7f7160006db0 comp rx=0 tx=0).stop
2024-06-09T23:00:02.280 INFO:teuthology.orchestra.run.smithi040.stdout:/usr/bin/ceph: stderr
2024-06-09T23:00:01.690+0000 7f7170d37640 1 -- 172.21.15.40:0/4164935191 >> [v2:172.21.15.40:3300/0,v1:172.21.15.40:6789/0] conn(0x7f716c105c40 msgr2=0x7f716c07bab0 secure :-1 s=STATE_CONNECTION_ESTABLISHED l=1).mark_down
2024-06-09T23:00:02.280 INFO:teuthology.orchestra.run.smithi040.stdout:/usr/bin/ceph: stderr
2024-06-09T23:00:01.690+0000 7f7170d37640 1 --2- 172.21.15.40:0/4164935191 >> [v2:172.21.15.40:3300/0,v1:172.21.15.40:6789/0] conn(0x7f716c105c40 0x7f716c07bab0 secure :-1 s=READY pgs=38 cs=0 l=1 rev1=1 crypto rx=0x7f715c030d30 tx=0x7f715c030d60 comp rx=0 tx=0).stop
2024-06-09T23:00:02.280 INFO:teuthology.orchestra.run.smithi040.stdout:/usr/bin/ceph: stderr
2024-06-09T23:00:01.691+0000 7f7170d37640 1 -- 172.21.15.40:0/4164935191 shutdown_connections
2024-06-09T23:00:02.280 INFO:teuthology.orchestra.run.smithi040.stdout:/usr/bin/ceph: stderr
2024-06-09T23:00:01.691+0000 7f7170d37640 1 --2- 172.21.15.40:0/4164935191 >> [v2:172.21.15.40:6800/1403971859,v1:172.21.15.40:6801/1403971859] conn(0x7f71540378b0 0x7f7154039d70 unknown :-1 s=CLOSED pgs=8 cs=0 l=1 rev1=1 crypto rx=0 tx=0 comp rx=0 tx=0).stop
2024-06-09T23:00:02.280 INFO:teuthology.orchestra.run.smithi040.stdout:/usr/bin/ceph: stderr
2024-06-09T23:00:01.691+0000 7f7170d37640 1 --2- 172.21.15.40:0/4164935191 >> [v2:172.21.15.40:3300/0,v1:172.21.15.40:6789/0] conn(0x7f716c105c40 0x7f716c07bab0 unknown :-1 s=CLOSED pgs=38 cs=0 l=1 rev1=1 crypto rx=0 tx=0 comp rx=0 tx=0).stop
2024-06-09T23:00:02.280 INFO:teuthology.orchestra.run.smithi040.stdout:/usr/bin/ceph: stderr
2024-06-09T23:00:01.691+0000 7f7170d37640 1 -- 172.21.15.40:0/4164935191 >> 172.21.15.40:0/4164935191 conn(0x7f716c1011c0 msgr2=0x7f716c101c00 unknown :-1 s=STATE_NONE l=0).mark_down
2024-06-09T23:00:02.280 INFO:teuthology.orchestra.run.smithi040.stdout:/usr/bin/ceph: stderr
2024-06-09T23:00:01.691+0000 7f7170d37640 1 -- 172.21.15.40:0/4164935191 shutdown_connections
2024-06-09T23:00:02.280 INFO:teuthology.orchestra.run.smithi040.stdout:/usr/bin/ceph: stderr
2024-06-09T23:00:01.691+0000 7f7170d37640 1 -- 172.21.15.40:0/4164935191 wait complete.
2024-06-09T23:00:02.280 INFO:teuthology.orchestra.run.smithi040.stdout:Generating ssh key...
2024-06-09T23:00:03.399 INFO:journalctl@ceph.mon.smithi040.smithi040.stdout:Jun 09 23:00:03 smithi040 ceph-mon[29374]: from='client.14132 -' entity='client.admin' cmd=[{"prefix": "cephadm set-user", "user": "root", "target": ["mon-mgr", ""]}]: dispatch
2024-06-09T23:00:03.399 INFO:journalctl@ceph.mon.smithi040.smithi040.stdout:Jun 09 23:00:03 smithi040 ceph-mon[29374]: from='mgr.14118 172.21.15.40:0/2484436756' entity='mgr.smithi040.eeidzw'
2024-06-09T23:00:03.399 INFO:journalctl@ceph.mon.smithi040.smithi040.stdout:Jun 09 23:00:03 smithi040 ceph-mon[29374]: from='mgr.14118 172.21.15.40:0/2484436756' entity='mgr.smithi040.eeidzw'
2024-06-09T23:00:03.641 INFO:teuthology.orchestra.run.smithi040.stdout:/usr/bin/ceph: stderr
2024-06-09T23:00:02.660+0000 7f341ddb6640 1 Processor -- start
2024-06-09T23:00:03.641 INFO:teuthology.orchestra.run.smithi040.stdout:/usr/bin/ceph: stderr
2024-06-09T23:00:02.660+0000 7f341ddb6640 1 -- start start
2024-06-09T23:00:03.642 INFO:teuthology.orchestra.run.smithi040.stdout:/usr/bin/ceph: stderr
2024-06-09T23:00:02.660+0000 7f341ddb6640 1 --2- >> [v2:172.21.15.40:3300/0,v1:172.21.15.40:6789/0] conn(0x7f341807be30 0x7f341807a290 unknown :-1 s=NONE pgs=0 cs=0 l=0 rev1=0 crypto rx=0 tx=0 comp rx=0 tx=0).connect
2024-06-09T23:00:03.642 INFO:teuthology.orchestra.run.smithi040.stdout:/usr/bin/ceph: stderr
2024-06-09T23:00:02.660+0000 7f341ddb6640 1 -- --> [v2:172.21.15.40:3300/0,v1:172.21.15.40:6789/0] -- mon_getmap magic: 0 v1 -- 0x7f341807a860 con 0x7f341807be30
2024-06-09T23:00:03.642 INFO:teuthology.orchestra.run.smithi040.stdout:/usr/bin/ceph: stderr
2024-06-09T23:00:02.660+0000 7f34177fe640 1 --2- >> [v2:172.21.15.40:3300/0,v1:172.21.15.40:6789/0] conn(0x7f341807be30 0x7f341807a290 unknown :-1 s=BANNER_CONNECTING pgs=0 cs=0 l=0 rev1=0 crypto rx=0 tx=0 comp rx=0 tx=0)._handle_peer_banner_payload supported=3 required=0
2024-06-09T23:00:03.642 INFO:teuthology.orchestra.run.smithi040.stdout:/usr/bin/ceph: stderr
2024-06-09T23:00:02.660+0000 7f34177fe640 1 --2- >> [v2:172.21.15.40:3300/0,v1:172.21.15.40:6789/0] conn(0x7f341807be30 0x7f341807a290 unknown :-1 s=HELLO_CONNECTING pgs=0 cs=0 l=0 rev1=1 crypto rx=0 tx=0 comp rx=0 tx=0).handle_hello peer v2:172.21.15.40:3300/0 says I am v2:172.21.15.40:42022/0 (socket says 172.21.15.40:42022)
2024-06-09T23:00:03.642 INFO:teuthology.orchestra.run.smithi040.stdout:/usr/bin/ceph: stderr
2024-06-09T23:00:02.660+0000 7f34177fe640 1 -- 172.21.15.40:0/2333778565 learned_addr learned my addr 172.21.15.40:0/2333778565 (peer_addr_for_me v2:172.21.15.40:0/0)
2024-06-09T23:00:03.642 INFO:teuthology.orchestra.run.smithi040.stdout:/usr/bin/ceph: stderr
2024-06-09T23:00:02.660+0000 7f34177fe640 1 -- 172.21.15.40:0/2333778565 --> [v2:172.21.15.40:3300/0,v1:172.21.15.40:6789/0] -- mon_subscribe({config=0+,monmap=0+}) v3 -- 0x7f341807a9a0 con 0x7f341807be30
2024-06-09T23:00:03.642 INFO:teuthology.orchestra.run.smithi040.stdout:/usr/bin/ceph: stderr
2024-06-09T23:00:02.661+0000 7f34177fe640 1 --2- 172.21.15.40:0/2333778565 >> [v2:172.21.15.40:3300/0,v1:172.21.15.40:6789/0] conn(0x7f341807be30 0x7f341807a290 secure :-1 s=READY pgs=39 cs=0 l=1 rev1=1 crypto rx=0x7f3408009820 tx=0x7f340802a270 comp rx=0 tx=0).ready entity=mon.0 client_cookie=85930211568fa078 server_cookie=0 in_seq=0 out_seq=0
2024-06-09T23:00:03.642 INFO:teuthology.orchestra.run.smithi040.stdout:/usr/bin/ceph: stderr
2024-06-09T23:00:02.661+0000 7f3416ffd640 1 -- 172.21.15.40:0/2333778565 <== mon.0 v2:172.21.15.40:3300/0 1 ==== mon_map magic: 0 v1 ==== 229+0+0 (secure 0 0 0) 0x7f340802ad40 con 0x7f341807be30
2024-06-09T23:00:03.642 INFO:teuthology.orchestra.run.smithi040.stdout:/usr/bin/ceph: stderr
2024-06-09T23:00:02.661+0000 7f3416ffd640 1 -- 172.21.15.40:0/2333778565 <== mon.0 v2:172.21.15.40:3300/0 2 ==== config(27 keys) v1 ==== 1042+0+0 (secure 0 0 0) 0x7f34080328c0 con 0x7f341807be30
2024-06-09T23:00:03.642 INFO:teuthology.orchestra.run.smithi040.stdout:/usr/bin/ceph: stderr
2024-06-09T23:00:02.661+0000 7f3416ffd640 1 -- 172.21.15.40:0/2333778565 <== mon.0 v2:172.21.15.40:3300/0 3 ==== mon_map magic: 0 v1 ==== 229+0+0 (secure 0 0 0) 0x7f34080307f0 con 0x7f341807be30
2024-06-09T23:00:03.642 INFO:teuthology.orchestra.run.smithi040.stdout:/usr/bin/ceph: stderr
2024-06-09T23:00:02.662+0000 7f341ddb6640 1 -- 172.21.15.40:0/2333778565 >> [v2:172.21.15.40:3300/0,v1:172.21.15.40:6789/0] conn(0x7f341807be30 msgr2=0x7f341807a290 secure :-1 s=STATE_CONNECTION_ESTABLISHED l=1).mark_down
2024-06-09T23:00:03.642 INFO:teuthology.orchestra.run.smithi040.stdout:/usr/bin/ceph: stderr
2024-06-09T23:00:02.662+0000 7f341ddb6640 1 --2- 172.21.15.40:0/2333778565 >> [v2:172.21.15.40:3300/0,v1:172.21.15.40:6789/0] conn(0x7f341807be30 0x7f341807a290 secure :-1 s=READY pgs=39 cs=0 l=1 rev1=1 crypto rx=0x7f3408009820 tx=0x7f340802a270 comp rx=0 tx=0).stop
2024-06-09T23:00:03.643 INFO:teuthology.orchestra.run.smithi040.stdout:/usr/bin/ceph: stderr
2024-06-09T23:00:02.662+0000 7f341ddb6640 1 -- 172.21.15.40:0/2333778565 shutdown_connections
2024-06-09T23:00:03.643 INFO:teuthology.orchestra.run.smithi040.stdout:/usr/bin/ceph: stderr
2024-06-09T23:00:02.662+0000 7f341ddb6640 1 --2- 172.21.15.40:0/2333778565 >> [v2:172.21.15.40:3300/0,v1:172.21.15.40:6789/0] conn(0x7f341807be30 0x7f341807a290 unknown :-1 s=CLOSED pgs=39 cs=0 l=1 rev1=1 crypto rx=0 tx=0 comp rx=0 tx=0).stop
2024-06-09T23:00:03.643 INFO:teuthology.orchestra.run.smithi040.stdout:/usr/bin/ceph: stderr
2024-06-09T23:00:02.662+0000 7f341ddb6640 1 -- 172.21.15.40:0/2333778565 >> 172.21.15.40:0/2333778565 conn(0x7f34181011c0 msgr2=0x7f3418103620 unknown :-1 s=STATE_NONE l=0).mark_down
2024-06-09T23:00:03.643 INFO:teuthology.orchestra.run.smithi040.stdout:/usr/bin/ceph: stderr
2024-06-09T23:00:02.662+0000 7f341ddb6640 1 -- 172.21.15.40:0/2333778565 shutdown_connections
2024-06-09T23:00:03.643 INFO:teuthology.orchestra.run.smithi040.stdout:/usr/bin/ceph: stderr
2024-06-09T23:00:02.662+0000 7f341ddb6640 1 -- 172.21.15.40:0/2333778565 wait complete.
2024-06-09T23:00:03.643 INFO:teuthology.orchestra.run.smithi040.stdout:/usr/bin/ceph: stderr
2024-06-09T23:00:02.662+0000 7f341ddb6640 1 Processor -- start
2024-06-09T23:00:03.643 INFO:teuthology.orchestra.run.smithi040.stdout:/usr/bin/ceph: stderr
2024-06-09T23:00:02.663+0000 7f341ddb6640 1 -- start start
2024-06-09T23:00:03.643 INFO:teuthology.orchestra.run.smithi040.stdout:/usr/bin/ceph: stderr
2024-06-09T23:00:02.663+0000 7f341ddb6640 1 --2- >> [v2:172.21.15.40:3300/0,v1:172.21.15.40:6789/0] conn(0x7f341807be30 0x7f341819ba20 unknown :-1 s=NONE pgs=0 cs=0 l=1 rev1=0 crypto rx=0 tx=0 comp rx=0 tx=0).connect
2024-06-09T23:00:03.643 INFO:teuthology.orchestra.run.smithi040.stdout:/usr/bin/ceph: stderr
2024-06-09T23:00:02.663+0000 7f341ddb6640 1 -- --> [v2:172.21.15.40:3300/0,v1:172.21.15.40:6789/0] -- mon_getmap magic: 0 v1 -- 0x7f341819bf60 con 0x7f341807be30
2024-06-09T23:00:03.643 INFO:teuthology.orchestra.run.smithi040.stdout:/usr/bin/ceph: stderr
2024-06-09T23:00:02.663+0000 7f34177fe640 1 --2- >> [v2:172.21.15.40:3300/0,v1:172.21.15.40:6789/0] conn(0x7f341807be30 0x7f341819ba20 unknown :-1 s=BANNER_CONNECTING pgs=0 cs=0 l=1 rev1=0 crypto rx=0 tx=0 comp rx=0 tx=0)._handle_peer_banner_payload supported=3 required=0
2024-06-09T23:00:03.643 INFO:teuthology.orchestra.run.smithi040.stdout:/usr/bin/ceph: stderr
2024-06-09T23:00:02.663+0000 7f34177fe640 1 --2- >> [v2:172.21.15.40:3300/0,v1:172.21.15.40:6789/0] conn(0x7f341807be30 0x7f341819ba20 unknown :-1 s=HELLO_CONNECTING pgs=0 cs=0 l=1 rev1=1 crypto rx=0 tx=0 comp rx=0 tx=0).handle_hello peer v2:172.21.15.40:3300/0 says I am v2:172.21.15.40:42028/0 (socket says 172.21.15.40:42028)
2024-06-09T23:00:03.643 INFO:teuthology.orchestra.run.smithi040.stdout:/usr/bin/ceph: stderr
2024-06-09T23:00:02.663+0000 7f34177fe640 1 -- 172.21.15.40:0/2062041262 learned_addr learned my addr 172.21.15.40:0/2062041262 (peer_addr_for_me v2:172.21.15.40:0/0)
2024-06-09T23:00:03.643 INFO:teuthology.orchestra.run.smithi040.stdout:/usr/bin/ceph: stderr
2024-06-09T23:00:02.663+0000 7f34177fe640 1 -- 172.21.15.40:0/2062041262 --> [v2:172.21.15.40:3300/0,v1:172.21.15.40:6789/0] -- mon_subscribe({config=0+,monmap=0+}) v3 -- 0x7f34080094d0 con 0x7f341807be30
2024-06-09T23:00:03.644 INFO:teuthology.orchestra.run.smithi040.stdout:/usr/bin/ceph: stderr
2024-06-09T23:00:02.663+0000 7f34177fe640 1 --2- 172.21.15.40:0/2062041262 >> [v2:172.21.15.40:3300/0,v1:172.21.15.40:6789/0] conn(0x7f341807be30 0x7f341819ba20 secure :-1 s=READY pgs=40 cs=0 l=1 rev1=1 crypto rx=0x7f3408030d30 tx=0x7f3408030d60 comp rx=0 tx=0).ready entity=mon.0 client_cookie=0 server_cookie=0 in_seq=0 out_seq=0
2024-06-09T23:00:03.644 INFO:teuthology.orchestra.run.smithi040.stdout:/usr/bin/ceph: stderr
2024-06-09T23:00:02.663+0000 7f34157fa640 1 -- 172.21.15.40:0/2062041262 <== mon.0 v2:172.21.15.40:3300/0 1 ==== mon_map magic: 0 v1 ==== 229+0+0 (secure 0 0 0) 0x7f3408032c40 con 0x7f341807be30
2024-06-09T23:00:03.644 INFO:teuthology.orchestra.run.smithi040.stdout:/usr/bin/ceph: stderr
2024-06-09T23:00:02.664+0000 7f34157fa640 1 -- 172.21.15.40:0/2062041262 <== mon.0 v2:172.21.15.40:3300/0 2 ==== config(27 keys) v1 ==== 1042+0+0 (secure 0 0 0) 0x7f3408032da0 con 0x7f341807be30
2024-06-09T23:00:03.644 INFO:teuthology.orchestra.run.smithi040.stdout:/usr/bin/ceph: stderr
2024-06-09T23:00:02.664+0000 7f34157fa640 1 -- 172.21.15.40:0/2062041262 <== mon.0 v2:172.21.15.40:3300/0 3 ==== mon_map magic: 0 v1 ==== 229+0+0 (secure 0 0 0) 0x7f340803c6a0 con 0x7f341807be30
2024-06-09T23:00:03.644 INFO:teuthology.orchestra.run.smithi040.stdout:/usr/bin/ceph: stderr
2024-06-09T23:00:02.664+0000 7f341ddb6640 1 -- 172.21.15.40:0/2062041262 --> [v2:172.21.15.40:3300/0,v1:172.21.15.40:6789/0] -- mon_subscribe({mgrmap=0+}) v3 -- 0x7f341819c160 con 0x7f341807be30
2024-06-09T23:00:03.644 INFO:teuthology.orchestra.run.smithi040.stdout:/usr/bin/ceph: stderr
2024-06-09T23:00:02.664+0000 7f341ddb6640 1 -- 172.21.15.40:0/2062041262 --> [v2:172.21.15.40:3300/0,v1:172.21.15.40:6789/0] -- mon_subscribe({osdmap=0}) v3 -- 0x7f341819c580 con 0x7f341807be30
2024-06-09T23:00:03.644 INFO:teuthology.orchestra.run.smithi040.stdout:/usr/bin/ceph: stderr
2024-06-09T23:00:02.664+0000 7f34157fa640 1 -- 172.21.15.40:0/2062041262 <== mon.0 v2:172.21.15.40:3300/0 4 ==== mgrmap(e 8) v1 ==== 44866+0+0 (secure 0 0 0) 0x7f340803c800 con 0x7f341807be30
2024-06-09T23:00:03.644 INFO:teuthology.orchestra.run.smithi040.stdout:/usr/bin/ceph: stderr
2024-06-09T23:00:02.665+0000 7f341ddb6640 1 -- 172.21.15.40:0/2062041262 --> [v2:172.21.15.40:3300/0,v1:172.21.15.40:6789/0] -- mon_command({"prefix": "get_command_descriptions"} v 0) v1 -- 0x7f341810bfa0 con 0x7f341807be30
2024-06-09T23:00:03.644 INFO:teuthology.orchestra.run.smithi040.stdout:/usr/bin/ceph: stderr
2024-06-09T23:00:02.665+0000 7f34157fa640 1 --2- 172.21.15.40:0/2062041262 >> [v2:172.21.15.40:6800/1403971859,v1:172.21.15.40:6801/1403971859] conn(0x7f34040378b0 0x7f3404039d70 unknown :-1 s=NONE pgs=0 cs=0 l=1 rev1=0 crypto rx=0 tx=0 comp rx=0 tx=0).connect
2024-06-09T23:00:03.644 INFO:teuthology.orchestra.run.smithi040.stdout:/usr/bin/ceph: stderr
2024-06-09T23:00:02.665+0000 7f34157fa640 1 -- 172.21.15.40:0/2062041262 <== mon.0 v2:172.21.15.40:3300/0 5 ==== osd_map(2..2 src has 1..2) v4 ==== 940+0+0 (secure 0 0 0) 0x7f340806ac60 con 0x7f341807be30
2024-06-09T23:00:03.644 INFO:teuthology.orchestra.run.smithi040.stdout:/usr/bin/ceph: stderr
2024-06-09T23:00:02.665+0000 7f340effd640 1 --2- 172.21.15.40:0/2062041262 >> [v2:172.21.15.40:6800/1403971859,v1:172.21.15.40:6801/1403971859] conn(0x7f34040378b0 0x7f3404039d70 unknown :-1 s=BANNER_CONNECTING pgs=0 cs=0 l=1 rev1=0 crypto rx=0 tx=0 comp rx=0 tx=0)._handle_peer_banner_payload supported=3 required=0
2024-06-09T23:00:03.644 INFO:teuthology.orchestra.run.smithi040.stdout:/usr/bin/ceph: stderr
2024-06-09T23:00:02.665+0000 7f340effd640 1 --2- 172.21.15.40:0/2062041262 >> [v2:172.21.15.40:6800/1403971859,v1:172.21.15.40:6801/1403971859] conn(0x7f34040378b0 0x7f3404039d70 secure :-1 s=READY pgs=9 cs=0 l=1 rev1=1 crypto rx=0x7f34000098c0 tx=0x7f3400006db0 comp rx=0 tx=0).ready entity=mgr.14118 client_cookie=0 server_cookie=0 in_seq=0 out_seq=0
2024-06-09T23:00:03.644 INFO:teuthology.orchestra.run.smithi040.stdout:/usr/bin/ceph: stderr
2024-06-09T23:00:02.669+0000 7f34157fa640 1 -- 172.21.15.40:0/2062041262 <== mon.0 v2:172.21.15.40:3300/0 6 ==== mon_command_ack([{"prefix": "get_command_descriptions"}]=0 v0) v1 ==== 72+0+182498 (secure 0 0 0) 0x7f34080313a0 con 0x7f341807be30
