2024-06-10T00:16:45.287 INFO:teuthology.orchestra.run.smithi121.stdout:/usr/bin/ceph: stderr
2024-06-10T00:16:44.338+0000 7f23f2538700 1 Processor -- start
2024-06-10T00:16:45.287 INFO:teuthology.orchestra.run.smithi121.stdout:/usr/bin/ceph: stderr
2024-06-10T00:16:44.338+0000 7f23f2538700 1 -- start start
2024-06-10T00:16:45.288 INFO:teuthology.orchestra.run.smithi121.stdout:/usr/bin/ceph: stderr
2024-06-10T00:16:44.338+0000 7f23f2538700 1 --2- >> [v2:172.21.15.121:3300/0,v1:172.21.15.121:6789/0] conn(0x7f23ec1083e0 0x7f23ec19e000 unknown :-1 s=NONE pgs=0 cs=0 l=1 rev1=0 crypto rx=0 tx=0 comp rx=0 tx=0).connect
2024-06-10T00:16:45.288 INFO:teuthology.orchestra.run.smithi121.stdout:/usr/bin/ceph: stderr
2024-06-10T00:16:44.338+0000 7f23f2538700 1 -- --> [v2:172.21.15.121:3300/0,v1:172.21.15.121:6789/0] -- mon_getmap magic: 0 -- 0x7f23ec106e50 con 0x7f23ec1083e0
2024-06-10T00:16:45.288 INFO:teuthology.orchestra.run.smithi121.stdout:/usr/bin/ceph: stderr
2024-06-10T00:16:44.338+0000 7f23ebfff700 1 --2- >> [v2:172.21.15.121:3300/0,v1:172.21.15.121:6789/0] conn(0x7f23ec1083e0 0x7f23ec19e000 unknown :-1 s=BANNER_CONNECTING pgs=0 cs=0 l=1 rev1=0 crypto rx=0 tx=0 comp rx=0 tx=0)._handle_peer_banner_payload supported=3 required=0
2024-06-10T00:16:45.288 INFO:teuthology.orchestra.run.smithi121.stdout:/usr/bin/ceph: stderr
2024-06-10T00:16:44.338+0000 7f23ebfff700 1 --2- >> [v2:172.21.15.121:3300/0,v1:172.21.15.121:6789/0] conn(0x7f23ec1083e0 0x7f23ec19e000 unknown :-1 s=HELLO_CONNECTING pgs=0 cs=0 l=1 rev1=1 crypto rx=0 tx=0 comp rx=0 tx=0).handle_hello peer v2:172.21.15.121:3300/0 says I am v2:172.21.15.121:60670/0 (socket says 172.21.15.121:60670)
2024-06-10T00:16:45.288 INFO:teuthology.orchestra.run.smithi121.stdout:/usr/bin/ceph: stderr
2024-06-10T00:16:44.338+0000 7f23ebfff700 1 -- 172.21.15.121:0/952446297 learned_addr learned my addr 172.21.15.121:0/952446297 (peer_addr_for_me v2:172.21.15.121:0/0)
2024-06-10T00:16:45.288 INFO:teuthology.orchestra.run.smithi121.stdout:/usr/bin/ceph: stderr
2024-06-10T00:16:44.339+0000 7f23ebfff700 1 -- 172.21.15.121:0/952446297 --> [v2:172.21.15.121:3300/0,v1:172.21.15.121:6789/0] -- mon_subscribe({config=0+,monmap=0+}) -- 0x7f23ec19e540 con 0x7f23ec1083e0
2024-06-10T00:16:45.288 INFO:teuthology.orchestra.run.smithi121.stdout:/usr/bin/ceph: stderr
2024-06-10T00:16:44.339+0000 7f23ebfff700 1 --2- 172.21.15.121:0/952446297 >> [v2:172.21.15.121:3300/0,v1:172.21.15.121:6789/0] conn(0x7f23ec1083e0 0x7f23ec19e000 secure :-1 s=READY pgs=69 cs=0 l=1 rev1=1 crypto rx=0x7f23dc0117e0 tx=0x7f23dc011c10 comp rx=0 tx=0).ready entity=mon.0 client_cookie=0 server_cookie=0 in_seq=0 out_seq=0
2024-06-10T00:16:45.288 INFO:teuthology.orchestra.run.smithi121.stdout:/usr/bin/ceph: stderr
2024-06-10T00:16:44.339+0000 7f23e97fa700 1 -- 172.21.15.121:0/952446297 <== mon.0 v2:172.21.15.121:3300/0 1 ==== mon_map magic: 0 ==== 205+0+0 (secure 0 0 0) 0x7f23dc003bf0 con 0x7f23ec1083e0
2024-06-10T00:16:45.288 INFO:teuthology.orchestra.run.smithi121.stdout:/usr/bin/ceph: stderr
2024-06-10T00:16:44.339+0000 7f23f2538700 1 -- 172.21.15.121:0/952446297 --> [v2:172.21.15.121:3300/0,v1:172.21.15.121:6789/0] -- mon_subscribe({mgrmap=0+}) -- 0x7f23ec19e830 con 0x7f23ec1083e0
2024-06-10T00:16:45.288 INFO:teuthology.orchestra.run.smithi121.stdout:/usr/bin/ceph: stderr
2024-06-10T00:16:44.339+0000 7f23e97fa700 1 -- 172.21.15.121:0/952446297 <== mon.0 v2:172.21.15.121:3300/0 2 ==== config(27 keys) ==== 1140+0+0 (secure 0 0 0) 0x7f23dc01a910 con 0x7f23ec1083e0
2024-06-10T00:16:45.288 INFO:teuthology.orchestra.run.smithi121.stdout:/usr/bin/ceph: stderr
2024-06-10T00:16:44.339+0000 7f23e97fa700 1 -- 172.21.15.121:0/952446297 <== mon.0 v2:172.21.15.121:3300/0 3 ==== mon_map magic: 0 ==== 205+0+0 (secure 0 0 0) 0x7f23dc024970 con 0x7f23ec1083e0
2024-06-10T00:16:45.288 INFO:teuthology.orchestra.run.smithi121.stdout:/usr/bin/ceph: stderr
2024-06-10T00:16:44.339+0000 7f23f2538700 1 -- 172.21.15.121:0/952446297 --> [v2:172.21.15.121:3300/0,v1:172.21.15.121:6789/0] -- mon_subscribe({osdmap=0}) -- 0x7f23ec1a14c0 con 0x7f23ec1083e0
2024-06-10T00:16:45.288 INFO:teuthology.orchestra.run.smithi121.stdout:/usr/bin/ceph: stderr
2024-06-10T00:16:44.340+0000 7f23e97fa700 1 -- 172.21.15.121:0/952446297 <== mon.0 v2:172.21.15.121:3300/0 4 ==== mgrmap(e 11) ==== 46194+0+0 (secure 0 0 0) 0x7f23dc022020 con 0x7f23ec1083e0
2024-06-10T00:16:45.288 INFO:teuthology.orchestra.run.smithi121.stdout:/usr/bin/ceph: stderr
2024-06-10T00:16:44.340+0000 7f23f2538700 1 -- 172.21.15.121:0/952446297 --> [v2:172.21.15.121:3300/0,v1:172.21.15.121:6789/0] -- mon_command({"prefix": "get_command_descriptions"} v 0) -- 0x7f23ec063af0 con 0x7f23ec1083e0
2024-06-10T00:16:45.288 INFO:teuthology.orchestra.run.smithi121.stdout:/usr/bin/ceph: stderr
2024-06-10T00:16:44.340+0000 7f23e97fa700 1 --2- 172.21.15.121:0/952446297 >> [v2:172.21.15.121:6800/3506007074,v1:172.21.15.121:6801/3506007074] conn(0x7f23d4038f40 0x7f23d403b400 unknown :-1 s=NONE pgs=0 cs=0 l=1 rev1=0 crypto rx=0 tx=0 comp rx=0 tx=0).connect
2024-06-10T00:16:45.289 INFO:teuthology.orchestra.run.smithi121.stdout:/usr/bin/ceph: stderr
2024-06-10T00:16:44.340+0000 7f23e97fa700 1 -- 172.21.15.121:0/952446297 <== mon.0 v2:172.21.15.121:3300/0 5 ==== osd_map(3..3 src has 1..3) ==== 1155+0+0 (secure 0 0 0) 0x7f23dc04d2c0 con 0x7f23ec1083e0
2024-06-10T00:16:45.289 INFO:teuthology.orchestra.run.smithi121.stdout:/usr/bin/ceph: stderr
2024-06-10T00:16:44.340+0000 7f23eb7fe700 1 --2- 172.21.15.121:0/952446297 >> [v2:172.21.15.121:6800/3506007074,v1:172.21.15.121:6801/3506007074] conn(0x7f23d4038f40 0x7f23d403b400 unknown :-1 s=BANNER_CONNECTING pgs=0 cs=0 l=1 rev1=0 crypto rx=0 tx=0 comp rx=0 tx=0)._handle_peer_banner_payload supported=3 required=0
2024-06-10T00:16:45.289 INFO:teuthology.orchestra.run.smithi121.stdout:/usr/bin/ceph: stderr
2024-06-10T00:16:44.341+0000 7f23eb7fe700 1 --2- 172.21.15.121:0/952446297 >> [v2:172.21.15.121:6800/3506007074,v1:172.21.15.121:6801/3506007074] conn(0x7f23d4038f40 0x7f23d403b400 secure :-1 s=READY pgs=7 cs=0 l=1 rev1=1 crypto rx=0x7f23e0006fd0 tx=0x7f23e0006e40 comp rx=0 tx=0).ready entity=mgr.14150 client_cookie=0 server_cookie=0 in_seq=0 out_seq=0
2024-06-10T00:16:45.289 INFO:teuthology.orchestra.run.smithi121.stdout:/usr/bin/ceph: stderr
2024-06-10T00:16:44.345+0000 7f23e97fa700 1 -- 172.21.15.121:0/952446297 <== mon.0 v2:172.21.15.121:3300/0 6 ==== mon_command_ack([{"prefix": "get_command_descriptions"}]=0 v0) ==== 72+0+186418 (secure 0 0 0) 0x7f23dc011e20 con 0x7f23ec1083e0
2024-06-10T00:16:45.289 INFO:teuthology.orchestra.run.smithi121.stdout:/usr/bin/ceph: stderr
2024-06-10T00:16:44.553+0000 7f23f2538700 1 -- 172.21.15.121:0/952446297 --> [v2:172.21.15.121:6800/3506007074,v1:172.21.15.121:6801/3506007074] -- mgr_command(tid 0: {"prefix": "dashboard create-self-signed-cert", "target": ["mon-mgr", ""]}) -- 0x7f23ec0628d0 con 0x7f23d4038f40
2024-06-10T00:16:45.289 INFO:teuthology.orchestra.run.smithi121.stdout:/usr/bin/ceph: stderr
2024-06-10T00:16:44.619+0000 7f23e97fa700 1 -- 172.21.15.121:0/952446297 <== mon.0 v2:172.21.15.121:3300/0 7 ==== mgrmap(e 12) ==== 46300+0+0 (secure 0 0 0) 0x7f23dc024cd0 con 0x7f23ec1083e0
2024-06-10T00:16:45.289 INFO:teuthology.orchestra.run.smithi121.stdout:/usr/bin/ceph: stderr
2024-06-10T00:16:44.655+0000 7f23e97fa700 1 -- 172.21.15.121:0/952446297 <== mgr.14150 v2:172.21.15.121:6800/3506007074 1 ==== mgr_command_reply(tid 0: 0 ) ==== 8+0+32 (secure 0 0 0) 0x7f23ec0628d0 con 0x7f23d4038f40
2024-06-10T00:16:45.289 INFO:teuthology.orchestra.run.smithi121.stdout:/usr/bin/ceph: stderr
2024-06-10T00:16:44.657+0000 7f23f2538700 1 -- 172.21.15.121:0/952446297 >> [v2:172.21.15.121:6800/3506007074,v1:172.21.15.121:6801/3506007074] conn(0x7f23d4038f40 msgr2=0x7f23d403b400 secure :-1 s=STATE_CONNECTION_ESTABLISHED l=1).mark_down
2024-06-10T00:16:45.289 INFO:teuthology.orchestra.run.smithi121.stdout:/usr/bin/ceph: stderr
2024-06-10T00:16:44.657+0000 7f23f2538700 1 --2- 172.21.15.121:0/952446297 >> [v2:172.21.15.121:6800/3506007074,v1:172.21.15.121:6801/3506007074] conn(0x7f23d4038f40 0x7f23d403b400 secure :-1 s=READY pgs=7 cs=0 l=1 rev1=1 crypto rx=0x7f23e0006fd0 tx=0x7f23e0006e40 comp rx=0 tx=0).stop
2024-06-10T00:16:45.289 INFO:teuthology.orchestra.run.smithi121.stdout:/usr/bin/ceph: stderr
2024-06-10T00:16:44.657+0000 7f23f2538700 1 -- 172.21.15.121:0/952446297 >> [v2:172.21.15.121:3300/0,v1:172.21.15.121:6789/0] conn(0x7f23ec1083e0 msgr2=0x7f23ec19e000 secure :-1 s=STATE_CONNECTION_ESTABLISHED l=1).mark_down
2024-06-10T00:16:45.289 INFO:teuthology.orchestra.run.smithi121.stdout:/usr/bin/ceph: stderr
2024-06-10T00:16:44.657+0000 7f23f2538700 1 --2- 172.21.15.121:0/952446297 >> [v2:172.21.15.121:3300/0,v1:172.21.15.121:6789/0] conn(0x7f23ec1083e0 0x7f23ec19e000 secure :-1 s=READY pgs=69 cs=0 l=1 rev1=1 crypto rx=0x7f23dc0117e0 tx=0x7f23dc011c10 comp rx=0 tx=0).stop
2024-06-10T00:16:45.289 INFO:teuthology.orchestra.run.smithi121.stdout:/usr/bin/ceph: stderr
2024-06-10T00:16:44.657+0000 7f23f2538700 1 -- 172.21.15.121:0/952446297 shutdown_connections
2024-06-10T00:16:45.289 INFO:teuthology.orchestra.run.smithi121.stdout:/usr/bin/ceph: stderr
2024-06-10T00:16:44.657+0000 7f23f2538700 1 --2- 172.21.15.121:0/952446297 >> [v2:172.21.15.121:6800/3506007074,v1:172.21.15.121:6801/3506007074] conn(0x7f23d4038f40 0x7f23d403b400 unknown :-1 s=CLOSED pgs=7 cs=0 l=1 rev1=1 crypto rx=0 tx=0 comp rx=0 tx=0).stop
2024-06-10T00:16:45.289 INFO:teuthology.orchestra.run.smithi121.stdout:/usr/bin/ceph: stderr
2024-06-10T00:16:44.657+0000 7f23f2538700 1 --2- 172.21.15.121:0/952446297 >> [v2:172.21.15.121:3300/0,v1:172.21.15.121:6789/0] conn(0x7f23ec1083e0 0x7f23ec19e000 unknown :-1 s=CLOSED pgs=69 cs=0 l=1 rev1=1 crypto rx=0 tx=0 comp rx=0 tx=0).stop
2024-06-10T00:16:45.290 INFO:teuthology.orchestra.run.smithi121.stdout:/usr/bin/ceph: stderr
2024-06-10T00:16:44.657+0000 7f23f2538700 1 -- 172.21.15.121:0/952446297 >> 172.21.15.121:0/952446297 conn(0x7f23ec101b90 msgr2=0x7f23ec194620 unknown :-1 s=STATE_NONE l=0).mark_down
2024-06-10T00:16:45.290 INFO:teuthology.orchestra.run.smithi121.stdout:/usr/bin/ceph: stderr
2024-06-10T00:16:44.657+0000 7f23f2538700 1 -- 172.21.15.121:0/952446297 shutdown_connections
2024-06-10T00:16:45.290 INFO:teuthology.orchestra.run.smithi121.stdout:/usr/bin/ceph: stderr
2024-06-10T00:16:44.657+0000 7f23f2538700 1 -- 172.21.15.121:0/952446297 wait complete.
2024-06-10T00:16:45.290 INFO:teuthology.orchestra.run.smithi121.stdout:Creating initial admin user...
2024-06-10T00:16:45.830 INFO:journalctl@ceph.mon.a.smithi121.stdout:Jun 10 00:16:45 smithi121 ceph-mon[32378]: from='client.14162 -' entity='client.admin' cmd=[{"prefix": "dashboard create-self-signed-cert", "target": ["mon-mgr", ""]}]: dispatch
2024-06-10T00:16:45.830 INFO:journalctl@ceph.mon.a.smithi121.stdout:Jun 10 00:16:45 smithi121 ceph-mon[32378]: mgrmap e12: x(active, since 2s)
2024-06-10T00:16:45.830 INFO:journalctl@ceph.mon.a.smithi121.stdout:Jun 10 00:16:45 smithi121 ceph-mon[32378]: from='mgr.14150 172.21.15.121:0/378961438' entity='mgr.x'
2024-06-10T00:16:45.830 INFO:journalctl@ceph.mon.a.smithi121.stdout:Jun 10 00:16:45 smithi121 ceph-mon[32378]: from='mgr.14150 172.21.15.121:0/378961438' entity='mgr.x'
2024-06-10T00:16:45.830 INFO:journalctl@ceph.mon.a.smithi121.stdout:Jun 10 00:16:45 smithi121 ceph-mon[32378]: from='mgr.14150 172.21.15.121:0/378961438' entity='mgr.x'
2024-06-10T00:16:46.804 INFO:teuthology.orchestra.run.smithi121.stdout:/usr/bin/ceph: stdout {"username": "admin", "password": "$2b$12$PPRUl6ltN8DICjO.UvXxWuv59xtWx32ElRf39ApS4lJTs4kvzFxdm", "roles": ["administrator"], "name": null, "email": null, "lastUpdate": 1717978606, "enabled": true, "pwdExpirationDate": null, "pwdUpdateRequired": true}
2024-06-10T00:16:46.804 INFO:teuthology.orchestra.run.smithi121.stdout:/usr/bin/ceph: stderr
2024-06-10T00:16:45.660+0000 7f3552402700 1 Processor -- start
2024-06-10T00:16:46.805 INFO:teuthology.orchestra.run.smithi121.stdout:/usr/bin/ceph: stderr
2024-06-10T00:16:45.660+0000 7f3552402700 1 -- start start
2024-06-10T00:16:46.805 INFO:teuthology.orchestra.run.smithi121.stdout:/usr/bin/ceph: stderr
2024-06-10T00:16:45.660+0000 7f3552402700 1 --2- >> [v2:172.21.15.121:3300/0,v1:172.21.15.121:6789/0] conn(0x7f354c108a70 0x7f354c10ae60 unknown :-1 s=NONE pgs=0 cs=0 l=0 rev1=0 crypto rx=0 tx=0 comp rx=0 tx=0).connect
2024-06-10T00:16:46.805 INFO:teuthology.orchestra.run.smithi121.stdout:/usr/bin/ceph: stderr
2024-06-10T00:16:45.660+0000 7f3552402700 1 -- --> [v2:172.21.15.121:3300/0,v1:172.21.15.121:6789/0] -- mon_getmap magic: 0 -- 0x7f354c07c640 con 0x7f354c108a70
2024-06-10T00:16:46.805 INFO:teuthology.orchestra.run.smithi121.stdout:/usr/bin/ceph: stderr
2024-06-10T00:16:45.661+0000 7f354bfff700 1 --2- >> [v2:172.21.15.121:3300/0,v1:172.21.15.121:6789/0] conn(0x7f354c108a70 0x7f354c10ae60 unknown :-1 s=BANNER_CONNECTING pgs=0 cs=0 l=0 rev1=0 crypto rx=0 tx=0 comp rx=0 tx=0)._handle_peer_banner_payload supported=3 required=0
2024-06-10T00:16:46.805 INFO:teuthology.orchestra.run.smithi121.stdout:/usr/bin/ceph: stderr
2024-06-10T00:16:45.661+0000 7f354bfff700 1 --2- >> [v2:172.21.15.121:3300/0,v1:172.21.15.121:6789/0] conn(0x7f354c108a70 0x7f354c10ae60 unknown :-1 s=HELLO_CONNECTING pgs=0 cs=0 l=0 rev1=1 crypto rx=0 tx=0 comp rx=0 tx=0).handle_hello peer v2:172.21.15.121:3300/0 says I am v2:172.21.15.121:60686/0 (socket says 172.21.15.121:60686)
2024-06-10T00:16:46.805 INFO:teuthology.orchestra.run.smithi121.stdout:/usr/bin/ceph: stderr
2024-06-10T00:16:45.661+0000 7f354bfff700 1 -- 172.21.15.121:0/968033199 learned_addr learned my addr 172.21.15.121:0/968033199 (peer_addr_for_me v2:172.21.15.121:0/0)
2024-06-10T00:16:46.805 INFO:teuthology.orchestra.run.smithi121.stdout:/usr/bin/ceph: stderr
2024-06-10T00:16:45.661+0000 7f354bfff700 1 -- 172.21.15.121:0/968033199 --> [v2:172.21.15.121:3300/0,v1:172.21.15.121:6789/0] -- mon_subscribe({config=0+,monmap=0+}) -- 0x7f354c10b3a0 con 0x7f354c108a70
2024-06-10T00:16:46.805 INFO:teuthology.orchestra.run.smithi121.stdout:/usr/bin/ceph: stderr
2024-06-10T00:16:45.661+0000 7f354bfff700 1 --2- 172.21.15.121:0/968033199 >> [v2:172.21.15.121:3300/0,v1:172.21.15.121:6789/0] conn(0x7f354c108a70 0x7f354c10ae60 secure :-1 s=READY pgs=70 cs=0 l=1 rev1=1 crypto rx=0x7f353c0098a0 tx=0x7f353c009bb0 comp rx=0 tx=0).ready entity=mon.0 client_cookie=661d4ad581c49334 server_cookie=0 in_seq=0 out_seq=0
2024-06-10T00:16:46.805 INFO:teuthology.orchestra.run.smithi121.stdout:/usr/bin/ceph: stderr
2024-06-10T00:16:45.661+0000 7f354b7fe700 1 -- 172.21.15.121:0/968033199 <== mon.0 v2:172.21.15.121:3300/0 1 ==== mon_map magic: 0 ==== 205+0+0 (secure 0 0 0) 0x7f353c004160 con 0x7f354c108a70
2024-06-10T00:16:46.805 INFO:teuthology.orchestra.run.smithi121.stdout:/usr/bin/ceph: stderr
2024-06-10T00:16:45.661+0000 7f354b7fe700 1 -- 172.21.15.121:0/968033199 <== mon.0 v2:172.21.15.121:3300/0 2 ==== config(27 keys) ==== 1140+0+0 (secure 0 0 0) 0x7f353c004300 con 0x7f354c108a70
2024-06-10T00:16:46.805 INFO:teuthology.orchestra.run.smithi121.stdout:/usr/bin/ceph: stderr
2024-06-10T00:16:45.661+0000 7f354b7fe700 1 -- 172.21.15.121:0/968033199 <== mon.0 v2:172.21.15.121:3300/0 3 ==== mon_map magic: 0 ==== 205+0+0 (secure 0 0 0) 0x7f353c011b20 con 0x7f354c108a70
2024-06-10T00:16:46.805 INFO:teuthology.orchestra.run.smithi121.stdout:/usr/bin/ceph: stderr
2024-06-10T00:16:45.662+0000 7f3552402700 1 -- 172.21.15.121:0/968033199 >> [v2:172.21.15.121:3300/0,v1:172.21.15.121:6789/0] conn(0x7f354c108a70 msgr2=0x7f354c10ae60 secure :-1 s=STATE_CONNECTION_ESTABLISHED l=1).mark_down
2024-06-10T00:16:46.806 INFO:teuthology.orchestra.run.smithi121.stdout:/usr/bin/ceph: stderr
2024-06-10T00:16:45.662+0000 7f3552402700 1 --2- 172.21.15.121:0/968033199 >> [v2:172.21.15.121:3300/0,v1:172.21.15.121:6789/0] conn(0x7f354c108a70 0x7f354c10ae60 secure :-1 s=READY pgs=70 cs=0 l=1 rev1=1 crypto rx=0x7f353c0098a0 tx=0x7f353c009bb0 comp rx=0 tx=0).stop
2024-06-10T00:16:46.806 INFO:teuthology.orchestra.run.smithi121.stdout:/usr/bin/ceph: stderr
2024-06-10T00:16:45.662+0000 7f3552402700 1 -- 172.21.15.121:0/968033199 shutdown_connections
2024-06-10T00:16:46.806 INFO:teuthology.orchestra.run.smithi121.stdout:/usr/bin/ceph: stderr
2024-06-10T00:16:45.662+0000 7f3552402700 1 --2- 172.21.15.121:0/968033199 >> [v2:172.21.15.121:3300/0,v1:172.21.15.121:6789/0] conn(0x7f354c108a70 0x7f354c10ae60 unknown :-1 s=CLOSED pgs=70 cs=0 l=1 rev1=1 crypto rx=0 tx=0 comp rx=0 tx=0).stop
2024-06-10T00:16:46.806 INFO:teuthology.orchestra.run.smithi121.stdout:/usr/bin/ceph: stderr
2024-06-10T00:16:45.662+0000 7f3552402700 1 -- 172.21.15.121:0/968033199 >> 172.21.15.121:0/968033199 conn(0x7f354c1024c0 msgr2=0x7f354c1048e0 unknown :-1 s=STATE_NONE l=0).mark_down
2024-06-10T00:16:46.806 INFO:teuthology.orchestra.run.smithi121.stdout:/usr/bin/ceph: stderr
2024-06-10T00:16:45.662+0000 7f3552402700 1 -- 172.21.15.121:0/968033199 shutdown_connections
2024-06-10T00:16:46.806 INFO:teuthology.orchestra.run.smithi121.stdout:/usr/bin/ceph: stderr
2024-06-10T00:16:45.662+0000 7f3552402700 1 -- 172.21.15.121:0/968033199 wait complete.
2024-06-10T00:16:46.806 INFO:teuthology.orchestra.run.smithi121.stdout:/usr/bin/ceph: stderr
2024-06-10T00:16:45.663+0000 7f3552402700 1 Processor -- start
2024-06-10T00:16:46.806 INFO:teuthology.orchestra.run.smithi121.stdout:/usr/bin/ceph: stderr
2024-06-10T00:16:45.663+0000 7f3552402700 1 -- start start
2024-06-10T00:16:46.806 INFO:teuthology.orchestra.run.smithi121.stdout:/usr/bin/ceph: stderr
2024-06-10T00:16:45.663+0000 7f3552402700 1 --2- >> [v2:172.21.15.121:3300/0,v1:172.21.15.121:6789/0] conn(0x7f354c108a70 0x7f354c19be90 unknown :-1 s=NONE pgs=0 cs=0 l=1 rev1=0 crypto rx=0 tx=0 comp rx=0 tx=0).connect
2024-06-10T00:16:46.806 INFO:teuthology.orchestra.run.smithi121.stdout:/usr/bin/ceph: stderr
2024-06-10T00:16:45.663+0000 7f3552402700 1 -- --> [v2:172.21.15.121:3300/0,v1:172.21.15.121:6789/0] -- mon_getmap magic: 0 -- 0x7f354c10c340 con 0x7f354c108a70
2024-06-10T00:16:46.806 INFO:teuthology.orchestra.run.smithi121.stdout:/usr/bin/ceph: stderr
2024-06-10T00:16:45.663+0000 7f354bfff700 1 --2- >> [v2:172.21.15.121:3300/0,v1:172.21.15.121:6789/0] conn(0x7f354c108a70 0x7f354c19be90 unknown :-1 s=BANNER_CONNECTING pgs=0 cs=0 l=1 rev1=0 crypto rx=0 tx=0 comp rx=0 tx=0)._handle_peer_banner_payload supported=3 required=0
2024-06-10T00:16:46.806 INFO:teuthology.orchestra.run.smithi121.stdout:/usr/bin/ceph: stderr
2024-06-10T00:16:45.663+0000 7f354bfff700 1 --2- >> [v2:172.21.15.121:3300/0,v1:172.21.15.121:6789/0] conn(0x7f354c108a70 0x7f354c19be90 unknown :-1 s=HELLO_CONNECTING pgs=0 cs=0 l=1 rev1=1 crypto rx=0 tx=0 comp rx=0 tx=0).handle_hello peer v2:172.21.15.121:3300/0 says I am v2:172.21.15.121:60692/0 (socket says 172.21.15.121:60692)
2024-06-10T00:16:46.807 INFO:teuthology.orchestra.run.smithi121.stdout:/usr/bin/ceph: stderr
2024-06-10T00:16:45.663+0000 7f354bfff700 1 -- 172.21.15.121:0/4062617915 learned_addr learned my addr 172.21.15.121:0/4062617915 (peer_addr_for_me v2:172.21.15.121:0/0)
2024-06-10T00:16:46.807 INFO:teuthology.orchestra.run.smithi121.stdout:/usr/bin/ceph: stderr
2024-06-10T00:16:45.663+0000 7f354bfff700 1 -- 172.21.15.121:0/4062617915 --> [v2:172.21.15.121:3300/0,v1:172.21.15.121:6789/0] -- mon_subscribe({config=0+,monmap=0+}) -- 0x7f354c19c3d0 con 0x7f354c108a70
2024-06-10T00:16:46.807 INFO:teuthology.orchestra.run.smithi121.stdout:/usr/bin/ceph: stderr
2024-06-10T00:16:45.663+0000 7f354bfff700 1 --2- 172.21.15.121:0/4062617915 >> [v2:172.21.15.121:3300/0,v1:172.21.15.121:6789/0] conn(0x7f354c108a70 0x7f354c19be90 secure :-1 s=READY pgs=71 cs=0 l=1 rev1=1 crypto rx=0x7f353c0117e0 tx=0x7f353c011ba0 comp rx=0 tx=0).ready entity=mon.0 client_cookie=0 server_cookie=0 in_seq=0 out_seq=0
2024-06-10T00:16:46.807 INFO:teuthology.orchestra.run.smithi121.stdout:/usr/bin/ceph: stderr
2024-06-10T00:16:45.664+0000 7f3549ffb700 1 -- 172.21.15.121:0/4062617915 <== mon.0 v2:172.21.15.121:3300/0 1 ==== mon_map magic: 0 ==== 205+0+0 (secure 0 0 0) 0x7f353c003ba0 con 0x7f354c108a70
2024-06-10T00:16:46.807 INFO:teuthology.orchestra.run.smithi121.stdout:/usr/bin/ceph: stderr
2024-06-10T00:16:45.664+0000 7f3552402700 1 -- 172.21.15.121:0/4062617915 --> [v2:172.21.15.121:3300/0,v1:172.21.15.121:6789/0] -- mon_subscribe({mgrmap=0+}) -- 0x7f354c19c660 con 0x7f354c108a70
2024-06-10T00:16:46.807 INFO:teuthology.orchestra.run.smithi121.stdout:/usr/bin/ceph: stderr
2024-06-10T00:16:45.664+0000 7f3549ffb700 1 -- 172.21.15.121:0/4062617915 <== mon.0 v2:172.21.15.121:3300/0 2 ==== config(27 keys) ==== 1140+0+0 (secure 0 0 0) 0x7f353c01a910 con 0x7f354c108a70
2024-06-10T00:16:46.807 INFO:teuthology.orchestra.run.smithi121.stdout:/usr/bin/ceph: stderr
2024-06-10T00:16:45.664+0000 7f3549ffb700 1 -- 172.21.15.121:0/4062617915 <== mon.0 v2:172.21.15.121:3300/0 3 ==== mon_map magic: 0 ==== 205+0+0 (secure 0 0 0) 0x7f353c0248f0 con 0x7f354c108a70
2024-06-10T00:16:46.807 INFO:teuthology.orchestra.run.smithi121.stdout:/usr/bin/ceph: stderr
2024-06-10T00:16:45.664+0000 7f3552402700 1 -- 172.21.15.121:0/4062617915 --> [v2:172.21.15.121:3300/0,v1:172.21.15.121:6789/0] -- mon_subscribe({osdmap=0}) -- 0x7f354c19cac0 con 0x7f354c108a70
2024-06-10T00:16:46.807 INFO:teuthology.orchestra.run.smithi121.stdout:/usr/bin/ceph: stderr
2024-06-10T00:16:45.664+0000 7f3549ffb700 1 -- 172.21.15.121:0/4062617915 <== mon.0 v2:172.21.15.121:3300/0 4 ==== mgrmap(e 12) ==== 46300+0+0 (secure 0 0 0) 0x7f353c022020 con 0x7f354c108a70
2024-06-10T00:16:46.807 INFO:teuthology.orchestra.run.smithi121.stdout:/usr/bin/ceph: stderr
2024-06-10T00:16:45.665+0000 7f3549ffb700 1 --2- 172.21.15.121:0/4062617915 >> [v2:172.21.15.121:6800/3506007074,v1:172.21.15.121:6801/3506007074] conn(0x7f35380390a0 0x7f353803b560 unknown :-1 s=NONE pgs=0 cs=0 l=1 rev1=0 crypto rx=0 tx=0 comp rx=0 tx=0).connect
2024-06-10T00:16:46.807 INFO:teuthology.orchestra.run.smithi121.stdout:/usr/bin/ceph: stderr
2024-06-10T00:16:45.665+0000 7f3552402700 1 -- 172.21.15.121:0/4062617915 --> [v2:172.21.15.121:3300/0,v1:172.21.15.121:6789/0] -- mon_command({"prefix": "get_command_descriptions"} v 0) -- 0x7f354c063af0 con 0x7f354c108a70
2024-06-10T00:16:46.807 INFO:teuthology.orchestra.run.smithi121.stdout:/usr/bin/ceph: stderr
2024-06-10T00:16:45.665+0000 7f3549ffb700 1 -- 172.21.15.121:0/4062617915 <== mon.0 v2:172.21.15.121:3300/0 5 ==== osd_map(3..3 src has 1..3) ==== 1155+0+0 (secure 0 0 0) 0x7f353c04da10 con 0x7f354c108a70
2024-06-10T00:16:46.807 INFO:teuthology.orchestra.run.smithi121.stdout:/usr/bin/ceph: stderr
2024-06-10T00:16:45.665+0000 7f3543fff700 1 --2- 172.21.15.121:0/4062617915 >> [v2:172.21.15.121:6800/3506007074,v1:172.21.15.121:6801/3506007074] conn(0x7f35380390a0 0x7f353803b560 unknown :-1 s=BANNER_CONNECTING pgs=0 cs=0 l=1 rev1=0 crypto rx=0 tx=0 comp rx=0 tx=0)._handle_peer_banner_payload supported=3 required=0
2024-06-10T00:16:46.808 INFO:teuthology.orchestra.run.smithi121.stdout:/usr/bin/ceph: stderr
2024-06-10T00:16:45.665+0000 7f3543fff700 1 --2- 172.21.15.121:0/4062617915 >> [v2:172.21.15.121:6800/3506007074,v1:172.21.15.121:6801/3506007074] conn(0x7f35380390a0 0x7f353803b560 secure :-1 s=READY pgs=8 cs=0 l=1 rev1=1 crypto rx=0x7f3534006fd0 tx=0x7f3534006e40 comp rx=0 tx=0).ready entity=mgr.14150 client_cookie=0 server_cookie=0 in_seq=0 out_seq=0
2024-06-10T00:16:46.808 INFO:teuthology.orchestra.run.smithi121.stdout:/usr/bin/ceph: stderr
2024-06-10T00:16:45.670+0000 7f3549ffb700 1 -- 172.21.15.121:0/4062617915 <== mon.0 v2:172.21.15.121:3300/0 6 ==== mon_command_ack([{"prefix": "get_command_descriptions"}]=0 v0) ==== 72+0+186418 (secure 0 0 0) 0x7f353c01aac0 con 0x7f354c108a70
2024-06-10T00:16:46.808 INFO:teuthology.orchestra.run.smithi121.stdout:/usr/bin/ceph: stderr
2024-06-10T00:16:45.890+0000 7f3552402700 1 -- 172.21.15.121:0/4062617915 --> [v2:172.21.15.121:6800/3506007074,v1:172.21.15.121:6801/3506007074] -- mgr_command(tid 0: {"prefix": "dashboard ac-user-create", "username": "admin", "rolename": "administrator", "force_password": true, "pwd_update_required": true, "target": ["mon-mgr", ""]}) -- 0x7f354c1036a0 con 0x7f35380390a0
2024-06-10T00:16:46.808 INFO:teuthology.orchestra.run.smithi121.stdout:/usr/bin/ceph: stderr
2024-06-10T00:16:46.116+0000 7f3549ffb700 1 -- 172.21.15.121:0/4062617915 <== mgr.14150 v2:172.21.15.121:6800/3506007074 1 ==== mgr_command_reply(tid 0: 0 ) ==== 8+0+252 (secure 0 0 0) 0x7f354c1036a0 con 0x7f35380390a0
2024-06-10T00:16:46.808 INFO:teuthology.orchestra.run.smithi121.stdout:/usr/bin/ceph: stderr
2024-06-10T00:16:46.118+0000 7f3552402700 1 -- 172.21.15.121:0/4062617915 >> [v2:172.21.15.121:6800/3506007074,v1:172.21.15.121:6801/3506007074] conn(0x7f35380390a0 msgr2=0x7f353803b560 secure :-1 s=STATE_CONNECTION_ESTABLISHED l=1).mark_down
2024-06-10T00:16:46.808 INFO:teuthology.orchestra.run.smithi121.stdout:/usr/bin/ceph: stderr
2024-06-10T00:16:46.118+0000 7f3552402700 1 --2- 172.21.15.121:0/4062617915 >> [v2:172.21.15.121:6800/3506007074,v1:172.21.15.121:6801/3506007074] conn(0x7f35380390a0 0x7f353803b560 secure :-1 s=READY pgs=8 cs=0 l=1 rev1=1 crypto rx=0x7f3534006fd0 tx=0x7f3534006e40 comp rx=0 tx=0).stop
2024-06-10T00:16:46.808 INFO:teuthology.orchestra.run.smithi121.stdout:/usr/bin/ceph: stderr
2024-06-10T00:16:46.118+0000 7f3552402700 1 -- 172.21.15.121:0/4062617915 >> [v2:172.21.15.121:3300/0,v1:172.21.15.121:6789/0] conn(0x7f354c108a70 msgr2=0x7f354c19be90 secure :-1 s=STATE_CONNECTION_ESTABLISHED l=1).mark_down
2024-06-10T00:16:46.808 INFO:teuthology.orchestra.run.smithi121.stdout:/usr/bin/ceph: stderr
2024-06-10T00:16:46.118+0000 7f3552402700 1 --2- 172.21.15.121:0/4062617915 >> [v2:172.21.15.121:3300/0,v1:172.21.15.121:6789/0] conn(0x7f354c108a70 0x7f354c19be90 secure :-1 s=READY pgs=71 cs=0 l=1 rev1=1 crypto rx=0x7f353c0117e0 tx=0x7f353c011ba0 comp rx=0 tx=0).stop
2024-06-10T00:16:46.808 INFO:teuthology.orchestra.run.smithi121.stdout:/usr/bin/ceph: stderr
2024-06-10T00:16:46.118+0000 7f3552402700 1 -- 172.21.15.121:0/4062617915 shutdown_connections
2024-06-10T00:16:46.808 INFO:teuthology.orchestra.run.smithi121.stdout:/usr/bin/ceph: stderr
2024-06-10T00:16:46.118+0000 7f3552402700 1 --2- 172.21.15.121:0/4062617915 >> [v2:172.21.15.121:6800/3506007074,v1:172.21.15.121:6801/3506007074] conn(0x7f35380390a0 0x7f353803b560 unknown :-1 s=CLOSED pgs=8 cs=0 l=1 rev1=1 crypto rx=0 tx=0 comp rx=0 tx=0).stop
2024-06-10T00:16:46.808 INFO:teuthology.orchestra.run.smithi121.stdout:/usr/bin/ceph: stderr
2024-06-10T00:16:46.118+0000 7f3552402700 1 --2- 172.21.15.121:0/4062617915 >> [v2:172.21.15.121:3300/0,v1:172.21.15.121:6789/0] conn(0x7f354c108a70 0x7f354c19be90 unknown :-1 s=CLOSED pgs=71 cs=0 l=1 rev1=1 crypto rx=0 tx=0 comp rx=0 tx=0).stop
2024-06-10T00:16:46.808 INFO:teuthology.orchestra.run.smithi121.stdout:/usr/bin/ceph: stderr
2024-06-10T00:16:46.118+0000 7f3552402700 1 -- 172.21.15.121:0/4062617915 >> 172.21.15.121:0/4062617915 conn(0x7f354c1024c0 msgr2=0x7f354c102f90 unknown :-1 s=STATE_NONE l=0).mark_down
2024-06-10T00:16:46.808 INFO:teuthology.orchestra.run.smithi121.stdout:/usr/bin/ceph: stderr
2024-06-10T00:16:46.118+0000 7f3552402700 1 -- 172.21.15.121:0/4062617915 shutdown_connections
2024-06-10T00:16:46.809 INFO:teuthology.orchestra.run.smithi121.stdout:/usr/bin/ceph: stderr
2024-06-10T00:16:46.118+0000 7f3552402700 1 -- 172.21.15.121:0/4062617915 wait complete.
2024-06-10T00:16:46.809 INFO:teuthology.orchestra.run.smithi121.stdout:Fetching dashboard port number...
2024-06-10T00:16:47.449 INFO:journalctl@ceph.mon.a.smithi121.stdout:Jun 10 00:16:47 smithi121 ceph-mon[32378]: from='client.14164 -' entity='client.admin' cmd=[{"prefix": "dashboard ac-user-create", "username": "admin", "rolename": "administrator", "force_password": true, "pwd_update_required": true, "target": ["mon-mgr", ""]}]: dispatch
2024-06-10T00:16:47.449 INFO:journalctl@ceph.mon.a.smithi121.stdout:Jun 10 00:16:47 smithi121 ceph-mon[32378]: from='mgr.14150 172.21.15.121:0/378961438' entity='mgr.x'
2024-06-10T00:16:48.106 INFO:teuthology.orchestra.run.smithi121.stdout:/usr/bin/ceph: stdout 8443
2024-06-10T00:16:48.106 INFO:teuthology.orchestra.run.smithi121.stdout:/usr/bin/ceph: stderr
2024-06-10T00:16:47.344+0000 7f3e905d6700 1 Processor -- start
2024-06-10T00:16:48.106 INFO:teuthology.orchestra.run.smithi121.stdout:/usr/bin/ceph: stderr
2024-06-10T00:16:47.344+0000 7f3e905d6700 1 -- start start
2024-06-10T00:16:48.106 INFO:teuthology.orchestra.run.smithi121.stdout:/usr/bin/ceph: stderr
2024-06-10T00:16:47.345+0000 7f3e905d6700 1 --2- >> [v2:172.21.15.121:3300/0,v1:172.21.15.121:6789/0] conn(0x7f3e88108a30 0x7f3e8810ae20 unknown :-1 s=NONE pgs=0 cs=0 l=0 rev1=0 crypto rx=0 tx=0 comp rx=0 tx=0).connect
2024-06-10T00:16:48.106 INFO:teuthology.orchestra.run.smithi121.stdout:/usr/bin/ceph: stderr
2024-06-10T00:16:47.345+0000 7f3e905d6700 1 -- --> [v2:172.21.15.121:3300/0,v1:172.21.15.121:6789/0] -- mon_getmap magic: 0 -- 0x7f3e8807c660 con 0x7f3e88108a30
2024-06-10T00:16:48.106 INFO:teuthology.orchestra.run.smithi121.stdout:/usr/bin/ceph: stderr
2024-06-10T00:16:47.345+0000 7f3e8e372700 1 --2- >> [v2:172.21.15.121:3300/0,v1:172.21.15.121:6789/0] conn(0x7f3e88108a30 0x7f3e8810ae20 unknown :-1 s=BANNER_CONNECTING pgs=0 cs=0 l=0 rev1=0 crypto rx=0 tx=0 comp rx=0 tx=0)._handle_peer_banner_payload supported=3 required=0
2024-06-10T00:16:48.106 INFO:teuthology.orchestra.run.smithi121.stdout:/usr/bin/ceph: stderr
2024-06-10T00:16:47.345+0000 7f3e8e372700 1 --2- >> [v2:172.21.15.121:3300/0,v1:172.21.15.121:6789/0] conn(0x7f3e88108a30 0x7f3e8810ae20 unknown :-1 s=HELLO_CONNECTING pgs=0 cs=0 l=0 rev1=1 crypto rx=0 tx=0 comp rx=0 tx=0).handle_hello peer v2:172.21.15.121:3300/0 says I am v2:172.21.15.121:60702/0 (socket says 172.21.15.121:60702)
2024-06-10T00:16:48.107 INFO:teuthology.orchestra.run.smithi121.stdout:/usr/bin/ceph: stderr
2024-06-10T00:16:47.345+0000 7f3e8e372700 1 -- 172.21.15.121:0/1973678358 learned_addr learned my addr 172.21.15.121:0/1973678358 (peer_addr_for_me v2:172.21.15.121:0/0)
2024-06-10T00:16:48.107 INFO:teuthology.orchestra.run.smithi121.stdout:/usr/bin/ceph: stderr
2024-06-10T00:16:47.345+0000 7f3e8e372700 1 -- 172.21.15.121:0/1973678358 --> [v2:172.21.15.121:3300/0,v1:172.21.15.121:6789/0] -- mon_subscribe({config=0+,monmap=0+}) -- 0x7f3e8810b360 con 0x7f3e88108a30
2024-06-10T00:16:48.107 INFO:teuthology.orchestra.run.smithi121.stdout:/usr/bin/ceph: stderr
2024-06-10T00:16:47.345+0000 7f3e8e372700 1 --2- 172.21.15.121:0/1973678358 >> [v2:172.21.15.121:3300/0,v1:172.21.15.121:6789/0] conn(0x7f3e88108a30 0x7f3e8810ae20 secure :-1 s=READY pgs=72 cs=0 l=1 rev1=1 crypto rx=0x7f3e84009e80 tx=0x7f3e8400b330 comp rx=0 tx=0).ready entity=mon.0 client_cookie=5ab026cb5ac6bcf2 server_cookie=0 in_seq=0 out_seq=0
2024-06-10T00:16:48.107 INFO:teuthology.orchestra.run.smithi121.stdout:/usr/bin/ceph: stderr
2024-06-10T00:16:47.345+0000 7f3e8d370700 1 -- 172.21.15.121:0/1973678358 <== mon.0 v2:172.21.15.121:3300/0 1 ==== mon_map magic: 0 ==== 205+0+0 (secure 0 0 0) 0x7f3e84017070 con 0x7f3e88108a30
2024-06-10T00:16:48.107 INFO:teuthology.orchestra.run.smithi121.stdout:/usr/bin/ceph: stderr
2024-06-10T00:16:47.345+0000 7f3e8d370700 1 -- 172.21.15.121:0/1973678358 <== mon.0 v2:172.21.15.121:3300/0 2 ==== config(27 keys) ==== 1140+0+0 (secure 0 0 0) 0x7f3e8400b8c0 con 0x7f3e88108a30
2024-06-10T00:16:48.107 INFO:teuthology.orchestra.run.smithi121.stdout:/usr/bin/ceph: stderr
2024-06-10T00:16:47.345+0000 7f3e8d370700 1 -- 172.21.15.121:0/1973678358 <== mon.0 v2:172.21.15.121:3300/0 3 ==== mon_map magic: 0 ==== 205+0+0 (secure 0 0 0) 0x7f3e840045c0 con 0x7f3e88108a30
2024-06-10T00:16:48.107 INFO:teuthology.orchestra.run.smithi121.stdout:/usr/bin/ceph: stderr
2024-06-10T00:16:47.346+0000 7f3e905d6700 1 -- 172.21.15.121:0/1973678358 >> [v2:172.21.15.121:3300/0,v1:172.21.15.121:6789/0] conn(0x7f3e88108a30 msgr2=0x7f3e8810ae20 secure :-1 s=STATE_CONNECTION_ESTABLISHED l=1).mark_down
2024-06-10T00:16:48.107 INFO:teuthology.orchestra.run.smithi121.stdout:/usr/bin/ceph: stderr
2024-06-10T00:16:47.346+0000 7f3e905d6700 1 --2- 172.21.15.121:0/1973678358 >> [v2:172.21.15.121:3300/0,v1:172.21.15.121:6789/0] conn(0x7f3e88108a30 0x7f3e8810ae20 secure :-1 s=READY pgs=72 cs=0 l=1 rev1=1 crypto rx=0x7f3e84009e80 tx=0x7f3e8400b330 comp rx=0 tx=0).stop
2024-06-10T00:16:48.107 INFO:teuthology.orchestra.run.smithi121.stdout:/usr/bin/ceph: stderr
2024-06-10T00:16:47.346+0000 7f3e905d6700 1 -- 172.21.15.121:0/1973678358 shutdown_connections
2024-06-10T00:16:48.107 INFO:teuthology.orchestra.run.smithi121.stdout:/usr/bin/ceph: stderr
2024-06-10T00:16:47.346+0000 7f3e905d6700 1 --2- 172.21.15.121:0/1973678358 >> [v2:172.21.15.121:3300/0,v1:172.21.15.121:6789/0] conn(0x7f3e88108a30 0x7f3e8810ae20 unknown :-1 s=CLOSED pgs=72 cs=0 l=1 rev1=1 crypto rx=0 tx=0 comp rx=0 tx=0).stop
2024-06-10T00:16:48.107 INFO:teuthology.orchestra.run.smithi121.stdout:/usr/bin/ceph: stderr
2024-06-10T00:16:47.346+0000 7f3e905d6700 1 -- 172.21.15.121:0/1973678358 >> 172.21.15.121:0/1973678358 conn(0x7f3e88102460 msgr2=0x7f3e88104880 unknown :-1 s=STATE_NONE l=0).mark_down
2024-06-10T00:16:48.107 INFO:teuthology.orchestra.run.smithi121.stdout:/usr/bin/ceph: stderr
2024-06-10T00:16:47.346+0000 7f3e905d6700 1 -- 172.21.15.121:0/1973678358 shutdown_connections
2024-06-10T00:16:48.108 INFO:teuthology.orchestra.run.smithi121.stdout:/usr/bin/ceph: stderr
2024-06-10T00:16:47.346+0000 7f3e905d6700 1 -- 172.21.15.121:0/1973678358 wait complete.
2024-06-10T00:16:48.108 INFO:teuthology.orchestra.run.smithi121.stdout:/usr/bin/ceph: stderr
2024-06-10T00:16:47.346+0000 7f3e905d6700 1 Processor -- start
2024-06-10T00:16:48.108 INFO:teuthology.orchestra.run.smithi121.stdout:/usr/bin/ceph: stderr
2024-06-10T00:16:47.347+0000 7f3e905d6700 1 -- start start
2024-06-10T00:16:48.108 INFO:teuthology.orchestra.run.smithi121.stdout:/usr/bin/ceph: stderr
2024-06-10T00:16:47.347+0000 7f3e905d6700 1 --2- >> [v2:172.21.15.121:3300/0,v1:172.21.15.121:6789/0] conn(0x7f3e88108a30 0x7f3e8819bed0 unknown :-1 s=NONE pgs=0 cs=0 l=1 rev1=0 crypto rx=0 tx=0 comp rx=0 tx=0).connect
2024-06-10T00:16:48.108 INFO:teuthology.orchestra.run.smithi121.stdout:/usr/bin/ceph: stderr
2024-06-10T00:16:47.347+0000 7f3e905d6700 1 -- --> [v2:172.21.15.121:3300/0,v1:172.21.15.121:6789/0] -- mon_getmap magic: 0 -- 0x7f3e8810c360 con 0x7f3e88108a30
2024-06-10T00:16:48.108 INFO:teuthology.orchestra.run.smithi121.stdout:/usr/bin/ceph: stderr
2024-06-10T00:16:47.347+0000 7f3e8e372700 1 --2- >> [v2:172.21.15.121:3300/0,v1:172.21.15.121:6789/0] conn(0x7f3e88108a30 0x7f3e8819bed0 unknown :-1 s=BANNER_CONNECTING pgs=0 cs=0 l=1 rev1=0 crypto rx=0 tx=0 comp rx=0 tx=0)._handle_peer_banner_payload supported=3 required=0
2024-06-10T00:16:48.108 INFO:teuthology.orchestra.run.smithi121.stdout:/usr/bin/ceph: stderr
2024-06-10T00:16:47.347+0000 7f3e8e372700 1 --2- >> [v2:172.21.15.121:3300/0,v1:172.21.15.121:6789/0] conn(0x7f3e88108a30 0x7f3e8819bed0 unknown :-1 s=HELLO_CONNECTING pgs=0 cs=0 l=1 rev1=1 crypto rx=0 tx=0 comp rx=0 tx=0).handle_hello peer v2:172.21.15.121:3300/0 says I am v2:172.21.15.121:60716/0 (socket says 172.21.15.121:60716)
2024-06-10T00:16:48.108 INFO:teuthology.orchestra.run.smithi121.stdout:/usr/bin/ceph: stderr
2024-06-10T00:16:47.347+0000 7f3e8e372700 1 -- 172.21.15.121:0/59012055 learned_addr learned my addr 172.21.15.121:0/59012055 (peer_addr_for_me v2:172.21.15.121:0/0)
2024-06-10T00:16:48.108 INFO:teuthology.orchestra.run.smithi121.stdout:/usr/bin/ceph: stderr
2024-06-10T00:16:47.347+0000 7f3e8e372700 1 -- 172.21.15.121:0/59012055 --> [v2:172.21.15.121:3300/0,v1:172.21.15.121:6789/0] -- mon_subscribe({config=0+,monmap=0+}) -- 0x7f3e8819c410 con 0x7f3e88108a30
2024-06-10T00:16:48.108 INFO:teuthology.orchestra.run.smithi121.stdout:/usr/bin/ceph: stderr
2024-06-10T00:16:47.347+0000 7f3e8e372700 1 --2- 172.21.15.121:0/59012055 >> [v2:172.21.15.121:3300/0,v1:172.21.15.121:6789/0] conn(0x7f3e88108a30 0x7f3e8819bed0 secure :-1 s=READY pgs=73 cs=0 l=1 rev1=1 crypto rx=0x7f3e8400b7b0 tx=0x7f3e8400bd50 comp rx=0 tx=0).ready entity=mon.0 client_cookie=0 server_cookie=0 in_seq=0 out_seq=0
2024-06-10T00:16:48.108 INFO:teuthology.orchestra.run.smithi121.stdout:/usr/bin/ceph: stderr
2024-06-10T00:16:47.347+0000 7f3e7f7fe700 1 -- 172.21.15.121:0/59012055 <== mon.0 v2:172.21.15.121:3300/0 1 ==== mon_map magic: 0 ==== 205+0+0 (secure 0 0 0) 0x7f3e84020020 con 0x7f3e88108a30
2024-06-10T00:16:48.108 INFO:teuthology.orchestra.run.smithi121.stdout:/usr/bin/ceph: stderr
2024-06-10T00:16:47.347+0000 7f3e7f7fe700 1 -- 172.21.15.121:0/59012055 <== mon.0 v2:172.21.15.121:3300/0 2 ==== config(27 keys) ==== 1140+0+0 (secure 0 0 0) 0x7f3e84003d90 con 0x7f3e88108a30
2024-06-10T00:16:48.108 INFO:teuthology.orchestra.run.smithi121.stdout:/usr/bin/ceph: stderr
2024-06-10T00:16:47.347+0000 7f3e905d6700 1 -- 172.21.15.121:0/59012055 --> [v2:172.21.15.121:3300/0,v1:172.21.15.121:6789/0] -- mon_subscribe({mgrmap=0+}) -- 0x7f3e8819c6a0 con 0x7f3e88108a30
2024-06-10T00:16:48.108 INFO:teuthology.orchestra.run.smithi121.stdout:/usr/bin/ceph: stderr
2024-06-10T00:16:47.347+0000 7f3e7f7fe700 1 -- 172.21.15.121:0/59012055 <== mon.0 v2:172.21.15.121:3300/0 3 ==== mon_map magic: 0 ==== 205+0+0 (secure 0 0 0) 0x7f3e84017040 con 0x7f3e88108a30
2024-06-10T00:16:48.109 INFO:teuthology.orchestra.run.smithi121.stdout:/usr/bin/ceph: stderr
2024-06-10T00:16:47.347+0000 7f3e905d6700 1 -- 172.21.15.121:0/59012055 --> [v2:172.21.15.121:3300/0,v1:172.21.15.121:6789/0] -- mon_subscribe({osdmap=0}) -- 0x7f3e8819f390 con 0x7f3e88108a30
2024-06-10T00:16:48.109 INFO:teuthology.orchestra.run.smithi121.stdout:/usr/bin/ceph: stderr
2024-06-10T00:16:47.348+0000 7f3e7f7fe700 1 -- 172.21.15.121:0/59012055 <== mon.0 v2:172.21.15.121:3300/0 4 ==== mgrmap(e 12) ==== 46300+0+0 (secure 0 0 0) 0x7f3e84023020 con 0x7f3e88108a30
2024-06-10T00:16:48.109 INFO:teuthology.orchestra.run.smithi121.stdout:/usr/bin/ceph: stderr
2024-06-10T00:16:47.348+0000 7f3e7f7fe700 1 --2- 172.21.15.121:0/59012055 >> [v2:172.21.15.121:6800/3506007074,v1:172.21.15.121:6801/3506007074] conn(0x7f3e74039050 0x7f3e7403b510 unknown :-1 s=NONE pgs=0 cs=0 l=1 rev1=0 crypto rx=0 tx=0 comp rx=0 tx=0).connect
2024-06-10T00:16:48.109 INFO:teuthology.orchestra.run.smithi121.stdout:/usr/bin/ceph: stderr
2024-06-10T00:16:47.348+0000 7f3e7f7fe700 1 -- 172.21.15.121:0/59012055 <== mon.0 v2:172.21.15.121:3300/0 5 ==== osd_map(3..3 src has 1..3) ==== 1155+0+0 (secure 0 0 0) 0x7f3e8400f050 con 0x7f3e88108a30
2024-06-10T00:16:48.109 INFO:teuthology.orchestra.run.smithi121.stdout:/usr/bin/ceph: stderr
2024-06-10T00:16:47.349+0000 7f3e8db71700 1 --2- 172.21.15.121:0/59012055 >> [v2:172.21.15.121:6800/3506007074,v1:172.21.15.121:6801/3506007074] conn(0x7f3e74039050 0x7f3e7403b510 unknown :-1 s=BANNER_CONNECTING pgs=0 cs=0 l=1 rev1=0 crypto rx=0 tx=0 comp rx=0 tx=0)._handle_peer_banner_payload supported=3 required=0
2024-06-10T00:16:48.109 INFO:teuthology.orchestra.run.smithi121.stdout:/usr/bin/ceph: stderr
2024-06-10T00:16:47.349+0000 7f3e905d6700 1 -- 172.21.15.121:0/59012055 --> [v2:172.21.15.121:3300/0,v1:172.21.15.121:6789/0] -- mon_command({"prefix": "get_command_descriptions"} v 0) -- 0x7f3e88063af0 con 0x7f3e88108a30
2024-06-10T00:16:48.109 INFO:teuthology.orchestra.run.smithi121.stdout:/usr/bin/ceph: stderr
2024-06-10T00:16:47.349+0000 7f3e8db71700 1 --2- 172.21.15.121:0/59012055 >> [v2:172.21.15.121:6800/3506007074,v1:172.21.15.121:6801/3506007074] conn(0x7f3e74039050 0x7f3e7403b510 secure :-1 s=READY pgs=9 cs=0 l=1 rev1=1 crypto rx=0x7f3e78006fd0 tx=0x7f3e78006e40 comp rx=0 tx=0).ready entity=mgr.14150 client_cookie=0 server_cookie=0 in_seq=0 out_seq=0
2024-06-10T00:16:48.109 INFO:teuthology.orchestra.run.smithi121.stdout:/usr/bin/ceph: stderr
2024-06-10T00:16:47.354+0000 7f3e7f7fe700 1 -- 172.21.15.121:0/59012055 <== mon.0 v2:172.21.15.121:3300/0 6 ==== mon_command_ack([{"prefix": "get_command_descriptions"}]=0 v0) ==== 72+0+186418 (secure 0 0 0) 0x7f3e8402a020 con 0x7f3e88108a30
2024-06-10T00:16:48.109 INFO:teuthology.orchestra.run.smithi121.stdout:/usr/bin/ceph: stderr
2024-06-10T00:16:47.553+0000 7f3e905d6700 1 -- 172.21.15.121:0/59012055 --> [v2:172.21.15.121:3300/0,v1:172.21.15.121:6789/0] -- mon_command({"prefix": "config get", "who": "mgr", "key": "mgr/dashboard/ssl_server_port"} v 0) -- 0x7f3e8819f560 con 0x7f3e88108a30
2024-06-10T00:16:48.109 INFO:teuthology.orchestra.run.smithi121.stdout:/usr/bin/ceph: stderr
2024-06-10T00:16:47.554+0000 7f3e7f7fe700 1 -- 172.21.15.121:0/59012055 <== mon.0 v2:172.21.15.121:3300/0 7 ==== mon_command_ack([{"prefix": "config get", "who": "mgr", "key": "mgr/dashboard/ssl_server_port"}]=0 v8) ==== 112+0+5 (secure 0 0 0) 0x7f3e8401b730 con 0x7f3e88108a30
2024-06-10T00:16:48.109 INFO:teuthology.orchestra.run.smithi121.stdout:/usr/bin/ceph: stderr
2024-06-10T00:16:47.556+0000 7f3e905d6700 1 -- 172.21.15.121:0/59012055 >> [v2:172.21.15.121:6800/3506007074,v1:172.21.15.121:6801/3506007074] conn(0x7f3e74039050 msgr2=0x7f3e7403b510 secure :-1 s=STATE_CONNECTION_ESTABLISHED l=1).mark_down
2024-06-10T00:16:48.109 INFO:teuthology.orchestra.run.smithi121.stdout:/usr/bin/ceph: stderr
2024-06-10T00:16:47.556+0000 7f3e905d6700 1 --2- 172.21.15.121:0/59012055 >> [v2:172.21.15.121:6800/3506007074,v1:172.21.15.121:6801/3506007074] conn(0x7f3e74039050 0x7f3e7403b510 secure :-1 s=READY pgs=9 cs=0 l=1 rev1=1 crypto rx=0x7f3e78006fd0 tx=0x7f3e78006e40 comp rx=0 tx=0).stop
2024-06-10T00:16:48.109 INFO:teuthology.orchestra.run.smithi121.stdout:/usr/bin/ceph: stderr
2024-06-10T00:16:47.556+0000 7f3e905d6700 1 -- 172.21.15.121:0/59012055 >> [v2:172.21.15.121:3300/0,v1:172.21.15.121:6789/0] conn(0x7f3e88108a30 msgr2=0x7f3e8819bed0 secure :-1 s=STATE_CONNECTION_ESTABLISHED l=1).mark_down
2024-06-10T00:16:48.110 INFO:teuthology.orchestra.run.smithi121.stdout:/usr/bin/ceph: stderr
2024-06-10T00:16:47.556+0000 7f3e905d6700 1 --2- 172.21.15.121:0/59012055 >> [v2:172.21.15.121:3300/0,v1:172.21.15.121:6789/0] conn(0x7f3e88108a30 0x7f3e8819bed0 secure :-1 s=READY pgs=73 cs=0 l=1 rev1=1 crypto rx=0x7f3e8400b7b0 tx=0x7f3e8400bd50 comp rx=0 tx=0).stop
2024-06-10T00:16:48.110 INFO:teuthology.orchestra.run.smithi121.stdout:/usr/bin/ceph: stderr
2024-06-10T00:16:47.556+0000 7f3e905d6700 1 -- 172.21.15.121:0/59012055 shutdown_connections
2024-06-10T00:16:48.110 INFO:teuthology.orchestra.run.smithi121.stdout:/usr/bin/ceph: stderr
2024-06-10T00:16:47.556+0000 7f3e905d6700 1 --2- 172.21.15.121:0/59012055 >> [v2:172.21.15.121:6800/3506007074,v1:172.21.15.121:6801/3506007074] conn(0x7f3e74039050 0x7f3e7403b510 unknown :-1 s=CLOSED pgs=9 cs=0 l=1 rev1=1 crypto rx=0 tx=0 comp rx=0 tx=0).stop
2024-06-10T00:16:48.110 INFO:teuthology.orchestra.run.smithi121.stdout:/usr/bin/ceph: stderr
2024-06-10T00:16:47.556+0000 7f3e905d6700 1 --2- 172.21.15.121:0/59012055 >> [v2:172.21.15.121:3300/0,v1:172.21.15.121:6789/0] conn(0x7f3e88108a30 0x7f3e8819bed0 unknown :-1 s=CLOSED pgs=73 cs=0 l=1 rev1=1 crypto rx=0 tx=0 comp rx=0 tx=0).stop
2024-06-10T00:16:48.110 INFO:teuthology.orchestra.run.smithi121.stdout:/usr/bin/ceph: stderr
2024-06-10T00:16:47.556+0000 7f3e905d6700 1 -- 172.21.15.121:0/59012055 >> 172.21.15.121:0/59012055 conn(0x7f3e88102460 msgr2=0x7f3e88102f90 unknown :-1 s=STATE_NONE l=0).mark_down
2024-06-10T00:16:48.110 INFO:teuthology.orchestra.run.smithi121.stdout:/usr/bin/ceph: stderr
2024-06-10T00:16:47.556+0000 7f3e905d6700 1 -- 172.21.15.121:0/59012055 shutdown_connections
2024-06-10T00:16:48.110 INFO:teuthology.orchestra.run.smithi121.stdout:/usr/bin/ceph: stderr
2024-06-10T00:16:47.556+0000 7f3e905d6700 1 -- 172.21.15.121:0/59012055 wait complete.
2024-06-10T00:16:48.112 INFO:teuthology.orchestra.run.smithi121.stdout:Non-zero exit code 1 from systemctl is-enabled firewalld.service
2024-06-10T00:16:48.112 INFO:teuthology.orchestra.run.smithi121.stdout:systemctl: stdout disabled
2024-06-10T00:16:48.120 INFO:teuthology.orchestra.run.smithi121.stdout:Non-zero exit code 3 from systemctl is-active firewalld.service
2024-06-10T00:16:48.120 INFO:teuthology.orchestra.run.smithi121.stdout:systemctl: stdout inactive
2024-06-10T00:16:48.120 INFO:teuthology.orchestra.run.smithi121.stdout:firewalld.service is not enabled
2024-06-10T00:16:48.120 INFO:teuthology.orchestra.run.smithi121.stdout:Not possible to open ports <[8443]>. firewalld.service is not available
2024-06-10T00:16:48.122 INFO:teuthology.orchestra.run.smithi121.stdout:Ceph Dashboard is now available at:
2024-06-10T00:16:48.122 INFO:teuthology.orchestra.run.smithi121.stdout:
2024-06-10T00:16:48.122 INFO:teuthology.orchestra.run.smithi121.stdout: URL: https://smithi121.front.sepia.ceph.com:8443/
2024-06-10T00:16:48.122 INFO:teuthology.orchestra.run.smithi121.stdout: User: admin
2024-06-10T00:16:48.122 INFO:teuthology.orchestra.run.smithi121.stdout: Password: myapbaaudt
2024-06-10T00:16:48.123 INFO:teuthology.orchestra.run.smithi121.stdout:
2024-06-10T00:16:48.123 INFO:teuthology.orchestra.run.smithi121.stdout:Saving cluster configuration to /var/lib/ceph/6c432244-26be-11ef-bc9b-c7b262605968/config directory
2024-06-10T00:16:48.123 INFO:teuthology.orchestra.run.smithi121.stdout:Enabling autotune for osd_memory_target
2024-06-10T00:16:48.322 INFO:journalctl@ceph.mon.a.smithi121.stdout:Jun 10 00:16:48 smithi121 ceph-mon[32378]: from='client.? 172.21.15.121:0/59012055' entity='client.admin' cmd=[{"prefix": "config get", "who": "mgr", "key": "mgr/dashboard/ssl_server_port"}]: dispatch
2024-06-10T00:16:49.347 INFO:teuthology.orchestra.run.smithi121.stdout:/usr/bin/ceph: stderr
2024-06-10T00:16:48.528+0000 7f632ab00700 1 Processor -- start
2024-06-10T00:16:49.348 INFO:teuthology.orchestra.run.smithi121.stdout:/usr/bin/ceph: stderr
2024-06-10T00:16:48.528+0000 7f632ab00700 1 -- start start
2024-06-10T00:16:49.348 INFO:teuthology.orchestra.run.smithi121.stdout:/usr/bin/ceph: stderr
2024-06-10T00:16:48.528+0000 7f632ab00700 1 --2- >> [v2:172.21.15.121:3300/0,v1:172.21.15.121:6789/0] conn(0x7f632407e660 0x7f632407cb60 unknown :-1 s=NONE pgs=0 cs=0 l=0 rev1=0 crypto rx=0 tx=0 comp rx=0 tx=0).connect
2024-06-10T00:16:49.348 INFO:teuthology.orchestra.run.smithi121.stdout:/usr/bin/ceph: stderr
2024-06-10T00:16:48.528+0000 7f632ab00700 1 -- --> [v2:172.21.15.121:3300/0,v1:172.21.15.121:6789/0] -- mon_getmap magic: 0 -- 0x7f632407d0a0 con 0x7f632407e660
2024-06-10T00:16:49.348 INFO:teuthology.orchestra.run.smithi121.stdout:/usr/bin/ceph: stderr
2024-06-10T00:16:48.528+0000 7f632889c700 1 --2- >> [v2:172.21.15.121:3300/0,v1:172.21.15.121:6789/0] conn(0x7f632407e660 0x7f632407cb60 unknown :-1 s=BANNER_CONNECTING pgs=0 cs=0 l=0 rev1=0 crypto rx=0 tx=0 comp rx=0 tx=0)._handle_peer_banner_payload supported=3 required=0
2024-06-10T00:16:49.348 INFO:teuthology.orchestra.run.smithi121.stdout:/usr/bin/ceph: stderr
2024-06-10T00:16:48.529+0000 7f632889c700 1 --2- >> [v2:172.21.15.121:3300/0,v1:172.21.15.121:6789/0] conn(0x7f632407e660 0x7f632407cb60 unknown :-1 s=HELLO_CONNECTING pgs=0 cs=0 l=0 rev1=1 crypto rx=0 tx=0 comp rx=0 tx=0).handle_hello peer v2:172.21.15.121:3300/0 says I am v2:172.21.15.121:60720/0 (socket says 172.21.15.121:60720)
2024-06-10T00:16:49.348 INFO:teuthology.orchestra.run.smithi121.stdout:/usr/bin/ceph: stderr
2024-06-10T00:16:48.529+0000 7f632889c700 1 -- 172.21.15.121:0/1141828715 learned_addr learned my addr 172.21.15.121:0/1141828715 (peer_addr_for_me v2:172.21.15.121:0/0)
2024-06-10T00:16:49.348 INFO:teuthology.orchestra.run.smithi121.stdout:/usr/bin/ceph: stderr
2024-06-10T00:16:48.529+0000 7f632889c700 1 -- 172.21.15.121:0/1141828715 --> [v2:172.21.15.121:3300/0,v1:172.21.15.121:6789/0] -- mon_subscribe({config=0+,monmap=0+}) -- 0x7f632407d220 con 0x7f632407e660
2024-06-10T00:16:49.348 INFO:teuthology.orchestra.run.smithi121.stdout:/usr/bin/ceph: stderr
2024-06-10T00:16:48.529+0000 7f632889c700 1 --2- 172.21.15.121:0/1141828715 >> [v2:172.21.15.121:3300/0,v1:172.21.15.121:6789/0] conn(0x7f632407e660 0x7f632407cb60 secure :-1 s=READY pgs=74 cs=0 l=1 rev1=1 crypto rx=0x7f63200098a0 tx=0x7f6320009bb0 comp rx=0 tx=0).ready entity=mon.0 client_cookie=1b9e93cda1798188 server_cookie=0 in_seq=0 out_seq=0
2024-06-10T00:16:49.348 INFO:teuthology.orchestra.run.smithi121.stdout:/usr/bin/ceph: stderr
2024-06-10T00:16:48.529+0000 7f631b7fe700 1 -- 172.21.15.121:0/1141828715 <== mon.0 v2:172.21.15.121:3300/0 1 ==== mon_map magic: 0 ==== 205+0+0 (secure 0 0 0) 0x7f6320004160 con 0x7f632407e660
2024-06-10T00:16:49.349 INFO:teuthology.orchestra.run.smithi121.stdout:/usr/bin/ceph: stderr
2024-06-10T00:16:48.529+0000 7f631b7fe700 1 -- 172.21.15.121:0/1141828715 <== mon.0 v2:172.21.15.121:3300/0 2 ==== config(27 keys) ==== 1140+0+0 (secure 0 0 0) 0x7f6320004300 con 0x7f632407e660
2024-06-10T00:16:49.349 INFO:teuthology.orchestra.run.smithi121.stdout:/usr/bin/ceph: stderr
2024-06-10T00:16:48.529+0000 7f631b7fe700 1 -- 172.21.15.121:0/1141828715 <== mon.0 v2:172.21.15.121:3300/0 3 ==== mon_map magic: 0 ==== 205+0+0 (secure 0 0 0) 0x7f6320011b20 con 0x7f632407e660
2024-06-10T00:16:49.349 INFO:teuthology.orchestra.run.smithi121.stdout:/usr/bin/ceph: stderr
2024-06-10T00:16:48.530+0000 7f632ab00700 1 -- 172.21.15.121:0/1141828715 >> [v2:172.21.15.121:3300/0,v1:172.21.15.121:6789/0] conn(0x7f632407e660 msgr2=0x7f632407cb60 secure :-1 s=STATE_CONNECTION_ESTABLISHED l=1).mark_down
2024-06-10T00:16:49.349 INFO:teuthology.orchestra.run.smithi121.stdout:/usr/bin/ceph: stderr
2024-06-10T00:16:48.530+0000 7f632ab00700 1 --2- 172.21.15.121:0/1141828715 >> [v2:172.21.15.121:3300/0,v1:172.21.15.121:6789/0] conn(0x7f632407e660 0x7f632407cb60 secure :-1 s=READY pgs=74 cs=0 l=1 rev1=1 crypto rx=0x7f63200098a0 tx=0x7f6320009bb0 comp rx=0 tx=0).stop
2024-06-10T00:16:49.349 INFO:teuthology.orchestra.run.smithi121.stdout:/usr/bin/ceph: stderr
2024-06-10T00:16:48.530+0000 7f632ab00700 1 -- 172.21.15.121:0/1141828715 shutdown_connections
2024-06-10T00:16:49.349 INFO:teuthology.orchestra.run.smithi121.stdout:/usr/bin/ceph: stderr
