2024-06-10T00:16:19.335 INFO:teuthology.orchestra.run.smithi121.stdout:/usr/bin/ceph: stderr
2024-06-10T00:16:18.618+0000 7fcb385b5700 1 -- start start
2024-06-10T00:16:19.336 INFO:teuthology.orchestra.run.smithi121.stdout:/usr/bin/ceph: stderr
2024-06-10T00:16:18.618+0000 7fcb385b5700 1 --2- >> [v2:172.21.15.121:3300/0,v1:172.21.15.121:6789/0] conn(0x7fcb30107fa0 0x7fcb3019beb0 unknown :-1 s=NONE pgs=0 cs=0 l=1 rev1=0 crypto rx=0 tx=0 comp rx=0 tx=0).connect
2024-06-10T00:16:19.336 INFO:teuthology.orchestra.run.smithi121.stdout:/usr/bin/ceph: stderr
2024-06-10T00:16:18.618+0000 7fcb385b5700 1 -- --> [v2:172.21.15.121:3300/0,v1:172.21.15.121:6789/0] -- mon_getmap magic: 0 -- 0x7fcb3010c3a0 con 0x7fcb30107fa0
2024-06-10T00:16:19.336 INFO:teuthology.orchestra.run.smithi121.stdout:/usr/bin/ceph: stderr
2024-06-10T00:16:18.618+0000 7fcb36351700 1 --2- >> [v2:172.21.15.121:3300/0,v1:172.21.15.121:6789/0] conn(0x7fcb30107fa0 0x7fcb3019beb0 unknown :-1 s=BANNER_CONNECTING pgs=0 cs=0 l=1 rev1=0 crypto rx=0 tx=0 comp rx=0 tx=0)._handle_peer_banner_payload supported=3 required=0
2024-06-10T00:16:19.336 INFO:teuthology.orchestra.run.smithi121.stdout:/usr/bin/ceph: stderr
2024-06-10T00:16:18.618+0000 7fcb36351700 1 --2- >> [v2:172.21.15.121:3300/0,v1:172.21.15.121:6789/0] conn(0x7fcb30107fa0 0x7fcb3019beb0 unknown :-1 s=HELLO_CONNECTING pgs=0 cs=0 l=1 rev1=1 crypto rx=0 tx=0 comp rx=0 tx=0).handle_hello peer v2:172.21.15.121:3300/0 says I am v2:172.21.15.121:52058/0 (socket says 172.21.15.121:52058)
2024-06-10T00:16:19.336 INFO:teuthology.orchestra.run.smithi121.stdout:/usr/bin/ceph: stderr
2024-06-10T00:16:18.618+0000 7fcb36351700 1 -- 172.21.15.121:0/3045600772 learned_addr learned my addr 172.21.15.121:0/3045600772 (peer_addr_for_me v2:172.21.15.121:0/0)
2024-06-10T00:16:19.336 INFO:teuthology.orchestra.run.smithi121.stdout:/usr/bin/ceph: stderr
2024-06-10T00:16:18.618+0000 7fcb36351700 1 -- 172.21.15.121:0/3045600772 --> [v2:172.21.15.121:3300/0,v1:172.21.15.121:6789/0] -- mon_subscribe({config=0+,monmap=0+}) -- 0x7fcb3019c3f0 con 0x7fcb30107fa0
2024-06-10T00:16:19.336 INFO:teuthology.orchestra.run.smithi121.stdout:/usr/bin/ceph: stderr
2024-06-10T00:16:18.618+0000 7fcb36351700 1 --2- 172.21.15.121:0/3045600772 >> [v2:172.21.15.121:3300/0,v1:172.21.15.121:6789/0] conn(0x7fcb30107fa0 0x7fcb3019beb0 secure :-1 s=READY pgs=38 cs=0 l=1 rev1=1 crypto rx=0x7fcb2c0072a0 tx=0x7fcb2c00bd50 comp rx=0 tx=0).ready entity=mon.0 client_cookie=0 server_cookie=0 in_seq=0 out_seq=0
2024-06-10T00:16:19.336 INFO:teuthology.orchestra.run.smithi121.stdout:/usr/bin/ceph: stderr
2024-06-10T00:16:18.618+0000 7fcb277fe700 1 -- 172.21.15.121:0/3045600772 <== mon.0 v2:172.21.15.121:3300/0 1 ==== mon_map magic: 0 ==== 205+0+0 (secure 0 0 0) 0x7fcb2c020020 con 0x7fcb30107fa0
2024-06-10T00:16:19.336 INFO:teuthology.orchestra.run.smithi121.stdout:/usr/bin/ceph: stderr
2024-06-10T00:16:18.618+0000 7fcb385b5700 1 -- 172.21.15.121:0/3045600772 --> [v2:172.21.15.121:3300/0,v1:172.21.15.121:6789/0] -- mon_subscribe({mgrmap=0+}) -- 0x7fcb3019c680 con 0x7fcb30107fa0
2024-06-10T00:16:19.336 INFO:teuthology.orchestra.run.smithi121.stdout:/usr/bin/ceph: stderr
2024-06-10T00:16:18.618+0000 7fcb277fe700 1 -- 172.21.15.121:0/3045600772 <== mon.0 v2:172.21.15.121:3300/0 2 ==== config(27 keys) ==== 1109+0+0 (secure 0 0 0) 0x7fcb2c003b50 con 0x7fcb30107fa0
2024-06-10T00:16:19.336 INFO:teuthology.orchestra.run.smithi121.stdout:/usr/bin/ceph: stderr
2024-06-10T00:16:18.618+0000 7fcb277fe700 1 -- 172.21.15.121:0/3045600772 <== mon.0 v2:172.21.15.121:3300/0 3 ==== mon_map magic: 0 ==== 205+0+0 (secure 0 0 0) 0x7fcb2c017040 con 0x7fcb30107fa0
2024-06-10T00:16:19.336 INFO:teuthology.orchestra.run.smithi121.stdout:/usr/bin/ceph: stderr
2024-06-10T00:16:18.618+0000 7fcb385b5700 1 -- 172.21.15.121:0/3045600772 --> [v2:172.21.15.121:3300/0,v1:172.21.15.121:6789/0] -- mon_subscribe({osdmap=0}) -- 0x7fcb3019f370 con 0x7fcb30107fa0
2024-06-10T00:16:19.337 INFO:teuthology.orchestra.run.smithi121.stdout:/usr/bin/ceph: stderr
2024-06-10T00:16:18.619+0000 7fcb385b5700 1 -- 172.21.15.121:0/3045600772 --> [v2:172.21.15.121:3300/0,v1:172.21.15.121:6789/0] -- mon_command({"prefix": "get_command_descriptions"} v 0) -- 0x7fcb3010c520 con 0x7fcb30107fa0
2024-06-10T00:16:19.337 INFO:teuthology.orchestra.run.smithi121.stdout:/usr/bin/ceph: stderr
2024-06-10T00:16:18.619+0000 7fcb277fe700 1 -- 172.21.15.121:0/3045600772 <== mon.0 v2:172.21.15.121:3300/0 4 ==== mgrmap(e 8) ==== 46287+0+0 (secure 0 0 0) 0x7fcb2c023020 con 0x7fcb30107fa0
2024-06-10T00:16:19.337 INFO:teuthology.orchestra.run.smithi121.stdout:/usr/bin/ceph: stderr
2024-06-10T00:16:18.620+0000 7fcb277fe700 1 --2- 172.21.15.121:0/3045600772 >> [v2:172.21.15.121:6800/704666019,v1:172.21.15.121:6801/704666019] conn(0x7fcb1c039000 0x7fcb1c03b4c0 unknown :-1 s=NONE pgs=0 cs=0 l=1 rev1=0 crypto rx=0 tx=0 comp rx=0 tx=0).connect
2024-06-10T00:16:19.337 INFO:teuthology.orchestra.run.smithi121.stdout:/usr/bin/ceph: stderr
2024-06-10T00:16:18.620+0000 7fcb277fe700 1 -- 172.21.15.121:0/3045600772 <== mon.0 v2:172.21.15.121:3300/0 5 ==== osd_map(2..2 src has 1..2) ==== 940+0+0 (secure 0 0 0) 0x7fcb2c00f050 con 0x7fcb30107fa0
2024-06-10T00:16:19.337 INFO:teuthology.orchestra.run.smithi121.stdout:/usr/bin/ceph: stderr
2024-06-10T00:16:18.620+0000 7fcb35b50700 1 --2- 172.21.15.121:0/3045600772 >> [v2:172.21.15.121:6800/704666019,v1:172.21.15.121:6801/704666019] conn(0x7fcb1c039000 0x7fcb1c03b4c0 unknown :-1 s=BANNER_CONNECTING pgs=0 cs=0 l=1 rev1=0 crypto rx=0 tx=0 comp rx=0 tx=0)._handle_peer_banner_payload supported=3 required=0
2024-06-10T00:16:19.337 INFO:teuthology.orchestra.run.smithi121.stdout:/usr/bin/ceph: stderr
2024-06-10T00:16:18.620+0000 7fcb35b50700 1 --2- 172.21.15.121:0/3045600772 >> [v2:172.21.15.121:6800/704666019,v1:172.21.15.121:6801/704666019] conn(0x7fcb1c039000 0x7fcb1c03b4c0 secure :-1 s=READY pgs=8 cs=0 l=1 rev1=1 crypto rx=0x7fcb20006fd0 tx=0x7fcb20006e40 comp rx=0 tx=0).ready entity=mgr.14118 client_cookie=0 server_cookie=0 in_seq=0 out_seq=0
2024-06-10T00:16:19.337 INFO:teuthology.orchestra.run.smithi121.stdout:/usr/bin/ceph: stderr
2024-06-10T00:16:18.624+0000 7fcb277fe700 1 -- 172.21.15.121:0/3045600772 <== mon.0 v2:172.21.15.121:3300/0 6 ==== mon_command_ack([{"prefix": "get_command_descriptions"}]=0 v0) ==== 72+0+186418 (secure 0 0 0) 0x7fcb2c02a020 con 0x7fcb30107fa0
2024-06-10T00:16:19.337 INFO:teuthology.orchestra.run.smithi121.stdout:/usr/bin/ceph: stderr
2024-06-10T00:16:18.821+0000 7fcb385b5700 1 -- 172.21.15.121:0/3045600772 --> [v2:172.21.15.121:6800/704666019,v1:172.21.15.121:6801/704666019] -- mgr_command(tid 0: {"prefix": "cephadm set-user", "user": "root", "target": ["mon-mgr", ""]}) -- 0x7fcb301047b0 con 0x7fcb1c039000
2024-06-10T00:16:19.337 INFO:teuthology.orchestra.run.smithi121.stdout:/usr/bin/ceph: stderr
2024-06-10T00:16:18.821+0000 7fcb277fe700 1 -- 172.21.15.121:0/3045600772 <== mgr.14118 v2:172.21.15.121:6800/704666019 1 ==== mgr_command_reply(tid 0: 0 ) ==== 8+0+16 (secure 0 0 0) 0x7fcb301047b0 con 0x7fcb1c039000
2024-06-10T00:16:19.337 INFO:teuthology.orchestra.run.smithi121.stdout:/usr/bin/ceph: stderr
2024-06-10T00:16:18.824+0000 7fcb385b5700 1 -- 172.21.15.121:0/3045600772 >> [v2:172.21.15.121:6800/704666019,v1:172.21.15.121:6801/704666019] conn(0x7fcb1c039000 msgr2=0x7fcb1c03b4c0 secure :-1 s=STATE_CONNECTION_ESTABLISHED l=1).mark_down
2024-06-10T00:16:19.337 INFO:teuthology.orchestra.run.smithi121.stdout:/usr/bin/ceph: stderr
2024-06-10T00:16:18.824+0000 7fcb385b5700 1 --2- 172.21.15.121:0/3045600772 >> [v2:172.21.15.121:6800/704666019,v1:172.21.15.121:6801/704666019] conn(0x7fcb1c039000 0x7fcb1c03b4c0 secure :-1 s=READY pgs=8 cs=0 l=1 rev1=1 crypto rx=0x7fcb20006fd0 tx=0x7fcb20006e40 comp rx=0 tx=0).stop
2024-06-10T00:16:19.337 INFO:teuthology.orchestra.run.smithi121.stdout:/usr/bin/ceph: stderr
2024-06-10T00:16:18.824+0000 7fcb385b5700 1 -- 172.21.15.121:0/3045600772 >> [v2:172.21.15.121:3300/0,v1:172.21.15.121:6789/0] conn(0x7fcb30107fa0 msgr2=0x7fcb3019beb0 secure :-1 s=STATE_CONNECTION_ESTABLISHED l=1).mark_down
2024-06-10T00:16:19.338 INFO:teuthology.orchestra.run.smithi121.stdout:/usr/bin/ceph: stderr
2024-06-10T00:16:18.824+0000 7fcb385b5700 1 --2- 172.21.15.121:0/3045600772 >> [v2:172.21.15.121:3300/0,v1:172.21.15.121:6789/0] conn(0x7fcb30107fa0 0x7fcb3019beb0 secure :-1 s=READY pgs=38 cs=0 l=1 rev1=1 crypto rx=0x7fcb2c0072a0 tx=0x7fcb2c00bd50 comp rx=0 tx=0).stop
2024-06-10T00:16:19.338 INFO:teuthology.orchestra.run.smithi121.stdout:/usr/bin/ceph: stderr
2024-06-10T00:16:18.824+0000 7fcb385b5700 1 -- 172.21.15.121:0/3045600772 shutdown_connections
2024-06-10T00:16:19.338 INFO:teuthology.orchestra.run.smithi121.stdout:/usr/bin/ceph: stderr
2024-06-10T00:16:18.824+0000 7fcb385b5700 1 --2- 172.21.15.121:0/3045600772 >> [v2:172.21.15.121:6800/704666019,v1:172.21.15.121:6801/704666019] conn(0x7fcb1c039000 0x7fcb1c03b4c0 unknown :-1 s=CLOSED pgs=8 cs=0 l=1 rev1=1 crypto rx=0 tx=0 comp rx=0 tx=0).stop
2024-06-10T00:16:19.338 INFO:teuthology.orchestra.run.smithi121.stdout:/usr/bin/ceph: stderr
2024-06-10T00:16:18.824+0000 7fcb385b5700 1 --2- 172.21.15.121:0/3045600772 >> [v2:172.21.15.121:3300/0,v1:172.21.15.121:6789/0] conn(0x7fcb30107fa0 0x7fcb3019beb0 unknown :-1 s=CLOSED pgs=38 cs=0 l=1 rev1=1 crypto rx=0 tx=0 comp rx=0 tx=0).stop
2024-06-10T00:16:19.338 INFO:teuthology.orchestra.run.smithi121.stdout:/usr/bin/ceph: stderr
2024-06-10T00:16:18.824+0000 7fcb385b5700 1 -- 172.21.15.121:0/3045600772 >> 172.21.15.121:0/3045600772 conn(0x7fcb301035b0 msgr2=0x7fcb301040a0 unknown :-1 s=STATE_NONE l=0).mark_down
2024-06-10T00:16:19.338 INFO:teuthology.orchestra.run.smithi121.stdout:/usr/bin/ceph: stderr
2024-06-10T00:16:18.824+0000 7fcb385b5700 1 -- 172.21.15.121:0/3045600772 shutdown_connections
2024-06-10T00:16:19.338 INFO:teuthology.orchestra.run.smithi121.stdout:/usr/bin/ceph: stderr
2024-06-10T00:16:18.824+0000 7fcb385b5700 1 -- 172.21.15.121:0/3045600772 wait complete.
2024-06-10T00:16:19.338 INFO:teuthology.orchestra.run.smithi121.stdout:Generating ssh key...
2024-06-10T00:16:20.170 INFO:journalctl@ceph.mon.a.smithi121.stdout:Jun 10 00:16:19 smithi121 ceph-mon[32378]: from='client.14132 -' entity='client.admin' cmd=[{"prefix": "cephadm set-user", "user": "root", "target": ["mon-mgr", ""]}]: dispatch
2024-06-10T00:16:20.449 INFO:journalctl@ceph.mgr.x.smithi121.stdout:Jun 10 00:16:20 smithi121 ceph-6c432244-26be-11ef-bc9b-c7b262605968-mgr-x[32618]: Generating public/private rsa key pair.
2024-06-10T00:16:20.449 INFO:journalctl@ceph.mgr.x.smithi121.stdout:Jun 10 00:16:20 smithi121 ceph-6c432244-26be-11ef-bc9b-c7b262605968-mgr-x[32618]: Your identification has been saved in /tmp/tmpzi02x4dv/key.
2024-06-10T00:16:20.449 INFO:journalctl@ceph.mgr.x.smithi121.stdout:Jun 10 00:16:20 smithi121 ceph-6c432244-26be-11ef-bc9b-c7b262605968-mgr-x[32618]: Your public key has been saved in /tmp/tmpzi02x4dv/key.pub.
2024-06-10T00:16:20.449 INFO:journalctl@ceph.mgr.x.smithi121.stdout:Jun 10 00:16:20 smithi121 ceph-6c432244-26be-11ef-bc9b-c7b262605968-mgr-x[32618]: The key fingerprint is:
2024-06-10T00:16:20.449 INFO:journalctl@ceph.mgr.x.smithi121.stdout:Jun 10 00:16:20 smithi121 ceph-6c432244-26be-11ef-bc9b-c7b262605968-mgr-x[32618]: SHA256:z/MFBWXUGWmDVvpvlsXWUeGAoXhyZm0SzDPzgSaXDoA ceph-6c432244-26be-11ef-bc9b-c7b262605968
2024-06-10T00:16:20.449 INFO:journalctl@ceph.mgr.x.smithi121.stdout:Jun 10 00:16:20 smithi121 ceph-6c432244-26be-11ef-bc9b-c7b262605968-mgr-x[32618]: The key's randomart image is:
2024-06-10T00:16:20.450 INFO:journalctl@ceph.mgr.x.smithi121.stdout:Jun 10 00:16:20 smithi121 ceph-6c432244-26be-11ef-bc9b-c7b262605968-mgr-x[32618]: +---[RSA 3072]----+
2024-06-10T00:16:20.450 INFO:journalctl@ceph.mgr.x.smithi121.stdout:Jun 10 00:16:20 smithi121 ceph-6c432244-26be-11ef-bc9b-c7b262605968-mgr-x[32618]: | ... o.o.++*=*|
2024-06-10T00:16:20.450 INFO:journalctl@ceph.mgr.x.smithi121.stdout:Jun 10 00:16:20 smithi121 ceph-6c432244-26be-11ef-bc9b-c7b262605968-mgr-x[32618]: | E o.@+o =+=o|
2024-06-10T00:16:20.450 INFO:journalctl@ceph.mgr.x.smithi121.stdout:Jun 10 00:16:20 smithi121 ceph-6c432244-26be-11ef-bc9b-c7b262605968-mgr-x[32618]: | o*B=oo.oo.|
2024-06-10T00:16:20.450 INFO:journalctl@ceph.mgr.x.smithi121.stdout:Jun 10 00:16:20 smithi121 ceph-6c432244-26be-11ef-bc9b-c7b262605968-mgr-x[32618]: | *.o. ...o|
2024-06-10T00:16:20.450 INFO:journalctl@ceph.mgr.x.smithi121.stdout:Jun 10 00:16:20 smithi121 ceph-6c432244-26be-11ef-bc9b-c7b262605968-mgr-x[32618]: | S . .=|
2024-06-10T00:16:20.450 INFO:journalctl@ceph.mgr.x.smithi121.stdout:Jun 10 00:16:20 smithi121 ceph-6c432244-26be-11ef-bc9b-c7b262605968-mgr-x[32618]: | o . .+|
2024-06-10T00:16:20.450 INFO:journalctl@ceph.mgr.x.smithi121.stdout:Jun 10 00:16:20 smithi121 ceph-6c432244-26be-11ef-bc9b-c7b262605968-mgr-x[32618]: | + ..+|
2024-06-10T00:16:20.450 INFO:journalctl@ceph.mgr.x.smithi121.stdout:Jun 10 00:16:20 smithi121 ceph-6c432244-26be-11ef-bc9b-c7b262605968-mgr-x[32618]: | o . o |
2024-06-10T00:16:20.450 INFO:journalctl@ceph.mgr.x.smithi121.stdout:Jun 10 00:16:20 smithi121 ceph-6c432244-26be-11ef-bc9b-c7b262605968-mgr-x[32618]: | . |
2024-06-10T00:16:20.450 INFO:journalctl@ceph.mgr.x.smithi121.stdout:Jun 10 00:16:20 smithi121 ceph-6c432244-26be-11ef-bc9b-c7b262605968-mgr-x[32618]: +----[SHA256]-----+
2024-06-10T00:16:20.722 INFO:teuthology.orchestra.run.smithi121.stdout:/usr/bin/ceph: stderr
2024-06-10T00:16:19.745+0000 7fccc07c4700 1 Processor -- start
2024-06-10T00:16:20.723 INFO:teuthology.orchestra.run.smithi121.stdout:/usr/bin/ceph: stderr
2024-06-10T00:16:19.745+0000 7fccc07c4700 1 -- start start
2024-06-10T00:16:20.723 INFO:teuthology.orchestra.run.smithi121.stdout:/usr/bin/ceph: stderr
2024-06-10T00:16:19.746+0000 7fccc07c4700 1 --2- >> [v2:172.21.15.121:3300/0,v1:172.21.15.121:6789/0] conn(0x7fccb8106860 0x7fccb8106c80 unknown :-1 s=NONE pgs=0 cs=0 l=0 rev1=0 crypto rx=0 tx=0 comp rx=0 tx=0).connect
2024-06-10T00:16:20.723 INFO:teuthology.orchestra.run.smithi121.stdout:/usr/bin/ceph: stderr
2024-06-10T00:16:19.746+0000 7fccc07c4700 1 -- --> [v2:172.21.15.121:3300/0,v1:172.21.15.121:6789/0] -- mon_getmap magic: 0 -- 0x7fccb807c640 con 0x7fccb8106860
2024-06-10T00:16:20.723 INFO:teuthology.orchestra.run.smithi121.stdout:/usr/bin/ceph: stderr
2024-06-10T00:16:19.746+0000 7fccbe560700 1 --2- >> [v2:172.21.15.121:3300/0,v1:172.21.15.121:6789/0] conn(0x7fccb8106860 0x7fccb8106c80 unknown :-1 s=BANNER_CONNECTING pgs=0 cs=0 l=0 rev1=0 crypto rx=0 tx=0 comp rx=0 tx=0)._handle_peer_banner_payload supported=3 required=0
2024-06-10T00:16:20.723 INFO:teuthology.orchestra.run.smithi121.stdout:/usr/bin/ceph: stderr
2024-06-10T00:16:19.746+0000 7fccbe560700 1 --2- >> [v2:172.21.15.121:3300/0,v1:172.21.15.121:6789/0] conn(0x7fccb8106860 0x7fccb8106c80 unknown :-1 s=HELLO_CONNECTING pgs=0 cs=0 l=0 rev1=1 crypto rx=0 tx=0 comp rx=0 tx=0).handle_hello peer v2:172.21.15.121:3300/0 says I am v2:172.21.15.121:33646/0 (socket says 172.21.15.121:33646)
2024-06-10T00:16:20.723 INFO:teuthology.orchestra.run.smithi121.stdout:/usr/bin/ceph: stderr
2024-06-10T00:16:19.746+0000 7fccbe560700 1 -- 172.21.15.121:0/889973957 learned_addr learned my addr 172.21.15.121:0/889973957 (peer_addr_for_me v2:172.21.15.121:0/0)
2024-06-10T00:16:20.723 INFO:teuthology.orchestra.run.smithi121.stdout:/usr/bin/ceph: stderr
2024-06-10T00:16:19.746+0000 7fccbe560700 1 -- 172.21.15.121:0/889973957 --> [v2:172.21.15.121:3300/0,v1:172.21.15.121:6789/0] -- mon_subscribe({config=0+,monmap=0+}) -- 0x7fccb81071c0 con 0x7fccb8106860
2024-06-10T00:16:20.723 INFO:teuthology.orchestra.run.smithi121.stdout:/usr/bin/ceph: stderr
2024-06-10T00:16:19.746+0000 7fccbe560700 1 --2- 172.21.15.121:0/889973957 >> [v2:172.21.15.121:3300/0,v1:172.21.15.121:6789/0] conn(0x7fccb8106860 0x7fccb8106c80 secure :-1 s=READY pgs=39 cs=0 l=1 rev1=1 crypto rx=0x7fccb0009e80 tx=0x7fccb000b330 comp rx=0 tx=0).ready entity=mon.0 client_cookie=9312bb5f194e28dd server_cookie=0 in_seq=0 out_seq=0
2024-06-10T00:16:20.723 INFO:teuthology.orchestra.run.smithi121.stdout:/usr/bin/ceph: stderr
2024-06-10T00:16:19.746+0000 7fccbd55e700 1 -- 172.21.15.121:0/889973957 <== mon.0 v2:172.21.15.121:3300/0 1 ==== mon_map magic: 0 ==== 205+0+0 (secure 0 0 0) 0x7fccb0017070 con 0x7fccb8106860
2024-06-10T00:16:20.723 INFO:teuthology.orchestra.run.smithi121.stdout:/usr/bin/ceph: stderr
2024-06-10T00:16:19.746+0000 7fccbd55e700 1 -- 172.21.15.121:0/889973957 <== mon.0 v2:172.21.15.121:3300/0 2 ==== config(27 keys) ==== 1109+0+0 (secure 0 0 0) 0x7fccb000b8c0 con 0x7fccb8106860
2024-06-10T00:16:20.723 INFO:teuthology.orchestra.run.smithi121.stdout:/usr/bin/ceph: stderr
2024-06-10T00:16:19.746+0000 7fccbd55e700 1 -- 172.21.15.121:0/889973957 <== mon.0 v2:172.21.15.121:3300/0 3 ==== mon_map magic: 0 ==== 205+0+0 (secure 0 0 0) 0x7fccb00045c0 con 0x7fccb8106860
2024-06-10T00:16:20.723 INFO:teuthology.orchestra.run.smithi121.stdout:/usr/bin/ceph: stderr
2024-06-10T00:16:19.747+0000 7fccc07c4700 1 -- 172.21.15.121:0/889973957 >> [v2:172.21.15.121:3300/0,v1:172.21.15.121:6789/0] conn(0x7fccb8106860 msgr2=0x7fccb8106c80 secure :-1 s=STATE_CONNECTION_ESTABLISHED l=1).mark_down
2024-06-10T00:16:20.724 INFO:teuthology.orchestra.run.smithi121.stdout:/usr/bin/ceph: stderr
2024-06-10T00:16:19.747+0000 7fccc07c4700 1 --2- 172.21.15.121:0/889973957 >> [v2:172.21.15.121:3300/0,v1:172.21.15.121:6789/0] conn(0x7fccb8106860 0x7fccb8106c80 secure :-1 s=READY pgs=39 cs=0 l=1 rev1=1 crypto rx=0x7fccb0009e80 tx=0x7fccb000b330 comp rx=0 tx=0).stop
2024-06-10T00:16:20.724 INFO:teuthology.orchestra.run.smithi121.stdout:/usr/bin/ceph: stderr
2024-06-10T00:16:19.747+0000 7fccc07c4700 1 -- 172.21.15.121:0/889973957 shutdown_connections
2024-06-10T00:16:20.724 INFO:teuthology.orchestra.run.smithi121.stdout:/usr/bin/ceph: stderr
2024-06-10T00:16:19.747+0000 7fccc07c4700 1 --2- 172.21.15.121:0/889973957 >> [v2:172.21.15.121:3300/0,v1:172.21.15.121:6789/0] conn(0x7fccb8106860 0x7fccb8106c80 unknown :-1 s=CLOSED pgs=39 cs=0 l=1 rev1=1 crypto rx=0 tx=0 comp rx=0 tx=0).stop
2024-06-10T00:16:20.724 INFO:teuthology.orchestra.run.smithi121.stdout:/usr/bin/ceph: stderr
2024-06-10T00:16:19.747+0000 7fccc07c4700 1 -- 172.21.15.121:0/889973957 >> 172.21.15.121:0/889973957 conn(0x7fccb81024c0 msgr2=0x7fccb81048e0 unknown :-1 s=STATE_NONE l=0).mark_down
2024-06-10T00:16:20.724 INFO:teuthology.orchestra.run.smithi121.stdout:/usr/bin/ceph: stderr
2024-06-10T00:16:19.747+0000 7fccc07c4700 1 -- 172.21.15.121:0/889973957 shutdown_connections
2024-06-10T00:16:20.724 INFO:teuthology.orchestra.run.smithi121.stdout:/usr/bin/ceph: stderr
2024-06-10T00:16:19.747+0000 7fccc07c4700 1 -- 172.21.15.121:0/889973957 wait complete.
2024-06-10T00:16:20.724 INFO:teuthology.orchestra.run.smithi121.stdout:/usr/bin/ceph: stderr
2024-06-10T00:16:19.748+0000 7fccc07c4700 1 Processor -- start
2024-06-10T00:16:20.724 INFO:teuthology.orchestra.run.smithi121.stdout:/usr/bin/ceph: stderr
2024-06-10T00:16:19.748+0000 7fccc07c4700 1 -- start start
2024-06-10T00:16:20.724 INFO:teuthology.orchestra.run.smithi121.stdout:/usr/bin/ceph: stderr
2024-06-10T00:16:19.748+0000 7fccc07c4700 1 --2- >> [v2:172.21.15.121:3300/0,v1:172.21.15.121:6789/0] conn(0x7fccb8106860 0x7fccb819e070 unknown :-1 s=NONE pgs=0 cs=0 l=1 rev1=0 crypto rx=0 tx=0 comp rx=0 tx=0).connect
2024-06-10T00:16:20.724 INFO:teuthology.orchestra.run.smithi121.stdout:/usr/bin/ceph: stderr
2024-06-10T00:16:19.748+0000 7fccc07c4700 1 -- --> [v2:172.21.15.121:3300/0,v1:172.21.15.121:6789/0] -- mon_getmap magic: 0 -- 0x7fccb81080d0 con 0x7fccb8106860
2024-06-10T00:16:20.724 INFO:teuthology.orchestra.run.smithi121.stdout:/usr/bin/ceph: stderr
2024-06-10T00:16:19.748+0000 7fccbe560700 1 --2- >> [v2:172.21.15.121:3300/0,v1:172.21.15.121:6789/0] conn(0x7fccb8106860 0x7fccb819e070 unknown :-1 s=BANNER_CONNECTING pgs=0 cs=0 l=1 rev1=0 crypto rx=0 tx=0 comp rx=0 tx=0)._handle_peer_banner_payload supported=3 required=0
2024-06-10T00:16:20.724 INFO:teuthology.orchestra.run.smithi121.stdout:/usr/bin/ceph: stderr
2024-06-10T00:16:19.748+0000 7fccbe560700 1 --2- >> [v2:172.21.15.121:3300/0,v1:172.21.15.121:6789/0] conn(0x7fccb8106860 0x7fccb819e070 unknown :-1 s=HELLO_CONNECTING pgs=0 cs=0 l=1 rev1=1 crypto rx=0 tx=0 comp rx=0 tx=0).handle_hello peer v2:172.21.15.121:3300/0 says I am v2:172.21.15.121:33660/0 (socket says 172.21.15.121:33660)
2024-06-10T00:16:20.724 INFO:teuthology.orchestra.run.smithi121.stdout:/usr/bin/ceph: stderr
2024-06-10T00:16:19.748+0000 7fccbe560700 1 -- 172.21.15.121:0/2652005717 learned_addr learned my addr 172.21.15.121:0/2652005717 (peer_addr_for_me v2:172.21.15.121:0/0)
2024-06-10T00:16:20.724 INFO:teuthology.orchestra.run.smithi121.stdout:/usr/bin/ceph: stderr
2024-06-10T00:16:19.748+0000 7fccbe560700 1 -- 172.21.15.121:0/2652005717 --> [v2:172.21.15.121:3300/0,v1:172.21.15.121:6789/0] -- mon_subscribe({config=0+,monmap=0+}) -- 0x7fccb819e5b0 con 0x7fccb8106860
2024-06-10T00:16:20.725 INFO:teuthology.orchestra.run.smithi121.stdout:/usr/bin/ceph: stderr
2024-06-10T00:16:19.748+0000 7fccbe560700 1 --2- 172.21.15.121:0/2652005717 >> [v2:172.21.15.121:3300/0,v1:172.21.15.121:6789/0] conn(0x7fccb8106860 0x7fccb819e070 secure :-1 s=READY pgs=40 cs=0 l=1 rev1=1 crypto rx=0x7fccb0004350 tx=0x7fccb000bd50 comp rx=0 tx=0).ready entity=mon.0 client_cookie=0 server_cookie=0 in_seq=0 out_seq=0
2024-06-10T00:16:20.725 INFO:teuthology.orchestra.run.smithi121.stdout:/usr/bin/ceph: stderr
2024-06-10T00:16:19.749+0000 7fccb77fe700 1 -- 172.21.15.121:0/2652005717 <== mon.0 v2:172.21.15.121:3300/0 1 ==== mon_map magic: 0 ==== 205+0+0 (secure 0 0 0) 0x7fccb0020020 con 0x7fccb8106860
2024-06-10T00:16:20.725 INFO:teuthology.orchestra.run.smithi121.stdout:/usr/bin/ceph: stderr
2024-06-10T00:16:19.749+0000 7fccb77fe700 1 -- 172.21.15.121:0/2652005717 <== mon.0 v2:172.21.15.121:3300/0 2 ==== config(27 keys) ==== 1109+0+0 (secure 0 0 0) 0x7fccb0003c10 con 0x7fccb8106860
2024-06-10T00:16:20.725 INFO:teuthology.orchestra.run.smithi121.stdout:/usr/bin/ceph: stderr
2024-06-10T00:16:19.749+0000 7fccc07c4700 1 -- 172.21.15.121:0/2652005717 --> [v2:172.21.15.121:3300/0,v1:172.21.15.121:6789/0] -- mon_subscribe({mgrmap=0+}) -- 0x7fccb819e840 con 0x7fccb8106860
2024-06-10T00:16:20.725 INFO:teuthology.orchestra.run.smithi121.stdout:/usr/bin/ceph: stderr
2024-06-10T00:16:19.749+0000 7fccb77fe700 1 -- 172.21.15.121:0/2652005717 <== mon.0 v2:172.21.15.121:3300/0 3 ==== mon_map magic: 0 ==== 205+0+0 (secure 0 0 0) 0x7fccb0017040 con 0x7fccb8106860
2024-06-10T00:16:20.725 INFO:teuthology.orchestra.run.smithi121.stdout:/usr/bin/ceph: stderr
2024-06-10T00:16:19.749+0000 7fccc07c4700 1 -- 172.21.15.121:0/2652005717 --> [v2:172.21.15.121:3300/0,v1:172.21.15.121:6789/0] -- mon_subscribe({osdmap=0}) -- 0x7fccb81a1530 con 0x7fccb8106860
2024-06-10T00:16:20.725 INFO:teuthology.orchestra.run.smithi121.stdout:/usr/bin/ceph: stderr
2024-06-10T00:16:19.749+0000 7fccb77fe700 1 -- 172.21.15.121:0/2652005717 <== mon.0 v2:172.21.15.121:3300/0 4 ==== mgrmap(e 8) ==== 46287+0+0 (secure 0 0 0) 0x7fccb0023020 con 0x7fccb8106860
2024-06-10T00:16:20.725 INFO:teuthology.orchestra.run.smithi121.stdout:/usr/bin/ceph: stderr
2024-06-10T00:16:19.750+0000 7fccc07c4700 1 -- 172.21.15.121:0/2652005717 --> [v2:172.21.15.121:3300/0,v1:172.21.15.121:6789/0] -- mon_command({"prefix": "get_command_descriptions"} v 0) -- 0x7fccb8063af0 con 0x7fccb8106860
2024-06-10T00:16:20.725 INFO:teuthology.orchestra.run.smithi121.stdout:/usr/bin/ceph: stderr
2024-06-10T00:16:19.750+0000 7fccb77fe700 1 --2- 172.21.15.121:0/2652005717 >> [v2:172.21.15.121:6800/704666019,v1:172.21.15.121:6801/704666019] conn(0x7fcca0039050 0x7fcca003b510 unknown :-1 s=NONE pgs=0 cs=0 l=1 rev1=0 crypto rx=0 tx=0 comp rx=0 tx=0).connect
2024-06-10T00:16:20.725 INFO:teuthology.orchestra.run.smithi121.stdout:/usr/bin/ceph: stderr
2024-06-10T00:16:19.750+0000 7fccb77fe700 1 -- 172.21.15.121:0/2652005717 <== mon.0 v2:172.21.15.121:3300/0 5 ==== osd_map(2..2 src has 1..2) ==== 940+0+0 (secure 0 0 0) 0x7fccb000f050 con 0x7fccb8106860
2024-06-10T00:16:20.725 INFO:teuthology.orchestra.run.smithi121.stdout:/usr/bin/ceph: stderr
2024-06-10T00:16:19.750+0000 7fccbdd5f700 1 --2- 172.21.15.121:0/2652005717 >> [v2:172.21.15.121:6800/704666019,v1:172.21.15.121:6801/704666019] conn(0x7fcca0039050 0x7fcca003b510 unknown :-1 s=BANNER_CONNECTING pgs=0 cs=0 l=1 rev1=0 crypto rx=0 tx=0 comp rx=0 tx=0)._handle_peer_banner_payload supported=3 required=0
2024-06-10T00:16:20.725 INFO:teuthology.orchestra.run.smithi121.stdout:/usr/bin/ceph: stderr
2024-06-10T00:16:19.750+0000 7fccbdd5f700 1 --2- 172.21.15.121:0/2652005717 >> [v2:172.21.15.121:6800/704666019,v1:172.21.15.121:6801/704666019] conn(0x7fcca0039050 0x7fcca003b510 secure :-1 s=READY pgs=9 cs=0 l=1 rev1=1 crypto rx=0x7fccac006fd0 tx=0x7fccac006e40 comp rx=0 tx=0).ready entity=mgr.14118 client_cookie=0 server_cookie=0 in_seq=0 out_seq=0
2024-06-10T00:16:20.725 INFO:teuthology.orchestra.run.smithi121.stdout:/usr/bin/ceph: stderr
2024-06-10T00:16:19.755+0000 7fccb77fe700 1 -- 172.21.15.121:0/2652005717 <== mon.0 v2:172.21.15.121:3300/0 6 ==== mon_command_ack([{"prefix": "get_command_descriptions"}]=0 v0) ==== 72+0+186418 (secure 0 0 0) 0x7fccb002a020 con 0x7fccb8106860
2024-06-10T00:16:20.725 INFO:teuthology.orchestra.run.smithi121.stdout:/usr/bin/ceph: stderr
2024-06-10T00:16:19.953+0000 7fccc07c4700 1 -- 172.21.15.121:0/2652005717 --> [v2:172.21.15.121:6800/704666019,v1:172.21.15.121:6801/704666019] -- mgr_command(tid 0: {"prefix": "cephadm generate-key", "target": ["mon-mgr", ""]}) -- 0x7fccb802e080 con 0x7fcca0039050
2024-06-10T00:16:20.726 INFO:teuthology.orchestra.run.smithi121.stdout:/usr/bin/ceph: stderr
2024-06-10T00:16:20.177+0000 7fccb77fe700 1 -- 172.21.15.121:0/2652005717 <== mgr.14118 v2:172.21.15.121:6800/704666019 1 ==== mgr_command_reply(tid 0: 0 ) ==== 8+0+0 (secure 0 0 0) 0x7fccb802e080 con 0x7fcca0039050
2024-06-10T00:16:20.726 INFO:teuthology.orchestra.run.smithi121.stdout:/usr/bin/ceph: stderr
2024-06-10T00:16:20.179+0000 7fccc07c4700 1 -- 172.21.15.121:0/2652005717 >> [v2:172.21.15.121:6800/704666019,v1:172.21.15.121:6801/704666019] conn(0x7fcca0039050 msgr2=0x7fcca003b510 secure :-1 s=STATE_CONNECTION_ESTABLISHED l=1).mark_down
2024-06-10T00:16:20.726 INFO:teuthology.orchestra.run.smithi121.stdout:/usr/bin/ceph: stderr
2024-06-10T00:16:20.179+0000 7fccc07c4700 1 --2- 172.21.15.121:0/2652005717 >> [v2:172.21.15.121:6800/704666019,v1:172.21.15.121:6801/704666019] conn(0x7fcca0039050 0x7fcca003b510 secure :-1 s=READY pgs=9 cs=0 l=1 rev1=1 crypto rx=0x7fccac006fd0 tx=0x7fccac006e40 comp rx=0 tx=0).stop
2024-06-10T00:16:20.726 INFO:teuthology.orchestra.run.smithi121.stdout:/usr/bin/ceph: stderr
2024-06-10T00:16:20.179+0000 7fccc07c4700 1 -- 172.21.15.121:0/2652005717 >> [v2:172.21.15.121:3300/0,v1:172.21.15.121:6789/0] conn(0x7fccb8106860 msgr2=0x7fccb819e070 secure :-1 s=STATE_CONNECTION_ESTABLISHED l=1).mark_down
2024-06-10T00:16:20.726 INFO:teuthology.orchestra.run.smithi121.stdout:/usr/bin/ceph: stderr
2024-06-10T00:16:20.179+0000 7fccc07c4700 1 --2- 172.21.15.121:0/2652005717 >> [v2:172.21.15.121:3300/0,v1:172.21.15.121:6789/0] conn(0x7fccb8106860 0x7fccb819e070 secure :-1 s=READY pgs=40 cs=0 l=1 rev1=1 crypto rx=0x7fccb0004350 tx=0x7fccb000bd50 comp rx=0 tx=0).stop
2024-06-10T00:16:20.726 INFO:teuthology.orchestra.run.smithi121.stdout:/usr/bin/ceph: stderr
2024-06-10T00:16:20.179+0000 7fccc07c4700 1 -- 172.21.15.121:0/2652005717 shutdown_connections
2024-06-10T00:16:20.726 INFO:teuthology.orchestra.run.smithi121.stdout:/usr/bin/ceph: stderr
2024-06-10T00:16:20.179+0000 7fccc07c4700 1 --2- 172.21.15.121:0/2652005717 >> [v2:172.21.15.121:6800/704666019,v1:172.21.15.121:6801/704666019] conn(0x7fcca0039050 0x7fcca003b510 unknown :-1 s=CLOSED pgs=9 cs=0 l=1 rev1=1 crypto rx=0 tx=0 comp rx=0 tx=0).stop
2024-06-10T00:16:20.726 INFO:teuthology.orchestra.run.smithi121.stdout:/usr/bin/ceph: stderr
2024-06-10T00:16:20.179+0000 7fccc07c4700 1 --2- 172.21.15.121:0/2652005717 >> [v2:172.21.15.121:3300/0,v1:172.21.15.121:6789/0] conn(0x7fccb8106860 0x7fccb819e070 unknown :-1 s=CLOSED pgs=40 cs=0 l=1 rev1=1 crypto rx=0 tx=0 comp rx=0 tx=0).stop
2024-06-10T00:16:20.726 INFO:teuthology.orchestra.run.smithi121.stdout:/usr/bin/ceph: stderr
2024-06-10T00:16:20.179+0000 7fccc07c4700 1 -- 172.21.15.121:0/2652005717 >> 172.21.15.121:0/2652005717 conn(0x7fccb81024c0 msgr2=0x7fccb8194cd0 unknown :-1 s=STATE_NONE l=0).mark_down
2024-06-10T00:16:20.726 INFO:teuthology.orchestra.run.smithi121.stdout:/usr/bin/ceph: stderr
2024-06-10T00:16:20.179+0000 7fccc07c4700 1 -- 172.21.15.121:0/2652005717 shutdown_connections
2024-06-10T00:16:20.726 INFO:teuthology.orchestra.run.smithi121.stdout:/usr/bin/ceph: stderr
2024-06-10T00:16:20.179+0000 7fccc07c4700 1 -- 172.21.15.121:0/2652005717 wait complete.
2024-06-10T00:16:21.334 INFO:journalctl@ceph.mon.a.smithi121.stdout:Jun 10 00:16:21 smithi121 ceph-mon[32378]: from='client.14134 -' entity='client.admin' cmd=[{"prefix": "cephadm generate-key", "target": ["mon-mgr", ""]}]: dispatch
2024-06-10T00:16:21.335 INFO:journalctl@ceph.mon.a.smithi121.stdout:Jun 10 00:16:21 smithi121 ceph-mon[32378]: Generating ssh key...
2024-06-10T00:16:21.335 INFO:journalctl@ceph.mon.a.smithi121.stdout:Jun 10 00:16:21 smithi121 ceph-mon[32378]: from='mgr.14118 172.21.15.121:0/1323672259' entity='mgr.x'
2024-06-10T00:16:21.335 INFO:journalctl@ceph.mon.a.smithi121.stdout:Jun 10 00:16:21 smithi121 ceph-mon[32378]: from='mgr.14118 172.21.15.121:0/1323672259' entity='mgr.x'
2024-06-10T00:16:21.937 INFO:teuthology.orchestra.run.smithi121.stdout:/usr/bin/ceph: stdout ssh-rsa AAAAB3NzaC1yc2EAAAADAQABAAABgQCXqsDLrmdVr/Qt6Pb3RHwIgCkU0CP3j8ySx92StlGDGyCcmdKDt1783xfFYWzKniBtxNe+5TebyJlP1227J/1x7dzojY2n3vS9dEIME3PI4oBZHjL3EDznLavz6GyjTPH2Y8HyL9h93qRWyo5IkVBNMNmungpF9SV+fvtKkZ+2+8673pcm481c7IfAD6Oh+LXZ0/2vlqfYKZCQMOMYli/8xK0wEBrivauzV/QvIAAyo5yi8mNnRP1kwfTbv//VeEhfGcZlkm0o/7ZV7fih4WH+N6Uyv13mH+9W6zKYybXC0WpxoDKBu+072dy1UM0kzNFw+rV/gYeTPJy+fxukYN3IfriFKMNjj9FwOmY7YlJ/JbUU7/khU+OCEumSQ1MKGndu2MkV3yVOAgKQ05pI5LOOOim4dxs6mncEoPDwThMS4eDf/cF1KJFa/Gq7otAKvlc+uMbvTgvZVm0SC1MX/mZYeFdbwDJ4w6426ykIOe0BoPfN4151rDAAf6q3oVIAfAM= ceph-6c432244-26be-11ef-bc9b-c7b262605968
2024-06-10T00:16:21.938 INFO:teuthology.orchestra.run.smithi121.stdout:/usr/bin/ceph: stderr
2024-06-10T00:16:21.115+0000 7f870428f700 1 Processor -- start
2024-06-10T00:16:21.938 INFO:teuthology.orchestra.run.smithi121.stdout:/usr/bin/ceph: stderr
2024-06-10T00:16:21.115+0000 7f870428f700 1 -- start start
2024-06-10T00:16:21.938 INFO:teuthology.orchestra.run.smithi121.stdout:/usr/bin/ceph: stderr
2024-06-10T00:16:21.115+0000 7f870428f700 1 --2- >> [v2:172.21.15.121:3300/0,v1:172.21.15.121:6789/0] conn(0x7f86fc106e60 0x7f86fc107280 unknown :-1 s=NONE pgs=0 cs=0 l=0 rev1=0 crypto rx=0 tx=0 comp rx=0 tx=0).connect
2024-06-10T00:16:21.938 INFO:teuthology.orchestra.run.smithi121.stdout:/usr/bin/ceph: stderr
2024-06-10T00:16:21.115+0000 7f870428f700 1 -- --> [v2:172.21.15.121:3300/0,v1:172.21.15.121:6789/0] -- mon_getmap magic: 0 -- 0x7f86fc1077c0 con 0x7f86fc106e60
2024-06-10T00:16:21.938 INFO:teuthology.orchestra.run.smithi121.stdout:/usr/bin/ceph: stderr
2024-06-10T00:16:21.116+0000 7f870202b700 1 --2- >> [v2:172.21.15.121:3300/0,v1:172.21.15.121:6789/0] conn(0x7f86fc106e60 0x7f86fc107280 unknown :-1 s=BANNER_CONNECTING pgs=0 cs=0 l=0 rev1=0 crypto rx=0 tx=0 comp rx=0 tx=0)._handle_peer_banner_payload supported=3 required=0
2024-06-10T00:16:21.938 INFO:teuthology.orchestra.run.smithi121.stdout:/usr/bin/ceph: stderr
2024-06-10T00:16:21.116+0000 7f870202b700 1 --2- >> [v2:172.21.15.121:3300/0,v1:172.21.15.121:6789/0] conn(0x7f86fc106e60 0x7f86fc107280 unknown :-1 s=HELLO_CONNECTING pgs=0 cs=0 l=0 rev1=1 crypto rx=0 tx=0 comp rx=0 tx=0).handle_hello peer v2:172.21.15.121:3300/0 says I am v2:172.21.15.121:33672/0 (socket says 172.21.15.121:33672)
2024-06-10T00:16:21.938 INFO:teuthology.orchestra.run.smithi121.stdout:/usr/bin/ceph: stderr
2024-06-10T00:16:21.116+0000 7f870202b700 1 -- 172.21.15.121:0/4123978331 learned_addr learned my addr 172.21.15.121:0/4123978331 (peer_addr_for_me v2:172.21.15.121:0/0)
2024-06-10T00:16:21.938 INFO:teuthology.orchestra.run.smithi121.stdout:/usr/bin/ceph: stderr
2024-06-10T00:16:21.116+0000 7f870202b700 1 -- 172.21.15.121:0/4123978331 --> [v2:172.21.15.121:3300/0,v1:172.21.15.121:6789/0] -- mon_subscribe({config=0+,monmap=0+}) -- 0x7f86fc107f70 con 0x7f86fc106e60
2024-06-10T00:16:21.938 INFO:teuthology.orchestra.run.smithi121.stdout:/usr/bin/ceph: stderr
2024-06-10T00:16:21.116+0000 7f870202b700 1 --2- 172.21.15.121:0/4123978331 >> [v2:172.21.15.121:3300/0,v1:172.21.15.121:6789/0] conn(0x7f86fc106e60 0x7f86fc107280 secure :-1 s=READY pgs=41 cs=0 l=1 rev1=1 crypto rx=0x7f86f400d180 tx=0x7f86f400d490 comp rx=0 tx=0).ready entity=mon.0 client_cookie=c79845c21db9cd4d server_cookie=0 in_seq=0 out_seq=0
2024-06-10T00:16:21.938 INFO:teuthology.orchestra.run.smithi121.stdout:/usr/bin/ceph: stderr
2024-06-10T00:16:21.116+0000 7f8701029700 1 -- 172.21.15.121:0/4123978331 <== mon.0 v2:172.21.15.121:3300/0 1 ==== mon_map magic: 0 ==== 205+0+0 (secure 0 0 0) 0x7f86f4019070 con 0x7f86fc106e60
2024-06-10T00:16:21.938 INFO:teuthology.orchestra.run.smithi121.stdout:/usr/bin/ceph: stderr
2024-06-10T00:16:21.116+0000 7f8701029700 1 -- 172.21.15.121:0/4123978331 <== mon.0 v2:172.21.15.121:3300/0 2 ==== config(27 keys) ==== 1109+0+0 (secure 0 0 0) 0x7f86f400de20 con 0x7f86fc106e60
2024-06-10T00:16:21.938 INFO:teuthology.orchestra.run.smithi121.stdout:/usr/bin/ceph: stderr
2024-06-10T00:16:21.116+0000 7f8701029700 1 -- 172.21.15.121:0/4123978331 <== mon.0 v2:172.21.15.121:3300/0 3 ==== mon_map magic: 0 ==== 205+0+0 (secure 0 0 0) 0x7f86f4009b90 con 0x7f86fc106e60
2024-06-10T00:16:21.939 INFO:teuthology.orchestra.run.smithi121.stdout:/usr/bin/ceph: stderr
2024-06-10T00:16:21.117+0000 7f870428f700 1 -- 172.21.15.121:0/4123978331 >> [v2:172.21.15.121:3300/0,v1:172.21.15.121:6789/0] conn(0x7f86fc106e60 msgr2=0x7f86fc107280 secure :-1 s=STATE_CONNECTION_ESTABLISHED l=1).mark_down
2024-06-10T00:16:21.939 INFO:teuthology.orchestra.run.smithi121.stdout:/usr/bin/ceph: stderr
2024-06-10T00:16:21.117+0000 7f870428f700 1 --2- 172.21.15.121:0/4123978331 >> [v2:172.21.15.121:3300/0,v1:172.21.15.121:6789/0] conn(0x7f86fc106e60 0x7f86fc107280 secure :-1 s=READY pgs=41 cs=0 l=1 rev1=1 crypto rx=0x7f86f400d180 tx=0x7f86f400d490 comp rx=0 tx=0).stop
2024-06-10T00:16:21.939 INFO:teuthology.orchestra.run.smithi121.stdout:/usr/bin/ceph: stderr
2024-06-10T00:16:21.117+0000 7f870428f700 1 -- 172.21.15.121:0/4123978331 shutdown_connections
2024-06-10T00:16:21.939 INFO:teuthology.orchestra.run.smithi121.stdout:/usr/bin/ceph: stderr
2024-06-10T00:16:21.117+0000 7f870428f700 1 --2- 172.21.15.121:0/4123978331 >> [v2:172.21.15.121:3300/0,v1:172.21.15.121:6789/0] conn(0x7f86fc106e60 0x7f86fc107280 unknown :-1 s=CLOSED pgs=41 cs=0 l=1 rev1=1 crypto rx=0 tx=0 comp rx=0 tx=0).stop
2024-06-10T00:16:21.939 INFO:teuthology.orchestra.run.smithi121.stdout:/usr/bin/ceph: stderr
2024-06-10T00:16:21.117+0000 7f870428f700 1 -- 172.21.15.121:0/4123978331 >> 172.21.15.121:0/4123978331 conn(0x7f86fc102460 msgr2=0x7f86fc104880 unknown :-1 s=STATE_NONE l=0).mark_down
2024-06-10T00:16:21.939 INFO:teuthology.orchestra.run.smithi121.stdout:/usr/bin/ceph: stderr
2024-06-10T00:16:21.117+0000 7f870428f700 1 -- 172.21.15.121:0/4123978331 shutdown_connections
2024-06-10T00:16:21.939 INFO:teuthology.orchestra.run.smithi121.stdout:/usr/bin/ceph: stderr
2024-06-10T00:16:21.117+0000 7f870428f700 1 -- 172.21.15.121:0/4123978331 wait complete.
2024-06-10T00:16:21.939 INFO:teuthology.orchestra.run.smithi121.stdout:/usr/bin/ceph: stderr
2024-06-10T00:16:21.118+0000 7f870428f700 1 Processor -- start
2024-06-10T00:16:21.939 INFO:teuthology.orchestra.run.smithi121.stdout:/usr/bin/ceph: stderr
2024-06-10T00:16:21.118+0000 7f870428f700 1 -- start start
2024-06-10T00:16:21.939 INFO:teuthology.orchestra.run.smithi121.stdout:/usr/bin/ceph: stderr
2024-06-10T00:16:21.118+0000 7f870428f700 1 --2- >> [v2:172.21.15.121:3300/0,v1:172.21.15.121:6789/0] conn(0x7f86fc106e60 0x7f86fc199c80 unknown :-1 s=NONE pgs=0 cs=0 l=1 rev1=0 crypto rx=0 tx=0 comp rx=0 tx=0).connect
2024-06-10T00:16:21.939 INFO:teuthology.orchestra.run.smithi121.stdout:/usr/bin/ceph: stderr
2024-06-10T00:16:21.118+0000 7f870428f700 1 -- --> [v2:172.21.15.121:3300/0,v1:172.21.15.121:6789/0] -- mon_getmap magic: 0 -- 0x7f86fc07b830 con 0x7f86fc106e60
2024-06-10T00:16:21.939 INFO:teuthology.orchestra.run.smithi121.stdout:/usr/bin/ceph: stderr
2024-06-10T00:16:21.118+0000 7f870202b700 1 --2- >> [v2:172.21.15.121:3300/0,v1:172.21.15.121:6789/0] conn(0x7f86fc106e60 0x7f86fc199c80 unknown :-1 s=BANNER_CONNECTING pgs=0 cs=0 l=1 rev1=0 crypto rx=0 tx=0 comp rx=0 tx=0)._handle_peer_banner_payload supported=3 required=0
2024-06-10T00:16:21.939 INFO:teuthology.orchestra.run.smithi121.stdout:/usr/bin/ceph: stderr
2024-06-10T00:16:21.118+0000 7f870202b700 1 --2- >> [v2:172.21.15.121:3300/0,v1:172.21.15.121:6789/0] conn(0x7f86fc106e60 0x7f86fc199c80 unknown :-1 s=HELLO_CONNECTING pgs=0 cs=0 l=1 rev1=1 crypto rx=0 tx=0 comp rx=0 tx=0).handle_hello peer v2:172.21.15.121:3300/0 says I am v2:172.21.15.121:33688/0 (socket says 172.21.15.121:33688)
2024-06-10T00:16:21.939 INFO:teuthology.orchestra.run.smithi121.stdout:/usr/bin/ceph: stderr
2024-06-10T00:16:21.118+0000 7f870202b700 1 -- 172.21.15.121:0/400528366 learned_addr learned my addr 172.21.15.121:0/400528366 (peer_addr_for_me v2:172.21.15.121:0/0)
2024-06-10T00:16:21.940 INFO:teuthology.orchestra.run.smithi121.stdout:/usr/bin/ceph: stderr
2024-06-10T00:16:21.118+0000 7f870202b700 1 -- 172.21.15.121:0/400528366 --> [v2:172.21.15.121:3300/0,v1:172.21.15.121:6789/0] -- mon_subscribe({config=0+,monmap=0+}) -- 0x7f86fc19a1c0 con 0x7f86fc106e60
2024-06-10T00:16:21.940 INFO:teuthology.orchestra.run.smithi121.stdout:/usr/bin/ceph: stderr
2024-06-10T00:16:21.118+0000 7f870202b700 1 --2- 172.21.15.121:0/400528366 >> [v2:172.21.15.121:3300/0,v1:172.21.15.121:6789/0] conn(0x7f86fc106e60 0x7f86fc199c80 secure :-1 s=READY pgs=42 cs=0 l=1 rev1=1 crypto rx=0x7f86f4009740 tx=0x7f86f4003ad0 comp rx=0 tx=0).ready entity=mon.0 client_cookie=0 server_cookie=0 in_seq=0 out_seq=0
2024-06-10T00:16:21.940 INFO:teuthology.orchestra.run.smithi121.stdout:/usr/bin/ceph: stderr
2024-06-10T00:16:21.118+0000 7f86fb7fe700 1 -- 172.21.15.121:0/400528366 <== mon.0 v2:172.21.15.121:3300/0 1 ==== mon_map magic: 0 ==== 205+0+0 (secure 0 0 0) 0x7f86f4019050 con 0x7f86fc106e60
2024-06-10T00:16:21.940 INFO:teuthology.orchestra.run.smithi121.stdout:/usr/bin/ceph: stderr
2024-06-10T00:16:21.118+0000 7f86fb7fe700 1 -- 172.21.15.121:0/400528366 <== mon.0 v2:172.21.15.121:3300/0 2 ==== config(27 keys) ==== 1109+0+0 (secure 0 0 0) 0x7f86f401a040 con 0x7f86fc106e60
2024-06-10T00:16:21.940 INFO:teuthology.orchestra.run.smithi121.stdout:/usr/bin/ceph: stderr
2024-06-10T00:16:21.119+0000 7f870428f700 1 -- 172.21.15.121:0/400528366 --> [v2:172.21.15.121:3300/0,v1:172.21.15.121:6789/0] -- mon_subscribe({mgrmap=0+}) -- 0x7f86fc19a450 con 0x7f86fc106e60
2024-06-10T00:16:21.940 INFO:teuthology.orchestra.run.smithi121.stdout:/usr/bin/ceph: stderr
2024-06-10T00:16:21.119+0000 7f86fb7fe700 1 -- 172.21.15.121:0/400528366 <== mon.0 v2:172.21.15.121:3300/0 3 ==== mon_map magic: 0 ==== 205+0+0 (secure 0 0 0) 0x7f86f4004560 con 0x7f86fc106e60
2024-06-10T00:16:21.940 INFO:teuthology.orchestra.run.smithi121.stdout:/usr/bin/ceph: stderr
2024-06-10T00:16:21.119+0000 7f870428f700 1 -- 172.21.15.121:0/400528366 --> [v2:172.21.15.121:3300/0,v1:172.21.15.121:6789/0] -- mon_subscribe({osdmap=0}) -- 0x7f86fc19d140 con 0x7f86fc106e60
2024-06-10T00:16:21.940 INFO:teuthology.orchestra.run.smithi121.stdout:/usr/bin/ceph: stderr
2024-06-10T00:16:21.119+0000 7f86fb7fe700 1 -- 172.21.15.121:0/400528366 <== mon.0 v2:172.21.15.121:3300/0 4 ==== mgrmap(e 8) ==== 46287+0+0 (secure 0 0 0) 0x7f86f4027020 con 0x7f86fc106e60
2024-06-10T00:16:21.940 INFO:teuthology.orchestra.run.smithi121.stdout:/usr/bin/ceph: stderr
2024-06-10T00:16:21.119+0000 7f870428f700 1 -- 172.21.15.121:0/400528366 --> [v2:172.21.15.121:3300/0,v1:172.21.15.121:6789/0] -- mon_command({"prefix": "get_command_descriptions"} v 0) -- 0x7f86fc063af0 con 0x7f86fc106e60
2024-06-10T00:16:21.940 INFO:teuthology.orchestra.run.smithi121.stdout:/usr/bin/ceph: stderr
2024-06-10T00:16:21.120+0000 7f86fb7fe700 1 --2- 172.21.15.121:0/400528366 >> [v2:172.21.15.121:6800/704666019,v1:172.21.15.121:6801/704666019] conn(0x7f86e40390a0 0x7f86e403b560 unknown :-1 s=NONE pgs=0 cs=0 l=1 rev1=0 crypto rx=0 tx=0 comp rx=0 tx=0).connect
2024-06-10T00:16:21.940 INFO:teuthology.orchestra.run.smithi121.stdout:/usr/bin/ceph: stderr
2024-06-10T00:16:21.120+0000 7f86fb7fe700 1 -- 172.21.15.121:0/400528366 <== mon.0 v2:172.21.15.121:3300/0 5 ==== osd_map(2..2 src has 1..2) ==== 940+0+0 (secure 0 0 0) 0x7f86f4025020 con 0x7f86fc106e60
2024-06-10T00:16:21.940 INFO:teuthology.orchestra.run.smithi121.stdout:/usr/bin/ceph: stderr
2024-06-10T00:16:21.120+0000 7f870182a700 1 --2- 172.21.15.121:0/400528366 >> [v2:172.21.15.121:6800/704666019,v1:172.21.15.121:6801/704666019] conn(0x7f86e40390a0 0x7f86e403b560 unknown :-1 s=BANNER_CONNECTING pgs=0 cs=0 l=1 rev1=0 crypto rx=0 tx=0 comp rx=0 tx=0)._handle_peer_banner_payload supported=3 required=0
2024-06-10T00:16:21.940 INFO:teuthology.orchestra.run.smithi121.stdout:/usr/bin/ceph: stderr
2024-06-10T00:16:21.120+0000 7f870182a700 1 --2- 172.21.15.121:0/400528366 >> [v2:172.21.15.121:6800/704666019,v1:172.21.15.121:6801/704666019] conn(0x7f86e40390a0 0x7f86e403b560 secure :-1 s=READY pgs=10 cs=0 l=1 rev1=1 crypto rx=0x7f86f0006fd0 tx=0x7f86f0006e40 comp rx=0 tx=0).ready entity=mgr.14118 client_cookie=0 server_cookie=0 in_seq=0 out_seq=0
2024-06-10T00:16:21.940 INFO:teuthology.orchestra.run.smithi121.stdout:/usr/bin/ceph: stderr
2024-06-10T00:16:21.125+0000 7f86fb7fe700 1 -- 172.21.15.121:0/400528366 <== mon.0 v2:172.21.15.121:3300/0 6 ==== mon_command_ack([{"prefix": "get_command_descriptions"}]=0 v0) ==== 72+0+186418 (secure 0 0 0) 0x7f86f401e400 con 0x7f86fc106e60
2024-06-10T00:16:21.941 INFO:teuthology.orchestra.run.smithi121.stdout:/usr/bin/ceph: stderr
2024-06-10T00:16:21.321+0000 7f870428f700 1 -- 172.21.15.121:0/400528366 --> [v2:172.21.15.121:6800/704666019,v1:172.21.15.121:6801/704666019] -- mgr_command(tid 0: {"prefix": "cephadm get-pub-key", "target": ["mon-mgr", ""]}) -- 0x7f86fc0628d0 con 0x7f86e40390a0
2024-06-10T00:16:21.941 INFO:teuthology.orchestra.run.smithi121.stdout:/usr/bin/ceph: stderr
2024-06-10T00:16:21.322+0000 7f86fb7fe700 1 -- 172.21.15.121:0/400528366 <== mgr.14118 v2:172.21.15.121:6800/704666019 1 ==== mgr_command_reply(tid 0: 0 ) ==== 8+0+595 (secure 0 0 0) 0x7f86fc0628d0 con 0x7f86e40390a0
2024-06-10T00:16:21.941 INFO:teuthology.orchestra.run.smithi121.stdout:/usr/bin/ceph: stderr
2024-06-10T00:16:21.324+0000 7f870428f700 1 -- 172.21.15.121:0/400528366 >> [v2:172.21.15.121:6800/704666019,v1:172.21.15.121:6801/704666019] conn(0x7f86e40390a0 msgr2=0x7f86e403b560 secure :-1 s=STATE_CONNECTION_ESTABLISHED l=1).mark_down
2024-06-10T00:16:21.941 INFO:teuthology.orchestra.run.smithi121.stdout:/usr/bin/ceph: stderr
2024-06-10T00:16:21.324+0000 7f870428f700 1 --2- 172.21.15.121:0/400528366 >> [v2:172.21.15.121:6800/704666019,v1:172.21.15.121:6801/704666019] conn(0x7f86e40390a0 0x7f86e403b560 secure :-1 s=READY pgs=10 cs=0 l=1 rev1=1 crypto rx=0x7f86f0006fd0 tx=0x7f86f0006e40 comp rx=0 tx=0).stop
2024-06-10T00:16:21.941 INFO:teuthology.orchestra.run.smithi121.stdout:/usr/bin/ceph: stderr
2024-06-10T00:16:21.324+0000 7f870428f700 1 -- 172.21.15.121:0/400528366 >> [v2:172.21.15.121:3300/0,v1:172.21.15.121:6789/0] conn(0x7f86fc106e60 msgr2=0x7f86fc199c80 secure :-1 s=STATE_CONNECTION_ESTABLISHED l=1).mark_down
2024-06-10T00:16:21.941 INFO:teuthology.orchestra.run.smithi121.stdout:/usr/bin/ceph: stderr
2024-06-10T00:16:21.324+0000 7f870428f700 1 --2- 172.21.15.121:0/400528366 >> [v2:172.21.15.121:3300/0,v1:172.21.15.121:6789/0] conn(0x7f86fc106e60 0x7f86fc199c80 secure :-1 s=READY pgs=42 cs=0 l=1 rev1=1 crypto rx=0x7f86f4009740 tx=0x7f86f4003ad0 comp rx=0 tx=0).stop
2024-06-10T00:16:21.941 INFO:teuthology.orchestra.run.smithi121.stdout:/usr/bin/ceph: stderr
2024-06-10T00:16:21.324+0000 7f870428f700 1 -- 172.21.15.121:0/400528366 shutdown_connections
2024-06-10T00:16:21.941 INFO:teuthology.orchestra.run.smithi121.stdout:/usr/bin/ceph: stderr
2024-06-10T00:16:21.324+0000 7f870428f700 1 --2- 172.21.15.121:0/400528366 >> [v2:172.21.15.121:6800/704666019,v1:172.21.15.121:6801/704666019] conn(0x7f86e40390a0 0x7f86e403b560 unknown :-1 s=CLOSED pgs=10 cs=0 l=1 rev1=1 crypto rx=0 tx=0 comp rx=0 tx=0).stop
2024-06-10T00:16:21.941 INFO:teuthology.orchestra.run.smithi121.stdout:/usr/bin/ceph: stderr
2024-06-10T00:16:21.324+0000 7f870428f700 1 --2- 172.21.15.121:0/400528366 >> [v2:172.21.15.121:3300/0,v1:172.21.15.121:6789/0] conn(0x7f86fc106e60 0x7f86fc199c80 unknown :-1 s=CLOSED pgs=42 cs=0 l=1 rev1=1 crypto rx=0 tx=0 comp rx=0 tx=0).stop
2024-06-10T00:16:21.941 INFO:teuthology.orchestra.run.smithi121.stdout:/usr/bin/ceph: stderr
2024-06-10T00:16:21.324+0000 7f870428f700 1 -- 172.21.15.121:0/400528366 >> 172.21.15.121:0/400528366 conn(0x7f86fc102460 msgr2=0x7f86fc190220 unknown :-1 s=STATE_NONE l=0).mark_down
2024-06-10T00:16:21.941 INFO:teuthology.orchestra.run.smithi121.stdout:/usr/bin/ceph: stderr
2024-06-10T00:16:21.324+0000 7f870428f700 1 -- 172.21.15.121:0/400528366 shutdown_connections
2024-06-10T00:16:21.941 INFO:teuthology.orchestra.run.smithi121.stdout:/usr/bin/ceph: stderr
2024-06-10T00:16:21.324+0000 7f870428f700 1 -- 172.21.15.121:0/400528366 wait complete.
2024-06-10T00:16:21.941 INFO:teuthology.orchestra.run.smithi121.stdout:Wrote public SSH key to /home/ubuntu/cephtest/ceph.pub
2024-06-10T00:16:21.941 INFO:teuthology.orchestra.run.smithi121.stdout:Adding key to root@localhost authorized_keys...
2024-06-10T00:16:21.942 INFO:teuthology.orchestra.run.smithi121.stdout:Adding host smithi121...
2024-06-10T00:16:22.199 INFO:journalctl@ceph.mon.a.smithi121.stdout:Jun 10 00:16:22 smithi121 ceph-mon[32378]: from='client.14136 -' entity='client.admin' cmd=[{"prefix": "cephadm get-pub-key", "target": ["mon-mgr", ""]}]: dispatch
2024-06-10T00:16:23.449 INFO:journalctl@ceph.mon.a.smithi121.stdout:Jun 10 00:16:23 smithi121 ceph-mon[32378]: from='client.14138 -' entity='client.admin' cmd=[{"prefix": "orch host add", "hostname": "smithi121", "addr": "172.21.15.121", "target": ["mon-mgr", ""]}]: dispatch
2024-06-10T00:16:24.449 INFO:journalctl@ceph.mon.a.smithi121.stdout:Jun 10 00:16:24 smithi121 ceph-mon[32378]: Deploying cephadm binary to smithi121
2024-06-10T00:16:27.345 INFO:teuthology.orchestra.run.smithi121.stdout:/usr/bin/ceph: stdout Added host 'smithi121' with addr '172.21.15.121'
2024-06-10T00:16:27.345 INFO:teuthology.orchestra.run.smithi121.stdout:/usr/bin/ceph: stderr
2024-06-10T00:16:22.385+0000 7feab0b49700 1 Processor -- start
2024-06-10T00:16:27.345 INFO:teuthology.orchestra.run.smithi121.stdout:/usr/bin/ceph: stderr
2024-06-10T00:16:22.385+0000 7feab0b49700 1 -- start start
2024-06-10T00:16:27.345 INFO:teuthology.orchestra.run.smithi121.stdout:/usr/bin/ceph: stderr
2024-06-10T00:16:22.385+0000 7feab0b49700 1 --2- >> [v2:172.21.15.121:3300/0,v1:172.21.15.121:6789/0] conn(0x7feaac07c550 0x7feaac10aac0 unknown :-1 s=NONE pgs=0 cs=0 l=0 rev1=0 crypto rx=0 tx=0 comp rx=0 tx=0).connect
2024-06-10T00:16:27.345 INFO:teuthology.orchestra.run.smithi121.stdout:/usr/bin/ceph: stderr
2024-06-10T00:16:22.385+0000 7feab0b49700 1 -- --> [v2:172.21.15.121:3300/0,v1:172.21.15.121:6789/0] -- mon_getmap magic: 0 -- 0x7feaac10b090 con 0x7feaac07c550
2024-06-10T00:16:27.345 INFO:teuthology.orchestra.run.smithi121.stdout:/usr/bin/ceph: stderr
2024-06-10T00:16:22.386+0000 7feaaa59c700 1 --2- >> [v2:172.21.15.121:3300/0,v1:172.21.15.121:6789/0] conn(0x7feaac07c550 0x7feaac10aac0 unknown :-1 s=BANNER_CONNECTING pgs=0 cs=0 l=0 rev1=0 crypto rx=0 tx=0 comp rx=0 tx=0)._handle_peer_banner_payload supported=3 required=0
2024-06-10T00:16:27.345 INFO:teuthology.orchestra.run.smithi121.stdout:/usr/bin/ceph: stderr
2024-06-10T00:16:22.386+0000 7feaaa59c700 1 --2- >> [v2:172.21.15.121:3300/0,v1:172.21.15.121:6789/0] conn(0x7feaac07c550 0x7feaac10aac0 unknown :-1 s=HELLO_CONNECTING pgs=0 cs=0 l=0 rev1=1 crypto rx=0 tx=0 comp rx=0 tx=0).handle_hello peer v2:172.21.15.121:3300/0 says I am v2:172.21.15.121:33696/0 (socket says 172.21.15.121:33696)
2024-06-10T00:16:27.346 INFO:teuthology.orchestra.run.smithi121.stdout:/usr/bin/ceph: stderr
2024-06-10T00:16:22.386+0000 7feaaa59c700 1 -- 172.21.15.121:0/696459770 learned_addr learned my addr 172.21.15.121:0/696459770 (peer_addr_for_me v2:172.21.15.121:0/0)
2024-06-10T00:16:27.346 INFO:teuthology.orchestra.run.smithi121.stdout:/usr/bin/ceph: stderr
2024-06-10T00:16:22.386+0000 7feaaa59c700 1 -- 172.21.15.121:0/696459770 --> [v2:172.21.15.121:3300/0,v1:172.21.15.121:6789/0] -- mon_subscribe({config=0+,monmap=0+}) -- 0x7feaac10b210 con 0x7feaac07c550
2024-06-10T00:16:27.346 INFO:teuthology.orchestra.run.smithi121.stdout:/usr/bin/ceph: stderr
2024-06-10T00:16:22.386+0000 7feaaa59c700 1 --2- 172.21.15.121:0/696459770 >> [v2:172.21.15.121:3300/0,v1:172.21.15.121:6789/0] conn(0x7feaac07c550 0x7feaac10aac0 secure :-1 s=READY pgs=43 cs=0 l=1 rev1=1 crypto rx=0x7fea9c0098a0 tx=0x7fea9c009bb0 comp rx=0 tx=0).ready entity=mon.0 client_cookie=7f05adf49faa725c server_cookie=0 in_seq=0 out_seq=0
2024-06-10T00:16:27.346 INFO:teuthology.orchestra.run.smithi121.stdout:/usr/bin/ceph: stderr
2024-06-10T00:16:22.386+0000 7feaa9d9b700 1 -- 172.21.15.121:0/696459770 <== mon.0 v2:172.21.15.121:3300/0 1 ==== mon_map magic: 0 ==== 205+0+0 (secure 0 0 0) 0x7fea9c004160 con 0x7feaac07c550
2024-06-10T00:16:27.346 INFO:teuthology.orchestra.run.smithi121.stdout:/usr/bin/ceph: stderr
