2024-06-10T00:16:22.386+0000 7feaa9d9b700 1 -- 172.21.15.121:0/696459770 <== mon.0 v2:172.21.15.121:3300/0 2 ==== config(27 keys) ==== 1109+0+0 (secure 0 0 0) 0x7fea9c004300 con 0x7feaac07c550
2024-06-10T00:16:27.346 INFO:teuthology.orchestra.run.smithi121.stdout:/usr/bin/ceph: stderr
2024-06-10T00:16:22.386+0000 7feaa9d9b700 1 -- 172.21.15.121:0/696459770 <== mon.0 v2:172.21.15.121:3300/0 3 ==== mon_map magic: 0 ==== 205+0+0 (secure 0 0 0) 0x7fea9c011b50 con 0x7feaac07c550
2024-06-10T00:16:27.346 INFO:teuthology.orchestra.run.smithi121.stdout:/usr/bin/ceph: stderr
2024-06-10T00:16:22.387+0000 7feab0b49700 1 -- 172.21.15.121:0/696459770 >> [v2:172.21.15.121:3300/0,v1:172.21.15.121:6789/0] conn(0x7feaac07c550 msgr2=0x7feaac10aac0 secure :-1 s=STATE_CONNECTION_ESTABLISHED l=1).mark_down
2024-06-10T00:16:27.346 INFO:teuthology.orchestra.run.smithi121.stdout:/usr/bin/ceph: stderr
2024-06-10T00:16:22.387+0000 7feab0b49700 1 --2- 172.21.15.121:0/696459770 >> [v2:172.21.15.121:3300/0,v1:172.21.15.121:6789/0] conn(0x7feaac07c550 0x7feaac10aac0 secure :-1 s=READY pgs=43 cs=0 l=1 rev1=1 crypto rx=0x7fea9c0098a0 tx=0x7fea9c009bb0 comp rx=0 tx=0).stop
2024-06-10T00:16:27.346 INFO:teuthology.orchestra.run.smithi121.stdout:/usr/bin/ceph: stderr
2024-06-10T00:16:22.387+0000 7feab0b49700 1 -- 172.21.15.121:0/696459770 shutdown_connections
2024-06-10T00:16:27.346 INFO:teuthology.orchestra.run.smithi121.stdout:/usr/bin/ceph: stderr
2024-06-10T00:16:22.387+0000 7feab0b49700 1 --2- 172.21.15.121:0/696459770 >> [v2:172.21.15.121:3300/0,v1:172.21.15.121:6789/0] conn(0x7feaac07c550 0x7feaac10aac0 unknown :-1 s=CLOSED pgs=43 cs=0 l=1 rev1=1 crypto rx=0 tx=0 comp rx=0 tx=0).stop
2024-06-10T00:16:27.346 INFO:teuthology.orchestra.run.smithi121.stdout:/usr/bin/ceph: stderr
2024-06-10T00:16:22.387+0000 7feab0b49700 1 -- 172.21.15.121:0/696459770 >> 172.21.15.121:0/696459770 conn(0x7feaac102460 msgr2=0x7feaac104880 unknown :-1 s=STATE_NONE l=0).mark_down
2024-06-10T00:16:27.347 INFO:teuthology.orchestra.run.smithi121.stdout:/usr/bin/ceph: stderr
2024-06-10T00:16:22.387+0000 7feab0b49700 1 -- 172.21.15.121:0/696459770 shutdown_connections
2024-06-10T00:16:27.347 INFO:teuthology.orchestra.run.smithi121.stdout:/usr/bin/ceph: stderr
2024-06-10T00:16:22.387+0000 7feab0b49700 1 -- 172.21.15.121:0/696459770 wait complete.
2024-06-10T00:16:27.347 INFO:teuthology.orchestra.run.smithi121.stdout:/usr/bin/ceph: stderr
2024-06-10T00:16:22.387+0000 7feab0b49700 1 Processor -- start
2024-06-10T00:16:27.347 INFO:teuthology.orchestra.run.smithi121.stdout:/usr/bin/ceph: stderr
2024-06-10T00:16:22.388+0000 7feab0b49700 1 -- start start
2024-06-10T00:16:27.347 INFO:teuthology.orchestra.run.smithi121.stdout:/usr/bin/ceph: stderr
2024-06-10T00:16:22.388+0000 7feab0b49700 1 --2- >> [v2:172.21.15.121:3300/0,v1:172.21.15.121:6789/0] conn(0x7feaac19beb0 0x7feaac19c2d0 unknown :-1 s=NONE pgs=0 cs=0 l=1 rev1=0 crypto rx=0 tx=0 comp rx=0 tx=0).connect
2024-06-10T00:16:27.347 INFO:teuthology.orchestra.run.smithi121.stdout:/usr/bin/ceph: stderr
2024-06-10T00:16:22.388+0000 7feab0b49700 1 -- --> [v2:172.21.15.121:3300/0,v1:172.21.15.121:6789/0] -- mon_getmap magic: 0 -- 0x7feaac10c2f0 con 0x7feaac19beb0
2024-06-10T00:16:27.347 INFO:teuthology.orchestra.run.smithi121.stdout:/usr/bin/ceph: stderr
2024-06-10T00:16:22.388+0000 7feaaa59c700 1 --2- >> [v2:172.21.15.121:3300/0,v1:172.21.15.121:6789/0] conn(0x7feaac19beb0 0x7feaac19c2d0 unknown :-1 s=BANNER_CONNECTING pgs=0 cs=0 l=1 rev1=0 crypto rx=0 tx=0 comp rx=0 tx=0)._handle_peer_banner_payload supported=3 required=0
2024-06-10T00:16:27.347 INFO:teuthology.orchestra.run.smithi121.stdout:/usr/bin/ceph: stderr
2024-06-10T00:16:22.388+0000 7feaaa59c700 1 --2- >> [v2:172.21.15.121:3300/0,v1:172.21.15.121:6789/0] conn(0x7feaac19beb0 0x7feaac19c2d0 unknown :-1 s=HELLO_CONNECTING pgs=0 cs=0 l=1 rev1=1 crypto rx=0 tx=0 comp rx=0 tx=0).handle_hello peer v2:172.21.15.121:3300/0 says I am v2:172.21.15.121:33702/0 (socket says 172.21.15.121:33702)
2024-06-10T00:16:27.347 INFO:teuthology.orchestra.run.smithi121.stdout:/usr/bin/ceph: stderr
2024-06-10T00:16:22.388+0000 7feaaa59c700 1 -- 172.21.15.121:0/1374202211 learned_addr learned my addr 172.21.15.121:0/1374202211 (peer_addr_for_me v2:172.21.15.121:0/0)
2024-06-10T00:16:27.347 INFO:teuthology.orchestra.run.smithi121.stdout:/usr/bin/ceph: stderr
2024-06-10T00:16:22.388+0000 7feaaa59c700 1 -- 172.21.15.121:0/1374202211 --> [v2:172.21.15.121:3300/0,v1:172.21.15.121:6789/0] -- mon_subscribe({config=0+,monmap=0+}) -- 0x7feaac19c810 con 0x7feaac19beb0
2024-06-10T00:16:27.347 INFO:teuthology.orchestra.run.smithi121.stdout:/usr/bin/ceph: stderr
2024-06-10T00:16:22.388+0000 7feaaa59c700 1 --2- 172.21.15.121:0/1374202211 >> [v2:172.21.15.121:3300/0,v1:172.21.15.121:6789/0] conn(0x7feaac19beb0 0x7feaac19c2d0 secure :-1 s=READY pgs=44 cs=0 l=1 rev1=1 crypto rx=0x7fea9c011670 tx=0x7fea9c011b60 comp rx=0 tx=0).ready entity=mon.0 client_cookie=0 server_cookie=0 in_seq=0 out_seq=0
2024-06-10T00:16:27.347 INFO:teuthology.orchestra.run.smithi121.stdout:/usr/bin/ceph: stderr
2024-06-10T00:16:22.388+0000 7feaa3fff700 1 -- 172.21.15.121:0/1374202211 <== mon.0 v2:172.21.15.121:3300/0 1 ==== mon_map magic: 0 ==== 205+0+0 (secure 0 0 0) 0x7fea9c0039c0 con 0x7feaac19beb0
2024-06-10T00:16:27.348 INFO:teuthology.orchestra.run.smithi121.stdout:/usr/bin/ceph: stderr
2024-06-10T00:16:22.389+0000 7feaa3fff700 1 -- 172.21.15.121:0/1374202211 <== mon.0 v2:172.21.15.121:3300/0 2 ==== config(27 keys) ==== 1109+0+0 (secure 0 0 0) 0x7fea9c011e50 con 0x7feaac19beb0
2024-06-10T00:16:27.348 INFO:teuthology.orchestra.run.smithi121.stdout:/usr/bin/ceph: stderr
2024-06-10T00:16:22.389+0000 7feab0b49700 1 -- 172.21.15.121:0/1374202211 --> [v2:172.21.15.121:3300/0,v1:172.21.15.121:6789/0] -- mon_subscribe({mgrmap=0+}) -- 0x7feaac19caa0 con 0x7feaac19beb0
2024-06-10T00:16:27.348 INFO:teuthology.orchestra.run.smithi121.stdout:/usr/bin/ceph: stderr
2024-06-10T00:16:22.389+0000 7feaa3fff700 1 -- 172.21.15.121:0/1374202211 <== mon.0 v2:172.21.15.121:3300/0 3 ==== mon_map magic: 0 ==== 205+0+0 (secure 0 0 0) 0x7fea9c01a5c0 con 0x7feaac19beb0
2024-06-10T00:16:27.348 INFO:teuthology.orchestra.run.smithi121.stdout:/usr/bin/ceph: stderr
2024-06-10T00:16:22.389+0000 7feab0b49700 1 -- 172.21.15.121:0/1374202211 --> [v2:172.21.15.121:3300/0,v1:172.21.15.121:6789/0] -- mon_subscribe({osdmap=0}) -- 0x7feaac19f580 con 0x7feaac19beb0
2024-06-10T00:16:27.348 INFO:teuthology.orchestra.run.smithi121.stdout:/usr/bin/ceph: stderr
2024-06-10T00:16:22.389+0000 7feaa3fff700 1 -- 172.21.15.121:0/1374202211 <== mon.0 v2:172.21.15.121:3300/0 4 ==== mgrmap(e 8) ==== 46287+0+0 (secure 0 0 0) 0x7fea9c01a8c0 con 0x7feaac19beb0
2024-06-10T00:16:27.348 INFO:teuthology.orchestra.run.smithi121.stdout:/usr/bin/ceph: stderr
2024-06-10T00:16:22.390+0000 7feaa3fff700 1 --2- 172.21.15.121:0/1374202211 >> [v2:172.21.15.121:6800/704666019,v1:172.21.15.121:6801/704666019] conn(0x7fea98039000 0x7fea9803b4c0 unknown :-1 s=NONE pgs=0 cs=0 l=1 rev1=0 crypto rx=0 tx=0 comp rx=0 tx=0).connect
2024-06-10T00:16:27.348 INFO:teuthology.orchestra.run.smithi121.stdout:/usr/bin/ceph: stderr
2024-06-10T00:16:22.390+0000 7feaa3fff700 1 -- 172.21.15.121:0/1374202211 <== mon.0 v2:172.21.15.121:3300/0 5 ==== osd_map(2..2 src has 1..2) ==== 940+0+0 (secure 0 0 0) 0x7fea9c04e460 con 0x7feaac19beb0
2024-06-10T00:16:27.348 INFO:teuthology.orchestra.run.smithi121.stdout:/usr/bin/ceph: stderr
2024-06-10T00:16:22.390+0000 7feaa1d9b700 1 --2- 172.21.15.121:0/1374202211 >> [v2:172.21.15.121:6800/704666019,v1:172.21.15.121:6801/704666019] conn(0x7fea98039000 0x7fea9803b4c0 unknown :-1 s=BANNER_CONNECTING pgs=0 cs=0 l=1 rev1=0 crypto rx=0 tx=0 comp rx=0 tx=0)._handle_peer_banner_payload supported=3 required=0
2024-06-10T00:16:27.348 INFO:teuthology.orchestra.run.smithi121.stdout:/usr/bin/ceph: stderr
2024-06-10T00:16:22.390+0000 7feab0b49700 1 -- 172.21.15.121:0/1374202211 --> [v2:172.21.15.121:3300/0,v1:172.21.15.121:6789/0] -- mon_command({"prefix": "get_command_descriptions"} v 0) -- 0x7feaac063af0 con 0x7feaac19beb0
2024-06-10T00:16:27.348 INFO:teuthology.orchestra.run.smithi121.stdout:/usr/bin/ceph: stderr
2024-06-10T00:16:22.390+0000 7feaa1d9b700 1 --2- 172.21.15.121:0/1374202211 >> [v2:172.21.15.121:6800/704666019,v1:172.21.15.121:6801/704666019] conn(0x7fea98039000 0x7fea9803b4c0 secure :-1 s=READY pgs=11 cs=0 l=1 rev1=1 crypto rx=0x7fea94006fd0 tx=0x7fea94006e40 comp rx=0 tx=0).ready entity=mgr.14118 client_cookie=0 server_cookie=0 in_seq=0 out_seq=0
2024-06-10T00:16:27.348 INFO:teuthology.orchestra.run.smithi121.stdout:/usr/bin/ceph: stderr
2024-06-10T00:16:22.395+0000 7feaa3fff700 1 -- 172.21.15.121:0/1374202211 <== mon.0 v2:172.21.15.121:3300/0 6 ==== mon_command_ack([{"prefix": "get_command_descriptions"}]=0 v0) ==== 72+0+186418 (secure 0 0 0) 0x7fea9c019c70 con 0x7feaac19beb0
2024-06-10T00:16:27.348 INFO:teuthology.orchestra.run.smithi121.stdout:/usr/bin/ceph: stderr
2024-06-10T00:16:22.592+0000 7feab0b49700 1 -- 172.21.15.121:0/1374202211 --> [v2:172.21.15.121:6800/704666019,v1:172.21.15.121:6801/704666019] -- mgr_command(tid 0: {"prefix": "orch host add", "hostname": "smithi121", "addr": "172.21.15.121", "target": ["mon-mgr", ""]}) -- 0x7feaac103750 con 0x7fea98039000
2024-06-10T00:16:27.348 INFO:teuthology.orchestra.run.smithi121.stdout:/usr/bin/ceph: stderr
2024-06-10T00:16:26.771+0000 7feaa3fff700 1 -- 172.21.15.121:0/1374202211 <== mgr.14118 v2:172.21.15.121:6800/704666019 1 ==== mgr_command_reply(tid 0: 0 ) ==== 8+0+49 (secure 0 0 0) 0x7feaac103750 con 0x7fea98039000
2024-06-10T00:16:27.348 INFO:teuthology.orchestra.run.smithi121.stdout:/usr/bin/ceph: stderr
2024-06-10T00:16:26.774+0000 7feab0b49700 1 -- 172.21.15.121:0/1374202211 >> [v2:172.21.15.121:6800/704666019,v1:172.21.15.121:6801/704666019] conn(0x7fea98039000 msgr2=0x7fea9803b4c0 secure :-1 s=STATE_CONNECTION_ESTABLISHED l=1).mark_down
2024-06-10T00:16:27.349 INFO:teuthology.orchestra.run.smithi121.stdout:/usr/bin/ceph: stderr
2024-06-10T00:16:26.774+0000 7feab0b49700 1 --2- 172.21.15.121:0/1374202211 >> [v2:172.21.15.121:6800/704666019,v1:172.21.15.121:6801/704666019] conn(0x7fea98039000 0x7fea9803b4c0 secure :-1 s=READY pgs=11 cs=0 l=1 rev1=1 crypto rx=0x7fea94006fd0 tx=0x7fea94006e40 comp rx=0 tx=0).stop
2024-06-10T00:16:27.349 INFO:teuthology.orchestra.run.smithi121.stdout:/usr/bin/ceph: stderr
2024-06-10T00:16:26.774+0000 7feab0b49700 1 -- 172.21.15.121:0/1374202211 >> [v2:172.21.15.121:3300/0,v1:172.21.15.121:6789/0] conn(0x7feaac19beb0 msgr2=0x7feaac19c2d0 secure :-1 s=STATE_CONNECTION_ESTABLISHED l=1).mark_down
2024-06-10T00:16:27.349 INFO:teuthology.orchestra.run.smithi121.stdout:/usr/bin/ceph: stderr
2024-06-10T00:16:26.774+0000 7feab0b49700 1 --2- 172.21.15.121:0/1374202211 >> [v2:172.21.15.121:3300/0,v1:172.21.15.121:6789/0] conn(0x7feaac19beb0 0x7feaac19c2d0 secure :-1 s=READY pgs=44 cs=0 l=1 rev1=1 crypto rx=0x7fea9c011670 tx=0x7fea9c011b60 comp rx=0 tx=0).stop
2024-06-10T00:16:27.349 INFO:teuthology.orchestra.run.smithi121.stdout:/usr/bin/ceph: stderr
2024-06-10T00:16:26.774+0000 7feab0b49700 1 -- 172.21.15.121:0/1374202211 shutdown_connections
2024-06-10T00:16:27.349 INFO:teuthology.orchestra.run.smithi121.stdout:/usr/bin/ceph: stderr
2024-06-10T00:16:26.774+0000 7feab0b49700 1 --2- 172.21.15.121:0/1374202211 >> [v2:172.21.15.121:6800/704666019,v1:172.21.15.121:6801/704666019] conn(0x7fea98039000 0x7fea9803b4c0 unknown :-1 s=CLOSED pgs=11 cs=0 l=1 rev1=1 crypto rx=0 tx=0 comp rx=0 tx=0).stop
2024-06-10T00:16:27.349 INFO:teuthology.orchestra.run.smithi121.stdout:/usr/bin/ceph: stderr
2024-06-10T00:16:26.774+0000 7feab0b49700 1 --2- 172.21.15.121:0/1374202211 >> [v2:172.21.15.121:3300/0,v1:172.21.15.121:6789/0] conn(0x7feaac19beb0 0x7feaac19c2d0 unknown :-1 s=CLOSED pgs=44 cs=0 l=1 rev1=1 crypto rx=0 tx=0 comp rx=0 tx=0).stop
2024-06-10T00:16:27.349 INFO:teuthology.orchestra.run.smithi121.stdout:/usr/bin/ceph: stderr
2024-06-10T00:16:26.774+0000 7feab0b49700 1 -- 172.21.15.121:0/1374202211 >> 172.21.15.121:0/1374202211 conn(0x7feaac102460 msgr2=0x7feaac103040 unknown :-1 s=STATE_NONE l=0).mark_down
2024-06-10T00:16:27.349 INFO:teuthology.orchestra.run.smithi121.stdout:/usr/bin/ceph: stderr
2024-06-10T00:16:26.774+0000 7feab0b49700 1 -- 172.21.15.121:0/1374202211 shutdown_connections
2024-06-10T00:16:27.349 INFO:teuthology.orchestra.run.smithi121.stdout:/usr/bin/ceph: stderr
2024-06-10T00:16:26.774+0000 7feab0b49700 1 -- 172.21.15.121:0/1374202211 wait complete.
2024-06-10T00:16:27.349 INFO:teuthology.orchestra.run.smithi121.stdout:Deploying unmanaged mon service...
2024-06-10T00:16:27.944 INFO:journalctl@ceph.mon.a.smithi121.stdout:Jun 10 00:16:27 smithi121 ceph-mon[32378]: from='mgr.14118 172.21.15.121:0/1323672259' entity='mgr.x'
2024-06-10T00:16:27.945 INFO:journalctl@ceph.mon.a.smithi121.stdout:Jun 10 00:16:27 smithi121 ceph-mon[32378]: Added host smithi121
2024-06-10T00:16:27.945 INFO:journalctl@ceph.mon.a.smithi121.stdout:Jun 10 00:16:27 smithi121 ceph-mon[32378]: from='mgr.14118 172.21.15.121:0/1323672259' entity='mgr.x' cmd=[{"prefix": "config dump", "format": "json"}]: dispatch
2024-06-10T00:16:28.976 INFO:teuthology.orchestra.run.smithi121.stdout:/usr/bin/ceph: stdout Scheduled mon update...
2024-06-10T00:16:28.976 INFO:teuthology.orchestra.run.smithi121.stdout:/usr/bin/ceph: stderr
2024-06-10T00:16:27.797+0000 7fce2ae33700 1 Processor -- start
2024-06-10T00:16:28.976 INFO:teuthology.orchestra.run.smithi121.stdout:/usr/bin/ceph: stderr
2024-06-10T00:16:27.797+0000 7fce2ae33700 1 -- start start
2024-06-10T00:16:28.976 INFO:teuthology.orchestra.run.smithi121.stdout:/usr/bin/ceph: stderr
2024-06-10T00:16:27.797+0000 7fce2ae33700 1 --2- >> [v2:172.21.15.121:3300/0,v1:172.21.15.121:6789/0] conn(0x7fce24108a10 0x7fce2410ae00 unknown :-1 s=NONE pgs=0 cs=0 l=0 rev1=0 crypto rx=0 tx=0 comp rx=0 tx=0).connect
2024-06-10T00:16:28.976 INFO:teuthology.orchestra.run.smithi121.stdout:/usr/bin/ceph: stderr
2024-06-10T00:16:27.797+0000 7fce2ae33700 1 -- --> [v2:172.21.15.121:3300/0,v1:172.21.15.121:6789/0] -- mon_getmap magic: 0 -- 0x7fce2407c6a0 con 0x7fce24108a10
2024-06-10T00:16:28.976 INFO:teuthology.orchestra.run.smithi121.stdout:/usr/bin/ceph: stderr
2024-06-10T00:16:27.797+0000 7fce28bcf700 1 --2- >> [v2:172.21.15.121:3300/0,v1:172.21.15.121:6789/0] conn(0x7fce24108a10 0x7fce2410ae00 unknown :-1 s=BANNER_CONNECTING pgs=0 cs=0 l=0 rev1=0 crypto rx=0 tx=0 comp rx=0 tx=0)._handle_peer_banner_payload supported=3 required=0
2024-06-10T00:16:28.976 INFO:teuthology.orchestra.run.smithi121.stdout:/usr/bin/ceph: stderr
2024-06-10T00:16:27.797+0000 7fce28bcf700 1 --2- >> [v2:172.21.15.121:3300/0,v1:172.21.15.121:6789/0] conn(0x7fce24108a10 0x7fce2410ae00 unknown :-1 s=HELLO_CONNECTING pgs=0 cs=0 l=0 rev1=1 crypto rx=0 tx=0 comp rx=0 tx=0).handle_hello peer v2:172.21.15.121:3300/0 says I am v2:172.21.15.121:33714/0 (socket says 172.21.15.121:33714)
2024-06-10T00:16:28.977 INFO:teuthology.orchestra.run.smithi121.stdout:/usr/bin/ceph: stderr
2024-06-10T00:16:27.797+0000 7fce28bcf700 1 -- 172.21.15.121:0/3010119857 learned_addr learned my addr 172.21.15.121:0/3010119857 (peer_addr_for_me v2:172.21.15.121:0/0)
2024-06-10T00:16:28.977 INFO:teuthology.orchestra.run.smithi121.stdout:/usr/bin/ceph: stderr
2024-06-10T00:16:27.797+0000 7fce28bcf700 1 -- 172.21.15.121:0/3010119857 --> [v2:172.21.15.121:3300/0,v1:172.21.15.121:6789/0] -- mon_subscribe({config=0+,monmap=0+}) -- 0x7fce2410b340 con 0x7fce24108a10
2024-06-10T00:16:28.977 INFO:teuthology.orchestra.run.smithi121.stdout:/usr/bin/ceph: stderr
2024-06-10T00:16:27.798+0000 7fce28bcf700 1 --2- 172.21.15.121:0/3010119857 >> [v2:172.21.15.121:3300/0,v1:172.21.15.121:6789/0] conn(0x7fce24108a10 0x7fce2410ae00 secure :-1 s=READY pgs=45 cs=0 l=1 rev1=1 crypto rx=0x7fce180098a0 tx=0x7fce18009bb0 comp rx=0 tx=0).ready entity=mon.0 client_cookie=6779e28ec82c1b13 server_cookie=0 in_seq=0 out_seq=0
2024-06-10T00:16:28.977 INFO:teuthology.orchestra.run.smithi121.stdout:/usr/bin/ceph: stderr
2024-06-10T00:16:27.798+0000 7fce237fe700 1 -- 172.21.15.121:0/3010119857 <== mon.0 v2:172.21.15.121:3300/0 1 ==== mon_map magic: 0 ==== 205+0+0 (secure 0 0 0) 0x7fce18004160 con 0x7fce24108a10
2024-06-10T00:16:28.977 INFO:teuthology.orchestra.run.smithi121.stdout:/usr/bin/ceph: stderr
2024-06-10T00:16:27.798+0000 7fce237fe700 1 -- 172.21.15.121:0/3010119857 <== mon.0 v2:172.21.15.121:3300/0 2 ==== config(27 keys) ==== 1109+0+0 (secure 0 0 0) 0x7fce18004300 con 0x7fce24108a10
2024-06-10T00:16:28.977 INFO:teuthology.orchestra.run.smithi121.stdout:/usr/bin/ceph: stderr
2024-06-10T00:16:27.798+0000 7fce237fe700 1 -- 172.21.15.121:0/3010119857 <== mon.0 v2:172.21.15.121:3300/0 3 ==== mon_map magic: 0 ==== 205+0+0 (secure 0 0 0) 0x7fce18011b50 con 0x7fce24108a10
2024-06-10T00:16:28.977 INFO:teuthology.orchestra.run.smithi121.stdout:/usr/bin/ceph: stderr
2024-06-10T00:16:27.798+0000 7fce2ae33700 1 -- 172.21.15.121:0/3010119857 >> [v2:172.21.15.121:3300/0,v1:172.21.15.121:6789/0] conn(0x7fce24108a10 msgr2=0x7fce2410ae00 secure :-1 s=STATE_CONNECTION_ESTABLISHED l=1).mark_down
2024-06-10T00:16:28.977 INFO:teuthology.orchestra.run.smithi121.stdout:/usr/bin/ceph: stderr
2024-06-10T00:16:27.798+0000 7fce2ae33700 1 --2- 172.21.15.121:0/3010119857 >> [v2:172.21.15.121:3300/0,v1:172.21.15.121:6789/0] conn(0x7fce24108a10 0x7fce2410ae00 secure :-1 s=READY pgs=45 cs=0 l=1 rev1=1 crypto rx=0x7fce180098a0 tx=0x7fce18009bb0 comp rx=0 tx=0).stop
2024-06-10T00:16:28.977 INFO:teuthology.orchestra.run.smithi121.stdout:/usr/bin/ceph: stderr
2024-06-10T00:16:27.798+0000 7fce2ae33700 1 -- 172.21.15.121:0/3010119857 shutdown_connections
2024-06-10T00:16:28.977 INFO:teuthology.orchestra.run.smithi121.stdout:/usr/bin/ceph: stderr
2024-06-10T00:16:27.798+0000 7fce2ae33700 1 --2- 172.21.15.121:0/3010119857 >> [v2:172.21.15.121:3300/0,v1:172.21.15.121:6789/0] conn(0x7fce24108a10 0x7fce2410ae00 unknown :-1 s=CLOSED pgs=45 cs=0 l=1 rev1=1 crypto rx=0 tx=0 comp rx=0 tx=0).stop
2024-06-10T00:16:28.977 INFO:teuthology.orchestra.run.smithi121.stdout:/usr/bin/ceph: stderr
2024-06-10T00:16:27.798+0000 7fce2ae33700 1 -- 172.21.15.121:0/3010119857 >> 172.21.15.121:0/3010119857 conn(0x7fce24102460 msgr2=0x7fce24104880 unknown :-1 s=STATE_NONE l=0).mark_down
2024-06-10T00:16:28.977 INFO:teuthology.orchestra.run.smithi121.stdout:/usr/bin/ceph: stderr
2024-06-10T00:16:27.798+0000 7fce2ae33700 1 -- 172.21.15.121:0/3010119857 shutdown_connections
2024-06-10T00:16:28.977 INFO:teuthology.orchestra.run.smithi121.stdout:/usr/bin/ceph: stderr
2024-06-10T00:16:27.798+0000 7fce2ae33700 1 -- 172.21.15.121:0/3010119857 wait complete.
2024-06-10T00:16:28.977 INFO:teuthology.orchestra.run.smithi121.stdout:/usr/bin/ceph: stderr
2024-06-10T00:16:27.799+0000 7fce2ae33700 1 Processor -- start
2024-06-10T00:16:28.978 INFO:teuthology.orchestra.run.smithi121.stdout:/usr/bin/ceph: stderr
2024-06-10T00:16:27.799+0000 7fce2ae33700 1 -- start start
2024-06-10T00:16:28.978 INFO:teuthology.orchestra.run.smithi121.stdout:/usr/bin/ceph: stderr
2024-06-10T00:16:27.799+0000 7fce2ae33700 1 --2- >> [v2:172.21.15.121:3300/0,v1:172.21.15.121:6789/0] conn(0x7fce24108a10 0x7fce2419bea0 unknown :-1 s=NONE pgs=0 cs=0 l=1 rev1=0 crypto rx=0 tx=0 comp rx=0 tx=0).connect
2024-06-10T00:16:28.978 INFO:teuthology.orchestra.run.smithi121.stdout:/usr/bin/ceph: stderr
2024-06-10T00:16:27.799+0000 7fce2ae33700 1 -- --> [v2:172.21.15.121:3300/0,v1:172.21.15.121:6789/0] -- mon_getmap magic: 0 -- 0x7fce2410c300 con 0x7fce24108a10
2024-06-10T00:16:28.978 INFO:teuthology.orchestra.run.smithi121.stdout:/usr/bin/ceph: stderr
2024-06-10T00:16:27.799+0000 7fce28bcf700 1 --2- >> [v2:172.21.15.121:3300/0,v1:172.21.15.121:6789/0] conn(0x7fce24108a10 0x7fce2419bea0 unknown :-1 s=BANNER_CONNECTING pgs=0 cs=0 l=1 rev1=0 crypto rx=0 tx=0 comp rx=0 tx=0)._handle_peer_banner_payload supported=3 required=0
2024-06-10T00:16:28.978 INFO:teuthology.orchestra.run.smithi121.stdout:/usr/bin/ceph: stderr
2024-06-10T00:16:27.799+0000 7fce28bcf700 1 --2- >> [v2:172.21.15.121:3300/0,v1:172.21.15.121:6789/0] conn(0x7fce24108a10 0x7fce2419bea0 unknown :-1 s=HELLO_CONNECTING pgs=0 cs=0 l=1 rev1=1 crypto rx=0 tx=0 comp rx=0 tx=0).handle_hello peer v2:172.21.15.121:3300/0 says I am v2:172.21.15.121:33728/0 (socket says 172.21.15.121:33728)
2024-06-10T00:16:28.978 INFO:teuthology.orchestra.run.smithi121.stdout:/usr/bin/ceph: stderr
2024-06-10T00:16:27.799+0000 7fce28bcf700 1 -- 172.21.15.121:0/1751654815 learned_addr learned my addr 172.21.15.121:0/1751654815 (peer_addr_for_me v2:172.21.15.121:0/0)
2024-06-10T00:16:28.978 INFO:teuthology.orchestra.run.smithi121.stdout:/usr/bin/ceph: stderr
2024-06-10T00:16:27.799+0000 7fce28bcf700 1 -- 172.21.15.121:0/1751654815 --> [v2:172.21.15.121:3300/0,v1:172.21.15.121:6789/0] -- mon_subscribe({config=0+,monmap=0+}) -- 0x7fce2419c3e0 con 0x7fce24108a10
2024-06-10T00:16:28.978 INFO:teuthology.orchestra.run.smithi121.stdout:/usr/bin/ceph: stderr
2024-06-10T00:16:27.800+0000 7fce28bcf700 1 --2- 172.21.15.121:0/1751654815 >> [v2:172.21.15.121:3300/0,v1:172.21.15.121:6789/0] conn(0x7fce24108a10 0x7fce2419bea0 secure :-1 s=READY pgs=46 cs=0 l=1 rev1=1 crypto rx=0x7fce18011b60 tx=0x7fce18011c40 comp rx=0 tx=0).ready entity=mon.0 client_cookie=0 server_cookie=0 in_seq=0 out_seq=0
2024-06-10T00:16:28.978 INFO:teuthology.orchestra.run.smithi121.stdout:/usr/bin/ceph: stderr
2024-06-10T00:16:27.800+0000 7fce21ffb700 1 -- 172.21.15.121:0/1751654815 <== mon.0 v2:172.21.15.121:3300/0 1 ==== mon_map magic: 0 ==== 205+0+0 (secure 0 0 0) 0x7fce18003b20 con 0x7fce24108a10
2024-06-10T00:16:28.978 INFO:teuthology.orchestra.run.smithi121.stdout:/usr/bin/ceph: stderr
2024-06-10T00:16:27.800+0000 7fce2ae33700 1 -- 172.21.15.121:0/1751654815 --> [v2:172.21.15.121:3300/0,v1:172.21.15.121:6789/0] -- mon_subscribe({mgrmap=0+}) -- 0x7fce2419c670 con 0x7fce24108a10
2024-06-10T00:16:28.978 INFO:teuthology.orchestra.run.smithi121.stdout:/usr/bin/ceph: stderr
2024-06-10T00:16:27.800+0000 7fce21ffb700 1 -- 172.21.15.121:0/1751654815 <== mon.0 v2:172.21.15.121:3300/0 2 ==== config(27 keys) ==== 1109+0+0 (secure 0 0 0) 0x7fce18003cc0 con 0x7fce24108a10
2024-06-10T00:16:28.978 INFO:teuthology.orchestra.run.smithi121.stdout:/usr/bin/ceph: stderr
2024-06-10T00:16:27.800+0000 7fce21ffb700 1 -- 172.21.15.121:0/1751654815 <== mon.0 v2:172.21.15.121:3300/0 3 ==== mon_map magic: 0 ==== 205+0+0 (secure 0 0 0) 0x7fce18024840 con 0x7fce24108a10
2024-06-10T00:16:28.978 INFO:teuthology.orchestra.run.smithi121.stdout:/usr/bin/ceph: stderr
2024-06-10T00:16:27.800+0000 7fce2ae33700 1 -- 172.21.15.121:0/1751654815 --> [v2:172.21.15.121:3300/0,v1:172.21.15.121:6789/0] -- mon_subscribe({osdmap=0}) -- 0x7fce2419f360 con 0x7fce24108a10
2024-06-10T00:16:28.978 INFO:teuthology.orchestra.run.smithi121.stdout:/usr/bin/ceph: stderr
2024-06-10T00:16:27.801+0000 7fce21ffb700 1 -- 172.21.15.121:0/1751654815 <== mon.0 v2:172.21.15.121:3300/0 4 ==== mgrmap(e 8) ==== 46287+0+0 (secure 0 0 0) 0x7fce18022020 con 0x7fce24108a10
2024-06-10T00:16:28.979 INFO:teuthology.orchestra.run.smithi121.stdout:/usr/bin/ceph: stderr
2024-06-10T00:16:27.801+0000 7fce2ae33700 1 -- 172.21.15.121:0/1751654815 --> [v2:172.21.15.121:3300/0,v1:172.21.15.121:6789/0] -- mon_command({"prefix": "get_command_descriptions"} v 0) -- 0x7fce24063af0 con 0x7fce24108a10
2024-06-10T00:16:28.979 INFO:teuthology.orchestra.run.smithi121.stdout:/usr/bin/ceph: stderr
2024-06-10T00:16:27.801+0000 7fce21ffb700 1 --2- 172.21.15.121:0/1751654815 >> [v2:172.21.15.121:6800/704666019,v1:172.21.15.121:6801/704666019] conn(0x7fce14039050 0x7fce1403b510 unknown :-1 s=NONE pgs=0 cs=0 l=1 rev1=0 crypto rx=0 tx=0 comp rx=0 tx=0).connect
2024-06-10T00:16:28.979 INFO:teuthology.orchestra.run.smithi121.stdout:/usr/bin/ceph: stderr
2024-06-10T00:16:27.801+0000 7fce21ffb700 1 -- 172.21.15.121:0/1751654815 <== mon.0 v2:172.21.15.121:3300/0 5 ==== osd_map(2..2 src has 1..2) ==== 940+0+0 (secure 0 0 0) 0x7fce18011e00 con 0x7fce24108a10
2024-06-10T00:16:28.979 INFO:teuthology.orchestra.run.smithi121.stdout:/usr/bin/ceph: stderr
2024-06-10T00:16:27.801+0000 7fce23fff700 1 --2- 172.21.15.121:0/1751654815 >> [v2:172.21.15.121:6800/704666019,v1:172.21.15.121:6801/704666019] conn(0x7fce14039050 0x7fce1403b510 unknown :-1 s=BANNER_CONNECTING pgs=0 cs=0 l=1 rev1=0 crypto rx=0 tx=0 comp rx=0 tx=0)._handle_peer_banner_payload supported=3 required=0
2024-06-10T00:16:28.979 INFO:teuthology.orchestra.run.smithi121.stdout:/usr/bin/ceph: stderr
2024-06-10T00:16:27.801+0000 7fce23fff700 1 --2- 172.21.15.121:0/1751654815 >> [v2:172.21.15.121:6800/704666019,v1:172.21.15.121:6801/704666019] conn(0x7fce14039050 0x7fce1403b510 secure :-1 s=READY pgs=12 cs=0 l=1 rev1=1 crypto rx=0x7fce10006fd0 tx=0x7fce10006e40 comp rx=0 tx=0).ready entity=mgr.14118 client_cookie=0 server_cookie=0 in_seq=0 out_seq=0
2024-06-10T00:16:28.979 INFO:teuthology.orchestra.run.smithi121.stdout:/usr/bin/ceph: stderr
2024-06-10T00:16:27.806+0000 7fce21ffb700 1 -- 172.21.15.121:0/1751654815 <== mon.0 v2:172.21.15.121:3300/0 6 ==== mon_command_ack([{"prefix": "get_command_descriptions"}]=0 v0) ==== 72+0+186418 (secure 0 0 0) 0x7fce1800ba30 con 0x7fce24108a10
2024-06-10T00:16:28.979 INFO:teuthology.orchestra.run.smithi121.stdout:/usr/bin/ceph: stderr
2024-06-10T00:16:28.025+0000 7fce2ae33700 1 -- 172.21.15.121:0/1751654815 --> [v2:172.21.15.121:6800/704666019,v1:172.21.15.121:6801/704666019] -- mgr_command(tid 0: {"prefix": "orch apply", "service_type": "mon", "unmanaged": true, "target": ["mon-mgr", ""]}) -- 0x7fce241036e0 con 0x7fce14039050
2024-06-10T00:16:28.979 INFO:teuthology.orchestra.run.smithi121.stdout:/usr/bin/ceph: stderr
2024-06-10T00:16:28.030+0000 7fce21ffb700 1 -- 172.21.15.121:0/1751654815 <== mgr.14118 v2:172.21.15.121:6800/704666019 1 ==== mgr_command_reply(tid 0: 0 ) ==== 8+0+24 (secure 0 0 0) 0x7fce241036e0 con 0x7fce14039050
2024-06-10T00:16:28.979 INFO:teuthology.orchestra.run.smithi121.stdout:/usr/bin/ceph: stderr
2024-06-10T00:16:28.032+0000 7fce2ae33700 1 -- 172.21.15.121:0/1751654815 >> [v2:172.21.15.121:6800/704666019,v1:172.21.15.121:6801/704666019] conn(0x7fce14039050 msgr2=0x7fce1403b510 secure :-1 s=STATE_CONNECTION_ESTABLISHED l=1).mark_down
2024-06-10T00:16:28.979 INFO:teuthology.orchestra.run.smithi121.stdout:/usr/bin/ceph: stderr
2024-06-10T00:16:28.032+0000 7fce2ae33700 1 --2- 172.21.15.121:0/1751654815 >> [v2:172.21.15.121:6800/704666019,v1:172.21.15.121:6801/704666019] conn(0x7fce14039050 0x7fce1403b510 secure :-1 s=READY pgs=12 cs=0 l=1 rev1=1 crypto rx=0x7fce10006fd0 tx=0x7fce10006e40 comp rx=0 tx=0).stop
2024-06-10T00:16:28.980 INFO:teuthology.orchestra.run.smithi121.stdout:/usr/bin/ceph: stderr
2024-06-10T00:16:28.032+0000 7fce2ae33700 1 -- 172.21.15.121:0/1751654815 >> [v2:172.21.15.121:3300/0,v1:172.21.15.121:6789/0] conn(0x7fce24108a10 msgr2=0x7fce2419bea0 secure :-1 s=STATE_CONNECTION_ESTABLISHED l=1).mark_down
2024-06-10T00:16:28.980 INFO:teuthology.orchestra.run.smithi121.stdout:/usr/bin/ceph: stderr
2024-06-10T00:16:28.032+0000 7fce2ae33700 1 --2- 172.21.15.121:0/1751654815 >> [v2:172.21.15.121:3300/0,v1:172.21.15.121:6789/0] conn(0x7fce24108a10 0x7fce2419bea0 secure :-1 s=READY pgs=46 cs=0 l=1 rev1=1 crypto rx=0x7fce18011b60 tx=0x7fce18011c40 comp rx=0 tx=0).stop
2024-06-10T00:16:28.980 INFO:teuthology.orchestra.run.smithi121.stdout:/usr/bin/ceph: stderr
2024-06-10T00:16:28.032+0000 7fce2ae33700 1 -- 172.21.15.121:0/1751654815 shutdown_connections
2024-06-10T00:16:28.980 INFO:teuthology.orchestra.run.smithi121.stdout:/usr/bin/ceph: stderr
2024-06-10T00:16:28.032+0000 7fce2ae33700 1 --2- 172.21.15.121:0/1751654815 >> [v2:172.21.15.121:6800/704666019,v1:172.21.15.121:6801/704666019] conn(0x7fce14039050 0x7fce1403b510 unknown :-1 s=CLOSED pgs=12 cs=0 l=1 rev1=1 crypto rx=0 tx=0 comp rx=0 tx=0).stop
2024-06-10T00:16:28.980 INFO:teuthology.orchestra.run.smithi121.stdout:/usr/bin/ceph: stderr
2024-06-10T00:16:28.032+0000 7fce2ae33700 1 --2- 172.21.15.121:0/1751654815 >> [v2:172.21.15.121:3300/0,v1:172.21.15.121:6789/0] conn(0x7fce24108a10 0x7fce2419bea0 unknown :-1 s=CLOSED pgs=46 cs=0 l=1 rev1=1 crypto rx=0 tx=0 comp rx=0 tx=0).stop
2024-06-10T00:16:28.980 INFO:teuthology.orchestra.run.smithi121.stdout:/usr/bin/ceph: stderr
2024-06-10T00:16:28.032+0000 7fce2ae33700 1 -- 172.21.15.121:0/1751654815 >> 172.21.15.121:0/1751654815 conn(0x7fce24102460 msgr2=0x7fce24102fd0 unknown :-1 s=STATE_NONE l=0).mark_down
2024-06-10T00:16:28.980 INFO:teuthology.orchestra.run.smithi121.stdout:/usr/bin/ceph: stderr
2024-06-10T00:16:28.032+0000 7fce2ae33700 1 -- 172.21.15.121:0/1751654815 shutdown_connections
2024-06-10T00:16:28.980 INFO:teuthology.orchestra.run.smithi121.stdout:/usr/bin/ceph: stderr
2024-06-10T00:16:28.032+0000 7fce2ae33700 1 -- 172.21.15.121:0/1751654815 wait complete.
2024-06-10T00:16:28.980 INFO:teuthology.orchestra.run.smithi121.stdout:Deploying unmanaged mgr service...
2024-06-10T00:16:29.449 INFO:journalctl@ceph.mon.a.smithi121.stdout:Jun 10 00:16:29 smithi121 ceph-mon[32378]: from='client.14140 -' entity='client.admin' cmd=[{"prefix": "orch apply", "service_type": "mon", "unmanaged": true, "target": ["mon-mgr", ""]}]: dispatch
2024-06-10T00:16:29.449 INFO:journalctl@ceph.mon.a.smithi121.stdout:Jun 10 00:16:29 smithi121 ceph-mon[32378]: Saving service mon spec with placement count:5
2024-06-10T00:16:29.449 INFO:journalctl@ceph.mon.a.smithi121.stdout:Jun 10 00:16:29 smithi121 ceph-mon[32378]: from='mgr.14118 172.21.15.121:0/1323672259' entity='mgr.x'
2024-06-10T00:16:30.652 INFO:journalctl@ceph.mon.a.smithi121.stdout:Jun 10 00:16:30 smithi121 ceph-mon[32378]: from='mgr.14118 172.21.15.121:0/1323672259' entity='mgr.x'
2024-06-10T00:16:30.652 INFO:journalctl@ceph.mon.a.smithi121.stdout:Jun 10 00:16:30 smithi121 ceph-mon[32378]: from='mgr.14118 172.21.15.121:0/1323672259' entity='mgr.x'
2024-06-10T00:16:30.652 INFO:journalctl@ceph.mon.a.smithi121.stdout:Jun 10 00:16:30 smithi121 ceph-mon[32378]: from='mgr.14118 172.21.15.121:0/1323672259' entity='mgr.x'
2024-06-10T00:16:30.659 INFO:teuthology.orchestra.run.smithi121.stdout:/usr/bin/ceph: stdout Scheduled mgr update...
2024-06-10T00:16:30.659 INFO:teuthology.orchestra.run.smithi121.stdout:/usr/bin/ceph: stderr
2024-06-10T00:16:29.826+0000 7f6f08f5f700 1 Processor -- start
2024-06-10T00:16:30.659 INFO:teuthology.orchestra.run.smithi121.stdout:/usr/bin/ceph: stderr
2024-06-10T00:16:29.826+0000 7f6f08f5f700 1 -- start start
2024-06-10T00:16:30.659 INFO:teuthology.orchestra.run.smithi121.stdout:/usr/bin/ceph: stderr
2024-06-10T00:16:29.826+0000 7f6f08f5f700 1 --2- >> [v2:172.21.15.121:3300/0,v1:172.21.15.121:6789/0] conn(0x7f6f04106e50 0x7f6f04107270 unknown :-1 s=NONE pgs=0 cs=0 l=0 rev1=0 crypto rx=0 tx=0 comp rx=0 tx=0).connect
2024-06-10T00:16:30.660 INFO:teuthology.orchestra.run.smithi121.stdout:/usr/bin/ceph: stderr
2024-06-10T00:16:29.826+0000 7f6f08f5f700 1 -- --> [v2:172.21.15.121:3300/0,v1:172.21.15.121:6789/0] -- mon_getmap magic: 0 -- 0x7f6f041077b0 con 0x7f6f04106e50
2024-06-10T00:16:30.660 INFO:teuthology.orchestra.run.smithi121.stdout:/usr/bin/ceph: stderr
2024-06-10T00:16:29.826+0000 7f6f0259c700 1 --2- >> [v2:172.21.15.121:3300/0,v1:172.21.15.121:6789/0] conn(0x7f6f04106e50 0x7f6f04107270 unknown :-1 s=BANNER_CONNECTING pgs=0 cs=0 l=0 rev1=0 crypto rx=0 tx=0 comp rx=0 tx=0)._handle_peer_banner_payload supported=3 required=0
2024-06-10T00:16:30.660 INFO:teuthology.orchestra.run.smithi121.stdout:/usr/bin/ceph: stderr
2024-06-10T00:16:29.826+0000 7f6f0259c700 1 --2- >> [v2:172.21.15.121:3300/0,v1:172.21.15.121:6789/0] conn(0x7f6f04106e50 0x7f6f04107270 unknown :-1 s=HELLO_CONNECTING pgs=0 cs=0 l=0 rev1=1 crypto rx=0 tx=0 comp rx=0 tx=0).handle_hello peer v2:172.21.15.121:3300/0 says I am v2:172.21.15.121:40084/0 (socket says 172.21.15.121:40084)
2024-06-10T00:16:30.660 INFO:teuthology.orchestra.run.smithi121.stdout:/usr/bin/ceph: stderr
2024-06-10T00:16:29.826+0000 7f6f0259c700 1 -- 172.21.15.121:0/2827626977 learned_addr learned my addr 172.21.15.121:0/2827626977 (peer_addr_for_me v2:172.21.15.121:0/0)
2024-06-10T00:16:30.660 INFO:teuthology.orchestra.run.smithi121.stdout:/usr/bin/ceph: stderr
2024-06-10T00:16:29.827+0000 7f6f0259c700 1 -- 172.21.15.121:0/2827626977 --> [v2:172.21.15.121:3300/0,v1:172.21.15.121:6789/0] -- mon_subscribe({config=0+,monmap=0+}) -- 0x7f6f04107fb0 con 0x7f6f04106e50
2024-06-10T00:16:30.660 INFO:teuthology.orchestra.run.smithi121.stdout:/usr/bin/ceph: stderr
2024-06-10T00:16:29.827+0000 7f6f0259c700 1 --2- 172.21.15.121:0/2827626977 >> [v2:172.21.15.121:3300/0,v1:172.21.15.121:6789/0] conn(0x7f6f04106e50 0x7f6f04107270 secure :-1 s=READY pgs=47 cs=0 l=1 rev1=1 crypto rx=0x7f6ef40098a0 tx=0x7f6ef4009bb0 comp rx=0 tx=0).ready entity=mon.0 client_cookie=f59626dad34d1a5a server_cookie=0 in_seq=0 out_seq=0
2024-06-10T00:16:30.660 INFO:teuthology.orchestra.run.smithi121.stdout:/usr/bin/ceph: stderr
2024-06-10T00:16:29.827+0000 7f6f0159a700 1 -- 172.21.15.121:0/2827626977 <== mon.0 v2:172.21.15.121:3300/0 1 ==== mon_map magic: 0 ==== 205+0+0 (secure 0 0 0) 0x7f6ef4004160 con 0x7f6f04106e50
2024-06-10T00:16:30.660 INFO:teuthology.orchestra.run.smithi121.stdout:/usr/bin/ceph: stderr
2024-06-10T00:16:29.827+0000 7f6f0159a700 1 -- 172.21.15.121:0/2827626977 <== mon.0 v2:172.21.15.121:3300/0 2 ==== config(27 keys) ==== 1140+0+0 (secure 0 0 0) 0x7f6ef4004300 con 0x7f6f04106e50
2024-06-10T00:16:30.660 INFO:teuthology.orchestra.run.smithi121.stdout:/usr/bin/ceph: stderr
2024-06-10T00:16:29.827+0000 7f6f0159a700 1 -- 172.21.15.121:0/2827626977 <== mon.0 v2:172.21.15.121:3300/0 3 ==== mon_map magic: 0 ==== 205+0+0 (secure 0 0 0) 0x7f6ef4011b20 con 0x7f6f04106e50
2024-06-10T00:16:30.660 INFO:teuthology.orchestra.run.smithi121.stdout:/usr/bin/ceph: stderr
2024-06-10T00:16:29.828+0000 7f6f08f5f700 1 -- 172.21.15.121:0/2827626977 >> [v2:172.21.15.121:3300/0,v1:172.21.15.121:6789/0] conn(0x7f6f04106e50 msgr2=0x7f6f04107270 secure :-1 s=STATE_CONNECTION_ESTABLISHED l=1).mark_down
2024-06-10T00:16:30.660 INFO:teuthology.orchestra.run.smithi121.stdout:/usr/bin/ceph: stderr
2024-06-10T00:16:29.828+0000 7f6f08f5f700 1 --2- 172.21.15.121:0/2827626977 >> [v2:172.21.15.121:3300/0,v1:172.21.15.121:6789/0] conn(0x7f6f04106e50 0x7f6f04107270 secure :-1 s=READY pgs=47 cs=0 l=1 rev1=1 crypto rx=0x7f6ef40098a0 tx=0x7f6ef4009bb0 comp rx=0 tx=0).stop
2024-06-10T00:16:30.660 INFO:teuthology.orchestra.run.smithi121.stdout:/usr/bin/ceph: stderr
2024-06-10T00:16:29.828+0000 7f6f08f5f700 1 -- 172.21.15.121:0/2827626977 shutdown_connections
2024-06-10T00:16:30.660 INFO:teuthology.orchestra.run.smithi121.stdout:/usr/bin/ceph: stderr
2024-06-10T00:16:29.828+0000 7f6f08f5f700 1 --2- 172.21.15.121:0/2827626977 >> [v2:172.21.15.121:3300/0,v1:172.21.15.121:6789/0] conn(0x7f6f04106e50 0x7f6f04107270 unknown :-1 s=CLOSED pgs=47 cs=0 l=1 rev1=1 crypto rx=0 tx=0 comp rx=0 tx=0).stop
2024-06-10T00:16:30.660 INFO:teuthology.orchestra.run.smithi121.stdout:/usr/bin/ceph: stderr
2024-06-10T00:16:29.828+0000 7f6f08f5f700 1 -- 172.21.15.121:0/2827626977 >> 172.21.15.121:0/2827626977 conn(0x7f6f04102410 msgr2=0x7f6f04104830 unknown :-1 s=STATE_NONE l=0).mark_down
2024-06-10T00:16:30.661 INFO:teuthology.orchestra.run.smithi121.stdout:/usr/bin/ceph: stderr
2024-06-10T00:16:29.828+0000 7f6f08f5f700 1 -- 172.21.15.121:0/2827626977 shutdown_connections
2024-06-10T00:16:30.661 INFO:teuthology.orchestra.run.smithi121.stdout:/usr/bin/ceph: stderr
2024-06-10T00:16:29.828+0000 7f6f08f5f700 1 -- 172.21.15.121:0/2827626977 wait complete.
2024-06-10T00:16:30.661 INFO:teuthology.orchestra.run.smithi121.stdout:/usr/bin/ceph: stderr
2024-06-10T00:16:29.829+0000 7f6f08f5f700 1 Processor -- start
2024-06-10T00:16:30.661 INFO:teuthology.orchestra.run.smithi121.stdout:/usr/bin/ceph: stderr
2024-06-10T00:16:29.829+0000 7f6f08f5f700 1 -- start start
2024-06-10T00:16:30.661 INFO:teuthology.orchestra.run.smithi121.stdout:/usr/bin/ceph: stderr
2024-06-10T00:16:29.829+0000 7f6f08f5f700 1 --2- >> [v2:172.21.15.121:3300/0,v1:172.21.15.121:6789/0] conn(0x7f6f04106e50 0x7f6f0419beb0 unknown :-1 s=NONE pgs=0 cs=0 l=1 rev1=0 crypto rx=0 tx=0 comp rx=0 tx=0).connect
2024-06-10T00:16:30.661 INFO:teuthology.orchestra.run.smithi121.stdout:/usr/bin/ceph: stderr
2024-06-10T00:16:29.829+0000 7f6f08f5f700 1 -- --> [v2:172.21.15.121:3300/0,v1:172.21.15.121:6789/0] -- mon_getmap magic: 0 -- 0x7f6f0410b3f0 con 0x7f6f04106e50
2024-06-10T00:16:30.661 INFO:teuthology.orchestra.run.smithi121.stdout:/usr/bin/ceph: stderr
2024-06-10T00:16:29.829+0000 7f6f0259c700 1 --2- >> [v2:172.21.15.121:3300/0,v1:172.21.15.121:6789/0] conn(0x7f6f04106e50 0x7f6f0419beb0 unknown :-1 s=BANNER_CONNECTING pgs=0 cs=0 l=1 rev1=0 crypto rx=0 tx=0 comp rx=0 tx=0)._handle_peer_banner_payload supported=3 required=0
2024-06-10T00:16:30.661 INFO:teuthology.orchestra.run.smithi121.stdout:/usr/bin/ceph: stderr
2024-06-10T00:16:29.829+0000 7f6f0259c700 1 --2- >> [v2:172.21.15.121:3300/0,v1:172.21.15.121:6789/0] conn(0x7f6f04106e50 0x7f6f0419beb0 unknown :-1 s=HELLO_CONNECTING pgs=0 cs=0 l=1 rev1=1 crypto rx=0 tx=0 comp rx=0 tx=0).handle_hello peer v2:172.21.15.121:3300/0 says I am v2:172.21.15.121:40098/0 (socket says 172.21.15.121:40098)
2024-06-10T00:16:30.661 INFO:teuthology.orchestra.run.smithi121.stdout:/usr/bin/ceph: stderr
2024-06-10T00:16:29.829+0000 7f6f0259c700 1 -- 172.21.15.121:0/2731745151 learned_addr learned my addr 172.21.15.121:0/2731745151 (peer_addr_for_me v2:172.21.15.121:0/0)
2024-06-10T00:16:30.661 INFO:teuthology.orchestra.run.smithi121.stdout:/usr/bin/ceph: stderr
2024-06-10T00:16:29.829+0000 7f6f0259c700 1 -- 172.21.15.121:0/2731745151 --> [v2:172.21.15.121:3300/0,v1:172.21.15.121:6789/0] -- mon_subscribe({config=0+,monmap=0+}) -- 0x7f6f0419c3f0 con 0x7f6f04106e50
2024-06-10T00:16:30.661 INFO:teuthology.orchestra.run.smithi121.stdout:/usr/bin/ceph: stderr
2024-06-10T00:16:29.830+0000 7f6f0259c700 1 --2- 172.21.15.121:0/2731745151 >> [v2:172.21.15.121:3300/0,v1:172.21.15.121:6789/0] conn(0x7f6f04106e50 0x7f6f0419beb0 secure :-1 s=READY pgs=48 cs=0 l=1 rev1=1 crypto rx=0x7f6ef40117e0 tx=0x7f6ef4011c10 comp rx=0 tx=0).ready entity=mon.0 client_cookie=0 server_cookie=0 in_seq=0 out_seq=0
2024-06-10T00:16:30.661 INFO:teuthology.orchestra.run.smithi121.stdout:/usr/bin/ceph: stderr
2024-06-10T00:16:29.830+0000 7f6ef37fe700 1 -- 172.21.15.121:0/2731745151 <== mon.0 v2:172.21.15.121:3300/0 1 ==== mon_map magic: 0 ==== 205+0+0 (secure 0 0 0) 0x7f6ef4003bf0 con 0x7f6f04106e50
2024-06-10T00:16:30.661 INFO:teuthology.orchestra.run.smithi121.stdout:/usr/bin/ceph: stderr
2024-06-10T00:16:29.830+0000 7f6f08f5f700 1 -- 172.21.15.121:0/2731745151 --> [v2:172.21.15.121:3300/0,v1:172.21.15.121:6789/0] -- mon_subscribe({mgrmap=0+}) -- 0x7f6f0419c680 con 0x7f6f04106e50
2024-06-10T00:16:30.661 INFO:teuthology.orchestra.run.smithi121.stdout:/usr/bin/ceph: stderr
2024-06-10T00:16:29.830+0000 7f6ef37fe700 1 -- 172.21.15.121:0/2731745151 <== mon.0 v2:172.21.15.121:3300/0 2 ==== config(27 keys) ==== 1140+0+0 (secure 0 0 0) 0x7f6ef401a910 con 0x7f6f04106e50
2024-06-10T00:16:30.661 INFO:teuthology.orchestra.run.smithi121.stdout:/usr/bin/ceph: stderr
2024-06-10T00:16:29.830+0000 7f6ef37fe700 1 -- 172.21.15.121:0/2731745151 <== mon.0 v2:172.21.15.121:3300/0 3 ==== mon_map magic: 0 ==== 205+0+0 (secure 0 0 0) 0x7f6ef4024970 con 0x7f6f04106e50
2024-06-10T00:16:30.662 INFO:teuthology.orchestra.run.smithi121.stdout:/usr/bin/ceph: stderr
2024-06-10T00:16:29.830+0000 7f6f08f5f700 1 -- 172.21.15.121:0/2731745151 --> [v2:172.21.15.121:3300/0,v1:172.21.15.121:6789/0] -- mon_subscribe({osdmap=0}) -- 0x7f6f0419cae0 con 0x7f6f04106e50
2024-06-10T00:16:30.662 INFO:teuthology.orchestra.run.smithi121.stdout:/usr/bin/ceph: stderr
2024-06-10T00:16:29.831+0000 7f6f08f5f700 1 -- 172.21.15.121:0/2731745151 --> [v2:172.21.15.121:3300/0,v1:172.21.15.121:6789/0] -- mon_command({"prefix": "get_command_descriptions"} v 0) -- 0x7f6f04063af0 con 0x7f6f04106e50
2024-06-10T00:16:30.662 INFO:teuthology.orchestra.run.smithi121.stdout:/usr/bin/ceph: stderr
2024-06-10T00:16:29.831+0000 7f6ef37fe700 1 -- 172.21.15.121:0/2731745151 <== mon.0 v2:172.21.15.121:3300/0 4 ==== mgrmap(e 8) ==== 46287+0+0 (secure 0 0 0) 0x7f6ef4022020 con 0x7f6f04106e50
2024-06-10T00:16:30.662 INFO:teuthology.orchestra.run.smithi121.stdout:/usr/bin/ceph: stderr
2024-06-10T00:16:29.831+0000 7f6ef37fe700 1 --2- 172.21.15.121:0/2731745151 >> [v2:172.21.15.121:6800/704666019,v1:172.21.15.121:6801/704666019] conn(0x7f6eec039050 0x7f6eec03b510 unknown :-1 s=NONE pgs=0 cs=0 l=1 rev1=0 crypto rx=0 tx=0 comp rx=0 tx=0).connect
2024-06-10T00:16:30.662 INFO:teuthology.orchestra.run.smithi121.stdout:/usr/bin/ceph: stderr
2024-06-10T00:16:29.831+0000 7f6ef37fe700 1 -- 172.21.15.121:0/2731745151 <== mon.0 v2:172.21.15.121:3300/0 5 ==== osd_map(2..2 src has 1..2) ==== 940+0+0 (secure 0 0 0) 0x7f6ef404d3a0 con 0x7f6f04106e50
2024-06-10T00:16:30.662 INFO:teuthology.orchestra.run.smithi121.stdout:/usr/bin/ceph: stderr
2024-06-10T00:16:29.831+0000 7f6f01d9b700 1 --2- 172.21.15.121:0/2731745151 >> [v2:172.21.15.121:6800/704666019,v1:172.21.15.121:6801/704666019] conn(0x7f6eec039050 0x7f6eec03b510 unknown :-1 s=BANNER_CONNECTING pgs=0 cs=0 l=1 rev1=0 crypto rx=0 tx=0 comp rx=0 tx=0)._handle_peer_banner_payload supported=3 required=0
2024-06-10T00:16:30.662 INFO:teuthology.orchestra.run.smithi121.stdout:/usr/bin/ceph: stderr
2024-06-10T00:16:29.832+0000 7f6f01d9b700 1 --2- 172.21.15.121:0/2731745151 >> [v2:172.21.15.121:6800/704666019,v1:172.21.15.121:6801/704666019] conn(0x7f6eec039050 0x7f6eec03b510 secure :-1 s=READY pgs=13 cs=0 l=1 rev1=1 crypto rx=0x7f6ef8006fd0 tx=0x7f6ef8006e40 comp rx=0 tx=0).ready entity=mgr.14118 client_cookie=0 server_cookie=0 in_seq=0 out_seq=0
2024-06-10T00:16:30.662 INFO:teuthology.orchestra.run.smithi121.stdout:/usr/bin/ceph: stderr
2024-06-10T00:16:29.836+0000 7f6ef37fe700 1 -- 172.21.15.121:0/2731745151 <== mon.0 v2:172.21.15.121:3300/0 6 ==== mon_command_ack([{"prefix": "get_command_descriptions"}]=0 v0) ==== 72+0+186418 (secure 0 0 0) 0x7f6ef4011e20 con 0x7f6f04106e50
2024-06-10T00:16:30.662 INFO:teuthology.orchestra.run.smithi121.stdout:/usr/bin/ceph: stderr
2024-06-10T00:16:30.055+0000 7f6f08f5f700 1 -- 172.21.15.121:0/2731745151 --> [v2:172.21.15.121:6800/704666019,v1:172.21.15.121:6801/704666019] -- mgr_command(tid 0: {"prefix": "orch apply", "service_type": "mgr", "unmanaged": true, "target": ["mon-mgr", ""]}) -- 0x7f6f040628d0 con 0x7f6eec039050
2024-06-10T00:16:30.662 INFO:teuthology.orchestra.run.smithi121.stdout:/usr/bin/ceph: stderr
2024-06-10T00:16:30.060+0000 7f6ef37fe700 1 -- 172.21.15.121:0/2731745151 <== mgr.14118 v2:172.21.15.121:6800/704666019 1 ==== mgr_command_reply(tid 0: 0 ) ==== 8+0+24 (secure 0 0 0) 0x7f6f040628d0 con 0x7f6eec039050
2024-06-10T00:16:30.662 INFO:teuthology.orchestra.run.smithi121.stdout:/usr/bin/ceph: stderr
2024-06-10T00:16:30.062+0000 7f6f08f5f700 1 -- 172.21.15.121:0/2731745151 >> [v2:172.21.15.121:6800/704666019,v1:172.21.15.121:6801/704666019] conn(0x7f6eec039050 msgr2=0x7f6eec03b510 secure :-1 s=STATE_CONNECTION_ESTABLISHED l=1).mark_down
2024-06-10T00:16:30.662 INFO:teuthology.orchestra.run.smithi121.stdout:/usr/bin/ceph: stderr
2024-06-10T00:16:30.062+0000 7f6f08f5f700 1 --2- 172.21.15.121:0/2731745151 >> [v2:172.21.15.121:6800/704666019,v1:172.21.15.121:6801/704666019] conn(0x7f6eec039050 0x7f6eec03b510 secure :-1 s=READY pgs=13 cs=0 l=1 rev1=1 crypto rx=0x7f6ef8006fd0 tx=0x7f6ef8006e40 comp rx=0 tx=0).stop
2024-06-10T00:16:30.662 INFO:teuthology.orchestra.run.smithi121.stdout:/usr/bin/ceph: stderr
2024-06-10T00:16:30.062+0000 7f6f08f5f700 1 -- 172.21.15.121:0/2731745151 >> [v2:172.21.15.121:3300/0,v1:172.21.15.121:6789/0] conn(0x7f6f04106e50 msgr2=0x7f6f0419beb0 secure :-1 s=STATE_CONNECTION_ESTABLISHED l=1).mark_down
2024-06-10T00:16:30.663 INFO:teuthology.orchestra.run.smithi121.stdout:/usr/bin/ceph: stderr
2024-06-10T00:16:30.062+0000 7f6f08f5f700 1 --2- 172.21.15.121:0/2731745151 >> [v2:172.21.15.121:3300/0,v1:172.21.15.121:6789/0] conn(0x7f6f04106e50 0x7f6f0419beb0 secure :-1 s=READY pgs=48 cs=0 l=1 rev1=1 crypto rx=0x7f6ef40117e0 tx=0x7f6ef4011c10 comp rx=0 tx=0).stop
2024-06-10T00:16:30.663 INFO:teuthology.orchestra.run.smithi121.stdout:/usr/bin/ceph: stderr
2024-06-10T00:16:30.062+0000 7f6f08f5f700 1 -- 172.21.15.121:0/2731745151 shutdown_connections
2024-06-10T00:16:30.663 INFO:teuthology.orchestra.run.smithi121.stdout:/usr/bin/ceph: stderr
2024-06-10T00:16:30.062+0000 7f6f08f5f700 1 --2- 172.21.15.121:0/2731745151 >> [v2:172.21.15.121:6800/704666019,v1:172.21.15.121:6801/704666019] conn(0x7f6eec039050 0x7f6eec03b510 unknown :-1 s=CLOSED pgs=13 cs=0 l=1 rev1=1 crypto rx=0 tx=0 comp rx=0 tx=0).stop
2024-06-10T00:16:30.663 INFO:teuthology.orchestra.run.smithi121.stdout:/usr/bin/ceph: stderr
2024-06-10T00:16:30.062+0000 7f6f08f5f700 1 --2- 172.21.15.121:0/2731745151 >> [v2:172.21.15.121:3300/0,v1:172.21.15.121:6789/0] conn(0x7f6f04106e50 0x7f6f0419beb0 unknown :-1 s=CLOSED pgs=48 cs=0 l=1 rev1=1 crypto rx=0 tx=0 comp rx=0 tx=0).stop
2024-06-10T00:16:30.663 INFO:teuthology.orchestra.run.smithi121.stdout:/usr/bin/ceph: stderr
2024-06-10T00:16:30.062+0000 7f6f08f5f700 1 -- 172.21.15.121:0/2731745151 >> 172.21.15.121:0/2731745151 conn(0x7f6f04102410 msgr2=0x7f6f041929d0 unknown :-1 s=STATE_NONE l=0).mark_down
2024-06-10T00:16:30.663 INFO:teuthology.orchestra.run.smithi121.stdout:/usr/bin/ceph: stderr
2024-06-10T00:16:30.063+0000 7f6f08f5f700 1 -- 172.21.15.121:0/2731745151 shutdown_connections
2024-06-10T00:16:30.663 INFO:teuthology.orchestra.run.smithi121.stdout:/usr/bin/ceph: stderr
2024-06-10T00:16:30.063+0000 7f6f08f5f700 1 -- 172.21.15.121:0/2731745151 wait complete.
2024-06-10T00:16:31.949 INFO:journalctl@ceph.mon.a.smithi121.stdout:Jun 10 00:16:31 smithi121 ceph-mon[32378]: from='client.14142 -' entity='client.admin' cmd=[{"prefix": "orch apply", "service_type": "mgr", "unmanaged": true, "target": ["mon-mgr", ""]}]: dispatch
2024-06-10T00:16:31.949 INFO:journalctl@ceph.mon.a.smithi121.stdout:Jun 10 00:16:31 smithi121 ceph-mon[32378]: Saving service mgr spec with placement count:2
2024-06-10T00:16:31.949 INFO:journalctl@ceph.mon.a.smithi121.stdout:Jun 10 00:16:31 smithi121 ceph-mon[32378]: from='client.? 172.21.15.121:0/1527721557' entity='client.admin'
2024-06-10T00:16:32.461 INFO:teuthology.orchestra.run.smithi121.stdout:/usr/bin/ceph: stderr
2024-06-10T00:16:31.082+0000 7f3316c07700 1 Processor -- start
2024-06-10T00:16:32.461 INFO:teuthology.orchestra.run.smithi121.stdout:/usr/bin/ceph: stderr
2024-06-10T00:16:31.082+0000 7f3316c07700 1 -- start start
2024-06-10T00:16:32.461 INFO:teuthology.orchestra.run.smithi121.stdout:/usr/bin/ceph: stderr
2024-06-10T00:16:31.082+0000 7f3316c07700 1 --2- >> [v2:172.21.15.121:3300/0,v1:172.21.15.121:6789/0] conn(0x7f3310108a50 0x7f331010ae40 unknown :-1 s=NONE pgs=0 cs=0 l=0 rev1=0 crypto rx=0 tx=0 comp rx=0 tx=0).connect
2024-06-10T00:16:32.461 INFO:teuthology.orchestra.run.smithi121.stdout:/usr/bin/ceph: stderr
2024-06-10T00:16:31.082+0000 7f3316c07700 1 -- --> [v2:172.21.15.121:3300/0,v1:172.21.15.121:6789/0] -- mon_getmap magic: 0 -- 0x7f331007c660 con 0x7f3310108a50
2024-06-10T00:16:32.461 INFO:teuthology.orchestra.run.smithi121.stdout:/usr/bin/ceph: stderr
2024-06-10T00:16:31.082+0000 7f33149a3700 1 --2- >> [v2:172.21.15.121:3300/0,v1:172.21.15.121:6789/0] conn(0x7f3310108a50 0x7f331010ae40 unknown :-1 s=BANNER_CONNECTING pgs=0 cs=0 l=0 rev1=0 crypto rx=0 tx=0 comp rx=0 tx=0)._handle_peer_banner_payload supported=3 required=0
2024-06-10T00:16:32.461 INFO:teuthology.orchestra.run.smithi121.stdout:/usr/bin/ceph: stderr
2024-06-10T00:16:31.082+0000 7f33149a3700 1 --2- >> [v2:172.21.15.121:3300/0,v1:172.21.15.121:6789/0] conn(0x7f3310108a50 0x7f331010ae40 unknown :-1 s=HELLO_CONNECTING pgs=0 cs=0 l=0 rev1=1 crypto rx=0 tx=0 comp rx=0 tx=0).handle_hello peer v2:172.21.15.121:3300/0 says I am v2:172.21.15.121:40106/0 (socket says 172.21.15.121:40106)
2024-06-10T00:16:32.461 INFO:teuthology.orchestra.run.smithi121.stdout:/usr/bin/ceph: stderr
2024-06-10T00:16:31.082+0000 7f33149a3700 1 -- 172.21.15.121:0/1025234780 learned_addr learned my addr 172.21.15.121:0/1025234780 (peer_addr_for_me v2:172.21.15.121:0/0)
2024-06-10T00:16:32.461 INFO:teuthology.orchestra.run.smithi121.stdout:/usr/bin/ceph: stderr
2024-06-10T00:16:31.083+0000 7f33149a3700 1 -- 172.21.15.121:0/1025234780 --> [v2:172.21.15.121:3300/0,v1:172.21.15.121:6789/0] -- mon_subscribe({config=0+,monmap=0+}) -- 0x7f331010b380 con 0x7f3310108a50
2024-06-10T00:16:32.461 INFO:teuthology.orchestra.run.smithi121.stdout:/usr/bin/ceph: stderr
2024-06-10T00:16:31.083+0000 7f33149a3700 1 --2- 172.21.15.121:0/1025234780 >> [v2:172.21.15.121:3300/0,v1:172.21.15.121:6789/0] conn(0x7f3310108a50 0x7f331010ae40 secure :-1 s=READY pgs=49 cs=0 l=1 rev1=1 crypto rx=0x7f33040098a0 tx=0x7f3304009bb0 comp rx=0 tx=0).ready entity=mon.0 client_cookie=9c34a10e95a3a71c server_cookie=0 in_seq=0 out_seq=0
2024-06-10T00:16:32.461 INFO:teuthology.orchestra.run.smithi121.stdout:/usr/bin/ceph: stderr
2024-06-10T00:16:31.083+0000 7f330f7fe700 1 -- 172.21.15.121:0/1025234780 <== mon.0 v2:172.21.15.121:3300/0 1 ==== mon_map magic: 0 ==== 205+0+0 (secure 0 0 0) 0x7f3304004160 con 0x7f3310108a50
2024-06-10T00:16:32.462 INFO:teuthology.orchestra.run.smithi121.stdout:/usr/bin/ceph: stderr
2024-06-10T00:16:31.083+0000 7f330f7fe700 1 -- 172.21.15.121:0/1025234780 <== mon.0 v2:172.21.15.121:3300/0 2 ==== config(27 keys) ==== 1140+0+0 (secure 0 0 0) 0x7f3304004300 con 0x7f3310108a50
2024-06-10T00:16:32.462 INFO:teuthology.orchestra.run.smithi121.stdout:/usr/bin/ceph: stderr
2024-06-10T00:16:31.083+0000 7f330f7fe700 1 -- 172.21.15.121:0/1025234780 <== mon.0 v2:172.21.15.121:3300/0 3 ==== mon_map magic: 0 ==== 205+0+0 (secure 0 0 0) 0x7f3304011b20 con 0x7f3310108a50
2024-06-10T00:16:32.462 INFO:teuthology.orchestra.run.smithi121.stdout:/usr/bin/ceph: stderr
