2024-06-10T00:20:57.021+0000 7f227db2b700 1 -- 172.21.15.62:0/1345315286 --> [v2:172.21.15.62:3300/0,v1:172.21.15.62:6789/0] -- mon_subscribe({config=0+,monmap=0+}) -- 0x7f227819c470 con 0x7f2278108a70
2024-06-10T00:20:57.801 INFO:teuthology.orchestra.run.smithi062.stdout:/usr/bin/ceph: stderr
2024-06-10T00:20:57.021+0000 7f227db2b700 1 --2- 172.21.15.62:0/1345315286 >> [v2:172.21.15.62:3300/0,v1:172.21.15.62:6789/0] conn(0x7f2278108a70 0x7f227819bf30 secure :-1 s=READY pgs=38 cs=0 l=1 rev1=1 crypto rx=0x7f2274011b60 tx=0x7f2274011c40 comp rx=0 tx=0).ready entity=mon.0 client_cookie=0 server_cookie=0 in_seq=0 out_seq=0
2024-06-10T00:20:57.801 INFO:teuthology.orchestra.run.smithi062.stdout:/usr/bin/ceph: stderr
2024-06-10T00:20:57.021+0000 7f226effd700 1 -- 172.21.15.62:0/1345315286 <== mon.0 v2:172.21.15.62:3300/0 1 ==== mon_map magic: 0 ==== 205+0+0 (secure 0 0 0) 0x7f2274003b20 con 0x7f2278108a70
2024-06-10T00:20:57.801 INFO:teuthology.orchestra.run.smithi062.stdout:/usr/bin/ceph: stderr
2024-06-10T00:20:57.021+0000 7f226effd700 1 -- 172.21.15.62:0/1345315286 <== mon.0 v2:172.21.15.62:3300/0 2 ==== config(27 keys) ==== 1109+0+0 (secure 0 0 0) 0x7f2274003cc0 con 0x7f2278108a70
2024-06-10T00:20:57.801 INFO:teuthology.orchestra.run.smithi062.stdout:/usr/bin/ceph: stderr
2024-06-10T00:20:57.021+0000 7f227fd8f700 1 -- 172.21.15.62:0/1345315286 --> [v2:172.21.15.62:3300/0,v1:172.21.15.62:6789/0] -- mon_subscribe({mgrmap=0+}) -- 0x7f227819c700 con 0x7f2278108a70
2024-06-10T00:20:57.802 INFO:teuthology.orchestra.run.smithi062.stdout:/usr/bin/ceph: stderr
2024-06-10T00:20:57.021+0000 7f226effd700 1 -- 172.21.15.62:0/1345315286 <== mon.0 v2:172.21.15.62:3300/0 3 ==== mon_map magic: 0 ==== 205+0+0 (secure 0 0 0) 0x7f2274024840 con 0x7f2278108a70
2024-06-10T00:20:57.802 INFO:teuthology.orchestra.run.smithi062.stdout:/usr/bin/ceph: stderr
2024-06-10T00:20:57.022+0000 7f227fd8f700 1 -- 172.21.15.62:0/1345315286 --> [v2:172.21.15.62:3300/0,v1:172.21.15.62:6789/0] -- mon_subscribe({osdmap=0}) -- 0x7f227819f3f0 con 0x7f2278108a70
2024-06-10T00:20:57.802 INFO:teuthology.orchestra.run.smithi062.stdout:/usr/bin/ceph: stderr
2024-06-10T00:20:57.022+0000 7f226effd700 1 -- 172.21.15.62:0/1345315286 <== mon.0 v2:172.21.15.62:3300/0 4 ==== mgrmap(e 7) ==== 46181+0+0 (secure 0 0 0) 0x7f2274022020 con 0x7f2278108a70
2024-06-10T00:20:57.802 INFO:teuthology.orchestra.run.smithi062.stdout:/usr/bin/ceph: stderr
2024-06-10T00:20:57.023+0000 7f226effd700 1 --2- 172.21.15.62:0/1345315286 >> [v2:172.21.15.62:6800/2327526412,v1:172.21.15.62:6801/2327526412] conn(0x7f2264038f80 0x7f226403b440 unknown :-1 s=NONE pgs=0 cs=0 l=1 rev1=0 crypto rx=0 tx=0 comp rx=0 tx=0).connect
2024-06-10T00:20:57.802 INFO:teuthology.orchestra.run.smithi062.stdout:/usr/bin/ceph: stderr
2024-06-10T00:20:57.023+0000 7f226effd700 1 -- 172.21.15.62:0/1345315286 <== mon.0 v2:172.21.15.62:3300/0 5 ==== osd_map(2..2 src has 1..2) ==== 940+0+0 (secure 0 0 0) 0x7f2274011e00 con 0x7f2278108a70
2024-06-10T00:20:57.802 INFO:teuthology.orchestra.run.smithi062.stdout:/usr/bin/ceph: stderr
2024-06-10T00:20:57.023+0000 7f227d32a700 1 --2- 172.21.15.62:0/1345315286 >> [v2:172.21.15.62:6800/2327526412,v1:172.21.15.62:6801/2327526412] conn(0x7f2264038f80 0x7f226403b440 unknown :-1 s=BANNER_CONNECTING pgs=0 cs=0 l=1 rev1=0 crypto rx=0 tx=0 comp rx=0 tx=0)._handle_peer_banner_payload supported=3 required=0
2024-06-10T00:20:57.802 INFO:teuthology.orchestra.run.smithi062.stdout:/usr/bin/ceph: stderr
2024-06-10T00:20:57.023+0000 7f227fd8f700 1 -- 172.21.15.62:0/1345315286 --> [v2:172.21.15.62:3300/0,v1:172.21.15.62:6789/0] -- mon_command({"prefix": "get_command_descriptions"} v 0) -- 0x7f2278063af0 con 0x7f2278108a70
2024-06-10T00:20:57.802 INFO:teuthology.orchestra.run.smithi062.stdout:/usr/bin/ceph: stderr
2024-06-10T00:20:57.023+0000 7f227d32a700 1 --2- 172.21.15.62:0/1345315286 >> [v2:172.21.15.62:6800/2327526412,v1:172.21.15.62:6801/2327526412] conn(0x7f2264038f80 0x7f226403b440 secure :-1 s=READY pgs=7 cs=0 l=1 rev1=1 crypto rx=0x7f2268006fd0 tx=0x7f2268006e40 comp rx=0 tx=0).ready entity=mgr.14120 client_cookie=0 server_cookie=0 in_seq=0 out_seq=0
2024-06-10T00:20:57.802 INFO:teuthology.orchestra.run.smithi062.stdout:/usr/bin/ceph: stderr
2024-06-10T00:20:57.028+0000 7f226effd700 1 -- 172.21.15.62:0/1345315286 <== mon.0 v2:172.21.15.62:3300/0 6 ==== mon_command_ack([{"prefix": "get_command_descriptions"}]=0 v0) ==== 72+0+186418 (secure 0 0 0) 0x7f2274019c70 con 0x7f2278108a70
2024-06-10T00:20:57.802 INFO:teuthology.orchestra.run.smithi062.stdout:/usr/bin/ceph: stderr
2024-06-10T00:20:57.142+0000 7f226effd700 1 -- 172.21.15.62:0/1345315286 <== mon.0 v2:172.21.15.62:3300/0 7 ==== mgrmap(e 8) ==== 46287+0+0 (secure 0 0 0) 0x7f227402d910 con 0x7f2278108a70
2024-06-10T00:20:57.802 INFO:teuthology.orchestra.run.smithi062.stdout:/usr/bin/ceph: stderr
2024-06-10T00:20:57.255+0000 7f227fd8f700 1 -- 172.21.15.62:0/1345315286 --> [v2:172.21.15.62:6800/2327526412,v1:172.21.15.62:6801/2327526412] -- mgr_command(tid 0: {"prefix": "orch set backend", "module_name": "cephadm", "target": ["mon-mgr", ""]}) -- 0x7f2278103760 con 0x7f2264038f80
2024-06-10T00:20:57.803 INFO:teuthology.orchestra.run.smithi062.stdout:/usr/bin/ceph: stderr
2024-06-10T00:20:57.263+0000 7f226effd700 1 -- 172.21.15.62:0/1345315286 <== mgr.14120 v2:172.21.15.62:6800/2327526412 1 ==== mgr_command_reply(tid 0: 0 ) ==== 8+0+0 (secure 0 0 0) 0x7f2278103760 con 0x7f2264038f80
2024-06-10T00:20:57.803 INFO:teuthology.orchestra.run.smithi062.stdout:/usr/bin/ceph: stderr
2024-06-10T00:20:57.265+0000 7f227fd8f700 1 -- 172.21.15.62:0/1345315286 >> [v2:172.21.15.62:6800/2327526412,v1:172.21.15.62:6801/2327526412] conn(0x7f2264038f80 msgr2=0x7f226403b440 secure :-1 s=STATE_CONNECTION_ESTABLISHED l=1).mark_down
2024-06-10T00:20:57.803 INFO:teuthology.orchestra.run.smithi062.stdout:/usr/bin/ceph: stderr
2024-06-10T00:20:57.265+0000 7f227fd8f700 1 --2- 172.21.15.62:0/1345315286 >> [v2:172.21.15.62:6800/2327526412,v1:172.21.15.62:6801/2327526412] conn(0x7f2264038f80 0x7f226403b440 secure :-1 s=READY pgs=7 cs=0 l=1 rev1=1 crypto rx=0x7f2268006fd0 tx=0x7f2268006e40 comp rx=0 tx=0).stop
2024-06-10T00:20:57.803 INFO:teuthology.orchestra.run.smithi062.stdout:/usr/bin/ceph: stderr
2024-06-10T00:20:57.265+0000 7f227fd8f700 1 -- 172.21.15.62:0/1345315286 >> [v2:172.21.15.62:3300/0,v1:172.21.15.62:6789/0] conn(0x7f2278108a70 msgr2=0x7f227819bf30 secure :-1 s=STATE_CONNECTION_ESTABLISHED l=1).mark_down
2024-06-10T00:20:57.803 INFO:teuthology.orchestra.run.smithi062.stdout:/usr/bin/ceph: stderr
2024-06-10T00:20:57.265+0000 7f227fd8f700 1 --2- 172.21.15.62:0/1345315286 >> [v2:172.21.15.62:3300/0,v1:172.21.15.62:6789/0] conn(0x7f2278108a70 0x7f227819bf30 secure :-1 s=READY pgs=38 cs=0 l=1 rev1=1 crypto rx=0x7f2274011b60 tx=0x7f2274011c40 comp rx=0 tx=0).stop
2024-06-10T00:20:57.803 INFO:teuthology.orchestra.run.smithi062.stdout:/usr/bin/ceph: stderr
2024-06-10T00:20:57.266+0000 7f227fd8f700 1 -- 172.21.15.62:0/1345315286 shutdown_connections
2024-06-10T00:20:57.803 INFO:teuthology.orchestra.run.smithi062.stdout:/usr/bin/ceph: stderr
2024-06-10T00:20:57.266+0000 7f227fd8f700 1 --2- 172.21.15.62:0/1345315286 >> [v2:172.21.15.62:6800/2327526412,v1:172.21.15.62:6801/2327526412] conn(0x7f2264038f80 0x7f226403b440 unknown :-1 s=CLOSED pgs=7 cs=0 l=1 rev1=1 crypto rx=0 tx=0 comp rx=0 tx=0).stop
2024-06-10T00:20:57.803 INFO:teuthology.orchestra.run.smithi062.stdout:/usr/bin/ceph: stderr
2024-06-10T00:20:57.266+0000 7f227fd8f700 1 --2- 172.21.15.62:0/1345315286 >> [v2:172.21.15.62:3300/0,v1:172.21.15.62:6789/0] conn(0x7f2278108a70 0x7f227819bf30 unknown :-1 s=CLOSED pgs=38 cs=0 l=1 rev1=1 crypto rx=0 tx=0 comp rx=0 tx=0).stop
2024-06-10T00:20:57.803 INFO:teuthology.orchestra.run.smithi062.stdout:/usr/bin/ceph: stderr
2024-06-10T00:20:57.266+0000 7f227fd8f700 1 -- 172.21.15.62:0/1345315286 >> 172.21.15.62:0/1345315286 conn(0x7f22781024e0 msgr2=0x7f2278103050 unknown :-1 s=STATE_NONE l=0).mark_down
2024-06-10T00:20:57.803 INFO:teuthology.orchestra.run.smithi062.stdout:/usr/bin/ceph: stderr
2024-06-10T00:20:57.266+0000 7f227fd8f700 1 -- 172.21.15.62:0/1345315286 shutdown_connections
2024-06-10T00:20:57.803 INFO:teuthology.orchestra.run.smithi062.stdout:/usr/bin/ceph: stderr
2024-06-10T00:20:57.266+0000 7f227fd8f700 1 -- 172.21.15.62:0/1345315286 wait complete.
2024-06-10T00:20:58.195 INFO:journalctl@ceph.mon.a.smithi062.stdout:Jun 10 00:20:58 smithi062 ceph-mon[32390]: mgrmap e8: x(active, since 2s)
2024-06-10T00:20:58.195 INFO:journalctl@ceph.mon.a.smithi062.stdout:Jun 10 00:20:58 smithi062 ceph-mon[32390]: from='client.14132 -' entity='client.admin' cmd=[{"prefix": "orch set backend", "module_name": "cephadm", "target": ["mon-mgr", ""]}]: dispatch
2024-06-10T00:20:58.195 INFO:journalctl@ceph.mon.a.smithi062.stdout:Jun 10 00:20:58 smithi062 ceph-mon[32390]: from='mgr.14120 172.21.15.62:0/2827779702' entity='mgr.x'
2024-06-10T00:20:58.195 INFO:journalctl@ceph.mon.a.smithi062.stdout:Jun 10 00:20:58 smithi062 ceph-mon[32390]: from='mgr.14120 172.21.15.62:0/2827779702' entity='mgr.x' cmd=[{"prefix": "config dump", "format": "json"}]: dispatch
2024-06-10T00:20:59.041 INFO:teuthology.orchestra.run.smithi062.stdout:/usr/bin/ceph: stdout value unchanged
2024-06-10T00:20:59.041 INFO:teuthology.orchestra.run.smithi062.stdout:/usr/bin/ceph: stderr
2024-06-10T00:20:58.218+0000 7fadb368c700 1 Processor -- start
2024-06-10T00:20:59.041 INFO:teuthology.orchestra.run.smithi062.stdout:/usr/bin/ceph: stderr
2024-06-10T00:20:58.218+0000 7fadb368c700 1 -- start start
2024-06-10T00:20:59.041 INFO:teuthology.orchestra.run.smithi062.stdout:/usr/bin/ceph: stderr
2024-06-10T00:20:58.218+0000 7fadb368c700 1 --2- >> [v2:172.21.15.62:3300/0,v1:172.21.15.62:6789/0] conn(0x7fadac107fd0 0x7fadac1083f0 unknown :-1 s=NONE pgs=0 cs=0 l=0 rev1=0 crypto rx=0 tx=0 comp rx=0 tx=0).connect
2024-06-10T00:20:59.041 INFO:teuthology.orchestra.run.smithi062.stdout:/usr/bin/ceph: stderr
2024-06-10T00:20:58.218+0000 7fadb368c700 1 -- --> [v2:172.21.15.62:3300/0,v1:172.21.15.62:6789/0] -- mon_getmap magic: 0 -- 0x7fadac1089c0 con 0x7fadac107fd0
2024-06-10T00:20:59.041 INFO:teuthology.orchestra.run.smithi062.stdout:/usr/bin/ceph: stderr
2024-06-10T00:20:58.218+0000 7fadb1428700 1 --2- >> [v2:172.21.15.62:3300/0,v1:172.21.15.62:6789/0] conn(0x7fadac107fd0 0x7fadac1083f0 unknown :-1 s=BANNER_CONNECTING pgs=0 cs=0 l=0 rev1=0 crypto rx=0 tx=0 comp rx=0 tx=0)._handle_peer_banner_payload supported=3 required=0
2024-06-10T00:20:59.041 INFO:teuthology.orchestra.run.smithi062.stdout:/usr/bin/ceph: stderr
2024-06-10T00:20:58.218+0000 7fadb1428700 1 --2- >> [v2:172.21.15.62:3300/0,v1:172.21.15.62:6789/0] conn(0x7fadac107fd0 0x7fadac1083f0 unknown :-1 s=HELLO_CONNECTING pgs=0 cs=0 l=0 rev1=1 crypto rx=0 tx=0 comp rx=0 tx=0).handle_hello peer v2:172.21.15.62:3300/0 says I am v2:172.21.15.62:47902/0 (socket says 172.21.15.62:47902)
2024-06-10T00:20:59.041 INFO:teuthology.orchestra.run.smithi062.stdout:/usr/bin/ceph: stderr
2024-06-10T00:20:58.218+0000 7fadb1428700 1 -- 172.21.15.62:0/1493850300 learned_addr learned my addr 172.21.15.62:0/1493850300 (peer_addr_for_me v2:172.21.15.62:0/0)
2024-06-10T00:20:59.041 INFO:teuthology.orchestra.run.smithi062.stdout:/usr/bin/ceph: stderr
2024-06-10T00:20:58.218+0000 7fadb1428700 1 -- 172.21.15.62:0/1493850300 --> [v2:172.21.15.62:3300/0,v1:172.21.15.62:6789/0] -- mon_subscribe({config=0+,monmap=0+}) -- 0x7fadac1091d0 con 0x7fadac107fd0
2024-06-10T00:20:59.041 INFO:teuthology.orchestra.run.smithi062.stdout:/usr/bin/ceph: stderr
2024-06-10T00:20:58.219+0000 7fadb1428700 1 --2- 172.21.15.62:0/1493850300 >> [v2:172.21.15.62:3300/0,v1:172.21.15.62:6789/0] conn(0x7fadac107fd0 0x7fadac1083f0 secure :-1 s=READY pgs=39 cs=0 l=1 rev1=1 crypto rx=0x7fada80098a0 tx=0x7fada8009bb0 comp rx=0 tx=0).ready entity=mon.0 client_cookie=ab04bbf6db907703 server_cookie=0 in_seq=0 out_seq=0
2024-06-10T00:20:59.041 INFO:teuthology.orchestra.run.smithi062.stdout:/usr/bin/ceph: stderr
2024-06-10T00:20:58.219+0000 7fada3fff700 1 -- 172.21.15.62:0/1493850300 <== mon.0 v2:172.21.15.62:3300/0 1 ==== mon_map magic: 0 ==== 205+0+0 (secure 0 0 0) 0x7fada8004160 con 0x7fadac107fd0
2024-06-10T00:20:59.041 INFO:teuthology.orchestra.run.smithi062.stdout:/usr/bin/ceph: stderr
2024-06-10T00:20:58.219+0000 7fada3fff700 1 -- 172.21.15.62:0/1493850300 <== mon.0 v2:172.21.15.62:3300/0 2 ==== config(27 keys) ==== 1109+0+0 (secure 0 0 0) 0x7fada8004300 con 0x7fadac107fd0
2024-06-10T00:20:59.042 INFO:teuthology.orchestra.run.smithi062.stdout:/usr/bin/ceph: stderr
2024-06-10T00:20:58.219+0000 7fada3fff700 1 -- 172.21.15.62:0/1493850300 <== mon.0 v2:172.21.15.62:3300/0 3 ==== mon_map magic: 0 ==== 205+0+0 (secure 0 0 0) 0x7fada8011b50 con 0x7fadac107fd0
2024-06-10T00:20:59.042 INFO:teuthology.orchestra.run.smithi062.stdout:/usr/bin/ceph: stderr
2024-06-10T00:20:58.219+0000 7fadb368c700 1 -- 172.21.15.62:0/1493850300 >> [v2:172.21.15.62:3300/0,v1:172.21.15.62:6789/0] conn(0x7fadac107fd0 msgr2=0x7fadac1083f0 secure :-1 s=STATE_CONNECTION_ESTABLISHED l=1).mark_down
2024-06-10T00:20:59.042 INFO:teuthology.orchestra.run.smithi062.stdout:/usr/bin/ceph: stderr
2024-06-10T00:20:58.219+0000 7fadb368c700 1 --2- 172.21.15.62:0/1493850300 >> [v2:172.21.15.62:3300/0,v1:172.21.15.62:6789/0] conn(0x7fadac107fd0 0x7fadac1083f0 secure :-1 s=READY pgs=39 cs=0 l=1 rev1=1 crypto rx=0x7fada80098a0 tx=0x7fada8009bb0 comp rx=0 tx=0).stop
2024-06-10T00:20:59.042 INFO:teuthology.orchestra.run.smithi062.stdout:/usr/bin/ceph: stderr
2024-06-10T00:20:58.219+0000 7fadb368c700 1 -- 172.21.15.62:0/1493850300 shutdown_connections
2024-06-10T00:20:59.042 INFO:teuthology.orchestra.run.smithi062.stdout:/usr/bin/ceph: stderr
2024-06-10T00:20:58.219+0000 7fadb368c700 1 --2- 172.21.15.62:0/1493850300 >> [v2:172.21.15.62:3300/0,v1:172.21.15.62:6789/0] conn(0x7fadac107fd0 0x7fadac1083f0 unknown :-1 s=CLOSED pgs=39 cs=0 l=1 rev1=1 crypto rx=0 tx=0 comp rx=0 tx=0).stop
2024-06-10T00:20:59.042 INFO:teuthology.orchestra.run.smithi062.stdout:/usr/bin/ceph: stderr
2024-06-10T00:20:58.219+0000 7fadb368c700 1 -- 172.21.15.62:0/1493850300 >> 172.21.15.62:0/1493850300 conn(0x7fadac103550 msgr2=0x7fadac1059b0 unknown :-1 s=STATE_NONE l=0).mark_down
2024-06-10T00:20:59.042 INFO:teuthology.orchestra.run.smithi062.stdout:/usr/bin/ceph: stderr
2024-06-10T00:20:58.220+0000 7fadb368c700 1 -- 172.21.15.62:0/1493850300 shutdown_connections
2024-06-10T00:20:59.042 INFO:teuthology.orchestra.run.smithi062.stdout:/usr/bin/ceph: stderr
2024-06-10T00:20:58.220+0000 7fadb368c700 1 -- 172.21.15.62:0/1493850300 wait complete.
2024-06-10T00:20:59.042 INFO:teuthology.orchestra.run.smithi062.stdout:/usr/bin/ceph: stderr
2024-06-10T00:20:58.220+0000 7fadb368c700 1 Processor -- start
2024-06-10T00:20:59.042 INFO:teuthology.orchestra.run.smithi062.stdout:/usr/bin/ceph: stderr
2024-06-10T00:20:58.220+0000 7fadb368c700 1 -- start start
2024-06-10T00:20:59.042 INFO:teuthology.orchestra.run.smithi062.stdout:/usr/bin/ceph: stderr
2024-06-10T00:20:58.220+0000 7fadb368c700 1 --2- >> [v2:172.21.15.62:3300/0,v1:172.21.15.62:6789/0] conn(0x7fadac107fd0 0x7fadac19bff0 unknown :-1 s=NONE pgs=0 cs=0 l=1 rev1=0 crypto rx=0 tx=0 comp rx=0 tx=0).connect
2024-06-10T00:20:59.043 INFO:teuthology.orchestra.run.smithi062.stdout:/usr/bin/ceph: stderr
2024-06-10T00:20:58.220+0000 7fadb368c700 1 -- --> [v2:172.21.15.62:3300/0,v1:172.21.15.62:6789/0] -- mon_getmap magic: 0 -- 0x7fadac10c580 con 0x7fadac107fd0
2024-06-10T00:20:59.043 INFO:teuthology.orchestra.run.smithi062.stdout:/usr/bin/ceph: stderr
2024-06-10T00:20:58.221+0000 7fadb1428700 1 --2- >> [v2:172.21.15.62:3300/0,v1:172.21.15.62:6789/0] conn(0x7fadac107fd0 0x7fadac19bff0 unknown :-1 s=BANNER_CONNECTING pgs=0 cs=0 l=1 rev1=0 crypto rx=0 tx=0 comp rx=0 tx=0)._handle_peer_banner_payload supported=3 required=0
2024-06-10T00:20:59.043 INFO:teuthology.orchestra.run.smithi062.stdout:/usr/bin/ceph: stderr
2024-06-10T00:20:58.221+0000 7fadb1428700 1 --2- >> [v2:172.21.15.62:3300/0,v1:172.21.15.62:6789/0] conn(0x7fadac107fd0 0x7fadac19bff0 unknown :-1 s=HELLO_CONNECTING pgs=0 cs=0 l=1 rev1=1 crypto rx=0 tx=0 comp rx=0 tx=0).handle_hello peer v2:172.21.15.62:3300/0 says I am v2:172.21.15.62:47918/0 (socket says 172.21.15.62:47918)
2024-06-10T00:20:59.043 INFO:teuthology.orchestra.run.smithi062.stdout:/usr/bin/ceph: stderr
2024-06-10T00:20:58.221+0000 7fadb1428700 1 -- 172.21.15.62:0/2666609464 learned_addr learned my addr 172.21.15.62:0/2666609464 (peer_addr_for_me v2:172.21.15.62:0/0)
2024-06-10T00:20:59.043 INFO:teuthology.orchestra.run.smithi062.stdout:/usr/bin/ceph: stderr
2024-06-10T00:20:58.221+0000 7fadb1428700 1 -- 172.21.15.62:0/2666609464 --> [v2:172.21.15.62:3300/0,v1:172.21.15.62:6789/0] -- mon_subscribe({config=0+,monmap=0+}) -- 0x7fadac19c530 con 0x7fadac107fd0
2024-06-10T00:20:59.043 INFO:teuthology.orchestra.run.smithi062.stdout:/usr/bin/ceph: stderr
2024-06-10T00:20:58.221+0000 7fadb1428700 1 --2- 172.21.15.62:0/2666609464 >> [v2:172.21.15.62:3300/0,v1:172.21.15.62:6789/0] conn(0x7fadac107fd0 0x7fadac19bff0 secure :-1 s=READY pgs=40 cs=0 l=1 rev1=1 crypto rx=0x7fada8011850 tx=0x7fada8011c10 comp rx=0 tx=0).ready entity=mon.0 client_cookie=0 server_cookie=0 in_seq=0 out_seq=0
2024-06-10T00:20:59.043 INFO:teuthology.orchestra.run.smithi062.stdout:/usr/bin/ceph: stderr
2024-06-10T00:20:58.221+0000 7fada27fc700 1 -- 172.21.15.62:0/2666609464 <== mon.0 v2:172.21.15.62:3300/0 1 ==== mon_map magic: 0 ==== 205+0+0 (secure 0 0 0) 0x7fada8003af0 con 0x7fadac107fd0
2024-06-10T00:20:59.043 INFO:teuthology.orchestra.run.smithi062.stdout:/usr/bin/ceph: stderr
2024-06-10T00:20:58.221+0000 7fada27fc700 1 -- 172.21.15.62:0/2666609464 <== mon.0 v2:172.21.15.62:3300/0 2 ==== config(27 keys) ==== 1109+0+0 (secure 0 0 0) 0x7fada8020070 con 0x7fadac107fd0
2024-06-10T00:20:59.043 INFO:teuthology.orchestra.run.smithi062.stdout:/usr/bin/ceph: stderr
2024-06-10T00:20:58.221+0000 7fada27fc700 1 -- 172.21.15.62:0/2666609464 <== mon.0 v2:172.21.15.62:3300/0 3 ==== mon_map magic: 0 ==== 205+0+0 (secure 0 0 0) 0x7fada80195a0 con 0x7fadac107fd0
2024-06-10T00:20:59.043 INFO:teuthology.orchestra.run.smithi062.stdout:/usr/bin/ceph: stderr
2024-06-10T00:20:58.221+0000 7fadb368c700 1 -- 172.21.15.62:0/2666609464 --> [v2:172.21.15.62:3300/0,v1:172.21.15.62:6789/0] -- mon_subscribe({mgrmap=0+}) -- 0x7fadac19c7c0 con 0x7fadac107fd0
2024-06-10T00:20:59.043 INFO:teuthology.orchestra.run.smithi062.stdout:/usr/bin/ceph: stderr
2024-06-10T00:20:58.221+0000 7fadb368c700 1 -- 172.21.15.62:0/2666609464 --> [v2:172.21.15.62:3300/0,v1:172.21.15.62:6789/0] -- mon_subscribe({osdmap=0}) -- 0x7fadac19f4b0 con 0x7fadac107fd0
2024-06-10T00:20:59.043 INFO:teuthology.orchestra.run.smithi062.stdout:/usr/bin/ceph: stderr
2024-06-10T00:20:58.222+0000 7fada27fc700 1 -- 172.21.15.62:0/2666609464 <== mon.0 v2:172.21.15.62:3300/0 4 ==== mgrmap(e 8) ==== 46287+0+0 (secure 0 0 0) 0x7fada80198a0 con 0x7fadac107fd0
2024-06-10T00:20:59.043 INFO:teuthology.orchestra.run.smithi062.stdout:/usr/bin/ceph: stderr
2024-06-10T00:20:58.222+0000 7fadb368c700 1 -- 172.21.15.62:0/2666609464 --> [v2:172.21.15.62:3300/0,v1:172.21.15.62:6789/0] -- mon_command({"prefix": "get_command_descriptions"} v 0) -- 0x7fadac0695d0 con 0x7fadac107fd0
2024-06-10T00:20:59.044 INFO:teuthology.orchestra.run.smithi062.stdout:/usr/bin/ceph: stderr
2024-06-10T00:20:58.222+0000 7fada27fc700 1 --2- 172.21.15.62:0/2666609464 >> [v2:172.21.15.62:6800/2327526412,v1:172.21.15.62:6801/2327526412] conn(0x7fad98039050 0x7fad9803b510 unknown :-1 s=NONE pgs=0 cs=0 l=1 rev1=0 crypto rx=0 tx=0 comp rx=0 tx=0).connect
2024-06-10T00:20:59.044 INFO:teuthology.orchestra.run.smithi062.stdout:/usr/bin/ceph: stderr
2024-06-10T00:20:58.222+0000 7fada27fc700 1 -- 172.21.15.62:0/2666609464 <== mon.0 v2:172.21.15.62:3300/0 5 ==== osd_map(2..2 src has 1..2) ==== 940+0+0 (secure 0 0 0) 0x7fada8011e00 con 0x7fadac107fd0
2024-06-10T00:20:59.044 INFO:teuthology.orchestra.run.smithi062.stdout:/usr/bin/ceph: stderr
2024-06-10T00:20:58.222+0000 7fadb0c27700 1 --2- 172.21.15.62:0/2666609464 >> [v2:172.21.15.62:6800/2327526412,v1:172.21.15.62:6801/2327526412] conn(0x7fad98039050 0x7fad9803b510 unknown :-1 s=BANNER_CONNECTING pgs=0 cs=0 l=1 rev1=0 crypto rx=0 tx=0 comp rx=0 tx=0)._handle_peer_banner_payload supported=3 required=0
2024-06-10T00:20:59.044 INFO:teuthology.orchestra.run.smithi062.stdout:/usr/bin/ceph: stderr
2024-06-10T00:20:58.223+0000 7fadb0c27700 1 --2- 172.21.15.62:0/2666609464 >> [v2:172.21.15.62:6800/2327526412,v1:172.21.15.62:6801/2327526412] conn(0x7fad98039050 0x7fad9803b510 secure :-1 s=READY pgs=8 cs=0 l=1 rev1=1 crypto rx=0x7fad9c006fd0 tx=0x7fad9c006e40 comp rx=0 tx=0).ready entity=mgr.14120 client_cookie=0 server_cookie=0 in_seq=0 out_seq=0
2024-06-10T00:20:59.044 INFO:teuthology.orchestra.run.smithi062.stdout:/usr/bin/ceph: stderr
2024-06-10T00:20:58.227+0000 7fada27fc700 1 -- 172.21.15.62:0/2666609464 <== mon.0 v2:172.21.15.62:3300/0 6 ==== mon_command_ack([{"prefix": "get_command_descriptions"}]=0 v0) ==== 72+0+186418 (secure 0 0 0) 0x7fada800e260 con 0x7fadac107fd0
2024-06-10T00:20:59.044 INFO:teuthology.orchestra.run.smithi062.stdout:/usr/bin/ceph: stderr
2024-06-10T00:20:58.434+0000 7fadb368c700 1 -- 172.21.15.62:0/2666609464 --> [v2:172.21.15.62:6800/2327526412,v1:172.21.15.62:6801/2327526412] -- mgr_command(tid 0: {"prefix": "cephadm set-user", "user": "root", "target": ["mon-mgr", ""]}) -- 0x7fadac104830 con 0x7fad98039050
2024-06-10T00:20:59.044 INFO:teuthology.orchestra.run.smithi062.stdout:/usr/bin/ceph: stderr
2024-06-10T00:20:58.435+0000 7fada27fc700 1 -- 172.21.15.62:0/2666609464 <== mgr.14120 v2:172.21.15.62:6800/2327526412 1 ==== mgr_command_reply(tid 0: 0 ) ==== 8+0+16 (secure 0 0 0) 0x7fadac104830 con 0x7fad98039050
2024-06-10T00:20:59.045 INFO:teuthology.orchestra.run.smithi062.stdout:/usr/bin/ceph: stderr
2024-06-10T00:20:58.437+0000 7fadb368c700 1 -- 172.21.15.62:0/2666609464 >> [v2:172.21.15.62:6800/2327526412,v1:172.21.15.62:6801/2327526412] conn(0x7fad98039050 msgr2=0x7fad9803b510 secure :-1 s=STATE_CONNECTION_ESTABLISHED l=1).mark_down
2024-06-10T00:20:59.045 INFO:teuthology.orchestra.run.smithi062.stdout:/usr/bin/ceph: stderr
2024-06-10T00:20:58.437+0000 7fadb368c700 1 --2- 172.21.15.62:0/2666609464 >> [v2:172.21.15.62:6800/2327526412,v1:172.21.15.62:6801/2327526412] conn(0x7fad98039050 0x7fad9803b510 secure :-1 s=READY pgs=8 cs=0 l=1 rev1=1 crypto rx=0x7fad9c006fd0 tx=0x7fad9c006e40 comp rx=0 tx=0).stop
2024-06-10T00:20:59.045 INFO:teuthology.orchestra.run.smithi062.stdout:/usr/bin/ceph: stderr
2024-06-10T00:20:58.437+0000 7fadb368c700 1 -- 172.21.15.62:0/2666609464 >> [v2:172.21.15.62:3300/0,v1:172.21.15.62:6789/0] conn(0x7fadac107fd0 msgr2=0x7fadac19bff0 secure :-1 s=STATE_CONNECTION_ESTABLISHED l=1).mark_down
2024-06-10T00:20:59.045 INFO:teuthology.orchestra.run.smithi062.stdout:/usr/bin/ceph: stderr
2024-06-10T00:20:58.437+0000 7fadb368c700 1 --2- 172.21.15.62:0/2666609464 >> [v2:172.21.15.62:3300/0,v1:172.21.15.62:6789/0] conn(0x7fadac107fd0 0x7fadac19bff0 secure :-1 s=READY pgs=40 cs=0 l=1 rev1=1 crypto rx=0x7fada8011850 tx=0x7fada8011c10 comp rx=0 tx=0).stop
2024-06-10T00:20:59.045 INFO:teuthology.orchestra.run.smithi062.stdout:/usr/bin/ceph: stderr
2024-06-10T00:20:58.437+0000 7fadb368c700 1 -- 172.21.15.62:0/2666609464 shutdown_connections
2024-06-10T00:20:59.045 INFO:teuthology.orchestra.run.smithi062.stdout:/usr/bin/ceph: stderr
2024-06-10T00:20:58.437+0000 7fadb368c700 1 --2- 172.21.15.62:0/2666609464 >> [v2:172.21.15.62:6800/2327526412,v1:172.21.15.62:6801/2327526412] conn(0x7fad98039050 0x7fad9803b510 unknown :-1 s=CLOSED pgs=8 cs=0 l=1 rev1=1 crypto rx=0 tx=0 comp rx=0 tx=0).stop
2024-06-10T00:20:59.045 INFO:teuthology.orchestra.run.smithi062.stdout:/usr/bin/ceph: stderr
2024-06-10T00:20:58.437+0000 7fadb368c700 1 --2- 172.21.15.62:0/2666609464 >> [v2:172.21.15.62:3300/0,v1:172.21.15.62:6789/0] conn(0x7fadac107fd0 0x7fadac19bff0 unknown :-1 s=CLOSED pgs=40 cs=0 l=1 rev1=1 crypto rx=0 tx=0 comp rx=0 tx=0).stop
2024-06-10T00:20:59.045 INFO:teuthology.orchestra.run.smithi062.stdout:/usr/bin/ceph: stderr
2024-06-10T00:20:58.437+0000 7fadb368c700 1 -- 172.21.15.62:0/2666609464 >> 172.21.15.62:0/2666609464 conn(0x7fadac103550 msgr2=0x7fadac104120 unknown :-1 s=STATE_NONE l=0).mark_down
2024-06-10T00:20:59.045 INFO:teuthology.orchestra.run.smithi062.stdout:/usr/bin/ceph: stderr
2024-06-10T00:20:58.437+0000 7fadb368c700 1 -- 172.21.15.62:0/2666609464 shutdown_connections
2024-06-10T00:20:59.045 INFO:teuthology.orchestra.run.smithi062.stdout:/usr/bin/ceph: stderr
2024-06-10T00:20:58.438+0000 7fadb368c700 1 -- 172.21.15.62:0/2666609464 wait complete.
2024-06-10T00:20:59.045 INFO:teuthology.orchestra.run.smithi062.stdout:Generating ssh key...
2024-06-10T00:20:59.397 INFO:journalctl@ceph.mon.a.smithi062.stdout:Jun 10 00:20:59 smithi062 ceph-mon[32390]: from='client.14134 -' entity='client.admin' cmd=[{"prefix": "cephadm set-user", "user": "root", "target": ["mon-mgr", ""]}]: dispatch
2024-06-10T00:21:00.347 INFO:journalctl@ceph.mon.a.smithi062.stdout:Jun 10 00:21:00 smithi062 ceph-mon[32390]: from='client.14136 -' entity='client.admin' cmd=[{"prefix": "cephadm generate-key", "target": ["mon-mgr", ""]}]: dispatch
2024-06-10T00:21:00.348 INFO:journalctl@ceph.mon.a.smithi062.stdout:Jun 10 00:21:00 smithi062 ceph-mon[32390]: Generating ssh key...
2024-06-10T00:21:00.348 INFO:journalctl@ceph.mon.a.smithi062.stdout:Jun 10 00:21:00 smithi062 ceph-mon[32390]: from='mgr.14120 172.21.15.62:0/2827779702' entity='mgr.x'
2024-06-10T00:21:00.348 INFO:journalctl@ceph.mon.a.smithi062.stdout:Jun 10 00:21:00 smithi062 ceph-mon[32390]: from='mgr.14120 172.21.15.62:0/2827779702' entity='mgr.x'
2024-06-10T00:21:00.349 INFO:journalctl@ceph.mgr.x.smithi062.stdout:Jun 10 00:21:00 smithi062 ceph-1353b2ce-26bf-11ef-bc9b-c7b262605968-mgr-x[32622]: Generating public/private rsa key pair.
2024-06-10T00:21:00.349 INFO:journalctl@ceph.mgr.x.smithi062.stdout:Jun 10 00:21:00 smithi062 ceph-1353b2ce-26bf-11ef-bc9b-c7b262605968-mgr-x[32622]: Your identification has been saved in /tmp/tmpkv89jjpg/key.
2024-06-10T00:21:00.349 INFO:journalctl@ceph.mgr.x.smithi062.stdout:Jun 10 00:21:00 smithi062 ceph-1353b2ce-26bf-11ef-bc9b-c7b262605968-mgr-x[32622]: Your public key has been saved in /tmp/tmpkv89jjpg/key.pub.
2024-06-10T00:21:00.349 INFO:journalctl@ceph.mgr.x.smithi062.stdout:Jun 10 00:21:00 smithi062 ceph-1353b2ce-26bf-11ef-bc9b-c7b262605968-mgr-x[32622]: The key fingerprint is:
2024-06-10T00:21:00.349 INFO:journalctl@ceph.mgr.x.smithi062.stdout:Jun 10 00:21:00 smithi062 ceph-1353b2ce-26bf-11ef-bc9b-c7b262605968-mgr-x[32622]: SHA256:UC7TEXuYiqxpruf1w0yVhXZIlHVxhjdrBjyrxau4b7E ceph-1353b2ce-26bf-11ef-bc9b-c7b262605968
2024-06-10T00:21:00.349 INFO:journalctl@ceph.mgr.x.smithi062.stdout:Jun 10 00:21:00 smithi062 ceph-1353b2ce-26bf-11ef-bc9b-c7b262605968-mgr-x[32622]: The key's randomart image is:
2024-06-10T00:21:00.349 INFO:journalctl@ceph.mgr.x.smithi062.stdout:Jun 10 00:21:00 smithi062 ceph-1353b2ce-26bf-11ef-bc9b-c7b262605968-mgr-x[32622]: +---[RSA 3072]----+
2024-06-10T00:21:00.349 INFO:journalctl@ceph.mgr.x.smithi062.stdout:Jun 10 00:21:00 smithi062 ceph-1353b2ce-26bf-11ef-bc9b-c7b262605968-mgr-x[32622]: | o**..ooo |
2024-06-10T00:21:00.349 INFO:journalctl@ceph.mgr.x.smithi062.stdout:Jun 10 00:21:00 smithi062 ceph-1353b2ce-26bf-11ef-bc9b-c7b262605968-mgr-x[32622]: | +==o.=oo |
2024-06-10T00:21:00.350 INFO:journalctl@ceph.mgr.x.smithi062.stdout:Jun 10 00:21:00 smithi062 ceph-1353b2ce-26bf-11ef-bc9b-c7b262605968-mgr-x[32622]: | +.*+.. = o |
2024-06-10T00:21:00.350 INFO:journalctl@ceph.mgr.x.smithi062.stdout:Jun 10 00:21:00 smithi062 ceph-1353b2ce-26bf-11ef-bc9b-c7b262605968-mgr-x[32622]: | . . =o. + + |
2024-06-10T00:21:00.350 INFO:journalctl@ceph.mgr.x.smithi062.stdout:Jun 10 00:21:00 smithi062 ceph-1353b2ce-26bf-11ef-bc9b-c7b262605968-mgr-x[32622]: | o ..S o + |
2024-06-10T00:21:00.350 INFO:journalctl@ceph.mgr.x.smithi062.stdout:Jun 10 00:21:00 smithi062 ceph-1353b2ce-26bf-11ef-bc9b-c7b262605968-mgr-x[32622]: | o . o . |
2024-06-10T00:21:00.350 INFO:journalctl@ceph.mgr.x.smithi062.stdout:Jun 10 00:21:00 smithi062 ceph-1353b2ce-26bf-11ef-bc9b-c7b262605968-mgr-x[32622]: | + .+ . + |
2024-06-10T00:21:00.350 INFO:journalctl@ceph.mgr.x.smithi062.stdout:Jun 10 00:21:00 smithi062 ceph-1353b2ce-26bf-11ef-bc9b-c7b262605968-mgr-x[32622]: | o.. .+ . E |
2024-06-10T00:21:00.350 INFO:journalctl@ceph.mgr.x.smithi062.stdout:Jun 10 00:21:00 smithi062 ceph-1353b2ce-26bf-11ef-bc9b-c7b262605968-mgr-x[32622]: |.+o ...+. |
2024-06-10T00:21:00.350 INFO:journalctl@ceph.mgr.x.smithi062.stdout:Jun 10 00:21:00 smithi062 ceph-1353b2ce-26bf-11ef-bc9b-c7b262605968-mgr-x[32622]: +----[SHA256]-----+
2024-06-10T00:21:00.632 INFO:teuthology.orchestra.run.smithi062.stdout:/usr/bin/ceph: stderr
2024-06-10T00:20:59.508+0000 7fedcd632700 1 Processor -- start
2024-06-10T00:21:00.633 INFO:teuthology.orchestra.run.smithi062.stdout:/usr/bin/ceph: stderr
2024-06-10T00:20:59.508+0000 7fedcd632700 1 -- start start
2024-06-10T00:21:00.633 INFO:teuthology.orchestra.run.smithi062.stdout:/usr/bin/ceph: stderr
2024-06-10T00:20:59.508+0000 7fedcd632700 1 --2- >> [v2:172.21.15.62:3300/0,v1:172.21.15.62:6789/0] conn(0x7fedc8108ad0 0x7fedc810aec0 unknown :-1 s=NONE pgs=0 cs=0 l=0 rev1=0 crypto rx=0 tx=0 comp rx=0 tx=0).connect
2024-06-10T00:21:00.633 INFO:teuthology.orchestra.run.smithi062.stdout:/usr/bin/ceph: stderr
2024-06-10T00:20:59.508+0000 7fedcd632700 1 -- --> [v2:172.21.15.62:3300/0,v1:172.21.15.62:6789/0] -- mon_getmap magic: 0 -- 0x7fedc807be10 con 0x7fedc8108ad0
2024-06-10T00:21:00.633 INFO:teuthology.orchestra.run.smithi062.stdout:/usr/bin/ceph: stderr
2024-06-10T00:20:59.508+0000 7fedc6ffd700 1 --2- >> [v2:172.21.15.62:3300/0,v1:172.21.15.62:6789/0] conn(0x7fedc8108ad0 0x7fedc810aec0 unknown :-1 s=BANNER_CONNECTING pgs=0 cs=0 l=0 rev1=0 crypto rx=0 tx=0 comp rx=0 tx=0)._handle_peer_banner_payload supported=3 required=0
2024-06-10T00:21:00.633 INFO:teuthology.orchestra.run.smithi062.stdout:/usr/bin/ceph: stderr
2024-06-10T00:20:59.508+0000 7fedc6ffd700 1 --2- >> [v2:172.21.15.62:3300/0,v1:172.21.15.62:6789/0] conn(0x7fedc8108ad0 0x7fedc810aec0 unknown :-1 s=HELLO_CONNECTING pgs=0 cs=0 l=0 rev1=1 crypto rx=0 tx=0 comp rx=0 tx=0).handle_hello peer v2:172.21.15.62:3300/0 says I am v2:172.21.15.62:47920/0 (socket says 172.21.15.62:47920)
2024-06-10T00:21:00.633 INFO:teuthology.orchestra.run.smithi062.stdout:/usr/bin/ceph: stderr
2024-06-10T00:20:59.508+0000 7fedc6ffd700 1 -- 172.21.15.62:0/3310671373 learned_addr learned my addr 172.21.15.62:0/3310671373 (peer_addr_for_me v2:172.21.15.62:0/0)
2024-06-10T00:21:00.633 INFO:teuthology.orchestra.run.smithi062.stdout:/usr/bin/ceph: stderr
2024-06-10T00:20:59.509+0000 7fedc6ffd700 1 -- 172.21.15.62:0/3310671373 --> [v2:172.21.15.62:3300/0,v1:172.21.15.62:6789/0] -- mon_subscribe({config=0+,monmap=0+}) -- 0x7fedc810b400 con 0x7fedc8108ad0
2024-06-10T00:21:00.633 INFO:teuthology.orchestra.run.smithi062.stdout:/usr/bin/ceph: stderr
2024-06-10T00:20:59.509+0000 7fedc6ffd700 1 --2- 172.21.15.62:0/3310671373 >> [v2:172.21.15.62:3300/0,v1:172.21.15.62:6789/0] conn(0x7fedc8108ad0 0x7fedc810aec0 secure :-1 s=READY pgs=41 cs=0 l=1 rev1=1 crypto rx=0x7fedb80098a0 tx=0x7fedb8009bb0 comp rx=0 tx=0).ready entity=mon.0 client_cookie=73c07d41f5beba0e server_cookie=0 in_seq=0 out_seq=0
2024-06-10T00:21:00.633 INFO:teuthology.orchestra.run.smithi062.stdout:/usr/bin/ceph: stderr
2024-06-10T00:20:59.509+0000 7fedc5ffb700 1 -- 172.21.15.62:0/3310671373 <== mon.0 v2:172.21.15.62:3300/0 1 ==== mon_map magic: 0 ==== 205+0+0 (secure 0 0 0) 0x7fedb8004160 con 0x7fedc8108ad0
2024-06-10T00:21:00.634 INFO:teuthology.orchestra.run.smithi062.stdout:/usr/bin/ceph: stderr
2024-06-10T00:20:59.509+0000 7fedc5ffb700 1 -- 172.21.15.62:0/3310671373 <== mon.0 v2:172.21.15.62:3300/0 2 ==== config(27 keys) ==== 1109+0+0 (secure 0 0 0) 0x7fedb8004300 con 0x7fedc8108ad0
2024-06-10T00:21:00.634 INFO:teuthology.orchestra.run.smithi062.stdout:/usr/bin/ceph: stderr
2024-06-10T00:20:59.509+0000 7fedc5ffb700 1 -- 172.21.15.62:0/3310671373 <== mon.0 v2:172.21.15.62:3300/0 3 ==== mon_map magic: 0 ==== 205+0+0 (secure 0 0 0) 0x7fedb8011b50 con 0x7fedc8108ad0
2024-06-10T00:21:00.634 INFO:teuthology.orchestra.run.smithi062.stdout:/usr/bin/ceph: stderr
2024-06-10T00:20:59.509+0000 7fedcd632700 1 -- 172.21.15.62:0/3310671373 >> [v2:172.21.15.62:3300/0,v1:172.21.15.62:6789/0] conn(0x7fedc8108ad0 msgr2=0x7fedc810aec0 secure :-1 s=STATE_CONNECTION_ESTABLISHED l=1).mark_down
2024-06-10T00:21:00.634 INFO:teuthology.orchestra.run.smithi062.stdout:/usr/bin/ceph: stderr
2024-06-10T00:20:59.509+0000 7fedcd632700 1 --2- 172.21.15.62:0/3310671373 >> [v2:172.21.15.62:3300/0,v1:172.21.15.62:6789/0] conn(0x7fedc8108ad0 0x7fedc810aec0 secure :-1 s=READY pgs=41 cs=0 l=1 rev1=1 crypto rx=0x7fedb80098a0 tx=0x7fedb8009bb0 comp rx=0 tx=0).stop
2024-06-10T00:21:00.634 INFO:teuthology.orchestra.run.smithi062.stdout:/usr/bin/ceph: stderr
2024-06-10T00:20:59.510+0000 7fedcd632700 1 -- 172.21.15.62:0/3310671373 shutdown_connections
2024-06-10T00:21:00.634 INFO:teuthology.orchestra.run.smithi062.stdout:/usr/bin/ceph: stderr
2024-06-10T00:20:59.510+0000 7fedcd632700 1 --2- 172.21.15.62:0/3310671373 >> [v2:172.21.15.62:3300/0,v1:172.21.15.62:6789/0] conn(0x7fedc8108ad0 0x7fedc810aec0 unknown :-1 s=CLOSED pgs=41 cs=0 l=1 rev1=1 crypto rx=0 tx=0 comp rx=0 tx=0).stop
2024-06-10T00:21:00.634 INFO:teuthology.orchestra.run.smithi062.stdout:/usr/bin/ceph: stderr
2024-06-10T00:20:59.510+0000 7fedcd632700 1 -- 172.21.15.62:0/3310671373 >> 172.21.15.62:0/3310671373 conn(0x7fedc81024e0 msgr2=0x7fedc8104900 unknown :-1 s=STATE_NONE l=0).mark_down
2024-06-10T00:21:00.634 INFO:teuthology.orchestra.run.smithi062.stdout:/usr/bin/ceph: stderr
2024-06-10T00:20:59.510+0000 7fedcd632700 1 -- 172.21.15.62:0/3310671373 shutdown_connections
2024-06-10T00:21:00.634 INFO:teuthology.orchestra.run.smithi062.stdout:/usr/bin/ceph: stderr
2024-06-10T00:20:59.510+0000 7fedcd632700 1 -- 172.21.15.62:0/3310671373 wait complete.
2024-06-10T00:21:00.634 INFO:teuthology.orchestra.run.smithi062.stdout:/usr/bin/ceph: stderr
2024-06-10T00:20:59.510+0000 7fedcd632700 1 Processor -- start
2024-06-10T00:21:00.635 INFO:teuthology.orchestra.run.smithi062.stdout:/usr/bin/ceph: stderr
2024-06-10T00:20:59.511+0000 7fedcd632700 1 -- start start
2024-06-10T00:21:00.635 INFO:teuthology.orchestra.run.smithi062.stdout:/usr/bin/ceph: stderr
2024-06-10T00:20:59.511+0000 7fedcd632700 1 --2- >> [v2:172.21.15.62:3300/0,v1:172.21.15.62:6789/0] conn(0x7fedc8108ad0 0x7fedc8108350 unknown :-1 s=NONE pgs=0 cs=0 l=1 rev1=0 crypto rx=0 tx=0 comp rx=0 tx=0).connect
2024-06-10T00:21:00.635 INFO:teuthology.orchestra.run.smithi062.stdout:/usr/bin/ceph: stderr
2024-06-10T00:20:59.511+0000 7fedcd632700 1 -- --> [v2:172.21.15.62:3300/0,v1:172.21.15.62:6789/0] -- mon_getmap magic: 0 -- 0x7fedc810c3c0 con 0x7fedc8108ad0
2024-06-10T00:21:00.635 INFO:teuthology.orchestra.run.smithi062.stdout:/usr/bin/ceph: stderr
2024-06-10T00:20:59.511+0000 7fedc6ffd700 1 --2- >> [v2:172.21.15.62:3300/0,v1:172.21.15.62:6789/0] conn(0x7fedc8108ad0 0x7fedc8108350 unknown :-1 s=BANNER_CONNECTING pgs=0 cs=0 l=1 rev1=0 crypto rx=0 tx=0 comp rx=0 tx=0)._handle_peer_banner_payload supported=3 required=0
2024-06-10T00:21:00.635 INFO:teuthology.orchestra.run.smithi062.stdout:/usr/bin/ceph: stderr
2024-06-10T00:20:59.511+0000 7fedc6ffd700 1 --2- >> [v2:172.21.15.62:3300/0,v1:172.21.15.62:6789/0] conn(0x7fedc8108ad0 0x7fedc8108350 unknown :-1 s=HELLO_CONNECTING pgs=0 cs=0 l=1 rev1=1 crypto rx=0 tx=0 comp rx=0 tx=0).handle_hello peer v2:172.21.15.62:3300/0 says I am v2:172.21.15.62:47932/0 (socket says 172.21.15.62:47932)
2024-06-10T00:21:00.635 INFO:teuthology.orchestra.run.smithi062.stdout:/usr/bin/ceph: stderr
2024-06-10T00:20:59.511+0000 7fedc6ffd700 1 -- 172.21.15.62:0/308074138 learned_addr learned my addr 172.21.15.62:0/308074138 (peer_addr_for_me v2:172.21.15.62:0/0)
2024-06-10T00:21:00.635 INFO:teuthology.orchestra.run.smithi062.stdout:/usr/bin/ceph: stderr
2024-06-10T00:20:59.511+0000 7fedc6ffd700 1 -- 172.21.15.62:0/308074138 --> [v2:172.21.15.62:3300/0,v1:172.21.15.62:6789/0] -- mon_subscribe({config=0+,monmap=0+}) -- 0x7fedc8108890 con 0x7fedc8108ad0
2024-06-10T00:21:00.635 INFO:teuthology.orchestra.run.smithi062.stdout:/usr/bin/ceph: stderr
2024-06-10T00:20:59.511+0000 7fedc6ffd700 1 --2- 172.21.15.62:0/308074138 >> [v2:172.21.15.62:3300/0,v1:172.21.15.62:6789/0] conn(0x7fedc8108ad0 0x7fedc8108350 secure :-1 s=READY pgs=42 cs=0 l=1 rev1=1 crypto rx=0x7fedb8011670 tx=0x7fedb8011b60 comp rx=0 tx=0).ready entity=mon.0 client_cookie=0 server_cookie=0 in_seq=0 out_seq=0
2024-06-10T00:21:00.635 INFO:teuthology.orchestra.run.smithi062.stdout:/usr/bin/ceph: stderr
2024-06-10T00:20:59.512+0000 7fedaffff700 1 -- 172.21.15.62:0/308074138 <== mon.0 v2:172.21.15.62:3300/0 1 ==== mon_map magic: 0 ==== 205+0+0 (secure 0 0 0) 0x7fedb80039c0 con 0x7fedc8108ad0
2024-06-10T00:21:00.635 INFO:teuthology.orchestra.run.smithi062.stdout:/usr/bin/ceph: stderr
2024-06-10T00:20:59.512+0000 7fedaffff700 1 -- 172.21.15.62:0/308074138 <== mon.0 v2:172.21.15.62:3300/0 2 ==== config(27 keys) ==== 1109+0+0 (secure 0 0 0) 0x7fedb8011e50 con 0x7fedc8108ad0
2024-06-10T00:21:00.635 INFO:teuthology.orchestra.run.smithi062.stdout:/usr/bin/ceph: stderr
2024-06-10T00:20:59.512+0000 7fedcd632700 1 -- 172.21.15.62:0/308074138 --> [v2:172.21.15.62:3300/0,v1:172.21.15.62:6789/0] -- mon_subscribe({mgrmap=0+}) -- 0x7fedc8106a80 con 0x7fedc8108ad0
2024-06-10T00:21:00.636 INFO:teuthology.orchestra.run.smithi062.stdout:/usr/bin/ceph: stderr
2024-06-10T00:20:59.512+0000 7fedaffff700 1 -- 172.21.15.62:0/308074138 <== mon.0 v2:172.21.15.62:3300/0 3 ==== mon_map magic: 0 ==== 205+0+0 (secure 0 0 0) 0x7fedb801a5c0 con 0x7fedc8108ad0
2024-06-10T00:21:00.636 INFO:teuthology.orchestra.run.smithi062.stdout:/usr/bin/ceph: stderr
2024-06-10T00:20:59.512+0000 7fedcd632700 1 -- 172.21.15.62:0/308074138 --> [v2:172.21.15.62:3300/0,v1:172.21.15.62:6789/0] -- mon_subscribe({osdmap=0}) -- 0x7fedc8106fc0 con 0x7fedc8108ad0
2024-06-10T00:21:00.636 INFO:teuthology.orchestra.run.smithi062.stdout:/usr/bin/ceph: stderr
2024-06-10T00:20:59.512+0000 7fedaffff700 1 -- 172.21.15.62:0/308074138 <== mon.0 v2:172.21.15.62:3300/0 4 ==== mgrmap(e 8) ==== 46287+0+0 (secure 0 0 0) 0x7fedb801a870 con 0x7fedc8108ad0
2024-06-10T00:21:00.636 INFO:teuthology.orchestra.run.smithi062.stdout:/usr/bin/ceph: stderr
2024-06-10T00:20:59.513+0000 7fedcd632700 1 -- 172.21.15.62:0/308074138 --> [v2:172.21.15.62:3300/0,v1:172.21.15.62:6789/0] -- mon_command({"prefix": "get_command_descriptions"} v 0) -- 0x7fedc8063af0 con 0x7fedc8108ad0
2024-06-10T00:21:00.636 INFO:teuthology.orchestra.run.smithi062.stdout:/usr/bin/ceph: stderr
2024-06-10T00:20:59.513+0000 7fedaffff700 1 --2- 172.21.15.62:0/308074138 >> [v2:172.21.15.62:6800/2327526412,v1:172.21.15.62:6801/2327526412] conn(0x7fedb0039050 0x7fedb003b510 unknown :-1 s=NONE pgs=0 cs=0 l=1 rev1=0 crypto rx=0 tx=0 comp rx=0 tx=0).connect
2024-06-10T00:21:00.636 INFO:teuthology.orchestra.run.smithi062.stdout:/usr/bin/ceph: stderr
2024-06-10T00:20:59.513+0000 7fedaffff700 1 -- 172.21.15.62:0/308074138 <== mon.0 v2:172.21.15.62:3300/0 5 ==== osd_map(2..2 src has 1..2) ==== 940+0+0 (secure 0 0 0) 0x7fedb804d520 con 0x7fedc8108ad0
2024-06-10T00:21:00.636 INFO:teuthology.orchestra.run.smithi062.stdout:/usr/bin/ceph: stderr
2024-06-10T00:20:59.513+0000 7fedc67fc700 1 --2- 172.21.15.62:0/308074138 >> [v2:172.21.15.62:6800/2327526412,v1:172.21.15.62:6801/2327526412] conn(0x7fedb0039050 0x7fedb003b510 unknown :-1 s=BANNER_CONNECTING pgs=0 cs=0 l=1 rev1=0 crypto rx=0 tx=0 comp rx=0 tx=0)._handle_peer_banner_payload supported=3 required=0
2024-06-10T00:21:00.636 INFO:teuthology.orchestra.run.smithi062.stdout:/usr/bin/ceph: stderr
2024-06-10T00:20:59.513+0000 7fedc67fc700 1 --2- 172.21.15.62:0/308074138 >> [v2:172.21.15.62:6800/2327526412,v1:172.21.15.62:6801/2327526412] conn(0x7fedb0039050 0x7fedb003b510 secure :-1 s=READY pgs=9 cs=0 l=1 rev1=1 crypto rx=0x7fedbc006fd0 tx=0x7fedbc006e40 comp rx=0 tx=0).ready entity=mgr.14120 client_cookie=0 server_cookie=0 in_seq=0 out_seq=0
2024-06-10T00:21:00.636 INFO:teuthology.orchestra.run.smithi062.stdout:/usr/bin/ceph: stderr
2024-06-10T00:20:59.518+0000 7fedaffff700 1 -- 172.21.15.62:0/308074138 <== mon.0 v2:172.21.15.62:3300/0 6 ==== mon_command_ack([{"prefix": "get_command_descriptions"}]=0 v0) ==== 72+0+186418 (secure 0 0 0) 0x7fedb801ac60 con 0x7fedc8108ad0
2024-06-10T00:21:00.636 INFO:teuthology.orchestra.run.smithi062.stdout:/usr/bin/ceph: stderr
2024-06-10T00:20:59.728+0000 7fedcd632700 1 -- 172.21.15.62:0/308074138 --> [v2:172.21.15.62:6800/2327526412,v1:172.21.15.62:6801/2327526412] -- mgr_command(tid 0: {"prefix": "cephadm generate-key", "target": ["mon-mgr", ""]}) -- 0x7fedc8103780 con 0x7fedb0039050
2024-06-10T00:21:00.636 INFO:teuthology.orchestra.run.smithi062.stdout:/usr/bin/ceph: stderr
2024-06-10T00:21:00.037+0000 7fedaffff700 1 -- 172.21.15.62:0/308074138 <== mgr.14120 v2:172.21.15.62:6800/2327526412 1 ==== mgr_command_reply(tid 0: 0 ) ==== 8+0+0 (secure 0 0 0) 0x7fedc8103780 con 0x7fedb0039050
2024-06-10T00:21:00.636 INFO:teuthology.orchestra.run.smithi062.stdout:/usr/bin/ceph: stderr
2024-06-10T00:21:00.039+0000 7fedcd632700 1 -- 172.21.15.62:0/308074138 >> [v2:172.21.15.62:6800/2327526412,v1:172.21.15.62:6801/2327526412] conn(0x7fedb0039050 msgr2=0x7fedb003b510 secure :-1 s=STATE_CONNECTION_ESTABLISHED l=1).mark_down
2024-06-10T00:21:00.636 INFO:teuthology.orchestra.run.smithi062.stdout:/usr/bin/ceph: stderr
2024-06-10T00:21:00.040+0000 7fedcd632700 1 --2- 172.21.15.62:0/308074138 >> [v2:172.21.15.62:6800/2327526412,v1:172.21.15.62:6801/2327526412] conn(0x7fedb0039050 0x7fedb003b510 secure :-1 s=READY pgs=9 cs=0 l=1 rev1=1 crypto rx=0x7fedbc006fd0 tx=0x7fedbc006e40 comp rx=0 tx=0).stop
2024-06-10T00:21:00.637 INFO:teuthology.orchestra.run.smithi062.stdout:/usr/bin/ceph: stderr
2024-06-10T00:21:00.040+0000 7fedcd632700 1 -- 172.21.15.62:0/308074138 >> [v2:172.21.15.62:3300/0,v1:172.21.15.62:6789/0] conn(0x7fedc8108ad0 msgr2=0x7fedc8108350 secure :-1 s=STATE_CONNECTION_ESTABLISHED l=1).mark_down
2024-06-10T00:21:00.637 INFO:teuthology.orchestra.run.smithi062.stdout:/usr/bin/ceph: stderr
2024-06-10T00:21:00.040+0000 7fedcd632700 1 --2- 172.21.15.62:0/308074138 >> [v2:172.21.15.62:3300/0,v1:172.21.15.62:6789/0] conn(0x7fedc8108ad0 0x7fedc8108350 secure :-1 s=READY pgs=42 cs=0 l=1 rev1=1 crypto rx=0x7fedb8011670 tx=0x7fedb8011b60 comp rx=0 tx=0).stop
2024-06-10T00:21:00.637 INFO:teuthology.orchestra.run.smithi062.stdout:/usr/bin/ceph: stderr
2024-06-10T00:21:00.040+0000 7fedcd632700 1 -- 172.21.15.62:0/308074138 shutdown_connections
2024-06-10T00:21:00.637 INFO:teuthology.orchestra.run.smithi062.stdout:/usr/bin/ceph: stderr
2024-06-10T00:21:00.040+0000 7fedcd632700 1 --2- 172.21.15.62:0/308074138 >> [v2:172.21.15.62:6800/2327526412,v1:172.21.15.62:6801/2327526412] conn(0x7fedb0039050 0x7fedb003b510 unknown :-1 s=CLOSED pgs=9 cs=0 l=1 rev1=1 crypto rx=0 tx=0 comp rx=0 tx=0).stop
2024-06-10T00:21:00.637 INFO:teuthology.orchestra.run.smithi062.stdout:/usr/bin/ceph: stderr
2024-06-10T00:21:00.040+0000 7fedcd632700 1 --2- 172.21.15.62:0/308074138 >> [v2:172.21.15.62:3300/0,v1:172.21.15.62:6789/0] conn(0x7fedc8108ad0 0x7fedc8108350 unknown :-1 s=CLOSED pgs=42 cs=0 l=1 rev1=1 crypto rx=0 tx=0 comp rx=0 tx=0).stop
2024-06-10T00:21:00.637 INFO:teuthology.orchestra.run.smithi062.stdout:/usr/bin/ceph: stderr
2024-06-10T00:21:00.040+0000 7fedcd632700 1 -- 172.21.15.62:0/308074138 >> 172.21.15.62:0/308074138 conn(0x7fedc81024e0 msgr2=0x7fedc8103070 unknown :-1 s=STATE_NONE l=0).mark_down
2024-06-10T00:21:00.637 INFO:teuthology.orchestra.run.smithi062.stdout:/usr/bin/ceph: stderr
2024-06-10T00:21:00.040+0000 7fedcd632700 1 -- 172.21.15.62:0/308074138 shutdown_connections
2024-06-10T00:21:00.637 INFO:teuthology.orchestra.run.smithi062.stdout:/usr/bin/ceph: stderr
2024-06-10T00:21:00.040+0000 7fedcd632700 1 -- 172.21.15.62:0/308074138 wait complete.
2024-06-10T00:21:01.789 INFO:teuthology.orchestra.run.smithi062.stdout:/usr/bin/ceph: stdout ssh-rsa AAAAB3NzaC1yc2EAAAADAQABAAABgQDf18ETenDQ7sSymSPLNFGCqg6RtRIuHL22LKSheOdWrE+5w1t9VlPAlXDN63m5fdulnjPdiWmDybP/nYQfDlYAc49Y3jBCStc5P5wr/aiNMhZTHhJAntDcFX/xq5HG1l8DA2z2S5ofQ/vq2jrP6n1gMHIXGvGd8ROmw5wiwvoJv/Qknvl6AT7xsbJhgIGC7c63k8LP4uaDnoZ1IWASZdJkdA0QcSjrgs3BGUKpagx2QPA/3fXev/X6oZAhmoO6dX+iCdXVPtEbSoS1F0VVIVUBGppaOzBfEYmvs5uxMAtLYHMqxy1hHkQdIX3CQ0dp703uXUkFprva9x1PAfmc5ZYQwd0ApalduqYuj/tH7bCf7w0w9NJkotMS0Huucqo/tfyQI+GIo1PripKBw/JRZ9U0Bqv7kAvnBz4fE4BFH1pT2WsuHNXSufZPJGegI4UoKYEsqXql3yYIXOwCZFzpyzOU9llMlavOzzRLuYadBBpZxgP/ChCOVpteYG5mnTEp+eM= ceph-1353b2ce-26bf-11ef-bc9b-c7b262605968
2024-06-10T00:21:01.789 INFO:teuthology.orchestra.run.smithi062.stdout:/usr/bin/ceph: stderr
2024-06-10T00:21:01.046+0000 7f83a0ac3700 1 Processor -- start
2024-06-10T00:21:01.789 INFO:teuthology.orchestra.run.smithi062.stdout:/usr/bin/ceph: stderr
2024-06-10T00:21:01.046+0000 7f83a0ac3700 1 -- start start
2024-06-10T00:21:01.790 INFO:teuthology.orchestra.run.smithi062.stdout:/usr/bin/ceph: stderr
2024-06-10T00:21:01.046+0000 7f83a0ac3700 1 --2- >> [v2:172.21.15.62:3300/0,v1:172.21.15.62:6789/0] conn(0x7f839c107fb0 0x7f839c1083d0 unknown :-1 s=NONE pgs=0 cs=0 l=0 rev1=0 crypto rx=0 tx=0 comp rx=0 tx=0).connect
2024-06-10T00:21:01.790 INFO:teuthology.orchestra.run.smithi062.stdout:/usr/bin/ceph: stderr
2024-06-10T00:21:01.046+0000 7f83a0ac3700 1 -- --> [v2:172.21.15.62:3300/0,v1:172.21.15.62:6789/0] -- mon_getmap magic: 0 -- 0x7f839c1089a0 con 0x7f839c107fb0
2024-06-10T00:21:01.790 INFO:teuthology.orchestra.run.smithi062.stdout:/usr/bin/ceph: stderr
2024-06-10T00:21:01.047+0000 7f839a59c700 1 --2- >> [v2:172.21.15.62:3300/0,v1:172.21.15.62:6789/0] conn(0x7f839c107fb0 0x7f839c1083d0 unknown :-1 s=BANNER_CONNECTING pgs=0 cs=0 l=0 rev1=0 crypto rx=0 tx=0 comp rx=0 tx=0)._handle_peer_banner_payload supported=3 required=0
2024-06-10T00:21:01.790 INFO:teuthology.orchestra.run.smithi062.stdout:/usr/bin/ceph: stderr
2024-06-10T00:21:01.047+0000 7f839a59c700 1 --2- >> [v2:172.21.15.62:3300/0,v1:172.21.15.62:6789/0] conn(0x7f839c107fb0 0x7f839c1083d0 unknown :-1 s=HELLO_CONNECTING pgs=0 cs=0 l=0 rev1=1 crypto rx=0 tx=0 comp rx=0 tx=0).handle_hello peer v2:172.21.15.62:3300/0 says I am v2:172.21.15.62:47938/0 (socket says 172.21.15.62:47938)
2024-06-10T00:21:01.790 INFO:teuthology.orchestra.run.smithi062.stdout:/usr/bin/ceph: stderr
2024-06-10T00:21:01.047+0000 7f839a59c700 1 -- 172.21.15.62:0/630077831 learned_addr learned my addr 172.21.15.62:0/630077831 (peer_addr_for_me v2:172.21.15.62:0/0)
2024-06-10T00:21:01.790 INFO:teuthology.orchestra.run.smithi062.stdout:/usr/bin/ceph: stderr
2024-06-10T00:21:01.047+0000 7f839a59c700 1 -- 172.21.15.62:0/630077831 --> [v2:172.21.15.62:3300/0,v1:172.21.15.62:6789/0] -- mon_subscribe({config=0+,monmap=0+}) -- 0x7f839c1091b0 con 0x7f839c107fb0
2024-06-10T00:21:01.790 INFO:teuthology.orchestra.run.smithi062.stdout:/usr/bin/ceph: stderr
2024-06-10T00:21:01.047+0000 7f839a59c700 1 --2- 172.21.15.62:0/630077831 >> [v2:172.21.15.62:3300/0,v1:172.21.15.62:6789/0] conn(0x7f839c107fb0 0x7f839c1083d0 secure :-1 s=READY pgs=43 cs=0 l=1 rev1=1 crypto rx=0x7f838c009e80 tx=0x7f838c00b330 comp rx=0 tx=0).ready entity=mon.0 client_cookie=2c2c092dcd6da042 server_cookie=0 in_seq=0 out_seq=0
2024-06-10T00:21:01.791 INFO:teuthology.orchestra.run.smithi062.stdout:/usr/bin/ceph: stderr
2024-06-10T00:21:01.047+0000 7f8399d9b700 1 -- 172.21.15.62:0/630077831 <== mon.0 v2:172.21.15.62:3300/0 1 ==== mon_map magic: 0 ==== 205+0+0 (secure 0 0 0) 0x7f838c017070 con 0x7f839c107fb0
2024-06-10T00:21:01.791 INFO:teuthology.orchestra.run.smithi062.stdout:/usr/bin/ceph: stderr
2024-06-10T00:21:01.047+0000 7f8399d9b700 1 -- 172.21.15.62:0/630077831 <== mon.0 v2:172.21.15.62:3300/0 2 ==== config(27 keys) ==== 1109+0+0 (secure 0 0 0) 0x7f838c00b8c0 con 0x7f839c107fb0
2024-06-10T00:21:01.791 INFO:teuthology.orchestra.run.smithi062.stdout:/usr/bin/ceph: stderr
2024-06-10T00:21:01.047+0000 7f8399d9b700 1 -- 172.21.15.62:0/630077831 <== mon.0 v2:172.21.15.62:3300/0 3 ==== mon_map magic: 0 ==== 205+0+0 (secure 0 0 0) 0x7f838c0045c0 con 0x7f839c107fb0
2024-06-10T00:21:01.791 INFO:teuthology.orchestra.run.smithi062.stdout:/usr/bin/ceph: stderr
2024-06-10T00:21:01.048+0000 7f83a0ac3700 1 -- 172.21.15.62:0/630077831 >> [v2:172.21.15.62:3300/0,v1:172.21.15.62:6789/0] conn(0x7f839c107fb0 msgr2=0x7f839c1083d0 secure :-1 s=STATE_CONNECTION_ESTABLISHED l=1).mark_down
2024-06-10T00:21:01.791 INFO:teuthology.orchestra.run.smithi062.stdout:/usr/bin/ceph: stderr
2024-06-10T00:21:01.048+0000 7f83a0ac3700 1 --2- 172.21.15.62:0/630077831 >> [v2:172.21.15.62:3300/0,v1:172.21.15.62:6789/0] conn(0x7f839c107fb0 0x7f839c1083d0 secure :-1 s=READY pgs=43 cs=0 l=1 rev1=1 crypto rx=0x7f838c009e80 tx=0x7f838c00b330 comp rx=0 tx=0).stop
2024-06-10T00:21:01.791 INFO:teuthology.orchestra.run.smithi062.stdout:/usr/bin/ceph: stderr
2024-06-10T00:21:01.048+0000 7f83a0ac3700 1 -- 172.21.15.62:0/630077831 shutdown_connections
2024-06-10T00:21:01.791 INFO:teuthology.orchestra.run.smithi062.stdout:/usr/bin/ceph: stderr
2024-06-10T00:21:01.048+0000 7f83a0ac3700 1 --2- 172.21.15.62:0/630077831 >> [v2:172.21.15.62:3300/0,v1:172.21.15.62:6789/0] conn(0x7f839c107fb0 0x7f839c1083d0 unknown :-1 s=CLOSED pgs=43 cs=0 l=1 rev1=1 crypto rx=0 tx=0 comp rx=0 tx=0).stop
2024-06-10T00:21:01.792 INFO:teuthology.orchestra.run.smithi062.stdout:/usr/bin/ceph: stderr
2024-06-10T00:21:01.048+0000 7f83a0ac3700 1 -- 172.21.15.62:0/630077831 >> 172.21.15.62:0/630077831 conn(0x7f839c1035b0 msgr2=0x7f839c1059d0 unknown :-1 s=STATE_NONE l=0).mark_down
2024-06-10T00:21:01.792 INFO:teuthology.orchestra.run.smithi062.stdout:/usr/bin/ceph: stderr
2024-06-10T00:21:01.048+0000 7f83a0ac3700 1 -- 172.21.15.62:0/630077831 shutdown_connections
