2024-06-10T00:45:10.478+0000 7f14deffd700 1 -- 172.21.15.37:0/3445902642 --> [v2:172.21.15.37:3300/0,v1:172.21.15.37:6789/0] -- mon_subscribe({config=0+,monmap=0+}) -- 0x7f14e019c3a0 con 0x7f14e0108a40
2024-06-10T00:45:11.334 INFO:teuthology.orchestra.run.smithi037.stdout:/usr/bin/ceph: stderr
2024-06-10T00:45:10.478+0000 7f14deffd700 1 --2- 172.21.15.37:0/3445902642 >> [v2:172.21.15.37:3300/0,v1:172.21.15.37:6789/0] conn(0x7f14e0108a40 0x7f14e019be60 secure :-1 s=READY pgs=50 cs=0 l=1 rev1=1 crypto rx=0x7f14d00117e0 tx=0x7f14d0011c10 comp rx=0 tx=0).ready entity=mon.0 client_cookie=0 server_cookie=0 in_seq=0 out_seq=0
2024-06-10T00:45:11.334 INFO:teuthology.orchestra.run.smithi037.stdout:/usr/bin/ceph: stderr
2024-06-10T00:45:10.478+0000 7f14c7fff700 1 -- 172.21.15.37:0/3445902642 <== mon.0 v2:172.21.15.37:3300/0 1 ==== mon_map magic: 0 ==== 205+0+0 (secure 0 0 0) 0x7f14d0003bf0 con 0x7f14e0108a40
2024-06-10T00:45:11.334 INFO:teuthology.orchestra.run.smithi037.stdout:/usr/bin/ceph: stderr
2024-06-10T00:45:10.478+0000 7f14e559a700 1 -- 172.21.15.37:0/3445902642 --> [v2:172.21.15.37:3300/0,v1:172.21.15.37:6789/0] -- mon_subscribe({mgrmap=0+}) -- 0x7f14e019c630 con 0x7f14e0108a40
2024-06-10T00:45:11.334 INFO:teuthology.orchestra.run.smithi037.stdout:/usr/bin/ceph: stderr
2024-06-10T00:45:10.478+0000 7f14c7fff700 1 -- 172.21.15.37:0/3445902642 <== mon.0 v2:172.21.15.37:3300/0 2 ==== config(27 keys) ==== 1140+0+0 (secure 0 0 0) 0x7f14d001a910 con 0x7f14e0108a40
2024-06-10T00:45:11.334 INFO:teuthology.orchestra.run.smithi037.stdout:/usr/bin/ceph: stderr
2024-06-10T00:45:10.478+0000 7f14c7fff700 1 -- 172.21.15.37:0/3445902642 <== mon.0 v2:172.21.15.37:3300/0 3 ==== mon_map magic: 0 ==== 205+0+0 (secure 0 0 0) 0x7f14d0024970 con 0x7f14e0108a40
2024-06-10T00:45:11.334 INFO:teuthology.orchestra.run.smithi037.stdout:/usr/bin/ceph: stderr
2024-06-10T00:45:10.478+0000 7f14e559a700 1 -- 172.21.15.37:0/3445902642 --> [v2:172.21.15.37:3300/0,v1:172.21.15.37:6789/0] -- mon_subscribe({osdmap=0}) -- 0x7f14e019ca90 con 0x7f14e0108a40
2024-06-10T00:45:11.334 INFO:teuthology.orchestra.run.smithi037.stdout:/usr/bin/ceph: stderr
2024-06-10T00:45:10.479+0000 7f14c7fff700 1 -- 172.21.15.37:0/3445902642 <== mon.0 v2:172.21.15.37:3300/0 4 ==== mgrmap(e 8) ==== 46287+0+0 (secure 0 0 0) 0x7f14d0022020 con 0x7f14e0108a40
2024-06-10T00:45:11.334 INFO:teuthology.orchestra.run.smithi037.stdout:/usr/bin/ceph: stderr
2024-06-10T00:45:10.479+0000 7f14e559a700 1 -- 172.21.15.37:0/3445902642 --> [v2:172.21.15.37:3300/0,v1:172.21.15.37:6789/0] -- mon_command({"prefix": "get_command_descriptions"} v 0) -- 0x7f14e0063af0 con 0x7f14e0108a40
2024-06-10T00:45:11.334 INFO:teuthology.orchestra.run.smithi037.stdout:/usr/bin/ceph: stderr
2024-06-10T00:45:10.480+0000 7f14c7fff700 1 --2- 172.21.15.37:0/3445902642 >> [v2:172.21.15.37:6800/2766692263,v1:172.21.15.37:6801/2766692263] conn(0x7f14c8039000 0x7f14c803b4c0 unknown :-1 s=NONE pgs=0 cs=0 l=1 rev1=0 crypto rx=0 tx=0 comp rx=0 tx=0).connect
2024-06-10T00:45:11.335 INFO:teuthology.orchestra.run.smithi037.stdout:/usr/bin/ceph: stderr
2024-06-10T00:45:10.480+0000 7f14c7fff700 1 -- 172.21.15.37:0/3445902642 <== mon.0 v2:172.21.15.37:3300/0 5 ==== osd_map(2..2 src has 1..2) ==== 940+0+0 (secure 0 0 0) 0x7f14d004d350 con 0x7f14e0108a40
2024-06-10T00:45:11.335 INFO:teuthology.orchestra.run.smithi037.stdout:/usr/bin/ceph: stderr
2024-06-10T00:45:10.480+0000 7f14de7fc700 1 --2- 172.21.15.37:0/3445902642 >> [v2:172.21.15.37:6800/2766692263,v1:172.21.15.37:6801/2766692263] conn(0x7f14c8039000 0x7f14c803b4c0 unknown :-1 s=BANNER_CONNECTING pgs=0 cs=0 l=1 rev1=0 crypto rx=0 tx=0 comp rx=0 tx=0)._handle_peer_banner_payload supported=3 required=0
2024-06-10T00:45:11.335 INFO:teuthology.orchestra.run.smithi037.stdout:/usr/bin/ceph: stderr
2024-06-10T00:45:10.480+0000 7f14de7fc700 1 --2- 172.21.15.37:0/3445902642 >> [v2:172.21.15.37:6800/2766692263,v1:172.21.15.37:6801/2766692263] conn(0x7f14c8039000 0x7f14c803b4c0 secure :-1 s=READY pgs=15 cs=0 l=1 rev1=1 crypto rx=0x7f14d4006fd0 tx=0x7f14d4006e40 comp rx=0 tx=0).ready entity=mgr.14116 client_cookie=0 server_cookie=0 in_seq=0 out_seq=0
2024-06-10T00:45:11.335 INFO:teuthology.orchestra.run.smithi037.stdout:/usr/bin/ceph: stderr
2024-06-10T00:45:10.485+0000 7f14c7fff700 1 -- 172.21.15.37:0/3445902642 <== mon.0 v2:172.21.15.37:3300/0 6 ==== mon_command_ack([{"prefix": "get_command_descriptions"}]=0 v0) ==== 72+0+186418 (secure 0 0 0) 0x7f14d0011e20 con 0x7f14e0108a40
2024-06-10T00:45:11.335 INFO:teuthology.orchestra.run.smithi037.stdout:/usr/bin/ceph: stderr
2024-06-10T00:45:10.710+0000 7f14e559a700 1 -- 172.21.15.37:0/3445902642 --> [v2:172.21.15.37:3300/0,v1:172.21.15.37:6789/0] -- mon_command([{prefix=config set, name=mgr/dashboard/ssl_server_port}] v 0) -- 0x7f14e019f520 con 0x7f14e0108a40
2024-06-10T00:45:11.335 INFO:teuthology.orchestra.run.smithi037.stdout:/usr/bin/ceph: stderr
2024-06-10T00:45:10.713+0000 7f14c7fff700 1 -- 172.21.15.37:0/3445902642 <== mon.0 v2:172.21.15.37:3300/0 7 ==== mon_command_ack([{prefix=config set, name=mgr/dashboard/ssl_server_port}]=0 v8)=0 v8) ==== 130+0+0 (secure 0 0 0) 0x7f14d000b3e0 con 0x7f14e0108a40
2024-06-10T00:45:11.335 INFO:teuthology.orchestra.run.smithi037.stdout:/usr/bin/ceph: stderr
2024-06-10T00:45:10.715+0000 7f14e559a700 1 -- 172.21.15.37:0/3445902642 >> [v2:172.21.15.37:6800/2766692263,v1:172.21.15.37:6801/2766692263] conn(0x7f14c8039000 msgr2=0x7f14c803b4c0 secure :-1 s=STATE_CONNECTION_ESTABLISHED l=1).mark_down
2024-06-10T00:45:11.335 INFO:teuthology.orchestra.run.smithi037.stdout:/usr/bin/ceph: stderr
2024-06-10T00:45:10.715+0000 7f14e559a700 1 --2- 172.21.15.37:0/3445902642 >> [v2:172.21.15.37:6800/2766692263,v1:172.21.15.37:6801/2766692263] conn(0x7f14c8039000 0x7f14c803b4c0 secure :-1 s=READY pgs=15 cs=0 l=1 rev1=1 crypto rx=0x7f14d4006fd0 tx=0x7f14d4006e40 comp rx=0 tx=0).stop
2024-06-10T00:45:11.335 INFO:teuthology.orchestra.run.smithi037.stdout:/usr/bin/ceph: stderr
2024-06-10T00:45:10.715+0000 7f14e559a700 1 -- 172.21.15.37:0/3445902642 >> [v2:172.21.15.37:3300/0,v1:172.21.15.37:6789/0] conn(0x7f14e0108a40 msgr2=0x7f14e019be60 secure :-1 s=STATE_CONNECTION_ESTABLISHED l=1).mark_down
2024-06-10T00:45:11.335 INFO:teuthology.orchestra.run.smithi037.stdout:/usr/bin/ceph: stderr
2024-06-10T00:45:10.715+0000 7f14e559a700 1 --2- 172.21.15.37:0/3445902642 >> [v2:172.21.15.37:3300/0,v1:172.21.15.37:6789/0] conn(0x7f14e0108a40 0x7f14e019be60 secure :-1 s=READY pgs=50 cs=0 l=1 rev1=1 crypto rx=0x7f14d00117e0 tx=0x7f14d0011c10 comp rx=0 tx=0).stop
2024-06-10T00:45:11.335 INFO:teuthology.orchestra.run.smithi037.stdout:/usr/bin/ceph: stderr
2024-06-10T00:45:10.716+0000 7f14e559a700 1 -- 172.21.15.37:0/3445902642 shutdown_connections
2024-06-10T00:45:11.335 INFO:teuthology.orchestra.run.smithi037.stdout:/usr/bin/ceph: stderr
2024-06-10T00:45:10.716+0000 7f14e559a700 1 --2- 172.21.15.37:0/3445902642 >> [v2:172.21.15.37:6800/2766692263,v1:172.21.15.37:6801/2766692263] conn(0x7f14c8039000 0x7f14c803b4c0 unknown :-1 s=CLOSED pgs=15 cs=0 l=1 rev1=1 crypto rx=0 tx=0 comp rx=0 tx=0).stop
2024-06-10T00:45:11.335 INFO:teuthology.orchestra.run.smithi037.stdout:/usr/bin/ceph: stderr
2024-06-10T00:45:10.716+0000 7f14e559a700 1 --2- 172.21.15.37:0/3445902642 >> [v2:172.21.15.37:3300/0,v1:172.21.15.37:6789/0] conn(0x7f14e0108a40 0x7f14e019be60 unknown :-1 s=CLOSED pgs=50 cs=0 l=1 rev1=1 crypto rx=0 tx=0 comp rx=0 tx=0).stop
2024-06-10T00:45:11.336 INFO:teuthology.orchestra.run.smithi037.stdout:/usr/bin/ceph: stderr
2024-06-10T00:45:10.716+0000 7f14e559a700 1 -- 172.21.15.37:0/3445902642 >> 172.21.15.37:0/3445902642 conn(0x7f14e0102450 msgr2=0x7f14e0102ef0 unknown :-1 s=STATE_NONE l=0).mark_down
2024-06-10T00:45:11.336 INFO:teuthology.orchestra.run.smithi037.stdout:/usr/bin/ceph: stderr
2024-06-10T00:45:10.716+0000 7f14e559a700 1 -- 172.21.15.37:0/3445902642 shutdown_connections
2024-06-10T00:45:11.336 INFO:teuthology.orchestra.run.smithi037.stdout:/usr/bin/ceph: stderr
2024-06-10T00:45:10.716+0000 7f14e559a700 1 -- 172.21.15.37:0/3445902642 wait complete.
2024-06-10T00:45:11.336 INFO:teuthology.orchestra.run.smithi037.stdout:Enabling the dashboard module...
2024-06-10T00:45:11.895 INFO:journalctl@ceph.mon.a.smithi037.stdout:Jun 10 00:45:11 smithi037 ceph-mon[32192]: from='client.? 172.21.15.37:0/3445902642' entity='client.admin'
2024-06-10T00:45:13.384 INFO:journalctl@ceph.mon.a.smithi037.stdout:Jun 10 00:45:13 smithi037 ceph-mon[32192]: from='mgr.14116 172.21.15.37:0/4158559188' entity='mgr.x'
2024-06-10T00:45:13.384 INFO:journalctl@ceph.mon.a.smithi037.stdout:Jun 10 00:45:13 smithi037 ceph-mon[32192]: from='client.? 172.21.15.37:0/4235006025' entity='client.admin' cmd=[{"prefix": "mgr module enable", "module": "dashboard"}]: dispatch
2024-06-10T00:45:13.384 INFO:journalctl@ceph.mgr.x.smithi037.stdout:Jun 10 00:45:13 smithi037 ceph-68793514-26c2-11ef-bc9b-c7b262605968-mgr-x[32423]: ignoring --setuser ceph since I am not root
2024-06-10T00:45:13.384 INFO:journalctl@ceph.mgr.x.smithi037.stdout:Jun 10 00:45:13 smithi037 ceph-68793514-26c2-11ef-bc9b-c7b262605968-mgr-x[32423]: ignoring --setgroup ceph since I am not root
2024-06-10T00:45:13.384 INFO:journalctl@ceph.mgr.x.smithi037.stdout:Jun 10 00:45:13 smithi037 ceph-68793514-26c2-11ef-bc9b-c7b262605968-mgr-x[32423]:
2024-06-10T00:45:13.256+0000 7fcbcf90d200 -1 mgr[py] Module balancer has missing NOTIFY_TYPES member
2024-06-10T00:45:13.645 INFO:journalctl@ceph.mgr.x.smithi037.stdout:Jun 10 00:45:13 smithi037 ceph-68793514-26c2-11ef-bc9b-c7b262605968-mgr-x[32423]:
2024-06-10T00:45:13.455+0000 7fcbcf90d200 -1 mgr[py] Module orchestrator has missing NOTIFY_TYPES member
2024-06-10T00:45:13.646 INFO:journalctl@ceph.mgr.x.smithi037.stdout:Jun 10 00:45:13 smithi037 ceph-68793514-26c2-11ef-bc9b-c7b262605968-mgr-x[32423]:
2024-06-10T00:45:13.561+0000 7fcbcf90d200 -1 mgr[py] Module snap_schedule has missing NOTIFY_TYPES member
2024-06-10T00:45:13.667 INFO:teuthology.orchestra.run.smithi037.stdout:/usr/bin/ceph: stderr
2024-06-10T00:45:11.829+0000 7f07797dd700 1 Processor -- start
2024-06-10T00:45:13.667 INFO:teuthology.orchestra.run.smithi037.stdout:/usr/bin/ceph: stderr
2024-06-10T00:45:11.829+0000 7f07797dd700 1 -- start start
2024-06-10T00:45:13.667 INFO:teuthology.orchestra.run.smithi037.stdout:/usr/bin/ceph: stderr
2024-06-10T00:45:11.830+0000 7f07797dd700 1 --2- >> [v2:172.21.15.37:3300/0,v1:172.21.15.37:6789/0] conn(0x7f0774107fc0 0x7f07741083e0 unknown :-1 s=NONE pgs=0 cs=0 l=0 rev1=0 crypto rx=0 tx=0 comp rx=0 tx=0).connect
2024-06-10T00:45:13.667 INFO:teuthology.orchestra.run.smithi037.stdout:/usr/bin/ceph: stderr
2024-06-10T00:45:11.830+0000 7f07797dd700 1 -- --> [v2:172.21.15.37:3300/0,v1:172.21.15.37:6789/0] -- mon_getmap magic: 0 -- 0x7f0774108920 con 0x7f0774107fc0
2024-06-10T00:45:13.667 INFO:teuthology.orchestra.run.smithi037.stdout:/usr/bin/ceph: stderr
2024-06-10T00:45:11.830+0000 7f0772ffd700 1 --2- >> [v2:172.21.15.37:3300/0,v1:172.21.15.37:6789/0] conn(0x7f0774107fc0 0x7f07741083e0 unknown :-1 s=BANNER_CONNECTING pgs=0 cs=0 l=0 rev1=0 crypto rx=0 tx=0 comp rx=0 tx=0)._handle_peer_banner_payload supported=3 required=0
2024-06-10T00:45:13.667 INFO:teuthology.orchestra.run.smithi037.stdout:/usr/bin/ceph: stderr
2024-06-10T00:45:11.830+0000 7f0772ffd700 1 --2- >> [v2:172.21.15.37:3300/0,v1:172.21.15.37:6789/0] conn(0x7f0774107fc0 0x7f07741083e0 unknown :-1 s=HELLO_CONNECTING pgs=0 cs=0 l=0 rev1=1 crypto rx=0 tx=0 comp rx=0 tx=0).handle_hello peer v2:172.21.15.37:3300/0 says I am v2:172.21.15.37:51808/0 (socket says 172.21.15.37:51808)
2024-06-10T00:45:13.667 INFO:teuthology.orchestra.run.smithi037.stdout:/usr/bin/ceph: stderr
2024-06-10T00:45:11.830+0000 7f0772ffd700 1 -- 172.21.15.37:0/917890547 learned_addr learned my addr 172.21.15.37:0/917890547 (peer_addr_for_me v2:172.21.15.37:0/0)
2024-06-10T00:45:13.667 INFO:teuthology.orchestra.run.smithi037.stdout:/usr/bin/ceph: stderr
2024-06-10T00:45:11.830+0000 7f0772ffd700 1 -- 172.21.15.37:0/917890547 --> [v2:172.21.15.37:3300/0,v1:172.21.15.37:6789/0] -- mon_subscribe({config=0+,monmap=0+}) -- 0x7f0774109080 con 0x7f0774107fc0
2024-06-10T00:45:13.667 INFO:teuthology.orchestra.run.smithi037.stdout:/usr/bin/ceph: stderr
2024-06-10T00:45:11.830+0000 7f0772ffd700 1 --2- 172.21.15.37:0/917890547 >> [v2:172.21.15.37:3300/0,v1:172.21.15.37:6789/0] conn(0x7f0774107fc0 0x7f07741083e0 secure :-1 s=READY pgs=51 cs=0 l=1 rev1=1 crypto rx=0x7f07640098a0 tx=0x7f0764009bb0 comp rx=0 tx=0).ready entity=mon.0 client_cookie=c4313688e524f6b0 server_cookie=0 in_seq=0 out_seq=0
2024-06-10T00:45:13.668 INFO:teuthology.orchestra.run.smithi037.stdout:/usr/bin/ceph: stderr
2024-06-10T00:45:11.830+0000 7f0771ffb700 1 -- 172.21.15.37:0/917890547 <== mon.0 v2:172.21.15.37:3300/0 1 ==== mon_map magic: 0 ==== 205+0+0 (secure 0 0 0) 0x7f0764004160 con 0x7f0774107fc0
2024-06-10T00:45:13.668 INFO:teuthology.orchestra.run.smithi037.stdout:/usr/bin/ceph: stderr
2024-06-10T00:45:11.831+0000 7f0771ffb700 1 -- 172.21.15.37:0/917890547 <== mon.0 v2:172.21.15.37:3300/0 2 ==== config(27 keys) ==== 1140+0+0 (secure 0 0 0) 0x7f0764004300 con 0x7f0774107fc0
2024-06-10T00:45:13.668 INFO:teuthology.orchestra.run.smithi037.stdout:/usr/bin/ceph: stderr
2024-06-10T00:45:11.831+0000 7f0771ffb700 1 -- 172.21.15.37:0/917890547 <== mon.0 v2:172.21.15.37:3300/0 3 ==== mon_map magic: 0 ==== 205+0+0 (secure 0 0 0) 0x7f0764011b20 con 0x7f0774107fc0
2024-06-10T00:45:13.668 INFO:teuthology.orchestra.run.smithi037.stdout:/usr/bin/ceph: stderr
2024-06-10T00:45:11.831+0000 7f07797dd700 1 -- 172.21.15.37:0/917890547 >> [v2:172.21.15.37:3300/0,v1:172.21.15.37:6789/0] conn(0x7f0774107fc0 msgr2=0x7f07741083e0 secure :-1 s=STATE_CONNECTION_ESTABLISHED l=1).mark_down
2024-06-10T00:45:13.668 INFO:teuthology.orchestra.run.smithi037.stdout:/usr/bin/ceph: stderr
2024-06-10T00:45:11.831+0000 7f07797dd700 1 --2- 172.21.15.37:0/917890547 >> [v2:172.21.15.37:3300/0,v1:172.21.15.37:6789/0] conn(0x7f0774107fc0 0x7f07741083e0 secure :-1 s=READY pgs=51 cs=0 l=1 rev1=1 crypto rx=0x7f07640098a0 tx=0x7f0764009bb0 comp rx=0 tx=0).stop
2024-06-10T00:45:13.668 INFO:teuthology.orchestra.run.smithi037.stdout:/usr/bin/ceph: stderr
2024-06-10T00:45:11.831+0000 7f07797dd700 1 -- 172.21.15.37:0/917890547 shutdown_connections
2024-06-10T00:45:13.668 INFO:teuthology.orchestra.run.smithi037.stdout:/usr/bin/ceph: stderr
2024-06-10T00:45:11.831+0000 7f07797dd700 1 --2- 172.21.15.37:0/917890547 >> [v2:172.21.15.37:3300/0,v1:172.21.15.37:6789/0] conn(0x7f0774107fc0 0x7f07741083e0 unknown :-1 s=CLOSED pgs=51 cs=0 l=1 rev1=1 crypto rx=0 tx=0 comp rx=0 tx=0).stop
2024-06-10T00:45:13.668 INFO:teuthology.orchestra.run.smithi037.stdout:/usr/bin/ceph: stderr
2024-06-10T00:45:11.831+0000 7f07797dd700 1 -- 172.21.15.37:0/917890547 >> 172.21.15.37:0/917890547 conn(0x7f0774103560 msgr2=0x7f07741059a0 unknown :-1 s=STATE_NONE l=0).mark_down
2024-06-10T00:45:13.668 INFO:teuthology.orchestra.run.smithi037.stdout:/usr/bin/ceph: stderr
2024-06-10T00:45:11.831+0000 7f07797dd700 1 -- 172.21.15.37:0/917890547 shutdown_connections
2024-06-10T00:45:13.668 INFO:teuthology.orchestra.run.smithi037.stdout:/usr/bin/ceph: stderr
2024-06-10T00:45:11.831+0000 7f07797dd700 1 -- 172.21.15.37:0/917890547 wait complete.
2024-06-10T00:45:13.668 INFO:teuthology.orchestra.run.smithi037.stdout:/usr/bin/ceph: stderr
2024-06-10T00:45:11.832+0000 7f07797dd700 1 Processor -- start
2024-06-10T00:45:13.668 INFO:teuthology.orchestra.run.smithi037.stdout:/usr/bin/ceph: stderr
2024-06-10T00:45:11.832+0000 7f07797dd700 1 -- start start
2024-06-10T00:45:13.668 INFO:teuthology.orchestra.run.smithi037.stdout:/usr/bin/ceph: stderr
2024-06-10T00:45:11.832+0000 7f07797dd700 1 --2- >> [v2:172.21.15.37:3300/0,v1:172.21.15.37:6789/0] conn(0x7f0774107fc0 0x7f077419be20 unknown :-1 s=NONE pgs=0 cs=0 l=1 rev1=0 crypto rx=0 tx=0 comp rx=0 tx=0).connect
2024-06-10T00:45:13.669 INFO:teuthology.orchestra.run.smithi037.stdout:/usr/bin/ceph: stderr
2024-06-10T00:45:11.832+0000 7f07797dd700 1 -- --> [v2:172.21.15.37:3300/0,v1:172.21.15.37:6789/0] -- mon_getmap magic: 0 -- 0x7f077410c4c0 con 0x7f0774107fc0
2024-06-10T00:45:13.669 INFO:teuthology.orchestra.run.smithi037.stdout:/usr/bin/ceph: stderr
2024-06-10T00:45:11.832+0000 7f0772ffd700 1 --2- >> [v2:172.21.15.37:3300/0,v1:172.21.15.37:6789/0] conn(0x7f0774107fc0 0x7f077419be20 unknown :-1 s=BANNER_CONNECTING pgs=0 cs=0 l=1 rev1=0 crypto rx=0 tx=0 comp rx=0 tx=0)._handle_peer_banner_payload supported=3 required=0
2024-06-10T00:45:13.669 INFO:teuthology.orchestra.run.smithi037.stdout:/usr/bin/ceph: stderr
2024-06-10T00:45:11.832+0000 7f0772ffd700 1 --2- >> [v2:172.21.15.37:3300/0,v1:172.21.15.37:6789/0] conn(0x7f0774107fc0 0x7f077419be20 unknown :-1 s=HELLO_CONNECTING pgs=0 cs=0 l=1 rev1=1 crypto rx=0 tx=0 comp rx=0 tx=0).handle_hello peer v2:172.21.15.37:3300/0 says I am v2:172.21.15.37:51814/0 (socket says 172.21.15.37:51814)
2024-06-10T00:45:13.669 INFO:teuthology.orchestra.run.smithi037.stdout:/usr/bin/ceph: stderr
2024-06-10T00:45:11.832+0000 7f0772ffd700 1 -- 172.21.15.37:0/4235006025 learned_addr learned my addr 172.21.15.37:0/4235006025 (peer_addr_for_me v2:172.21.15.37:0/0)
2024-06-10T00:45:13.669 INFO:teuthology.orchestra.run.smithi037.stdout:/usr/bin/ceph: stderr
2024-06-10T00:45:11.833+0000 7f0772ffd700 1 -- 172.21.15.37:0/4235006025 --> [v2:172.21.15.37:3300/0,v1:172.21.15.37:6789/0] -- mon_subscribe({config=0+,monmap=0+}) -- 0x7f077419c360 con 0x7f0774107fc0
2024-06-10T00:45:13.669 INFO:teuthology.orchestra.run.smithi037.stdout:/usr/bin/ceph: stderr
2024-06-10T00:45:11.833+0000 7f0772ffd700 1 --2- 172.21.15.37:0/4235006025 >> [v2:172.21.15.37:3300/0,v1:172.21.15.37:6789/0] conn(0x7f0774107fc0 0x7f077419be20 secure :-1 s=READY pgs=52 cs=0 l=1 rev1=1 crypto rx=0x7f07640117e0 tx=0x7f0764011c10 comp rx=0 tx=0).ready entity=mon.0 client_cookie=0 server_cookie=0 in_seq=0 out_seq=0
2024-06-10T00:45:13.669 INFO:teuthology.orchestra.run.smithi037.stdout:/usr/bin/ceph: stderr
2024-06-10T00:45:11.833+0000 7f076bfff700 1 -- 172.21.15.37:0/4235006025 <== mon.0 v2:172.21.15.37:3300/0 1 ==== mon_map magic: 0 ==== 205+0+0 (secure 0 0 0) 0x7f0764003bf0 con 0x7f0774107fc0
2024-06-10T00:45:13.669 INFO:teuthology.orchestra.run.smithi037.stdout:/usr/bin/ceph: stderr
2024-06-10T00:45:11.833+0000 7f076bfff700 1 -- 172.21.15.37:0/4235006025 <== mon.0 v2:172.21.15.37:3300/0 2 ==== config(27 keys) ==== 1140+0+0 (secure 0 0 0) 0x7f076401a910 con 0x7f0774107fc0
2024-06-10T00:45:13.669 INFO:teuthology.orchestra.run.smithi037.stdout:/usr/bin/ceph: stderr
2024-06-10T00:45:11.833+0000 7f07797dd700 1 -- 172.21.15.37:0/4235006025 --> [v2:172.21.15.37:3300/0,v1:172.21.15.37:6789/0] -- mon_subscribe({mgrmap=0+}) -- 0x7f077419c5f0 con 0x7f0774107fc0
2024-06-10T00:45:13.669 INFO:teuthology.orchestra.run.smithi037.stdout:/usr/bin/ceph: stderr
2024-06-10T00:45:11.833+0000 7f076bfff700 1 -- 172.21.15.37:0/4235006025 <== mon.0 v2:172.21.15.37:3300/0 3 ==== mon_map magic: 0 ==== 205+0+0 (secure 0 0 0) 0x7f0764024970 con 0x7f0774107fc0
2024-06-10T00:45:13.669 INFO:teuthology.orchestra.run.smithi037.stdout:/usr/bin/ceph: stderr
2024-06-10T00:45:11.833+0000 7f07797dd700 1 -- 172.21.15.37:0/4235006025 --> [v2:172.21.15.37:3300/0,v1:172.21.15.37:6789/0] -- mon_subscribe({osdmap=0}) -- 0x7f077419ca50 con 0x7f0774107fc0
2024-06-10T00:45:13.669 INFO:teuthology.orchestra.run.smithi037.stdout:/usr/bin/ceph: stderr
2024-06-10T00:45:11.834+0000 7f076bfff700 1 -- 172.21.15.37:0/4235006025 <== mon.0 v2:172.21.15.37:3300/0 4 ==== mgrmap(e 8) ==== 46287+0+0 (secure 0 0 0) 0x7f0764022020 con 0x7f0774107fc0
2024-06-10T00:45:13.669 INFO:teuthology.orchestra.run.smithi037.stdout:/usr/bin/ceph: stderr
2024-06-10T00:45:11.834+0000 7f07797dd700 1 -- 172.21.15.37:0/4235006025 --> [v2:172.21.15.37:3300/0,v1:172.21.15.37:6789/0] -- mon_command({"prefix": "get_command_descriptions"} v 0) -- 0x7f0774063af0 con 0x7f0774107fc0
2024-06-10T00:45:13.670 INFO:teuthology.orchestra.run.smithi037.stdout:/usr/bin/ceph: stderr
2024-06-10T00:45:11.834+0000 7f076bfff700 1 --2- 172.21.15.37:0/4235006025 >> [v2:172.21.15.37:6800/2766692263,v1:172.21.15.37:6801/2766692263] conn(0x7f0760039050 0x7f076003b510 unknown :-1 s=NONE pgs=0 cs=0 l=1 rev1=0 crypto rx=0 tx=0 comp rx=0 tx=0).connect
2024-06-10T00:45:13.670 INFO:teuthology.orchestra.run.smithi037.stdout:/usr/bin/ceph: stderr
2024-06-10T00:45:11.834+0000 7f076bfff700 1 -- 172.21.15.37:0/4235006025 <== mon.0 v2:172.21.15.37:3300/0 5 ==== osd_map(2..2 src has 1..2) ==== 940+0+0 (secure 0 0 0) 0x7f076404d330 con 0x7f0774107fc0
2024-06-10T00:45:13.670 INFO:teuthology.orchestra.run.smithi037.stdout:/usr/bin/ceph: stderr
2024-06-10T00:45:11.834+0000 7f07727fc700 1 --2- 172.21.15.37:0/4235006025 >> [v2:172.21.15.37:6800/2766692263,v1:172.21.15.37:6801/2766692263] conn(0x7f0760039050 0x7f076003b510 unknown :-1 s=BANNER_CONNECTING pgs=0 cs=0 l=1 rev1=0 crypto rx=0 tx=0 comp rx=0 tx=0)._handle_peer_banner_payload supported=3 required=0
2024-06-10T00:45:13.670 INFO:teuthology.orchestra.run.smithi037.stdout:/usr/bin/ceph: stderr
2024-06-10T00:45:11.835+0000 7f07727fc700 1 --2- 172.21.15.37:0/4235006025 >> [v2:172.21.15.37:6800/2766692263,v1:172.21.15.37:6801/2766692263] conn(0x7f0760039050 0x7f076003b510 secure :-1 s=READY pgs=16 cs=0 l=1 rev1=1 crypto rx=0x7f075c006fd0 tx=0x7f075c006e40 comp rx=0 tx=0).ready entity=mgr.14116 client_cookie=0 server_cookie=0 in_seq=0 out_seq=0
2024-06-10T00:45:13.670 INFO:teuthology.orchestra.run.smithi037.stdout:/usr/bin/ceph: stderr
2024-06-10T00:45:11.839+0000 7f076bfff700 1 -- 172.21.15.37:0/4235006025 <== mon.0 v2:172.21.15.37:3300/0 6 ==== mon_command_ack([{"prefix": "get_command_descriptions"}]=0 v0) ==== 72+0+186418 (secure 0 0 0) 0x7f0764011e20 con 0x7f0774107fc0
2024-06-10T00:45:13.670 INFO:teuthology.orchestra.run.smithi037.stdout:/usr/bin/ceph: stderr
2024-06-10T00:45:12.121+0000 7f07797dd700 1 -- 172.21.15.37:0/4235006025 --> [v2:172.21.15.37:3300/0,v1:172.21.15.37:6789/0] -- mon_command({"prefix": "mgr module enable", "module": "dashboard"} v 0) -- 0x7f077419f420 con 0x7f0774107fc0
2024-06-10T00:45:13.670 INFO:teuthology.orchestra.run.smithi037.stdout:/usr/bin/ceph: stderr
2024-06-10T00:45:13.067+0000 7f076bfff700 1 -- 172.21.15.37:0/4235006025 <== mon.0 v2:172.21.15.37:3300/0 7 ==== mon_command_ack([{"prefix": "mgr module enable", "module": "dashboard"}]=0 v9) ==== 88+0+0 (secure 0 0 0) 0x7f076402ddb0 con 0x7f0774107fc0
2024-06-10T00:45:13.670 INFO:teuthology.orchestra.run.smithi037.stdout:/usr/bin/ceph: stderr
2024-06-10T00:45:13.069+0000 7f076bfff700 1 -- 172.21.15.37:0/4235006025 <== mon.0 v2:172.21.15.37:3300/0 8 ==== mgrmap(e 9) ==== 46300+0+0 (secure 0 0 0) 0x7f076401a430 con 0x7f0774107fc0
2024-06-10T00:45:13.670 INFO:teuthology.orchestra.run.smithi037.stdout:/usr/bin/ceph: stderr
2024-06-10T00:45:13.070+0000 7f07797dd700 1 -- 172.21.15.37:0/4235006025 >> [v2:172.21.15.37:6800/2766692263,v1:172.21.15.37:6801/2766692263] conn(0x7f0760039050 msgr2=0x7f076003b510 secure :-1 s=STATE_CONNECTION_ESTABLISHED l=1).mark_down
2024-06-10T00:45:13.670 INFO:teuthology.orchestra.run.smithi037.stdout:/usr/bin/ceph: stderr
2024-06-10T00:45:13.070+0000 7f07797dd700 1 --2- 172.21.15.37:0/4235006025 >> [v2:172.21.15.37:6800/2766692263,v1:172.21.15.37:6801/2766692263] conn(0x7f0760039050 0x7f076003b510 secure :-1 s=READY pgs=16 cs=0 l=1 rev1=1 crypto rx=0x7f075c006fd0 tx=0x7f075c006e40 comp rx=0 tx=0).stop
2024-06-10T00:45:13.670 INFO:teuthology.orchestra.run.smithi037.stdout:/usr/bin/ceph: stderr
2024-06-10T00:45:13.070+0000 7f07797dd700 1 -- 172.21.15.37:0/4235006025 >> [v2:172.21.15.37:3300/0,v1:172.21.15.37:6789/0] conn(0x7f0774107fc0 msgr2=0x7f077419be20 secure :-1 s=STATE_CONNECTION_ESTABLISHED l=1).mark_down
2024-06-10T00:45:13.670 INFO:teuthology.orchestra.run.smithi037.stdout:/usr/bin/ceph: stderr
2024-06-10T00:45:13.070+0000 7f07797dd700 1 --2- 172.21.15.37:0/4235006025 >> [v2:172.21.15.37:3300/0,v1:172.21.15.37:6789/0] conn(0x7f0774107fc0 0x7f077419be20 secure :-1 s=READY pgs=52 cs=0 l=1 rev1=1 crypto rx=0x7f07640117e0 tx=0x7f0764011c10 comp rx=0 tx=0).stop
2024-06-10T00:45:13.671 INFO:teuthology.orchestra.run.smithi037.stdout:/usr/bin/ceph: stderr
2024-06-10T00:45:13.070+0000 7f07797dd700 1 -- 172.21.15.37:0/4235006025 shutdown_connections
2024-06-10T00:45:13.671 INFO:teuthology.orchestra.run.smithi037.stdout:/usr/bin/ceph: stderr
2024-06-10T00:45:13.070+0000 7f07797dd700 1 --2- 172.21.15.37:0/4235006025 >> [v2:172.21.15.37:6800/2766692263,v1:172.21.15.37:6801/2766692263] conn(0x7f0760039050 0x7f076003b510 unknown :-1 s=CLOSED pgs=16 cs=0 l=1 rev1=1 crypto rx=0 tx=0 comp rx=0 tx=0).stop
2024-06-10T00:45:13.671 INFO:teuthology.orchestra.run.smithi037.stdout:/usr/bin/ceph: stderr
2024-06-10T00:45:13.070+0000 7f07797dd700 1 --2- 172.21.15.37:0/4235006025 >> [v2:172.21.15.37:3300/0,v1:172.21.15.37:6789/0] conn(0x7f0774107fc0 0x7f077419be20 unknown :-1 s=CLOSED pgs=52 cs=0 l=1 rev1=1 crypto rx=0 tx=0 comp rx=0 tx=0).stop
2024-06-10T00:45:13.671 INFO:teuthology.orchestra.run.smithi037.stdout:/usr/bin/ceph: stderr
2024-06-10T00:45:13.070+0000 7f07797dd700 1 -- 172.21.15.37:0/4235006025 >> 172.21.15.37:0/4235006025 conn(0x7f0774103560 msgr2=0x7f0774103f30 unknown :-1 s=STATE_NONE l=0).mark_down
2024-06-10T00:45:13.671 INFO:teuthology.orchestra.run.smithi037.stdout:/usr/bin/ceph: stderr
2024-06-10T00:45:13.071+0000 7f07797dd700 1 -- 172.21.15.37:0/4235006025 shutdown_connections
2024-06-10T00:45:13.671 INFO:teuthology.orchestra.run.smithi037.stdout:/usr/bin/ceph: stderr
2024-06-10T00:45:13.071+0000 7f07797dd700 1 -- 172.21.15.37:0/4235006025 wait complete.
2024-06-10T00:45:13.909 INFO:journalctl@ceph.mgr.x.smithi037.stdout:Jun 10 00:45:13 smithi037 ceph-68793514-26c2-11ef-bc9b-c7b262605968-mgr-x[32423]:
2024-06-10T00:45:13.894+0000 7fcbcf90d200 -1 mgr[py] Module progress has missing NOTIFY_TYPES member
2024-06-10T00:45:14.314 INFO:journalctl@ceph.mon.a.smithi037.stdout:Jun 10 00:45:14 smithi037 ceph-mon[32192]: from='client.? 172.21.15.37:0/4235006025' entity='client.admin' cmd='[{"prefix": "mgr module enable", "module": "dashboard"}]': finished
2024-06-10T00:45:14.315 INFO:journalctl@ceph.mon.a.smithi037.stdout:Jun 10 00:45:14 smithi037 ceph-mon[32192]: mgrmap e9: x(active, since 19s)
2024-06-10T00:45:14.315 INFO:journalctl@ceph.mgr.x.smithi037.stdout:Jun 10 00:45:13 smithi037 ceph-68793514-26c2-11ef-bc9b-c7b262605968-mgr-x[32423]:
2024-06-10T00:45:13.985+0000 7fcbcf90d200 -1 mgr[py] Module influx has missing NOTIFY_TYPES member
2024-06-10T00:45:14.964 INFO:teuthology.orchestra.run.smithi037.stdout:/usr/bin/ceph: stdout {
2024-06-10T00:45:14.964 INFO:teuthology.orchestra.run.smithi037.stdout:/usr/bin/ceph: stdout "epoch": 9,
2024-06-10T00:45:14.964 INFO:teuthology.orchestra.run.smithi037.stdout:/usr/bin/ceph: stdout "available": true,
2024-06-10T00:45:14.964 INFO:teuthology.orchestra.run.smithi037.stdout:/usr/bin/ceph: stdout "active_name": "x",
2024-06-10T00:45:14.964 INFO:teuthology.orchestra.run.smithi037.stdout:/usr/bin/ceph: stdout "num_standby": 0
2024-06-10T00:45:14.964 INFO:teuthology.orchestra.run.smithi037.stdout:/usr/bin/ceph: stdout }
2024-06-10T00:45:14.965 INFO:teuthology.orchestra.run.smithi037.stdout:/usr/bin/ceph: stderr
2024-06-10T00:45:14.108+0000 7f9ddf0bb700 1 Processor -- start
2024-06-10T00:45:14.965 INFO:teuthology.orchestra.run.smithi037.stdout:/usr/bin/ceph: stderr
2024-06-10T00:45:14.108+0000 7f9ddf0bb700 1 -- start start
2024-06-10T00:45:14.965 INFO:teuthology.orchestra.run.smithi037.stdout:/usr/bin/ceph: stderr
2024-06-10T00:45:14.108+0000 7f9ddf0bb700 1 --2- >> [v2:172.21.15.37:3300/0,v1:172.21.15.37:6789/0] conn(0x7f9dd807e750 0x7f9dd807cbb0 unknown :-1 s=NONE pgs=0 cs=0 l=0 rev1=0 crypto rx=0 tx=0 comp rx=0 tx=0).connect
2024-06-10T00:45:14.965 INFO:teuthology.orchestra.run.smithi037.stdout:/usr/bin/ceph: stderr
2024-06-10T00:45:14.108+0000 7f9ddf0bb700 1 -- --> [v2:172.21.15.37:3300/0,v1:172.21.15.37:6789/0] -- mon_getmap magic: 0 -- 0x7f9dd807d180 con 0x7f9dd807e750
2024-06-10T00:45:14.965 INFO:teuthology.orchestra.run.smithi037.stdout:/usr/bin/ceph: stderr
2024-06-10T00:45:14.109+0000 7f9ddce57700 1 --2- >> [v2:172.21.15.37:3300/0,v1:172.21.15.37:6789/0] conn(0x7f9dd807e750 0x7f9dd807cbb0 unknown :-1 s=BANNER_CONNECTING pgs=0 cs=0 l=0 rev1=0 crypto rx=0 tx=0 comp rx=0 tx=0)._handle_peer_banner_payload supported=3 required=0
2024-06-10T00:45:14.965 INFO:teuthology.orchestra.run.smithi037.stdout:/usr/bin/ceph: stderr
2024-06-10T00:45:14.109+0000 7f9ddce57700 1 --2- >> [v2:172.21.15.37:3300/0,v1:172.21.15.37:6789/0] conn(0x7f9dd807e750 0x7f9dd807cbb0 unknown :-1 s=HELLO_CONNECTING pgs=0 cs=0 l=0 rev1=1 crypto rx=0 tx=0 comp rx=0 tx=0).handle_hello peer v2:172.21.15.37:3300/0 says I am v2:172.21.15.37:51842/0 (socket says 172.21.15.37:51842)
2024-06-10T00:45:14.965 INFO:teuthology.orchestra.run.smithi037.stdout:/usr/bin/ceph: stderr
2024-06-10T00:45:14.109+0000 7f9ddce57700 1 -- 172.21.15.37:0/428390076 learned_addr learned my addr 172.21.15.37:0/428390076 (peer_addr_for_me v2:172.21.15.37:0/0)
2024-06-10T00:45:14.965 INFO:teuthology.orchestra.run.smithi037.stdout:/usr/bin/ceph: stderr
2024-06-10T00:45:14.109+0000 7f9ddce57700 1 -- 172.21.15.37:0/428390076 --> [v2:172.21.15.37:3300/0,v1:172.21.15.37:6789/0] -- mon_subscribe({config=0+,monmap=0+}) -- 0x7f9dd807d300 con 0x7f9dd807e750
2024-06-10T00:45:14.965 INFO:teuthology.orchestra.run.smithi037.stdout:/usr/bin/ceph: stderr
2024-06-10T00:45:14.109+0000 7f9ddce57700 1 --2- 172.21.15.37:0/428390076 >> [v2:172.21.15.37:3300/0,v1:172.21.15.37:6789/0] conn(0x7f9dd807e750 0x7f9dd807cbb0 secure :-1 s=READY pgs=55 cs=0 l=1 rev1=1 crypto rx=0x7f9dcc0098a0 tx=0x7f9dcc009bb0 comp rx=0 tx=0).ready entity=mon.0 client_cookie=56b3fe52ab2d5c87 server_cookie=0 in_seq=0 out_seq=0
2024-06-10T00:45:14.965 INFO:teuthology.orchestra.run.smithi037.stdout:/usr/bin/ceph: stderr
2024-06-10T00:45:14.109+0000 7f9dd77fe700 1 -- 172.21.15.37:0/428390076 <== mon.0 v2:172.21.15.37:3300/0 1 ==== mon_map magic: 0 ==== 205+0+0 (secure 0 0 0) 0x7f9dcc004160 con 0x7f9dd807e750
2024-06-10T00:45:14.965 INFO:teuthology.orchestra.run.smithi037.stdout:/usr/bin/ceph: stderr
2024-06-10T00:45:14.109+0000 7f9dd77fe700 1 -- 172.21.15.37:0/428390076 <== mon.0 v2:172.21.15.37:3300/0 2 ==== config(27 keys) ==== 1140+0+0 (secure 0 0 0) 0x7f9dcc004300 con 0x7f9dd807e750
2024-06-10T00:45:14.965 INFO:teuthology.orchestra.run.smithi037.stdout:/usr/bin/ceph: stderr
2024-06-10T00:45:14.109+0000 7f9dd77fe700 1 -- 172.21.15.37:0/428390076 <== mon.0 v2:172.21.15.37:3300/0 3 ==== mon_map magic: 0 ==== 205+0+0 (secure 0 0 0) 0x7f9dcc011b20 con 0x7f9dd807e750
2024-06-10T00:45:14.965 INFO:teuthology.orchestra.run.smithi037.stdout:/usr/bin/ceph: stderr
2024-06-10T00:45:14.110+0000 7f9ddf0bb700 1 -- 172.21.15.37:0/428390076 >> [v2:172.21.15.37:3300/0,v1:172.21.15.37:6789/0] conn(0x7f9dd807e750 msgr2=0x7f9dd807cbb0 secure :-1 s=STATE_CONNECTION_ESTABLISHED l=1).mark_down
2024-06-10T00:45:14.965 INFO:teuthology.orchestra.run.smithi037.stdout:/usr/bin/ceph: stderr
2024-06-10T00:45:14.110+0000 7f9ddf0bb700 1 --2- 172.21.15.37:0/428390076 >> [v2:172.21.15.37:3300/0,v1:172.21.15.37:6789/0] conn(0x7f9dd807e750 0x7f9dd807cbb0 secure :-1 s=READY pgs=55 cs=0 l=1 rev1=1 crypto rx=0x7f9dcc0098a0 tx=0x7f9dcc009bb0 comp rx=0 tx=0).stop
2024-06-10T00:45:14.966 INFO:teuthology.orchestra.run.smithi037.stdout:/usr/bin/ceph: stderr
2024-06-10T00:45:14.110+0000 7f9ddf0bb700 1 -- 172.21.15.37:0/428390076 shutdown_connections
2024-06-10T00:45:14.966 INFO:teuthology.orchestra.run.smithi037.stdout:/usr/bin/ceph: stderr
2024-06-10T00:45:14.110+0000 7f9ddf0bb700 1 --2- 172.21.15.37:0/428390076 >> [v2:172.21.15.37:3300/0,v1:172.21.15.37:6789/0] conn(0x7f9dd807e750 0x7f9dd807cbb0 unknown :-1 s=CLOSED pgs=55 cs=0 l=1 rev1=1 crypto rx=0 tx=0 comp rx=0 tx=0).stop
2024-06-10T00:45:14.966 INFO:teuthology.orchestra.run.smithi037.stdout:/usr/bin/ceph: stderr
2024-06-10T00:45:14.110+0000 7f9ddf0bb700 1 -- 172.21.15.37:0/428390076 >> 172.21.15.37:0/428390076 conn(0x7f9dd8103530 msgr2=0x7f9dd8105950 unknown :-1 s=STATE_NONE l=0).mark_down
2024-06-10T00:45:14.966 INFO:teuthology.orchestra.run.smithi037.stdout:/usr/bin/ceph: stderr
2024-06-10T00:45:14.110+0000 7f9ddf0bb700 1 -- 172.21.15.37:0/428390076 shutdown_connections
2024-06-10T00:45:14.966 INFO:teuthology.orchestra.run.smithi037.stdout:/usr/bin/ceph: stderr
2024-06-10T00:45:14.110+0000 7f9ddf0bb700 1 -- 172.21.15.37:0/428390076 wait complete.
2024-06-10T00:45:14.966 INFO:teuthology.orchestra.run.smithi037.stdout:/usr/bin/ceph: stderr
2024-06-10T00:45:14.111+0000 7f9ddf0bb700 1 Processor -- start
2024-06-10T00:45:14.966 INFO:teuthology.orchestra.run.smithi037.stdout:/usr/bin/ceph: stderr
2024-06-10T00:45:14.111+0000 7f9ddf0bb700 1 -- start start
2024-06-10T00:45:14.966 INFO:teuthology.orchestra.run.smithi037.stdout:/usr/bin/ceph: stderr
2024-06-10T00:45:14.111+0000 7f9ddf0bb700 1 --2- >> [v2:172.21.15.37:3300/0,v1:172.21.15.37:6789/0] conn(0x7f9dd807e750 0x7f9dd819e070 unknown :-1 s=NONE pgs=0 cs=0 l=1 rev1=0 crypto rx=0 tx=0 comp rx=0 tx=0).connect
2024-06-10T00:45:14.966 INFO:teuthology.orchestra.run.smithi037.stdout:/usr/bin/ceph: stderr
2024-06-10T00:45:14.111+0000 7f9ddf0bb700 1 -- --> [v2:172.21.15.37:3300/0,v1:172.21.15.37:6789/0] -- mon_getmap magic: 0 -- 0x7f9dd810e570 con 0x7f9dd807e750
2024-06-10T00:45:14.966 INFO:teuthology.orchestra.run.smithi037.stdout:/usr/bin/ceph: stderr
2024-06-10T00:45:14.111+0000 7f9ddce57700 1 --2- >> [v2:172.21.15.37:3300/0,v1:172.21.15.37:6789/0] conn(0x7f9dd807e750 0x7f9dd819e070 unknown :-1 s=BANNER_CONNECTING pgs=0 cs=0 l=1 rev1=0 crypto rx=0 tx=0 comp rx=0 tx=0)._handle_peer_banner_payload supported=3 required=0
2024-06-10T00:45:14.966 INFO:teuthology.orchestra.run.smithi037.stdout:/usr/bin/ceph: stderr
2024-06-10T00:45:14.111+0000 7f9ddce57700 1 --2- >> [v2:172.21.15.37:3300/0,v1:172.21.15.37:6789/0] conn(0x7f9dd807e750 0x7f9dd819e070 unknown :-1 s=HELLO_CONNECTING pgs=0 cs=0 l=1 rev1=1 crypto rx=0 tx=0 comp rx=0 tx=0).handle_hello peer v2:172.21.15.37:3300/0 says I am v2:172.21.15.37:51846/0 (socket says 172.21.15.37:51846)
2024-06-10T00:45:14.966 INFO:teuthology.orchestra.run.smithi037.stdout:/usr/bin/ceph: stderr
2024-06-10T00:45:14.111+0000 7f9ddce57700 1 -- 172.21.15.37:0/1814798810 learned_addr learned my addr 172.21.15.37:0/1814798810 (peer_addr_for_me v2:172.21.15.37:0/0)
2024-06-10T00:45:14.966 INFO:teuthology.orchestra.run.smithi037.stdout:/usr/bin/ceph: stderr
2024-06-10T00:45:14.111+0000 7f9ddce57700 1 -- 172.21.15.37:0/1814798810 --> [v2:172.21.15.37:3300/0,v1:172.21.15.37:6789/0] -- mon_subscribe({config=0+,monmap=0+}) -- 0x7f9dd819e5b0 con 0x7f9dd807e750
2024-06-10T00:45:14.966 INFO:teuthology.orchestra.run.smithi037.stdout:/usr/bin/ceph: stderr
2024-06-10T00:45:14.111+0000 7f9ddce57700 1 --2- 172.21.15.37:0/1814798810 >> [v2:172.21.15.37:3300/0,v1:172.21.15.37:6789/0] conn(0x7f9dd807e750 0x7f9dd819e070 secure :-1 s=READY pgs=56 cs=0 l=1 rev1=1 crypto rx=0x7f9dcc0117e0 tx=0x7f9dcc011c10 comp rx=0 tx=0).ready entity=mon.0 client_cookie=0 server_cookie=0 in_seq=0 out_seq=0
2024-06-10T00:45:14.967 INFO:teuthology.orchestra.run.smithi037.stdout:/usr/bin/ceph: stderr
2024-06-10T00:45:14.112+0000 7f9dd5ffb700 1 -- 172.21.15.37:0/1814798810 <== mon.0 v2:172.21.15.37:3300/0 1 ==== mon_map magic: 0 ==== 205+0+0 (secure 0 0 0) 0x7f9dcc003bf0 con 0x7f9dd807e750
2024-06-10T00:45:14.967 INFO:teuthology.orchestra.run.smithi037.stdout:/usr/bin/ceph: stderr
2024-06-10T00:45:14.112+0000 7f9dd5ffb700 1 -- 172.21.15.37:0/1814798810 <== mon.0 v2:172.21.15.37:3300/0 2 ==== config(27 keys) ==== 1140+0+0 (secure 0 0 0) 0x7f9dcc01a910 con 0x7f9dd807e750
2024-06-10T00:45:14.967 INFO:teuthology.orchestra.run.smithi037.stdout:/usr/bin/ceph: stderr
2024-06-10T00:45:14.112+0000 7f9ddf0bb700 1 -- 172.21.15.37:0/1814798810 --> [v2:172.21.15.37:3300/0,v1:172.21.15.37:6789/0] -- mon_subscribe({mgrmap=0+}) -- 0x7f9dd819e840 con 0x7f9dd807e750
2024-06-10T00:45:14.967 INFO:teuthology.orchestra.run.smithi037.stdout:/usr/bin/ceph: stderr
2024-06-10T00:45:14.112+0000 7f9dd5ffb700 1 -- 172.21.15.37:0/1814798810 <== mon.0 v2:172.21.15.37:3300/0 3 ==== mon_map magic: 0 ==== 205+0+0 (secure 0 0 0) 0x7f9dcc0249a0 con 0x7f9dd807e750
2024-06-10T00:45:14.967 INFO:teuthology.orchestra.run.smithi037.stdout:/usr/bin/ceph: stderr
2024-06-10T00:45:14.112+0000 7f9ddf0bb700 1 -- 172.21.15.37:0/1814798810 --> [v2:172.21.15.37:3300/0,v1:172.21.15.37:6789/0] -- mon_subscribe({osdmap=0}) -- 0x7f9dd819eca0 con 0x7f9dd807e750
2024-06-10T00:45:14.967 INFO:teuthology.orchestra.run.smithi037.stdout:/usr/bin/ceph: stderr
2024-06-10T00:45:14.113+0000 7f9dd5ffb700 1 -- 172.21.15.37:0/1814798810 <== mon.0 v2:172.21.15.37:3300/0 4 ==== mgrmap(e 9) ==== 46300+0+0 (secure 0 0 0) 0x7f9dcc022020 con 0x7f9dd807e750
2024-06-10T00:45:14.967 INFO:teuthology.orchestra.run.smithi037.stdout:/usr/bin/ceph: stderr
2024-06-10T00:45:14.113+0000 7f9ddf0bb700 1 -- 172.21.15.37:0/1814798810 --> [v2:172.21.15.37:3300/0,v1:172.21.15.37:6789/0] -- mon_command({"prefix": "get_command_descriptions"} v 0) -- 0x7f9dd8063af0 con 0x7f9dd807e750
2024-06-10T00:45:14.967 INFO:teuthology.orchestra.run.smithi037.stdout:/usr/bin/ceph: stderr
2024-06-10T00:45:14.113+0000 7f9dd5ffb700 1 --2- 172.21.15.37:0/1814798810 >> [v2:172.21.15.37:6800/2766692263,v1:172.21.15.37:6801/2766692263] conn(0x7f9dc80390b0 0x7f9dc803b570 unknown :-1 s=NONE pgs=0 cs=0 l=1 rev1=0 crypto rx=0 tx=0 comp rx=0 tx=0).connect
2024-06-10T00:45:14.967 INFO:teuthology.orchestra.run.smithi037.stdout:/usr/bin/ceph: stderr
2024-06-10T00:45:14.113+0000 7f9dd5ffb700 1 -- 172.21.15.37:0/1814798810 <== mon.0 v2:172.21.15.37:3300/0 5 ==== osd_map(2..2 src has 1..2) ==== 940+0+0 (secure 0 0 0) 0x7f9dcc04d5a0 con 0x7f9dd807e750
2024-06-10T00:45:14.967 INFO:teuthology.orchestra.run.smithi037.stdout:/usr/bin/ceph: stderr
2024-06-10T00:45:14.113+0000 7f9dd7fff700 1 -- 172.21.15.37:0/1814798810 >> [v2:172.21.15.37:6800/2766692263,v1:172.21.15.37:6801/2766692263] conn(0x7f9dc80390b0 msgr2=0x7f9dc803b570 unknown :-1 s=STATE_CONNECTING_RE l=1).process reconnect failed to v2:172.21.15.37:6800/2766692263
2024-06-10T00:45:14.967 INFO:teuthology.orchestra.run.smithi037.stdout:/usr/bin/ceph: stderr
2024-06-10T00:45:14.113+0000 7f9dd7fff700 1 --2- 172.21.15.37:0/1814798810 >> [v2:172.21.15.37:6800/2766692263,v1:172.21.15.37:6801/2766692263] conn(0x7f9dc80390b0 0x7f9dc803b570 unknown :-1 s=START_CONNECT pgs=0 cs=0 l=1 rev1=0 crypto rx=0 tx=0 comp rx=0 tx=0)._fault waiting 0.200000
2024-06-10T00:45:14.967 INFO:teuthology.orchestra.run.smithi037.stdout:/usr/bin/ceph: stderr
2024-06-10T00:45:14.118+0000 7f9dd5ffb700 1 -- 172.21.15.37:0/1814798810 <== mon.0 v2:172.21.15.37:3300/0 6 ==== mon_command_ack([{"prefix": "get_command_descriptions"}]=0 v0) ==== 72+0+186418 (secure 0 0 0) 0x7f9dcc011e20 con 0x7f9dd807e750
2024-06-10T00:45:14.967 INFO:teuthology.orchestra.run.smithi037.stdout:/usr/bin/ceph: stderr
2024-06-10T00:45:14.314+0000 7f9dd7fff700 1 -- 172.21.15.37:0/1814798810 >> [v2:172.21.15.37:6800/2766692263,v1:172.21.15.37:6801/2766692263] conn(0x7f9dc80390b0 msgr2=0x7f9dc803b570 unknown :-1 s=STATE_CONNECTING_RE l=1).process reconnect failed to v2:172.21.15.37:6800/2766692263
2024-06-10T00:45:14.967 INFO:teuthology.orchestra.run.smithi037.stdout:/usr/bin/ceph: stderr
2024-06-10T00:45:14.314+0000 7f9dd7fff700 1 --2- 172.21.15.37:0/1814798810 >> [v2:172.21.15.37:6800/2766692263,v1:172.21.15.37:6801/2766692263] conn(0x7f9dc80390b0 0x7f9dc803b570 unknown :-1 s=START_CONNECT pgs=0 cs=0 l=1 rev1=0 crypto rx=0 tx=0 comp rx=0 tx=0)._fault waiting 0.400000
2024-06-10T00:45:14.967 INFO:teuthology.orchestra.run.smithi037.stdout:/usr/bin/ceph: stderr
2024-06-10T00:45:14.393+0000 7f9ddf0bb700 1 -- 172.21.15.37:0/1814798810 --> [v2:172.21.15.37:3300/0,v1:172.21.15.37:6789/0] -- mon_command({"prefix": "mgr stat"} v 0) -- 0x7f9dd81a1710 con 0x7f9dd807e750
2024-06-10T00:45:14.968 INFO:teuthology.orchestra.run.smithi037.stdout:/usr/bin/ceph: stderr
2024-06-10T00:45:14.394+0000 7f9dd5ffb700 1 -- 172.21.15.37:0/1814798810 <== mon.0 v2:172.21.15.37:3300/0 7 ==== mon_command_ack([{"prefix": "mgr stat"}]=0 v9) ==== 56+0+88 (secure 0 0 0) 0x7f9dcc00ba00 con 0x7f9dd807e750
2024-06-10T00:45:14.968 INFO:teuthology.orchestra.run.smithi037.stdout:/usr/bin/ceph: stderr
2024-06-10T00:45:14.398+0000 7f9ddf0bb700 1 -- 172.21.15.37:0/1814798810 >> [v2:172.21.15.37:6800/2766692263,v1:172.21.15.37:6801/2766692263] conn(0x7f9dc80390b0 msgr2=0x7f9dc803b570 unknown :-1 s=STATE_CONNECTING l=1).mark_down
2024-06-10T00:45:14.968 INFO:teuthology.orchestra.run.smithi037.stdout:/usr/bin/ceph: stderr
2024-06-10T00:45:14.398+0000 7f9ddf0bb700 1 --2- 172.21.15.37:0/1814798810 >> [v2:172.21.15.37:6800/2766692263,v1:172.21.15.37:6801/2766692263] conn(0x7f9dc80390b0 0x7f9dc803b570 unknown :-1 s=START_CONNECT pgs=0 cs=0 l=1 rev1=0 crypto rx=0 tx=0 comp rx=0 tx=0).stop
2024-06-10T00:45:14.968 INFO:teuthology.orchestra.run.smithi037.stdout:/usr/bin/ceph: stderr
2024-06-10T00:45:14.398+0000 7f9ddf0bb700 1 -- 172.21.15.37:0/1814798810 >> [v2:172.21.15.37:3300/0,v1:172.21.15.37:6789/0] conn(0x7f9dd807e750 msgr2=0x7f9dd819e070 secure :-1 s=STATE_CONNECTION_ESTABLISHED l=1).mark_down
2024-06-10T00:45:14.968 INFO:teuthology.orchestra.run.smithi037.stdout:/usr/bin/ceph: stderr
2024-06-10T00:45:14.398+0000 7f9ddf0bb700 1 --2- 172.21.15.37:0/1814798810 >> [v2:172.21.15.37:3300/0,v1:172.21.15.37:6789/0] conn(0x7f9dd807e750 0x7f9dd819e070 secure :-1 s=READY pgs=56 cs=0 l=1 rev1=1 crypto rx=0x7f9dcc0117e0 tx=0x7f9dcc011c10 comp rx=0 tx=0).stop
2024-06-10T00:45:14.968 INFO:teuthology.orchestra.run.smithi037.stdout:/usr/bin/ceph: stderr
2024-06-10T00:45:14.398+0000 7f9ddf0bb700 1 -- 172.21.15.37:0/1814798810 shutdown_connections
2024-06-10T00:45:14.968 INFO:teuthology.orchestra.run.smithi037.stdout:/usr/bin/ceph: stderr
2024-06-10T00:45:14.398+0000 7f9ddf0bb700 1 --2- 172.21.15.37:0/1814798810 >> [v2:172.21.15.37:6800/2766692263,v1:172.21.15.37:6801/2766692263] conn(0x7f9dc80390b0 0x7f9dc803b570 unknown :-1 s=CLOSED pgs=0 cs=0 l=1 rev1=0 crypto rx=0 tx=0 comp rx=0 tx=0).stop
2024-06-10T00:45:14.968 INFO:teuthology.orchestra.run.smithi037.stdout:/usr/bin/ceph: stderr
2024-06-10T00:45:14.398+0000 7f9ddf0bb700 1 --2- 172.21.15.37:0/1814798810 >> [v2:172.21.15.37:3300/0,v1:172.21.15.37:6789/0] conn(0x7f9dd807e750 0x7f9dd819e070 secure :-1 s=CLOSED pgs=56 cs=0 l=1 rev1=1 crypto rx=0x7f9dcc0117e0 tx=0x7f9dcc011c10 comp rx=0 tx=0).stop
2024-06-10T00:45:14.968 INFO:teuthology.orchestra.run.smithi037.stdout:/usr/bin/ceph: stderr
2024-06-10T00:45:14.398+0000 7f9ddf0bb700 1 -- 172.21.15.37:0/1814798810 >> 172.21.15.37:0/1814798810 conn(0x7f9dd8103530 msgr2=0x7f9dd8103ff0 unknown :-1 s=STATE_NONE l=0).mark_down
2024-06-10T00:45:14.968 INFO:teuthology.orchestra.run.smithi037.stdout:/usr/bin/ceph: stderr
2024-06-10T00:45:14.399+0000 7f9ddf0bb700 1 -- 172.21.15.37:0/1814798810 shutdown_connections
2024-06-10T00:45:14.968 INFO:teuthology.orchestra.run.smithi037.stdout:/usr/bin/ceph: stderr
2024-06-10T00:45:14.399+0000 7f9ddf0bb700 1 -- 172.21.15.37:0/1814798810 wait complete.
2024-06-10T00:45:14.968 INFO:teuthology.orchestra.run.smithi037.stdout:Waiting for the mgr to restart...
2024-06-10T00:45:14.968 INFO:teuthology.orchestra.run.smithi037.stdout:Waiting for mgr epoch 9...
2024-06-10T00:45:15.359 INFO:journalctl@ceph.mon.a.smithi037.stdout:Jun 10 00:45:15 smithi037 ceph-mon[32192]: from='client.? 172.21.15.37:0/1814798810' entity='client.admin' cmd=[{"prefix": "mgr stat"}]: dispatch
2024-06-10T00:45:15.360 INFO:journalctl@ceph.mgr.x.smithi037.stdout:Jun 10 00:45:15 smithi037 ceph-68793514-26c2-11ef-bc9b-c7b262605968-mgr-x[32423]:
2024-06-10T00:45:15.266+0000 7fcbcf90d200 -1 mgr[py] Module telegraf has missing NOTIFY_TYPES member
2024-06-10T00:45:15.626 INFO:journalctl@ceph.mgr.x.smithi037.stdout:Jun 10 00:45:15 smithi037 ceph-68793514-26c2-11ef-bc9b-c7b262605968-mgr-x[32423]:
2024-06-10T00:45:15.448+0000 7fcbcf90d200 -1 mgr[py] Module osd_support has missing NOTIFY_TYPES member
2024-06-10T00:45:15.626 INFO:journalctl@ceph.mgr.x.smithi037.stdout:Jun 10 00:45:15 smithi037 ceph-68793514-26c2-11ef-bc9b-c7b262605968-mgr-x[32423]:
2024-06-10T00:45:15.625+0000 7fcbcf90d200 -1 mgr[py] Module iostat has missing NOTIFY_TYPES member
2024-06-10T00:45:16.234 INFO:journalctl@ceph.mgr.x.smithi037.stdout:Jun 10 00:45:15 smithi037 ceph-68793514-26c2-11ef-bc9b-c7b262605968-mgr-x[32423]:
2024-06-10T00:45:15.927+0000 7fcbcf90d200 -1 mgr[py] Module alerts has missing NOTIFY_TYPES member
2024-06-10T00:45:16.235 INFO:journalctl@ceph.mgr.x.smithi037.stdout:Jun 10 00:45:16 smithi037 ceph-68793514-26c2-11ef-bc9b-c7b262605968-mgr-x[32423]:
2024-06-10T00:45:16.023+0000 7fcbcf90d200 -1 mgr[py] Module selftest has missing NOTIFY_TYPES member
2024-06-10T00:45:16.235 INFO:journalctl@ceph.mgr.x.smithi037.stdout:Jun 10 00:45:16 smithi037 ceph-68793514-26c2-11ef-bc9b-c7b262605968-mgr-x[32423]:
2024-06-10T00:45:16.234+0000 7fcbcf90d200 -1 mgr[py] Module pg_autoscaler has missing NOTIFY_TYPES member
2024-06-10T00:45:16.645 INFO:journalctl@ceph.mgr.x.smithi037.stdout:Jun 10 00:45:16 smithi037 ceph-68793514-26c2-11ef-bc9b-c7b262605968-mgr-x[32423]:
2024-06-10T00:45:16.435+0000 7fcbcf90d200 -1 mgr[py] Module test_orchestrator has missing NOTIFY_TYPES member
2024-06-10T00:45:17.395 INFO:journalctl@ceph.mgr.x.smithi037.stdout:Jun 10 00:45:17 smithi037 ceph-68793514-26c2-11ef-bc9b-c7b262605968-mgr-x[32423]:
2024-06-10T00:45:17.065+0000 7fcbcf90d200 -1 mgr[py] Module rook has missing NOTIFY_TYPES member
2024-06-10T00:45:17.820 INFO:journalctl@ceph.mgr.x.smithi037.stdout:Jun 10 00:45:17 smithi037 ceph-68793514-26c2-11ef-bc9b-c7b262605968-mgr-x[32423]:
2024-06-10T00:45:17.508+0000 7fcbcf90d200 -1 mgr[py] Module volumes has missing NOTIFY_TYPES member
2024-06-10T00:45:17.820 INFO:journalctl@ceph.mgr.x.smithi037.stdout:Jun 10 00:45:17 smithi037 ceph-68793514-26c2-11ef-bc9b-c7b262605968-mgr-x[32423]:
2024-06-10T00:45:17.609+0000 7fcbcf90d200 -1 mgr[py] Module crash has missing NOTIFY_TYPES member
2024-06-10T00:45:17.820 INFO:journalctl@ceph.mgr.x.smithi037.stdout:Jun 10 00:45:17 smithi037 ceph-68793514-26c2-11ef-bc9b-c7b262605968-mgr-x[32423]:
2024-06-10T00:45:17.819+0000 7fcbcf90d200 -1 mgr[py] Module rgw has missing NOTIFY_TYPES member
2024-06-10T00:45:18.645 INFO:journalctl@ceph.mgr.x.smithi037.stdout:Jun 10 00:45:18 smithi037 ceph-68793514-26c2-11ef-bc9b-c7b262605968-mgr-x[32423]:
2024-06-10T00:45:18.367+0000 7fcbcf90d200 -1 mgr[py] Module prometheus has missing NOTIFY_TYPES member
2024-06-10T00:45:18.645 INFO:journalctl@ceph.mgr.x.smithi037.stdout:Jun 10 00:45:18 smithi037 ceph-68793514-26c2-11ef-bc9b-c7b262605968-mgr-x[32423]:
2024-06-10T00:45:18.463+0000 7fcbcf90d200 -1 mgr[py] Module devicehealth has missing NOTIFY_TYPES member
2024-06-10T00:45:19.084 INFO:journalctl@ceph.mgr.x.smithi037.stdout:Jun 10 00:45:18 smithi037 ceph-68793514-26c2-11ef-bc9b-c7b262605968-mgr-x[32423]:
2024-06-10T00:45:18.717+0000 7fcbcf90d200 -1 mgr[py] Module telemetry has missing NOTIFY_TYPES member
2024-06-10T00:45:19.084 INFO:journalctl@ceph.mgr.x.smithi037.stdout:Jun 10 00:45:18 smithi037 ceph-68793514-26c2-11ef-bc9b-c7b262605968-mgr-x[32423]:
2024-06-10T00:45:18.858+0000 7fcbcf90d200 -1 mgr[py] Module diskprediction_local has missing NOTIFY_TYPES member
2024-06-10T00:45:19.084 INFO:journalctl@ceph.mgr.x.smithi037.stdout:Jun 10 00:45:18 smithi037 ceph-68793514-26c2-11ef-bc9b-c7b262605968-mgr-x[32423]:
2024-06-10T00:45:18.962+0000 7fcbcf90d200 -1 mgr[py] Module osd_perf_query has missing NOTIFY_TYPES member
2024-06-10T00:45:19.084 INFO:journalctl@ceph.mgr.x.smithi037.stdout:Jun 10 00:45:19 smithi037 ceph-68793514-26c2-11ef-bc9b-c7b262605968-mgr-x[32423]:
2024-06-10T00:45:19.083+0000 7fcbcf90d200 -1 mgr[py] Module rbd_support has missing NOTIFY_TYPES member
2024-06-10T00:45:19.645 INFO:journalctl@ceph.mgr.x.smithi037.stdout:Jun 10 00:45:19 smithi037 ceph-68793514-26c2-11ef-bc9b-c7b262605968-mgr-x[32423]:
2024-06-10T00:45:19.394+0000 7fcbcf90d200 -1 mgr[py] Module zabbix has missing NOTIFY_TYPES member
2024-06-10T00:45:20.305 INFO:journalctl@ceph.mgr.x.smithi037.stdout:Jun 10 00:45:20 smithi037 ceph-68793514-26c2-11ef-bc9b-c7b262605968-mgr-x[32423]:
2024-06-10T00:45:20.024+0000 7fcbcf90d200 -1 mgr[py] Module status has missing NOTIFY_TYPES member
2024-06-10T00:45:20.305 INFO:journalctl@ceph.mgr.x.smithi037.stdout:Jun 10 00:45:20 smithi037 ceph-68793514-26c2-11ef-bc9b-c7b262605968-mgr-x[32423]:
2024-06-10T00:45:20.252+0000 7fcbcf90d200 -1 mgr[py] Module nfs has missing NOTIFY_TYPES member
2024-06-10T00:45:20.645 INFO:journalctl@ceph.mon.a.smithi037.stdout:Jun 10 00:45:20 smithi037 ceph-mon[32192]: Active manager daemon x restarted
2024-06-10T00:45:20.646 INFO:journalctl@ceph.mon.a.smithi037.stdout:Jun 10 00:45:20 smithi037 ceph-mon[32192]: Activating manager daemon x
2024-06-10T00:45:20.646 INFO:journalctl@ceph.mon.a.smithi037.stdout:Jun 10 00:45:20 smithi037 ceph-mon[32192]: osdmap e3: 0 total, 0 up, 0 in
2024-06-10T00:45:20.646 INFO:journalctl@ceph.mon.a.smithi037.stdout:Jun 10 00:45:20 smithi037 ceph-mon[32192]: mgrmap e10: x(active, starting, since 0.00347506s)
2024-06-10T00:45:20.646 INFO:journalctl@ceph.mon.a.smithi037.stdout:Jun 10 00:45:20 smithi037 ceph-mon[32192]: from='mgr.14148 172.21.15.37:0/1605869799' entity='mgr.x' cmd=[{"prefix": "mon metadata", "id": "a"}]: dispatch
2024-06-10T00:45:20.646 INFO:journalctl@ceph.mon.a.smithi037.stdout:Jun 10 00:45:20 smithi037 ceph-mon[32192]: from='mgr.14148 172.21.15.37:0/1605869799' entity='mgr.x' cmd=[{"prefix": "mgr metadata", "who": "x", "id": "x"}]: dispatch
2024-06-10T00:45:20.646 INFO:journalctl@ceph.mon.a.smithi037.stdout:Jun 10 00:45:20 smithi037 ceph-mon[32192]: from='mgr.14148 172.21.15.37:0/1605869799' entity='mgr.x' cmd=[{"prefix": "mds metadata"}]: dispatch
