2024-06-10T01:10:13.407+0000 7f8ed366d700 1 -- --> [v2:172.21.15.105:3300/0,v1:172.21.15.105:6789/0] -- mon_getmap magic: 0 -- 0x7f8ecc10c5e0 con 0x7f8ecc1062a0
2024-06-10T01:10:19.133 INFO:teuthology.orchestra.run.smithi105.stdout:/usr/bin/ceph: stderr
2024-06-10T01:10:13.407+0000 7f8ed1409700 1 --2- >> [v2:172.21.15.105:3300/0,v1:172.21.15.105:6789/0] conn(0x7f8ecc1062a0 0x7f8ecc19bfa0 unknown :-1 s=BANNER_CONNECTING pgs=0 cs=0 l=1 rev1=0 crypto rx=0 tx=0 comp rx=0 tx=0)._handle_peer_banner_payload supported=3 required=0
2024-06-10T01:10:19.133 INFO:teuthology.orchestra.run.smithi105.stdout:/usr/bin/ceph: stderr
2024-06-10T01:10:13.407+0000 7f8ed1409700 1 --2- >> [v2:172.21.15.105:3300/0,v1:172.21.15.105:6789/0] conn(0x7f8ecc1062a0 0x7f8ecc19bfa0 unknown :-1 s=HELLO_CONNECTING pgs=0 cs=0 l=1 rev1=1 crypto rx=0 tx=0 comp rx=0 tx=0).handle_hello peer v2:172.21.15.105:3300/0 says I am v2:172.21.15.105:43938/0 (socket says 172.21.15.105:43938)
2024-06-10T01:10:19.133 INFO:teuthology.orchestra.run.smithi105.stdout:/usr/bin/ceph: stderr
2024-06-10T01:10:13.407+0000 7f8ed1409700 1 -- 172.21.15.105:0/1851827799 learned_addr learned my addr 172.21.15.105:0/1851827799 (peer_addr_for_me v2:172.21.15.105:0/0)
2024-06-10T01:10:19.133 INFO:teuthology.orchestra.run.smithi105.stdout:/usr/bin/ceph: stderr
2024-06-10T01:10:13.407+0000 7f8ed1409700 1 -- 172.21.15.105:0/1851827799 --> [v2:172.21.15.105:3300/0,v1:172.21.15.105:6789/0] -- mon_subscribe({config=0+,monmap=0+}) -- 0x7f8ecc19c4e0 con 0x7f8ecc1062a0
2024-06-10T01:10:19.133 INFO:teuthology.orchestra.run.smithi105.stdout:/usr/bin/ceph: stderr
2024-06-10T01:10:13.407+0000 7f8ed1409700 1 --2- 172.21.15.105:0/1851827799 >> [v2:172.21.15.105:3300/0,v1:172.21.15.105:6789/0] conn(0x7f8ecc1062a0 0x7f8ecc19bfa0 secure :-1 s=READY pgs=62 cs=0 l=1 rev1=1 crypto rx=0x7f8ebc0116a0 tx=0x7f8ebc011ba0 comp rx=0 tx=0).ready entity=mon.0 client_cookie=0 server_cookie=0 in_seq=0 out_seq=0
2024-06-10T01:10:19.133 INFO:teuthology.orchestra.run.smithi105.stdout:/usr/bin/ceph: stderr
2024-06-10T01:10:13.407+0000 7f8ec27fc700 1 -- 172.21.15.105:0/1851827799 <== mon.0 v2:172.21.15.105:3300/0 1 ==== mon_map magic: 0 ==== 205+0+0 (secure 0 0 0) 0x7f8ebc003a40 con 0x7f8ecc1062a0
2024-06-10T01:10:19.133 INFO:teuthology.orchestra.run.smithi105.stdout:/usr/bin/ceph: stderr
2024-06-10T01:10:13.407+0000 7f8ec27fc700 1 -- 172.21.15.105:0/1851827799 <== mon.0 v2:172.21.15.105:3300/0 2 ==== config(27 keys) ==== 1140+0+0 (secure 0 0 0) 0x7f8ebc003be0 con 0x7f8ecc1062a0
2024-06-10T01:10:19.133 INFO:teuthology.orchestra.run.smithi105.stdout:/usr/bin/ceph: stderr
2024-06-10T01:10:13.407+0000 7f8ec27fc700 1 -- 172.21.15.105:0/1851827799 <== mon.0 v2:172.21.15.105:3300/0 3 ==== mon_map magic: 0 ==== 205+0+0 (secure 0 0 0) 0x7f8ebc01a720 con 0x7f8ecc1062a0
2024-06-10T01:10:19.133 INFO:teuthology.orchestra.run.smithi105.stdout:/usr/bin/ceph: stderr
2024-06-10T01:10:13.407+0000 7f8ed366d700 1 -- 172.21.15.105:0/1851827799 --> [v2:172.21.15.105:3300/0,v1:172.21.15.105:6789/0] -- mon_subscribe({mgrmap=0+}) -- 0x7f8ecc19c770 con 0x7f8ecc1062a0
2024-06-10T01:10:19.133 INFO:teuthology.orchestra.run.smithi105.stdout:/usr/bin/ceph: stderr
2024-06-10T01:10:13.408+0000 7f8ed366d700 1 -- 172.21.15.105:0/1851827799 --> [v2:172.21.15.105:3300/0,v1:172.21.15.105:6789/0] -- mon_subscribe({osdmap=0}) -- 0x7f8ecc19cbd0 con 0x7f8ecc1062a0
2024-06-10T01:10:19.133 INFO:teuthology.orchestra.run.smithi105.stdout:/usr/bin/ceph: stderr
2024-06-10T01:10:13.408+0000 7f8ec27fc700 1 -- 172.21.15.105:0/1851827799 <== mon.0 v2:172.21.15.105:3300/0 4 ==== mgrmap(e 9) ==== 46300+0+0 (secure 0 0 0) 0x7f8ebc01aa20 con 0x7f8ecc1062a0
2024-06-10T01:10:19.133 INFO:teuthology.orchestra.run.smithi105.stdout:/usr/bin/ceph: stderr
2024-06-10T01:10:13.408+0000 7f8ec27fc700 1 --2- 172.21.15.105:0/1851827799 >> [v2:172.21.15.105:6800/2349112422,v1:172.21.15.105:6801/2349112422] conn(0x7f8eb8039050 0x7f8eb803b510 unknown :-1 s=NONE pgs=0 cs=0 l=1 rev1=0 crypto rx=0 tx=0 comp rx=0 tx=0).connect
2024-06-10T01:10:19.133 INFO:teuthology.orchestra.run.smithi105.stdout:/usr/bin/ceph: stderr
2024-06-10T01:10:13.408+0000 7f8ed366d700 1 -- 172.21.15.105:0/1851827799 --> [v2:172.21.15.105:6800/2349112422,v1:172.21.15.105:6801/2349112422] -- command(tid 0: {"prefix": "get_command_descriptions"}) -- 0x7f8ecc0695b0 con 0x7f8eb8039050
2024-06-10T01:10:19.133 INFO:teuthology.orchestra.run.smithi105.stdout:/usr/bin/ceph: stderr
2024-06-10T01:10:13.409+0000 7f8ec27fc700 1 -- 172.21.15.105:0/1851827799 <== mon.0 v2:172.21.15.105:3300/0 5 ==== osd_map(2..2 src has 1..2) ==== 940+0+0 (secure 0 0 0) 0x7f8ebc04d9e0 con 0x7f8ecc1062a0
2024-06-10T01:10:19.134 INFO:teuthology.orchestra.run.smithi105.stdout:/usr/bin/ceph: stderr
2024-06-10T01:10:13.409+0000 7f8ed0c08700 1 -- 172.21.15.105:0/1851827799 >> [v2:172.21.15.105:6800/2349112422,v1:172.21.15.105:6801/2349112422] conn(0x7f8eb8039050 msgr2=0x7f8eb803b510 unknown :-1 s=STATE_CONNECTING_RE l=1).process reconnect failed to v2:172.21.15.105:6800/2349112422
2024-06-10T01:10:19.134 INFO:teuthology.orchestra.run.smithi105.stdout:/usr/bin/ceph: stderr
2024-06-10T01:10:13.409+0000 7f8ed0c08700 1 --2- 172.21.15.105:0/1851827799 >> [v2:172.21.15.105:6800/2349112422,v1:172.21.15.105:6801/2349112422] conn(0x7f8eb8039050 0x7f8eb803b510 unknown :-1 s=START_CONNECT pgs=0 cs=0 l=1 rev1=0 crypto rx=0 tx=0 comp rx=0 tx=0)._fault waiting 0.200000
2024-06-10T01:10:19.134 INFO:teuthology.orchestra.run.smithi105.stdout:/usr/bin/ceph: stderr
2024-06-10T01:10:13.610+0000 7f8ed0c08700 1 -- 172.21.15.105:0/1851827799 >> [v2:172.21.15.105:6800/2349112422,v1:172.21.15.105:6801/2349112422] conn(0x7f8eb8039050 msgr2=0x7f8eb803b510 unknown :-1 s=STATE_CONNECTING_RE l=1).process reconnect failed to v2:172.21.15.105:6800/2349112422
2024-06-10T01:10:19.134 INFO:teuthology.orchestra.run.smithi105.stdout:/usr/bin/ceph: stderr
2024-06-10T01:10:13.610+0000 7f8ed0c08700 1 --2- 172.21.15.105:0/1851827799 >> [v2:172.21.15.105:6800/2349112422,v1:172.21.15.105:6801/2349112422] conn(0x7f8eb8039050 0x7f8eb803b510 unknown :-1 s=START_CONNECT pgs=0 cs=0 l=1 rev1=0 crypto rx=0 tx=0 comp rx=0 tx=0)._fault waiting 0.400000
2024-06-10T01:10:19.134 INFO:teuthology.orchestra.run.smithi105.stdout:/usr/bin/ceph: stderr
2024-06-10T01:10:14.011+0000 7f8ed0c08700 1 -- 172.21.15.105:0/1851827799 >> [v2:172.21.15.105:6800/2349112422,v1:172.21.15.105:6801/2349112422] conn(0x7f8eb8039050 msgr2=0x7f8eb803b510 unknown :-1 s=STATE_CONNECTING_RE l=1).process reconnect failed to v2:172.21.15.105:6800/2349112422
2024-06-10T01:10:19.134 INFO:teuthology.orchestra.run.smithi105.stdout:/usr/bin/ceph: stderr
2024-06-10T01:10:14.011+0000 7f8ed0c08700 1 --2- 172.21.15.105:0/1851827799 >> [v2:172.21.15.105:6800/2349112422,v1:172.21.15.105:6801/2349112422] conn(0x7f8eb8039050 0x7f8eb803b510 unknown :-1 s=START_CONNECT pgs=0 cs=0 l=1 rev1=0 crypto rx=0 tx=0 comp rx=0 tx=0)._fault waiting 0.800000
2024-06-10T01:10:19.134 INFO:teuthology.orchestra.run.smithi105.stdout:/usr/bin/ceph: stderr
2024-06-10T01:10:14.812+0000 7f8ed0c08700 1 -- 172.21.15.105:0/1851827799 >> [v2:172.21.15.105:6800/2349112422,v1:172.21.15.105:6801/2349112422] conn(0x7f8eb8039050 msgr2=0x7f8eb803b510 unknown :-1 s=STATE_CONNECTING_RE l=1).process reconnect failed to v2:172.21.15.105:6800/2349112422
2024-06-10T01:10:19.134 INFO:teuthology.orchestra.run.smithi105.stdout:/usr/bin/ceph: stderr
2024-06-10T01:10:14.812+0000 7f8ed0c08700 1 --2- 172.21.15.105:0/1851827799 >> [v2:172.21.15.105:6800/2349112422,v1:172.21.15.105:6801/2349112422] conn(0x7f8eb8039050 0x7f8eb803b510 unknown :-1 s=START_CONNECT pgs=0 cs=0 l=1 rev1=0 crypto rx=0 tx=0 comp rx=0 tx=0)._fault waiting 1.600000
2024-06-10T01:10:19.134 INFO:teuthology.orchestra.run.smithi105.stdout:/usr/bin/ceph: stderr
2024-06-10T01:10:16.413+0000 7f8ed0c08700 1 -- 172.21.15.105:0/1851827799 >> [v2:172.21.15.105:6800/2349112422,v1:172.21.15.105:6801/2349112422] conn(0x7f8eb8039050 msgr2=0x7f8eb803b510 unknown :-1 s=STATE_CONNECTING_RE l=1).process reconnect failed to v2:172.21.15.105:6800/2349112422
2024-06-10T01:10:19.134 INFO:teuthology.orchestra.run.smithi105.stdout:/usr/bin/ceph: stderr
2024-06-10T01:10:16.413+0000 7f8ed0c08700 1 --2- 172.21.15.105:0/1851827799 >> [v2:172.21.15.105:6800/2349112422,v1:172.21.15.105:6801/2349112422] conn(0x7f8eb8039050 0x7f8eb803b510 unknown :-1 s=START_CONNECT pgs=0 cs=0 l=1 rev1=0 crypto rx=0 tx=0 comp rx=0 tx=0)._fault waiting 3.200000
2024-06-10T01:10:19.134 INFO:teuthology.orchestra.run.smithi105.stdout:/usr/bin/ceph: stderr
2024-06-10T01:10:17.221+0000 7f8ec27fc700 1 -- 172.21.15.105:0/1851827799 <== mon.0 v2:172.21.15.105:3300/0 6 ==== mgrmap(e 10) ==== 46067+0+0 (secure 0 0 0) 0x7f8ebc02d3f0 con 0x7f8ecc1062a0
2024-06-10T01:10:19.134 INFO:teuthology.orchestra.run.smithi105.stdout:/usr/bin/ceph: stderr
2024-06-10T01:10:17.221+0000 7f8ec27fc700 1 -- 172.21.15.105:0/1851827799 >> [v2:172.21.15.105:6800/2349112422,v1:172.21.15.105:6801/2349112422] conn(0x7f8eb8039050 msgr2=0x7f8eb803b510 unknown :-1 s=STATE_CONNECTING l=1).mark_down
2024-06-10T01:10:19.134 INFO:teuthology.orchestra.run.smithi105.stdout:/usr/bin/ceph: stderr
2024-06-10T01:10:17.221+0000 7f8ec27fc700 1 --2- 172.21.15.105:0/1851827799 >> [v2:172.21.15.105:6800/2349112422,v1:172.21.15.105:6801/2349112422] conn(0x7f8eb8039050 0x7f8eb803b510 unknown :-1 s=START_CONNECT pgs=0 cs=0 l=1 rev1=0 crypto rx=0 tx=0 comp rx=0 tx=0).stop
2024-06-10T01:10:19.134 INFO:teuthology.orchestra.run.smithi105.stdout:/usr/bin/ceph: stderr
2024-06-10T01:10:18.223+0000 7f8ec27fc700 1 -- 172.21.15.105:0/1851827799 <== mon.0 v2:172.21.15.105:3300/0 7 ==== mgrmap(e 11) ==== 46194+0+0 (secure 0 0 0) 0x7f8ebc04ec80 con 0x7f8ecc1062a0
2024-06-10T01:10:19.135 INFO:teuthology.orchestra.run.smithi105.stdout:/usr/bin/ceph: stderr
2024-06-10T01:10:18.223+0000 7f8ec27fc700 1 --2- 172.21.15.105:0/1851827799 >> [v2:172.21.15.105:6800/1111101172,v1:172.21.15.105:6801/1111101172] conn(0x7f8eb803c920 0x7f8eb803ed10 unknown :-1 s=NONE pgs=0 cs=0 l=1 rev1=0 crypto rx=0 tx=0 comp rx=0 tx=0).connect
2024-06-10T01:10:19.135 INFO:teuthology.orchestra.run.smithi105.stdout:/usr/bin/ceph: stderr
2024-06-10T01:10:18.223+0000 7f8ec27fc700 1 -- 172.21.15.105:0/1851827799 --> [v2:172.21.15.105:6800/1111101172,v1:172.21.15.105:6801/1111101172] -- command(tid 0: {"prefix": "get_command_descriptions"}) -- 0x7f8ecc0695b0 con 0x7f8eb803c920
2024-06-10T01:10:19.135 INFO:teuthology.orchestra.run.smithi105.stdout:/usr/bin/ceph: stderr
2024-06-10T01:10:18.224+0000 7f8ed0c08700 1 --2- 172.21.15.105:0/1851827799 >> [v2:172.21.15.105:6800/1111101172,v1:172.21.15.105:6801/1111101172] conn(0x7f8eb803c920 0x7f8eb803ed10 unknown :-1 s=BANNER_CONNECTING pgs=0 cs=0 l=1 rev1=0 crypto rx=0 tx=0 comp rx=0 tx=0)._handle_peer_banner_payload supported=3 required=0
2024-06-10T01:10:19.135 INFO:teuthology.orchestra.run.smithi105.stdout:/usr/bin/ceph: stderr
2024-06-10T01:10:18.225+0000 7f8ed0c08700 1 --2- 172.21.15.105:0/1851827799 >> [v2:172.21.15.105:6800/1111101172,v1:172.21.15.105:6801/1111101172] conn(0x7f8eb803c920 0x7f8eb803ed10 secure :-1 s=READY pgs=3 cs=0 l=1 rev1=1 crypto rx=0x7f8ec8003a10 tx=0x7f8ec80092b0 comp rx=0 tx=0).ready entity=mgr.14152 client_cookie=0 server_cookie=0 in_seq=0 out_seq=0
2024-06-10T01:10:19.135 INFO:teuthology.orchestra.run.smithi105.stdout:/usr/bin/ceph: stderr
2024-06-10T01:10:18.226+0000 7f8ec27fc700 1 -- 172.21.15.105:0/1851827799 <== mgr.14152 v2:172.21.15.105:6800/1111101172 1 ==== command_reply(tid 0: 0 ) ==== 8+0+7774 (secure 0 0 0) 0x7f8ecc0695b0 con 0x7f8eb803c920
2024-06-10T01:10:19.135 INFO:teuthology.orchestra.run.smithi105.stdout:/usr/bin/ceph: stderr
2024-06-10T01:10:18.232+0000 7f8ed366d700 1 -- 172.21.15.105:0/1851827799 --> [v2:172.21.15.105:6800/1111101172,v1:172.21.15.105:6801/1111101172] -- command(tid 1: {"prefix": "mgr_status"}) -- 0x7f8ecc102dd0 con 0x7f8eb803c920
2024-06-10T01:10:19.135 INFO:teuthology.orchestra.run.smithi105.stdout:/usr/bin/ceph: stderr
2024-06-10T01:10:18.232+0000 7f8ec27fc700 1 -- 172.21.15.105:0/1851827799 <== mgr.14152 v2:172.21.15.105:6800/1111101172 2 ==== command_reply(tid 1: 0 ) ==== 8+0+52 (secure 0 0 0) 0x7f8ecc102dd0 con 0x7f8eb803c920
2024-06-10T01:10:19.135 INFO:teuthology.orchestra.run.smithi105.stdout:/usr/bin/ceph: stderr
2024-06-10T01:10:18.233+0000 7f8ed366d700 1 -- 172.21.15.105:0/1851827799 >> [v2:172.21.15.105:6800/1111101172,v1:172.21.15.105:6801/1111101172] conn(0x7f8eb803c920 msgr2=0x7f8eb803ed10 secure :-1 s=STATE_CONNECTION_ESTABLISHED l=1).mark_down
2024-06-10T01:10:19.135 INFO:teuthology.orchestra.run.smithi105.stdout:/usr/bin/ceph: stderr
2024-06-10T01:10:18.233+0000 7f8ed366d700 1 --2- 172.21.15.105:0/1851827799 >> [v2:172.21.15.105:6800/1111101172,v1:172.21.15.105:6801/1111101172] conn(0x7f8eb803c920 0x7f8eb803ed10 secure :-1 s=READY pgs=3 cs=0 l=1 rev1=1 crypto rx=0x7f8ec8003a10 tx=0x7f8ec80092b0 comp rx=0 tx=0).stop
2024-06-10T01:10:19.135 INFO:teuthology.orchestra.run.smithi105.stdout:/usr/bin/ceph: stderr
2024-06-10T01:10:18.233+0000 7f8ed366d700 1 -- 172.21.15.105:0/1851827799 >> [v2:172.21.15.105:3300/0,v1:172.21.15.105:6789/0] conn(0x7f8ecc1062a0 msgr2=0x7f8ecc19bfa0 secure :-1 s=STATE_CONNECTION_ESTABLISHED l=1).mark_down
2024-06-10T01:10:19.135 INFO:teuthology.orchestra.run.smithi105.stdout:/usr/bin/ceph: stderr
2024-06-10T01:10:18.233+0000 7f8ed366d700 1 --2- 172.21.15.105:0/1851827799 >> [v2:172.21.15.105:3300/0,v1:172.21.15.105:6789/0] conn(0x7f8ecc1062a0 0x7f8ecc19bfa0 secure :-1 s=READY pgs=62 cs=0 l=1 rev1=1 crypto rx=0x7f8ebc0116a0 tx=0x7f8ebc011ba0 comp rx=0 tx=0).stop
2024-06-10T01:10:19.135 INFO:teuthology.orchestra.run.smithi105.stdout:/usr/bin/ceph: stderr
2024-06-10T01:10:18.233+0000 7f8ed366d700 1 -- 172.21.15.105:0/1851827799 shutdown_connections
2024-06-10T01:10:19.135 INFO:teuthology.orchestra.run.smithi105.stdout:/usr/bin/ceph: stderr
2024-06-10T01:10:18.233+0000 7f8ed366d700 1 --2- 172.21.15.105:0/1851827799 >> [v2:172.21.15.105:6800/1111101172,v1:172.21.15.105:6801/1111101172] conn(0x7f8eb803c920 0x7f8eb803ed10 unknown :-1 s=CLOSED pgs=3 cs=0 l=1 rev1=1 crypto rx=0 tx=0 comp rx=0 tx=0).stop
2024-06-10T01:10:19.135 INFO:teuthology.orchestra.run.smithi105.stdout:/usr/bin/ceph: stderr
2024-06-10T01:10:18.233+0000 7f8ed366d700 1 --2- 172.21.15.105:0/1851827799 >> [v2:172.21.15.105:3300/0,v1:172.21.15.105:6789/0] conn(0x7f8ecc1062a0 0x7f8ecc19bfa0 unknown :-1 s=CLOSED pgs=62 cs=0 l=1 rev1=1 crypto rx=0 tx=0 comp rx=0 tx=0).stop
2024-06-10T01:10:19.136 INFO:teuthology.orchestra.run.smithi105.stdout:/usr/bin/ceph: stderr
2024-06-10T01:10:18.233+0000 7f8ed366d700 1 --2- 172.21.15.105:0/1851827799 >> [v2:172.21.15.105:6800/2349112422,v1:172.21.15.105:6801/2349112422] conn(0x7f8eb8039050 0x7f8eb803b510 unknown :-1 s=CLOSED pgs=0 cs=0 l=1 rev1=0 crypto rx=0 tx=0 comp rx=0 tx=0).stop
2024-06-10T01:10:19.136 INFO:teuthology.orchestra.run.smithi105.stdout:/usr/bin/ceph: stderr
2024-06-10T01:10:18.233+0000 7f8ed366d700 1 -- 172.21.15.105:0/1851827799 >> 172.21.15.105:0/1851827799 conn(0x7f8ecc101bd0 msgr2=0x7f8ecc1026c0 unknown :-1 s=STATE_NONE l=0).mark_down
2024-06-10T01:10:19.136 INFO:teuthology.orchestra.run.smithi105.stdout:/usr/bin/ceph: stderr
2024-06-10T01:10:18.233+0000 7f8ed366d700 1 -- 172.21.15.105:0/1851827799 shutdown_connections
2024-06-10T01:10:19.136 INFO:teuthology.orchestra.run.smithi105.stdout:/usr/bin/ceph: stderr
2024-06-10T01:10:18.233+0000 7f8ed366d700 1 -- 172.21.15.105:0/1851827799 wait complete.
2024-06-10T01:10:19.136 INFO:teuthology.orchestra.run.smithi105.stdout:mgr epoch 9 is available
2024-06-10T01:10:19.136 INFO:teuthology.orchestra.run.smithi105.stdout:Generating a dashboard self-signed certificate...
2024-06-10T01:10:19.553 INFO:journalctl@ceph.mon.a.smithi105.stdout:Jun 10 01:10:19 smithi105 ceph-mon[32644]: [10/Jun/2024:01:10:18] ENGINE Bus STARTING
2024-06-10T01:10:19.553 INFO:journalctl@ceph.mon.a.smithi105.stdout:Jun 10 01:10:19 smithi105 ceph-mon[32644]: from='client.14156 -' entity='client.admin' cmd=[{"prefix": "get_command_descriptions"}]: dispatch
2024-06-10T01:10:19.554 INFO:journalctl@ceph.mon.a.smithi105.stdout:Jun 10 01:10:19 smithi105 ceph-mon[32644]: mgrmap e11: x(active, since 1.00626s)
2024-06-10T01:10:19.554 INFO:journalctl@ceph.mon.a.smithi105.stdout:Jun 10 01:10:19 smithi105 ceph-mon[32644]: from='client.14156 -' entity='client.admin' cmd=[{"prefix": "mgr_status"}]: dispatch
2024-06-10T01:10:19.554 INFO:journalctl@ceph.mon.a.smithi105.stdout:Jun 10 01:10:19 smithi105 ceph-mon[32644]: [10/Jun/2024:01:10:18] ENGINE Serving on https://172.21.15.105:7150
2024-06-10T01:10:19.554 INFO:journalctl@ceph.mon.a.smithi105.stdout:Jun 10 01:10:19 smithi105 ceph-mon[32644]: from='mgr.14152 172.21.15.105:0/2954161959' entity='mgr.x'
2024-06-10T01:10:20.419 INFO:teuthology.orchestra.run.smithi105.stdout:/usr/bin/ceph: stdout Self-signed certificate created
2024-06-10T01:10:20.419 INFO:teuthology.orchestra.run.smithi105.stdout:/usr/bin/ceph: stderr
2024-06-10T01:10:19.558+0000 7f7c7f146700 1 Processor -- start
2024-06-10T01:10:20.419 INFO:teuthology.orchestra.run.smithi105.stdout:/usr/bin/ceph: stderr
2024-06-10T01:10:19.558+0000 7f7c7f146700 1 -- start start
2024-06-10T01:10:20.419 INFO:teuthology.orchestra.run.smithi105.stdout:/usr/bin/ceph: stderr
2024-06-10T01:10:19.558+0000 7f7c7f146700 1 --2- >> [v2:172.21.15.105:3300/0,v1:172.21.15.105:6789/0] conn(0x7f7c78109570 0x7f7c78109990 unknown :-1 s=NONE pgs=0 cs=0 l=0 rev1=0 crypto rx=0 tx=0 comp rx=0 tx=0).connect
2024-06-10T01:10:20.419 INFO:teuthology.orchestra.run.smithi105.stdout:/usr/bin/ceph: stderr
2024-06-10T01:10:19.558+0000 7f7c7f146700 1 -- --> [v2:172.21.15.105:3300/0,v1:172.21.15.105:6789/0] -- mon_getmap magic: 0 -- 0x7f7c78109f60 con 0x7f7c78109570
2024-06-10T01:10:20.420 INFO:teuthology.orchestra.run.smithi105.stdout:/usr/bin/ceph: stderr
2024-06-10T01:10:19.558+0000 7f7c7cee2700 1 --2- >> [v2:172.21.15.105:3300/0,v1:172.21.15.105:6789/0] conn(0x7f7c78109570 0x7f7c78109990 unknown :-1 s=BANNER_CONNECTING pgs=0 cs=0 l=0 rev1=0 crypto rx=0 tx=0 comp rx=0 tx=0)._handle_peer_banner_payload supported=3 required=0
2024-06-10T01:10:20.420 INFO:teuthology.orchestra.run.smithi105.stdout:/usr/bin/ceph: stderr
2024-06-10T01:10:19.559+0000 7f7c7cee2700 1 --2- >> [v2:172.21.15.105:3300/0,v1:172.21.15.105:6789/0] conn(0x7f7c78109570 0x7f7c78109990 unknown :-1 s=HELLO_CONNECTING pgs=0 cs=0 l=0 rev1=1 crypto rx=0 tx=0 comp rx=0 tx=0).handle_hello peer v2:172.21.15.105:3300/0 says I am v2:172.21.15.105:44020/0 (socket says 172.21.15.105:44020)
2024-06-10T01:10:20.420 INFO:teuthology.orchestra.run.smithi105.stdout:/usr/bin/ceph: stderr
2024-06-10T01:10:19.559+0000 7f7c7cee2700 1 -- 172.21.15.105:0/2764821181 learned_addr learned my addr 172.21.15.105:0/2764821181 (peer_addr_for_me v2:172.21.15.105:0/0)
2024-06-10T01:10:20.420 INFO:teuthology.orchestra.run.smithi105.stdout:/usr/bin/ceph: stderr
2024-06-10T01:10:19.559+0000 7f7c7cee2700 1 -- 172.21.15.105:0/2764821181 --> [v2:172.21.15.105:3300/0,v1:172.21.15.105:6789/0] -- mon_subscribe({config=0+,monmap=0+}) -- 0x7f7c7810a0e0 con 0x7f7c78109570
2024-06-10T01:10:20.420 INFO:teuthology.orchestra.run.smithi105.stdout:/usr/bin/ceph: stderr
2024-06-10T01:10:19.559+0000 7f7c7cee2700 1 --2- 172.21.15.105:0/2764821181 >> [v2:172.21.15.105:3300/0,v1:172.21.15.105:6789/0] conn(0x7f7c78109570 0x7f7c78109990 secure :-1 s=READY pgs=70 cs=0 l=1 rev1=1 crypto rx=0x7f7c6c0098a0 tx=0x7f7c6c009bb0 comp rx=0 tx=0).ready entity=mon.0 client_cookie=7afe88cacd953216 server_cookie=0 in_seq=0 out_seq=0
2024-06-10T01:10:20.420 INFO:teuthology.orchestra.run.smithi105.stdout:/usr/bin/ceph: stderr
2024-06-10T01:10:19.559+0000 7f7c777fe700 1 -- 172.21.15.105:0/2764821181 <== mon.0 v2:172.21.15.105:3300/0 1 ==== mon_map magic: 0 ==== 205+0+0 (secure 0 0 0) 0x7f7c6c004160 con 0x7f7c78109570
2024-06-10T01:10:20.420 INFO:teuthology.orchestra.run.smithi105.stdout:/usr/bin/ceph: stderr
2024-06-10T01:10:19.559+0000 7f7c777fe700 1 -- 172.21.15.105:0/2764821181 <== mon.0 v2:172.21.15.105:3300/0 2 ==== config(27 keys) ==== 1140+0+0 (secure 0 0 0) 0x7f7c6c004300 con 0x7f7c78109570
2024-06-10T01:10:20.420 INFO:teuthology.orchestra.run.smithi105.stdout:/usr/bin/ceph: stderr
2024-06-10T01:10:19.559+0000 7f7c777fe700 1 -- 172.21.15.105:0/2764821181 <== mon.0 v2:172.21.15.105:3300/0 3 ==== mon_map magic: 0 ==== 205+0+0 (secure 0 0 0) 0x7f7c6c011b20 con 0x7f7c78109570
2024-06-10T01:10:20.420 INFO:teuthology.orchestra.run.smithi105.stdout:/usr/bin/ceph: stderr
2024-06-10T01:10:19.560+0000 7f7c7f146700 1 -- 172.21.15.105:0/2764821181 >> [v2:172.21.15.105:3300/0,v1:172.21.15.105:6789/0] conn(0x7f7c78109570 msgr2=0x7f7c78109990 secure :-1 s=STATE_CONNECTION_ESTABLISHED l=1).mark_down
2024-06-10T01:10:20.420 INFO:teuthology.orchestra.run.smithi105.stdout:/usr/bin/ceph: stderr
2024-06-10T01:10:19.560+0000 7f7c7f146700 1 --2- 172.21.15.105:0/2764821181 >> [v2:172.21.15.105:3300/0,v1:172.21.15.105:6789/0] conn(0x7f7c78109570 0x7f7c78109990 secure :-1 s=READY pgs=70 cs=0 l=1 rev1=1 crypto rx=0x7f7c6c0098a0 tx=0x7f7c6c009bb0 comp rx=0 tx=0).stop
2024-06-10T01:10:20.420 INFO:teuthology.orchestra.run.smithi105.stdout:/usr/bin/ceph: stderr
2024-06-10T01:10:19.560+0000 7f7c7f146700 1 -- 172.21.15.105:0/2764821181 shutdown_connections
2024-06-10T01:10:20.420 INFO:teuthology.orchestra.run.smithi105.stdout:/usr/bin/ceph: stderr
2024-06-10T01:10:19.560+0000 7f7c7f146700 1 --2- 172.21.15.105:0/2764821181 >> [v2:172.21.15.105:3300/0,v1:172.21.15.105:6789/0] conn(0x7f7c78109570 0x7f7c78109990 unknown :-1 s=CLOSED pgs=70 cs=0 l=1 rev1=1 crypto rx=0 tx=0 comp rx=0 tx=0).stop
2024-06-10T01:10:20.420 INFO:teuthology.orchestra.run.smithi105.stdout:/usr/bin/ceph: stderr
2024-06-10T01:10:19.560+0000 7f7c7f146700 1 -- 172.21.15.105:0/2764821181 >> 172.21.15.105:0/2764821181 conn(0x7f7c78101bd0 msgr2=0x7f7c78103ff0 unknown :-1 s=STATE_NONE l=0).mark_down
2024-06-10T01:10:20.421 INFO:teuthology.orchestra.run.smithi105.stdout:/usr/bin/ceph: stderr
2024-06-10T01:10:19.560+0000 7f7c7f146700 1 -- 172.21.15.105:0/2764821181 shutdown_connections
2024-06-10T01:10:20.421 INFO:teuthology.orchestra.run.smithi105.stdout:/usr/bin/ceph: stderr
2024-06-10T01:10:19.560+0000 7f7c7f146700 1 -- 172.21.15.105:0/2764821181 wait complete.
2024-06-10T01:10:20.421 INFO:teuthology.orchestra.run.smithi105.stdout:/usr/bin/ceph: stderr
2024-06-10T01:10:19.561+0000 7f7c7f146700 1 Processor -- start
2024-06-10T01:10:20.421 INFO:teuthology.orchestra.run.smithi105.stdout:/usr/bin/ceph: stderr
2024-06-10T01:10:19.561+0000 7f7c7f146700 1 -- start start
2024-06-10T01:10:20.421 INFO:teuthology.orchestra.run.smithi105.stdout:/usr/bin/ceph: stderr
2024-06-10T01:10:19.561+0000 7f7c7f146700 1 --2- >> [v2:172.21.15.105:3300/0,v1:172.21.15.105:6789/0] conn(0x7f7c78109570 0x7f7c7819e060 unknown :-1 s=NONE pgs=0 cs=0 l=1 rev1=0 crypto rx=0 tx=0 comp rx=0 tx=0).connect
2024-06-10T01:10:20.421 INFO:teuthology.orchestra.run.smithi105.stdout:/usr/bin/ceph: stderr
2024-06-10T01:10:19.561+0000 7f7c7f146700 1 -- --> [v2:172.21.15.105:3300/0,v1:172.21.15.105:6789/0] -- mon_getmap magic: 0 -- 0x7f7c7810c540 con 0x7f7c78109570
2024-06-10T01:10:20.421 INFO:teuthology.orchestra.run.smithi105.stdout:/usr/bin/ceph: stderr
2024-06-10T01:10:19.561+0000 7f7c7cee2700 1 --2- >> [v2:172.21.15.105:3300/0,v1:172.21.15.105:6789/0] conn(0x7f7c78109570 0x7f7c7819e060 unknown :-1 s=BANNER_CONNECTING pgs=0 cs=0 l=1 rev1=0 crypto rx=0 tx=0 comp rx=0 tx=0)._handle_peer_banner_payload supported=3 required=0
2024-06-10T01:10:20.421 INFO:teuthology.orchestra.run.smithi105.stdout:/usr/bin/ceph: stderr
2024-06-10T01:10:19.561+0000 7f7c7cee2700 1 --2- >> [v2:172.21.15.105:3300/0,v1:172.21.15.105:6789/0] conn(0x7f7c78109570 0x7f7c7819e060 unknown :-1 s=HELLO_CONNECTING pgs=0 cs=0 l=1 rev1=1 crypto rx=0 tx=0 comp rx=0 tx=0).handle_hello peer v2:172.21.15.105:3300/0 says I am v2:172.21.15.105:44030/0 (socket says 172.21.15.105:44030)
2024-06-10T01:10:20.421 INFO:teuthology.orchestra.run.smithi105.stdout:/usr/bin/ceph: stderr
2024-06-10T01:10:19.561+0000 7f7c7cee2700 1 -- 172.21.15.105:0/2462764831 learned_addr learned my addr 172.21.15.105:0/2462764831 (peer_addr_for_me v2:172.21.15.105:0/0)
2024-06-10T01:10:20.421 INFO:teuthology.orchestra.run.smithi105.stdout:/usr/bin/ceph: stderr
2024-06-10T01:10:19.561+0000 7f7c7cee2700 1 -- 172.21.15.105:0/2462764831 --> [v2:172.21.15.105:3300/0,v1:172.21.15.105:6789/0] -- mon_subscribe({config=0+,monmap=0+}) -- 0x7f7c7819e5a0 con 0x7f7c78109570
2024-06-10T01:10:20.421 INFO:teuthology.orchestra.run.smithi105.stdout:/usr/bin/ceph: stderr
2024-06-10T01:10:19.561+0000 7f7c7cee2700 1 --2- 172.21.15.105:0/2462764831 >> [v2:172.21.15.105:3300/0,v1:172.21.15.105:6789/0] conn(0x7f7c78109570 0x7f7c7819e060 secure :-1 s=READY pgs=71 cs=0 l=1 rev1=1 crypto rx=0x7f7c6c0117e0 tx=0x7f7c6c011c10 comp rx=0 tx=0).ready entity=mon.0 client_cookie=0 server_cookie=0 in_seq=0 out_seq=0
2024-06-10T01:10:20.421 INFO:teuthology.orchestra.run.smithi105.stdout:/usr/bin/ceph: stderr
2024-06-10T01:10:19.561+0000 7f7c75ffb700 1 -- 172.21.15.105:0/2462764831 <== mon.0 v2:172.21.15.105:3300/0 1 ==== mon_map magic: 0 ==== 205+0+0 (secure 0 0 0) 0x7f7c6c003bf0 con 0x7f7c78109570
2024-06-10T01:10:20.421 INFO:teuthology.orchestra.run.smithi105.stdout:/usr/bin/ceph: stderr
2024-06-10T01:10:19.561+0000 7f7c75ffb700 1 -- 172.21.15.105:0/2462764831 <== mon.0 v2:172.21.15.105:3300/0 2 ==== config(27 keys) ==== 1140+0+0 (secure 0 0 0) 0x7f7c6c01a910 con 0x7f7c78109570
2024-06-10T01:10:20.421 INFO:teuthology.orchestra.run.smithi105.stdout:/usr/bin/ceph: stderr
2024-06-10T01:10:19.561+0000 7f7c75ffb700 1 -- 172.21.15.105:0/2462764831 <== mon.0 v2:172.21.15.105:3300/0 3 ==== mon_map magic: 0 ==== 205+0+0 (secure 0 0 0) 0x7f7c6c0249a0 con 0x7f7c78109570
2024-06-10T01:10:20.422 INFO:teuthology.orchestra.run.smithi105.stdout:/usr/bin/ceph: stderr
2024-06-10T01:10:19.561+0000 7f7c7f146700 1 -- 172.21.15.105:0/2462764831 --> [v2:172.21.15.105:3300/0,v1:172.21.15.105:6789/0] -- mon_subscribe({mgrmap=0+}) -- 0x7f7c7819e890 con 0x7f7c78109570
2024-06-10T01:10:20.422 INFO:teuthology.orchestra.run.smithi105.stdout:/usr/bin/ceph: stderr
2024-06-10T01:10:19.562+0000 7f7c7f146700 1 -- 172.21.15.105:0/2462764831 --> [v2:172.21.15.105:3300/0,v1:172.21.15.105:6789/0] -- mon_subscribe({osdmap=0}) -- 0x7f7c781a1520 con 0x7f7c78109570
2024-06-10T01:10:20.422 INFO:teuthology.orchestra.run.smithi105.stdout:/usr/bin/ceph: stderr
2024-06-10T01:10:19.563+0000 7f7c7f146700 1 -- 172.21.15.105:0/2462764831 --> [v2:172.21.15.105:3300/0,v1:172.21.15.105:6789/0] -- mon_command({"prefix": "get_command_descriptions"} v 0) -- 0x7f7c78063af0 con 0x7f7c78109570
2024-06-10T01:10:20.422 INFO:teuthology.orchestra.run.smithi105.stdout:/usr/bin/ceph: stderr
2024-06-10T01:10:19.563+0000 7f7c75ffb700 1 -- 172.21.15.105:0/2462764831 <== mon.0 v2:172.21.15.105:3300/0 4 ==== mgrmap(e 11) ==== 46194+0+0 (secure 0 0 0) 0x7f7c6c022020 con 0x7f7c78109570
2024-06-10T01:10:20.422 INFO:teuthology.orchestra.run.smithi105.stdout:/usr/bin/ceph: stderr
2024-06-10T01:10:19.563+0000 7f7c75ffb700 1 --2- 172.21.15.105:0/2462764831 >> [v2:172.21.15.105:6800/1111101172,v1:172.21.15.105:6801/1111101172] conn(0x7f7c68038f90 0x7f7c6803b450 unknown :-1 s=NONE pgs=0 cs=0 l=1 rev1=0 crypto rx=0 tx=0 comp rx=0 tx=0).connect
2024-06-10T01:10:20.422 INFO:teuthology.orchestra.run.smithi105.stdout:/usr/bin/ceph: stderr
2024-06-10T01:10:19.563+0000 7f7c75ffb700 1 -- 172.21.15.105:0/2462764831 <== mon.0 v2:172.21.15.105:3300/0 5 ==== osd_map(3..3 src has 1..3) ==== 1155+0+0 (secure 0 0 0) 0x7f7c6c04d240 con 0x7f7c78109570
2024-06-10T01:10:20.422 INFO:teuthology.orchestra.run.smithi105.stdout:/usr/bin/ceph: stderr
2024-06-10T01:10:19.563+0000 7f7c77fff700 1 --2- 172.21.15.105:0/2462764831 >> [v2:172.21.15.105:6800/1111101172,v1:172.21.15.105:6801/1111101172] conn(0x7f7c68038f90 0x7f7c6803b450 unknown :-1 s=BANNER_CONNECTING pgs=0 cs=0 l=1 rev1=0 crypto rx=0 tx=0 comp rx=0 tx=0)._handle_peer_banner_payload supported=3 required=0
2024-06-10T01:10:20.422 INFO:teuthology.orchestra.run.smithi105.stdout:/usr/bin/ceph: stderr
2024-06-10T01:10:19.564+0000 7f7c77fff700 1 --2- 172.21.15.105:0/2462764831 >> [v2:172.21.15.105:6800/1111101172,v1:172.21.15.105:6801/1111101172] conn(0x7f7c68038f90 0x7f7c6803b450 secure :-1 s=READY pgs=7 cs=0 l=1 rev1=1 crypto rx=0x7f7c64006fd0 tx=0x7f7c64006e40 comp rx=0 tx=0).ready entity=mgr.14152 client_cookie=0 server_cookie=0 in_seq=0 out_seq=0
2024-06-10T01:10:20.422 INFO:teuthology.orchestra.run.smithi105.stdout:/usr/bin/ceph: stderr
2024-06-10T01:10:19.568+0000 7f7c75ffb700 1 -- 172.21.15.105:0/2462764831 <== mon.0 v2:172.21.15.105:3300/0 6 ==== mon_command_ack([{"prefix": "get_command_descriptions"}]=0 v0) ==== 72+0+186418 (secure 0 0 0) 0x7f7c6c011e20 con 0x7f7c78109570
2024-06-10T01:10:20.422 INFO:teuthology.orchestra.run.smithi105.stdout:/usr/bin/ceph: stderr
2024-06-10T01:10:19.778+0000 7f7c7f146700 1 -- 172.21.15.105:0/2462764831 --> [v2:172.21.15.105:6800/1111101172,v1:172.21.15.105:6801/1111101172] -- mgr_command(tid 0: {"prefix": "dashboard create-self-signed-cert", "target": ["mon-mgr", ""]}) -- 0x7f7c78102cf0 con 0x7f7c68038f90
2024-06-10T01:10:20.422 INFO:teuthology.orchestra.run.smithi105.stdout:/usr/bin/ceph: stderr
2024-06-10T01:10:19.826+0000 7f7c75ffb700 1 -- 172.21.15.105:0/2462764831 <== mon.0 v2:172.21.15.105:3300/0 7 ==== mgrmap(e 12) ==== 46300+0+0 (secure 0 0 0) 0x7f7c6c019ca0 con 0x7f7c78109570
2024-06-10T01:10:20.422 INFO:teuthology.orchestra.run.smithi105.stdout:/usr/bin/ceph: stderr
2024-06-10T01:10:19.835+0000 7f7c75ffb700 1 -- 172.21.15.105:0/2462764831 <== mgr.14152 v2:172.21.15.105:6800/1111101172 1 ==== mgr_command_reply(tid 0: 0 ) ==== 8+0+32 (secure 0 0 0) 0x7f7c78102cf0 con 0x7f7c68038f90
2024-06-10T01:10:20.422 INFO:teuthology.orchestra.run.smithi105.stdout:/usr/bin/ceph: stderr
2024-06-10T01:10:19.837+0000 7f7c7f146700 1 -- 172.21.15.105:0/2462764831 >> [v2:172.21.15.105:6800/1111101172,v1:172.21.15.105:6801/1111101172] conn(0x7f7c68038f90 msgr2=0x7f7c6803b450 secure :-1 s=STATE_CONNECTION_ESTABLISHED l=1).mark_down
2024-06-10T01:10:20.423 INFO:teuthology.orchestra.run.smithi105.stdout:/usr/bin/ceph: stderr
2024-06-10T01:10:19.837+0000 7f7c7f146700 1 --2- 172.21.15.105:0/2462764831 >> [v2:172.21.15.105:6800/1111101172,v1:172.21.15.105:6801/1111101172] conn(0x7f7c68038f90 0x7f7c6803b450 secure :-1 s=READY pgs=7 cs=0 l=1 rev1=1 crypto rx=0x7f7c64006fd0 tx=0x7f7c64006e40 comp rx=0 tx=0).stop
2024-06-10T01:10:20.423 INFO:teuthology.orchestra.run.smithi105.stdout:/usr/bin/ceph: stderr
2024-06-10T01:10:19.837+0000 7f7c7f146700 1 -- 172.21.15.105:0/2462764831 >> [v2:172.21.15.105:3300/0,v1:172.21.15.105:6789/0] conn(0x7f7c78109570 msgr2=0x7f7c7819e060 secure :-1 s=STATE_CONNECTION_ESTABLISHED l=1).mark_down
2024-06-10T01:10:20.423 INFO:teuthology.orchestra.run.smithi105.stdout:/usr/bin/ceph: stderr
2024-06-10T01:10:19.837+0000 7f7c7f146700 1 --2- 172.21.15.105:0/2462764831 >> [v2:172.21.15.105:3300/0,v1:172.21.15.105:6789/0] conn(0x7f7c78109570 0x7f7c7819e060 secure :-1 s=READY pgs=71 cs=0 l=1 rev1=1 crypto rx=0x7f7c6c0117e0 tx=0x7f7c6c011c10 comp rx=0 tx=0).stop
2024-06-10T01:10:20.423 INFO:teuthology.orchestra.run.smithi105.stdout:/usr/bin/ceph: stderr
2024-06-10T01:10:19.837+0000 7f7c7f146700 1 -- 172.21.15.105:0/2462764831 shutdown_connections
2024-06-10T01:10:20.423 INFO:teuthology.orchestra.run.smithi105.stdout:/usr/bin/ceph: stderr
2024-06-10T01:10:19.837+0000 7f7c7f146700 1 --2- 172.21.15.105:0/2462764831 >> [v2:172.21.15.105:6800/1111101172,v1:172.21.15.105:6801/1111101172] conn(0x7f7c68038f90 0x7f7c6803b450 unknown :-1 s=CLOSED pgs=7 cs=0 l=1 rev1=1 crypto rx=0 tx=0 comp rx=0 tx=0).stop
2024-06-10T01:10:20.423 INFO:teuthology.orchestra.run.smithi105.stdout:/usr/bin/ceph: stderr
2024-06-10T01:10:19.837+0000 7f7c7f146700 1 --2- 172.21.15.105:0/2462764831 >> [v2:172.21.15.105:3300/0,v1:172.21.15.105:6789/0] conn(0x7f7c78109570 0x7f7c7819e060 unknown :-1 s=CLOSED pgs=71 cs=0 l=1 rev1=1 crypto rx=0 tx=0 comp rx=0 tx=0).stop
2024-06-10T01:10:20.423 INFO:teuthology.orchestra.run.smithi105.stdout:/usr/bin/ceph: stderr
2024-06-10T01:10:19.837+0000 7f7c7f146700 1 -- 172.21.15.105:0/2462764831 >> 172.21.15.105:0/2462764831 conn(0x7f7c78101bd0 msgr2=0x7f7c781025e0 unknown :-1 s=STATE_NONE l=0).mark_down
2024-06-10T01:10:20.423 INFO:teuthology.orchestra.run.smithi105.stdout:/usr/bin/ceph: stderr
2024-06-10T01:10:19.838+0000 7f7c7f146700 1 -- 172.21.15.105:0/2462764831 shutdown_connections
2024-06-10T01:10:20.423 INFO:teuthology.orchestra.run.smithi105.stdout:/usr/bin/ceph: stderr
2024-06-10T01:10:19.838+0000 7f7c7f146700 1 -- 172.21.15.105:0/2462764831 wait complete.
2024-06-10T01:10:20.423 INFO:teuthology.orchestra.run.smithi105.stdout:Creating initial admin user...
2024-06-10T01:10:20.530 INFO:journalctl@ceph.mon.a.smithi105.stdout:Jun 10 01:10:20 smithi105 ceph-mon[32644]: [10/Jun/2024:01:10:18] ENGINE Serving on http://172.21.15.105:8765
2024-06-10T01:10:20.530 INFO:journalctl@ceph.mon.a.smithi105.stdout:Jun 10 01:10:20 smithi105 ceph-mon[32644]: [10/Jun/2024:01:10:18] ENGINE Bus STARTED
2024-06-10T01:10:20.530 INFO:journalctl@ceph.mon.a.smithi105.stdout:Jun 10 01:10:20 smithi105 ceph-mon[32644]: mgrmap e12: x(active, since 2s)
2024-06-10T01:10:20.530 INFO:journalctl@ceph.mon.a.smithi105.stdout:Jun 10 01:10:20 smithi105 ceph-mon[32644]: from='mgr.14152 172.21.15.105:0/2954161959' entity='mgr.x'
2024-06-10T01:10:20.530 INFO:journalctl@ceph.mon.a.smithi105.stdout:Jun 10 01:10:20 smithi105 ceph-mon[32644]: from='mgr.14152 172.21.15.105:0/2954161959' entity='mgr.x'
2024-06-10T01:10:20.530 INFO:journalctl@ceph.mon.a.smithi105.stdout:Jun 10 01:10:20 smithi105 ceph-mon[32644]: from='mgr.14152 172.21.15.105:0/2954161959' entity='mgr.x'
2024-06-10T01:10:21.360 INFO:journalctl@ceph.mon.a.smithi105.stdout:Jun 10 01:10:21 smithi105 ceph-mon[32644]: from='client.14164 -' entity='client.admin' cmd=[{"prefix": "dashboard create-self-signed-cert", "target": ["mon-mgr", ""]}]: dispatch
2024-06-10T01:10:22.257 INFO:teuthology.orchestra.run.smithi105.stdout:/usr/bin/ceph: stdout {"username": "admin", "password": "$2b$12$6rOvE0DfjB0I6DywK9LMIei3Ajiosb4D.OxghbD9G3wjGMsQ9ItCW", "roles": ["administrator"], "name": null, "email": null, "lastUpdate": 1717981821, "enabled": true, "pwdExpirationDate": null, "pwdUpdateRequired": true}
2024-06-10T01:10:22.257 INFO:teuthology.orchestra.run.smithi105.stdout:/usr/bin/ceph: stderr
2024-06-10T01:10:20.850+0000 7fe54dad0700 1 Processor -- start
2024-06-10T01:10:22.257 INFO:teuthology.orchestra.run.smithi105.stdout:/usr/bin/ceph: stderr
2024-06-10T01:10:20.850+0000 7fe54dad0700 1 -- start start
2024-06-10T01:10:22.257 INFO:teuthology.orchestra.run.smithi105.stdout:/usr/bin/ceph: stderr
2024-06-10T01:10:20.851+0000 7fe54dad0700 1 --2- >> [v2:172.21.15.105:3300/0,v1:172.21.15.105:6789/0] conn(0x7fe548108a40 0x7fe54810ae30 unknown :-1 s=NONE pgs=0 cs=0 l=0 rev1=0 crypto rx=0 tx=0 comp rx=0 tx=0).connect
2024-06-10T01:10:22.257 INFO:teuthology.orchestra.run.smithi105.stdout:/usr/bin/ceph: stderr
2024-06-10T01:10:20.851+0000 7fe54dad0700 1 -- --> [v2:172.21.15.105:3300/0,v1:172.21.15.105:6789/0] -- mon_getmap magic: 0 -- 0x7fe54807be70 con 0x7fe548108a40
2024-06-10T01:10:22.257 INFO:teuthology.orchestra.run.smithi105.stdout:/usr/bin/ceph: stderr
2024-06-10T01:10:20.851+0000 7fe5477fe700 1 --2- >> [v2:172.21.15.105:3300/0,v1:172.21.15.105:6789/0] conn(0x7fe548108a40 0x7fe54810ae30 unknown :-1 s=BANNER_CONNECTING pgs=0 cs=0 l=0 rev1=0 crypto rx=0 tx=0 comp rx=0 tx=0)._handle_peer_banner_payload supported=3 required=0
2024-06-10T01:10:22.257 INFO:teuthology.orchestra.run.smithi105.stdout:/usr/bin/ceph: stderr
2024-06-10T01:10:20.851+0000 7fe5477fe700 1 --2- >> [v2:172.21.15.105:3300/0,v1:172.21.15.105:6789/0] conn(0x7fe548108a40 0x7fe54810ae30 unknown :-1 s=HELLO_CONNECTING pgs=0 cs=0 l=0 rev1=1 crypto rx=0 tx=0 comp rx=0 tx=0).handle_hello peer v2:172.21.15.105:3300/0 says I am v2:172.21.15.105:44044/0 (socket says 172.21.15.105:44044)
2024-06-10T01:10:22.257 INFO:teuthology.orchestra.run.smithi105.stdout:/usr/bin/ceph: stderr
2024-06-10T01:10:20.851+0000 7fe5477fe700 1 -- 172.21.15.105:0/2783990436 learned_addr learned my addr 172.21.15.105:0/2783990436 (peer_addr_for_me v2:172.21.15.105:0/0)
2024-06-10T01:10:22.258 INFO:teuthology.orchestra.run.smithi105.stdout:/usr/bin/ceph: stderr
2024-06-10T01:10:20.851+0000 7fe5477fe700 1 -- 172.21.15.105:0/2783990436 --> [v2:172.21.15.105:3300/0,v1:172.21.15.105:6789/0] -- mon_subscribe({config=0+,monmap=0+}) -- 0x7fe54810b370 con 0x7fe548108a40
2024-06-10T01:10:22.258 INFO:teuthology.orchestra.run.smithi105.stdout:/usr/bin/ceph: stderr
2024-06-10T01:10:20.851+0000 7fe5477fe700 1 --2- 172.21.15.105:0/2783990436 >> [v2:172.21.15.105:3300/0,v1:172.21.15.105:6789/0] conn(0x7fe548108a40 0x7fe54810ae30 secure :-1 s=READY pgs=72 cs=0 l=1 rev1=1 crypto rx=0x7fe5380098a0 tx=0x7fe538009bb0 comp rx=0 tx=0).ready entity=mon.0 client_cookie=590e44fa0b6d4036 server_cookie=0 in_seq=0 out_seq=0
2024-06-10T01:10:22.258 INFO:teuthology.orchestra.run.smithi105.stdout:/usr/bin/ceph: stderr
2024-06-10T01:10:20.852+0000 7fe5467fc700 1 -- 172.21.15.105:0/2783990436 <== mon.0 v2:172.21.15.105:3300/0 1 ==== mon_map magic: 0 ==== 205+0+0 (secure 0 0 0) 0x7fe538004160 con 0x7fe548108a40
2024-06-10T01:10:22.258 INFO:teuthology.orchestra.run.smithi105.stdout:/usr/bin/ceph: stderr
2024-06-10T01:10:20.852+0000 7fe5467fc700 1 -- 172.21.15.105:0/2783990436 <== mon.0 v2:172.21.15.105:3300/0 2 ==== config(27 keys) ==== 1140+0+0 (secure 0 0 0) 0x7fe538004300 con 0x7fe548108a40
2024-06-10T01:10:22.258 INFO:teuthology.orchestra.run.smithi105.stdout:/usr/bin/ceph: stderr
2024-06-10T01:10:20.852+0000 7fe5467fc700 1 -- 172.21.15.105:0/2783990436 <== mon.0 v2:172.21.15.105:3300/0 3 ==== mon_map magic: 0 ==== 205+0+0 (secure 0 0 0) 0x7fe538011b20 con 0x7fe548108a40
2024-06-10T01:10:22.258 INFO:teuthology.orchestra.run.smithi105.stdout:/usr/bin/ceph: stderr
2024-06-10T01:10:20.852+0000 7fe54dad0700 1 -- 172.21.15.105:0/2783990436 >> [v2:172.21.15.105:3300/0,v1:172.21.15.105:6789/0] conn(0x7fe548108a40 msgr2=0x7fe54810ae30 secure :-1 s=STATE_CONNECTION_ESTABLISHED l=1).mark_down
2024-06-10T01:10:22.258 INFO:teuthology.orchestra.run.smithi105.stdout:/usr/bin/ceph: stderr
2024-06-10T01:10:20.852+0000 7fe54dad0700 1 --2- 172.21.15.105:0/2783990436 >> [v2:172.21.15.105:3300/0,v1:172.21.15.105:6789/0] conn(0x7fe548108a40 0x7fe54810ae30 secure :-1 s=READY pgs=72 cs=0 l=1 rev1=1 crypto rx=0x7fe5380098a0 tx=0x7fe538009bb0 comp rx=0 tx=0).stop
2024-06-10T01:10:22.258 INFO:teuthology.orchestra.run.smithi105.stdout:/usr/bin/ceph: stderr
2024-06-10T01:10:20.852+0000 7fe54dad0700 1 -- 172.21.15.105:0/2783990436 shutdown_connections
2024-06-10T01:10:22.258 INFO:teuthology.orchestra.run.smithi105.stdout:/usr/bin/ceph: stderr
2024-06-10T01:10:20.852+0000 7fe54dad0700 1 --2- 172.21.15.105:0/2783990436 >> [v2:172.21.15.105:3300/0,v1:172.21.15.105:6789/0] conn(0x7fe548108a40 0x7fe54810ae30 unknown :-1 s=CLOSED pgs=72 cs=0 l=1 rev1=1 crypto rx=0 tx=0 comp rx=0 tx=0).stop
2024-06-10T01:10:22.258 INFO:teuthology.orchestra.run.smithi105.stdout:/usr/bin/ceph: stderr
2024-06-10T01:10:20.852+0000 7fe54dad0700 1 -- 172.21.15.105:0/2783990436 >> 172.21.15.105:0/2783990436 conn(0x7fe548102450 msgr2=0x7fe548104870 unknown :-1 s=STATE_NONE l=0).mark_down
2024-06-10T01:10:22.258 INFO:teuthology.orchestra.run.smithi105.stdout:/usr/bin/ceph: stderr
2024-06-10T01:10:20.853+0000 7fe54dad0700 1 -- 172.21.15.105:0/2783990436 shutdown_connections
2024-06-10T01:10:22.258 INFO:teuthology.orchestra.run.smithi105.stdout:/usr/bin/ceph: stderr
2024-06-10T01:10:20.853+0000 7fe54dad0700 1 -- 172.21.15.105:0/2783990436 wait complete.
2024-06-10T01:10:22.258 INFO:teuthology.orchestra.run.smithi105.stdout:/usr/bin/ceph: stderr
2024-06-10T01:10:20.853+0000 7fe54dad0700 1 Processor -- start
2024-06-10T01:10:22.259 INFO:teuthology.orchestra.run.smithi105.stdout:/usr/bin/ceph: stderr
2024-06-10T01:10:20.853+0000 7fe54dad0700 1 -- start start
2024-06-10T01:10:22.259 INFO:teuthology.orchestra.run.smithi105.stdout:/usr/bin/ceph: stderr
2024-06-10T01:10:20.854+0000 7fe54dad0700 1 --2- >> [v2:172.21.15.105:3300/0,v1:172.21.15.105:6789/0] conn(0x7fe548108a40 0x7fe54819be90 unknown :-1 s=NONE pgs=0 cs=0 l=1 rev1=0 crypto rx=0 tx=0 comp rx=0 tx=0).connect
2024-06-10T01:10:22.259 INFO:teuthology.orchestra.run.smithi105.stdout:/usr/bin/ceph: stderr
2024-06-10T01:10:20.854+0000 7fe54dad0700 1 -- --> [v2:172.21.15.105:3300/0,v1:172.21.15.105:6789/0] -- mon_getmap magic: 0 -- 0x7fe54810c3d0 con 0x7fe548108a40
2024-06-10T01:10:22.259 INFO:teuthology.orchestra.run.smithi105.stdout:/usr/bin/ceph: stderr
2024-06-10T01:10:20.854+0000 7fe5477fe700 1 --2- >> [v2:172.21.15.105:3300/0,v1:172.21.15.105:6789/0] conn(0x7fe548108a40 0x7fe54819be90 unknown :-1 s=BANNER_CONNECTING pgs=0 cs=0 l=1 rev1=0 crypto rx=0 tx=0 comp rx=0 tx=0)._handle_peer_banner_payload supported=3 required=0
2024-06-10T01:10:22.259 INFO:teuthology.orchestra.run.smithi105.stdout:/usr/bin/ceph: stderr
2024-06-10T01:10:20.854+0000 7fe5477fe700 1 --2- >> [v2:172.21.15.105:3300/0,v1:172.21.15.105:6789/0] conn(0x7fe548108a40 0x7fe54819be90 unknown :-1 s=HELLO_CONNECTING pgs=0 cs=0 l=1 rev1=1 crypto rx=0 tx=0 comp rx=0 tx=0).handle_hello peer v2:172.21.15.105:3300/0 says I am v2:172.21.15.105:44052/0 (socket says 172.21.15.105:44052)
2024-06-10T01:10:22.259 INFO:teuthology.orchestra.run.smithi105.stdout:/usr/bin/ceph: stderr
2024-06-10T01:10:20.854+0000 7fe5477fe700 1 -- 172.21.15.105:0/1804422793 learned_addr learned my addr 172.21.15.105:0/1804422793 (peer_addr_for_me v2:172.21.15.105:0/0)
2024-06-10T01:10:22.259 INFO:teuthology.orchestra.run.smithi105.stdout:/usr/bin/ceph: stderr
2024-06-10T01:10:20.854+0000 7fe5477fe700 1 -- 172.21.15.105:0/1804422793 --> [v2:172.21.15.105:3300/0,v1:172.21.15.105:6789/0] -- mon_subscribe({config=0+,monmap=0+}) -- 0x7fe54819c3d0 con 0x7fe548108a40
2024-06-10T01:10:22.259 INFO:teuthology.orchestra.run.smithi105.stdout:/usr/bin/ceph: stderr
2024-06-10T01:10:20.854+0000 7fe5477fe700 1 --2- 172.21.15.105:0/1804422793 >> [v2:172.21.15.105:3300/0,v1:172.21.15.105:6789/0] conn(0x7fe548108a40 0x7fe54819be90 secure :-1 s=READY pgs=73 cs=0 l=1 rev1=1 crypto rx=0x7fe5380117e0 tx=0x7fe538011ba0 comp rx=0 tx=0).ready entity=mon.0 client_cookie=0 server_cookie=0 in_seq=0 out_seq=0
2024-06-10T01:10:22.259 INFO:teuthology.orchestra.run.smithi105.stdout:/usr/bin/ceph: stderr
2024-06-10T01:10:20.855+0000 7fe544ff9700 1 -- 172.21.15.105:0/1804422793 <== mon.0 v2:172.21.15.105:3300/0 1 ==== mon_map magic: 0 ==== 205+0+0 (secure 0 0 0) 0x7fe538003ba0 con 0x7fe548108a40
2024-06-10T01:10:22.259 INFO:teuthology.orchestra.run.smithi105.stdout:/usr/bin/ceph: stderr
2024-06-10T01:10:20.855+0000 7fe544ff9700 1 -- 172.21.15.105:0/1804422793 <== mon.0 v2:172.21.15.105:3300/0 2 ==== config(27 keys) ==== 1140+0+0 (secure 0 0 0) 0x7fe53801a910 con 0x7fe548108a40
2024-06-10T01:10:22.259 INFO:teuthology.orchestra.run.smithi105.stdout:/usr/bin/ceph: stderr
2024-06-10T01:10:20.855+0000 7fe544ff9700 1 -- 172.21.15.105:0/1804422793 <== mon.0 v2:172.21.15.105:3300/0 3 ==== mon_map magic: 0 ==== 205+0+0 (secure 0 0 0) 0x7fe5380248f0 con 0x7fe548108a40
2024-06-10T01:10:22.259 INFO:teuthology.orchestra.run.smithi105.stdout:/usr/bin/ceph: stderr
2024-06-10T01:10:20.855+0000 7fe54dad0700 1 -- 172.21.15.105:0/1804422793 --> [v2:172.21.15.105:3300/0,v1:172.21.15.105:6789/0] -- mon_subscribe({mgrmap=0+}) -- 0x7fe54819c660 con 0x7fe548108a40
2024-06-10T01:10:22.259 INFO:teuthology.orchestra.run.smithi105.stdout:/usr/bin/ceph: stderr
2024-06-10T01:10:20.855+0000 7fe54dad0700 1 -- 172.21.15.105:0/1804422793 --> [v2:172.21.15.105:3300/0,v1:172.21.15.105:6789/0] -- mon_subscribe({osdmap=0}) -- 0x7fe54819ca00 con 0x7fe548108a40
2024-06-10T01:10:22.259 INFO:teuthology.orchestra.run.smithi105.stdout:/usr/bin/ceph: stderr
2024-06-10T01:10:20.856+0000 7fe544ff9700 1 -- 172.21.15.105:0/1804422793 <== mon.0 v2:172.21.15.105:3300/0 4 ==== mgrmap(e 12) ==== 46300+0+0 (secure 0 0 0) 0x7fe538022020 con 0x7fe548108a40
2024-06-10T01:10:22.260 INFO:teuthology.orchestra.run.smithi105.stdout:/usr/bin/ceph: stderr
2024-06-10T01:10:20.856+0000 7fe54dad0700 1 -- 172.21.15.105:0/1804422793 --> [v2:172.21.15.105:3300/0,v1:172.21.15.105:6789/0] -- mon_command({"prefix": "get_command_descriptions"} v 0) -- 0x7fe548063af0 con 0x7fe548108a40
2024-06-10T01:10:22.260 INFO:teuthology.orchestra.run.smithi105.stdout:/usr/bin/ceph: stderr
2024-06-10T01:10:20.856+0000 7fe544ff9700 1 --2- 172.21.15.105:0/1804422793 >> [v2:172.21.15.105:6800/1111101172,v1:172.21.15.105:6801/1111101172] conn(0x7fe530039100 0x7fe53003b5c0 unknown :-1 s=NONE pgs=0 cs=0 l=1 rev1=0 crypto rx=0 tx=0 comp rx=0 tx=0).connect
2024-06-10T01:10:22.260 INFO:teuthology.orchestra.run.smithi105.stdout:/usr/bin/ceph: stderr
2024-06-10T01:10:20.856+0000 7fe544ff9700 1 -- 172.21.15.105:0/1804422793 <== mon.0 v2:172.21.15.105:3300/0 5 ==== osd_map(3..3 src has 1..3) ==== 1155+0+0 (secure 0 0 0) 0x7fe53804d590 con 0x7fe548108a40
2024-06-10T01:10:22.260 INFO:teuthology.orchestra.run.smithi105.stdout:/usr/bin/ceph: stderr
2024-06-10T01:10:20.856+0000 7fe546ffd700 1 --2- 172.21.15.105:0/1804422793 >> [v2:172.21.15.105:6800/1111101172,v1:172.21.15.105:6801/1111101172] conn(0x7fe530039100 0x7fe53003b5c0 unknown :-1 s=BANNER_CONNECTING pgs=0 cs=0 l=1 rev1=0 crypto rx=0 tx=0 comp rx=0 tx=0)._handle_peer_banner_payload supported=3 required=0
2024-06-10T01:10:22.260 INFO:teuthology.orchestra.run.smithi105.stdout:/usr/bin/ceph: stderr
2024-06-10T01:10:20.857+0000 7fe546ffd700 1 --2- 172.21.15.105:0/1804422793 >> [v2:172.21.15.105:6800/1111101172,v1:172.21.15.105:6801/1111101172] conn(0x7fe530039100 0x7fe53003b5c0 secure :-1 s=READY pgs=8 cs=0 l=1 rev1=1 crypto rx=0x7fe53c006fd0 tx=0x7fe53c006e40 comp rx=0 tx=0).ready entity=mgr.14152 client_cookie=0 server_cookie=0 in_seq=0 out_seq=0
2024-06-10T01:10:22.260 INFO:teuthology.orchestra.run.smithi105.stdout:/usr/bin/ceph: stderr
2024-06-10T01:10:20.862+0000 7fe544ff9700 1 -- 172.21.15.105:0/1804422793 <== mon.0 v2:172.21.15.105:3300/0 6 ==== mon_command_ack([{"prefix": "get_command_descriptions"}]=0 v0) ==== 72+0+186418 (secure 0 0 0) 0x7fe538020c10 con 0x7fe548108a40
2024-06-10T01:10:22.260 INFO:teuthology.orchestra.run.smithi105.stdout:/usr/bin/ceph: stderr
2024-06-10T01:10:21.080+0000 7fe54dad0700 1 -- 172.21.15.105:0/1804422793 --> [v2:172.21.15.105:6800/1111101172,v1:172.21.15.105:6801/1111101172] -- mgr_command(tid 0: {"prefix": "dashboard ac-user-create", "username": "admin", "rolename": "administrator", "force_password": true, "pwd_update_required": true, "target": ["mon-mgr", ""]}) -- 0x7fe54819f410 con 0x7fe530039100
2024-06-10T01:10:22.260 INFO:teuthology.orchestra.run.smithi105.stdout:/usr/bin/ceph: stderr
2024-06-10T01:10:21.306+0000 7fe544ff9700 1 -- 172.21.15.105:0/1804422793 <== mgr.14152 v2:172.21.15.105:6800/1111101172 1 ==== mgr_command_reply(tid 0: 0 ) ==== 8+0+252 (secure 0 0 0) 0x7fe54819f410 con 0x7fe530039100
2024-06-10T01:10:22.260 INFO:teuthology.orchestra.run.smithi105.stdout:/usr/bin/ceph: stderr
2024-06-10T01:10:21.308+0000 7fe54dad0700 1 -- 172.21.15.105:0/1804422793 >> [v2:172.21.15.105:6800/1111101172,v1:172.21.15.105:6801/1111101172] conn(0x7fe530039100 msgr2=0x7fe53003b5c0 secure :-1 s=STATE_CONNECTION_ESTABLISHED l=1).mark_down
2024-06-10T01:10:22.260 INFO:teuthology.orchestra.run.smithi105.stdout:/usr/bin/ceph: stderr
2024-06-10T01:10:21.308+0000 7fe54dad0700 1 --2- 172.21.15.105:0/1804422793 >> [v2:172.21.15.105:6800/1111101172,v1:172.21.15.105:6801/1111101172] conn(0x7fe530039100 0x7fe53003b5c0 secure :-1 s=READY pgs=8 cs=0 l=1 rev1=1 crypto rx=0x7fe53c006fd0 tx=0x7fe53c006e40 comp rx=0 tx=0).stop
2024-06-10T01:10:22.260 INFO:teuthology.orchestra.run.smithi105.stdout:/usr/bin/ceph: stderr
2024-06-10T01:10:21.308+0000 7fe54dad0700 1 -- 172.21.15.105:0/1804422793 >> [v2:172.21.15.105:3300/0,v1:172.21.15.105:6789/0] conn(0x7fe548108a40 msgr2=0x7fe54819be90 secure :-1 s=STATE_CONNECTION_ESTABLISHED l=1).mark_down
2024-06-10T01:10:22.260 INFO:teuthology.orchestra.run.smithi105.stdout:/usr/bin/ceph: stderr
2024-06-10T01:10:21.308+0000 7fe54dad0700 1 --2- 172.21.15.105:0/1804422793 >> [v2:172.21.15.105:3300/0,v1:172.21.15.105:6789/0] conn(0x7fe548108a40 0x7fe54819be90 secure :-1 s=READY pgs=73 cs=0 l=1 rev1=1 crypto rx=0x7fe5380117e0 tx=0x7fe538011ba0 comp rx=0 tx=0).stop
2024-06-10T01:10:22.260 INFO:teuthology.orchestra.run.smithi105.stdout:/usr/bin/ceph: stderr
2024-06-10T01:10:21.308+0000 7fe54dad0700 1 -- 172.21.15.105:0/1804422793 shutdown_connections
2024-06-10T01:10:22.260 INFO:teuthology.orchestra.run.smithi105.stdout:/usr/bin/ceph: stderr
2024-06-10T01:10:21.308+0000 7fe54dad0700 1 --2- 172.21.15.105:0/1804422793 >> [v2:172.21.15.105:6800/1111101172,v1:172.21.15.105:6801/1111101172] conn(0x7fe530039100 0x7fe53003b5c0 unknown :-1 s=CLOSED pgs=8 cs=0 l=1 rev1=1 crypto rx=0 tx=0 comp rx=0 tx=0).stop
2024-06-10T01:10:22.261 INFO:teuthology.orchestra.run.smithi105.stdout:/usr/bin/ceph: stderr
2024-06-10T01:10:21.308+0000 7fe54dad0700 1 --2- 172.21.15.105:0/1804422793 >> [v2:172.21.15.105:3300/0,v1:172.21.15.105:6789/0] conn(0x7fe548108a40 0x7fe54819be90 unknown :-1 s=CLOSED pgs=73 cs=0 l=1 rev1=1 crypto rx=0 tx=0 comp rx=0 tx=0).stop
2024-06-10T01:10:22.261 INFO:teuthology.orchestra.run.smithi105.stdout:/usr/bin/ceph: stderr
2024-06-10T01:10:21.308+0000 7fe54dad0700 1 -- 172.21.15.105:0/1804422793 >> 172.21.15.105:0/1804422793 conn(0x7fe548102450 msgr2=0x7fe548102ea0 unknown :-1 s=STATE_NONE l=0).mark_down
2024-06-10T01:10:22.261 INFO:teuthology.orchestra.run.smithi105.stdout:/usr/bin/ceph: stderr
2024-06-10T01:10:21.308+0000 7fe54dad0700 1 -- 172.21.15.105:0/1804422793 shutdown_connections
2024-06-10T01:10:22.261 INFO:teuthology.orchestra.run.smithi105.stdout:/usr/bin/ceph: stderr
