2024-06-10T02:42:31.702+0000 7fbd8aad2700 1 -- 172.21.15.52:0/1991581378 --> [v2:172.21.15.52:3300/0,v1:172.21.15.52:6789/0] -- mon_subscribe({mgrmap=0+}) -- 0x7fbd8419c700 con 0x7fbd84107ff0
2024-06-10T02:42:32.480 INFO:teuthology.orchestra.run.smithi052.stdout:/usr/bin/ceph: stderr
2024-06-10T02:42:31.702+0000 7fbd81ffb700 1 -- 172.21.15.52:0/1991581378 <== mon.0 v2:172.21.15.52:3300/0 3 ==== mon_map magic: 0 ==== 205+0+0 (secure 0 0 0) 0x7fbd7801a720 con 0x7fbd84107ff0
2024-06-10T02:42:32.480 INFO:teuthology.orchestra.run.smithi052.stdout:/usr/bin/ceph: stderr
2024-06-10T02:42:31.702+0000 7fbd8aad2700 1 -- 172.21.15.52:0/1991581378 --> [v2:172.21.15.52:3300/0,v1:172.21.15.52:6789/0] -- mon_subscribe({osdmap=0}) -- 0x7fbd8419cb60 con 0x7fbd84107ff0
2024-06-10T02:42:32.480 INFO:teuthology.orchestra.run.smithi052.stdout:/usr/bin/ceph: stderr
2024-06-10T02:42:31.703+0000 7fbd8aad2700 1 -- 172.21.15.52:0/1991581378 --> [v2:172.21.15.52:3300/0,v1:172.21.15.52:6789/0] -- mon_command({"prefix": "get_command_descriptions"} v 0) -- 0x7fbd84063af0 con 0x7fbd84107ff0
2024-06-10T02:42:32.480 INFO:teuthology.orchestra.run.smithi052.stdout:/usr/bin/ceph: stderr
2024-06-10T02:42:31.703+0000 7fbd81ffb700 1 -- 172.21.15.52:0/1991581378 <== mon.0 v2:172.21.15.52:3300/0 4 ==== mgrmap(e 8) ==== 46287+0+0 (secure 0 0 0) 0x7fbd7801aa40 con 0x7fbd84107ff0
2024-06-10T02:42:32.480 INFO:teuthology.orchestra.run.smithi052.stdout:/usr/bin/ceph: stderr
2024-06-10T02:42:31.703+0000 7fbd81ffb700 1 --2- 172.21.15.52:0/1991581378 >> [v2:172.21.15.52:6800/896317057,v1:172.21.15.52:6801/896317057] conn(0x7fbd74039000 0x7fbd7403b4c0 unknown :-1 s=NONE pgs=0 cs=0 l=1 rev1=0 crypto rx=0 tx=0 comp rx=0 tx=0).connect
2024-06-10T02:42:32.480 INFO:teuthology.orchestra.run.smithi052.stdout:/usr/bin/ceph: stderr
2024-06-10T02:42:31.704+0000 7fbd81ffb700 1 -- 172.21.15.52:0/1991581378 <== mon.0 v2:172.21.15.52:3300/0 5 ==== osd_map(2..2 src has 1..2) ==== 940+0+0 (secure 0 0 0) 0x7fbd7804d6a0 con 0x7fbd84107ff0
2024-06-10T02:42:32.480 INFO:teuthology.orchestra.run.smithi052.stdout:/usr/bin/ceph: stderr
2024-06-10T02:42:31.704+0000 7fbd83fff700 1 --2- 172.21.15.52:0/1991581378 >> [v2:172.21.15.52:6800/896317057,v1:172.21.15.52:6801/896317057] conn(0x7fbd74039000 0x7fbd7403b4c0 unknown :-1 s=BANNER_CONNECTING pgs=0 cs=0 l=1 rev1=0 crypto rx=0 tx=0 comp rx=0 tx=0)._handle_peer_banner_payload supported=3 required=0
2024-06-10T02:42:32.480 INFO:teuthology.orchestra.run.smithi052.stdout:/usr/bin/ceph: stderr
2024-06-10T02:42:31.704+0000 7fbd83fff700 1 --2- 172.21.15.52:0/1991581378 >> [v2:172.21.15.52:6800/896317057,v1:172.21.15.52:6801/896317057] conn(0x7fbd74039000 0x7fbd7403b4c0 secure :-1 s=READY pgs=14 cs=0 l=1 rev1=1 crypto rx=0x7fbd70006fd0 tx=0x7fbd70006e40 comp rx=0 tx=0).ready entity=mgr.14118 client_cookie=0 server_cookie=0 in_seq=0 out_seq=0
2024-06-10T02:42:32.480 INFO:teuthology.orchestra.run.smithi052.stdout:/usr/bin/ceph: stderr
2024-06-10T02:42:31.709+0000 7fbd81ffb700 1 -- 172.21.15.52:0/1991581378 <== mon.0 v2:172.21.15.52:3300/0 6 ==== mon_command_ack([{"prefix": "get_command_descriptions"}]=0 v0) ==== 72+0+186418 (secure 0 0 0) 0x7fbd78011e20 con 0x7fbd84107ff0
2024-06-10T02:42:32.480 INFO:teuthology.orchestra.run.smithi052.stdout:/usr/bin/ceph: stderr
2024-06-10T02:42:31.920+0000 7fbd8aad2700 1 -- 172.21.15.52:0/1991581378 --> [v2:172.21.15.52:3300/0,v1:172.21.15.52:6789/0] -- mon_command([{prefix=config set, name=mgr/cephadm/container_init}] v 0) -- 0x7fbd8419f4b0 con 0x7fbd84107ff0
2024-06-10T02:42:32.480 INFO:teuthology.orchestra.run.smithi052.stdout:/usr/bin/ceph: stderr
2024-06-10T02:42:31.923+0000 7fbd81ffb700 1 -- 172.21.15.52:0/1991581378 <== mon.0 v2:172.21.15.52:3300/0 7 ==== mon_command_ack([{prefix=config set, name=mgr/cephadm/container_init}]=0 v7)=0 v7) ==== 142+0+0 (secure 0 0 0) 0x7fbd78020240 con 0x7fbd84107ff0
2024-06-10T02:42:32.480 INFO:teuthology.orchestra.run.smithi052.stdout:/usr/bin/ceph: stderr
2024-06-10T02:42:31.926+0000 7fbd8aad2700 1 -- 172.21.15.52:0/1991581378 >> [v2:172.21.15.52:6800/896317057,v1:172.21.15.52:6801/896317057] conn(0x7fbd74039000 msgr2=0x7fbd7403b4c0 secure :-1 s=STATE_CONNECTION_ESTABLISHED l=1).mark_down
2024-06-10T02:42:32.480 INFO:teuthology.orchestra.run.smithi052.stdout:/usr/bin/ceph: stderr
2024-06-10T02:42:31.926+0000 7fbd8aad2700 1 --2- 172.21.15.52:0/1991581378 >> [v2:172.21.15.52:6800/896317057,v1:172.21.15.52:6801/896317057] conn(0x7fbd74039000 0x7fbd7403b4c0 secure :-1 s=READY pgs=14 cs=0 l=1 rev1=1 crypto rx=0x7fbd70006fd0 tx=0x7fbd70006e40 comp rx=0 tx=0).stop
2024-06-10T02:42:32.481 INFO:teuthology.orchestra.run.smithi052.stdout:/usr/bin/ceph: stderr
2024-06-10T02:42:31.926+0000 7fbd8aad2700 1 -- 172.21.15.52:0/1991581378 >> [v2:172.21.15.52:3300/0,v1:172.21.15.52:6789/0] conn(0x7fbd84107ff0 msgr2=0x7fbd8419bf30 secure :-1 s=STATE_CONNECTION_ESTABLISHED l=1).mark_down
2024-06-10T02:42:32.481 INFO:teuthology.orchestra.run.smithi052.stdout:/usr/bin/ceph: stderr
2024-06-10T02:42:31.926+0000 7fbd8aad2700 1 --2- 172.21.15.52:0/1991581378 >> [v2:172.21.15.52:3300/0,v1:172.21.15.52:6789/0] conn(0x7fbd84107ff0 0x7fbd8419bf30 secure :-1 s=READY pgs=50 cs=0 l=1 rev1=1 crypto rx=0x7fbd780116a0 tx=0x7fbd78011ba0 comp rx=0 tx=0).stop
2024-06-10T02:42:32.481 INFO:teuthology.orchestra.run.smithi052.stdout:/usr/bin/ceph: stderr
2024-06-10T02:42:31.926+0000 7fbd8aad2700 1 -- 172.21.15.52:0/1991581378 shutdown_connections
2024-06-10T02:42:32.481 INFO:teuthology.orchestra.run.smithi052.stdout:/usr/bin/ceph: stderr
2024-06-10T02:42:31.926+0000 7fbd8aad2700 1 --2- 172.21.15.52:0/1991581378 >> [v2:172.21.15.52:6800/896317057,v1:172.21.15.52:6801/896317057] conn(0x7fbd74039000 0x7fbd7403b4c0 unknown :-1 s=CLOSED pgs=14 cs=0 l=1 rev1=1 crypto rx=0 tx=0 comp rx=0 tx=0).stop
2024-06-10T02:42:32.481 INFO:teuthology.orchestra.run.smithi052.stdout:/usr/bin/ceph: stderr
2024-06-10T02:42:31.926+0000 7fbd8aad2700 1 --2- 172.21.15.52:0/1991581378 >> [v2:172.21.15.52:3300/0,v1:172.21.15.52:6789/0] conn(0x7fbd84107ff0 0x7fbd8419bf30 unknown :-1 s=CLOSED pgs=50 cs=0 l=1 rev1=1 crypto rx=0 tx=0 comp rx=0 tx=0).stop
2024-06-10T02:42:32.481 INFO:teuthology.orchestra.run.smithi052.stdout:/usr/bin/ceph: stderr
2024-06-10T02:42:31.926+0000 7fbd8aad2700 1 -- 172.21.15.52:0/1991581378 >> 172.21.15.52:0/1991581378 conn(0x7fbd84103590 msgr2=0x7fbd84104080 unknown :-1 s=STATE_NONE l=0).mark_down
2024-06-10T02:42:32.481 INFO:teuthology.orchestra.run.smithi052.stdout:/usr/bin/ceph: stderr
2024-06-10T02:42:31.926+0000 7fbd8aad2700 1 -- 172.21.15.52:0/1991581378 shutdown_connections
2024-06-10T02:42:32.481 INFO:teuthology.orchestra.run.smithi052.stdout:/usr/bin/ceph: stderr
2024-06-10T02:42:31.926+0000 7fbd8aad2700 1 -- 172.21.15.52:0/1991581378 wait complete.
2024-06-10T02:42:32.632 INFO:journalctl@ceph.mon.a.smithi052.stdout:Jun 10 02:42:32 smithi052 ceph-mon[32362]: from='mgr.14118 172.21.15.52:0/1358068050' entity='mgr.x'
2024-06-10T02:42:32.632 INFO:journalctl@ceph.mon.a.smithi052.stdout:Jun 10 02:42:32 smithi052 ceph-mon[32362]: from='client.? 172.21.15.52:0/1991581378' entity='client.admin'
2024-06-10T02:42:34.080 INFO:teuthology.orchestra.run.smithi052.stdout:/usr/bin/ceph: stderr
2024-06-10T02:42:33.310+0000 7f8d89f47700 1 Processor -- start
2024-06-10T02:42:34.080 INFO:teuthology.orchestra.run.smithi052.stdout:/usr/bin/ceph: stderr
2024-06-10T02:42:33.310+0000 7f8d89f47700 1 -- start start
2024-06-10T02:42:34.080 INFO:teuthology.orchestra.run.smithi052.stdout:/usr/bin/ceph: stderr
2024-06-10T02:42:33.310+0000 7f8d89f47700 1 --2- >> [v2:172.21.15.52:3300/0,v1:172.21.15.52:6789/0] conn(0x7f8d84107ff0 0x7f8d84108410 unknown :-1 s=NONE pgs=0 cs=0 l=0 rev1=0 crypto rx=0 tx=0 comp rx=0 tx=0).connect
2024-06-10T02:42:34.080 INFO:teuthology.orchestra.run.smithi052.stdout:/usr/bin/ceph: stderr
2024-06-10T02:42:33.310+0000 7f8d89f47700 1 -- --> [v2:172.21.15.52:3300/0,v1:172.21.15.52:6789/0] -- mon_getmap magic: 0 -- 0x7f8d841089e0 con 0x7f8d84107ff0
2024-06-10T02:42:34.080 INFO:teuthology.orchestra.run.smithi052.stdout:/usr/bin/ceph: stderr
2024-06-10T02:42:33.311+0000 7f8d837fe700 1 --2- >> [v2:172.21.15.52:3300/0,v1:172.21.15.52:6789/0] conn(0x7f8d84107ff0 0x7f8d84108410 unknown :-1 s=BANNER_CONNECTING pgs=0 cs=0 l=0 rev1=0 crypto rx=0 tx=0 comp rx=0 tx=0)._handle_peer_banner_payload supported=3 required=0
2024-06-10T02:42:34.080 INFO:teuthology.orchestra.run.smithi052.stdout:/usr/bin/ceph: stderr
2024-06-10T02:42:33.311+0000 7f8d837fe700 1 --2- >> [v2:172.21.15.52:3300/0,v1:172.21.15.52:6789/0] conn(0x7f8d84107ff0 0x7f8d84108410 unknown :-1 s=HELLO_CONNECTING pgs=0 cs=0 l=0 rev1=1 crypto rx=0 tx=0 comp rx=0 tx=0).handle_hello peer v2:172.21.15.52:3300/0 says I am v2:172.21.15.52:49408/0 (socket says 172.21.15.52:49408)
2024-06-10T02:42:34.081 INFO:teuthology.orchestra.run.smithi052.stdout:/usr/bin/ceph: stderr
2024-06-10T02:42:33.311+0000 7f8d837fe700 1 -- 172.21.15.52:0/4227617506 learned_addr learned my addr 172.21.15.52:0/4227617506 (peer_addr_for_me v2:172.21.15.52:0/0)
2024-06-10T02:42:34.081 INFO:teuthology.orchestra.run.smithi052.stdout:/usr/bin/ceph: stderr
2024-06-10T02:42:33.311+0000 7f8d837fe700 1 -- 172.21.15.52:0/4227617506 --> [v2:172.21.15.52:3300/0,v1:172.21.15.52:6789/0] -- mon_subscribe({config=0+,monmap=0+}) -- 0x7f8d841091a0 con 0x7f8d84107ff0
2024-06-10T02:42:34.081 INFO:teuthology.orchestra.run.smithi052.stdout:/usr/bin/ceph: stderr
2024-06-10T02:42:33.311+0000 7f8d837fe700 1 --2- 172.21.15.52:0/4227617506 >> [v2:172.21.15.52:3300/0,v1:172.21.15.52:6789/0] conn(0x7f8d84107ff0 0x7f8d84108410 secure :-1 s=READY pgs=51 cs=0 l=1 rev1=1 crypto rx=0x7f8d740098a0 tx=0x7f8d74009bb0 comp rx=0 tx=0).ready entity=mon.0 client_cookie=eed327cc166aac14 server_cookie=0 in_seq=0 out_seq=0
2024-06-10T02:42:34.081 INFO:teuthology.orchestra.run.smithi052.stdout:/usr/bin/ceph: stderr
2024-06-10T02:42:33.311+0000 7f8d827fc700 1 -- 172.21.15.52:0/4227617506 <== mon.0 v2:172.21.15.52:3300/0 1 ==== mon_map magic: 0 ==== 205+0+0 (secure 0 0 0) 0x7f8d74004160 con 0x7f8d84107ff0
2024-06-10T02:42:34.081 INFO:teuthology.orchestra.run.smithi052.stdout:/usr/bin/ceph: stderr
2024-06-10T02:42:33.311+0000 7f8d827fc700 1 -- 172.21.15.52:0/4227617506 <== mon.0 v2:172.21.15.52:3300/0 2 ==== config(27 keys) ==== 1140+0+0 (secure 0 0 0) 0x7f8d74004300 con 0x7f8d84107ff0
2024-06-10T02:42:34.081 INFO:teuthology.orchestra.run.smithi052.stdout:/usr/bin/ceph: stderr
2024-06-10T02:42:33.311+0000 7f8d827fc700 1 -- 172.21.15.52:0/4227617506 <== mon.0 v2:172.21.15.52:3300/0 3 ==== mon_map magic: 0 ==== 205+0+0 (secure 0 0 0) 0x7f8d74011b20 con 0x7f8d84107ff0
2024-06-10T02:42:34.081 INFO:teuthology.orchestra.run.smithi052.stdout:/usr/bin/ceph: stderr
2024-06-10T02:42:33.312+0000 7f8d89f47700 1 -- 172.21.15.52:0/4227617506 >> [v2:172.21.15.52:3300/0,v1:172.21.15.52:6789/0] conn(0x7f8d84107ff0 msgr2=0x7f8d84108410 secure :-1 s=STATE_CONNECTION_ESTABLISHED l=1).mark_down
2024-06-10T02:42:34.081 INFO:teuthology.orchestra.run.smithi052.stdout:/usr/bin/ceph: stderr
2024-06-10T02:42:33.312+0000 7f8d89f47700 1 --2- 172.21.15.52:0/4227617506 >> [v2:172.21.15.52:3300/0,v1:172.21.15.52:6789/0] conn(0x7f8d84107ff0 0x7f8d84108410 secure :-1 s=READY pgs=51 cs=0 l=1 rev1=1 crypto rx=0x7f8d740098a0 tx=0x7f8d74009bb0 comp rx=0 tx=0).stop
2024-06-10T02:42:34.081 INFO:teuthology.orchestra.run.smithi052.stdout:/usr/bin/ceph: stderr
2024-06-10T02:42:33.312+0000 7f8d89f47700 1 -- 172.21.15.52:0/4227617506 shutdown_connections
2024-06-10T02:42:34.081 INFO:teuthology.orchestra.run.smithi052.stdout:/usr/bin/ceph: stderr
2024-06-10T02:42:33.312+0000 7f8d89f47700 1 --2- 172.21.15.52:0/4227617506 >> [v2:172.21.15.52:3300/0,v1:172.21.15.52:6789/0] conn(0x7f8d84107ff0 0x7f8d84108410 unknown :-1 s=CLOSED pgs=51 cs=0 l=1 rev1=1 crypto rx=0 tx=0 comp rx=0 tx=0).stop
2024-06-10T02:42:34.081 INFO:teuthology.orchestra.run.smithi052.stdout:/usr/bin/ceph: stderr
2024-06-10T02:42:33.312+0000 7f8d89f47700 1 -- 172.21.15.52:0/4227617506 >> 172.21.15.52:0/4227617506 conn(0x7f8d84103590 msgr2=0x7f8d841059d0 unknown :-1 s=STATE_NONE l=0).mark_down
2024-06-10T02:42:34.081 INFO:teuthology.orchestra.run.smithi052.stdout:/usr/bin/ceph: stderr
2024-06-10T02:42:33.312+0000 7f8d89f47700 1 -- 172.21.15.52:0/4227617506 shutdown_connections
2024-06-10T02:42:34.082 INFO:teuthology.orchestra.run.smithi052.stdout:/usr/bin/ceph: stderr
2024-06-10T02:42:33.312+0000 7f8d89f47700 1 -- 172.21.15.52:0/4227617506 wait complete.
2024-06-10T02:42:34.082 INFO:teuthology.orchestra.run.smithi052.stdout:/usr/bin/ceph: stderr
2024-06-10T02:42:33.313+0000 7f8d89f47700 1 Processor -- start
2024-06-10T02:42:34.082 INFO:teuthology.orchestra.run.smithi052.stdout:/usr/bin/ceph: stderr
2024-06-10T02:42:33.313+0000 7f8d89f47700 1 -- start start
2024-06-10T02:42:34.082 INFO:teuthology.orchestra.run.smithi052.stdout:/usr/bin/ceph: stderr
2024-06-10T02:42:33.313+0000 7f8d89f47700 1 --2- >> [v2:172.21.15.52:3300/0,v1:172.21.15.52:6789/0] conn(0x7f8d84107ff0 0x7f8d8419bed0 unknown :-1 s=NONE pgs=0 cs=0 l=1 rev1=0 crypto rx=0 tx=0 comp rx=0 tx=0).connect
2024-06-10T02:42:34.082 INFO:teuthology.orchestra.run.smithi052.stdout:/usr/bin/ceph: stderr
2024-06-10T02:42:33.313+0000 7f8d89f47700 1 -- --> [v2:172.21.15.52:3300/0,v1:172.21.15.52:6789/0] -- mon_getmap magic: 0 -- 0x7f8d8410c550 con 0x7f8d84107ff0
2024-06-10T02:42:34.082 INFO:teuthology.orchestra.run.smithi052.stdout:/usr/bin/ceph: stderr
2024-06-10T02:42:33.314+0000 7f8d837fe700 1 --2- >> [v2:172.21.15.52:3300/0,v1:172.21.15.52:6789/0] conn(0x7f8d84107ff0 0x7f8d8419bed0 unknown :-1 s=BANNER_CONNECTING pgs=0 cs=0 l=1 rev1=0 crypto rx=0 tx=0 comp rx=0 tx=0)._handle_peer_banner_payload supported=3 required=0
2024-06-10T02:42:34.082 INFO:teuthology.orchestra.run.smithi052.stdout:/usr/bin/ceph: stderr
2024-06-10T02:42:33.314+0000 7f8d837fe700 1 --2- >> [v2:172.21.15.52:3300/0,v1:172.21.15.52:6789/0] conn(0x7f8d84107ff0 0x7f8d8419bed0 unknown :-1 s=HELLO_CONNECTING pgs=0 cs=0 l=1 rev1=1 crypto rx=0 tx=0 comp rx=0 tx=0).handle_hello peer v2:172.21.15.52:3300/0 says I am v2:172.21.15.52:49416/0 (socket says 172.21.15.52:49416)
2024-06-10T02:42:34.082 INFO:teuthology.orchestra.run.smithi052.stdout:/usr/bin/ceph: stderr
2024-06-10T02:42:33.314+0000 7f8d837fe700 1 -- 172.21.15.52:0/1393303851 learned_addr learned my addr 172.21.15.52:0/1393303851 (peer_addr_for_me v2:172.21.15.52:0/0)
2024-06-10T02:42:34.082 INFO:teuthology.orchestra.run.smithi052.stdout:/usr/bin/ceph: stderr
2024-06-10T02:42:33.314+0000 7f8d837fe700 1 -- 172.21.15.52:0/1393303851 --> [v2:172.21.15.52:3300/0,v1:172.21.15.52:6789/0] -- mon_subscribe({config=0+,monmap=0+}) -- 0x7f8d8419c410 con 0x7f8d84107ff0
2024-06-10T02:42:34.082 INFO:teuthology.orchestra.run.smithi052.stdout:/usr/bin/ceph: stderr
2024-06-10T02:42:33.314+0000 7f8d837fe700 1 --2- 172.21.15.52:0/1393303851 >> [v2:172.21.15.52:3300/0,v1:172.21.15.52:6789/0] conn(0x7f8d84107ff0 0x7f8d8419bed0 secure :-1 s=READY pgs=52 cs=0 l=1 rev1=1 crypto rx=0x7f8d740116a0 tx=0x7f8d74011ba0 comp rx=0 tx=0).ready entity=mon.0 client_cookie=0 server_cookie=0 in_seq=0 out_seq=0
2024-06-10T02:42:34.082 INFO:teuthology.orchestra.run.smithi052.stdout:/usr/bin/ceph: stderr
2024-06-10T02:42:33.314+0000 7f8d80ff9700 1 -- 172.21.15.52:0/1393303851 <== mon.0 v2:172.21.15.52:3300/0 1 ==== mon_map magic: 0 ==== 205+0+0 (secure 0 0 0) 0x7f8d74003a40 con 0x7f8d84107ff0
2024-06-10T02:42:34.082 INFO:teuthology.orchestra.run.smithi052.stdout:/usr/bin/ceph: stderr
2024-06-10T02:42:33.314+0000 7f8d80ff9700 1 -- 172.21.15.52:0/1393303851 <== mon.0 v2:172.21.15.52:3300/0 2 ==== config(27 keys) ==== 1140+0+0 (secure 0 0 0) 0x7f8d74003be0 con 0x7f8d84107ff0
2024-06-10T02:42:34.082 INFO:teuthology.orchestra.run.smithi052.stdout:/usr/bin/ceph: stderr
2024-06-10T02:42:33.314+0000 7f8d89f47700 1 -- 172.21.15.52:0/1393303851 --> [v2:172.21.15.52:3300/0,v1:172.21.15.52:6789/0] -- mon_subscribe({mgrmap=0+}) -- 0x7f8d8419c6a0 con 0x7f8d84107ff0
2024-06-10T02:42:34.083 INFO:teuthology.orchestra.run.smithi052.stdout:/usr/bin/ceph: stderr
2024-06-10T02:42:33.314+0000 7f8d80ff9700 1 -- 172.21.15.52:0/1393303851 <== mon.0 v2:172.21.15.52:3300/0 3 ==== mon_map magic: 0 ==== 205+0+0 (secure 0 0 0) 0x7f8d7401a720 con 0x7f8d84107ff0
2024-06-10T02:42:34.083 INFO:teuthology.orchestra.run.smithi052.stdout:/usr/bin/ceph: stderr
2024-06-10T02:42:33.314+0000 7f8d89f47700 1 -- 172.21.15.52:0/1393303851 --> [v2:172.21.15.52:3300/0,v1:172.21.15.52:6789/0] -- mon_subscribe({osdmap=0}) -- 0x7f8d8419cb00 con 0x7f8d84107ff0
2024-06-10T02:42:34.083 INFO:teuthology.orchestra.run.smithi052.stdout:/usr/bin/ceph: stderr
2024-06-10T02:42:33.315+0000 7f8d80ff9700 1 -- 172.21.15.52:0/1393303851 <== mon.0 v2:172.21.15.52:3300/0 4 ==== mgrmap(e 8) ==== 46287+0+0 (secure 0 0 0) 0x7f8d7401aa20 con 0x7f8d84107ff0
2024-06-10T02:42:34.083 INFO:teuthology.orchestra.run.smithi052.stdout:/usr/bin/ceph: stderr
2024-06-10T02:42:33.315+0000 7f8d89f47700 1 -- 172.21.15.52:0/1393303851 --> [v2:172.21.15.52:3300/0,v1:172.21.15.52:6789/0] -- mon_command({"prefix": "get_command_descriptions"} v 0) -- 0x7f8d84063af0 con 0x7f8d84107ff0
2024-06-10T02:42:34.083 INFO:teuthology.orchestra.run.smithi052.stdout:/usr/bin/ceph: stderr
2024-06-10T02:42:33.316+0000 7f8d80ff9700 1 --2- 172.21.15.52:0/1393303851 >> [v2:172.21.15.52:6800/896317057,v1:172.21.15.52:6801/896317057] conn(0x7f8d70039000 0x7f8d7003b4c0 unknown :-1 s=NONE pgs=0 cs=0 l=1 rev1=0 crypto rx=0 tx=0 comp rx=0 tx=0).connect
2024-06-10T02:42:34.083 INFO:teuthology.orchestra.run.smithi052.stdout:/usr/bin/ceph: stderr
2024-06-10T02:42:33.316+0000 7f8d80ff9700 1 -- 172.21.15.52:0/1393303851 <== mon.0 v2:172.21.15.52:3300/0 5 ==== osd_map(2..2 src has 1..2) ==== 940+0+0 (secure 0 0 0) 0x7f8d7404d6d0 con 0x7f8d84107ff0
2024-06-10T02:42:34.083 INFO:teuthology.orchestra.run.smithi052.stdout:/usr/bin/ceph: stderr
2024-06-10T02:42:33.316+0000 7f8d82ffd700 1 --2- 172.21.15.52:0/1393303851 >> [v2:172.21.15.52:6800/896317057,v1:172.21.15.52:6801/896317057] conn(0x7f8d70039000 0x7f8d7003b4c0 unknown :-1 s=BANNER_CONNECTING pgs=0 cs=0 l=1 rev1=0 crypto rx=0 tx=0 comp rx=0 tx=0)._handle_peer_banner_payload supported=3 required=0
2024-06-10T02:42:34.083 INFO:teuthology.orchestra.run.smithi052.stdout:/usr/bin/ceph: stderr
2024-06-10T02:42:33.316+0000 7f8d82ffd700 1 --2- 172.21.15.52:0/1393303851 >> [v2:172.21.15.52:6800/896317057,v1:172.21.15.52:6801/896317057] conn(0x7f8d70039000 0x7f8d7003b4c0 secure :-1 s=READY pgs=15 cs=0 l=1 rev1=1 crypto rx=0x7f8d6c006fd0 tx=0x7f8d6c006e40 comp rx=0 tx=0).ready entity=mgr.14118 client_cookie=0 server_cookie=0 in_seq=0 out_seq=0
2024-06-10T02:42:34.083 INFO:teuthology.orchestra.run.smithi052.stdout:/usr/bin/ceph: stderr
2024-06-10T02:42:33.321+0000 7f8d80ff9700 1 -- 172.21.15.52:0/1393303851 <== mon.0 v2:172.21.15.52:3300/0 6 ==== mon_command_ack([{"prefix": "get_command_descriptions"}]=0 v0) ==== 72+0+186418 (secure 0 0 0) 0x7f8d74011e20 con 0x7f8d84107ff0
2024-06-10T02:42:34.083 INFO:teuthology.orchestra.run.smithi052.stdout:/usr/bin/ceph: stderr
2024-06-10T02:42:33.542+0000 7f8d89f47700 1 -- 172.21.15.52:0/1393303851 --> [v2:172.21.15.52:3300/0,v1:172.21.15.52:6789/0] -- mon_command([{prefix=config set, name=mgr/dashboard/ssl_server_port}] v 0) -- 0x7f8d8419f4d0 con 0x7f8d84107ff0
2024-06-10T02:42:34.083 INFO:teuthology.orchestra.run.smithi052.stdout:/usr/bin/ceph: stderr
2024-06-10T02:42:33.545+0000 7f8d80ff9700 1 -- 172.21.15.52:0/1393303851 <== mon.0 v2:172.21.15.52:3300/0 7 ==== mon_command_ack([{prefix=config set, name=mgr/dashboard/ssl_server_port}]=0 v8)=0 v8) ==== 130+0+0 (secure 0 0 0) 0x7f8d7401adc0 con 0x7f8d84107ff0
2024-06-10T02:42:34.083 INFO:teuthology.orchestra.run.smithi052.stdout:/usr/bin/ceph: stderr
2024-06-10T02:42:33.547+0000 7f8d89f47700 1 -- 172.21.15.52:0/1393303851 >> [v2:172.21.15.52:6800/896317057,v1:172.21.15.52:6801/896317057] conn(0x7f8d70039000 msgr2=0x7f8d7003b4c0 secure :-1 s=STATE_CONNECTION_ESTABLISHED l=1).mark_down
2024-06-10T02:42:34.084 INFO:teuthology.orchestra.run.smithi052.stdout:/usr/bin/ceph: stderr
2024-06-10T02:42:33.547+0000 7f8d89f47700 1 --2- 172.21.15.52:0/1393303851 >> [v2:172.21.15.52:6800/896317057,v1:172.21.15.52:6801/896317057] conn(0x7f8d70039000 0x7f8d7003b4c0 secure :-1 s=READY pgs=15 cs=0 l=1 rev1=1 crypto rx=0x7f8d6c006fd0 tx=0x7f8d6c006e40 comp rx=0 tx=0).stop
2024-06-10T02:42:34.084 INFO:teuthology.orchestra.run.smithi052.stdout:/usr/bin/ceph: stderr
2024-06-10T02:42:33.547+0000 7f8d89f47700 1 -- 172.21.15.52:0/1393303851 >> [v2:172.21.15.52:3300/0,v1:172.21.15.52:6789/0] conn(0x7f8d84107ff0 msgr2=0x7f8d8419bed0 secure :-1 s=STATE_CONNECTION_ESTABLISHED l=1).mark_down
2024-06-10T02:42:34.084 INFO:teuthology.orchestra.run.smithi052.stdout:/usr/bin/ceph: stderr
2024-06-10T02:42:33.547+0000 7f8d89f47700 1 --2- 172.21.15.52:0/1393303851 >> [v2:172.21.15.52:3300/0,v1:172.21.15.52:6789/0] conn(0x7f8d84107ff0 0x7f8d8419bed0 secure :-1 s=READY pgs=52 cs=0 l=1 rev1=1 crypto rx=0x7f8d740116a0 tx=0x7f8d74011ba0 comp rx=0 tx=0).stop
2024-06-10T02:42:34.084 INFO:teuthology.orchestra.run.smithi052.stdout:/usr/bin/ceph: stderr
2024-06-10T02:42:33.547+0000 7f8d89f47700 1 -- 172.21.15.52:0/1393303851 shutdown_connections
2024-06-10T02:42:34.084 INFO:teuthology.orchestra.run.smithi052.stdout:/usr/bin/ceph: stderr
2024-06-10T02:42:33.547+0000 7f8d89f47700 1 --2- 172.21.15.52:0/1393303851 >> [v2:172.21.15.52:6800/896317057,v1:172.21.15.52:6801/896317057] conn(0x7f8d70039000 0x7f8d7003b4c0 unknown :-1 s=CLOSED pgs=15 cs=0 l=1 rev1=1 crypto rx=0 tx=0 comp rx=0 tx=0).stop
2024-06-10T02:42:34.084 INFO:teuthology.orchestra.run.smithi052.stdout:/usr/bin/ceph: stderr
2024-06-10T02:42:33.547+0000 7f8d89f47700 1 --2- 172.21.15.52:0/1393303851 >> [v2:172.21.15.52:3300/0,v1:172.21.15.52:6789/0] conn(0x7f8d84107ff0 0x7f8d8419bed0 unknown :-1 s=CLOSED pgs=52 cs=0 l=1 rev1=1 crypto rx=0 tx=0 comp rx=0 tx=0).stop
2024-06-10T02:42:34.084 INFO:teuthology.orchestra.run.smithi052.stdout:/usr/bin/ceph: stderr
2024-06-10T02:42:33.547+0000 7f8d89f47700 1 -- 172.21.15.52:0/1393303851 >> 172.21.15.52:0/1393303851 conn(0x7f8d84103590 msgr2=0x7f8d84104030 unknown :-1 s=STATE_NONE l=0).mark_down
2024-06-10T02:42:34.084 INFO:teuthology.orchestra.run.smithi052.stdout:/usr/bin/ceph: stderr
2024-06-10T02:42:33.547+0000 7f8d89f47700 1 -- 172.21.15.52:0/1393303851 shutdown_connections
2024-06-10T02:42:34.084 INFO:teuthology.orchestra.run.smithi052.stdout:/usr/bin/ceph: stderr
2024-06-10T02:42:33.548+0000 7f8d89f47700 1 -- 172.21.15.52:0/1393303851 wait complete.
2024-06-10T02:42:34.084 INFO:teuthology.orchestra.run.smithi052.stdout:Enabling the dashboard module...
2024-06-10T02:42:34.473 INFO:journalctl@ceph.mon.a.smithi052.stdout:Jun 10 02:42:34 smithi052 ceph-mon[32362]: from='mgr.14118 172.21.15.52:0/1358068050' entity='mgr.x'
2024-06-10T02:42:34.473 INFO:journalctl@ceph.mon.a.smithi052.stdout:Jun 10 02:42:34 smithi052 ceph-mon[32362]: from='client.? 172.21.15.52:0/1393303851' entity='client.admin'
2024-06-10T02:42:35.886 INFO:journalctl@ceph.mon.a.smithi052.stdout:Jun 10 02:42:35 smithi052 ceph-mon[32362]: from='mgr.14118 172.21.15.52:0/1358068050' entity='mgr.x'
2024-06-10T02:42:35.886 INFO:journalctl@ceph.mon.a.smithi052.stdout:Jun 10 02:42:35 smithi052 ceph-mon[32362]: from='client.? 172.21.15.52:0/103105982' entity='client.admin' cmd=[{"prefix": "mgr module enable", "module": "dashboard"}]: dispatch
2024-06-10T02:42:35.886 INFO:journalctl@ceph.mgr.x.smithi052.stdout:Jun 10 02:42:35 smithi052 ceph-d8676e9e-26d2-11ef-bc9b-c7b262605968-mgr-x[32595]: ignoring --setuser ceph since I am not root
2024-06-10T02:42:35.887 INFO:journalctl@ceph.mgr.x.smithi052.stdout:Jun 10 02:42:35 smithi052 ceph-d8676e9e-26d2-11ef-bc9b-c7b262605968-mgr-x[32595]: ignoring --setgroup ceph since I am not root
2024-06-10T02:42:35.887 INFO:journalctl@ceph.mgr.x.smithi052.stdout:Jun 10 02:42:35 smithi052 ceph-d8676e9e-26d2-11ef-bc9b-c7b262605968-mgr-x[32595]:
2024-06-10T02:42:35.890+0000 7fe32b7e6200 -1 mgr[py] Module balancer has missing NOTIFY_TYPES member
2024-06-10T02:42:36.191 INFO:journalctl@ceph.mgr.x.smithi052.stdout:Jun 10 02:42:36 smithi052 ceph-d8676e9e-26d2-11ef-bc9b-c7b262605968-mgr-x[32595]:
2024-06-10T02:42:36.088+0000 7fe32b7e6200 -1 mgr[py] Module orchestrator has missing NOTIFY_TYPES member
2024-06-10T02:42:36.299 INFO:teuthology.orchestra.run.smithi052.stdout:/usr/bin/ceph: stderr
2024-06-10T02:42:34.513+0000 7f4456028700 1 Processor -- start
2024-06-10T02:42:36.299 INFO:teuthology.orchestra.run.smithi052.stdout:/usr/bin/ceph: stderr
2024-06-10T02:42:34.513+0000 7f4456028700 1 -- start start
2024-06-10T02:42:36.299 INFO:teuthology.orchestra.run.smithi052.stdout:/usr/bin/ceph: stderr
2024-06-10T02:42:34.513+0000 7f4456028700 1 --2- >> [v2:172.21.15.52:3300/0,v1:172.21.15.52:6789/0] conn(0x7f4450107ff0 0x7f4450108410 unknown :-1 s=NONE pgs=0 cs=0 l=0 rev1=0 crypto rx=0 tx=0 comp rx=0 tx=0).connect
2024-06-10T02:42:36.299 INFO:teuthology.orchestra.run.smithi052.stdout:/usr/bin/ceph: stderr
2024-06-10T02:42:34.513+0000 7f4456028700 1 -- --> [v2:172.21.15.52:3300/0,v1:172.21.15.52:6789/0] -- mon_getmap magic: 0 -- 0x7f44501089e0 con 0x7f4450107ff0
2024-06-10T02:42:36.299 INFO:teuthology.orchestra.run.smithi052.stdout:/usr/bin/ceph: stderr
2024-06-10T02:42:34.514+0000 7f444f7fe700 1 --2- >> [v2:172.21.15.52:3300/0,v1:172.21.15.52:6789/0] conn(0x7f4450107ff0 0x7f4450108410 unknown :-1 s=BANNER_CONNECTING pgs=0 cs=0 l=0 rev1=0 crypto rx=0 tx=0 comp rx=0 tx=0)._handle_peer_banner_payload supported=3 required=0
2024-06-10T02:42:36.299 INFO:teuthology.orchestra.run.smithi052.stdout:/usr/bin/ceph: stderr
2024-06-10T02:42:34.514+0000 7f444f7fe700 1 --2- >> [v2:172.21.15.52:3300/0,v1:172.21.15.52:6789/0] conn(0x7f4450107ff0 0x7f4450108410 unknown :-1 s=HELLO_CONNECTING pgs=0 cs=0 l=0 rev1=1 crypto rx=0 tx=0 comp rx=0 tx=0).handle_hello peer v2:172.21.15.52:3300/0 says I am v2:172.21.15.52:49428/0 (socket says 172.21.15.52:49428)
2024-06-10T02:42:36.299 INFO:teuthology.orchestra.run.smithi052.stdout:/usr/bin/ceph: stderr
2024-06-10T02:42:34.514+0000 7f444f7fe700 1 -- 172.21.15.52:0/3715620328 learned_addr learned my addr 172.21.15.52:0/3715620328 (peer_addr_for_me v2:172.21.15.52:0/0)
2024-06-10T02:42:36.299 INFO:teuthology.orchestra.run.smithi052.stdout:/usr/bin/ceph: stderr
2024-06-10T02:42:34.514+0000 7f444f7fe700 1 -- 172.21.15.52:0/3715620328 --> [v2:172.21.15.52:3300/0,v1:172.21.15.52:6789/0] -- mon_subscribe({config=0+,monmap=0+}) -- 0x7f44501091a0 con 0x7f4450107ff0
2024-06-10T02:42:36.300 INFO:teuthology.orchestra.run.smithi052.stdout:/usr/bin/ceph: stderr
2024-06-10T02:42:34.514+0000 7f444f7fe700 1 --2- 172.21.15.52:0/3715620328 >> [v2:172.21.15.52:3300/0,v1:172.21.15.52:6789/0] conn(0x7f4450107ff0 0x7f4450108410 secure :-1 s=READY pgs=53 cs=0 l=1 rev1=1 crypto rx=0x7f44400098a0 tx=0x7f4440009bb0 comp rx=0 tx=0).ready entity=mon.0 client_cookie=f602dc4b93921ece server_cookie=0 in_seq=0 out_seq=0
2024-06-10T02:42:36.300 INFO:teuthology.orchestra.run.smithi052.stdout:/usr/bin/ceph: stderr
2024-06-10T02:42:34.514+0000 7f444e7fc700 1 -- 172.21.15.52:0/3715620328 <== mon.0 v2:172.21.15.52:3300/0 1 ==== mon_map magic: 0 ==== 205+0+0 (secure 0 0 0) 0x7f4440004160 con 0x7f4450107ff0
2024-06-10T02:42:36.300 INFO:teuthology.orchestra.run.smithi052.stdout:/usr/bin/ceph: stderr
2024-06-10T02:42:34.514+0000 7f444e7fc700 1 -- 172.21.15.52:0/3715620328 <== mon.0 v2:172.21.15.52:3300/0 2 ==== config(27 keys) ==== 1140+0+0 (secure 0 0 0) 0x7f4440004300 con 0x7f4450107ff0
2024-06-10T02:42:36.300 INFO:teuthology.orchestra.run.smithi052.stdout:/usr/bin/ceph: stderr
2024-06-10T02:42:34.514+0000 7f444e7fc700 1 -- 172.21.15.52:0/3715620328 <== mon.0 v2:172.21.15.52:3300/0 3 ==== mon_map magic: 0 ==== 205+0+0 (secure 0 0 0) 0x7f4440011b20 con 0x7f4450107ff0
2024-06-10T02:42:36.300 INFO:teuthology.orchestra.run.smithi052.stdout:/usr/bin/ceph: stderr
2024-06-10T02:42:34.515+0000 7f4456028700 1 -- 172.21.15.52:0/3715620328 >> [v2:172.21.15.52:3300/0,v1:172.21.15.52:6789/0] conn(0x7f4450107ff0 msgr2=0x7f4450108410 secure :-1 s=STATE_CONNECTION_ESTABLISHED l=1).mark_down
2024-06-10T02:42:36.300 INFO:teuthology.orchestra.run.smithi052.stdout:/usr/bin/ceph: stderr
2024-06-10T02:42:34.515+0000 7f4456028700 1 --2- 172.21.15.52:0/3715620328 >> [v2:172.21.15.52:3300/0,v1:172.21.15.52:6789/0] conn(0x7f4450107ff0 0x7f4450108410 secure :-1 s=READY pgs=53 cs=0 l=1 rev1=1 crypto rx=0x7f44400098a0 tx=0x7f4440009bb0 comp rx=0 tx=0).stop
2024-06-10T02:42:36.300 INFO:teuthology.orchestra.run.smithi052.stdout:/usr/bin/ceph: stderr
2024-06-10T02:42:34.515+0000 7f4456028700 1 -- 172.21.15.52:0/3715620328 shutdown_connections
2024-06-10T02:42:36.300 INFO:teuthology.orchestra.run.smithi052.stdout:/usr/bin/ceph: stderr
2024-06-10T02:42:34.515+0000 7f4456028700 1 --2- 172.21.15.52:0/3715620328 >> [v2:172.21.15.52:3300/0,v1:172.21.15.52:6789/0] conn(0x7f4450107ff0 0x7f4450108410 unknown :-1 s=CLOSED pgs=53 cs=0 l=1 rev1=1 crypto rx=0 tx=0 comp rx=0 tx=0).stop
2024-06-10T02:42:36.300 INFO:teuthology.orchestra.run.smithi052.stdout:/usr/bin/ceph: stderr
2024-06-10T02:42:34.515+0000 7f4456028700 1 -- 172.21.15.52:0/3715620328 >> 172.21.15.52:0/3715620328 conn(0x7f4450103590 msgr2=0x7f44501059d0 unknown :-1 s=STATE_NONE l=0).mark_down
2024-06-10T02:42:36.300 INFO:teuthology.orchestra.run.smithi052.stdout:/usr/bin/ceph: stderr
2024-06-10T02:42:34.515+0000 7f4456028700 1 -- 172.21.15.52:0/3715620328 shutdown_connections
2024-06-10T02:42:36.300 INFO:teuthology.orchestra.run.smithi052.stdout:/usr/bin/ceph: stderr
2024-06-10T02:42:34.515+0000 7f4456028700 1 -- 172.21.15.52:0/3715620328 wait complete.
2024-06-10T02:42:36.300 INFO:teuthology.orchestra.run.smithi052.stdout:/usr/bin/ceph: stderr
2024-06-10T02:42:34.516+0000 7f4456028700 1 Processor -- start
2024-06-10T02:42:36.300 INFO:teuthology.orchestra.run.smithi052.stdout:/usr/bin/ceph: stderr
2024-06-10T02:42:34.516+0000 7f4456028700 1 -- start start
2024-06-10T02:42:36.301 INFO:teuthology.orchestra.run.smithi052.stdout:/usr/bin/ceph: stderr
2024-06-10T02:42:34.517+0000 7f4456028700 1 --2- >> [v2:172.21.15.52:3300/0,v1:172.21.15.52:6789/0] conn(0x7f4450107ff0 0x7f445007e410 unknown :-1 s=NONE pgs=0 cs=0 l=1 rev1=0 crypto rx=0 tx=0 comp rx=0 tx=0).connect
2024-06-10T02:42:36.301 INFO:teuthology.orchestra.run.smithi052.stdout:/usr/bin/ceph: stderr
2024-06-10T02:42:34.517+0000 7f4456028700 1 -- --> [v2:172.21.15.52:3300/0,v1:172.21.15.52:6789/0] -- mon_getmap magic: 0 -- 0x7f445010c550 con 0x7f4450107ff0
2024-06-10T02:42:36.301 INFO:teuthology.orchestra.run.smithi052.stdout:/usr/bin/ceph: stderr
2024-06-10T02:42:34.517+0000 7f444f7fe700 1 --2- >> [v2:172.21.15.52:3300/0,v1:172.21.15.52:6789/0] conn(0x7f4450107ff0 0x7f445007e410 unknown :-1 s=BANNER_CONNECTING pgs=0 cs=0 l=1 rev1=0 crypto rx=0 tx=0 comp rx=0 tx=0)._handle_peer_banner_payload supported=3 required=0
2024-06-10T02:42:36.301 INFO:teuthology.orchestra.run.smithi052.stdout:/usr/bin/ceph: stderr
2024-06-10T02:42:34.517+0000 7f444f7fe700 1 --2- >> [v2:172.21.15.52:3300/0,v1:172.21.15.52:6789/0] conn(0x7f4450107ff0 0x7f445007e410 unknown :-1 s=HELLO_CONNECTING pgs=0 cs=0 l=1 rev1=1 crypto rx=0 tx=0 comp rx=0 tx=0).handle_hello peer v2:172.21.15.52:3300/0 says I am v2:172.21.15.52:49440/0 (socket says 172.21.15.52:49440)
2024-06-10T02:42:36.301 INFO:teuthology.orchestra.run.smithi052.stdout:/usr/bin/ceph: stderr
2024-06-10T02:42:34.517+0000 7f444f7fe700 1 -- 172.21.15.52:0/103105982 learned_addr learned my addr 172.21.15.52:0/103105982 (peer_addr_for_me v2:172.21.15.52:0/0)
2024-06-10T02:42:36.301 INFO:teuthology.orchestra.run.smithi052.stdout:/usr/bin/ceph: stderr
2024-06-10T02:42:34.517+0000 7f444f7fe700 1 -- 172.21.15.52:0/103105982 --> [v2:172.21.15.52:3300/0,v1:172.21.15.52:6789/0] -- mon_subscribe({config=0+,monmap=0+}) -- 0x7f445007e950 con 0x7f4450107ff0
2024-06-10T02:42:36.301 INFO:teuthology.orchestra.run.smithi052.stdout:/usr/bin/ceph: stderr
2024-06-10T02:42:34.517+0000 7f444f7fe700 1 --2- 172.21.15.52:0/103105982 >> [v2:172.21.15.52:3300/0,v1:172.21.15.52:6789/0] conn(0x7f4450107ff0 0x7f445007e410 secure :-1 s=READY pgs=54 cs=0 l=1 rev1=1 crypto rx=0x7f4440000c00 tx=0x7f4440011c10 comp rx=0 tx=0).ready entity=mon.0 client_cookie=0 server_cookie=0 in_seq=0 out_seq=0
2024-06-10T02:42:36.301 INFO:teuthology.orchestra.run.smithi052.stdout:/usr/bin/ceph: stderr
2024-06-10T02:42:34.518+0000 7f444cff9700 1 -- 172.21.15.52:0/103105982 <== mon.0 v2:172.21.15.52:3300/0 1 ==== mon_map magic: 0 ==== 205+0+0 (secure 0 0 0) 0x7f4440003b60 con 0x7f4450107ff0
2024-06-10T02:42:36.301 INFO:teuthology.orchestra.run.smithi052.stdout:/usr/bin/ceph: stderr
2024-06-10T02:42:34.518+0000 7f444cff9700 1 -- 172.21.15.52:0/103105982 <== mon.0 v2:172.21.15.52:3300/0 2 ==== config(27 keys) ==== 1140+0+0 (secure 0 0 0) 0x7f444001a910 con 0x7f4450107ff0
2024-06-10T02:42:36.301 INFO:teuthology.orchestra.run.smithi052.stdout:/usr/bin/ceph: stderr
2024-06-10T02:42:34.518+0000 7f4456028700 1 -- 172.21.15.52:0/103105982 --> [v2:172.21.15.52:3300/0,v1:172.21.15.52:6789/0] -- mon_subscribe({mgrmap=0+}) -- 0x7f445007cb40 con 0x7f4450107ff0
2024-06-10T02:42:36.301 INFO:teuthology.orchestra.run.smithi052.stdout:/usr/bin/ceph: stderr
2024-06-10T02:42:34.518+0000 7f444cff9700 1 -- 172.21.15.52:0/103105982 <== mon.0 v2:172.21.15.52:3300/0 3 ==== mon_map magic: 0 ==== 205+0+0 (secure 0 0 0) 0x7f4440024930 con 0x7f4450107ff0
2024-06-10T02:42:36.301 INFO:teuthology.orchestra.run.smithi052.stdout:/usr/bin/ceph: stderr
2024-06-10T02:42:34.518+0000 7f4456028700 1 -- 172.21.15.52:0/103105982 --> [v2:172.21.15.52:3300/0,v1:172.21.15.52:6789/0] -- mon_subscribe({osdmap=0}) -- 0x7f445007d000 con 0x7f4450107ff0
2024-06-10T02:42:36.301 INFO:teuthology.orchestra.run.smithi052.stdout:/usr/bin/ceph: stderr
2024-06-10T02:42:34.519+0000 7f444cff9700 1 -- 172.21.15.52:0/103105982 <== mon.0 v2:172.21.15.52:3300/0 4 ==== mgrmap(e 8) ==== 46287+0+0 (secure 0 0 0) 0x7f4440022020 con 0x7f4450107ff0
2024-06-10T02:42:36.302 INFO:teuthology.orchestra.run.smithi052.stdout:/usr/bin/ceph: stderr
2024-06-10T02:42:34.519+0000 7f4456028700 1 -- 172.21.15.52:0/103105982 --> [v2:172.21.15.52:3300/0,v1:172.21.15.52:6789/0] -- mon_command({"prefix": "get_command_descriptions"} v 0) -- 0x7f4450063af0 con 0x7f4450107ff0
2024-06-10T02:42:36.302 INFO:teuthology.orchestra.run.smithi052.stdout:/usr/bin/ceph: stderr
2024-06-10T02:42:34.519+0000 7f444cff9700 1 --2- 172.21.15.52:0/103105982 >> [v2:172.21.15.52:6800/896317057,v1:172.21.15.52:6801/896317057] conn(0x7f443c0390a0 0x7f443c03b560 unknown :-1 s=NONE pgs=0 cs=0 l=1 rev1=0 crypto rx=0 tx=0 comp rx=0 tx=0).connect
2024-06-10T02:42:36.302 INFO:teuthology.orchestra.run.smithi052.stdout:/usr/bin/ceph: stderr
2024-06-10T02:42:34.519+0000 7f444cff9700 1 -- 172.21.15.52:0/103105982 <== mon.0 v2:172.21.15.52:3300/0 5 ==== osd_map(2..2 src has 1..2) ==== 940+0+0 (secure 0 0 0) 0x7f444004d1d0 con 0x7f4450107ff0
2024-06-10T02:42:36.302 INFO:teuthology.orchestra.run.smithi052.stdout:/usr/bin/ceph: stderr
2024-06-10T02:42:34.519+0000 7f444effd700 1 --2- 172.21.15.52:0/103105982 >> [v2:172.21.15.52:6800/896317057,v1:172.21.15.52:6801/896317057] conn(0x7f443c0390a0 0x7f443c03b560 unknown :-1 s=BANNER_CONNECTING pgs=0 cs=0 l=1 rev1=0 crypto rx=0 tx=0 comp rx=0 tx=0)._handle_peer_banner_payload supported=3 required=0
2024-06-10T02:42:36.302 INFO:teuthology.orchestra.run.smithi052.stdout:/usr/bin/ceph: stderr
2024-06-10T02:42:34.519+0000 7f444effd700 1 --2- 172.21.15.52:0/103105982 >> [v2:172.21.15.52:6800/896317057,v1:172.21.15.52:6801/896317057] conn(0x7f443c0390a0 0x7f443c03b560 secure :-1 s=READY pgs=16 cs=0 l=1 rev1=1 crypto rx=0x7f4438006fd0 tx=0x7f4438006e40 comp rx=0 tx=0).ready entity=mgr.14118 client_cookie=0 server_cookie=0 in_seq=0 out_seq=0
2024-06-10T02:42:36.302 INFO:teuthology.orchestra.run.smithi052.stdout:/usr/bin/ceph: stderr
2024-06-10T02:42:34.524+0000 7f444cff9700 1 -- 172.21.15.52:0/103105982 <== mon.0 v2:172.21.15.52:3300/0 6 ==== mon_command_ack([{"prefix": "get_command_descriptions"}]=0 v0) ==== 72+0+186418 (secure 0 0 0) 0x7f444002c510 con 0x7f4450107ff0
2024-06-10T02:42:36.302 INFO:teuthology.orchestra.run.smithi052.stdout:/usr/bin/ceph: stderr
2024-06-10T02:42:34.793+0000 7f4456028700 1 -- 172.21.15.52:0/103105982 --> [v2:172.21.15.52:3300/0,v1:172.21.15.52:6789/0] -- mon_command({"prefix": "mgr module enable", "module": "dashboard"} v 0) -- 0x7f445007d280 con 0x7f4450107ff0
2024-06-10T02:42:36.302 INFO:teuthology.orchestra.run.smithi052.stdout:/usr/bin/ceph: stderr
2024-06-10T02:42:35.706+0000 7f444cff9700 1 -- 172.21.15.52:0/103105982 <== mon.0 v2:172.21.15.52:3300/0 7 ==== mon_command_ack([{"prefix": "mgr module enable", "module": "dashboard"}]=0 v9) ==== 88+0+0 (secure 0 0 0) 0x7f444002ad60 con 0x7f4450107ff0
2024-06-10T02:42:36.302 INFO:teuthology.orchestra.run.smithi052.stdout:/usr/bin/ceph: stderr
2024-06-10T02:42:35.708+0000 7f444cff9700 1 -- 172.21.15.52:0/103105982 <== mon.0 v2:172.21.15.52:3300/0 8 ==== mgrmap(e 9) ==== 46300+0+0 (secure 0 0 0) 0x7f444002dc90 con 0x7f4450107ff0
2024-06-10T02:42:36.302 INFO:teuthology.orchestra.run.smithi052.stdout:/usr/bin/ceph: stderr
2024-06-10T02:42:35.710+0000 7f4456028700 1 -- 172.21.15.52:0/103105982 >> [v2:172.21.15.52:6800/896317057,v1:172.21.15.52:6801/896317057] conn(0x7f443c0390a0 msgr2=0x7f443c03b560 secure :-1 s=STATE_CONNECTION_ESTABLISHED l=1).mark_down
2024-06-10T02:42:36.302 INFO:teuthology.orchestra.run.smithi052.stdout:/usr/bin/ceph: stderr
2024-06-10T02:42:35.710+0000 7f4456028700 1 --2- 172.21.15.52:0/103105982 >> [v2:172.21.15.52:6800/896317057,v1:172.21.15.52:6801/896317057] conn(0x7f443c0390a0 0x7f443c03b560 secure :-1 s=READY pgs=16 cs=0 l=1 rev1=1 crypto rx=0x7f4438006fd0 tx=0x7f4438006e40 comp rx=0 tx=0).stop
2024-06-10T02:42:36.302 INFO:teuthology.orchestra.run.smithi052.stdout:/usr/bin/ceph: stderr
2024-06-10T02:42:35.710+0000 7f4456028700 1 -- 172.21.15.52:0/103105982 >> [v2:172.21.15.52:3300/0,v1:172.21.15.52:6789/0] conn(0x7f4450107ff0 msgr2=0x7f445007e410 secure :-1 s=STATE_CONNECTION_ESTABLISHED l=1).mark_down
2024-06-10T02:42:36.303 INFO:teuthology.orchestra.run.smithi052.stdout:/usr/bin/ceph: stderr
2024-06-10T02:42:35.710+0000 7f4456028700 1 --2- 172.21.15.52:0/103105982 >> [v2:172.21.15.52:3300/0,v1:172.21.15.52:6789/0] conn(0x7f4450107ff0 0x7f445007e410 secure :-1 s=READY pgs=54 cs=0 l=1 rev1=1 crypto rx=0x7f4440000c00 tx=0x7f4440011c10 comp rx=0 tx=0).stop
2024-06-10T02:42:36.303 INFO:teuthology.orchestra.run.smithi052.stdout:/usr/bin/ceph: stderr
2024-06-10T02:42:35.710+0000 7f4456028700 1 -- 172.21.15.52:0/103105982 shutdown_connections
2024-06-10T02:42:36.303 INFO:teuthology.orchestra.run.smithi052.stdout:/usr/bin/ceph: stderr
2024-06-10T02:42:35.710+0000 7f4456028700 1 --2- 172.21.15.52:0/103105982 >> [v2:172.21.15.52:6800/896317057,v1:172.21.15.52:6801/896317057] conn(0x7f443c0390a0 0x7f443c03b560 unknown :-1 s=CLOSED pgs=16 cs=0 l=1 rev1=1 crypto rx=0 tx=0 comp rx=0 tx=0).stop
2024-06-10T02:42:36.303 INFO:teuthology.orchestra.run.smithi052.stdout:/usr/bin/ceph: stderr
2024-06-10T02:42:35.710+0000 7f4456028700 1 --2- 172.21.15.52:0/103105982 >> [v2:172.21.15.52:3300/0,v1:172.21.15.52:6789/0] conn(0x7f4450107ff0 0x7f445007e410 unknown :-1 s=CLOSED pgs=54 cs=0 l=1 rev1=1 crypto rx=0 tx=0 comp rx=0 tx=0).stop
2024-06-10T02:42:36.303 INFO:teuthology.orchestra.run.smithi052.stdout:/usr/bin/ceph: stderr
2024-06-10T02:42:35.710+0000 7f4456028700 1 -- 172.21.15.52:0/103105982 >> 172.21.15.52:0/103105982 conn(0x7f4450103590 msgr2=0x7f4450104030 unknown :-1 s=STATE_NONE l=0).mark_down
2024-06-10T02:42:36.303 INFO:teuthology.orchestra.run.smithi052.stdout:/usr/bin/ceph: stderr
2024-06-10T02:42:35.710+0000 7f4456028700 1 -- 172.21.15.52:0/103105982 shutdown_connections
2024-06-10T02:42:36.303 INFO:teuthology.orchestra.run.smithi052.stdout:/usr/bin/ceph: stderr
2024-06-10T02:42:35.710+0000 7f4456028700 1 -- 172.21.15.52:0/103105982 wait complete.
2024-06-10T02:42:36.472 INFO:journalctl@ceph.mgr.x.smithi052.stdout:Jun 10 02:42:36 smithi052 ceph-d8676e9e-26d2-11ef-bc9b-c7b262605968-mgr-x[32595]:
2024-06-10T02:42:36.195+0000 7fe32b7e6200 -1 mgr[py] Module snap_schedule has missing NOTIFY_TYPES member
2024-06-10T02:42:36.837 INFO:journalctl@ceph.mon.a.smithi052.stdout:Jun 10 02:42:36 smithi052 ceph-mon[32362]: from='client.? 172.21.15.52:0/103105982' entity='client.admin' cmd='[{"prefix": "mgr module enable", "module": "dashboard"}]': finished
2024-06-10T02:42:36.837 INFO:journalctl@ceph.mon.a.smithi052.stdout:Jun 10 02:42:36 smithi052 ceph-mon[32362]: mgrmap e9: x(active, since 20s)
2024-06-10T02:42:36.837 INFO:journalctl@ceph.mgr.x.smithi052.stdout:Jun 10 02:42:36 smithi052 ceph-d8676e9e-26d2-11ef-bc9b-c7b262605968-mgr-x[32595]:
2024-06-10T02:42:36.523+0000 7fe32b7e6200 -1 mgr[py] Module progress has missing NOTIFY_TYPES member
2024-06-10T02:42:36.838 INFO:journalctl@ceph.mgr.x.smithi052.stdout:Jun 10 02:42:36 smithi052 ceph-d8676e9e-26d2-11ef-bc9b-c7b262605968-mgr-x[32595]:
2024-06-10T02:42:36.612+0000 7fe32b7e6200 -1 mgr[py] Module influx has missing NOTIFY_TYPES member
2024-06-10T02:42:37.973 INFO:journalctl@ceph.mon.a.smithi052.stdout:Jun 10 02:42:37 smithi052 ceph-mon[32362]: from='client.? 172.21.15.52:0/1324569372' entity='client.admin' cmd=[{"prefix": "mgr stat"}]: dispatch
2024-06-10T02:42:37.973 INFO:journalctl@ceph.mgr.x.smithi052.stdout:Jun 10 02:42:37 smithi052 ceph-d8676e9e-26d2-11ef-bc9b-c7b262605968-mgr-x[32595]:
2024-06-10T02:42:37.877+0000 7fe32b7e6200 -1 mgr[py] Module telegraf has missing NOTIFY_TYPES member
2024-06-10T02:42:37.984 INFO:teuthology.orchestra.run.smithi052.stdout:/usr/bin/ceph: stdout {
2024-06-10T02:42:37.985 INFO:teuthology.orchestra.run.smithi052.stdout:/usr/bin/ceph: stdout "epoch": 9,
2024-06-10T02:42:37.985 INFO:teuthology.orchestra.run.smithi052.stdout:/usr/bin/ceph: stdout "available": true,
2024-06-10T02:42:37.985 INFO:teuthology.orchestra.run.smithi052.stdout:/usr/bin/ceph: stdout "active_name": "x",
2024-06-10T02:42:37.985 INFO:teuthology.orchestra.run.smithi052.stdout:/usr/bin/ceph: stdout "num_standby": 0
2024-06-10T02:42:37.985 INFO:teuthology.orchestra.run.smithi052.stdout:/usr/bin/ceph: stdout }
2024-06-10T02:42:37.985 INFO:teuthology.orchestra.run.smithi052.stdout:/usr/bin/ceph: stderr
2024-06-10T02:42:37.150+0000 7ff4bb5e6700 1 Processor -- start
2024-06-10T02:42:37.985 INFO:teuthology.orchestra.run.smithi052.stdout:/usr/bin/ceph: stderr
2024-06-10T02:42:37.150+0000 7ff4bb5e6700 1 -- start start
2024-06-10T02:42:37.985 INFO:teuthology.orchestra.run.smithi052.stdout:/usr/bin/ceph: stderr
2024-06-10T02:42:37.150+0000 7ff4bb5e6700 1 --2- >> [v2:172.21.15.52:3300/0,v1:172.21.15.52:6789/0] conn(0x7ff4b4108a50 0x7ff4b410ae40 unknown :-1 s=NONE pgs=0 cs=0 l=0 rev1=0 crypto rx=0 tx=0 comp rx=0 tx=0).connect
2024-06-10T02:42:37.985 INFO:teuthology.orchestra.run.smithi052.stdout:/usr/bin/ceph: stderr
2024-06-10T02:42:37.150+0000 7ff4bb5e6700 1 -- --> [v2:172.21.15.52:3300/0,v1:172.21.15.52:6789/0] -- mon_getmap magic: 0 -- 0x7ff4b407c6c0 con 0x7ff4b4108a50
2024-06-10T02:42:37.985 INFO:teuthology.orchestra.run.smithi052.stdout:/usr/bin/ceph: stderr
2024-06-10T02:42:37.151+0000 7ff4b9382700 1 --2- >> [v2:172.21.15.52:3300/0,v1:172.21.15.52:6789/0] conn(0x7ff4b4108a50 0x7ff4b410ae40 unknown :-1 s=BANNER_CONNECTING pgs=0 cs=0 l=0 rev1=0 crypto rx=0 tx=0 comp rx=0 tx=0)._handle_peer_banner_payload supported=3 required=0
2024-06-10T02:42:37.985 INFO:teuthology.orchestra.run.smithi052.stdout:/usr/bin/ceph: stderr
2024-06-10T02:42:37.151+0000 7ff4b9382700 1 --2- >> [v2:172.21.15.52:3300/0,v1:172.21.15.52:6789/0] conn(0x7ff4b4108a50 0x7ff4b410ae40 unknown :-1 s=HELLO_CONNECTING pgs=0 cs=0 l=0 rev1=1 crypto rx=0 tx=0 comp rx=0 tx=0).handle_hello peer v2:172.21.15.52:3300/0 says I am v2:172.21.15.52:49464/0 (socket says 172.21.15.52:49464)
2024-06-10T02:42:37.985 INFO:teuthology.orchestra.run.smithi052.stdout:/usr/bin/ceph: stderr
2024-06-10T02:42:37.151+0000 7ff4b9382700 1 -- 172.21.15.52:0/3259224277 learned_addr learned my addr 172.21.15.52:0/3259224277 (peer_addr_for_me v2:172.21.15.52:0/0)
2024-06-10T02:42:37.986 INFO:teuthology.orchestra.run.smithi052.stdout:/usr/bin/ceph: stderr
2024-06-10T02:42:37.151+0000 7ff4b9382700 1 -- 172.21.15.52:0/3259224277 --> [v2:172.21.15.52:3300/0,v1:172.21.15.52:6789/0] -- mon_subscribe({config=0+,monmap=0+}) -- 0x7ff4b410b380 con 0x7ff4b4108a50
2024-06-10T02:42:37.986 INFO:teuthology.orchestra.run.smithi052.stdout:/usr/bin/ceph: stderr
2024-06-10T02:42:37.151+0000 7ff4b9382700 1 --2- 172.21.15.52:0/3259224277 >> [v2:172.21.15.52:3300/0,v1:172.21.15.52:6789/0] conn(0x7ff4b4108a50 0x7ff4b410ae40 secure :-1 s=READY pgs=57 cs=0 l=1 rev1=1 crypto rx=0x7ff4b00098a0 tx=0x7ff4b0009bb0 comp rx=0 tx=0).ready entity=mon.0 client_cookie=6294c3581ef82ccd server_cookie=0 in_seq=0 out_seq=0
2024-06-10T02:42:37.986 INFO:teuthology.orchestra.run.smithi052.stdout:/usr/bin/ceph: stderr
2024-06-10T02:42:37.151+0000 7ff4a7fff700 1 -- 172.21.15.52:0/3259224277 <== mon.0 v2:172.21.15.52:3300/0 1 ==== mon_map magic: 0 ==== 205+0+0 (secure 0 0 0) 0x7ff4b0004160 con 0x7ff4b4108a50
2024-06-10T02:42:37.986 INFO:teuthology.orchestra.run.smithi052.stdout:/usr/bin/ceph: stderr
2024-06-10T02:42:37.151+0000 7ff4a7fff700 1 -- 172.21.15.52:0/3259224277 <== mon.0 v2:172.21.15.52:3300/0 2 ==== config(27 keys) ==== 1140+0+0 (secure 0 0 0) 0x7ff4b0004300 con 0x7ff4b4108a50
2024-06-10T02:42:37.986 INFO:teuthology.orchestra.run.smithi052.stdout:/usr/bin/ceph: stderr
2024-06-10T02:42:37.151+0000 7ff4a7fff700 1 -- 172.21.15.52:0/3259224277 <== mon.0 v2:172.21.15.52:3300/0 3 ==== mon_map magic: 0 ==== 205+0+0 (secure 0 0 0) 0x7ff4b0011b20 con 0x7ff4b4108a50
2024-06-10T02:42:37.986 INFO:teuthology.orchestra.run.smithi052.stdout:/usr/bin/ceph: stderr
2024-06-10T02:42:37.152+0000 7ff4bb5e6700 1 -- 172.21.15.52:0/3259224277 >> [v2:172.21.15.52:3300/0,v1:172.21.15.52:6789/0] conn(0x7ff4b4108a50 msgr2=0x7ff4b410ae40 secure :-1 s=STATE_CONNECTION_ESTABLISHED l=1).mark_down
2024-06-10T02:42:37.986 INFO:teuthology.orchestra.run.smithi052.stdout:/usr/bin/ceph: stderr
2024-06-10T02:42:37.152+0000 7ff4bb5e6700 1 --2- 172.21.15.52:0/3259224277 >> [v2:172.21.15.52:3300/0,v1:172.21.15.52:6789/0] conn(0x7ff4b4108a50 0x7ff4b410ae40 secure :-1 s=READY pgs=57 cs=0 l=1 rev1=1 crypto rx=0x7ff4b00098a0 tx=0x7ff4b0009bb0 comp rx=0 tx=0).stop
2024-06-10T02:42:37.986 INFO:teuthology.orchestra.run.smithi052.stdout:/usr/bin/ceph: stderr
2024-06-10T02:42:37.152+0000 7ff4bb5e6700 1 -- 172.21.15.52:0/3259224277 shutdown_connections
2024-06-10T02:42:37.986 INFO:teuthology.orchestra.run.smithi052.stdout:/usr/bin/ceph: stderr
2024-06-10T02:42:37.152+0000 7ff4bb5e6700 1 --2- 172.21.15.52:0/3259224277 >> [v2:172.21.15.52:3300/0,v1:172.21.15.52:6789/0] conn(0x7ff4b4108a50 0x7ff4b410ae40 unknown :-1 s=CLOSED pgs=57 cs=0 l=1 rev1=1 crypto rx=0 tx=0 comp rx=0 tx=0).stop
2024-06-10T02:42:37.986 INFO:teuthology.orchestra.run.smithi052.stdout:/usr/bin/ceph: stderr
2024-06-10T02:42:37.152+0000 7ff4bb5e6700 1 -- 172.21.15.52:0/3259224277 >> 172.21.15.52:0/3259224277 conn(0x7ff4b41024a0 msgr2=0x7ff4b41048c0 unknown :-1 s=STATE_NONE l=0).mark_down
2024-06-10T02:42:37.987 INFO:teuthology.orchestra.run.smithi052.stdout:/usr/bin/ceph: stderr
2024-06-10T02:42:37.152+0000 7ff4bb5e6700 1 -- 172.21.15.52:0/3259224277 shutdown_connections
2024-06-10T02:42:37.987 INFO:teuthology.orchestra.run.smithi052.stdout:/usr/bin/ceph: stderr
2024-06-10T02:42:37.152+0000 7ff4bb5e6700 1 -- 172.21.15.52:0/3259224277 wait complete.
2024-06-10T02:42:37.987 INFO:teuthology.orchestra.run.smithi052.stdout:/usr/bin/ceph: stderr
2024-06-10T02:42:37.153+0000 7ff4bb5e6700 1 Processor -- start
2024-06-10T02:42:37.987 INFO:teuthology.orchestra.run.smithi052.stdout:/usr/bin/ceph: stderr
2024-06-10T02:42:37.153+0000 7ff4bb5e6700 1 -- start start
2024-06-10T02:42:37.987 INFO:teuthology.orchestra.run.smithi052.stdout:/usr/bin/ceph: stderr
2024-06-10T02:42:37.153+0000 7ff4bb5e6700 1 --2- >> [v2:172.21.15.52:3300/0,v1:172.21.15.52:6789/0] conn(0x7ff4b4108a50 0x7ff4b41082d0 unknown :-1 s=NONE pgs=0 cs=0 l=1 rev1=0 crypto rx=0 tx=0 comp rx=0 tx=0).connect
2024-06-10T02:42:37.987 INFO:teuthology.orchestra.run.smithi052.stdout:/usr/bin/ceph: stderr
2024-06-10T02:42:37.153+0000 7ff4bb5e6700 1 -- --> [v2:172.21.15.52:3300/0,v1:172.21.15.52:6789/0] -- mon_getmap magic: 0 -- 0x7ff4b410c380 con 0x7ff4b4108a50
2024-06-10T02:42:37.987 INFO:teuthology.orchestra.run.smithi052.stdout:/usr/bin/ceph: stderr
2024-06-10T02:42:37.153+0000 7ff4b9382700 1 --2- >> [v2:172.21.15.52:3300/0,v1:172.21.15.52:6789/0] conn(0x7ff4b4108a50 0x7ff4b41082d0 unknown :-1 s=BANNER_CONNECTING pgs=0 cs=0 l=1 rev1=0 crypto rx=0 tx=0 comp rx=0 tx=0)._handle_peer_banner_payload supported=3 required=0
2024-06-10T02:42:37.987 INFO:teuthology.orchestra.run.smithi052.stdout:/usr/bin/ceph: stderr
2024-06-10T02:42:37.153+0000 7ff4b9382700 1 --2- >> [v2:172.21.15.52:3300/0,v1:172.21.15.52:6789/0] conn(0x7ff4b4108a50 0x7ff4b41082d0 unknown :-1 s=HELLO_CONNECTING pgs=0 cs=0 l=1 rev1=1 crypto rx=0 tx=0 comp rx=0 tx=0).handle_hello peer v2:172.21.15.52:3300/0 says I am v2:172.21.15.52:49470/0 (socket says 172.21.15.52:49470)
2024-06-10T02:42:37.987 INFO:teuthology.orchestra.run.smithi052.stdout:/usr/bin/ceph: stderr
2024-06-10T02:42:37.153+0000 7ff4b9382700 1 -- 172.21.15.52:0/1324569372 learned_addr learned my addr 172.21.15.52:0/1324569372 (peer_addr_for_me v2:172.21.15.52:0/0)
2024-06-10T02:42:37.987 INFO:teuthology.orchestra.run.smithi052.stdout:/usr/bin/ceph: stderr
2024-06-10T02:42:37.153+0000 7ff4b9382700 1 -- 172.21.15.52:0/1324569372 --> [v2:172.21.15.52:3300/0,v1:172.21.15.52:6789/0] -- mon_subscribe({config=0+,monmap=0+}) -- 0x7ff4b4108810 con 0x7ff4b4108a50
2024-06-10T02:42:37.987 INFO:teuthology.orchestra.run.smithi052.stdout:/usr/bin/ceph: stderr
