2024-06-10T02:42:37.154+0000 7ff4b9382700 1 --2- 172.21.15.52:0/1324569372 >> [v2:172.21.15.52:3300/0,v1:172.21.15.52:6789/0] conn(0x7ff4b4108a50 0x7ff4b41082d0 secure :-1 s=READY pgs=58 cs=0 l=1 rev1=1 crypto rx=0x7ff4b00117e0 tx=0x7ff4b0011ba0 comp rx=0 tx=0).ready entity=mon.0 client_cookie=0 server_cookie=0 in_seq=0 out_seq=0
2024-06-10T02:42:37.987 INFO:teuthology.orchestra.run.smithi052.stdout:/usr/bin/ceph: stderr
2024-06-10T02:42:37.154+0000 7ff4a67fc700 1 -- 172.21.15.52:0/1324569372 <== mon.0 v2:172.21.15.52:3300/0 1 ==== mon_map magic: 0 ==== 205+0+0 (secure 0 0 0) 0x7ff4b0003ba0 con 0x7ff4b4108a50
2024-06-10T02:42:37.987 INFO:teuthology.orchestra.run.smithi052.stdout:/usr/bin/ceph: stderr
2024-06-10T02:42:37.154+0000 7ff4a67fc700 1 -- 172.21.15.52:0/1324569372 <== mon.0 v2:172.21.15.52:3300/0 2 ==== config(27 keys) ==== 1140+0+0 (secure 0 0 0) 0x7ff4b001a910 con 0x7ff4b4108a50
2024-06-10T02:42:37.988 INFO:teuthology.orchestra.run.smithi052.stdout:/usr/bin/ceph: stderr
2024-06-10T02:42:37.154+0000 7ff4a67fc700 1 -- 172.21.15.52:0/1324569372 <== mon.0 v2:172.21.15.52:3300/0 3 ==== mon_map magic: 0 ==== 205+0+0 (secure 0 0 0) 0x7ff4b00248f0 con 0x7ff4b4108a50
2024-06-10T02:42:37.988 INFO:teuthology.orchestra.run.smithi052.stdout:/usr/bin/ceph: stderr
2024-06-10T02:42:37.154+0000 7ff4bb5e6700 1 -- 172.21.15.52:0/1324569372 --> [v2:172.21.15.52:3300/0,v1:172.21.15.52:6789/0] -- mon_subscribe({mgrmap=0+}) -- 0x7ff4b4106a00 con 0x7ff4b4108a50
2024-06-10T02:42:37.988 INFO:teuthology.orchestra.run.smithi052.stdout:/usr/bin/ceph: stderr
2024-06-10T02:42:37.154+0000 7ff4bb5e6700 1 -- 172.21.15.52:0/1324569372 --> [v2:172.21.15.52:3300/0,v1:172.21.15.52:6789/0] -- mon_subscribe({osdmap=0}) -- 0x7ff4b4106ec0 con 0x7ff4b4108a50
2024-06-10T02:42:37.988 INFO:teuthology.orchestra.run.smithi052.stdout:/usr/bin/ceph: stderr
2024-06-10T02:42:37.155+0000 7ff4a67fc700 1 -- 172.21.15.52:0/1324569372 <== mon.0 v2:172.21.15.52:3300/0 4 ==== mgrmap(e 9) ==== 46300+0+0 (secure 0 0 0) 0x7ff4b0022020 con 0x7ff4b4108a50
2024-06-10T02:42:37.988 INFO:teuthology.orchestra.run.smithi052.stdout:/usr/bin/ceph: stderr
2024-06-10T02:42:37.155+0000 7ff4bb5e6700 1 -- 172.21.15.52:0/1324569372 --> [v2:172.21.15.52:3300/0,v1:172.21.15.52:6789/0] -- mon_command({"prefix": "get_command_descriptions"} v 0) -- 0x7ff4b4063af0 con 0x7ff4b4108a50
2024-06-10T02:42:37.988 INFO:teuthology.orchestra.run.smithi052.stdout:/usr/bin/ceph: stderr
2024-06-10T02:42:37.155+0000 7ff4a67fc700 1 --2- 172.21.15.52:0/1324569372 >> [v2:172.21.15.52:6800/896317057,v1:172.21.15.52:6801/896317057] conn(0x7ff4a0039100 0x7ff4a003b5c0 unknown :-1 s=NONE pgs=0 cs=0 l=1 rev1=0 crypto rx=0 tx=0 comp rx=0 tx=0).connect
2024-06-10T02:42:37.988 INFO:teuthology.orchestra.run.smithi052.stdout:/usr/bin/ceph: stderr
2024-06-10T02:42:37.155+0000 7ff4a67fc700 1 -- 172.21.15.52:0/1324569372 <== mon.0 v2:172.21.15.52:3300/0 5 ==== osd_map(2..2 src has 1..2) ==== 940+0+0 (secure 0 0 0) 0x7ff4b004e450 con 0x7ff4b4108a50
2024-06-10T02:42:37.988 INFO:teuthology.orchestra.run.smithi052.stdout:/usr/bin/ceph: stderr
2024-06-10T02:42:37.155+0000 7ff4b8b81700 1 -- 172.21.15.52:0/1324569372 >> [v2:172.21.15.52:6800/896317057,v1:172.21.15.52:6801/896317057] conn(0x7ff4a0039100 msgr2=0x7ff4a003b5c0 unknown :-1 s=STATE_CONNECTING_RE l=1).process reconnect failed to v2:172.21.15.52:6800/896317057
2024-06-10T02:42:37.988 INFO:teuthology.orchestra.run.smithi052.stdout:/usr/bin/ceph: stderr
2024-06-10T02:42:37.155+0000 7ff4b8b81700 1 --2- 172.21.15.52:0/1324569372 >> [v2:172.21.15.52:6800/896317057,v1:172.21.15.52:6801/896317057] conn(0x7ff4a0039100 0x7ff4a003b5c0 unknown :-1 s=START_CONNECT pgs=0 cs=0 l=1 rev1=0 crypto rx=0 tx=0 comp rx=0 tx=0)._fault waiting 0.200000
2024-06-10T02:42:37.988 INFO:teuthology.orchestra.run.smithi052.stdout:/usr/bin/ceph: stderr
2024-06-10T02:42:37.160+0000 7ff4a67fc700 1 -- 172.21.15.52:0/1324569372 <== mon.0 v2:172.21.15.52:3300/0 6 ==== mon_command_ack([{"prefix": "get_command_descriptions"}]=0 v0) ==== 72+0+186418 (secure 0 0 0) 0x7ff4b000b3e0 con 0x7ff4b4108a50
2024-06-10T02:42:37.988 INFO:teuthology.orchestra.run.smithi052.stdout:/usr/bin/ceph: stderr
2024-06-10T02:42:37.356+0000 7ff4b8b81700 1 -- 172.21.15.52:0/1324569372 >> [v2:172.21.15.52:6800/896317057,v1:172.21.15.52:6801/896317057] conn(0x7ff4a0039100 msgr2=0x7ff4a003b5c0 unknown :-1 s=STATE_CONNECTING_RE l=1).process reconnect failed to v2:172.21.15.52:6800/896317057
2024-06-10T02:42:37.989 INFO:teuthology.orchestra.run.smithi052.stdout:/usr/bin/ceph: stderr
2024-06-10T02:42:37.356+0000 7ff4b8b81700 1 --2- 172.21.15.52:0/1324569372 >> [v2:172.21.15.52:6800/896317057,v1:172.21.15.52:6801/896317057] conn(0x7ff4a0039100 0x7ff4a003b5c0 unknown :-1 s=START_CONNECT pgs=0 cs=0 l=1 rev1=0 crypto rx=0 tx=0 comp rx=0 tx=0)._fault waiting 0.400000
2024-06-10T02:42:37.989 INFO:teuthology.orchestra.run.smithi052.stdout:/usr/bin/ceph: stderr
2024-06-10T02:42:37.425+0000 7ff4bb5e6700 1 -- 172.21.15.52:0/1324569372 --> [v2:172.21.15.52:3300/0,v1:172.21.15.52:6789/0] -- mon_command({"prefix": "mgr stat"} v 0) -- 0x7ff4b4107660 con 0x7ff4b4108a50
2024-06-10T02:42:37.989 INFO:teuthology.orchestra.run.smithi052.stdout:/usr/bin/ceph: stderr
2024-06-10T02:42:37.425+0000 7ff4a67fc700 1 -- 172.21.15.52:0/1324569372 <== mon.0 v2:172.21.15.52:3300/0 7 ==== mon_command_ack([{"prefix": "mgr stat"}]=0 v9) ==== 56+0+88 (secure 0 0 0) 0x7ff4b0020c10 con 0x7ff4b4108a50
2024-06-10T02:42:37.989 INFO:teuthology.orchestra.run.smithi052.stdout:/usr/bin/ceph: stderr
2024-06-10T02:42:37.428+0000 7ff4bb5e6700 1 -- 172.21.15.52:0/1324569372 >> [v2:172.21.15.52:6800/896317057,v1:172.21.15.52:6801/896317057] conn(0x7ff4a0039100 msgr2=0x7ff4a003b5c0 unknown :-1 s=STATE_CONNECTING l=1).mark_down
2024-06-10T02:42:37.989 INFO:teuthology.orchestra.run.smithi052.stdout:/usr/bin/ceph: stderr
2024-06-10T02:42:37.428+0000 7ff4bb5e6700 1 --2- 172.21.15.52:0/1324569372 >> [v2:172.21.15.52:6800/896317057,v1:172.21.15.52:6801/896317057] conn(0x7ff4a0039100 0x7ff4a003b5c0 unknown :-1 s=START_CONNECT pgs=0 cs=0 l=1 rev1=0 crypto rx=0 tx=0 comp rx=0 tx=0).stop
2024-06-10T02:42:37.989 INFO:teuthology.orchestra.run.smithi052.stdout:/usr/bin/ceph: stderr
2024-06-10T02:42:37.428+0000 7ff4bb5e6700 1 -- 172.21.15.52:0/1324569372 >> [v2:172.21.15.52:3300/0,v1:172.21.15.52:6789/0] conn(0x7ff4b4108a50 msgr2=0x7ff4b41082d0 secure :-1 s=STATE_CONNECTION_ESTABLISHED l=1).mark_down
2024-06-10T02:42:37.989 INFO:teuthology.orchestra.run.smithi052.stdout:/usr/bin/ceph: stderr
2024-06-10T02:42:37.428+0000 7ff4bb5e6700 1 --2- 172.21.15.52:0/1324569372 >> [v2:172.21.15.52:3300/0,v1:172.21.15.52:6789/0] conn(0x7ff4b4108a50 0x7ff4b41082d0 secure :-1 s=READY pgs=58 cs=0 l=1 rev1=1 crypto rx=0x7ff4b00117e0 tx=0x7ff4b0011ba0 comp rx=0 tx=0).stop
2024-06-10T02:42:37.989 INFO:teuthology.orchestra.run.smithi052.stdout:/usr/bin/ceph: stderr
2024-06-10T02:42:37.428+0000 7ff4bb5e6700 1 -- 172.21.15.52:0/1324569372 shutdown_connections
2024-06-10T02:42:37.989 INFO:teuthology.orchestra.run.smithi052.stdout:/usr/bin/ceph: stderr
2024-06-10T02:42:37.428+0000 7ff4bb5e6700 1 --2- 172.21.15.52:0/1324569372 >> [v2:172.21.15.52:6800/896317057,v1:172.21.15.52:6801/896317057] conn(0x7ff4a0039100 0x7ff4a003b5c0 unknown :-1 s=CLOSED pgs=0 cs=0 l=1 rev1=0 crypto rx=0 tx=0 comp rx=0 tx=0).stop
2024-06-10T02:42:37.989 INFO:teuthology.orchestra.run.smithi052.stdout:/usr/bin/ceph: stderr
2024-06-10T02:42:37.428+0000 7ff4bb5e6700 1 --2- 172.21.15.52:0/1324569372 >> [v2:172.21.15.52:3300/0,v1:172.21.15.52:6789/0] conn(0x7ff4b4108a50 0x7ff4b41082d0 unknown :-1 s=CLOSED pgs=58 cs=0 l=1 rev1=1 crypto rx=0 tx=0 comp rx=0 tx=0).stop
2024-06-10T02:42:37.989 INFO:teuthology.orchestra.run.smithi052.stdout:/usr/bin/ceph: stderr
2024-06-10T02:42:37.428+0000 7ff4bb5e6700 1 -- 172.21.15.52:0/1324569372 >> 172.21.15.52:0/1324569372 conn(0x7ff4b41024a0 msgr2=0x7ff4b4102e70 unknown :-1 s=STATE_NONE l=0).mark_down
2024-06-10T02:42:37.990 INFO:teuthology.orchestra.run.smithi052.stdout:/usr/bin/ceph: stderr
2024-06-10T02:42:37.428+0000 7ff4bb5e6700 1 -- 172.21.15.52:0/1324569372 shutdown_connections
2024-06-10T02:42:37.990 INFO:teuthology.orchestra.run.smithi052.stdout:/usr/bin/ceph: stderr
2024-06-10T02:42:37.428+0000 7ff4bb5e6700 1 -- 172.21.15.52:0/1324569372 wait complete.
2024-06-10T02:42:37.990 INFO:teuthology.orchestra.run.smithi052.stdout:Waiting for the mgr to restart...
2024-06-10T02:42:37.990 INFO:teuthology.orchestra.run.smithi052.stdout:Waiting for mgr epoch 9...
2024-06-10T02:42:38.235 INFO:journalctl@ceph.mgr.x.smithi052.stdout:Jun 10 02:42:38 smithi052 ceph-d8676e9e-26d2-11ef-bc9b-c7b262605968-mgr-x[32595]:
2024-06-10T02:42:38.059+0000 7fe32b7e6200 -1 mgr[py] Module osd_support has missing NOTIFY_TYPES member
2024-06-10T02:42:38.236 INFO:journalctl@ceph.mgr.x.smithi052.stdout:Jun 10 02:42:38 smithi052 ceph-d8676e9e-26d2-11ef-bc9b-c7b262605968-mgr-x[32595]:
2024-06-10T02:42:38.239+0000 7fe32b7e6200 -1 mgr[py] Module iostat has missing NOTIFY_TYPES member
2024-06-10T02:42:38.849 INFO:journalctl@ceph.mgr.x.smithi052.stdout:Jun 10 02:42:38 smithi052 ceph-d8676e9e-26d2-11ef-bc9b-c7b262605968-mgr-x[32595]:
2024-06-10T02:42:38.545+0000 7fe32b7e6200 -1 mgr[py] Module alerts has missing NOTIFY_TYPES member
2024-06-10T02:42:38.849 INFO:journalctl@ceph.mgr.x.smithi052.stdout:Jun 10 02:42:38 smithi052 ceph-d8676e9e-26d2-11ef-bc9b-c7b262605968-mgr-x[32595]:
2024-06-10T02:42:38.642+0000 7fe32b7e6200 -1 mgr[py] Module selftest has missing NOTIFY_TYPES member
2024-06-10T02:42:38.849 INFO:journalctl@ceph.mgr.x.smithi052.stdout:Jun 10 02:42:38 smithi052 ceph-d8676e9e-26d2-11ef-bc9b-c7b262605968-mgr-x[32595]:
2024-06-10T02:42:38.853+0000 7fe32b7e6200 -1 mgr[py] Module pg_autoscaler has missing NOTIFY_TYPES member
2024-06-10T02:42:39.223 INFO:journalctl@ceph.mgr.x.smithi052.stdout:Jun 10 02:42:39 smithi052 ceph-d8676e9e-26d2-11ef-bc9b-c7b262605968-mgr-x[32595]:
2024-06-10T02:42:39.055+0000 7fe32b7e6200 -1 mgr[py] Module test_orchestrator has missing NOTIFY_TYPES member
2024-06-10T02:42:39.973 INFO:journalctl@ceph.mgr.x.smithi052.stdout:Jun 10 02:42:39 smithi052 ceph-d8676e9e-26d2-11ef-bc9b-c7b262605968-mgr-x[32595]:
2024-06-10T02:42:39.685+0000 7fe32b7e6200 -1 mgr[py] Module rook has missing NOTIFY_TYPES member
2024-06-10T02:42:40.433 INFO:journalctl@ceph.mgr.x.smithi052.stdout:Jun 10 02:42:40 smithi052 ceph-d8676e9e-26d2-11ef-bc9b-c7b262605968-mgr-x[32595]:
2024-06-10T02:42:40.125+0000 7fe32b7e6200 -1 mgr[py] Module volumes has missing NOTIFY_TYPES member
2024-06-10T02:42:40.433 INFO:journalctl@ceph.mgr.x.smithi052.stdout:Jun 10 02:42:40 smithi052 ceph-d8676e9e-26d2-11ef-bc9b-c7b262605968-mgr-x[32595]:
2024-06-10T02:42:40.227+0000 7fe32b7e6200 -1 mgr[py] Module crash has missing NOTIFY_TYPES member
2024-06-10T02:42:40.433 INFO:journalctl@ceph.mgr.x.smithi052.stdout:Jun 10 02:42:40 smithi052 ceph-d8676e9e-26d2-11ef-bc9b-c7b262605968-mgr-x[32595]:
2024-06-10T02:42:40.436+0000 7fe32b7e6200 -1 mgr[py] Module rgw has missing NOTIFY_TYPES member
2024-06-10T02:42:41.223 INFO:journalctl@ceph.mgr.x.smithi052.stdout:Jun 10 02:42:40 smithi052 ceph-d8676e9e-26d2-11ef-bc9b-c7b262605968-mgr-x[32595]:
2024-06-10T02:42:40.984+0000 7fe32b7e6200 -1 mgr[py] Module prometheus has missing NOTIFY_TYPES member
2024-06-10T02:42:41.223 INFO:journalctl@ceph.mgr.x.smithi052.stdout:Jun 10 02:42:41 smithi052 ceph-d8676e9e-26d2-11ef-bc9b-c7b262605968-mgr-x[32595]:
2024-06-10T02:42:41.081+0000 7fe32b7e6200 -1 mgr[py] Module devicehealth has missing NOTIFY_TYPES member
2024-06-10T02:42:41.697 INFO:journalctl@ceph.mgr.x.smithi052.stdout:Jun 10 02:42:41 smithi052 ceph-d8676e9e-26d2-11ef-bc9b-c7b262605968-mgr-x[32595]:
2024-06-10T02:42:41.335+0000 7fe32b7e6200 -1 mgr[py] Module telemetry has missing NOTIFY_TYPES member
2024-06-10T02:42:41.697 INFO:journalctl@ceph.mgr.x.smithi052.stdout:Jun 10 02:42:41 smithi052 ceph-d8676e9e-26d2-11ef-bc9b-c7b262605968-mgr-x[32595]:
2024-06-10T02:42:41.475+0000 7fe32b7e6200 -1 mgr[py] Module diskprediction_local has missing NOTIFY_TYPES member
2024-06-10T02:42:41.697 INFO:journalctl@ceph.mgr.x.smithi052.stdout:Jun 10 02:42:41 smithi052 ceph-d8676e9e-26d2-11ef-bc9b-c7b262605968-mgr-x[32595]:
2024-06-10T02:42:41.579+0000 7fe32b7e6200 -1 mgr[py] Module osd_perf_query has missing NOTIFY_TYPES member
2024-06-10T02:42:41.697 INFO:journalctl@ceph.mgr.x.smithi052.stdout:Jun 10 02:42:41 smithi052 ceph-d8676e9e-26d2-11ef-bc9b-c7b262605968-mgr-x[32595]:
2024-06-10T02:42:41.700+0000 7fe32b7e6200 -1 mgr[py] Module rbd_support has missing NOTIFY_TYPES member
2024-06-10T02:42:42.473 INFO:journalctl@ceph.mgr.x.smithi052.stdout:Jun 10 02:42:42 smithi052 ceph-d8676e9e-26d2-11ef-bc9b-c7b262605968-mgr-x[32595]:
2024-06-10T02:42:42.011+0000 7fe32b7e6200 -1 mgr[py] Module zabbix has missing NOTIFY_TYPES member
2024-06-10T02:42:42.919 INFO:journalctl@ceph.mgr.x.smithi052.stdout:Jun 10 02:42:42 smithi052 ceph-d8676e9e-26d2-11ef-bc9b-c7b262605968-mgr-x[32595]:
2024-06-10T02:42:42.644+0000 7fe32b7e6200 -1 mgr[py] Module status has missing NOTIFY_TYPES member
2024-06-10T02:42:42.919 INFO:journalctl@ceph.mgr.x.smithi052.stdout:Jun 10 02:42:42 smithi052 ceph-d8676e9e-26d2-11ef-bc9b-c7b262605968-mgr-x[32595]:
2024-06-10T02:42:42.870+0000 7fe32b7e6200 -1 mgr[py] Module nfs has missing NOTIFY_TYPES member
2024-06-10T02:42:43.223 INFO:journalctl@ceph.mon.a.smithi052.stdout:Jun 10 02:42:42 smithi052 ceph-mon[32362]: Active manager daemon x restarted
2024-06-10T02:42:43.223 INFO:journalctl@ceph.mon.a.smithi052.stdout:Jun 10 02:42:42 smithi052 ceph-mon[32362]: Activating manager daemon x
2024-06-10T02:42:43.223 INFO:journalctl@ceph.mon.a.smithi052.stdout:Jun 10 02:42:42 smithi052 ceph-mon[32362]: osdmap e3: 0 total, 0 up, 0 in
2024-06-10T02:42:43.223 INFO:journalctl@ceph.mon.a.smithi052.stdout:Jun 10 02:42:42 smithi052 ceph-mon[32362]: mgrmap e10: x(active, starting, since 0.00337293s)
2024-06-10T02:42:43.223 INFO:journalctl@ceph.mon.a.smithi052.stdout:Jun 10 02:42:42 smithi052 ceph-mon[32362]: from='mgr.14150 172.21.15.52:0/2939367345' entity='mgr.x' cmd=[{"prefix": "mon metadata", "id": "a"}]: dispatch
2024-06-10T02:42:43.223 INFO:journalctl@ceph.mon.a.smithi052.stdout:Jun 10 02:42:42 smithi052 ceph-mon[32362]: from='mgr.14150 172.21.15.52:0/2939367345' entity='mgr.x' cmd=[{"prefix": "mgr metadata", "who": "x", "id": "x"}]: dispatch
2024-06-10T02:42:43.223 INFO:journalctl@ceph.mon.a.smithi052.stdout:Jun 10 02:42:42 smithi052 ceph-mon[32362]: from='mgr.14150 172.21.15.52:0/2939367345' entity='mgr.x' cmd=[{"prefix": "mds metadata"}]: dispatch
2024-06-10T02:42:43.223 INFO:journalctl@ceph.mon.a.smithi052.stdout:Jun 10 02:42:42 smithi052 ceph-mon[32362]: from='mgr.14150 172.21.15.52:0/2939367345' entity='mgr.x' cmd=[{"prefix": "osd metadata"}]: dispatch
2024-06-10T02:42:43.224 INFO:journalctl@ceph.mon.a.smithi052.stdout:Jun 10 02:42:42 smithi052 ceph-mon[32362]: from='mgr.14150 172.21.15.52:0/2939367345' entity='mgr.x' cmd=[{"prefix": "mon metadata"}]: dispatch
2024-06-10T02:42:43.224 INFO:journalctl@ceph.mon.a.smithi052.stdout:Jun 10 02:42:42 smithi052 ceph-mon[32362]: Manager daemon x is now available
2024-06-10T02:42:43.224 INFO:journalctl@ceph.mon.a.smithi052.stdout:Jun 10 02:42:42 smithi052 ceph-mon[32362]: from='mgr.14150 172.21.15.52:0/2939367345' entity='mgr.x' cmd=[{"prefix": "config dump", "format": "json"}]: dispatch
2024-06-10T02:42:44.099 INFO:journalctl@ceph.mon.a.smithi052.stdout:Jun 10 02:42:43 smithi052 ceph-mon[32362]: from='mgr.14150 172.21.15.52:0/2939367345' entity='mgr.x' cmd=[{"prefix":"config rm","who":"mgr","name":"mgr/rbd_support/x/mirror_snapshot_schedule"}]: dispatch
2024-06-10T02:42:44.099 INFO:journalctl@ceph.mon.a.smithi052.stdout:Jun 10 02:42:43 smithi052 ceph-mon[32362]: from='mgr.14150 172.21.15.52:0/2939367345' entity='mgr.x' cmd=[{"prefix":"config rm","who":"mgr","name":"mgr/rbd_support/x/trash_purge_schedule"}]: dispatch
2024-06-10T02:42:44.099 INFO:journalctl@ceph.mon.a.smithi052.stdout:Jun 10 02:42:43 smithi052 ceph-mon[32362]: mgrmap e11: x(active, since 1.00654s)
2024-06-10T02:42:44.813 INFO:teuthology.orchestra.run.smithi052.stdout:/usr/bin/ceph: stdout {
2024-06-10T02:42:44.813 INFO:teuthology.orchestra.run.smithi052.stdout:/usr/bin/ceph: stdout "mgrmap_epoch": 11,
2024-06-10T02:42:44.813 INFO:teuthology.orchestra.run.smithi052.stdout:/usr/bin/ceph: stdout "initialized": true
2024-06-10T02:42:44.813 INFO:teuthology.orchestra.run.smithi052.stdout:/usr/bin/ceph: stdout }
2024-06-10T02:42:44.813 INFO:teuthology.orchestra.run.smithi052.stdout:/usr/bin/ceph: stderr
2024-06-10T02:42:38.388+0000 7f3b941c9700 1 Processor -- start
2024-06-10T02:42:44.813 INFO:teuthology.orchestra.run.smithi052.stdout:/usr/bin/ceph: stderr
2024-06-10T02:42:38.388+0000 7f3b941c9700 1 -- start start
2024-06-10T02:42:44.813 INFO:teuthology.orchestra.run.smithi052.stdout:/usr/bin/ceph: stderr
2024-06-10T02:42:38.388+0000 7f3b941c9700 1 --2- >> [v2:172.21.15.52:3300/0,v1:172.21.15.52:6789/0] conn(0x7f3b8c108a50 0x7f3b8c10ae40 unknown :-1 s=NONE pgs=0 cs=0 l=0 rev1=0 crypto rx=0 tx=0 comp rx=0 tx=0).connect
2024-06-10T02:42:44.814 INFO:teuthology.orchestra.run.smithi052.stdout:/usr/bin/ceph: stderr
2024-06-10T02:42:38.388+0000 7f3b941c9700 1 -- --> [v2:172.21.15.52:3300/0,v1:172.21.15.52:6789/0] -- mon_getmap magic: 0 -- 0x7f3b8c07c6d0 con 0x7f3b8c108a50
2024-06-10T02:42:44.814 INFO:teuthology.orchestra.run.smithi052.stdout:/usr/bin/ceph: stderr
2024-06-10T02:42:38.389+0000 7f3b91f65700 1 --2- >> [v2:172.21.15.52:3300/0,v1:172.21.15.52:6789/0] conn(0x7f3b8c108a50 0x7f3b8c10ae40 unknown :-1 s=BANNER_CONNECTING pgs=0 cs=0 l=0 rev1=0 crypto rx=0 tx=0 comp rx=0 tx=0)._handle_peer_banner_payload supported=3 required=0
2024-06-10T02:42:44.814 INFO:teuthology.orchestra.run.smithi052.stdout:/usr/bin/ceph: stderr
2024-06-10T02:42:38.389+0000 7f3b91f65700 1 --2- >> [v2:172.21.15.52:3300/0,v1:172.21.15.52:6789/0] conn(0x7f3b8c108a50 0x7f3b8c10ae40 unknown :-1 s=HELLO_CONNECTING pgs=0 cs=0 l=0 rev1=1 crypto rx=0 tx=0 comp rx=0 tx=0).handle_hello peer v2:172.21.15.52:3300/0 says I am v2:172.21.15.52:49474/0 (socket says 172.21.15.52:49474)
2024-06-10T02:42:44.814 INFO:teuthology.orchestra.run.smithi052.stdout:/usr/bin/ceph: stderr
2024-06-10T02:42:38.389+0000 7f3b91f65700 1 -- 172.21.15.52:0/725641940 learned_addr learned my addr 172.21.15.52:0/725641940 (peer_addr_for_me v2:172.21.15.52:0/0)
2024-06-10T02:42:44.814 INFO:teuthology.orchestra.run.smithi052.stdout:/usr/bin/ceph: stderr
2024-06-10T02:42:38.389+0000 7f3b91f65700 1 -- 172.21.15.52:0/725641940 --> [v2:172.21.15.52:3300/0,v1:172.21.15.52:6789/0] -- mon_subscribe({config=0+,monmap=0+}) -- 0x7f3b8c10b380 con 0x7f3b8c108a50
2024-06-10T02:42:44.814 INFO:teuthology.orchestra.run.smithi052.stdout:/usr/bin/ceph: stderr
2024-06-10T02:42:38.389+0000 7f3b91f65700 1 --2- 172.21.15.52:0/725641940 >> [v2:172.21.15.52:3300/0,v1:172.21.15.52:6789/0] conn(0x7f3b8c108a50 0x7f3b8c10ae40 secure :-1 s=READY pgs=59 cs=0 l=1 rev1=1 crypto rx=0x7f3b880098a0 tx=0x7f3b88009bb0 comp rx=0 tx=0).ready entity=mon.0 client_cookie=794cfdb3f61636b3 server_cookie=0 in_seq=0 out_seq=0
2024-06-10T02:42:44.814 INFO:teuthology.orchestra.run.smithi052.stdout:/usr/bin/ceph: stderr
2024-06-10T02:42:38.389+0000 7f3b90f63700 1 -- 172.21.15.52:0/725641940 <== mon.0 v2:172.21.15.52:3300/0 1 ==== mon_map magic: 0 ==== 205+0+0 (secure 0 0 0) 0x7f3b88004160 con 0x7f3b8c108a50
2024-06-10T02:42:44.814 INFO:teuthology.orchestra.run.smithi052.stdout:/usr/bin/ceph: stderr
2024-06-10T02:42:38.389+0000 7f3b90f63700 1 -- 172.21.15.52:0/725641940 <== mon.0 v2:172.21.15.52:3300/0 2 ==== config(27 keys) ==== 1140+0+0 (secure 0 0 0) 0x7f3b88004300 con 0x7f3b8c108a50
2024-06-10T02:42:44.814 INFO:teuthology.orchestra.run.smithi052.stdout:/usr/bin/ceph: stderr
2024-06-10T02:42:38.389+0000 7f3b90f63700 1 -- 172.21.15.52:0/725641940 <== mon.0 v2:172.21.15.52:3300/0 3 ==== mon_map magic: 0 ==== 205+0+0 (secure 0 0 0) 0x7f3b88011b20 con 0x7f3b8c108a50
2024-06-10T02:42:44.814 INFO:teuthology.orchestra.run.smithi052.stdout:/usr/bin/ceph: stderr
2024-06-10T02:42:38.390+0000 7f3b941c9700 1 -- 172.21.15.52:0/725641940 >> [v2:172.21.15.52:3300/0,v1:172.21.15.52:6789/0] conn(0x7f3b8c108a50 msgr2=0x7f3b8c10ae40 secure :-1 s=STATE_CONNECTION_ESTABLISHED l=1).mark_down
2024-06-10T02:42:44.814 INFO:teuthology.orchestra.run.smithi052.stdout:/usr/bin/ceph: stderr
2024-06-10T02:42:38.390+0000 7f3b941c9700 1 --2- 172.21.15.52:0/725641940 >> [v2:172.21.15.52:3300/0,v1:172.21.15.52:6789/0] conn(0x7f3b8c108a50 0x7f3b8c10ae40 secure :-1 s=READY pgs=59 cs=0 l=1 rev1=1 crypto rx=0x7f3b880098a0 tx=0x7f3b88009bb0 comp rx=0 tx=0).stop
2024-06-10T02:42:44.815 INFO:teuthology.orchestra.run.smithi052.stdout:/usr/bin/ceph: stderr
2024-06-10T02:42:38.390+0000 7f3b941c9700 1 -- 172.21.15.52:0/725641940 shutdown_connections
2024-06-10T02:42:44.815 INFO:teuthology.orchestra.run.smithi052.stdout:/usr/bin/ceph: stderr
2024-06-10T02:42:38.390+0000 7f3b941c9700 1 --2- 172.21.15.52:0/725641940 >> [v2:172.21.15.52:3300/0,v1:172.21.15.52:6789/0] conn(0x7f3b8c108a50 0x7f3b8c10ae40 unknown :-1 s=CLOSED pgs=59 cs=0 l=1 rev1=1 crypto rx=0 tx=0 comp rx=0 tx=0).stop
2024-06-10T02:42:44.815 INFO:teuthology.orchestra.run.smithi052.stdout:/usr/bin/ceph: stderr
2024-06-10T02:42:38.390+0000 7f3b941c9700 1 -- 172.21.15.52:0/725641940 >> 172.21.15.52:0/725641940 conn(0x7f3b8c102440 msgr2=0x7f3b8c104860 unknown :-1 s=STATE_NONE l=0).mark_down
2024-06-10T02:42:44.815 INFO:teuthology.orchestra.run.smithi052.stdout:/usr/bin/ceph: stderr
2024-06-10T02:42:38.390+0000 7f3b941c9700 1 -- 172.21.15.52:0/725641940 shutdown_connections
2024-06-10T02:42:44.815 INFO:teuthology.orchestra.run.smithi052.stdout:/usr/bin/ceph: stderr
2024-06-10T02:42:38.390+0000 7f3b941c9700 1 -- 172.21.15.52:0/725641940 wait complete.
2024-06-10T02:42:44.815 INFO:teuthology.orchestra.run.smithi052.stdout:/usr/bin/ceph: stderr
2024-06-10T02:42:38.391+0000 7f3b941c9700 1 Processor -- start
2024-06-10T02:42:44.815 INFO:teuthology.orchestra.run.smithi052.stdout:/usr/bin/ceph: stderr
2024-06-10T02:42:38.391+0000 7f3b941c9700 1 -- start start
2024-06-10T02:42:44.815 INFO:teuthology.orchestra.run.smithi052.stdout:/usr/bin/ceph: stderr
2024-06-10T02:42:38.391+0000 7f3b941c9700 1 --2- >> [v2:172.21.15.52:3300/0,v1:172.21.15.52:6789/0] conn(0x7f3b8c108a50 0x7f3b8c19be70 unknown :-1 s=NONE pgs=0 cs=0 l=1 rev1=0 crypto rx=0 tx=0 comp rx=0 tx=0).connect
2024-06-10T02:42:44.815 INFO:teuthology.orchestra.run.smithi052.stdout:/usr/bin/ceph: stderr
2024-06-10T02:42:38.391+0000 7f3b941c9700 1 -- --> [v2:172.21.15.52:3300/0,v1:172.21.15.52:6789/0] -- mon_getmap magic: 0 -- 0x7f3b8c10c380 con 0x7f3b8c108a50
2024-06-10T02:42:44.815 INFO:teuthology.orchestra.run.smithi052.stdout:/usr/bin/ceph: stderr
2024-06-10T02:42:38.391+0000 7f3b91f65700 1 --2- >> [v2:172.21.15.52:3300/0,v1:172.21.15.52:6789/0] conn(0x7f3b8c108a50 0x7f3b8c19be70 unknown :-1 s=BANNER_CONNECTING pgs=0 cs=0 l=1 rev1=0 crypto rx=0 tx=0 comp rx=0 tx=0)._handle_peer_banner_payload supported=3 required=0
2024-06-10T02:42:44.815 INFO:teuthology.orchestra.run.smithi052.stdout:/usr/bin/ceph: stderr
2024-06-10T02:42:38.391+0000 7f3b91f65700 1 --2- >> [v2:172.21.15.52:3300/0,v1:172.21.15.52:6789/0] conn(0x7f3b8c108a50 0x7f3b8c19be70 unknown :-1 s=HELLO_CONNECTING pgs=0 cs=0 l=1 rev1=1 crypto rx=0 tx=0 comp rx=0 tx=0).handle_hello peer v2:172.21.15.52:3300/0 says I am v2:172.21.15.52:49488/0 (socket says 172.21.15.52:49488)
2024-06-10T02:42:44.815 INFO:teuthology.orchestra.run.smithi052.stdout:/usr/bin/ceph: stderr
2024-06-10T02:42:38.391+0000 7f3b91f65700 1 -- 172.21.15.52:0/2999035399 learned_addr learned my addr 172.21.15.52:0/2999035399 (peer_addr_for_me v2:172.21.15.52:0/0)
2024-06-10T02:42:44.816 INFO:teuthology.orchestra.run.smithi052.stdout:/usr/bin/ceph: stderr
2024-06-10T02:42:38.391+0000 7f3b91f65700 1 -- 172.21.15.52:0/2999035399 --> [v2:172.21.15.52:3300/0,v1:172.21.15.52:6789/0] -- mon_subscribe({config=0+,monmap=0+}) -- 0x7f3b8c19c3b0 con 0x7f3b8c108a50
2024-06-10T02:42:44.816 INFO:teuthology.orchestra.run.smithi052.stdout:/usr/bin/ceph: stderr
2024-06-10T02:42:38.392+0000 7f3b91f65700 1 --2- 172.21.15.52:0/2999035399 >> [v2:172.21.15.52:3300/0,v1:172.21.15.52:6789/0] conn(0x7f3b8c108a50 0x7f3b8c19be70 secure :-1 s=READY pgs=60 cs=0 l=1 rev1=1 crypto rx=0x7f3b880117e0 tx=0x7f3b88011c10 comp rx=0 tx=0).ready entity=mon.0 client_cookie=0 server_cookie=0 in_seq=0 out_seq=0
2024-06-10T02:42:44.816 INFO:teuthology.orchestra.run.smithi052.stdout:/usr/bin/ceph: stderr
2024-06-10T02:42:38.392+0000 7f3b82ffd700 1 -- 172.21.15.52:0/2999035399 <== mon.0 v2:172.21.15.52:3300/0 1 ==== mon_map magic: 0 ==== 205+0+0 (secure 0 0 0) 0x7f3b88003bf0 con 0x7f3b8c108a50
2024-06-10T02:42:44.816 INFO:teuthology.orchestra.run.smithi052.stdout:/usr/bin/ceph: stderr
2024-06-10T02:42:38.392+0000 7f3b82ffd700 1 -- 172.21.15.52:0/2999035399 <== mon.0 v2:172.21.15.52:3300/0 2 ==== config(27 keys) ==== 1140+0+0 (secure 0 0 0) 0x7f3b8801a910 con 0x7f3b8c108a50
2024-06-10T02:42:44.816 INFO:teuthology.orchestra.run.smithi052.stdout:/usr/bin/ceph: stderr
2024-06-10T02:42:38.392+0000 7f3b941c9700 1 -- 172.21.15.52:0/2999035399 --> [v2:172.21.15.52:3300/0,v1:172.21.15.52:6789/0] -- mon_subscribe({mgrmap=0+}) -- 0x7f3b8c19c640 con 0x7f3b8c108a50
2024-06-10T02:42:44.816 INFO:teuthology.orchestra.run.smithi052.stdout:/usr/bin/ceph: stderr
2024-06-10T02:42:38.392+0000 7f3b82ffd700 1 -- 172.21.15.52:0/2999035399 <== mon.0 v2:172.21.15.52:3300/0 3 ==== mon_map magic: 0 ==== 205+0+0 (secure 0 0 0) 0x7f3b88024970 con 0x7f3b8c108a50
2024-06-10T02:42:44.816 INFO:teuthology.orchestra.run.smithi052.stdout:/usr/bin/ceph: stderr
2024-06-10T02:42:38.392+0000 7f3b941c9700 1 -- 172.21.15.52:0/2999035399 --> [v2:172.21.15.52:3300/0,v1:172.21.15.52:6789/0] -- mon_subscribe({osdmap=0}) -- 0x7f3b8c19caa0 con 0x7f3b8c108a50
2024-06-10T02:42:44.816 INFO:teuthology.orchestra.run.smithi052.stdout:/usr/bin/ceph: stderr
2024-06-10T02:42:38.393+0000 7f3b82ffd700 1 -- 172.21.15.52:0/2999035399 <== mon.0 v2:172.21.15.52:3300/0 4 ==== mgrmap(e 9) ==== 46300+0+0 (secure 0 0 0) 0x7f3b88022020 con 0x7f3b8c108a50
2024-06-10T02:42:44.816 INFO:teuthology.orchestra.run.smithi052.stdout:/usr/bin/ceph: stderr
2024-06-10T02:42:38.393+0000 7f3b82ffd700 1 --2- 172.21.15.52:0/2999035399 >> [v2:172.21.15.52:6800/896317057,v1:172.21.15.52:6801/896317057] conn(0x7f3b780390b0 0x7f3b7803b570 unknown :-1 s=NONE pgs=0 cs=0 l=1 rev1=0 crypto rx=0 tx=0 comp rx=0 tx=0).connect
2024-06-10T02:42:44.816 INFO:teuthology.orchestra.run.smithi052.stdout:/usr/bin/ceph: stderr
2024-06-10T02:42:38.393+0000 7f3b82ffd700 1 -- 172.21.15.52:0/2999035399 --> [v2:172.21.15.52:6800/896317057,v1:172.21.15.52:6801/896317057] -- command(tid 0: {"prefix": "get_command_descriptions"}) -- 0x7f3b7803bc80 con 0x7f3b780390b0
2024-06-10T02:42:44.816 INFO:teuthology.orchestra.run.smithi052.stdout:/usr/bin/ceph: stderr
2024-06-10T02:42:38.393+0000 7f3b91764700 1 -- 172.21.15.52:0/2999035399 >> [v2:172.21.15.52:6800/896317057,v1:172.21.15.52:6801/896317057] conn(0x7f3b780390b0 msgr2=0x7f3b7803b570 unknown :-1 s=STATE_CONNECTING_RE l=1).process reconnect failed to v2:172.21.15.52:6800/896317057
2024-06-10T02:42:44.816 INFO:teuthology.orchestra.run.smithi052.stdout:/usr/bin/ceph: stderr
2024-06-10T02:42:38.393+0000 7f3b82ffd700 1 -- 172.21.15.52:0/2999035399 <== mon.0 v2:172.21.15.52:3300/0 5 ==== osd_map(2..2 src has 1..2) ==== 940+0+0 (secure 0 0 0) 0x7f3b8804d360 con 0x7f3b8c108a50
2024-06-10T02:42:44.816 INFO:teuthology.orchestra.run.smithi052.stdout:/usr/bin/ceph: stderr
2024-06-10T02:42:38.393+0000 7f3b91764700 1 --2- 172.21.15.52:0/2999035399 >> [v2:172.21.15.52:6800/896317057,v1:172.21.15.52:6801/896317057] conn(0x7f3b780390b0 0x7f3b7803b570 unknown :-1 s=START_CONNECT pgs=0 cs=0 l=1 rev1=0 crypto rx=0 tx=0 comp rx=0 tx=0)._fault waiting 0.200000
2024-06-10T02:42:44.817 INFO:teuthology.orchestra.run.smithi052.stdout:/usr/bin/ceph: stderr
2024-06-10T02:42:38.594+0000 7f3b91764700 1 -- 172.21.15.52:0/2999035399 >> [v2:172.21.15.52:6800/896317057,v1:172.21.15.52:6801/896317057] conn(0x7f3b780390b0 msgr2=0x7f3b7803b570 unknown :-1 s=STATE_CONNECTING_RE l=1).process reconnect failed to v2:172.21.15.52:6800/896317057
2024-06-10T02:42:44.817 INFO:teuthology.orchestra.run.smithi052.stdout:/usr/bin/ceph: stderr
2024-06-10T02:42:38.594+0000 7f3b91764700 1 --2- 172.21.15.52:0/2999035399 >> [v2:172.21.15.52:6800/896317057,v1:172.21.15.52:6801/896317057] conn(0x7f3b780390b0 0x7f3b7803b570 unknown :-1 s=START_CONNECT pgs=0 cs=0 l=1 rev1=0 crypto rx=0 tx=0 comp rx=0 tx=0)._fault waiting 0.400000
2024-06-10T02:42:44.817 INFO:teuthology.orchestra.run.smithi052.stdout:/usr/bin/ceph: stderr
2024-06-10T02:42:38.995+0000 7f3b91764700 1 -- 172.21.15.52:0/2999035399 >> [v2:172.21.15.52:6800/896317057,v1:172.21.15.52:6801/896317057] conn(0x7f3b780390b0 msgr2=0x7f3b7803b570 unknown :-1 s=STATE_CONNECTING_RE l=1).process reconnect failed to v2:172.21.15.52:6800/896317057
2024-06-10T02:42:44.817 INFO:teuthology.orchestra.run.smithi052.stdout:/usr/bin/ceph: stderr
2024-06-10T02:42:38.995+0000 7f3b91764700 1 --2- 172.21.15.52:0/2999035399 >> [v2:172.21.15.52:6800/896317057,v1:172.21.15.52:6801/896317057] conn(0x7f3b780390b0 0x7f3b7803b570 unknown :-1 s=START_CONNECT pgs=0 cs=0 l=1 rev1=0 crypto rx=0 tx=0 comp rx=0 tx=0)._fault waiting 0.800000
2024-06-10T02:42:44.817 INFO:teuthology.orchestra.run.smithi052.stdout:/usr/bin/ceph: stderr
2024-06-10T02:42:39.796+0000 7f3b91764700 1 -- 172.21.15.52:0/2999035399 >> [v2:172.21.15.52:6800/896317057,v1:172.21.15.52:6801/896317057] conn(0x7f3b780390b0 msgr2=0x7f3b7803b570 unknown :-1 s=STATE_CONNECTING_RE l=1).process reconnect failed to v2:172.21.15.52:6800/896317057
2024-06-10T02:42:44.817 INFO:teuthology.orchestra.run.smithi052.stdout:/usr/bin/ceph: stderr
2024-06-10T02:42:39.796+0000 7f3b91764700 1 --2- 172.21.15.52:0/2999035399 >> [v2:172.21.15.52:6800/896317057,v1:172.21.15.52:6801/896317057] conn(0x7f3b780390b0 0x7f3b7803b570 unknown :-1 s=START_CONNECT pgs=0 cs=0 l=1 rev1=0 crypto rx=0 tx=0 comp rx=0 tx=0)._fault waiting 1.600000
2024-06-10T02:42:44.818 INFO:teuthology.orchestra.run.smithi052.stdout:/usr/bin/ceph: stderr
2024-06-10T02:42:41.397+0000 7f3b91764700 1 -- 172.21.15.52:0/2999035399 >> [v2:172.21.15.52:6800/896317057,v1:172.21.15.52:6801/896317057] conn(0x7f3b780390b0 msgr2=0x7f3b7803b570 unknown :-1 s=STATE_CONNECTING_RE l=1).process reconnect failed to v2:172.21.15.52:6800/896317057
2024-06-10T02:42:44.818 INFO:teuthology.orchestra.run.smithi052.stdout:/usr/bin/ceph: stderr
2024-06-10T02:42:41.397+0000 7f3b91764700 1 --2- 172.21.15.52:0/2999035399 >> [v2:172.21.15.52:6800/896317057,v1:172.21.15.52:6801/896317057] conn(0x7f3b780390b0 0x7f3b7803b570 unknown :-1 s=START_CONNECT pgs=0 cs=0 l=1 rev1=0 crypto rx=0 tx=0 comp rx=0 tx=0)._fault waiting 3.200000
2024-06-10T02:42:44.818 INFO:teuthology.orchestra.run.smithi052.stdout:/usr/bin/ceph: stderr
2024-06-10T02:42:42.873+0000 7f3b82ffd700 1 -- 172.21.15.52:0/2999035399 <== mon.0 v2:172.21.15.52:3300/0 6 ==== mgrmap(e 10) ==== 46067+0+0 (secure 0 0 0) 0x7f3b8801a430 con 0x7f3b8c108a50
2024-06-10T02:42:44.818 INFO:teuthology.orchestra.run.smithi052.stdout:/usr/bin/ceph: stderr
2024-06-10T02:42:42.873+0000 7f3b82ffd700 1 -- 172.21.15.52:0/2999035399 >> [v2:172.21.15.52:6800/896317057,v1:172.21.15.52:6801/896317057] conn(0x7f3b780390b0 msgr2=0x7f3b7803b570 unknown :-1 s=STATE_CONNECTING l=1).mark_down
2024-06-10T02:42:44.818 INFO:teuthology.orchestra.run.smithi052.stdout:/usr/bin/ceph: stderr
2024-06-10T02:42:42.873+0000 7f3b82ffd700 1 --2- 172.21.15.52:0/2999035399 >> [v2:172.21.15.52:6800/896317057,v1:172.21.15.52:6801/896317057] conn(0x7f3b780390b0 0x7f3b7803b570 unknown :-1 s=START_CONNECT pgs=0 cs=0 l=1 rev1=0 crypto rx=0 tx=0 comp rx=0 tx=0).stop
2024-06-10T02:42:44.818 INFO:teuthology.orchestra.run.smithi052.stdout:/usr/bin/ceph: stderr
2024-06-10T02:42:43.875+0000 7f3b82ffd700 1 -- 172.21.15.52:0/2999035399 <== mon.0 v2:172.21.15.52:3300/0 7 ==== mgrmap(e 11) ==== 46194+0+0 (secure 0 0 0) 0x7f3b8802bb50 con 0x7f3b8c108a50
2024-06-10T02:42:44.818 INFO:teuthology.orchestra.run.smithi052.stdout:/usr/bin/ceph: stderr
2024-06-10T02:42:43.875+0000 7f3b82ffd700 1 --2- 172.21.15.52:0/2999035399 >> [v2:172.21.15.52:6800/3214763969,v1:172.21.15.52:6801/3214763969] conn(0x7f3b7803cb70 0x7f3b7803ef60 unknown :-1 s=NONE pgs=0 cs=0 l=1 rev1=0 crypto rx=0 tx=0 comp rx=0 tx=0).connect
2024-06-10T02:42:44.818 INFO:teuthology.orchestra.run.smithi052.stdout:/usr/bin/ceph: stderr
2024-06-10T02:42:43.875+0000 7f3b82ffd700 1 -- 172.21.15.52:0/2999035399 --> [v2:172.21.15.52:6800/3214763969,v1:172.21.15.52:6801/3214763969] -- command(tid 0: {"prefix": "get_command_descriptions"}) -- 0x7f3b88019e50 con 0x7f3b7803cb70
2024-06-10T02:42:44.818 INFO:teuthology.orchestra.run.smithi052.stdout:/usr/bin/ceph: stderr
2024-06-10T02:42:43.876+0000 7f3b91764700 1 --2- 172.21.15.52:0/2999035399 >> [v2:172.21.15.52:6800/3214763969,v1:172.21.15.52:6801/3214763969] conn(0x7f3b7803cb70 0x7f3b7803ef60 unknown :-1 s=BANNER_CONNECTING pgs=0 cs=0 l=1 rev1=0 crypto rx=0 tx=0 comp rx=0 tx=0)._handle_peer_banner_payload supported=3 required=0
2024-06-10T02:42:44.818 INFO:teuthology.orchestra.run.smithi052.stdout:/usr/bin/ceph: stderr
2024-06-10T02:42:43.877+0000 7f3b91764700 1 --2- 172.21.15.52:0/2999035399 >> [v2:172.21.15.52:6800/3214763969,v1:172.21.15.52:6801/3214763969] conn(0x7f3b7803cb70 0x7f3b7803ef60 secure :-1 s=READY pgs=3 cs=0 l=1 rev1=1 crypto rx=0x7f3b7c003a10 tx=0x7f3b7c009270 comp rx=0 tx=0).ready entity=mgr.14150 client_cookie=0 server_cookie=0 in_seq=0 out_seq=0
2024-06-10T02:42:44.818 INFO:teuthology.orchestra.run.smithi052.stdout:/usr/bin/ceph: stderr
2024-06-10T02:42:43.877+0000 7f3b82ffd700 1 -- 172.21.15.52:0/2999035399 <== mgr.14150 v2:172.21.15.52:6800/3214763969 1 ==== command_reply(tid 0: 0 ) ==== 8+0+7774 (secure 0 0 0) 0x7f3b88019e50 con 0x7f3b7803cb70
2024-06-10T02:42:44.818 INFO:teuthology.orchestra.run.smithi052.stdout:/usr/bin/ceph: stderr
2024-06-10T02:42:43.889+0000 7f3b941c9700 1 -- 172.21.15.52:0/2999035399 --> [v2:172.21.15.52:6800/3214763969,v1:172.21.15.52:6801/3214763969] -- command(tid 1: {"prefix": "mgr_status"}) -- 0x7f3b8c063af0 con 0x7f3b7803cb70
2024-06-10T02:42:44.819 INFO:teuthology.orchestra.run.smithi052.stdout:/usr/bin/ceph: stderr
2024-06-10T02:42:43.889+0000 7f3b82ffd700 1 -- 172.21.15.52:0/2999035399 <== mgr.14150 v2:172.21.15.52:6800/3214763969 2 ==== command_reply(tid 1: 0 ) ==== 8+0+52 (secure 0 0 0) 0x7f3b8c063af0 con 0x7f3b7803cb70
2024-06-10T02:42:44.819 INFO:teuthology.orchestra.run.smithi052.stdout:/usr/bin/ceph: stderr
2024-06-10T02:42:43.890+0000 7f3b941c9700 1 -- 172.21.15.52:0/2999035399 >> [v2:172.21.15.52:6800/3214763969,v1:172.21.15.52:6801/3214763969] conn(0x7f3b7803cb70 msgr2=0x7f3b7803ef60 secure :-1 s=STATE_CONNECTION_ESTABLISHED l=1).mark_down
2024-06-10T02:42:44.819 INFO:teuthology.orchestra.run.smithi052.stdout:/usr/bin/ceph: stderr
2024-06-10T02:42:43.890+0000 7f3b941c9700 1 --2- 172.21.15.52:0/2999035399 >> [v2:172.21.15.52:6800/3214763969,v1:172.21.15.52:6801/3214763969] conn(0x7f3b7803cb70 0x7f3b7803ef60 secure :-1 s=READY pgs=3 cs=0 l=1 rev1=1 crypto rx=0x7f3b7c003a10 tx=0x7f3b7c009270 comp rx=0 tx=0).stop
2024-06-10T02:42:44.819 INFO:teuthology.orchestra.run.smithi052.stdout:/usr/bin/ceph: stderr
2024-06-10T02:42:43.890+0000 7f3b941c9700 1 -- 172.21.15.52:0/2999035399 >> [v2:172.21.15.52:3300/0,v1:172.21.15.52:6789/0] conn(0x7f3b8c108a50 msgr2=0x7f3b8c19be70 secure :-1 s=STATE_CONNECTION_ESTABLISHED l=1).mark_down
2024-06-10T02:42:44.819 INFO:teuthology.orchestra.run.smithi052.stdout:/usr/bin/ceph: stderr
2024-06-10T02:42:43.890+0000 7f3b941c9700 1 --2- 172.21.15.52:0/2999035399 >> [v2:172.21.15.52:3300/0,v1:172.21.15.52:6789/0] conn(0x7f3b8c108a50 0x7f3b8c19be70 secure :-1 s=READY pgs=60 cs=0 l=1 rev1=1 crypto rx=0x7f3b880117e0 tx=0x7f3b88011c10 comp rx=0 tx=0).stop
2024-06-10T02:42:44.819 INFO:teuthology.orchestra.run.smithi052.stdout:/usr/bin/ceph: stderr
2024-06-10T02:42:43.890+0000 7f3b941c9700 1 -- 172.21.15.52:0/2999035399 shutdown_connections
2024-06-10T02:42:44.819 INFO:teuthology.orchestra.run.smithi052.stdout:/usr/bin/ceph: stderr
2024-06-10T02:42:43.890+0000 7f3b941c9700 1 --2- 172.21.15.52:0/2999035399 >> [v2:172.21.15.52:6800/3214763969,v1:172.21.15.52:6801/3214763969] conn(0x7f3b7803cb70 0x7f3b7803ef60 unknown :-1 s=CLOSED pgs=3 cs=0 l=1 rev1=1 crypto rx=0 tx=0 comp rx=0 tx=0).stop
2024-06-10T02:42:44.819 INFO:teuthology.orchestra.run.smithi052.stdout:/usr/bin/ceph: stderr
2024-06-10T02:42:43.890+0000 7f3b941c9700 1 --2- 172.21.15.52:0/2999035399 >> [v2:172.21.15.52:3300/0,v1:172.21.15.52:6789/0] conn(0x7f3b8c108a50 0x7f3b8c19be70 unknown :-1 s=CLOSED pgs=60 cs=0 l=1 rev1=1 crypto rx=0 tx=0 comp rx=0 tx=0).stop
2024-06-10T02:42:44.819 INFO:teuthology.orchestra.run.smithi052.stdout:/usr/bin/ceph: stderr
2024-06-10T02:42:43.890+0000 7f3b941c9700 1 --2- 172.21.15.52:0/2999035399 >> [v2:172.21.15.52:6800/896317057,v1:172.21.15.52:6801/896317057] conn(0x7f3b780390b0 0x7f3b7803b570 unknown :-1 s=CLOSED pgs=0 cs=0 l=1 rev1=0 crypto rx=0 tx=0 comp rx=0 tx=0).stop
2024-06-10T02:42:44.819 INFO:teuthology.orchestra.run.smithi052.stdout:/usr/bin/ceph: stderr
2024-06-10T02:42:43.890+0000 7f3b941c9700 1 -- 172.21.15.52:0/2999035399 >> 172.21.15.52:0/2999035399 conn(0x7f3b8c102440 msgr2=0x7f3b8c102e50 unknown :-1 s=STATE_NONE l=0).mark_down
2024-06-10T02:42:44.819 INFO:teuthology.orchestra.run.smithi052.stdout:/usr/bin/ceph: stderr
2024-06-10T02:42:43.890+0000 7f3b941c9700 1 -- 172.21.15.52:0/2999035399 shutdown_connections
2024-06-10T02:42:44.819 INFO:teuthology.orchestra.run.smithi052.stdout:/usr/bin/ceph: stderr
2024-06-10T02:42:43.890+0000 7f3b941c9700 1 -- 172.21.15.52:0/2999035399 wait complete.
2024-06-10T02:42:44.819 INFO:teuthology.orchestra.run.smithi052.stdout:mgr epoch 9 is available
2024-06-10T02:42:44.819 INFO:teuthology.orchestra.run.smithi052.stdout:Generating a dashboard self-signed certificate...
2024-06-10T02:42:45.723 INFO:journalctl@ceph.mon.a.smithi052.stdout:Jun 10 02:42:45 smithi052 ceph-mon[32362]: [10/Jun/2024:02:42:44] ENGINE Bus STARTING
2024-06-10T02:42:45.723 INFO:journalctl@ceph.mon.a.smithi052.stdout:Jun 10 02:42:45 smithi052 ceph-mon[32362]: [10/Jun/2024:02:42:44] ENGINE Serving on https://172.21.15.52:7150
2024-06-10T02:42:45.723 INFO:journalctl@ceph.mon.a.smithi052.stdout:Jun 10 02:42:45 smithi052 ceph-mon[32362]: from='mgr.14150 172.21.15.52:0/2939367345' entity='mgr.x'
2024-06-10T02:42:45.723 INFO:journalctl@ceph.mon.a.smithi052.stdout:Jun 10 02:42:45 smithi052 ceph-mon[32362]: [10/Jun/2024:02:42:44] ENGINE Serving on http://172.21.15.52:8765
2024-06-10T02:42:45.723 INFO:journalctl@ceph.mon.a.smithi052.stdout:Jun 10 02:42:45 smithi052 ceph-mon[32362]: [10/Jun/2024:02:42:44] ENGINE Bus STARTED
2024-06-10T02:42:46.126 INFO:teuthology.orchestra.run.smithi052.stdout:/usr/bin/ceph: stdout Self-signed certificate created
2024-06-10T02:42:46.126 INFO:teuthology.orchestra.run.smithi052.stdout:/usr/bin/ceph: stderr
2024-06-10T02:42:45.233+0000 7ff5ea5c2700 1 Processor -- start
2024-06-10T02:42:46.126 INFO:teuthology.orchestra.run.smithi052.stdout:/usr/bin/ceph: stderr
2024-06-10T02:42:45.233+0000 7ff5ea5c2700 1 -- start start
2024-06-10T02:42:46.126 INFO:teuthology.orchestra.run.smithi052.stdout:/usr/bin/ceph: stderr
2024-06-10T02:42:45.234+0000 7ff5ea5c2700 1 --2- >> [v2:172.21.15.52:3300/0,v1:172.21.15.52:6789/0] conn(0x7ff5e4107ff0 0x7ff5e4108410 unknown :-1 s=NONE pgs=0 cs=0 l=0 rev1=0 crypto rx=0 tx=0 comp rx=0 tx=0).connect
2024-06-10T02:42:46.126 INFO:teuthology.orchestra.run.smithi052.stdout:/usr/bin/ceph: stderr
2024-06-10T02:42:45.234+0000 7ff5ea5c2700 1 -- --> [v2:172.21.15.52:3300/0,v1:172.21.15.52:6789/0] -- mon_getmap magic: 0 -- 0x7ff5e41089e0 con 0x7ff5e4107ff0
2024-06-10T02:42:46.126 INFO:teuthology.orchestra.run.smithi052.stdout:/usr/bin/ceph: stderr
2024-06-10T02:42:45.234+0000 7ff5e3fff700 1 --2- >> [v2:172.21.15.52:3300/0,v1:172.21.15.52:6789/0] conn(0x7ff5e4107ff0 0x7ff5e4108410 unknown :-1 s=BANNER_CONNECTING pgs=0 cs=0 l=0 rev1=0 crypto rx=0 tx=0 comp rx=0 tx=0)._handle_peer_banner_payload supported=3 required=0
2024-06-10T02:42:46.126 INFO:teuthology.orchestra.run.smithi052.stdout:/usr/bin/ceph: stderr
2024-06-10T02:42:45.234+0000 7ff5e3fff700 1 --2- >> [v2:172.21.15.52:3300/0,v1:172.21.15.52:6789/0] conn(0x7ff5e4107ff0 0x7ff5e4108410 unknown :-1 s=HELLO_CONNECTING pgs=0 cs=0 l=0 rev1=1 crypto rx=0 tx=0 comp rx=0 tx=0).handle_hello peer v2:172.21.15.52:3300/0 says I am v2:172.21.15.52:44270/0 (socket says 172.21.15.52:44270)
2024-06-10T02:42:46.127 INFO:teuthology.orchestra.run.smithi052.stdout:/usr/bin/ceph: stderr
2024-06-10T02:42:45.234+0000 7ff5e3fff700 1 -- 172.21.15.52:0/3450403647 learned_addr learned my addr 172.21.15.52:0/3450403647 (peer_addr_for_me v2:172.21.15.52:0/0)
2024-06-10T02:42:46.127 INFO:teuthology.orchestra.run.smithi052.stdout:/usr/bin/ceph: stderr
2024-06-10T02:42:45.234+0000 7ff5e3fff700 1 -- 172.21.15.52:0/3450403647 --> [v2:172.21.15.52:3300/0,v1:172.21.15.52:6789/0] -- mon_subscribe({config=0+,monmap=0+}) -- 0x7ff5e41091a0 con 0x7ff5e4107ff0
2024-06-10T02:42:46.127 INFO:teuthology.orchestra.run.smithi052.stdout:/usr/bin/ceph: stderr
2024-06-10T02:42:45.234+0000 7ff5e3fff700 1 --2- 172.21.15.52:0/3450403647 >> [v2:172.21.15.52:3300/0,v1:172.21.15.52:6789/0] conn(0x7ff5e4107ff0 0x7ff5e4108410 secure :-1 s=READY pgs=68 cs=0 l=1 rev1=1 crypto rx=0x7ff5d40098a0 tx=0x7ff5d4009bb0 comp rx=0 tx=0).ready entity=mon.0 client_cookie=7218c43327908d05 server_cookie=0 in_seq=0 out_seq=0
2024-06-10T02:42:46.127 INFO:teuthology.orchestra.run.smithi052.stdout:/usr/bin/ceph: stderr
2024-06-10T02:42:45.234+0000 7ff5e2ffd700 1 -- 172.21.15.52:0/3450403647 <== mon.0 v2:172.21.15.52:3300/0 1 ==== mon_map magic: 0 ==== 205+0+0 (secure 0 0 0) 0x7ff5d4004160 con 0x7ff5e4107ff0
2024-06-10T02:42:46.127 INFO:teuthology.orchestra.run.smithi052.stdout:/usr/bin/ceph: stderr
2024-06-10T02:42:45.235+0000 7ff5e2ffd700 1 -- 172.21.15.52:0/3450403647 <== mon.0 v2:172.21.15.52:3300/0 2 ==== config(27 keys) ==== 1140+0+0 (secure 0 0 0) 0x7ff5d4004300 con 0x7ff5e4107ff0
2024-06-10T02:42:46.127 INFO:teuthology.orchestra.run.smithi052.stdout:/usr/bin/ceph: stderr
2024-06-10T02:42:45.235+0000 7ff5e2ffd700 1 -- 172.21.15.52:0/3450403647 <== mon.0 v2:172.21.15.52:3300/0 3 ==== mon_map magic: 0 ==== 205+0+0 (secure 0 0 0) 0x7ff5d4011b20 con 0x7ff5e4107ff0
2024-06-10T02:42:46.127 INFO:teuthology.orchestra.run.smithi052.stdout:/usr/bin/ceph: stderr
2024-06-10T02:42:45.235+0000 7ff5ea5c2700 1 -- 172.21.15.52:0/3450403647 >> [v2:172.21.15.52:3300/0,v1:172.21.15.52:6789/0] conn(0x7ff5e4107ff0 msgr2=0x7ff5e4108410 secure :-1 s=STATE_CONNECTION_ESTABLISHED l=1).mark_down
2024-06-10T02:42:46.127 INFO:teuthology.orchestra.run.smithi052.stdout:/usr/bin/ceph: stderr
2024-06-10T02:42:45.235+0000 7ff5ea5c2700 1 --2- 172.21.15.52:0/3450403647 >> [v2:172.21.15.52:3300/0,v1:172.21.15.52:6789/0] conn(0x7ff5e4107ff0 0x7ff5e4108410 secure :-1 s=READY pgs=68 cs=0 l=1 rev1=1 crypto rx=0x7ff5d40098a0 tx=0x7ff5d4009bb0 comp rx=0 tx=0).stop
2024-06-10T02:42:46.127 INFO:teuthology.orchestra.run.smithi052.stdout:/usr/bin/ceph: stderr
2024-06-10T02:42:45.235+0000 7ff5ea5c2700 1 -- 172.21.15.52:0/3450403647 shutdown_connections
2024-06-10T02:42:46.127 INFO:teuthology.orchestra.run.smithi052.stdout:/usr/bin/ceph: stderr
2024-06-10T02:42:45.235+0000 7ff5ea5c2700 1 --2- 172.21.15.52:0/3450403647 >> [v2:172.21.15.52:3300/0,v1:172.21.15.52:6789/0] conn(0x7ff5e4107ff0 0x7ff5e4108410 unknown :-1 s=CLOSED pgs=68 cs=0 l=1 rev1=1 crypto rx=0 tx=0 comp rx=0 tx=0).stop
2024-06-10T02:42:46.127 INFO:teuthology.orchestra.run.smithi052.stdout:/usr/bin/ceph: stderr
2024-06-10T02:42:45.235+0000 7ff5ea5c2700 1 -- 172.21.15.52:0/3450403647 >> 172.21.15.52:0/3450403647 conn(0x7ff5e4103590 msgr2=0x7ff5e41059d0 unknown :-1 s=STATE_NONE l=0).mark_down
2024-06-10T02:42:46.127 INFO:teuthology.orchestra.run.smithi052.stdout:/usr/bin/ceph: stderr
2024-06-10T02:42:45.235+0000 7ff5ea5c2700 1 -- 172.21.15.52:0/3450403647 shutdown_connections
2024-06-10T02:42:46.127 INFO:teuthology.orchestra.run.smithi052.stdout:/usr/bin/ceph: stderr
2024-06-10T02:42:45.236+0000 7ff5ea5c2700 1 -- 172.21.15.52:0/3450403647 wait complete.
2024-06-10T02:42:46.127 INFO:teuthology.orchestra.run.smithi052.stdout:/usr/bin/ceph: stderr
2024-06-10T02:42:45.236+0000 7ff5ea5c2700 1 Processor -- start
2024-06-10T02:42:46.128 INFO:teuthology.orchestra.run.smithi052.stdout:/usr/bin/ceph: stderr
2024-06-10T02:42:45.236+0000 7ff5ea5c2700 1 -- start start
2024-06-10T02:42:46.128 INFO:teuthology.orchestra.run.smithi052.stdout:/usr/bin/ceph: stderr
2024-06-10T02:42:45.237+0000 7ff5ea5c2700 1 --2- >> [v2:172.21.15.52:3300/0,v1:172.21.15.52:6789/0] conn(0x7ff5e4107ff0 0x7ff5e419bed0 unknown :-1 s=NONE pgs=0 cs=0 l=1 rev1=0 crypto rx=0 tx=0 comp rx=0 tx=0).connect
2024-06-10T02:42:46.128 INFO:teuthology.orchestra.run.smithi052.stdout:/usr/bin/ceph: stderr
2024-06-10T02:42:45.237+0000 7ff5ea5c2700 1 -- --> [v2:172.21.15.52:3300/0,v1:172.21.15.52:6789/0] -- mon_getmap magic: 0 -- 0x7ff5e410c550 con 0x7ff5e4107ff0
2024-06-10T02:42:46.128 INFO:teuthology.orchestra.run.smithi052.stdout:/usr/bin/ceph: stderr
2024-06-10T02:42:45.237+0000 7ff5e3fff700 1 --2- >> [v2:172.21.15.52:3300/0,v1:172.21.15.52:6789/0] conn(0x7ff5e4107ff0 0x7ff5e419bed0 unknown :-1 s=BANNER_CONNECTING pgs=0 cs=0 l=1 rev1=0 crypto rx=0 tx=0 comp rx=0 tx=0)._handle_peer_banner_payload supported=3 required=0
2024-06-10T02:42:46.128 INFO:teuthology.orchestra.run.smithi052.stdout:/usr/bin/ceph: stderr
2024-06-10T02:42:45.237+0000 7ff5e3fff700 1 --2- >> [v2:172.21.15.52:3300/0,v1:172.21.15.52:6789/0] conn(0x7ff5e4107ff0 0x7ff5e419bed0 unknown :-1 s=HELLO_CONNECTING pgs=0 cs=0 l=1 rev1=1 crypto rx=0 tx=0 comp rx=0 tx=0).handle_hello peer v2:172.21.15.52:3300/0 says I am v2:172.21.15.52:44280/0 (socket says 172.21.15.52:44280)
2024-06-10T02:42:46.128 INFO:teuthology.orchestra.run.smithi052.stdout:/usr/bin/ceph: stderr
2024-06-10T02:42:45.237+0000 7ff5e3fff700 1 -- 172.21.15.52:0/750567269 learned_addr learned my addr 172.21.15.52:0/750567269 (peer_addr_for_me v2:172.21.15.52:0/0)
2024-06-10T02:42:46.128 INFO:teuthology.orchestra.run.smithi052.stdout:/usr/bin/ceph: stderr
2024-06-10T02:42:45.237+0000 7ff5e3fff700 1 -- 172.21.15.52:0/750567269 --> [v2:172.21.15.52:3300/0,v1:172.21.15.52:6789/0] -- mon_subscribe({config=0+,monmap=0+}) -- 0x7ff5e419c410 con 0x7ff5e4107ff0
2024-06-10T02:42:46.128 INFO:teuthology.orchestra.run.smithi052.stdout:/usr/bin/ceph: stderr
2024-06-10T02:42:45.237+0000 7ff5e3fff700 1 --2- 172.21.15.52:0/750567269 >> [v2:172.21.15.52:3300/0,v1:172.21.15.52:6789/0] conn(0x7ff5e4107ff0 0x7ff5e419bed0 secure :-1 s=READY pgs=69 cs=0 l=1 rev1=1 crypto rx=0x7ff5d4000c00 tx=0x7ff5d4011c10 comp rx=0 tx=0).ready entity=mon.0 client_cookie=0 server_cookie=0 in_seq=0 out_seq=0
2024-06-10T02:42:46.128 INFO:teuthology.orchestra.run.smithi052.stdout:/usr/bin/ceph: stderr
2024-06-10T02:42:45.238+0000 7ff5e17fa700 1 -- 172.21.15.52:0/750567269 <== mon.0 v2:172.21.15.52:3300/0 1 ==== mon_map magic: 0 ==== 205+0+0 (secure 0 0 0) 0x7ff5d4003b60 con 0x7ff5e4107ff0
2024-06-10T02:42:46.128 INFO:teuthology.orchestra.run.smithi052.stdout:/usr/bin/ceph: stderr
2024-06-10T02:42:45.238+0000 7ff5e17fa700 1 -- 172.21.15.52:0/750567269 <== mon.0 v2:172.21.15.52:3300/0 2 ==== config(27 keys) ==== 1140+0+0 (secure 0 0 0) 0x7ff5d401a910 con 0x7ff5e4107ff0
2024-06-10T02:42:46.128 INFO:teuthology.orchestra.run.smithi052.stdout:/usr/bin/ceph: stderr
2024-06-10T02:42:45.238+0000 7ff5ea5c2700 1 -- 172.21.15.52:0/750567269 --> [v2:172.21.15.52:3300/0,v1:172.21.15.52:6789/0] -- mon_subscribe({mgrmap=0+}) -- 0x7ff5e419c6a0 con 0x7ff5e4107ff0
2024-06-10T02:42:46.128 INFO:teuthology.orchestra.run.smithi052.stdout:/usr/bin/ceph: stderr
2024-06-10T02:42:45.238+0000 7ff5e17fa700 1 -- 172.21.15.52:0/750567269 <== mon.0 v2:172.21.15.52:3300/0 3 ==== mon_map magic: 0 ==== 205+0+0 (secure 0 0 0) 0x7ff5d4024930 con 0x7ff5e4107ff0
2024-06-10T02:42:46.128 INFO:teuthology.orchestra.run.smithi052.stdout:/usr/bin/ceph: stderr
2024-06-10T02:42:45.238+0000 7ff5ea5c2700 1 -- 172.21.15.52:0/750567269 --> [v2:172.21.15.52:3300/0,v1:172.21.15.52:6789/0] -- mon_subscribe({osdmap=0}) -- 0x7ff5e419cb00 con 0x7ff5e4107ff0
2024-06-10T02:42:46.128 INFO:teuthology.orchestra.run.smithi052.stdout:/usr/bin/ceph: stderr
2024-06-10T02:42:45.239+0000 7ff5e17fa700 1 -- 172.21.15.52:0/750567269 <== mon.0 v2:172.21.15.52:3300/0 4 ==== mgrmap(e 11) ==== 46194+0+0 (secure 0 0 0) 0x7ff5d4022020 con 0x7ff5e4107ff0
2024-06-10T02:42:46.129 INFO:teuthology.orchestra.run.smithi052.stdout:/usr/bin/ceph: stderr
2024-06-10T02:42:45.239+0000 7ff5e17fa700 1 --2- 172.21.15.52:0/750567269 >> [v2:172.21.15.52:6800/3214763969,v1:172.21.15.52:6801/3214763969] conn(0x7ff5cc038ff0 0x7ff5cc03b4b0 unknown :-1 s=NONE pgs=0 cs=0 l=1 rev1=0 crypto rx=0 tx=0 comp rx=0 tx=0).connect
2024-06-10T02:42:46.129 INFO:teuthology.orchestra.run.smithi052.stdout:/usr/bin/ceph: stderr
2024-06-10T02:42:45.239+0000 7ff5e17fa700 1 -- 172.21.15.52:0/750567269 <== mon.0 v2:172.21.15.52:3300/0 5 ==== osd_map(3..3 src has 1..3) ==== 1155+0+0 (secure 0 0 0) 0x7ff5d404d130 con 0x7ff5e4107ff0
2024-06-10T02:42:46.129 INFO:teuthology.orchestra.run.smithi052.stdout:/usr/bin/ceph: stderr
2024-06-10T02:42:45.239+0000 7ff5e37fe700 1 --2- 172.21.15.52:0/750567269 >> [v2:172.21.15.52:6800/3214763969,v1:172.21.15.52:6801/3214763969] conn(0x7ff5cc038ff0 0x7ff5cc03b4b0 unknown :-1 s=BANNER_CONNECTING pgs=0 cs=0 l=1 rev1=0 crypto rx=0 tx=0 comp rx=0 tx=0)._handle_peer_banner_payload supported=3 required=0
2024-06-10T02:42:46.129 INFO:teuthology.orchestra.run.smithi052.stdout:/usr/bin/ceph: stderr
