2024-06-11T12:10:52.450+0000 7f75ff7fe640 1 --2- 172.21.15.192:0/2579989587 >> [v2:172.21.15.192:6800/2172749818,v1:172.21.15.192:6801/2172749818] conn(0x7f75ec038e60 0x7f75ec03b320 secure :-1 s=READY pgs=6 cs=0 l=1 rev1=1 crypto rx=0x7f75e80098c0 tx=0x7f75e8006db0 comp rx=0 tx=0).ready entity=mgr.14100 client_cookie=0 server_cookie=0 in_seq=0 out_seq=0
2024-06-11T12:10:53.447 INFO:teuthology.orchestra.run.smithi192.stdout:/usr/bin/ceph: stderr
2024-06-11T12:10:52.454+0000 7f75fd7fa640 1 -- 172.21.15.192:0/2579989587 <== mon.0 v2:172.21.15.192:3300/0 6 ==== mon_command_ack([{"prefix": "get_command_descriptions"}]=0 v0) ==== 72+0+186418 (secure 0 0 0) 0x7f75f804b070 con 0x7f76001068e0
2024-06-11T12:10:53.447 INFO:teuthology.orchestra.run.smithi192.stdout:/usr/bin/ceph: stderr
2024-06-11T12:10:52.546+0000 7f75fd7fa640 1 -- 172.21.15.192:0/2579989587 <== mon.0 v2:172.21.15.192:3300/0 7 ==== mgrmap(e 4) ==== 46276+0+0 (secure 0 0 0) 0x7f75f8046410 con 0x7f76001068e0
2024-06-11T12:10:53.447 INFO:teuthology.orchestra.run.smithi192.stdout:/usr/bin/ceph: stderr
2024-06-11T12:10:52.922+0000 7f76067cc640 1 -- 172.21.15.192:0/2579989587 --> [v2:172.21.15.192:3300/0,v1:172.21.15.192:6789/0] -- mon_command({"prefix": "status", "format": "json-pretty"} v 0) -- 0x7f760019e230 con 0x7f76001068e0
2024-06-11T12:10:53.447 INFO:teuthology.orchestra.run.smithi192.stdout:/usr/bin/ceph: stderr
2024-06-11T12:10:52.922+0000 7f75fd7fa640 1 -- 172.21.15.192:0/2579989587 <== mon.0 v2:172.21.15.192:3300/0 8 ==== mon_command_ack([{"prefix": "status", "format": "json-pretty"}]=0 v0) ==== 79+0+1239 (secure 0 0 0) 0x7f75f804b250 con 0x7f76001068e0
2024-06-11T12:10:53.447 INFO:teuthology.orchestra.run.smithi192.stdout:/usr/bin/ceph: stderr
2024-06-11T12:10:52.926+0000 7f76067cc640 1 -- 172.21.15.192:0/2579989587 >> [v2:172.21.15.192:6800/2172749818,v1:172.21.15.192:6801/2172749818] conn(0x7f75ec038e60 msgr2=0x7f75ec03b320 secure :-1 s=STATE_CONNECTION_ESTABLISHED l=1).mark_down
2024-06-11T12:10:53.447 INFO:teuthology.orchestra.run.smithi192.stdout:/usr/bin/ceph: stderr
2024-06-11T12:10:52.926+0000 7f76067cc640 1 --2- 172.21.15.192:0/2579989587 >> [v2:172.21.15.192:6800/2172749818,v1:172.21.15.192:6801/2172749818] conn(0x7f75ec038e60 0x7f75ec03b320 secure :-1 s=READY pgs=6 cs=0 l=1 rev1=1 crypto rx=0x7f75e80098c0 tx=0x7f75e8006db0 comp rx=0 tx=0).stop
2024-06-11T12:10:53.447 INFO:teuthology.orchestra.run.smithi192.stdout:/usr/bin/ceph: stderr
2024-06-11T12:10:52.926+0000 7f76067cc640 1 -- 172.21.15.192:0/2579989587 >> [v2:172.21.15.192:3300/0,v1:172.21.15.192:6789/0] conn(0x7f76001068e0 msgr2=0x7f760019a860 secure :-1 s=STATE_CONNECTION_ESTABLISHED l=1).mark_down
2024-06-11T12:10:53.447 INFO:teuthology.orchestra.run.smithi192.stdout:/usr/bin/ceph: stderr
2024-06-11T12:10:52.926+0000 7f76067cc640 1 --2- 172.21.15.192:0/2579989587 >> [v2:172.21.15.192:3300/0,v1:172.21.15.192:6789/0] conn(0x7f76001068e0 0x7f760019a860 secure :-1 s=READY pgs=17 cs=0 l=1 rev1=1 crypto rx=0x7f75f802acc0 tx=0x7f75f8031c70 comp rx=0 tx=0).stop
2024-06-11T12:10:53.447 INFO:teuthology.orchestra.run.smithi192.stdout:/usr/bin/ceph: stderr
2024-06-11T12:10:52.926+0000 7f76067cc640 1 -- 172.21.15.192:0/2579989587 shutdown_connections
2024-06-11T12:10:53.448 INFO:teuthology.orchestra.run.smithi192.stdout:/usr/bin/ceph: stderr
2024-06-11T12:10:52.926+0000 7f76067cc640 1 --2- 172.21.15.192:0/2579989587 >> [v2:172.21.15.192:6800/2172749818,v1:172.21.15.192:6801/2172749818] conn(0x7f75ec038e60 0x7f75ec03b320 unknown :-1 s=CLOSED pgs=6 cs=0 l=1 rev1=1 crypto rx=0 tx=0 comp rx=0 tx=0).stop
2024-06-11T12:10:53.448 INFO:teuthology.orchestra.run.smithi192.stdout:/usr/bin/ceph: stderr
2024-06-11T12:10:52.926+0000 7f76067cc640 1 --2- 172.21.15.192:0/2579989587 >> [v2:172.21.15.192:3300/0,v1:172.21.15.192:6789/0] conn(0x7f76001068e0 0x7f760019a860 unknown :-1 s=CLOSED pgs=17 cs=0 l=1 rev1=1 crypto rx=0 tx=0 comp rx=0 tx=0).stop
2024-06-11T12:10:53.448 INFO:teuthology.orchestra.run.smithi192.stdout:/usr/bin/ceph: stderr
2024-06-11T12:10:52.926+0000 7f76067cc640 1 -- 172.21.15.192:0/2579989587 >> 172.21.15.192:0/2579989587 conn(0x7f7600101ee0 msgr2=0x7f7600102960 unknown :-1 s=STATE_NONE l=0).mark_down
2024-06-11T12:10:53.448 INFO:teuthology.orchestra.run.smithi192.stdout:/usr/bin/ceph: stderr
2024-06-11T12:10:52.926+0000 7f76067cc640 1 -- 172.21.15.192:0/2579989587 shutdown_connections
2024-06-11T12:10:53.448 INFO:teuthology.orchestra.run.smithi192.stdout:/usr/bin/ceph: stderr
2024-06-11T12:10:52.926+0000 7f76067cc640 1 -- 172.21.15.192:0/2579989587 wait complete.
2024-06-11T12:10:53.448 INFO:teuthology.orchestra.run.smithi192.stdout:mgr is available
2024-06-11T12:10:54.006 INFO:journalctl@ceph.mon.a.smithi192.stdout:Jun 11 12:10:53 smithi192 bash[21920]: cluster
2024-06-11T12:10:52.552273+0000 mon.a (mon.0) 29 : cluster [DBG] mgrmap e4: x(active, since 2s)
2024-06-11T12:10:54.007 INFO:journalctl@ceph.mon.a.smithi192.stdout:Jun 11 12:10:53 smithi192 bash[21920]: audit
2024-06-11T12:10:52.926662+0000 mon.a (mon.0) 30 : audit [DBG] from='client.? 172.21.15.192:0/2579989587' entity='client.admin' cmd=[{"prefix": "status", "format": "json-pretty"}]: dispatch
2024-06-11T12:10:55.256 INFO:journalctl@ceph.mon.a.smithi192.stdout:Jun 11 12:10:54 smithi192 bash[21920]: audit
2024-06-11T12:10:54.817113+0000 mon.a (mon.0) 31 : audit [INF] from='client.? 172.21.15.192:0/3264635869' entity='client.admin' cmd=[{"prefix": "config assimilate-conf"}]: dispatch
2024-06-11T12:10:55.383 INFO:teuthology.orchestra.run.smithi192.stdout:/usr/bin/ceph: stdout
2024-06-11T12:10:55.383 INFO:teuthology.orchestra.run.smithi192.stdout:/usr/bin/ceph: stdout [global]
2024-06-11T12:10:55.383 INFO:teuthology.orchestra.run.smithi192.stdout:/usr/bin/ceph: stdout fsid = 745e3c06-27eb-11ef-bc9b-c7b262605968
2024-06-11T12:10:55.383 INFO:teuthology.orchestra.run.smithi192.stdout:/usr/bin/ceph: stdout mon_osd_allow_pg_remap = true
2024-06-11T12:10:55.383 INFO:teuthology.orchestra.run.smithi192.stdout:/usr/bin/ceph: stdout mon_osd_allow_primary_affinity = true
2024-06-11T12:10:55.383 INFO:teuthology.orchestra.run.smithi192.stdout:/usr/bin/ceph: stdout mon_warn_on_no_sortbitwise = false
2024-06-11T12:10:55.384 INFO:teuthology.orchestra.run.smithi192.stdout:/usr/bin/ceph: stdout osd_crush_chooseleaf_type = 0
2024-06-11T12:10:55.384 INFO:teuthology.orchestra.run.smithi192.stdout:/usr/bin/ceph: stdout
2024-06-11T12:10:55.384 INFO:teuthology.orchestra.run.smithi192.stdout:/usr/bin/ceph: stdout [mgr]
2024-06-11T12:10:55.384 INFO:teuthology.orchestra.run.smithi192.stdout:/usr/bin/ceph: stdout mgr/telemetry/nag = false
2024-06-11T12:10:55.384 INFO:teuthology.orchestra.run.smithi192.stdout:/usr/bin/ceph: stdout
2024-06-11T12:10:55.384 INFO:teuthology.orchestra.run.smithi192.stdout:/usr/bin/ceph: stdout [osd]
2024-06-11T12:10:55.384 INFO:teuthology.orchestra.run.smithi192.stdout:/usr/bin/ceph: stdout osd_map_max_advance = 10
2024-06-11T12:10:55.384 INFO:teuthology.orchestra.run.smithi192.stdout:/usr/bin/ceph: stdout osd_sloppy_crc = true
2024-06-11T12:10:55.386 INFO:teuthology.orchestra.run.smithi192.stdout:/usr/bin/ceph: stderr
2024-06-11T12:10:54.466+0000 7f812d97c640 1 Processor -- start
2024-06-11T12:10:55.386 INFO:teuthology.orchestra.run.smithi192.stdout:/usr/bin/ceph: stderr
2024-06-11T12:10:54.466+0000 7f812d97c640 1 -- start start
2024-06-11T12:10:55.386 INFO:teuthology.orchestra.run.smithi192.stdout:/usr/bin/ceph: stderr
2024-06-11T12:10:54.466+0000 7f812d97c640 1 --2- >> [v2:172.21.15.192:3300/0,v1:172.21.15.192:6789/0] conn(0x7f8128104670 0x7f8128104a90 unknown :-1 s=NONE pgs=0 cs=0 l=0 rev1=0 crypto rx=0 tx=0 comp rx=0 tx=0).connect
2024-06-11T12:10:55.386 INFO:teuthology.orchestra.run.smithi192.stdout:/usr/bin/ceph: stderr
2024-06-11T12:10:54.466+0000 7f812d97c640 1 -- --> [v2:172.21.15.192:3300/0,v1:172.21.15.192:6789/0] -- mon_getmap magic: 0 -- 0x7f8128104fd0 con 0x7f8128104670
2024-06-11T12:10:55.386 INFO:teuthology.orchestra.run.smithi192.stdout:/usr/bin/ceph: stderr
2024-06-11T12:10:54.466+0000 7f8126ffd640 1 --2- >> [v2:172.21.15.192:3300/0,v1:172.21.15.192:6789/0] conn(0x7f8128104670 0x7f8128104a90 unknown :-1 s=BANNER_CONNECTING pgs=0 cs=0 l=0 rev1=0 crypto rx=0 tx=0 comp rx=0 tx=0)._handle_peer_banner_payload supported=3 required=0
2024-06-11T12:10:55.386 INFO:teuthology.orchestra.run.smithi192.stdout:/usr/bin/ceph: stderr
2024-06-11T12:10:54.470+0000 7f8126ffd640 1 --2- >> [v2:172.21.15.192:3300/0,v1:172.21.15.192:6789/0] conn(0x7f8128104670 0x7f8128104a90 unknown :-1 s=HELLO_CONNECTING pgs=0 cs=0 l=0 rev1=1 crypto rx=0 tx=0 comp rx=0 tx=0).handle_hello peer v2:172.21.15.192:3300/0 says I am v2:172.21.15.192:36854/0 (socket says 172.21.15.192:36854)
2024-06-11T12:10:55.386 INFO:teuthology.orchestra.run.smithi192.stdout:/usr/bin/ceph: stderr
2024-06-11T12:10:54.470+0000 7f8126ffd640 1 -- 172.21.15.192:0/1725179969 learned_addr learned my addr 172.21.15.192:0/1725179969 (peer_addr_for_me v2:172.21.15.192:0/0)
2024-06-11T12:10:55.387 INFO:teuthology.orchestra.run.smithi192.stdout:/usr/bin/ceph: stderr
2024-06-11T12:10:54.470+0000 7f8126ffd640 1 -- 172.21.15.192:0/1725179969 --> [v2:172.21.15.192:3300/0,v1:172.21.15.192:6789/0] -- mon_subscribe({config=0+,monmap=0+}) -- 0x7f8128105150 con 0x7f8128104670
2024-06-11T12:10:55.387 INFO:teuthology.orchestra.run.smithi192.stdout:/usr/bin/ceph: stderr
2024-06-11T12:10:54.470+0000 7f8126ffd640 1 --2- 172.21.15.192:0/1725179969 >> [v2:172.21.15.192:3300/0,v1:172.21.15.192:6789/0] conn(0x7f8128104670 0x7f8128104a90 secure :-1 s=READY pgs=18 cs=0 l=1 rev1=1 crypto rx=0x7f8118009820 tx=0x7f811802a270 comp rx=0 tx=0).ready entity=mon.0 client_cookie=4337f2510f2cc9f6 server_cookie=0 in_seq=0 out_seq=0
2024-06-11T12:10:55.387 INFO:teuthology.orchestra.run.smithi192.stdout:/usr/bin/ceph: stderr
2024-06-11T12:10:54.470+0000 7f8125ffb640 1 -- 172.21.15.192:0/1725179969 <== mon.0 v2:172.21.15.192:3300/0 1 ==== mon_map magic: 0 ==== 205+0+0 (secure 0 0 0) 0x7f8118037070 con 0x7f8128104670
2024-06-11T12:10:55.387 INFO:teuthology.orchestra.run.smithi192.stdout:/usr/bin/ceph: stderr
2024-06-11T12:10:54.470+0000 7f8125ffb640 1 -- 172.21.15.192:0/1725179969 <== mon.0 v2:172.21.15.192:3300/0 2 ==== config(26 keys) ==== 1071+0+0 (secure 0 0 0) 0x7f81180328d0 con 0x7f8128104670
2024-06-11T12:10:55.387 INFO:teuthology.orchestra.run.smithi192.stdout:/usr/bin/ceph: stderr
2024-06-11T12:10:54.470+0000 7f8125ffb640 1 -- 172.21.15.192:0/1725179969 <== mon.0 v2:172.21.15.192:3300/0 3 ==== mon_map magic: 0 ==== 205+0+0 (secure 0 0 0) 0x7f81180307d0 con 0x7f8128104670
2024-06-11T12:10:55.387 INFO:teuthology.orchestra.run.smithi192.stdout:/usr/bin/ceph: stderr
2024-06-11T12:10:54.470+0000 7f812d97c640 1 -- 172.21.15.192:0/1725179969 >> [v2:172.21.15.192:3300/0,v1:172.21.15.192:6789/0] conn(0x7f8128104670 msgr2=0x7f8128104a90 secure :-1 s=STATE_CONNECTION_ESTABLISHED l=1).mark_down
2024-06-11T12:10:55.389 INFO:teuthology.orchestra.run.smithi192.stdout:/usr/bin/ceph: stderr
2024-06-11T12:10:54.470+0000 7f812d97c640 1 --2- 172.21.15.192:0/1725179969 >> [v2:172.21.15.192:3300/0,v1:172.21.15.192:6789/0] conn(0x7f8128104670 0x7f8128104a90 secure :-1 s=READY pgs=18 cs=0 l=1 rev1=1 crypto rx=0x7f8118009820 tx=0x7f811802a270 comp rx=0 tx=0).stop
2024-06-11T12:10:55.389 INFO:teuthology.orchestra.run.smithi192.stdout:/usr/bin/ceph: stderr
2024-06-11T12:10:54.470+0000 7f812d97c640 1 -- 172.21.15.192:0/1725179969 shutdown_connections
2024-06-11T12:10:55.389 INFO:teuthology.orchestra.run.smithi192.stdout:/usr/bin/ceph: stderr
2024-06-11T12:10:54.470+0000 7f812d97c640 1 --2- 172.21.15.192:0/1725179969 >> [v2:172.21.15.192:3300/0,v1:172.21.15.192:6789/0] conn(0x7f8128104670 0x7f8128104a90 unknown :-1 s=CLOSED pgs=18 cs=0 l=1 rev1=1 crypto rx=0 tx=0 comp rx=0 tx=0).stop
2024-06-11T12:10:55.389 INFO:teuthology.orchestra.run.smithi192.stdout:/usr/bin/ceph: stderr
2024-06-11T12:10:54.470+0000 7f812d97c640 1 -- 172.21.15.192:0/1725179969 >> 172.21.15.192:0/1725179969 conn(0x7f8128100110 msgr2=0x7f8128102550 unknown :-1 s=STATE_NONE l=0).mark_down
2024-06-11T12:10:55.389 INFO:teuthology.orchestra.run.smithi192.stdout:/usr/bin/ceph: stderr
2024-06-11T12:10:54.470+0000 7f812d97c640 1 -- 172.21.15.192:0/1725179969 shutdown_connections
2024-06-11T12:10:55.389 INFO:teuthology.orchestra.run.smithi192.stdout:/usr/bin/ceph: stderr
2024-06-11T12:10:54.470+0000 7f812d97c640 1 -- 172.21.15.192:0/1725179969 wait complete.
2024-06-11T12:10:55.389 INFO:teuthology.orchestra.run.smithi192.stdout:/usr/bin/ceph: stderr
2024-06-11T12:10:54.470+0000 7f812d97c640 1 Processor -- start
2024-06-11T12:10:55.389 INFO:teuthology.orchestra.run.smithi192.stdout:/usr/bin/ceph: stderr
2024-06-11T12:10:54.470+0000 7f812d97c640 1 -- start start
2024-06-11T12:10:55.389 INFO:teuthology.orchestra.run.smithi192.stdout:/usr/bin/ceph: stderr
2024-06-11T12:10:54.470+0000 7f812d97c640 1 --2- >> [v2:172.21.15.192:3300/0,v1:172.21.15.192:6789/0] conn(0x7f8128104670 0x7f812819a820 unknown :-1 s=NONE pgs=0 cs=0 l=1 rev1=0 crypto rx=0 tx=0 comp rx=0 tx=0).connect
2024-06-11T12:10:55.390 INFO:teuthology.orchestra.run.smithi192.stdout:/usr/bin/ceph: stderr
2024-06-11T12:10:54.470+0000 7f812d97c640 1 -- --> [v2:172.21.15.192:3300/0,v1:172.21.15.192:6789/0] -- mon_getmap magic: 0 -- 0x7f812810ad10 con 0x7f8128104670
2024-06-11T12:10:55.390 INFO:teuthology.orchestra.run.smithi192.stdout:/usr/bin/ceph: stderr
2024-06-11T12:10:54.470+0000 7f8126ffd640 1 --2- >> [v2:172.21.15.192:3300/0,v1:172.21.15.192:6789/0] conn(0x7f8128104670 0x7f812819a820 unknown :-1 s=BANNER_CONNECTING pgs=0 cs=0 l=1 rev1=0 crypto rx=0 tx=0 comp rx=0 tx=0)._handle_peer_banner_payload supported=3 required=0
2024-06-11T12:10:55.390 INFO:teuthology.orchestra.run.smithi192.stdout:/usr/bin/ceph: stderr
2024-06-11T12:10:54.470+0000 7f8126ffd640 1 --2- >> [v2:172.21.15.192:3300/0,v1:172.21.15.192:6789/0] conn(0x7f8128104670 0x7f812819a820 unknown :-1 s=HELLO_CONNECTING pgs=0 cs=0 l=1 rev1=1 crypto rx=0 tx=0 comp rx=0 tx=0).handle_hello peer v2:172.21.15.192:3300/0 says I am v2:172.21.15.192:36864/0 (socket says 172.21.15.192:36864)
2024-06-11T12:10:55.390 INFO:teuthology.orchestra.run.smithi192.stdout:/usr/bin/ceph: stderr
2024-06-11T12:10:54.470+0000 7f8126ffd640 1 -- 172.21.15.192:0/3264635869 learned_addr learned my addr 172.21.15.192:0/3264635869 (peer_addr_for_me v2:172.21.15.192:0/0)
2024-06-11T12:10:55.390 INFO:teuthology.orchestra.run.smithi192.stdout:/usr/bin/ceph: stderr
2024-06-11T12:10:54.470+0000 7f8126ffd640 1 -- 172.21.15.192:0/3264635869 --> [v2:172.21.15.192:3300/0,v1:172.21.15.192:6789/0] -- mon_subscribe({config=0+,monmap=0+}) -- 0x7f812819ad60 con 0x7f8128104670
2024-06-11T12:10:55.390 INFO:teuthology.orchestra.run.smithi192.stdout:/usr/bin/ceph: stderr
2024-06-11T12:10:54.470+0000 7f8126ffd640 1 --2- 172.21.15.192:0/3264635869 >> [v2:172.21.15.192:3300/0,v1:172.21.15.192:6789/0] conn(0x7f8128104670 0x7f812819a820 secure :-1 s=READY pgs=19 cs=0 l=1 rev1=1 crypto rx=0x7f81180097f0 tx=0x7f8118030d00 comp rx=0 tx=0).ready entity=mon.0 client_cookie=0 server_cookie=0 in_seq=0 out_seq=0
2024-06-11T12:10:55.390 INFO:teuthology.orchestra.run.smithi192.stdout:/usr/bin/ceph: stderr
2024-06-11T12:10:54.470+0000 7f812c97a640 1 -- 172.21.15.192:0/3264635869 <== mon.0 v2:172.21.15.192:3300/0 1 ==== mon_map magic: 0 ==== 205+0+0 (secure 0 0 0) 0x7f8118037040 con 0x7f8128104670
2024-06-11T12:10:55.390 INFO:teuthology.orchestra.run.smithi192.stdout:/usr/bin/ceph: stderr
2024-06-11T12:10:54.470+0000 7f812c97a640 1 -- 172.21.15.192:0/3264635869 <== mon.0 v2:172.21.15.192:3300/0 2 ==== config(26 keys) ==== 1071+0+0 (secure 0 0 0) 0x7f8118032bb0 con 0x7f8128104670
2024-06-11T12:10:55.390 INFO:teuthology.orchestra.run.smithi192.stdout:/usr/bin/ceph: stderr
2024-06-11T12:10:54.470+0000 7f812d97c640 1 -- 172.21.15.192:0/3264635869 --> [v2:172.21.15.192:3300/0,v1:172.21.15.192:6789/0] -- mon_subscribe({mgrmap=0+}) -- 0x7f812819aff0 con 0x7f8128104670
2024-06-11T12:10:55.390 INFO:teuthology.orchestra.run.smithi192.stdout:/usr/bin/ceph: stderr
2024-06-11T12:10:54.470+0000 7f812c97a640 1 -- 172.21.15.192:0/3264635869 <== mon.0 v2:172.21.15.192:3300/0 3 ==== mon_map magic: 0 ==== 205+0+0 (secure 0 0 0) 0x7f811803a390 con 0x7f8128104670
2024-06-11T12:10:55.390 INFO:teuthology.orchestra.run.smithi192.stdout:/usr/bin/ceph: stderr
2024-06-11T12:10:54.470+0000 7f812d97c640 1 -- 172.21.15.192:0/3264635869 --> [v2:172.21.15.192:3300/0,v1:172.21.15.192:6789/0] -- mon_subscribe({osdmap=0}) -- 0x7f812819dce0 con 0x7f8128104670
2024-06-11T12:10:55.392 INFO:teuthology.orchestra.run.smithi192.stdout:/usr/bin/ceph: stderr
2024-06-11T12:10:54.474+0000 7f812c97a640 1 -- 172.21.15.192:0/3264635869 <== mon.0 v2:172.21.15.192:3300/0 4 ==== mgrmap(e 4) ==== 46276+0+0 (secure 0 0 0) 0x7f811803a580 con 0x7f8128104670
2024-06-11T12:10:55.392 INFO:teuthology.orchestra.run.smithi192.stdout:/usr/bin/ceph: stderr
2024-06-11T12:10:54.474+0000 7f812c97a640 1 --2- 172.21.15.192:0/3264635869 >> [v2:172.21.15.192:6800/2172749818,v1:172.21.15.192:6801/2172749818] conn(0x7f8110038f70 0x7f811003b430 unknown :-1 s=NONE pgs=0 cs=0 l=1 rev1=0 crypto rx=0 tx=0 comp rx=0 tx=0).connect
2024-06-11T12:10:55.392 INFO:teuthology.orchestra.run.smithi192.stdout:/usr/bin/ceph: stderr
2024-06-11T12:10:54.474+0000 7f812d97c640 1 -- 172.21.15.192:0/3264635869 --> [v2:172.21.15.192:3300/0,v1:172.21.15.192:6789/0] -- mon_command({"prefix": "get_command_descriptions"} v 0) -- 0x7f8128063000 con 0x7f8128104670
2024-06-11T12:10:55.393 INFO:teuthology.orchestra.run.smithi192.stdout:/usr/bin/ceph: stderr
2024-06-11T12:10:54.474+0000 7f812c97a640 1 -- 172.21.15.192:0/3264635869 <== mon.0 v2:172.21.15.192:3300/0 5 ==== osd_map(1..1 src has 1..1) ==== 725+0+0 (secure 0 0 0) 0x7f811806c130 con 0x7f8128104670
2024-06-11T12:10:55.393 INFO:teuthology.orchestra.run.smithi192.stdout:/usr/bin/ceph: stderr
2024-06-11T12:10:54.474+0000 7f81267fc640 1 --2- 172.21.15.192:0/3264635869 >> [v2:172.21.15.192:6800/2172749818,v1:172.21.15.192:6801/2172749818] conn(0x7f8110038f70 0x7f811003b430 unknown :-1 s=BANNER_CONNECTING pgs=0 cs=0 l=1 rev1=0 crypto rx=0 tx=0 comp rx=0 tx=0)._handle_peer_banner_payload supported=3 required=0
2024-06-11T12:10:55.393 INFO:teuthology.orchestra.run.smithi192.stdout:/usr/bin/ceph: stderr
2024-06-11T12:10:54.474+0000 7f81267fc640 1 --2- 172.21.15.192:0/3264635869 >> [v2:172.21.15.192:6800/2172749818,v1:172.21.15.192:6801/2172749818] conn(0x7f8110038f70 0x7f811003b430 secure :-1 s=READY pgs=7 cs=0 l=1 rev1=1 crypto rx=0x7f811c0098c0 tx=0x7f811c006db0 comp rx=0 tx=0).ready entity=mgr.14100 client_cookie=0 server_cookie=0 in_seq=0 out_seq=0
2024-06-11T12:10:55.393 INFO:teuthology.orchestra.run.smithi192.stdout:/usr/bin/ceph: stderr
2024-06-11T12:10:54.478+0000 7f812c97a640 1 -- 172.21.15.192:0/3264635869 <== mon.0 v2:172.21.15.192:3300/0 6 ==== mon_command_ack([{"prefix": "get_command_descriptions"}]=0 v0) ==== 72+0+186418 (secure 0 0 0) 0x7f8118040210 con 0x7f8128104670
2024-06-11T12:10:55.393 INFO:teuthology.orchestra.run.smithi192.stdout:/usr/bin/ceph: stderr
2024-06-11T12:10:54.810+0000 7f812d97c640 1 -- 172.21.15.192:0/3264635869 --> [v2:172.21.15.192:3300/0,v1:172.21.15.192:6789/0] -- mon_command({"prefix": "config assimilate-conf"} v 0) -- 0x7f812819f4e0 con 0x7f8128104670
2024-06-11T12:10:55.393 INFO:teuthology.orchestra.run.smithi192.stdout:/usr/bin/ceph: stderr
2024-06-11T12:10:54.814+0000 7f812c97a640 1 -- 172.21.15.192:0/3264635869 <== mon.0 v2:172.21.15.192:3300/0 7 ==== mon_command_ack([{"prefix": "config assimilate-conf"}]=0 v3) ==== 70+0+282 (secure 0 0 0) 0x7f8118031560 con 0x7f8128104670
2024-06-11T12:10:55.393 INFO:teuthology.orchestra.run.smithi192.stdout:/usr/bin/ceph: stderr
2024-06-11T12:10:54.814+0000 7f812d97c640 1 -- 172.21.15.192:0/3264635869 >> [v2:172.21.15.192:6800/2172749818,v1:172.21.15.192:6801/2172749818] conn(0x7f8110038f70 msgr2=0x7f811003b430 secure :-1 s=STATE_CONNECTION_ESTABLISHED l=1).mark_down
2024-06-11T12:10:55.393 INFO:teuthology.orchestra.run.smithi192.stdout:/usr/bin/ceph: stderr
2024-06-11T12:10:54.814+0000 7f812d97c640 1 --2- 172.21.15.192:0/3264635869 >> [v2:172.21.15.192:6800/2172749818,v1:172.21.15.192:6801/2172749818] conn(0x7f8110038f70 0x7f811003b430 secure :-1 s=READY pgs=7 cs=0 l=1 rev1=1 crypto rx=0x7f811c0098c0 tx=0x7f811c006db0 comp rx=0 tx=0).stop
2024-06-11T12:10:55.393 INFO:teuthology.orchestra.run.smithi192.stdout:/usr/bin/ceph: stderr
2024-06-11T12:10:54.814+0000 7f812d97c640 1 -- 172.21.15.192:0/3264635869 >> [v2:172.21.15.192:3300/0,v1:172.21.15.192:6789/0] conn(0x7f8128104670 msgr2=0x7f812819a820 secure :-1 s=STATE_CONNECTION_ESTABLISHED l=1).mark_down
2024-06-11T12:10:55.393 INFO:teuthology.orchestra.run.smithi192.stdout:/usr/bin/ceph: stderr
2024-06-11T12:10:54.814+0000 7f812d97c640 1 --2- 172.21.15.192:0/3264635869 >> [v2:172.21.15.192:3300/0,v1:172.21.15.192:6789/0] conn(0x7f8128104670 0x7f812819a820 secure :-1 s=READY pgs=19 cs=0 l=1 rev1=1 crypto rx=0x7f81180097f0 tx=0x7f8118030d00 comp rx=0 tx=0).stop
2024-06-11T12:10:55.393 INFO:teuthology.orchestra.run.smithi192.stdout:/usr/bin/ceph: stderr
2024-06-11T12:10:54.814+0000 7f812d97c640 1 -- 172.21.15.192:0/3264635869 shutdown_connections
2024-06-11T12:10:55.393 INFO:teuthology.orchestra.run.smithi192.stdout:/usr/bin/ceph: stderr
2024-06-11T12:10:54.814+0000 7f812d97c640 1 --2- 172.21.15.192:0/3264635869 >> [v2:172.21.15.192:6800/2172749818,v1:172.21.15.192:6801/2172749818] conn(0x7f8110038f70 0x7f811003b430 unknown :-1 s=CLOSED pgs=7 cs=0 l=1 rev1=1 crypto rx=0 tx=0 comp rx=0 tx=0).stop
2024-06-11T12:10:55.393 INFO:teuthology.orchestra.run.smithi192.stdout:/usr/bin/ceph: stderr
2024-06-11T12:10:54.814+0000 7f812d97c640 1 --2- 172.21.15.192:0/3264635869 >> [v2:172.21.15.192:3300/0,v1:172.21.15.192:6789/0] conn(0x7f8128104670 0x7f812819a820 unknown :-1 s=CLOSED pgs=19 cs=0 l=1 rev1=1 crypto rx=0 tx=0 comp rx=0 tx=0).stop
2024-06-11T12:10:55.394 INFO:teuthology.orchestra.run.smithi192.stdout:/usr/bin/ceph: stderr
2024-06-11T12:10:54.814+0000 7f812d97c640 1 -- 172.21.15.192:0/3264635869 >> 172.21.15.192:0/3264635869 conn(0x7f8128100110 msgr2=0x7f8128100bd0 unknown :-1 s=STATE_NONE l=0).mark_down
2024-06-11T12:10:55.394 INFO:teuthology.orchestra.run.smithi192.stdout:/usr/bin/ceph: stderr
2024-06-11T12:10:54.814+0000 7f812d97c640 1 -- 172.21.15.192:0/3264635869 shutdown_connections
2024-06-11T12:10:55.394 INFO:teuthology.orchestra.run.smithi192.stdout:/usr/bin/ceph: stderr
2024-06-11T12:10:54.814+0000 7f812d97c640 1 -- 172.21.15.192:0/3264635869 wait complete.
2024-06-11T12:10:55.394 INFO:teuthology.orchestra.run.smithi192.stdout:Enabling cephadm module...
2024-06-11T12:10:57.256 INFO:journalctl@ceph.mon.a.smithi192.stdout:Jun 11 12:10:56 smithi192 bash[21920]: audit
2024-06-11T12:10:56.869348+0000 mon.a (mon.0) 32 : audit [INF] from='client.? 172.21.15.192:0/1498646978' entity='client.admin' cmd=[{"prefix": "mgr module enable", "module": "cephadm"}]: dispatch
2024-06-11T12:10:57.256 INFO:journalctl@ceph.mgr.x.smithi192.stdout:Jun 11 12:10:56 smithi192 bash[22176]: ignoring --setuser ceph since I am not root
2024-06-11T12:10:57.257 INFO:journalctl@ceph.mgr.x.smithi192.stdout:Jun 11 12:10:56 smithi192 bash[22176]: ignoring --setgroup ceph since I am not root
2024-06-11T12:10:57.257 INFO:journalctl@ceph.mgr.x.smithi192.stdout:Jun 11 12:10:57 smithi192 bash[22176]: debug
2024-06-11T12:10:57.078+0000 7f9083701040 -1 mgr[py] Module devicehealth has missing NOTIFY_TYPES member
2024-06-11T12:10:57.476 INFO:teuthology.orchestra.run.smithi192.stdout:/usr/bin/ceph: stderr
2024-06-11T12:10:56.434+0000 7f33739df640 1 Processor -- start
2024-06-11T12:10:57.476 INFO:teuthology.orchestra.run.smithi192.stdout:/usr/bin/ceph: stderr
2024-06-11T12:10:56.434+0000 7f33739df640 1 -- start start
2024-06-11T12:10:57.476 INFO:teuthology.orchestra.run.smithi192.stdout:/usr/bin/ceph: stderr
2024-06-11T12:10:56.434+0000 7f33739df640 1 --2- >> [v2:172.21.15.192:3300/0,v1:172.21.15.192:6789/0] conn(0x7f336c07c780 0x7f336c07abe0 unknown :-1 s=NONE pgs=0 cs=0 l=0 rev1=0 crypto rx=0 tx=0 comp rx=0 tx=0).connect
2024-06-11T12:10:57.476 INFO:teuthology.orchestra.run.smithi192.stdout:/usr/bin/ceph: stderr
2024-06-11T12:10:56.434+0000 7f33739df640 1 -- --> [v2:172.21.15.192:3300/0,v1:172.21.15.192:6789/0] -- mon_getmap magic: 0 -- 0x7f336c07b1b0 con 0x7f336c07c780
2024-06-11T12:10:57.476 INFO:teuthology.orchestra.run.smithi192.stdout:/usr/bin/ceph: stderr
2024-06-11T12:10:56.434+0000 7f337177b640 1 --2- >> [v2:172.21.15.192:3300/0,v1:172.21.15.192:6789/0] conn(0x7f336c07c780 0x7f336c07abe0 unknown :-1 s=BANNER_CONNECTING pgs=0 cs=0 l=0 rev1=0 crypto rx=0 tx=0 comp rx=0 tx=0)._handle_peer_banner_payload supported=3 required=0
2024-06-11T12:10:57.476 INFO:teuthology.orchestra.run.smithi192.stdout:/usr/bin/ceph: stderr
2024-06-11T12:10:56.434+0000 7f337177b640 1 --2- >> [v2:172.21.15.192:3300/0,v1:172.21.15.192:6789/0] conn(0x7f336c07c780 0x7f336c07abe0 unknown :-1 s=HELLO_CONNECTING pgs=0 cs=0 l=0 rev1=1 crypto rx=0 tx=0 comp rx=0 tx=0).handle_hello peer v2:172.21.15.192:3300/0 says I am v2:172.21.15.192:46626/0 (socket says 172.21.15.192:46626)
2024-06-11T12:10:57.477 INFO:teuthology.orchestra.run.smithi192.stdout:/usr/bin/ceph: stderr
2024-06-11T12:10:56.434+0000 7f337177b640 1 -- 172.21.15.192:0/2751025137 learned_addr learned my addr 172.21.15.192:0/2751025137 (peer_addr_for_me v2:172.21.15.192:0/0)
2024-06-11T12:10:57.477 INFO:teuthology.orchestra.run.smithi192.stdout:/usr/bin/ceph: stderr
2024-06-11T12:10:56.434+0000 7f337177b640 1 -- 172.21.15.192:0/2751025137 --> [v2:172.21.15.192:3300/0,v1:172.21.15.192:6789/0] -- mon_subscribe({config=0+,monmap=0+}) -- 0x7f336c07b330 con 0x7f336c07c780
2024-06-11T12:10:57.477 INFO:teuthology.orchestra.run.smithi192.stdout:/usr/bin/ceph: stderr
2024-06-11T12:10:56.434+0000 7f337177b640 1 --2- 172.21.15.192:0/2751025137 >> [v2:172.21.15.192:3300/0,v1:172.21.15.192:6789/0] conn(0x7f336c07c780 0x7f336c07abe0 secure :-1 s=READY pgs=20 cs=0 l=1 rev1=1 crypto rx=0x7f3368009820 tx=0x7f336802a270 comp rx=0 tx=0).ready entity=mon.0 client_cookie=e78569afb1a91ad9 server_cookie=0 in_seq=0 out_seq=0
2024-06-11T12:10:57.477 INFO:teuthology.orchestra.run.smithi192.stdout:/usr/bin/ceph: stderr
2024-06-11T12:10:56.434+0000 7f3363fff640 1 -- 172.21.15.192:0/2751025137 <== mon.0 v2:172.21.15.192:3300/0 1 ==== mon_map magic: 0 ==== 205+0+0 (secure 0 0 0) 0x7f3368037070 con 0x7f336c07c780
2024-06-11T12:10:57.477 INFO:teuthology.orchestra.run.smithi192.stdout:/usr/bin/ceph: stderr
2024-06-11T12:10:56.434+0000 7f3363fff640 1 -- 172.21.15.192:0/2751025137 <== mon.0 v2:172.21.15.192:3300/0 2 ==== config(26 keys) ==== 1071+0+0 (secure 0 0 0) 0x7f33680328d0 con 0x7f336c07c780
2024-06-11T12:10:57.477 INFO:teuthology.orchestra.run.smithi192.stdout:/usr/bin/ceph: stderr
2024-06-11T12:10:56.434+0000 7f3363fff640 1 -- 172.21.15.192:0/2751025137 <== mon.0 v2:172.21.15.192:3300/0 3 ==== mon_map magic: 0 ==== 205+0+0 (secure 0 0 0) 0x7f33680307d0 con 0x7f336c07c780
2024-06-11T12:10:57.477 INFO:teuthology.orchestra.run.smithi192.stdout:/usr/bin/ceph: stderr
2024-06-11T12:10:56.434+0000 7f33739df640 1 -- 172.21.15.192:0/2751025137 >> [v2:172.21.15.192:3300/0,v1:172.21.15.192:6789/0] conn(0x7f336c07c780 msgr2=0x7f336c07abe0 secure :-1 s=STATE_CONNECTION_ESTABLISHED l=1).mark_down
2024-06-11T12:10:57.477 INFO:teuthology.orchestra.run.smithi192.stdout:/usr/bin/ceph: stderr
2024-06-11T12:10:56.434+0000 7f33739df640 1 --2- 172.21.15.192:0/2751025137 >> [v2:172.21.15.192:3300/0,v1:172.21.15.192:6789/0] conn(0x7f336c07c780 0x7f336c07abe0 secure :-1 s=READY pgs=20 cs=0 l=1 rev1=1 crypto rx=0x7f3368009820 tx=0x7f336802a270 comp rx=0 tx=0).stop
2024-06-11T12:10:57.477 INFO:teuthology.orchestra.run.smithi192.stdout:/usr/bin/ceph: stderr
2024-06-11T12:10:56.434+0000 7f33739df640 1 -- 172.21.15.192:0/2751025137 shutdown_connections
2024-06-11T12:10:57.477 INFO:teuthology.orchestra.run.smithi192.stdout:/usr/bin/ceph: stderr
2024-06-11T12:10:56.434+0000 7f33739df640 1 --2- 172.21.15.192:0/2751025137 >> [v2:172.21.15.192:3300/0,v1:172.21.15.192:6789/0] conn(0x7f336c07c780 0x7f336c07abe0 unknown :-1 s=CLOSED pgs=20 cs=0 l=1 rev1=1 crypto rx=0 tx=0 comp rx=0 tx=0).stop
2024-06-11T12:10:57.478 INFO:teuthology.orchestra.run.smithi192.stdout:/usr/bin/ceph: stderr
2024-06-11T12:10:56.434+0000 7f33739df640 1 -- 172.21.15.192:0/2751025137 >> 172.21.15.192:0/2751025137 conn(0x7f336c101f40 msgr2=0x7f336c104360 unknown :-1 s=STATE_NONE l=0).mark_down
2024-06-11T12:10:57.478 INFO:teuthology.orchestra.run.smithi192.stdout:/usr/bin/ceph: stderr
2024-06-11T12:10:56.434+0000 7f33739df640 1 -- 172.21.15.192:0/2751025137 shutdown_connections
2024-06-11T12:10:57.478 INFO:teuthology.orchestra.run.smithi192.stdout:/usr/bin/ceph: stderr
2024-06-11T12:10:56.434+0000 7f33739df640 1 -- 172.21.15.192:0/2751025137 wait complete.
2024-06-11T12:10:57.478 INFO:teuthology.orchestra.run.smithi192.stdout:/usr/bin/ceph: stderr
2024-06-11T12:10:56.434+0000 7f33739df640 1 Processor -- start
2024-06-11T12:10:57.478 INFO:teuthology.orchestra.run.smithi192.stdout:/usr/bin/ceph: stderr
2024-06-11T12:10:56.434+0000 7f33739df640 1 -- start start
2024-06-11T12:10:57.478 INFO:teuthology.orchestra.run.smithi192.stdout:/usr/bin/ceph: stderr
2024-06-11T12:10:56.434+0000 7f33739df640 1 --2- >> [v2:172.21.15.192:3300/0,v1:172.21.15.192:6789/0] conn(0x7f336c07c780 0x7f336c19ca60 unknown :-1 s=NONE pgs=0 cs=0 l=1 rev1=0 crypto rx=0 tx=0 comp rx=0 tx=0).connect
2024-06-11T12:10:57.478 INFO:teuthology.orchestra.run.smithi192.stdout:/usr/bin/ceph: stderr
2024-06-11T12:10:56.434+0000 7f33739df640 1 -- --> [v2:172.21.15.192:3300/0,v1:172.21.15.192:6789/0] -- mon_getmap magic: 0 -- 0x7f336c10cef0 con 0x7f336c07c780
2024-06-11T12:10:57.478 INFO:teuthology.orchestra.run.smithi192.stdout:/usr/bin/ceph: stderr
2024-06-11T12:10:56.438+0000 7f337177b640 1 --2- >> [v2:172.21.15.192:3300/0,v1:172.21.15.192:6789/0] conn(0x7f336c07c780 0x7f336c19ca60 unknown :-1 s=BANNER_CONNECTING pgs=0 cs=0 l=1 rev1=0 crypto rx=0 tx=0 comp rx=0 tx=0)._handle_peer_banner_payload supported=3 required=0
2024-06-11T12:10:57.478 INFO:teuthology.orchestra.run.smithi192.stdout:/usr/bin/ceph: stderr
2024-06-11T12:10:56.438+0000 7f337177b640 1 --2- >> [v2:172.21.15.192:3300/0,v1:172.21.15.192:6789/0] conn(0x7f336c07c780 0x7f336c19ca60 unknown :-1 s=HELLO_CONNECTING pgs=0 cs=0 l=1 rev1=1 crypto rx=0 tx=0 comp rx=0 tx=0).handle_hello peer v2:172.21.15.192:3300/0 says I am v2:172.21.15.192:46634/0 (socket says 172.21.15.192:46634)
2024-06-11T12:10:57.478 INFO:teuthology.orchestra.run.smithi192.stdout:/usr/bin/ceph: stderr
2024-06-11T12:10:56.438+0000 7f337177b640 1 -- 172.21.15.192:0/1498646978 learned_addr learned my addr 172.21.15.192:0/1498646978 (peer_addr_for_me v2:172.21.15.192:0/0)
2024-06-11T12:10:57.478 INFO:teuthology.orchestra.run.smithi192.stdout:/usr/bin/ceph: stderr
2024-06-11T12:10:56.438+0000 7f337177b640 1 -- 172.21.15.192:0/1498646978 --> [v2:172.21.15.192:3300/0,v1:172.21.15.192:6789/0] -- mon_subscribe({config=0+,monmap=0+}) -- 0x7f336c19cfa0 con 0x7f336c07c780
2024-06-11T12:10:57.479 INFO:teuthology.orchestra.run.smithi192.stdout:/usr/bin/ceph: stderr
2024-06-11T12:10:56.438+0000 7f337177b640 1 --2- 172.21.15.192:0/1498646978 >> [v2:172.21.15.192:3300/0,v1:172.21.15.192:6789/0] conn(0x7f336c07c780 0x7f336c19ca60 secure :-1 s=READY pgs=21 cs=0 l=1 rev1=1 crypto rx=0x7f33680097f0 tx=0x7f3368030d00 comp rx=0 tx=0).ready entity=mon.0 client_cookie=0 server_cookie=0 in_seq=0 out_seq=0
2024-06-11T12:10:57.479 INFO:teuthology.orchestra.run.smithi192.stdout:/usr/bin/ceph: stderr
2024-06-11T12:10:56.438+0000 7f33627fc640 1 -- 172.21.15.192:0/1498646978 <== mon.0 v2:172.21.15.192:3300/0 1 ==== mon_map magic: 0 ==== 205+0+0 (secure 0 0 0) 0x7f3368037040 con 0x7f336c07c780
2024-06-11T12:10:57.479 INFO:teuthology.orchestra.run.smithi192.stdout:/usr/bin/ceph: stderr
2024-06-11T12:10:56.438+0000 7f33627fc640 1 -- 172.21.15.192:0/1498646978 <== mon.0 v2:172.21.15.192:3300/0 2 ==== config(26 keys) ==== 1071+0+0 (secure 0 0 0) 0x7f3368032bb0 con 0x7f336c07c780
2024-06-11T12:10:57.479 INFO:teuthology.orchestra.run.smithi192.stdout:/usr/bin/ceph: stderr
2024-06-11T12:10:56.438+0000 7f33739df640 1 -- 172.21.15.192:0/1498646978 --> [v2:172.21.15.192:3300/0,v1:172.21.15.192:6789/0] -- mon_subscribe({mgrmap=0+}) -- 0x7f336c19d230 con 0x7f336c07c780
2024-06-11T12:10:57.479 INFO:teuthology.orchestra.run.smithi192.stdout:/usr/bin/ceph: stderr
2024-06-11T12:10:56.438+0000 7f33627fc640 1 -- 172.21.15.192:0/1498646978 <== mon.0 v2:172.21.15.192:3300/0 3 ==== mon_map magic: 0 ==== 205+0+0 (secure 0 0 0) 0x7f336803a390 con 0x7f336c07c780
2024-06-11T12:10:57.479 INFO:teuthology.orchestra.run.smithi192.stdout:/usr/bin/ceph: stderr
2024-06-11T12:10:56.438+0000 7f33739df640 1 -- 172.21.15.192:0/1498646978 --> [v2:172.21.15.192:3300/0,v1:172.21.15.192:6789/0] -- mon_subscribe({osdmap=0}) -- 0x7f336c19ff20 con 0x7f336c07c780
2024-06-11T12:10:57.479 INFO:teuthology.orchestra.run.smithi192.stdout:/usr/bin/ceph: stderr
2024-06-11T12:10:56.438+0000 7f33627fc640 1 -- 172.21.15.192:0/1498646978 <== mon.0 v2:172.21.15.192:3300/0 4 ==== mgrmap(e 4) ==== 46276+0+0 (secure 0 0 0) 0x7f336803a580 con 0x7f336c07c780
2024-06-11T12:10:57.479 INFO:teuthology.orchestra.run.smithi192.stdout:/usr/bin/ceph: stderr
2024-06-11T12:10:56.438+0000 7f33739df640 1 -- 172.21.15.192:0/1498646978 --> [v2:172.21.15.192:3300/0,v1:172.21.15.192:6789/0] -- mon_command({"prefix": "get_command_descriptions"} v 0) -- 0x7f336c063000 con 0x7f336c07c780
2024-06-11T12:10:57.479 INFO:teuthology.orchestra.run.smithi192.stdout:/usr/bin/ceph: stderr
2024-06-11T12:10:56.438+0000 7f33627fc640 1 --2- 172.21.15.192:0/1498646978 >> [v2:172.21.15.192:6800/2172749818,v1:172.21.15.192:6801/2172749818] conn(0x7f3358038f70 0x7f335803b430 unknown :-1 s=NONE pgs=0 cs=0 l=1 rev1=0 crypto rx=0 tx=0 comp rx=0 tx=0).connect
2024-06-11T12:10:57.479 INFO:teuthology.orchestra.run.smithi192.stdout:/usr/bin/ceph: stderr
2024-06-11T12:10:56.438+0000 7f33627fc640 1 -- 172.21.15.192:0/1498646978 <== mon.0 v2:172.21.15.192:3300/0 5 ==== osd_map(1..1 src has 1..1) ==== 725+0+0 (secure 0 0 0) 0x7f336806c140 con 0x7f336c07c780
2024-06-11T12:10:57.479 INFO:teuthology.orchestra.run.smithi192.stdout:/usr/bin/ceph: stderr
2024-06-11T12:10:56.438+0000 7f3370f7a640 1 --2- 172.21.15.192:0/1498646978 >> [v2:172.21.15.192:6800/2172749818,v1:172.21.15.192:6801/2172749818] conn(0x7f3358038f70 0x7f335803b430 unknown :-1 s=BANNER_CONNECTING pgs=0 cs=0 l=1 rev1=0 crypto rx=0 tx=0 comp rx=0 tx=0)._handle_peer_banner_payload supported=3 required=0
2024-06-11T12:10:57.479 INFO:teuthology.orchestra.run.smithi192.stdout:/usr/bin/ceph: stderr
2024-06-11T12:10:56.438+0000 7f3370f7a640 1 --2- 172.21.15.192:0/1498646978 >> [v2:172.21.15.192:6800/2172749818,v1:172.21.15.192:6801/2172749818] conn(0x7f3358038f70 0x7f335803b430 secure :-1 s=READY pgs=8 cs=0 l=1 rev1=1 crypto rx=0x7f335c0098c0 tx=0x7f335c006db0 comp rx=0 tx=0).ready entity=mgr.14100 client_cookie=0 server_cookie=0 in_seq=0 out_seq=0
2024-06-11T12:10:57.480 INFO:teuthology.orchestra.run.smithi192.stdout:/usr/bin/ceph: stderr
2024-06-11T12:10:56.442+0000 7f33627fc640 1 -- 172.21.15.192:0/1498646978 <== mon.0 v2:172.21.15.192:3300/0 6 ==== mon_command_ack([{"prefix": "get_command_descriptions"}]=0 v0) ==== 72+0+186418 (secure 0 0 0) 0x7f33680371e0 con 0x7f336c07c780
2024-06-11T12:10:57.480 INFO:teuthology.orchestra.run.smithi192.stdout:/usr/bin/ceph: stderr
2024-06-11T12:10:56.862+0000 7f33739df640 1 -- 172.21.15.192:0/1498646978 --> [v2:172.21.15.192:3300/0,v1:172.21.15.192:6789/0] -- mon_command({"prefix": "mgr module enable", "module": "cephadm"} v 0) -- 0x7f336c1a05a0 con 0x7f336c07c780
2024-06-11T12:10:57.480 INFO:teuthology.orchestra.run.smithi192.stdout:/usr/bin/ceph: stderr
2024-06-11T12:10:56.918+0000 7f33627fc640 1 -- 172.21.15.192:0/1498646978 <== mon.0 v2:172.21.15.192:3300/0 7 ==== mon_command_ack([{"prefix": "mgr module enable", "module": "cephadm"}]=0 v5) ==== 86+0+0 (secure 0 0 0) 0x7f3368032d60 con 0x7f336c07c780
2024-06-11T12:10:57.480 INFO:teuthology.orchestra.run.smithi192.stdout:/usr/bin/ceph: stderr
2024-06-11T12:10:56.918+0000 7f33627fc640 1 -- 172.21.15.192:0/1498646978 <== mon.0 v2:172.21.15.192:3300/0 8 ==== mgrmap(e 5) ==== 46287+0+0 (secure 0 0 0) 0x7f336803a870 con 0x7f336c07c780
2024-06-11T12:10:57.480 INFO:teuthology.orchestra.run.smithi192.stdout:/usr/bin/ceph: stderr
2024-06-11T12:10:56.922+0000 7f33739df640 1 -- 172.21.15.192:0/1498646978 >> [v2:172.21.15.192:6800/2172749818,v1:172.21.15.192:6801/2172749818] conn(0x7f3358038f70 msgr2=0x7f335803b430 secure :-1 s=STATE_CONNECTION_ESTABLISHED l=1).mark_down
2024-06-11T12:10:57.480 INFO:teuthology.orchestra.run.smithi192.stdout:/usr/bin/ceph: stderr
2024-06-11T12:10:56.922+0000 7f33739df640 1 --2- 172.21.15.192:0/1498646978 >> [v2:172.21.15.192:6800/2172749818,v1:172.21.15.192:6801/2172749818] conn(0x7f3358038f70 0x7f335803b430 secure :-1 s=READY pgs=8 cs=0 l=1 rev1=1 crypto rx=0x7f335c0098c0 tx=0x7f335c006db0 comp rx=0 tx=0).stop
2024-06-11T12:10:57.480 INFO:teuthology.orchestra.run.smithi192.stdout:/usr/bin/ceph: stderr
2024-06-11T12:10:56.922+0000 7f33739df640 1 -- 172.21.15.192:0/1498646978 >> [v2:172.21.15.192:3300/0,v1:172.21.15.192:6789/0] conn(0x7f336c07c780 msgr2=0x7f336c19ca60 secure :-1 s=STATE_CONNECTION_ESTABLISHED l=1).mark_down
2024-06-11T12:10:57.480 INFO:teuthology.orchestra.run.smithi192.stdout:/usr/bin/ceph: stderr
2024-06-11T12:10:56.922+0000 7f33739df640 1 --2- 172.21.15.192:0/1498646978 >> [v2:172.21.15.192:3300/0,v1:172.21.15.192:6789/0] conn(0x7f336c07c780 0x7f336c19ca60 secure :-1 s=READY pgs=21 cs=0 l=1 rev1=1 crypto rx=0x7f33680097f0 tx=0x7f3368030d00 comp rx=0 tx=0).stop
2024-06-11T12:10:57.480 INFO:teuthology.orchestra.run.smithi192.stdout:/usr/bin/ceph: stderr
2024-06-11T12:10:56.922+0000 7f33739df640 1 -- 172.21.15.192:0/1498646978 shutdown_connections
2024-06-11T12:10:57.480 INFO:teuthology.orchestra.run.smithi192.stdout:/usr/bin/ceph: stderr
2024-06-11T12:10:56.922+0000 7f33739df640 1 --2- 172.21.15.192:0/1498646978 >> [v2:172.21.15.192:6800/2172749818,v1:172.21.15.192:6801/2172749818] conn(0x7f3358038f70 0x7f335803b430 unknown :-1 s=CLOSED pgs=8 cs=0 l=1 rev1=1 crypto rx=0 tx=0 comp rx=0 tx=0).stop
2024-06-11T12:10:57.480 INFO:teuthology.orchestra.run.smithi192.stdout:/usr/bin/ceph: stderr
2024-06-11T12:10:56.922+0000 7f33739df640 1 --2- 172.21.15.192:0/1498646978 >> [v2:172.21.15.192:3300/0,v1:172.21.15.192:6789/0] conn(0x7f336c07c780 0x7f336c19ca60 unknown :-1 s=CLOSED pgs=21 cs=0 l=1 rev1=1 crypto rx=0 tx=0 comp rx=0 tx=0).stop
2024-06-11T12:10:57.480 INFO:teuthology.orchestra.run.smithi192.stdout:/usr/bin/ceph: stderr
2024-06-11T12:10:56.922+0000 7f33739df640 1 -- 172.21.15.192:0/1498646978 >> 172.21.15.192:0/1498646978 conn(0x7f336c101f40 msgr2=0x7f336c1029e0 unknown :-1 s=STATE_NONE l=0).mark_down
2024-06-11T12:10:57.480 INFO:teuthology.orchestra.run.smithi192.stdout:/usr/bin/ceph: stderr
2024-06-11T12:10:56.922+0000 7f33739df640 1 -- 172.21.15.192:0/1498646978 shutdown_connections
2024-06-11T12:10:57.481 INFO:teuthology.orchestra.run.smithi192.stdout:/usr/bin/ceph: stderr
2024-06-11T12:10:56.922+0000 7f33739df640 1 -- 172.21.15.192:0/1498646978 wait complete.
2024-06-11T12:10:58.229 INFO:journalctl@ceph.mon.a.smithi192.stdout:Jun 11 12:10:57 smithi192 bash[21920]: audit
2024-06-11T12:10:56.921071+0000 mon.a (mon.0) 33 : audit [INF] from='client.? 172.21.15.192:0/1498646978' entity='client.admin' cmd='[{"prefix": "mgr module enable", "module": "cephadm"}]': finished
2024-06-11T12:10:58.229 INFO:journalctl@ceph.mon.a.smithi192.stdout:Jun 11 12:10:57 smithi192 bash[21920]: cluster
2024-06-11T12:10:56.926875+0000 mon.a (mon.0) 34 : cluster [DBG] mgrmap e5: x(active, since 6s)
2024-06-11T12:10:58.506 INFO:journalctl@ceph.mgr.x.smithi192.stdout:Jun 11 12:10:58 smithi192 bash[22176]: debug
2024-06-11T12:10:58.302+0000 7f9083701040 -1 mgr[py] Module rook has missing NOTIFY_TYPES member
2024-06-11T12:10:58.506 INFO:journalctl@ceph.mgr.x.smithi192.stdout:Jun 11 12:10:58 smithi192 bash[22176]: debug
2024-06-11T12:10:58.370+0000 7f9083701040 -1 mgr[py] Module iostat has missing NOTIFY_TYPES member
2024-06-11T12:10:58.839 INFO:journalctl@ceph.mgr.x.smithi192.stdout:Jun 11 12:10:58 smithi192 bash[22176]: debug
2024-06-11T12:10:58.530+0000 7f9083701040 -1 mgr[py] Module telemetry has missing NOTIFY_TYPES member
2024-06-11T12:10:59.195 INFO:journalctl@ceph.mon.a.smithi192.stdout:Jun 11 12:10:58 smithi192 bash[21920]: audit
2024-06-11T12:10:58.831046+0000 mon.a (mon.0) 35 : audit [DBG] from='client.? 172.21.15.192:0/667691931' entity='client.admin' cmd=[{"prefix": "mgr stat"}]: dispatch
2024-06-11T12:10:59.404 INFO:teuthology.orchestra.run.smithi192.stdout:/usr/bin/ceph: stdout {
2024-06-11T12:10:59.404 INFO:teuthology.orchestra.run.smithi192.stdout:/usr/bin/ceph: stdout "epoch": 5,
2024-06-11T12:10:59.404 INFO:teuthology.orchestra.run.smithi192.stdout:/usr/bin/ceph: stdout "available": true,
2024-06-11T12:10:59.404 INFO:teuthology.orchestra.run.smithi192.stdout:/usr/bin/ceph: stdout "active_name": "x",
2024-06-11T12:10:59.404 INFO:teuthology.orchestra.run.smithi192.stdout:/usr/bin/ceph: stdout "num_standby": 0
2024-06-11T12:10:59.404 INFO:teuthology.orchestra.run.smithi192.stdout:/usr/bin/ceph: stdout }
2024-06-11T12:10:59.404 INFO:teuthology.orchestra.run.smithi192.stdout:/usr/bin/ceph: stderr
2024-06-11T12:10:58.394+0000 7fd53d8ba640 1 Processor -- start
2024-06-11T12:10:59.404 INFO:teuthology.orchestra.run.smithi192.stdout:/usr/bin/ceph: stderr
2024-06-11T12:10:58.394+0000 7fd53d8ba640 1 -- start start
2024-06-11T12:10:59.405 INFO:teuthology.orchestra.run.smithi192.stdout:/usr/bin/ceph: stderr
2024-06-11T12:10:58.394+0000 7fd53d8ba640 1 --2- >> [v2:172.21.15.192:3300/0,v1:172.21.15.192:6789/0] conn(0x7fd5381068e0 0x7fd538106d00 unknown :-1 s=NONE pgs=0 cs=0 l=0 rev1=0 crypto rx=0 tx=0 comp rx=0 tx=0).connect
2024-06-11T12:10:59.405 INFO:teuthology.orchestra.run.smithi192.stdout:/usr/bin/ceph: stderr
2024-06-11T12:10:58.394+0000 7fd53d8ba640 1 -- --> [v2:172.21.15.192:3300/0,v1:172.21.15.192:6789/0] -- mon_getmap magic: 0 -- 0x7fd5381072d0 con 0x7fd5381068e0
2024-06-11T12:10:59.405 INFO:teuthology.orchestra.run.smithi192.stdout:/usr/bin/ceph: stderr
2024-06-11T12:10:58.394+0000 7fd536ffd640 1 --2- >> [v2:172.21.15.192:3300/0,v1:172.21.15.192:6789/0] conn(0x7fd5381068e0 0x7fd538106d00 unknown :-1 s=BANNER_CONNECTING pgs=0 cs=0 l=0 rev1=0 crypto rx=0 tx=0 comp rx=0 tx=0)._handle_peer_banner_payload supported=3 required=0
2024-06-11T12:10:59.405 INFO:teuthology.orchestra.run.smithi192.stdout:/usr/bin/ceph: stderr
2024-06-11T12:10:58.394+0000 7fd536ffd640 1 --2- >> [v2:172.21.15.192:3300/0,v1:172.21.15.192:6789/0] conn(0x7fd5381068e0 0x7fd538106d00 unknown :-1 s=HELLO_CONNECTING pgs=0 cs=0 l=0 rev1=1 crypto rx=0 tx=0 comp rx=0 tx=0).handle_hello peer v2:172.21.15.192:3300/0 says I am v2:172.21.15.192:46654/0 (socket says 172.21.15.192:46654)
2024-06-11T12:10:59.406 INFO:teuthology.orchestra.run.smithi192.stdout:/usr/bin/ceph: stderr
2024-06-11T12:10:58.394+0000 7fd536ffd640 1 -- 172.21.15.192:0/3708614666 learned_addr learned my addr 172.21.15.192:0/3708614666 (peer_addr_for_me v2:172.21.15.192:0/0)
2024-06-11T12:10:59.406 INFO:teuthology.orchestra.run.smithi192.stdout:/usr/bin/ceph: stderr
2024-06-11T12:10:58.398+0000 7fd536ffd640 1 -- 172.21.15.192:0/3708614666 --> [v2:172.21.15.192:3300/0,v1:172.21.15.192:6789/0] -- mon_subscribe({config=0+,monmap=0+}) -- 0x7fd538107ae0 con 0x7fd5381068e0
2024-06-11T12:10:59.406 INFO:teuthology.orchestra.run.smithi192.stdout:/usr/bin/ceph: stderr
2024-06-11T12:10:58.398+0000 7fd536ffd640 1 --2- 172.21.15.192:0/3708614666 >> [v2:172.21.15.192:3300/0,v1:172.21.15.192:6789/0] conn(0x7fd5381068e0 0x7fd538106d00 secure :-1 s=READY pgs=24 cs=0 l=1 rev1=1 crypto rx=0x7fd528009820 tx=0x7fd52802a270 comp rx=0 tx=0).ready entity=mon.0 client_cookie=b2e2cf83c5c34cd7 server_cookie=0 in_seq=0 out_seq=0
2024-06-11T12:10:59.408 INFO:teuthology.orchestra.run.smithi192.stdout:/usr/bin/ceph: stderr
2024-06-11T12:10:58.398+0000 7fd535ffb640 1 -- 172.21.15.192:0/3708614666 <== mon.0 v2:172.21.15.192:3300/0 1 ==== mon_map magic: 0 ==== 205+0+0 (secure 0 0 0) 0x7fd528037070 con 0x7fd5381068e0
2024-06-11T12:10:59.408 INFO:teuthology.orchestra.run.smithi192.stdout:/usr/bin/ceph: stderr
2024-06-11T12:10:58.398+0000 7fd535ffb640 1 -- 172.21.15.192:0/3708614666 <== mon.0 v2:172.21.15.192:3300/0 2 ==== config(26 keys) ==== 1071+0+0 (secure 0 0 0) 0x7fd5280328d0 con 0x7fd5381068e0
2024-06-11T12:10:59.408 INFO:teuthology.orchestra.run.smithi192.stdout:/usr/bin/ceph: stderr
2024-06-11T12:10:58.398+0000 7fd535ffb640 1 -- 172.21.15.192:0/3708614666 <== mon.0 v2:172.21.15.192:3300/0 3 ==== mon_map magic: 0 ==== 205+0+0 (secure 0 0 0) 0x7fd5280307d0 con 0x7fd5381068e0
2024-06-11T12:10:59.408 INFO:teuthology.orchestra.run.smithi192.stdout:/usr/bin/ceph: stderr
2024-06-11T12:10:58.398+0000 7fd53d8ba640 1 -- 172.21.15.192:0/3708614666 >> [v2:172.21.15.192:3300/0,v1:172.21.15.192:6789/0] conn(0x7fd5381068e0 msgr2=0x7fd538106d00 secure :-1 s=STATE_CONNECTION_ESTABLISHED l=1).mark_down
2024-06-11T12:10:59.408 INFO:teuthology.orchestra.run.smithi192.stdout:/usr/bin/ceph: stderr
2024-06-11T12:10:58.398+0000 7fd53d8ba640 1 --2- 172.21.15.192:0/3708614666 >> [v2:172.21.15.192:3300/0,v1:172.21.15.192:6789/0] conn(0x7fd5381068e0 0x7fd538106d00 secure :-1 s=READY pgs=24 cs=0 l=1 rev1=1 crypto rx=0x7fd528009820 tx=0x7fd52802a270 comp rx=0 tx=0).stop
2024-06-11T12:10:59.408 INFO:teuthology.orchestra.run.smithi192.stdout:/usr/bin/ceph: stderr
2024-06-11T12:10:58.398+0000 7fd53d8ba640 1 -- 172.21.15.192:0/3708614666 shutdown_connections
2024-06-11T12:10:59.408 INFO:teuthology.orchestra.run.smithi192.stdout:/usr/bin/ceph: stderr
2024-06-11T12:10:58.398+0000 7fd53d8ba640 1 --2- 172.21.15.192:0/3708614666 >> [v2:172.21.15.192:3300/0,v1:172.21.15.192:6789/0] conn(0x7fd5381068e0 0x7fd538106d00 unknown :-1 s=CLOSED pgs=24 cs=0 l=1 rev1=1 crypto rx=0 tx=0 comp rx=0 tx=0).stop
2024-06-11T12:10:59.408 INFO:teuthology.orchestra.run.smithi192.stdout:/usr/bin/ceph: stderr
2024-06-11T12:10:58.398+0000 7fd53d8ba640 1 -- 172.21.15.192:0/3708614666 >> 172.21.15.192:0/3708614666 conn(0x7fd538101ee0 msgr2=0x7fd538104300 unknown :-1 s=STATE_NONE l=0).mark_down
2024-06-11T12:10:59.408 INFO:teuthology.orchestra.run.smithi192.stdout:/usr/bin/ceph: stderr
2024-06-11T12:10:58.398+0000 7fd53d8ba640 1 -- 172.21.15.192:0/3708614666 shutdown_connections
2024-06-11T12:10:59.409 INFO:teuthology.orchestra.run.smithi192.stdout:/usr/bin/ceph: stderr
2024-06-11T12:10:58.398+0000 7fd53d8ba640 1 -- 172.21.15.192:0/3708614666 wait complete.
2024-06-11T12:10:59.409 INFO:teuthology.orchestra.run.smithi192.stdout:/usr/bin/ceph: stderr
2024-06-11T12:10:58.398+0000 7fd53d8ba640 1 Processor -- start
2024-06-11T12:10:59.409 INFO:teuthology.orchestra.run.smithi192.stdout:/usr/bin/ceph: stderr
2024-06-11T12:10:58.398+0000 7fd53d8ba640 1 -- start start
2024-06-11T12:10:59.409 INFO:teuthology.orchestra.run.smithi192.stdout:/usr/bin/ceph: stderr
2024-06-11T12:10:58.398+0000 7fd53d8ba640 1 --2- >> [v2:172.21.15.192:3300/0,v1:172.21.15.192:6789/0] conn(0x7fd5381068e0 0x7fd53819ca60 unknown :-1 s=NONE pgs=0 cs=0 l=1 rev1=0 crypto rx=0 tx=0 comp rx=0 tx=0).connect
2024-06-11T12:10:59.409 INFO:teuthology.orchestra.run.smithi192.stdout:/usr/bin/ceph: stderr
2024-06-11T12:10:58.398+0000 7fd53d8ba640 1 -- --> [v2:172.21.15.192:3300/0,v1:172.21.15.192:6789/0] -- mon_getmap magic: 0 -- 0x7fd53810ae90 con 0x7fd5381068e0
2024-06-11T12:10:59.409 INFO:teuthology.orchestra.run.smithi192.stdout:/usr/bin/ceph: stderr
2024-06-11T12:10:58.398+0000 7fd536ffd640 1 --2- >> [v2:172.21.15.192:3300/0,v1:172.21.15.192:6789/0] conn(0x7fd5381068e0 0x7fd53819ca60 unknown :-1 s=BANNER_CONNECTING pgs=0 cs=0 l=1 rev1=0 crypto rx=0 tx=0 comp rx=0 tx=0)._handle_peer_banner_payload supported=3 required=0
2024-06-11T12:10:59.409 INFO:teuthology.orchestra.run.smithi192.stdout:/usr/bin/ceph: stderr
2024-06-11T12:10:58.398+0000 7fd536ffd640 1 --2- >> [v2:172.21.15.192:3300/0,v1:172.21.15.192:6789/0] conn(0x7fd5381068e0 0x7fd53819ca60 unknown :-1 s=HELLO_CONNECTING pgs=0 cs=0 l=1 rev1=1 crypto rx=0 tx=0 comp rx=0 tx=0).handle_hello peer v2:172.21.15.192:3300/0 says I am v2:172.21.15.192:46656/0 (socket says 172.21.15.192:46656)
2024-06-11T12:10:59.409 INFO:teuthology.orchestra.run.smithi192.stdout:/usr/bin/ceph: stderr
2024-06-11T12:10:58.398+0000 7fd536ffd640 1 -- 172.21.15.192:0/667691931 learned_addr learned my addr 172.21.15.192:0/667691931 (peer_addr_for_me v2:172.21.15.192:0/0)
2024-06-11T12:10:59.409 INFO:teuthology.orchestra.run.smithi192.stdout:/usr/bin/ceph: stderr
2024-06-11T12:10:58.398+0000 7fd536ffd640 1 -- 172.21.15.192:0/667691931 --> [v2:172.21.15.192:3300/0,v1:172.21.15.192:6789/0] -- mon_subscribe({config=0+,monmap=0+}) -- 0x7fd53819cfa0 con 0x7fd5381068e0
2024-06-11T12:10:59.409 INFO:teuthology.orchestra.run.smithi192.stdout:/usr/bin/ceph: stderr
2024-06-11T12:10:58.398+0000 7fd536ffd640 1 --2- 172.21.15.192:0/667691931 >> [v2:172.21.15.192:3300/0,v1:172.21.15.192:6789/0] conn(0x7fd5381068e0 0x7fd53819ca60 secure :-1 s=READY pgs=25 cs=0 l=1 rev1=1 crypto rx=0x7fd528009940 tx=0x7fd528032e10 comp rx=0 tx=0).ready entity=mon.0 client_cookie=0 server_cookie=0 in_seq=0 out_seq=0
2024-06-11T12:10:59.413 INFO:teuthology.orchestra.run.smithi192.stdout:/usr/bin/ceph: stderr
2024-06-11T12:10:58.402+0000 7fd53c8b8640 1 -- 172.21.15.192:0/667691931 <== mon.0 v2:172.21.15.192:3300/0 1 ==== mon_map magic: 0 ==== 205+0+0 (secure 0 0 0) 0x7fd528042070 con 0x7fd5381068e0
2024-06-11T12:10:59.413 INFO:teuthology.orchestra.run.smithi192.stdout:/usr/bin/ceph: stderr
2024-06-11T12:10:58.402+0000 7fd53c8b8640 1 -- 172.21.15.192:0/667691931 <== mon.0 v2:172.21.15.192:3300/0 2 ==== config(26 keys) ==== 1071+0+0 (secure 0 0 0) 0x7fd528030c80 con 0x7fd5381068e0
