2024-06-11T12:11:11.441+0000 7fe3cdfd4640 1 --2- >> [v2:172.21.15.192:3300/0,v1:172.21.15.192:6789/0] conn(0x7fe3c8104bf0 0x7fe3c8105010 unknown :-1 s=NONE pgs=0 cs=0 l=0 rev1=0 crypto rx=0 tx=0 comp rx=0 tx=0).connect
2024-06-11T12:11:12.368 INFO:teuthology.orchestra.run.smithi192.stdout:/usr/bin/ceph: stderr
2024-06-11T12:11:11.441+0000 7fe3cdfd4640 1 -- --> [v2:172.21.15.192:3300/0,v1:172.21.15.192:6789/0] -- mon_getmap magic: 0 -- 0x7fe3c81055e0 con 0x7fe3c8104bf0
2024-06-11T12:11:12.368 INFO:teuthology.orchestra.run.smithi192.stdout:/usr/bin/ceph: stderr
2024-06-11T12:11:11.441+0000 7fe3c77fe640 1 --2- >> [v2:172.21.15.192:3300/0,v1:172.21.15.192:6789/0] conn(0x7fe3c8104bf0 0x7fe3c8105010 unknown :-1 s=BANNER_CONNECTING pgs=0 cs=0 l=0 rev1=0 crypto rx=0 tx=0 comp rx=0 tx=0)._handle_peer_banner_payload supported=3 required=0
2024-06-11T12:11:12.368 INFO:teuthology.orchestra.run.smithi192.stdout:/usr/bin/ceph: stderr
2024-06-11T12:11:11.441+0000 7fe3c77fe640 1 --2- >> [v2:172.21.15.192:3300/0,v1:172.21.15.192:6789/0] conn(0x7fe3c8104bf0 0x7fe3c8105010 unknown :-1 s=HELLO_CONNECTING pgs=0 cs=0 l=0 rev1=1 crypto rx=0 tx=0 comp rx=0 tx=0).handle_hello peer v2:172.21.15.192:3300/0 says I am v2:172.21.15.192:54748/0 (socket says 172.21.15.192:54748)
2024-06-11T12:11:12.369 INFO:teuthology.orchestra.run.smithi192.stdout:/usr/bin/ceph: stderr
2024-06-11T12:11:11.441+0000 7fe3c77fe640 1 -- 172.21.15.192:0/3470533246 learned_addr learned my addr 172.21.15.192:0/3470533246 (peer_addr_for_me v2:172.21.15.192:0/0)
2024-06-11T12:11:12.369 INFO:teuthology.orchestra.run.smithi192.stdout:/usr/bin/ceph: stderr
2024-06-11T12:11:11.441+0000 7fe3c77fe640 1 -- 172.21.15.192:0/3470533246 --> [v2:172.21.15.192:3300/0,v1:172.21.15.192:6789/0] -- mon_subscribe({config=0+,monmap=0+}) -- 0x7fe3c8105910 con 0x7fe3c8104bf0
2024-06-11T12:11:12.369 INFO:teuthology.orchestra.run.smithi192.stdout:/usr/bin/ceph: stderr
2024-06-11T12:11:11.441+0000 7fe3c77fe640 1 --2- 172.21.15.192:0/3470533246 >> [v2:172.21.15.192:3300/0,v1:172.21.15.192:6789/0] conn(0x7fe3c8104bf0 0x7fe3c8105010 secure :-1 s=READY pgs=41 cs=0 l=1 rev1=1 crypto rx=0x7fe3b8009e80 tx=0x7fe3b802a7a0 comp rx=0 tx=0).ready entity=mon.0 client_cookie=3f27cc969f332cbb server_cookie=0 in_seq=0 out_seq=0
2024-06-11T12:11:12.369 INFO:teuthology.orchestra.run.smithi192.stdout:/usr/bin/ceph: stderr
2024-06-11T12:11:11.441+0000 7fe3c67fc640 1 -- 172.21.15.192:0/3470533246 <== mon.0 v2:172.21.15.192:3300/0 1 ==== mon_map magic: 0 ==== 205+0+0 (secure 0 0 0) 0x7fe3b8036070 con 0x7fe3c8104bf0
2024-06-11T12:11:12.369 INFO:teuthology.orchestra.run.smithi192.stdout:/usr/bin/ceph: stderr
2024-06-11T12:11:11.441+0000 7fe3c67fc640 1 -- 172.21.15.192:0/3470533246 <== mon.0 v2:172.21.15.192:3300/0 2 ==== config(26 keys) ==== 1071+0+0 (secure 0 0 0) 0x7fe3b8031890 con 0x7fe3c8104bf0
2024-06-11T12:11:12.369 INFO:teuthology.orchestra.run.smithi192.stdout:/usr/bin/ceph: stderr
2024-06-11T12:11:11.441+0000 7fe3c67fc640 1 -- 172.21.15.192:0/3470533246 <== mon.0 v2:172.21.15.192:3300/0 3 ==== mon_map magic: 0 ==== 205+0+0 (secure 0 0 0) 0x7fe3b8007980 con 0x7fe3c8104bf0
2024-06-11T12:11:12.369 INFO:teuthology.orchestra.run.smithi192.stdout:/usr/bin/ceph: stderr
2024-06-11T12:11:11.441+0000 7fe3cdfd4640 1 -- 172.21.15.192:0/3470533246 >> [v2:172.21.15.192:3300/0,v1:172.21.15.192:6789/0] conn(0x7fe3c8104bf0 msgr2=0x7fe3c8105010 secure :-1 s=STATE_CONNECTION_ESTABLISHED l=1).mark_down
2024-06-11T12:11:12.369 INFO:teuthology.orchestra.run.smithi192.stdout:/usr/bin/ceph: stderr
2024-06-11T12:11:11.441+0000 7fe3cdfd4640 1 --2- 172.21.15.192:0/3470533246 >> [v2:172.21.15.192:3300/0,v1:172.21.15.192:6789/0] conn(0x7fe3c8104bf0 0x7fe3c8105010 secure :-1 s=READY pgs=41 cs=0 l=1 rev1=1 crypto rx=0x7fe3b8009e80 tx=0x7fe3b802a7a0 comp rx=0 tx=0).stop
2024-06-11T12:11:12.369 INFO:teuthology.orchestra.run.smithi192.stdout:/usr/bin/ceph: stderr
2024-06-11T12:11:11.441+0000 7fe3cdfd4640 1 -- 172.21.15.192:0/3470533246 shutdown_connections
2024-06-11T12:11:12.369 INFO:teuthology.orchestra.run.smithi192.stdout:/usr/bin/ceph: stderr
2024-06-11T12:11:11.441+0000 7fe3cdfd4640 1 --2- 172.21.15.192:0/3470533246 >> [v2:172.21.15.192:3300/0,v1:172.21.15.192:6789/0] conn(0x7fe3c8104bf0 0x7fe3c8105010 unknown :-1 s=CLOSED pgs=41 cs=0 l=1 rev1=1 crypto rx=0 tx=0 comp rx=0 tx=0).stop
2024-06-11T12:11:12.369 INFO:teuthology.orchestra.run.smithi192.stdout:/usr/bin/ceph: stderr
2024-06-11T12:11:11.441+0000 7fe3cdfd4640 1 -- 172.21.15.192:0/3470533246 >> 172.21.15.192:0/3470533246 conn(0x7fe3c81005a0 msgr2=0x7fe3c81029c0 unknown :-1 s=STATE_NONE l=0).mark_down
2024-06-11T12:11:12.370 INFO:teuthology.orchestra.run.smithi192.stdout:/usr/bin/ceph: stderr
2024-06-11T12:11:11.441+0000 7fe3cdfd4640 1 -- 172.21.15.192:0/3470533246 shutdown_connections
2024-06-11T12:11:12.370 INFO:teuthology.orchestra.run.smithi192.stdout:/usr/bin/ceph: stderr
2024-06-11T12:11:11.441+0000 7fe3cdfd4640 1 -- 172.21.15.192:0/3470533246 wait complete.
2024-06-11T12:11:12.370 INFO:teuthology.orchestra.run.smithi192.stdout:/usr/bin/ceph: stderr
2024-06-11T12:11:11.445+0000 7fe3cdfd4640 1 Processor -- start
2024-06-11T12:11:12.370 INFO:teuthology.orchestra.run.smithi192.stdout:/usr/bin/ceph: stderr
2024-06-11T12:11:11.445+0000 7fe3cdfd4640 1 -- start start
2024-06-11T12:11:12.370 INFO:teuthology.orchestra.run.smithi192.stdout:/usr/bin/ceph: stderr
2024-06-11T12:11:11.445+0000 7fe3cdfd4640 1 --2- >> [v2:172.21.15.192:3300/0,v1:172.21.15.192:6789/0] conn(0x7fe3c8104bf0 0x7fe3c81a0e80 unknown :-1 s=NONE pgs=0 cs=0 l=1 rev1=0 crypto rx=0 tx=0 comp rx=0 tx=0).connect
2024-06-11T12:11:12.370 INFO:teuthology.orchestra.run.smithi192.stdout:/usr/bin/ceph: stderr
2024-06-11T12:11:11.445+0000 7fe3cdfd4640 1 -- --> [v2:172.21.15.192:3300/0,v1:172.21.15.192:6789/0] -- mon_getmap magic: 0 -- 0x7fe3c8108ce0 con 0x7fe3c8104bf0
2024-06-11T12:11:12.370 INFO:teuthology.orchestra.run.smithi192.stdout:/usr/bin/ceph: stderr
2024-06-11T12:11:11.445+0000 7fe3c77fe640 1 --2- >> [v2:172.21.15.192:3300/0,v1:172.21.15.192:6789/0] conn(0x7fe3c8104bf0 0x7fe3c81a0e80 unknown :-1 s=BANNER_CONNECTING pgs=0 cs=0 l=1 rev1=0 crypto rx=0 tx=0 comp rx=0 tx=0)._handle_peer_banner_payload supported=3 required=0
2024-06-11T12:11:12.370 INFO:teuthology.orchestra.run.smithi192.stdout:/usr/bin/ceph: stderr
2024-06-11T12:11:11.445+0000 7fe3c77fe640 1 --2- >> [v2:172.21.15.192:3300/0,v1:172.21.15.192:6789/0] conn(0x7fe3c8104bf0 0x7fe3c81a0e80 unknown :-1 s=HELLO_CONNECTING pgs=0 cs=0 l=1 rev1=1 crypto rx=0 tx=0 comp rx=0 tx=0).handle_hello peer v2:172.21.15.192:3300/0 says I am v2:172.21.15.192:54750/0 (socket says 172.21.15.192:54750)
2024-06-11T12:11:12.370 INFO:teuthology.orchestra.run.smithi192.stdout:/usr/bin/ceph: stderr
2024-06-11T12:11:11.445+0000 7fe3c77fe640 1 -- 172.21.15.192:0/2096698430 learned_addr learned my addr 172.21.15.192:0/2096698430 (peer_addr_for_me v2:172.21.15.192:0/0)
2024-06-11T12:11:12.370 INFO:teuthology.orchestra.run.smithi192.stdout:/usr/bin/ceph: stderr
2024-06-11T12:11:11.445+0000 7fe3c77fe640 1 -- 172.21.15.192:0/2096698430 --> [v2:172.21.15.192:3300/0,v1:172.21.15.192:6789/0] -- mon_subscribe({config=0+,monmap=0+}) -- 0x7fe3c81a13c0 con 0x7fe3c8104bf0
2024-06-11T12:11:12.370 INFO:teuthology.orchestra.run.smithi192.stdout:/usr/bin/ceph: stderr
2024-06-11T12:11:11.445+0000 7fe3c77fe640 1 --2- 172.21.15.192:0/2096698430 >> [v2:172.21.15.192:3300/0,v1:172.21.15.192:6789/0] conn(0x7fe3c8104bf0 0x7fe3c81a0e80 secure :-1 s=READY pgs=42 cs=0 l=1 rev1=1 crypto rx=0x7fe3b802acc0 tx=0x7fe3b8031c70 comp rx=0 tx=0).ready entity=mon.0 client_cookie=0 server_cookie=0 in_seq=0 out_seq=0
2024-06-11T12:11:12.371 INFO:teuthology.orchestra.run.smithi192.stdout:/usr/bin/ceph: stderr
2024-06-11T12:11:11.445+0000 7fe3c4ff9640 1 -- 172.21.15.192:0/2096698430 <== mon.0 v2:172.21.15.192:3300/0 1 ==== mon_map magic: 0 ==== 205+0+0 (secure 0 0 0) 0x7fe3b8041030 con 0x7fe3c8104bf0
2024-06-11T12:11:12.371 INFO:teuthology.orchestra.run.smithi192.stdout:/usr/bin/ceph: stderr
2024-06-11T12:11:11.445+0000 7fe3cdfd4640 1 -- 172.21.15.192:0/2096698430 --> [v2:172.21.15.192:3300/0,v1:172.21.15.192:6789/0] -- mon_subscribe({mgrmap=0+}) -- 0x7fe3c81a1650 con 0x7fe3c8104bf0
2024-06-11T12:11:12.371 INFO:teuthology.orchestra.run.smithi192.stdout:/usr/bin/ceph: stderr
2024-06-11T12:11:11.445+0000 7fe3c4ff9640 1 -- 172.21.15.192:0/2096698430 <== mon.0 v2:172.21.15.192:3300/0 2 ==== config(26 keys) ==== 1071+0+0 (secure 0 0 0) 0x7fe3b803c900 con 0x7fe3c8104bf0
2024-06-11T12:11:12.371 INFO:teuthology.orchestra.run.smithi192.stdout:/usr/bin/ceph: stderr
2024-06-11T12:11:11.445+0000 7fe3c4ff9640 1 -- 172.21.15.192:0/2096698430 <== mon.0 v2:172.21.15.192:3300/0 3 ==== mon_map magic: 0 ==== 205+0+0 (secure 0 0 0) 0x7fe3b8036040 con 0x7fe3c8104bf0
2024-06-11T12:11:12.371 INFO:teuthology.orchestra.run.smithi192.stdout:/usr/bin/ceph: stderr
2024-06-11T12:11:11.445+0000 7fe3cdfd4640 1 -- 172.21.15.192:0/2096698430 --> [v2:172.21.15.192:3300/0,v1:172.21.15.192:6789/0] -- mon_subscribe({osdmap=0}) -- 0x7fe3c81a4340 con 0x7fe3c8104bf0
2024-06-11T12:11:12.371 INFO:teuthology.orchestra.run.smithi192.stdout:/usr/bin/ceph: stderr
2024-06-11T12:11:11.445+0000 7fe3c4ff9640 1 -- 172.21.15.192:0/2096698430 <== mon.0 v2:172.21.15.192:3300/0 4 ==== mgrmap(e 8) ==== 46287+0+0 (secure 0 0 0) 0x7fe3b8044070 con 0x7fe3c8104bf0
2024-06-11T12:11:12.371 INFO:teuthology.orchestra.run.smithi192.stdout:/usr/bin/ceph: stderr
2024-06-11T12:11:11.445+0000 7fe3cdfd4640 1 -- 172.21.15.192:0/2096698430 --> [v2:172.21.15.192:3300/0,v1:172.21.15.192:6789/0] -- mon_command({"prefix": "get_command_descriptions"} v 0) -- 0x7fe3c8063000 con 0x7fe3c8104bf0
2024-06-11T12:11:12.372 INFO:teuthology.orchestra.run.smithi192.stdout:/usr/bin/ceph: stderr
2024-06-11T12:11:11.445+0000 7fe3c4ff9640 1 --2- 172.21.15.192:0/2096698430 >> [v2:172.21.15.192:6800/4092850818,v1:172.21.15.192:6801/4092850818] conn(0x7fe3b4038f70 0x7fe3b403b430 unknown :-1 s=NONE pgs=0 cs=0 l=1 rev1=0 crypto rx=0 tx=0 comp rx=0 tx=0).connect
2024-06-11T12:11:12.372 INFO:teuthology.orchestra.run.smithi192.stdout:/usr/bin/ceph: stderr
2024-06-11T12:11:11.445+0000 7fe3c4ff9640 1 -- 172.21.15.192:0/2096698430 <== mon.0 v2:172.21.15.192:3300/0 5 ==== osd_map(2..2 src has 1..2) ==== 940+0+0 (secure 0 0 0) 0x7fe3b8042070 con 0x7fe3c8104bf0
2024-06-11T12:11:12.372 INFO:teuthology.orchestra.run.smithi192.stdout:/usr/bin/ceph: stderr
2024-06-11T12:11:11.445+0000 7fe3c6ffd640 1 --2- 172.21.15.192:0/2096698430 >> [v2:172.21.15.192:6800/4092850818,v1:172.21.15.192:6801/4092850818] conn(0x7fe3b4038f70 0x7fe3b403b430 unknown :-1 s=BANNER_CONNECTING pgs=0 cs=0 l=1 rev1=0 crypto rx=0 tx=0 comp rx=0 tx=0)._handle_peer_banner_payload supported=3 required=0
2024-06-11T12:11:12.372 INFO:teuthology.orchestra.run.smithi192.stdout:/usr/bin/ceph: stderr
2024-06-11T12:11:11.445+0000 7fe3c6ffd640 1 --2- 172.21.15.192:0/2096698430 >> [v2:172.21.15.192:6800/4092850818,v1:172.21.15.192:6801/4092850818] conn(0x7fe3b4038f70 0x7fe3b403b430 secure :-1 s=READY pgs=10 cs=0 l=1 rev1=1 crypto rx=0x7fe3b00098c0 tx=0x7fe3b0006db0 comp rx=0 tx=0).ready entity=mgr.14118 client_cookie=0 server_cookie=0 in_seq=0 out_seq=0
2024-06-11T12:11:12.372 INFO:teuthology.orchestra.run.smithi192.stdout:/usr/bin/ceph: stderr
2024-06-11T12:11:11.449+0000 7fe3c4ff9640 1 -- 172.21.15.192:0/2096698430 <== mon.0 v2:172.21.15.192:3300/0 6 ==== mon_command_ack([{"prefix": "get_command_descriptions"}]=0 v0) ==== 72+0+186418 (secure 0 0 0) 0x7fe3b804b070 con 0x7fe3c8104bf0
2024-06-11T12:11:12.372 INFO:teuthology.orchestra.run.smithi192.stdout:/usr/bin/ceph: stderr
2024-06-11T12:11:11.789+0000 7fe3cdfd4640 1 -- 172.21.15.192:0/2096698430 --> [v2:172.21.15.192:6800/4092850818,v1:172.21.15.192:6801/4092850818] -- mgr_command(tid 0: {"prefix": "cephadm get-pub-key", "target": ["mon-mgr", ""]}) -- 0x7fe3c802d660 con 0x7fe3b4038f70
2024-06-11T12:11:12.372 INFO:teuthology.orchestra.run.smithi192.stdout:/usr/bin/ceph: stderr
2024-06-11T12:11:11.789+0000 7fe3c4ff9640 1 -- 172.21.15.192:0/2096698430 <== mgr.14118 v2:172.21.15.192:6800/4092850818 1 ==== mgr_command_reply(tid 0: 0 ) ==== 8+0+595 (secure 0 0 0) 0x7fe3c802d660 con 0x7fe3b4038f70
2024-06-11T12:11:12.372 INFO:teuthology.orchestra.run.smithi192.stdout:/usr/bin/ceph: stderr
2024-06-11T12:11:11.789+0000 7fe3cdfd4640 1 -- 172.21.15.192:0/2096698430 >> [v2:172.21.15.192:6800/4092850818,v1:172.21.15.192:6801/4092850818] conn(0x7fe3b4038f70 msgr2=0x7fe3b403b430 secure :-1 s=STATE_CONNECTION_ESTABLISHED l=1).mark_down
2024-06-11T12:11:12.372 INFO:teuthology.orchestra.run.smithi192.stdout:/usr/bin/ceph: stderr
2024-06-11T12:11:11.789+0000 7fe3cdfd4640 1 --2- 172.21.15.192:0/2096698430 >> [v2:172.21.15.192:6800/4092850818,v1:172.21.15.192:6801/4092850818] conn(0x7fe3b4038f70 0x7fe3b403b430 secure :-1 s=READY pgs=10 cs=0 l=1 rev1=1 crypto rx=0x7fe3b00098c0 tx=0x7fe3b0006db0 comp rx=0 tx=0).stop
2024-06-11T12:11:12.372 INFO:teuthology.orchestra.run.smithi192.stdout:/usr/bin/ceph: stderr
2024-06-11T12:11:11.789+0000 7fe3cdfd4640 1 -- 172.21.15.192:0/2096698430 >> [v2:172.21.15.192:3300/0,v1:172.21.15.192:6789/0] conn(0x7fe3c8104bf0 msgr2=0x7fe3c81a0e80 secure :-1 s=STATE_CONNECTION_ESTABLISHED l=1).mark_down
2024-06-11T12:11:12.373 INFO:teuthology.orchestra.run.smithi192.stdout:/usr/bin/ceph: stderr
2024-06-11T12:11:11.789+0000 7fe3cdfd4640 1 --2- 172.21.15.192:0/2096698430 >> [v2:172.21.15.192:3300/0,v1:172.21.15.192:6789/0] conn(0x7fe3c8104bf0 0x7fe3c81a0e80 secure :-1 s=READY pgs=42 cs=0 l=1 rev1=1 crypto rx=0x7fe3b802acc0 tx=0x7fe3b8031c70 comp rx=0 tx=0).stop
2024-06-11T12:11:12.373 INFO:teuthology.orchestra.run.smithi192.stdout:/usr/bin/ceph: stderr
2024-06-11T12:11:11.793+0000 7fe3cdfd4640 1 -- 172.21.15.192:0/2096698430 shutdown_connections
2024-06-11T12:11:12.373 INFO:teuthology.orchestra.run.smithi192.stdout:/usr/bin/ceph: stderr
2024-06-11T12:11:11.793+0000 7fe3cdfd4640 1 --2- 172.21.15.192:0/2096698430 >> [v2:172.21.15.192:6800/4092850818,v1:172.21.15.192:6801/4092850818] conn(0x7fe3b4038f70 0x7fe3b403b430 unknown :-1 s=CLOSED pgs=10 cs=0 l=1 rev1=1 crypto rx=0 tx=0 comp rx=0 tx=0).stop
2024-06-11T12:11:12.373 INFO:teuthology.orchestra.run.smithi192.stdout:/usr/bin/ceph: stderr
2024-06-11T12:11:11.793+0000 7fe3cdfd4640 1 --2- 172.21.15.192:0/2096698430 >> [v2:172.21.15.192:3300/0,v1:172.21.15.192:6789/0] conn(0x7fe3c8104bf0 0x7fe3c81a0e80 unknown :-1 s=CLOSED pgs=42 cs=0 l=1 rev1=1 crypto rx=0 tx=0 comp rx=0 tx=0).stop
2024-06-11T12:11:12.373 INFO:teuthology.orchestra.run.smithi192.stdout:/usr/bin/ceph: stderr
2024-06-11T12:11:11.793+0000 7fe3cdfd4640 1 -- 172.21.15.192:0/2096698430 >> 172.21.15.192:0/2096698430 conn(0x7fe3c81005a0 msgr2=0x7fe3c810b360 unknown :-1 s=STATE_NONE l=0).mark_down
2024-06-11T12:11:12.373 INFO:teuthology.orchestra.run.smithi192.stdout:/usr/bin/ceph: stderr
2024-06-11T12:11:11.793+0000 7fe3cdfd4640 1 -- 172.21.15.192:0/2096698430 shutdown_connections
2024-06-11T12:11:12.373 INFO:teuthology.orchestra.run.smithi192.stdout:/usr/bin/ceph: stderr
2024-06-11T12:11:11.793+0000 7fe3cdfd4640 1 -- 172.21.15.192:0/2096698430 wait complete.
2024-06-11T12:11:12.373 INFO:teuthology.orchestra.run.smithi192.stdout:Wrote public SSH key to /home/ubuntu/cephtest/ceph.pub
2024-06-11T12:11:12.373 INFO:teuthology.orchestra.run.smithi192.stdout:Adding key to root@localhost authorized_keys...
2024-06-11T12:11:12.373 INFO:teuthology.orchestra.run.smithi192.stdout:Adding host smithi192...
2024-06-11T12:11:14.257 INFO:journalctl@ceph.mon.a.smithi192.stdout:Jun 11 12:11:14 smithi192 bash[21920]: audit
2024-06-11T12:11:13.847234+0000 mgr.x (mgr.14118) 14 : audit [DBG] from='client.14138 -' entity='client.admin' cmd=[{"prefix": "orch host add", "hostname": "smithi192", "addr": "172.21.15.192", "target": ["mon-mgr", ""]}]: dispatch
2024-06-11T12:11:15.217 INFO:journalctl@ceph.mon.a.smithi192.stdout:Jun 11 12:11:15 smithi192 bash[21920]: cephadm
2024-06-11T12:11:14.850146+0000 mgr.x (mgr.14118) 15 : cephadm [INF] Deploying cephadm binary to smithi192
2024-06-11T12:11:18.675 INFO:teuthology.orchestra.run.smithi192.stdout:/usr/bin/ceph: stdout Added host 'smithi192' with addr '172.21.15.192'
2024-06-11T12:11:18.675 INFO:teuthology.orchestra.run.smithi192.stdout:/usr/bin/ceph: stderr
2024-06-11T12:11:13.505+0000 7fa358713640 1 Processor -- start
2024-06-11T12:11:18.675 INFO:teuthology.orchestra.run.smithi192.stdout:/usr/bin/ceph: stderr
2024-06-11T12:11:13.505+0000 7fa358713640 1 -- start start
2024-06-11T12:11:18.675 INFO:teuthology.orchestra.run.smithi192.stdout:/usr/bin/ceph: stderr
2024-06-11T12:11:13.505+0000 7fa358713640 1 --2- >> [v2:172.21.15.192:3300/0,v1:172.21.15.192:6789/0] conn(0x7fa350108b10 0x7fa350108f30 unknown :-1 s=NONE pgs=0 cs=0 l=0 rev1=0 crypto rx=0 tx=0 comp rx=0 tx=0).connect
2024-06-11T12:11:18.676 INFO:teuthology.orchestra.run.smithi192.stdout:/usr/bin/ceph: stderr
2024-06-11T12:11:13.505+0000 7fa358713640 1 -- --> [v2:172.21.15.192:3300/0,v1:172.21.15.192:6789/0] -- mon_getmap magic: 0 -- 0x7fa350109500 con 0x7fa350108b10
2024-06-11T12:11:18.676 INFO:teuthology.orchestra.run.smithi192.stdout:/usr/bin/ceph: stderr
2024-06-11T12:11:13.505+0000 7fa3564af640 1 --2- >> [v2:172.21.15.192:3300/0,v1:172.21.15.192:6789/0] conn(0x7fa350108b10 0x7fa350108f30 unknown :-1 s=BANNER_CONNECTING pgs=0 cs=0 l=0 rev1=0 crypto rx=0 tx=0 comp rx=0 tx=0)._handle_peer_banner_payload supported=3 required=0
2024-06-11T12:11:18.676 INFO:teuthology.orchestra.run.smithi192.stdout:/usr/bin/ceph: stderr
2024-06-11T12:11:13.505+0000 7fa3564af640 1 --2- >> [v2:172.21.15.192:3300/0,v1:172.21.15.192:6789/0] conn(0x7fa350108b10 0x7fa350108f30 unknown :-1 s=HELLO_CONNECTING pgs=0 cs=0 l=0 rev1=1 crypto rx=0 tx=0 comp rx=0 tx=0).handle_hello peer v2:172.21.15.192:3300/0 says I am v2:172.21.15.192:54758/0 (socket says 172.21.15.192:54758)
2024-06-11T12:11:18.676 INFO:teuthology.orchestra.run.smithi192.stdout:/usr/bin/ceph: stderr
2024-06-11T12:11:13.505+0000 7fa3564af640 1 -- 172.21.15.192:0/333841998 learned_addr learned my addr 172.21.15.192:0/333841998 (peer_addr_for_me v2:172.21.15.192:0/0)
2024-06-11T12:11:18.676 INFO:teuthology.orchestra.run.smithi192.stdout:/usr/bin/ceph: stderr
2024-06-11T12:11:13.505+0000 7fa3564af640 1 -- 172.21.15.192:0/333841998 --> [v2:172.21.15.192:3300/0,v1:172.21.15.192:6789/0] -- mon_subscribe({config=0+,monmap=0+}) -- 0x7fa350109d10 con 0x7fa350108b10
2024-06-11T12:11:18.676 INFO:teuthology.orchestra.run.smithi192.stdout:/usr/bin/ceph: stderr
2024-06-11T12:11:13.505+0000 7fa3564af640 1 --2- 172.21.15.192:0/333841998 >> [v2:172.21.15.192:3300/0,v1:172.21.15.192:6789/0] conn(0x7fa350108b10 0x7fa350108f30 secure :-1 s=READY pgs=43 cs=0 l=1 rev1=1 crypto rx=0x7fa34c009820 tx=0x7fa34c02a270 comp rx=0 tx=0).ready entity=mon.0 client_cookie=de086c127dc02916 server_cookie=0 in_seq=0 out_seq=0
2024-06-11T12:11:18.676 INFO:teuthology.orchestra.run.smithi192.stdout:/usr/bin/ceph: stderr
2024-06-11T12:11:13.505+0000 7fa3554ad640 1 -- 172.21.15.192:0/333841998 <== mon.0 v2:172.21.15.192:3300/0 1 ==== mon_map magic: 0 ==== 205+0+0 (secure 0 0 0) 0x7fa34c037070 con 0x7fa350108b10
2024-06-11T12:11:18.676 INFO:teuthology.orchestra.run.smithi192.stdout:/usr/bin/ceph: stderr
2024-06-11T12:11:13.505+0000 7fa3554ad640 1 -- 172.21.15.192:0/333841998 <== mon.0 v2:172.21.15.192:3300/0 2 ==== config(26 keys) ==== 1071+0+0 (secure 0 0 0) 0x7fa34c0328d0 con 0x7fa350108b10
2024-06-11T12:11:18.676 INFO:teuthology.orchestra.run.smithi192.stdout:/usr/bin/ceph: stderr
2024-06-11T12:11:13.505+0000 7fa3554ad640 1 -- 172.21.15.192:0/333841998 <== mon.0 v2:172.21.15.192:3300/0 3 ==== mon_map magic: 0 ==== 205+0+0 (secure 0 0 0) 0x7fa34c0307d0 con 0x7fa350108b10
2024-06-11T12:11:18.676 INFO:teuthology.orchestra.run.smithi192.stdout:/usr/bin/ceph: stderr
2024-06-11T12:11:13.509+0000 7fa358713640 1 -- 172.21.15.192:0/333841998 >> [v2:172.21.15.192:3300/0,v1:172.21.15.192:6789/0] conn(0x7fa350108b10 msgr2=0x7fa350108f30 secure :-1 s=STATE_CONNECTION_ESTABLISHED l=1).mark_down
2024-06-11T12:11:18.676 INFO:teuthology.orchestra.run.smithi192.stdout:/usr/bin/ceph: stderr
2024-06-11T12:11:13.509+0000 7fa358713640 1 --2- 172.21.15.192:0/333841998 >> [v2:172.21.15.192:3300/0,v1:172.21.15.192:6789/0] conn(0x7fa350108b10 0x7fa350108f30 secure :-1 s=READY pgs=43 cs=0 l=1 rev1=1 crypto rx=0x7fa34c009820 tx=0x7fa34c02a270 comp rx=0 tx=0).stop
2024-06-11T12:11:18.677 INFO:teuthology.orchestra.run.smithi192.stdout:/usr/bin/ceph: stderr
2024-06-11T12:11:13.509+0000 7fa358713640 1 -- 172.21.15.192:0/333841998 shutdown_connections
2024-06-11T12:11:18.677 INFO:teuthology.orchestra.run.smithi192.stdout:/usr/bin/ceph: stderr
2024-06-11T12:11:13.509+0000 7fa358713640 1 --2- 172.21.15.192:0/333841998 >> [v2:172.21.15.192:3300/0,v1:172.21.15.192:6789/0] conn(0x7fa350108b10 0x7fa350108f30 unknown :-1 s=CLOSED pgs=43 cs=0 l=1 rev1=1 crypto rx=0 tx=0 comp rx=0 tx=0).stop
2024-06-11T12:11:18.677 INFO:teuthology.orchestra.run.smithi192.stdout:/usr/bin/ceph: stderr
2024-06-11T12:11:13.509+0000 7fa358713640 1 -- 172.21.15.192:0/333841998 >> 172.21.15.192:0/333841998 conn(0x7fa35007bf10 msgr2=0x7fa35007c320 unknown :-1 s=STATE_NONE l=0).mark_down
2024-06-11T12:11:18.677 INFO:teuthology.orchestra.run.smithi192.stdout:/usr/bin/ceph: stderr
2024-06-11T12:11:13.509+0000 7fa358713640 1 -- 172.21.15.192:0/333841998 shutdown_connections
2024-06-11T12:11:18.677 INFO:teuthology.orchestra.run.smithi192.stdout:/usr/bin/ceph: stderr
2024-06-11T12:11:13.509+0000 7fa358713640 1 -- 172.21.15.192:0/333841998 wait complete.
2024-06-11T12:11:18.677 INFO:teuthology.orchestra.run.smithi192.stdout:/usr/bin/ceph: stderr
2024-06-11T12:11:13.509+0000 7fa358713640 1 Processor -- start
2024-06-11T12:11:18.677 INFO:teuthology.orchestra.run.smithi192.stdout:/usr/bin/ceph: stderr
2024-06-11T12:11:13.509+0000 7fa358713640 1 -- start start
2024-06-11T12:11:18.677 INFO:teuthology.orchestra.run.smithi192.stdout:/usr/bin/ceph: stderr
2024-06-11T12:11:13.509+0000 7fa358713640 1 --2- >> [v2:172.21.15.192:3300/0,v1:172.21.15.192:6789/0] conn(0x7fa350108b10 0x7fa35019ca10 unknown :-1 s=NONE pgs=0 cs=0 l=1 rev1=0 crypto rx=0 tx=0 comp rx=0 tx=0).connect
2024-06-11T12:11:18.677 INFO:teuthology.orchestra.run.smithi192.stdout:/usr/bin/ceph: stderr
2024-06-11T12:11:13.509+0000 7fa358713640 1 -- --> [v2:172.21.15.192:3300/0,v1:172.21.15.192:6789/0] -- mon_getmap magic: 0 -- 0x7fa35010d0c0 con 0x7fa350108b10
2024-06-11T12:11:18.677 INFO:teuthology.orchestra.run.smithi192.stdout:/usr/bin/ceph: stderr
2024-06-11T12:11:13.509+0000 7fa3564af640 1 --2- >> [v2:172.21.15.192:3300/0,v1:172.21.15.192:6789/0] conn(0x7fa350108b10 0x7fa35019ca10 unknown :-1 s=BANNER_CONNECTING pgs=0 cs=0 l=1 rev1=0 crypto rx=0 tx=0 comp rx=0 tx=0)._handle_peer_banner_payload supported=3 required=0
2024-06-11T12:11:18.677 INFO:teuthology.orchestra.run.smithi192.stdout:/usr/bin/ceph: stderr
2024-06-11T12:11:13.509+0000 7fa3564af640 1 --2- >> [v2:172.21.15.192:3300/0,v1:172.21.15.192:6789/0] conn(0x7fa350108b10 0x7fa35019ca10 unknown :-1 s=HELLO_CONNECTING pgs=0 cs=0 l=1 rev1=1 crypto rx=0 tx=0 comp rx=0 tx=0).handle_hello peer v2:172.21.15.192:3300/0 says I am v2:172.21.15.192:54766/0 (socket says 172.21.15.192:54766)
2024-06-11T12:11:18.677 INFO:teuthology.orchestra.run.smithi192.stdout:/usr/bin/ceph: stderr
2024-06-11T12:11:13.509+0000 7fa3564af640 1 -- 172.21.15.192:0/3566059255 learned_addr learned my addr 172.21.15.192:0/3566059255 (peer_addr_for_me v2:172.21.15.192:0/0)
2024-06-11T12:11:18.677 INFO:teuthology.orchestra.run.smithi192.stdout:/usr/bin/ceph: stderr
2024-06-11T12:11:13.509+0000 7fa3564af640 1 -- 172.21.15.192:0/3566059255 --> [v2:172.21.15.192:3300/0,v1:172.21.15.192:6789/0] -- mon_subscribe({config=0+,monmap=0+}) -- 0x7fa35019cf50 con 0x7fa350108b10
2024-06-11T12:11:18.678 INFO:teuthology.orchestra.run.smithi192.stdout:/usr/bin/ceph: stderr
2024-06-11T12:11:13.509+0000 7fa3564af640 1 --2- 172.21.15.192:0/3566059255 >> [v2:172.21.15.192:3300/0,v1:172.21.15.192:6789/0] conn(0x7fa350108b10 0x7fa35019ca10 secure :-1 s=READY pgs=44 cs=0 l=1 rev1=1 crypto rx=0x7fa34c009940 tx=0x7fa34c032e10 comp rx=0 tx=0).ready entity=mon.0 client_cookie=0 server_cookie=0 in_seq=0 out_seq=0
2024-06-11T12:11:18.678 INFO:teuthology.orchestra.run.smithi192.stdout:/usr/bin/ceph: stderr
2024-06-11T12:11:13.509+0000 7fa3477fe640 1 -- 172.21.15.192:0/3566059255 <== mon.0 v2:172.21.15.192:3300/0 1 ==== mon_map magic: 0 ==== 205+0+0 (secure 0 0 0) 0x7fa34c042070 con 0x7fa350108b10
2024-06-11T12:11:18.678 INFO:teuthology.orchestra.run.smithi192.stdout:/usr/bin/ceph: stderr
2024-06-11T12:11:13.509+0000 7fa3477fe640 1 -- 172.21.15.192:0/3566059255 <== mon.0 v2:172.21.15.192:3300/0 2 ==== config(26 keys) ==== 1071+0+0 (secure 0 0 0) 0x7fa34c030c80 con 0x7fa350108b10
2024-06-11T12:11:18.678 INFO:teuthology.orchestra.run.smithi192.stdout:/usr/bin/ceph: stderr
2024-06-11T12:11:13.509+0000 7fa358713640 1 -- 172.21.15.192:0/3566059255 --> [v2:172.21.15.192:3300/0,v1:172.21.15.192:6789/0] -- mon_subscribe({mgrmap=0+}) -- 0x7fa35019d1e0 con 0x7fa350108b10
2024-06-11T12:11:18.678 INFO:teuthology.orchestra.run.smithi192.stdout:/usr/bin/ceph: stderr
2024-06-11T12:11:13.509+0000 7fa3477fe640 1 -- 172.21.15.192:0/3566059255 <== mon.0 v2:172.21.15.192:3300/0 3 ==== mon_map magic: 0 ==== 205+0+0 (secure 0 0 0) 0x7fa34c037040 con 0x7fa350108b10
2024-06-11T12:11:18.678 INFO:teuthology.orchestra.run.smithi192.stdout:/usr/bin/ceph: stderr
2024-06-11T12:11:13.509+0000 7fa358713640 1 -- 172.21.15.192:0/3566059255 --> [v2:172.21.15.192:3300/0,v1:172.21.15.192:6789/0] -- mon_subscribe({osdmap=0}) -- 0x7fa35019fed0 con 0x7fa350108b10
2024-06-11T12:11:18.678 INFO:teuthology.orchestra.run.smithi192.stdout:/usr/bin/ceph: stderr
2024-06-11T12:11:13.509+0000 7fa3477fe640 1 -- 172.21.15.192:0/3566059255 <== mon.0 v2:172.21.15.192:3300/0 4 ==== mgrmap(e 8) ==== 46287+0+0 (secure 0 0 0) 0x7fa34c045070 con 0x7fa350108b10
2024-06-11T12:11:18.678 INFO:teuthology.orchestra.run.smithi192.stdout:/usr/bin/ceph: stderr
2024-06-11T12:11:13.509+0000 7fa3477fe640 1 --2- 172.21.15.192:0/3566059255 >> [v2:172.21.15.192:6800/4092850818,v1:172.21.15.192:6801/4092850818] conn(0x7fa33c038c60 0x7fa33c03b120 unknown :-1 s=NONE pgs=0 cs=0 l=1 rev1=0 crypto rx=0 tx=0 comp rx=0 tx=0).connect
2024-06-11T12:11:18.678 INFO:teuthology.orchestra.run.smithi192.stdout:/usr/bin/ceph: stderr
2024-06-11T12:11:13.509+0000 7fa3477fe640 1 -- 172.21.15.192:0/3566059255 <== mon.0 v2:172.21.15.192:3300/0 5 ==== osd_map(2..2 src has 1..2) ==== 940+0+0 (secure 0 0 0) 0x7fa34c071580 con 0x7fa350108b10
2024-06-11T12:11:18.679 INFO:teuthology.orchestra.run.smithi192.stdout:/usr/bin/ceph: stderr
2024-06-11T12:11:13.509+0000 7fa355cae640 1 --2- 172.21.15.192:0/3566059255 >> [v2:172.21.15.192:6800/4092850818,v1:172.21.15.192:6801/4092850818] conn(0x7fa33c038c60 0x7fa33c03b120 unknown :-1 s=BANNER_CONNECTING pgs=0 cs=0 l=1 rev1=0 crypto rx=0 tx=0 comp rx=0 tx=0)._handle_peer_banner_payload supported=3 required=0
2024-06-11T12:11:18.679 INFO:teuthology.orchestra.run.smithi192.stdout:/usr/bin/ceph: stderr
2024-06-11T12:11:13.513+0000 7fa358713640 1 -- 172.21.15.192:0/3566059255 --> [v2:172.21.15.192:3300/0,v1:172.21.15.192:6789/0] -- mon_command({"prefix": "get_command_descriptions"} v 0) -- 0x7fa35010d240 con 0x7fa350108b10
2024-06-11T12:11:18.679 INFO:teuthology.orchestra.run.smithi192.stdout:/usr/bin/ceph: stderr
2024-06-11T12:11:13.513+0000 7fa355cae640 1 --2- 172.21.15.192:0/3566059255 >> [v2:172.21.15.192:6800/4092850818,v1:172.21.15.192:6801/4092850818] conn(0x7fa33c038c60 0x7fa33c03b120 secure :-1 s=READY pgs=11 cs=0 l=1 rev1=1 crypto rx=0x7fa3400098c0 tx=0x7fa340006db0 comp rx=0 tx=0).ready entity=mgr.14118 client_cookie=0 server_cookie=0 in_seq=0 out_seq=0
2024-06-11T12:11:18.679 INFO:teuthology.orchestra.run.smithi192.stdout:/usr/bin/ceph: stderr
2024-06-11T12:11:13.517+0000 7fa3477fe640 1 -- 172.21.15.192:0/3566059255 <== mon.0 v2:172.21.15.192:3300/0 6 ==== mon_command_ack([{"prefix": "get_command_descriptions"}]=0 v0) ==== 72+0+186418 (secure 0 0 0) 0x7fa34c0459b0 con 0x7fa350108b10
2024-06-11T12:11:18.679 INFO:teuthology.orchestra.run.smithi192.stdout:/usr/bin/ceph: stderr
2024-06-11T12:11:13.845+0000 7fa358713640 1 -- 172.21.15.192:0/3566059255 --> [v2:172.21.15.192:6800/4092850818,v1:172.21.15.192:6801/4092850818] -- mgr_command(tid 0: {"prefix": "orch host add", "hostname": "smithi192", "addr": "172.21.15.192", "target": ["mon-mgr", ""]}) -- 0x7fa350106360 con 0x7fa33c038c60
2024-06-11T12:11:18.679 INFO:teuthology.orchestra.run.smithi192.stdout:/usr/bin/ceph: stderr
2024-06-11T12:11:17.880+0000 7fa3477fe640 1 -- 172.21.15.192:0/3566059255 <== mgr.14118 v2:172.21.15.192:6800/4092850818 1 ==== mgr_command_reply(tid 0: 0 ) ==== 8+0+49 (secure 0 0 0) 0x7fa350106360 con 0x7fa33c038c60
2024-06-11T12:11:18.679 INFO:teuthology.orchestra.run.smithi192.stdout:/usr/bin/ceph: stderr
2024-06-11T12:11:17.884+0000 7fa358713640 1 -- 172.21.15.192:0/3566059255 >> [v2:172.21.15.192:6800/4092850818,v1:172.21.15.192:6801/4092850818] conn(0x7fa33c038c60 msgr2=0x7fa33c03b120 secure :-1 s=STATE_CONNECTION_ESTABLISHED l=1).mark_down
2024-06-11T12:11:18.679 INFO:teuthology.orchestra.run.smithi192.stdout:/usr/bin/ceph: stderr
2024-06-11T12:11:17.884+0000 7fa358713640 1 --2- 172.21.15.192:0/3566059255 >> [v2:172.21.15.192:6800/4092850818,v1:172.21.15.192:6801/4092850818] conn(0x7fa33c038c60 0x7fa33c03b120 secure :-1 s=READY pgs=11 cs=0 l=1 rev1=1 crypto rx=0x7fa3400098c0 tx=0x7fa340006db0 comp rx=0 tx=0).stop
2024-06-11T12:11:18.679 INFO:teuthology.orchestra.run.smithi192.stdout:/usr/bin/ceph: stderr
2024-06-11T12:11:17.884+0000 7fa358713640 1 -- 172.21.15.192:0/3566059255 >> [v2:172.21.15.192:3300/0,v1:172.21.15.192:6789/0] conn(0x7fa350108b10 msgr2=0x7fa35019ca10 secure :-1 s=STATE_CONNECTION_ESTABLISHED l=1).mark_down
2024-06-11T12:11:18.679 INFO:teuthology.orchestra.run.smithi192.stdout:/usr/bin/ceph: stderr
2024-06-11T12:11:17.884+0000 7fa358713640 1 --2- 172.21.15.192:0/3566059255 >> [v2:172.21.15.192:3300/0,v1:172.21.15.192:6789/0] conn(0x7fa350108b10 0x7fa35019ca10 secure :-1 s=READY pgs=44 cs=0 l=1 rev1=1 crypto rx=0x7fa34c009940 tx=0x7fa34c032e10 comp rx=0 tx=0).stop
2024-06-11T12:11:18.679 INFO:teuthology.orchestra.run.smithi192.stdout:/usr/bin/ceph: stderr
2024-06-11T12:11:17.884+0000 7fa358713640 1 -- 172.21.15.192:0/3566059255 shutdown_connections
2024-06-11T12:11:18.679 INFO:teuthology.orchestra.run.smithi192.stdout:/usr/bin/ceph: stderr
2024-06-11T12:11:17.884+0000 7fa358713640 1 --2- 172.21.15.192:0/3566059255 >> [v2:172.21.15.192:6800/4092850818,v1:172.21.15.192:6801/4092850818] conn(0x7fa33c038c60 0x7fa33c03b120 unknown :-1 s=CLOSED pgs=11 cs=0 l=1 rev1=1 crypto rx=0 tx=0 comp rx=0 tx=0).stop
2024-06-11T12:11:18.679 INFO:teuthology.orchestra.run.smithi192.stdout:/usr/bin/ceph: stderr
2024-06-11T12:11:17.884+0000 7fa358713640 1 --2- 172.21.15.192:0/3566059255 >> [v2:172.21.15.192:3300/0,v1:172.21.15.192:6789/0] conn(0x7fa350108b10 0x7fa35019ca10 unknown :-1 s=CLOSED pgs=44 cs=0 l=1 rev1=1 crypto rx=0 tx=0 comp rx=0 tx=0).stop
2024-06-11T12:11:18.680 INFO:teuthology.orchestra.run.smithi192.stdout:/usr/bin/ceph: stderr
2024-06-11T12:11:17.884+0000 7fa358713640 1 -- 172.21.15.192:0/3566059255 >> 172.21.15.192:0/3566059255 conn(0x7fa35007bf10 msgr2=0x7fa350105c50 unknown :-1 s=STATE_NONE l=0).mark_down
2024-06-11T12:11:18.680 INFO:teuthology.orchestra.run.smithi192.stdout:/usr/bin/ceph: stderr
2024-06-11T12:11:17.884+0000 7fa358713640 1 -- 172.21.15.192:0/3566059255 shutdown_connections
2024-06-11T12:11:18.680 INFO:teuthology.orchestra.run.smithi192.stdout:/usr/bin/ceph: stderr
2024-06-11T12:11:17.884+0000 7fa358713640 1 -- 172.21.15.192:0/3566059255 wait complete.
2024-06-11T12:11:18.680 INFO:teuthology.orchestra.run.smithi192.stdout:Deploying unmanaged mon service...
2024-06-11T12:11:19.257 INFO:journalctl@ceph.mon.a.smithi192.stdout:Jun 11 12:11:18 smithi192 bash[21920]: audit
2024-06-11T12:11:17.883660+0000 mon.a (mon.0) 61 : audit [INF] from='mgr.14118 172.21.15.192:0/1696172628' entity='mgr.x'
2024-06-11T12:11:19.257 INFO:journalctl@ceph.mon.a.smithi192.stdout:Jun 11 12:11:18 smithi192 bash[21920]: cephadm
2024-06-11T12:11:17.884023+0000 mgr.x (mgr.14118) 16 : cephadm [INF] Added host smithi192
2024-06-11T12:11:19.258 INFO:journalctl@ceph.mon.a.smithi192.stdout:Jun 11 12:11:18 smithi192 bash[21920]: audit
2024-06-11T12:11:17.884344+0000 mon.a (mon.0) 62 : audit [DBG] from='mgr.14118 172.21.15.192:0/1696172628' entity='mgr.x' cmd=[{"prefix": "config dump", "format": "json"}]: dispatch
2024-06-11T12:11:21.361 INFO:teuthology.orchestra.run.smithi192.stdout:/usr/bin/ceph: stdout Scheduled mon update...
2024-06-11T12:11:21.362 INFO:teuthology.orchestra.run.smithi192.stdout:/usr/bin/ceph: stderr
2024-06-11T12:11:20.304+0000 7f965d680640 1 Processor -- start
2024-06-11T12:11:21.362 INFO:teuthology.orchestra.run.smithi192.stdout:/usr/bin/ceph: stderr
2024-06-11T12:11:20.308+0000 7f965d680640 1 -- start start
2024-06-11T12:11:21.362 INFO:teuthology.orchestra.run.smithi192.stdout:/usr/bin/ceph: stderr
2024-06-11T12:11:20.308+0000 7f965d680640 1 --2- >> [v2:172.21.15.192:3300/0,v1:172.21.15.192:6789/0] conn(0x7f9658105160 0x7f9658105580 unknown :-1 s=NONE pgs=0 cs=0 l=0 rev1=0 crypto rx=0 tx=0 comp rx=0 tx=0).connect
2024-06-11T12:11:21.362 INFO:teuthology.orchestra.run.smithi192.stdout:/usr/bin/ceph: stderr
2024-06-11T12:11:20.308+0000 7f965d680640 1 -- --> [v2:172.21.15.192:3300/0,v1:172.21.15.192:6789/0] -- mon_getmap magic: 0 -- 0x7f9658079ec0 con 0x7f9658105160
2024-06-11T12:11:21.362 INFO:teuthology.orchestra.run.smithi192.stdout:/usr/bin/ceph: stderr
2024-06-11T12:11:20.308+0000 7f9656ffd640 1 --2- >> [v2:172.21.15.192:3300/0,v1:172.21.15.192:6789/0] conn(0x7f9658105160 0x7f9658105580 unknown :-1 s=BANNER_CONNECTING pgs=0 cs=0 l=0 rev1=0 crypto rx=0 tx=0 comp rx=0 tx=0)._handle_peer_banner_payload supported=3 required=0
2024-06-11T12:11:21.362 INFO:teuthology.orchestra.run.smithi192.stdout:/usr/bin/ceph: stderr
2024-06-11T12:11:20.308+0000 7f9656ffd640 1 --2- >> [v2:172.21.15.192:3300/0,v1:172.21.15.192:6789/0] conn(0x7f9658105160 0x7f9658105580 unknown :-1 s=HELLO_CONNECTING pgs=0 cs=0 l=0 rev1=1 crypto rx=0 tx=0 comp rx=0 tx=0).handle_hello peer v2:172.21.15.192:3300/0 says I am v2:172.21.15.192:41176/0 (socket says 172.21.15.192:41176)
2024-06-11T12:11:21.362 INFO:teuthology.orchestra.run.smithi192.stdout:/usr/bin/ceph: stderr
2024-06-11T12:11:20.308+0000 7f9656ffd640 1 -- 172.21.15.192:0/3786179135 learned_addr learned my addr 172.21.15.192:0/3786179135 (peer_addr_for_me v2:172.21.15.192:0/0)
2024-06-11T12:11:21.362 INFO:teuthology.orchestra.run.smithi192.stdout:/usr/bin/ceph: stderr
2024-06-11T12:11:20.308+0000 7f9656ffd640 1 -- 172.21.15.192:0/3786179135 --> [v2:172.21.15.192:3300/0,v1:172.21.15.192:6789/0] -- mon_subscribe({config=0+,monmap=0+}) -- 0x7f9658105ac0 con 0x7f9658105160
2024-06-11T12:11:21.362 INFO:teuthology.orchestra.run.smithi192.stdout:/usr/bin/ceph: stderr
2024-06-11T12:11:20.308+0000 7f9656ffd640 1 --2- 172.21.15.192:0/3786179135 >> [v2:172.21.15.192:3300/0,v1:172.21.15.192:6789/0] conn(0x7f9658105160 0x7f9658105580 secure :-1 s=READY pgs=45 cs=0 l=1 rev1=1 crypto rx=0x7f9648009820 tx=0x7f964802a270 comp rx=0 tx=0).ready entity=mon.0 client_cookie=cebb55771ee5fdf1 server_cookie=0 in_seq=0 out_seq=0
2024-06-11T12:11:21.362 INFO:teuthology.orchestra.run.smithi192.stdout:/usr/bin/ceph: stderr
2024-06-11T12:11:20.308+0000 7f9655ffb640 1 -- 172.21.15.192:0/3786179135 <== mon.0 v2:172.21.15.192:3300/0 1 ==== mon_map magic: 0 ==== 205+0+0 (secure 0 0 0) 0x7f9648037070 con 0x7f9658105160
2024-06-11T12:11:21.362 INFO:teuthology.orchestra.run.smithi192.stdout:/usr/bin/ceph: stderr
2024-06-11T12:11:20.308+0000 7f9655ffb640 1 -- 172.21.15.192:0/3786179135 <== mon.0 v2:172.21.15.192:3300/0 2 ==== config(26 keys) ==== 1071+0+0 (secure 0 0 0) 0x7f96480328d0 con 0x7f9658105160
2024-06-11T12:11:21.363 INFO:teuthology.orchestra.run.smithi192.stdout:/usr/bin/ceph: stderr
2024-06-11T12:11:20.308+0000 7f9655ffb640 1 -- 172.21.15.192:0/3786179135 <== mon.0 v2:172.21.15.192:3300/0 3 ==== mon_map magic: 0 ==== 205+0+0 (secure 0 0 0) 0x7f96480307d0 con 0x7f9658105160
2024-06-11T12:11:21.363 INFO:teuthology.orchestra.run.smithi192.stdout:/usr/bin/ceph: stderr
2024-06-11T12:11:20.308+0000 7f965d680640 1 -- 172.21.15.192:0/3786179135 >> [v2:172.21.15.192:3300/0,v1:172.21.15.192:6789/0] conn(0x7f9658105160 msgr2=0x7f9658105580 secure :-1 s=STATE_CONNECTION_ESTABLISHED l=1).mark_down
2024-06-11T12:11:21.363 INFO:teuthology.orchestra.run.smithi192.stdout:/usr/bin/ceph: stderr
2024-06-11T12:11:20.308+0000 7f965d680640 1 --2- 172.21.15.192:0/3786179135 >> [v2:172.21.15.192:3300/0,v1:172.21.15.192:6789/0] conn(0x7f9658105160 0x7f9658105580 secure :-1 s=READY pgs=45 cs=0 l=1 rev1=1 crypto rx=0x7f9648009820 tx=0x7f964802a270 comp rx=0 tx=0).stop
2024-06-11T12:11:21.363 INFO:teuthology.orchestra.run.smithi192.stdout:/usr/bin/ceph: stderr
2024-06-11T12:11:20.308+0000 7f965d680640 1 -- 172.21.15.192:0/3786179135 shutdown_connections
2024-06-11T12:11:21.363 INFO:teuthology.orchestra.run.smithi192.stdout:/usr/bin/ceph: stderr
2024-06-11T12:11:20.308+0000 7f965d680640 1 --2- 172.21.15.192:0/3786179135 >> [v2:172.21.15.192:3300/0,v1:172.21.15.192:6789/0] conn(0x7f9658105160 0x7f9658105580 unknown :-1 s=CLOSED pgs=45 cs=0 l=1 rev1=1 crypto rx=0 tx=0 comp rx=0 tx=0).stop
2024-06-11T12:11:21.363 INFO:teuthology.orchestra.run.smithi192.stdout:/usr/bin/ceph: stderr
2024-06-11T12:11:20.308+0000 7f965d680640 1 -- 172.21.15.192:0/3786179135 >> 172.21.15.192:0/3786179135 conn(0x7f9658100e20 msgr2=0x7f9658103240 unknown :-1 s=STATE_NONE l=0).mark_down
2024-06-11T12:11:21.363 INFO:teuthology.orchestra.run.smithi192.stdout:/usr/bin/ceph: stderr
2024-06-11T12:11:20.308+0000 7f965d680640 1 -- 172.21.15.192:0/3786179135 shutdown_connections
2024-06-11T12:11:21.363 INFO:teuthology.orchestra.run.smithi192.stdout:/usr/bin/ceph: stderr
2024-06-11T12:11:20.308+0000 7f965d680640 1 -- 172.21.15.192:0/3786179135 wait complete.
2024-06-11T12:11:21.363 INFO:teuthology.orchestra.run.smithi192.stdout:/usr/bin/ceph: stderr
2024-06-11T12:11:20.308+0000 7f965d680640 1 Processor -- start
2024-06-11T12:11:21.363 INFO:teuthology.orchestra.run.smithi192.stdout:/usr/bin/ceph: stderr
2024-06-11T12:11:20.308+0000 7f965d680640 1 -- start start
2024-06-11T12:11:21.363 INFO:teuthology.orchestra.run.smithi192.stdout:/usr/bin/ceph: stderr
2024-06-11T12:11:20.308+0000 7f965d680640 1 --2- >> [v2:172.21.15.192:3300/0,v1:172.21.15.192:6789/0] conn(0x7f9658105160 0x7f965819ca00 unknown :-1 s=NONE pgs=0 cs=0 l=1 rev1=0 crypto rx=0 tx=0 comp rx=0 tx=0).connect
2024-06-11T12:11:21.363 INFO:teuthology.orchestra.run.smithi192.stdout:/usr/bin/ceph: stderr
2024-06-11T12:11:20.308+0000 7f965d680640 1 -- --> [v2:172.21.15.192:3300/0,v1:172.21.15.192:6789/0] -- mon_getmap magic: 0 -- 0x7f9658106b60 con 0x7f9658105160
2024-06-11T12:11:21.363 INFO:teuthology.orchestra.run.smithi192.stdout:/usr/bin/ceph: stderr
2024-06-11T12:11:20.308+0000 7f9656ffd640 1 --2- >> [v2:172.21.15.192:3300/0,v1:172.21.15.192:6789/0] conn(0x7f9658105160 0x7f965819ca00 unknown :-1 s=BANNER_CONNECTING pgs=0 cs=0 l=1 rev1=0 crypto rx=0 tx=0 comp rx=0 tx=0)._handle_peer_banner_payload supported=3 required=0
2024-06-11T12:11:21.363 INFO:teuthology.orchestra.run.smithi192.stdout:/usr/bin/ceph: stderr
2024-06-11T12:11:20.308+0000 7f9656ffd640 1 --2- >> [v2:172.21.15.192:3300/0,v1:172.21.15.192:6789/0] conn(0x7f9658105160 0x7f965819ca00 unknown :-1 s=HELLO_CONNECTING pgs=0 cs=0 l=1 rev1=1 crypto rx=0 tx=0 comp rx=0 tx=0).handle_hello peer v2:172.21.15.192:3300/0 says I am v2:172.21.15.192:41186/0 (socket says 172.21.15.192:41186)
2024-06-11T12:11:21.364 INFO:teuthology.orchestra.run.smithi192.stdout:/usr/bin/ceph: stderr
2024-06-11T12:11:20.308+0000 7f9656ffd640 1 -- 172.21.15.192:0/4033250590 learned_addr learned my addr 172.21.15.192:0/4033250590 (peer_addr_for_me v2:172.21.15.192:0/0)
2024-06-11T12:11:21.364 INFO:teuthology.orchestra.run.smithi192.stdout:/usr/bin/ceph: stderr
2024-06-11T12:11:20.308+0000 7f9656ffd640 1 -- 172.21.15.192:0/4033250590 --> [v2:172.21.15.192:3300/0,v1:172.21.15.192:6789/0] -- mon_subscribe({config=0+,monmap=0+}) -- 0x7f965819cf40 con 0x7f9658105160
2024-06-11T12:11:21.364 INFO:teuthology.orchestra.run.smithi192.stdout:/usr/bin/ceph: stderr
2024-06-11T12:11:20.312+0000 7f9656ffd640 1 --2- 172.21.15.192:0/4033250590 >> [v2:172.21.15.192:3300/0,v1:172.21.15.192:6789/0] conn(0x7f9658105160 0x7f965819ca00 secure :-1 s=READY pgs=46 cs=0 l=1 rev1=1 crypto rx=0x7f96480097f0 tx=0x7f9648030d00 comp rx=0 tx=0).ready entity=mon.0 client_cookie=0 server_cookie=0 in_seq=0 out_seq=0
2024-06-11T12:11:21.364 INFO:teuthology.orchestra.run.smithi192.stdout:/usr/bin/ceph: stderr
2024-06-11T12:11:20.312+0000 7f963ffff640 1 -- 172.21.15.192:0/4033250590 <== mon.0 v2:172.21.15.192:3300/0 1 ==== mon_map magic: 0 ==== 205+0+0 (secure 0 0 0) 0x7f9648032dc0 con 0x7f9658105160
2024-06-11T12:11:21.364 INFO:teuthology.orchestra.run.smithi192.stdout:/usr/bin/ceph: stderr
2024-06-11T12:11:20.312+0000 7f963ffff640 1 -- 172.21.15.192:0/4033250590 <== mon.0 v2:172.21.15.192:3300/0 2 ==== config(26 keys) ==== 1071+0+0 (secure 0 0 0) 0x7f964803ee10 con 0x7f9658105160
2024-06-11T12:11:21.364 INFO:teuthology.orchestra.run.smithi192.stdout:/usr/bin/ceph: stderr
2024-06-11T12:11:20.312+0000 7f965d680640 1 -- 172.21.15.192:0/4033250590 --> [v2:172.21.15.192:3300/0,v1:172.21.15.192:6789/0] -- mon_subscribe({mgrmap=0+}) -- 0x7f965819d1d0 con 0x7f9658105160
2024-06-11T12:11:21.364 INFO:teuthology.orchestra.run.smithi192.stdout:/usr/bin/ceph: stderr
2024-06-11T12:11:20.312+0000 7f963ffff640 1 -- 172.21.15.192:0/4033250590 <== mon.0 v2:172.21.15.192:3300/0 3 ==== mon_map magic: 0 ==== 205+0+0 (secure 0 0 0) 0x7f9648047dc0 con 0x7f9658105160
2024-06-11T12:11:21.364 INFO:teuthology.orchestra.run.smithi192.stdout:/usr/bin/ceph: stderr
2024-06-11T12:11:20.312+0000 7f965d680640 1 -- 172.21.15.192:0/4033250590 --> [v2:172.21.15.192:3300/0,v1:172.21.15.192:6789/0] -- mon_subscribe({osdmap=0}) -- 0x7f9658107370 con 0x7f9658105160
2024-06-11T12:11:21.364 INFO:teuthology.orchestra.run.smithi192.stdout:/usr/bin/ceph: stderr
2024-06-11T12:11:20.312+0000 7f963ffff640 1 -- 172.21.15.192:0/4033250590 <== mon.0 v2:172.21.15.192:3300/0 4 ==== mgrmap(e 8) ==== 46287+0+0 (secure 0 0 0) 0x7f964803a060 con 0x7f9658105160
2024-06-11T12:11:21.364 INFO:teuthology.orchestra.run.smithi192.stdout:/usr/bin/ceph: stderr
2024-06-11T12:11:20.312+0000 7f963ffff640 1 --2- 172.21.15.192:0/4033250590 >> [v2:172.21.15.192:6800/4092850818,v1:172.21.15.192:6801/4092850818] conn(0x7f9640049fd0 0x7f964004c490 unknown :-1 s=NONE pgs=0 cs=0 l=1 rev1=0 crypto rx=0 tx=0 comp rx=0 tx=0).connect
2024-06-11T12:11:21.364 INFO:teuthology.orchestra.run.smithi192.stdout:/usr/bin/ceph: stderr
2024-06-11T12:11:20.312+0000 7f963ffff640 1 -- 172.21.15.192:0/4033250590 <== mon.0 v2:172.21.15.192:3300/0 5 ==== osd_map(2..2 src has 1..2) ==== 940+0+0 (secure 0 0 0) 0x7f9648038070 con 0x7f9658105160
2024-06-11T12:11:21.364 INFO:teuthology.orchestra.run.smithi192.stdout:/usr/bin/ceph: stderr
2024-06-11T12:11:20.312+0000 7f965d680640 1 -- 172.21.15.192:0/4033250590 --> [v2:172.21.15.192:3300/0,v1:172.21.15.192:6789/0] -- mon_command({"prefix": "get_command_descriptions"} v 0) -- 0x7f9658063000 con 0x7f9658105160
2024-06-11T12:11:21.364 INFO:teuthology.orchestra.run.smithi192.stdout:/usr/bin/ceph: stderr
2024-06-11T12:11:20.312+0000 7f96567fc640 1 --2- 172.21.15.192:0/4033250590 >> [v2:172.21.15.192:6800/4092850818,v1:172.21.15.192:6801/4092850818] conn(0x7f9640049fd0 0x7f964004c490 unknown :-1 s=BANNER_CONNECTING pgs=0 cs=0 l=1 rev1=0 crypto rx=0 tx=0 comp rx=0 tx=0)._handle_peer_banner_payload supported=3 required=0
2024-06-11T12:11:21.364 INFO:teuthology.orchestra.run.smithi192.stdout:/usr/bin/ceph: stderr
2024-06-11T12:11:20.312+0000 7f96567fc640 1 --2- 172.21.15.192:0/4033250590 >> [v2:172.21.15.192:6800/4092850818,v1:172.21.15.192:6801/4092850818] conn(0x7f9640049fd0 0x7f964004c490 secure :-1 s=READY pgs=12 cs=0 l=1 rev1=1 crypto rx=0x7f964c0098c0 tx=0x7f964c006db0 comp rx=0 tx=0).ready entity=mgr.14118 client_cookie=0 server_cookie=0 in_seq=0 out_seq=0
2024-06-11T12:11:21.365 INFO:teuthology.orchestra.run.smithi192.stdout:/usr/bin/ceph: stderr
2024-06-11T12:11:20.316+0000 7f963ffff640 1 -- 172.21.15.192:0/4033250590 <== mon.0 v2:172.21.15.192:3300/0 6 ==== mon_command_ack([{"prefix": "get_command_descriptions"}]=0 v0) ==== 72+0+186418 (secure 0 0 0) 0x7f96480421f0 con 0x7f9658105160
2024-06-11T12:11:21.365 INFO:teuthology.orchestra.run.smithi192.stdout:/usr/bin/ceph: stderr
2024-06-11T12:11:20.672+0000 7f965d680640 1 -- 172.21.15.192:0/4033250590 --> [v2:172.21.15.192:6800/4092850818,v1:172.21.15.192:6801/4092850818] -- mgr_command(tid 0: {"prefix": "orch apply", "service_type": "mon", "unmanaged": true, "target": ["mon-mgr", ""]}) -- 0x7f965802d510 con 0x7f9640049fd0
2024-06-11T12:11:21.365 INFO:teuthology.orchestra.run.smithi192.stdout:/usr/bin/ceph: stderr
2024-06-11T12:11:20.680+0000 7f963ffff640 1 -- 172.21.15.192:0/4033250590 <== mgr.14118 v2:172.21.15.192:6800/4092850818 1 ==== mgr_command_reply(tid 0: 0 ) ==== 8+0+24 (secure 0 0 0) 0x7f965802d510 con 0x7f9640049fd0
2024-06-11T12:11:21.365 INFO:teuthology.orchestra.run.smithi192.stdout:/usr/bin/ceph: stderr
2024-06-11T12:11:20.680+0000 7f965d680640 1 -- 172.21.15.192:0/4033250590 >> [v2:172.21.15.192:6800/4092850818,v1:172.21.15.192:6801/4092850818] conn(0x7f9640049fd0 msgr2=0x7f964004c490 secure :-1 s=STATE_CONNECTION_ESTABLISHED l=1).mark_down
2024-06-11T12:11:21.365 INFO:teuthology.orchestra.run.smithi192.stdout:/usr/bin/ceph: stderr
2024-06-11T12:11:20.680+0000 7f965d680640 1 --2- 172.21.15.192:0/4033250590 >> [v2:172.21.15.192:6800/4092850818,v1:172.21.15.192:6801/4092850818] conn(0x7f9640049fd0 0x7f964004c490 secure :-1 s=READY pgs=12 cs=0 l=1 rev1=1 crypto rx=0x7f964c0098c0 tx=0x7f964c006db0 comp rx=0 tx=0).stop
2024-06-11T12:11:21.365 INFO:teuthology.orchestra.run.smithi192.stdout:/usr/bin/ceph: stderr
2024-06-11T12:11:20.680+0000 7f965d680640 1 -- 172.21.15.192:0/4033250590 >> [v2:172.21.15.192:3300/0,v1:172.21.15.192:6789/0] conn(0x7f9658105160 msgr2=0x7f965819ca00 secure :-1 s=STATE_CONNECTION_ESTABLISHED l=1).mark_down
2024-06-11T12:11:21.365 INFO:teuthology.orchestra.run.smithi192.stdout:/usr/bin/ceph: stderr
2024-06-11T12:11:20.680+0000 7f965d680640 1 --2- 172.21.15.192:0/4033250590 >> [v2:172.21.15.192:3300/0,v1:172.21.15.192:6789/0] conn(0x7f9658105160 0x7f965819ca00 secure :-1 s=READY pgs=46 cs=0 l=1 rev1=1 crypto rx=0x7f96480097f0 tx=0x7f9648030d00 comp rx=0 tx=0).stop
2024-06-11T12:11:21.365 INFO:teuthology.orchestra.run.smithi192.stdout:/usr/bin/ceph: stderr
2024-06-11T12:11:20.680+0000 7f965d680640 1 -- 172.21.15.192:0/4033250590 shutdown_connections
2024-06-11T12:11:21.365 INFO:teuthology.orchestra.run.smithi192.stdout:/usr/bin/ceph: stderr
2024-06-11T12:11:20.680+0000 7f965d680640 1 --2- 172.21.15.192:0/4033250590 >> [v2:172.21.15.192:6800/4092850818,v1:172.21.15.192:6801/4092850818] conn(0x7f9640049fd0 0x7f964004c490 unknown :-1 s=CLOSED pgs=12 cs=0 l=1 rev1=1 crypto rx=0 tx=0 comp rx=0 tx=0).stop
2024-06-11T12:11:21.365 INFO:teuthology.orchestra.run.smithi192.stdout:/usr/bin/ceph: stderr
2024-06-11T12:11:20.680+0000 7f965d680640 1 --2- 172.21.15.192:0/4033250590 >> [v2:172.21.15.192:3300/0,v1:172.21.15.192:6789/0] conn(0x7f9658105160 0x7f965819ca00 unknown :-1 s=CLOSED pgs=46 cs=0 l=1 rev1=1 crypto rx=0 tx=0 comp rx=0 tx=0).stop
2024-06-11T12:11:21.365 INFO:teuthology.orchestra.run.smithi192.stdout:/usr/bin/ceph: stderr
2024-06-11T12:11:20.680+0000 7f965d680640 1 -- 172.21.15.192:0/4033250590 >> 172.21.15.192:0/4033250590 conn(0x7f9658100e20 msgr2=0x7f9658193670 unknown :-1 s=STATE_NONE l=0).mark_down
2024-06-11T12:11:21.365 INFO:teuthology.orchestra.run.smithi192.stdout:/usr/bin/ceph: stderr
2024-06-11T12:11:20.680+0000 7f965d680640 1 -- 172.21.15.192:0/4033250590 shutdown_connections
2024-06-11T12:11:21.365 INFO:teuthology.orchestra.run.smithi192.stdout:/usr/bin/ceph: stderr
2024-06-11T12:11:20.680+0000 7f965d680640 1 -- 172.21.15.192:0/4033250590 wait complete.
2024-06-11T12:11:21.365 INFO:teuthology.orchestra.run.smithi192.stdout:Deploying unmanaged mgr service...
2024-06-11T12:11:21.757 INFO:journalctl@ceph.mon.a.smithi192.stdout:Jun 11 12:11:21 smithi192 bash[21920]: audit
2024-06-11T12:11:20.675416+0000 mgr.x (mgr.14118) 17 : audit [DBG] from='client.14140 -' entity='client.admin' cmd=[{"prefix": "orch apply", "service_type": "mon", "unmanaged": true, "target": ["mon-mgr", ""]}]: dispatch
2024-06-11T12:11:21.757 INFO:journalctl@ceph.mon.a.smithi192.stdout:Jun 11 12:11:21 smithi192 bash[21920]: cephadm
2024-06-11T12:11:20.678174+0000 mgr.x (mgr.14118) 18 : cephadm [INF] Saving service mon spec with placement count:5
2024-06-11T12:11:21.758 INFO:journalctl@ceph.mon.a.smithi192.stdout:Jun 11 12:11:21 smithi192 bash[21920]: audit
2024-06-11T12:11:20.681569+0000 mon.a (mon.0) 63 : audit [INF] from='mgr.14118 172.21.15.192:0/1696172628' entity='mgr.x'
2024-06-11T12:11:21.758 INFO:journalctl@ceph.mon.a.smithi192.stdout:Jun 11 12:11:21 smithi192 bash[21920]: audit
2024-06-11T12:11:21.087942+0000 mon.a (mon.0) 64 : audit [INF] from='mgr.14118 172.21.15.192:0/1696172628' entity='mgr.x'
2024-06-11T12:11:21.758 INFO:journalctl@ceph.mon.a.smithi192.stdout:Jun 11 12:11:21 smithi192 bash[21920]: audit
2024-06-11T12:11:21.598831+0000 mon.a (mon.0) 65 : audit [INF] from='mgr.14118 172.21.15.192:0/1696172628' entity='mgr.x'
2024-06-11T12:11:23.386 INFO:teuthology.orchestra.run.smithi192.stdout:/usr/bin/ceph: stdout Scheduled mgr update...
2024-06-11T12:11:23.386 INFO:teuthology.orchestra.run.smithi192.stdout:/usr/bin/ceph: stderr
2024-06-11T12:11:22.460+0000 7f5cf3973640 1 Processor -- start
