2024-06-11T13:03:36.126+0000 7f2775742640 1 --2- 172.21.15.98:0/1264442786 >> [v2:172.21.15.98:3300/0,v1:172.21.15.98:6789/0] conn(0x7f2770101cb0 0x7f27701020c0 secure :-1 s=READY pgs=41 cs=0 l=1 rev1=1 crypto rx=0x7f2768009840 tx=0x7f27680091d0 comp rx=0 tx=0).ready entity=mon.0 client_cookie=2e2c299cf210110b server_cookie=0 in_seq=0 out_seq=0
2024-06-11T13:03:36.927 INFO:teuthology.orchestra.run.smithi098.stdout:/usr/bin/ceph: stderr
2024-06-11T13:03:36.126+0000 7f276ffff640 1 -- 172.21.15.98:0/1264442786 <== mon.0 v2:172.21.15.98:3300/0 1 ==== mon_map magic: 0 v1 ==== 229+0+0 (secure 0 0 0) 0x7f2768032440 con 0x7f2770101cb0
2024-06-11T13:03:36.928 INFO:teuthology.orchestra.run.smithi098.stdout:/usr/bin/ceph: stderr
2024-06-11T13:03:36.126+0000 7f276ffff640 1 -- 172.21.15.98:0/1264442786 <== mon.0 v2:172.21.15.98:3300/0 2 ==== config(27 keys) v1 ==== 1044+0+0 (secure 0 0 0) 0x7f2768032a30 con 0x7f2770101cb0
2024-06-11T13:03:36.928 INFO:teuthology.orchestra.run.smithi098.stdout:/usr/bin/ceph: stderr
2024-06-11T13:03:36.126+0000 7f276ffff640 1 -- 172.21.15.98:0/1264442786 <== mon.0 v2:172.21.15.98:3300/0 3 ==== mon_map magic: 0 v1 ==== 229+0+0 (secure 0 0 0) 0x7f2768031ad0 con 0x7f2770101cb0
2024-06-11T13:03:36.928 INFO:teuthology.orchestra.run.smithi098.stdout:/usr/bin/ceph: stderr
2024-06-11T13:03:36.127+0000 7f27779a6640 1 -- 172.21.15.98:0/1264442786 >> [v2:172.21.15.98:3300/0,v1:172.21.15.98:6789/0] conn(0x7f2770101cb0 msgr2=0x7f27701020c0 secure :-1 s=STATE_CONNECTION_ESTABLISHED l=1).mark_down
2024-06-11T13:03:36.928 INFO:teuthology.orchestra.run.smithi098.stdout:/usr/bin/ceph: stderr
2024-06-11T13:03:36.127+0000 7f27779a6640 1 --2- 172.21.15.98:0/1264442786 >> [v2:172.21.15.98:3300/0,v1:172.21.15.98:6789/0] conn(0x7f2770101cb0 0x7f27701020c0 secure :-1 s=READY pgs=41 cs=0 l=1 rev1=1 crypto rx=0x7f2768009840 tx=0x7f27680091d0 comp rx=0 tx=0).stop
2024-06-11T13:03:36.928 INFO:teuthology.orchestra.run.smithi098.stdout:/usr/bin/ceph: stderr
2024-06-11T13:03:36.127+0000 7f27779a6640 1 -- 172.21.15.98:0/1264442786 shutdown_connections
2024-06-11T13:03:36.928 INFO:teuthology.orchestra.run.smithi098.stdout:/usr/bin/ceph: stderr
2024-06-11T13:03:36.127+0000 7f27779a6640 1 --2- 172.21.15.98:0/1264442786 >> [v2:172.21.15.98:3300/0,v1:172.21.15.98:6789/0] conn(0x7f2770101cb0 0x7f27701020c0 unknown :-1 s=CLOSED pgs=41 cs=0 l=1 rev1=1 crypto rx=0 tx=0 comp rx=0 tx=0).stop
2024-06-11T13:03:36.928 INFO:teuthology.orchestra.run.smithi098.stdout:/usr/bin/ceph: stderr
2024-06-11T13:03:36.127+0000 7f27779a6640 1 -- 172.21.15.98:0/1264442786 >> 172.21.15.98:0/1264442786 conn(0x7f27700fd490 msgr2=0x7f27700ff8a0 unknown :-1 s=STATE_NONE l=0).mark_down
2024-06-11T13:03:36.928 INFO:teuthology.orchestra.run.smithi098.stdout:/usr/bin/ceph: stderr
2024-06-11T13:03:36.127+0000 7f27779a6640 1 -- 172.21.15.98:0/1264442786 shutdown_connections
2024-06-11T13:03:36.928 INFO:teuthology.orchestra.run.smithi098.stdout:/usr/bin/ceph: stderr
2024-06-11T13:03:36.127+0000 7f27779a6640 1 -- 172.21.15.98:0/1264442786 wait complete.
2024-06-11T13:03:36.928 INFO:teuthology.orchestra.run.smithi098.stdout:/usr/bin/ceph: stderr
2024-06-11T13:03:36.127+0000 7f27779a6640 1 Processor -- start
2024-06-11T13:03:36.929 INFO:teuthology.orchestra.run.smithi098.stdout:/usr/bin/ceph: stderr
2024-06-11T13:03:36.127+0000 7f27779a6640 1 -- start start
2024-06-11T13:03:36.929 INFO:teuthology.orchestra.run.smithi098.stdout:/usr/bin/ceph: stderr
2024-06-11T13:03:36.127+0000 7f27779a6640 1 --2- >> [v2:172.21.15.98:3300/0,v1:172.21.15.98:6789/0] conn(0x7f2770101cb0 0x7f2770077bc0 unknown :-1 s=NONE pgs=0 cs=0 l=1 rev1=0 crypto rx=0 tx=0 comp rx=0 tx=0).connect
2024-06-11T13:03:36.929 INFO:teuthology.orchestra.run.smithi098.stdout:/usr/bin/ceph: stderr
2024-06-11T13:03:36.127+0000 7f27779a6640 1 -- --> [v2:172.21.15.98:3300/0,v1:172.21.15.98:6789/0] -- mon_getmap magic: 0 v1 -- 0x7f2770078100 con 0x7f2770101cb0
2024-06-11T13:03:36.929 INFO:teuthology.orchestra.run.smithi098.stdout:/usr/bin/ceph: stderr
2024-06-11T13:03:36.128+0000 7f2775742640 1 --2- >> [v2:172.21.15.98:3300/0,v1:172.21.15.98:6789/0] conn(0x7f2770101cb0 0x7f2770077bc0 unknown :-1 s=BANNER_CONNECTING pgs=0 cs=0 l=1 rev1=0 crypto rx=0 tx=0 comp rx=0 tx=0)._handle_peer_banner_payload supported=3 required=0
2024-06-11T13:03:36.929 INFO:teuthology.orchestra.run.smithi098.stdout:/usr/bin/ceph: stderr
2024-06-11T13:03:36.128+0000 7f2775742640 1 --2- >> [v2:172.21.15.98:3300/0,v1:172.21.15.98:6789/0] conn(0x7f2770101cb0 0x7f2770077bc0 unknown :-1 s=HELLO_CONNECTING pgs=0 cs=0 l=1 rev1=1 crypto rx=0 tx=0 comp rx=0 tx=0).handle_hello peer v2:172.21.15.98:3300/0 says I am v2:172.21.15.98:55756/0 (socket says 172.21.15.98:55756)
2024-06-11T13:03:36.929 INFO:teuthology.orchestra.run.smithi098.stdout:/usr/bin/ceph: stderr
2024-06-11T13:03:36.128+0000 7f2775742640 1 -- 172.21.15.98:0/432728287 learned_addr learned my addr 172.21.15.98:0/432728287 (peer_addr_for_me v2:172.21.15.98:0/0)
2024-06-11T13:03:36.929 INFO:teuthology.orchestra.run.smithi098.stdout:/usr/bin/ceph: stderr
2024-06-11T13:03:36.128+0000 7f2775742640 1 -- 172.21.15.98:0/432728287 --> [v2:172.21.15.98:3300/0,v1:172.21.15.98:6789/0] -- mon_subscribe({config=0+,monmap=0+}) v3 -- 0x7f2768009450 con 0x7f2770101cb0
2024-06-11T13:03:36.929 INFO:teuthology.orchestra.run.smithi098.stdout:/usr/bin/ceph: stderr
2024-06-11T13:03:36.128+0000 7f2775742640 1 --2- 172.21.15.98:0/432728287 >> [v2:172.21.15.98:3300/0,v1:172.21.15.98:6789/0] conn(0x7f2770101cb0 0x7f2770077bc0 secure :-1 s=READY pgs=42 cs=0 l=1 rev1=1 crypto rx=0x7f27680317b0 tx=0x7f2768008040 comp rx=0 tx=0).ready entity=mon.0 client_cookie=0 server_cookie=0 in_seq=0 out_seq=0
2024-06-11T13:03:36.929 INFO:teuthology.orchestra.run.smithi098.stdout:/usr/bin/ceph: stderr
2024-06-11T13:03:36.128+0000 7f276dffb640 1 -- 172.21.15.98:0/432728287 <== mon.0 v2:172.21.15.98:3300/0 1 ==== mon_map magic: 0 v1 ==== 229+0+0 (secure 0 0 0) 0x7f2768031e90 con 0x7f2770101cb0
2024-06-11T13:03:36.929 INFO:teuthology.orchestra.run.smithi098.stdout:/usr/bin/ceph: stderr
2024-06-11T13:03:36.128+0000 7f276dffb640 1 -- 172.21.15.98:0/432728287 <== mon.0 v2:172.21.15.98:3300/0 2 ==== config(27 keys) v1 ==== 1044+0+0 (secure 0 0 0) 0x7f276803daf0 con 0x7f2770101cb0
2024-06-11T13:03:36.929 INFO:teuthology.orchestra.run.smithi098.stdout:/usr/bin/ceph: stderr
2024-06-11T13:03:36.128+0000 7f27779a6640 1 -- 172.21.15.98:0/432728287 --> [v2:172.21.15.98:3300/0,v1:172.21.15.98:6789/0] -- mon_subscribe({mgrmap=0+}) v3 -- 0x7f27700761e0 con 0x7f2770101cb0
2024-06-11T13:03:36.930 INFO:teuthology.orchestra.run.smithi098.stdout:/usr/bin/ceph: stderr
2024-06-11T13:03:36.128+0000 7f276dffb640 1 -- 172.21.15.98:0/432728287 <== mon.0 v2:172.21.15.98:3300/0 3 ==== mon_map magic: 0 v1 ==== 229+0+0 (secure 0 0 0) 0x7f276803baa0 con 0x7f2770101cb0
2024-06-11T13:03:36.930 INFO:teuthology.orchestra.run.smithi098.stdout:/usr/bin/ceph: stderr
2024-06-11T13:03:36.128+0000 7f27779a6640 1 -- 172.21.15.98:0/432728287 --> [v2:172.21.15.98:3300/0,v1:172.21.15.98:6789/0] -- mon_subscribe({osdmap=0}) v3 -- 0x7f2770076650 con 0x7f2770101cb0
2024-06-11T13:03:36.930 INFO:teuthology.orchestra.run.smithi098.stdout:/usr/bin/ceph: stderr
2024-06-11T13:03:36.129+0000 7f276dffb640 1 -- 172.21.15.98:0/432728287 <== mon.0 v2:172.21.15.98:3300/0 4 ==== mgrmap(e 8) v1 ==== 41946+0+0 (secure 0 0 0) 0x7f2768039070 con 0x7f2770101cb0
2024-06-11T13:03:36.930 INFO:teuthology.orchestra.run.smithi098.stdout:/usr/bin/ceph: stderr
2024-06-11T13:03:36.129+0000 7f276dffb640 1 --2- 172.21.15.98:0/432728287 >> [v2:172.21.15.98:6800/3447865626,v1:172.21.15.98:6801/3447865626] conn(0x7f2758034860 0x7f2758036d10 unknown :-1 s=NONE pgs=0 cs=0 l=1 rev1=0 crypto rx=0 tx=0 comp rx=0 tx=0).connect
2024-06-11T13:03:36.930 INFO:teuthology.orchestra.run.smithi098.stdout:/usr/bin/ceph: stderr
2024-06-11T13:03:36.129+0000 7f276dffb640 1 -- 172.21.15.98:0/432728287 <== mon.0 v2:172.21.15.98:3300/0 5 ==== osd_map(2..2 src has 1..2) v4 ==== 936+0+0 (secure 0 0 0) 0x7f27680679f0 con 0x7f2770101cb0
2024-06-11T13:03:36.930 INFO:teuthology.orchestra.run.smithi098.stdout:/usr/bin/ceph: stderr
2024-06-11T13:03:36.129+0000 7f27779a6640 1 -- 172.21.15.98:0/432728287 --> [v2:172.21.15.98:3300/0,v1:172.21.15.98:6789/0] -- mon_command({"prefix": "get_command_descriptions"} v 0) v1 -- 0x7f277005ead0 con 0x7f2770101cb0
2024-06-11T13:03:36.930 INFO:teuthology.orchestra.run.smithi098.stdout:/usr/bin/ceph: stderr
2024-06-11T13:03:36.130+0000 7f2774f41640 1 --2- 172.21.15.98:0/432728287 >> [v2:172.21.15.98:6800/3447865626,v1:172.21.15.98:6801/3447865626] conn(0x7f2758034860 0x7f2758036d10 unknown :-1 s=BANNER_CONNECTING pgs=0 cs=0 l=1 rev1=0 crypto rx=0 tx=0 comp rx=0 tx=0)._handle_peer_banner_payload supported=3 required=0
2024-06-11T13:03:36.930 INFO:teuthology.orchestra.run.smithi098.stdout:/usr/bin/ceph: stderr
2024-06-11T13:03:36.130+0000 7f2774f41640 1 --2- 172.21.15.98:0/432728287 >> [v2:172.21.15.98:6800/3447865626,v1:172.21.15.98:6801/3447865626] conn(0x7f2758034860 0x7f2758036d10 secure :-1 s=READY pgs=10 cs=0 l=1 rev1=1 crypto rx=0x7f2764006fd0 tx=0x7f2764006db0 comp rx=0 tx=0).ready entity=mgr.14118 client_cookie=0 server_cookie=0 in_seq=0 out_seq=0
2024-06-11T13:03:36.930 INFO:teuthology.orchestra.run.smithi098.stdout:/usr/bin/ceph: stderr
2024-06-11T13:03:36.134+0000 7f276dffb640 1 -- 172.21.15.98:0/432728287 <== mon.0 v2:172.21.15.98:3300/0 6 ==== mon_command_ack([{"prefix": "get_command_descriptions"}]=0 v0) v1 ==== 72+0+175578 (secure 0 0 0) 0x7f2768041070 con 0x7f2770101cb0
2024-06-11T13:03:36.931 INFO:teuthology.orchestra.run.smithi098.stdout:/usr/bin/ceph: stderr
2024-06-11T13:03:36.299+0000 7f27779a6640 1 -- 172.21.15.98:0/432728287 --> [v2:172.21.15.98:6800/3447865626,v1:172.21.15.98:6801/3447865626] -- mgr_command(tid 0: {"prefix": "cephadm get-pub-key", "target": ["mon-mgr", ""]}) v1 -- 0x7f2770103c80 con 0x7f2758034860
2024-06-11T13:03:36.931 INFO:teuthology.orchestra.run.smithi098.stdout:/usr/bin/ceph: stderr
2024-06-11T13:03:36.300+0000 7f276dffb640 1 -- 172.21.15.98:0/432728287 <== mgr.14118 v2:172.21.15.98:6800/3447865626 1 ==== mgr_command_reply(tid 0: 0 ) v1 ==== 8+0+595 (secure 0 0 0) 0x7f2770103c80 con 0x7f2758034860
2024-06-11T13:03:36.931 INFO:teuthology.orchestra.run.smithi098.stdout:/usr/bin/ceph: stderr
2024-06-11T13:03:36.302+0000 7f27779a6640 1 -- 172.21.15.98:0/432728287 >> [v2:172.21.15.98:6800/3447865626,v1:172.21.15.98:6801/3447865626] conn(0x7f2758034860 msgr2=0x7f2758036d10 secure :-1 s=STATE_CONNECTION_ESTABLISHED l=1).mark_down
2024-06-11T13:03:36.931 INFO:teuthology.orchestra.run.smithi098.stdout:/usr/bin/ceph: stderr
2024-06-11T13:03:36.302+0000 7f27779a6640 1 --2- 172.21.15.98:0/432728287 >> [v2:172.21.15.98:6800/3447865626,v1:172.21.15.98:6801/3447865626] conn(0x7f2758034860 0x7f2758036d10 secure :-1 s=READY pgs=10 cs=0 l=1 rev1=1 crypto rx=0x7f2764006fd0 tx=0x7f2764006db0 comp rx=0 tx=0).stop
2024-06-11T13:03:36.931 INFO:teuthology.orchestra.run.smithi098.stdout:/usr/bin/ceph: stderr
2024-06-11T13:03:36.302+0000 7f27779a6640 1 -- 172.21.15.98:0/432728287 >> [v2:172.21.15.98:3300/0,v1:172.21.15.98:6789/0] conn(0x7f2770101cb0 msgr2=0x7f2770077bc0 secure :-1 s=STATE_CONNECTION_ESTABLISHED l=1).mark_down
2024-06-11T13:03:36.931 INFO:teuthology.orchestra.run.smithi098.stdout:/usr/bin/ceph: stderr
2024-06-11T13:03:36.302+0000 7f27779a6640 1 --2- 172.21.15.98:0/432728287 >> [v2:172.21.15.98:3300/0,v1:172.21.15.98:6789/0] conn(0x7f2770101cb0 0x7f2770077bc0 secure :-1 s=READY pgs=42 cs=0 l=1 rev1=1 crypto rx=0x7f27680317b0 tx=0x7f2768008040 comp rx=0 tx=0).stop
2024-06-11T13:03:36.931 INFO:teuthology.orchestra.run.smithi098.stdout:/usr/bin/ceph: stderr
2024-06-11T13:03:36.302+0000 7f27779a6640 1 -- 172.21.15.98:0/432728287 shutdown_connections
2024-06-11T13:03:36.931 INFO:teuthology.orchestra.run.smithi098.stdout:/usr/bin/ceph: stderr
2024-06-11T13:03:36.302+0000 7f27779a6640 1 --2- 172.21.15.98:0/432728287 >> [v2:172.21.15.98:6800/3447865626,v1:172.21.15.98:6801/3447865626] conn(0x7f2758034860 0x7f2758036d10 unknown :-1 s=CLOSED pgs=10 cs=0 l=1 rev1=1 crypto rx=0 tx=0 comp rx=0 tx=0).stop
2024-06-11T13:03:36.931 INFO:teuthology.orchestra.run.smithi098.stdout:/usr/bin/ceph: stderr
2024-06-11T13:03:36.302+0000 7f27779a6640 1 --2- 172.21.15.98:0/432728287 >> [v2:172.21.15.98:3300/0,v1:172.21.15.98:6789/0] conn(0x7f2770101cb0 0x7f2770077bc0 unknown :-1 s=CLOSED pgs=42 cs=0 l=1 rev1=1 crypto rx=0 tx=0 comp rx=0 tx=0).stop
2024-06-11T13:03:36.931 INFO:teuthology.orchestra.run.smithi098.stdout:/usr/bin/ceph: stderr
2024-06-11T13:03:36.302+0000 7f27779a6640 1 -- 172.21.15.98:0/432728287 >> 172.21.15.98:0/432728287 conn(0x7f27700fd490 msgr2=0x7f27700fe1d0 unknown :-1 s=STATE_NONE l=0).mark_down
2024-06-11T13:03:36.932 INFO:teuthology.orchestra.run.smithi098.stdout:/usr/bin/ceph: stderr
2024-06-11T13:03:36.302+0000 7f27779a6640 1 -- 172.21.15.98:0/432728287 shutdown_connections
2024-06-11T13:03:36.932 INFO:teuthology.orchestra.run.smithi098.stdout:/usr/bin/ceph: stderr
2024-06-11T13:03:36.302+0000 7f27779a6640 1 -- 172.21.15.98:0/432728287 wait complete.
2024-06-11T13:03:36.932 INFO:teuthology.orchestra.run.smithi098.stdout:Wrote public SSH key to /home/ubuntu/cephtest/ceph.pub
2024-06-11T13:03:36.932 INFO:teuthology.orchestra.run.smithi098.stdout:Adding key to root@localhost authorized_keys...
2024-06-11T13:03:36.932 INFO:teuthology.orchestra.run.smithi098.stdout:Adding host smithi098...
2024-06-11T13:03:37.147 INFO:journalctl@ceph.mon.smithi098.smithi098.stdout:Jun 11 13:03:36 smithi098 ceph-mon[29191]: from='client.14136 -' entity='client.admin' cmd=[{"prefix": "cephadm get-pub-key", "target": ["mon-mgr", ""]}]: dispatch
2024-06-11T13:03:38.035 INFO:journalctl@ceph.mon.smithi098.smithi098.stdout:Jun 11 13:03:37 smithi098 ceph-mon[29191]: from='client.14138 -' entity='client.admin' cmd=[{"prefix": "orch host add", "hostname": "smithi098", "addr": "172.21.15.98", "target": ["mon-mgr", ""]}]: dispatch
2024-06-11T13:03:39.073 INFO:journalctl@ceph.mon.smithi098.smithi098.stdout:Jun 11 13:03:38 smithi098 ceph-mon[29191]: Deploying cephadm binary to smithi098
2024-06-11T13:03:40.817 INFO:teuthology.orchestra.run.smithi098.stdout:/usr/bin/ceph: stdout Added host 'smithi098' with addr '172.21.15.98'
2024-06-11T13:03:40.818 INFO:teuthology.orchestra.run.smithi098.stdout:/usr/bin/ceph: stderr
2024-06-11T13:03:37.330+0000 7fce31f8d640 1 Processor -- start
2024-06-11T13:03:40.818 INFO:teuthology.orchestra.run.smithi098.stdout:/usr/bin/ceph: stderr
2024-06-11T13:03:37.330+0000 7fce31f8d640 1 -- start start
2024-06-11T13:03:40.818 INFO:teuthology.orchestra.run.smithi098.stdout:/usr/bin/ceph: stderr
2024-06-11T13:03:37.331+0000 7fce31f8d640 1 --2- >> [v2:172.21.15.98:3300/0,v1:172.21.15.98:6789/0] conn(0x7fce2c101db0 0x7fce2c1021c0 unknown :-1 s=NONE pgs=0 cs=0 l=0 rev1=0 crypto rx=0 tx=0 comp rx=0 tx=0).connect
2024-06-11T13:03:40.818 INFO:teuthology.orchestra.run.smithi098.stdout:/usr/bin/ceph: stderr
2024-06-11T13:03:37.331+0000 7fce31f8d640 1 -- --> [v2:172.21.15.98:3300/0,v1:172.21.15.98:6789/0] -- mon_getmap magic: 0 v1 -- 0x7fce2c102700 con 0x7fce2c101db0
2024-06-11T13:03:40.818 INFO:teuthology.orchestra.run.smithi098.stdout:/usr/bin/ceph: stderr
2024-06-11T13:03:37.331+0000 7fce2b7fe640 1 --2- >> [v2:172.21.15.98:3300/0,v1:172.21.15.98:6789/0] conn(0x7fce2c101db0 0x7fce2c1021c0 unknown :-1 s=BANNER_CONNECTING pgs=0 cs=0 l=0 rev1=0 crypto rx=0 tx=0 comp rx=0 tx=0)._handle_peer_banner_payload supported=3 required=0
2024-06-11T13:03:40.818 INFO:teuthology.orchestra.run.smithi098.stdout:/usr/bin/ceph: stderr
2024-06-11T13:03:37.331+0000 7fce2b7fe640 1 --2- >> [v2:172.21.15.98:3300/0,v1:172.21.15.98:6789/0] conn(0x7fce2c101db0 0x7fce2c1021c0 unknown :-1 s=HELLO_CONNECTING pgs=0 cs=0 l=0 rev1=1 crypto rx=0 tx=0 comp rx=0 tx=0).handle_hello peer v2:172.21.15.98:3300/0 says I am v2:172.21.15.98:55768/0 (socket says 172.21.15.98:55768)
2024-06-11T13:03:40.818 INFO:teuthology.orchestra.run.smithi098.stdout:/usr/bin/ceph: stderr
2024-06-11T13:03:37.331+0000 7fce2b7fe640 1 -- 172.21.15.98:0/4047366124 learned_addr learned my addr 172.21.15.98:0/4047366124 (peer_addr_for_me v2:172.21.15.98:0/0)
2024-06-11T13:03:40.818 INFO:teuthology.orchestra.run.smithi098.stdout:/usr/bin/ceph: stderr
2024-06-11T13:03:37.331+0000 7fce2b7fe640 1 -- 172.21.15.98:0/4047366124 --> [v2:172.21.15.98:3300/0,v1:172.21.15.98:6789/0] -- mon_subscribe({config=0+,monmap=0+}) v3 -- 0x7fce2c102840 con 0x7fce2c101db0
2024-06-11T13:03:40.818 INFO:teuthology.orchestra.run.smithi098.stdout:/usr/bin/ceph: stderr
2024-06-11T13:03:37.332+0000 7fce2b7fe640 1 --2- 172.21.15.98:0/4047366124 >> [v2:172.21.15.98:3300/0,v1:172.21.15.98:6789/0] conn(0x7fce2c101db0 0x7fce2c1021c0 secure :-1 s=READY pgs=43 cs=0 l=1 rev1=1 crypto rx=0x7fce1c009e50 tx=0x7fce1c009840 comp rx=0 tx=0).ready entity=mon.0 client_cookie=a4074f5d27bc3d53 server_cookie=0 in_seq=0 out_seq=0
2024-06-11T13:03:40.818 INFO:teuthology.orchestra.run.smithi098.stdout:/usr/bin/ceph: stderr
2024-06-11T13:03:37.332+0000 7fce2a7fc640 1 -- 172.21.15.98:0/4047366124 <== mon.0 v2:172.21.15.98:3300/0 1 ==== mon_map magic: 0 v1 ==== 229+0+0 (secure 0 0 0) 0x7fce1c031560 con 0x7fce2c101db0
2024-06-11T13:03:40.818 INFO:teuthology.orchestra.run.smithi098.stdout:/usr/bin/ceph: stderr
2024-06-11T13:03:37.332+0000 7fce2a7fc640 1 -- 172.21.15.98:0/4047366124 <== mon.0 v2:172.21.15.98:3300/0 2 ==== config(27 keys) v1 ==== 1044+0+0 (secure 0 0 0) 0x7fce1c02d050 con 0x7fce2c101db0
2024-06-11T13:03:40.819 INFO:teuthology.orchestra.run.smithi098.stdout:/usr/bin/ceph: stderr
2024-06-11T13:03:37.332+0000 7fce2a7fc640 1 -- 172.21.15.98:0/4047366124 <== mon.0 v2:172.21.15.98:3300/0 3 ==== mon_map magic: 0 v1 ==== 229+0+0 (secure 0 0 0) 0x7fce1c007a50 con 0x7fce2c101db0
2024-06-11T13:03:40.819 INFO:teuthology.orchestra.run.smithi098.stdout:/usr/bin/ceph: stderr
2024-06-11T13:03:37.332+0000 7fce31f8d640 1 -- 172.21.15.98:0/4047366124 >> [v2:172.21.15.98:3300/0,v1:172.21.15.98:6789/0] conn(0x7fce2c101db0 msgr2=0x7fce2c1021c0 secure :-1 s=STATE_CONNECTION_ESTABLISHED l=1).mark_down
2024-06-11T13:03:40.819 INFO:teuthology.orchestra.run.smithi098.stdout:/usr/bin/ceph: stderr
2024-06-11T13:03:37.332+0000 7fce31f8d640 1 --2- 172.21.15.98:0/4047366124 >> [v2:172.21.15.98:3300/0,v1:172.21.15.98:6789/0] conn(0x7fce2c101db0 0x7fce2c1021c0 secure :-1 s=READY pgs=43 cs=0 l=1 rev1=1 crypto rx=0x7fce1c009e50 tx=0x7fce1c009840 comp rx=0 tx=0).stop
2024-06-11T13:03:40.819 INFO:teuthology.orchestra.run.smithi098.stdout:/usr/bin/ceph: stderr
2024-06-11T13:03:37.332+0000 7fce31f8d640 1 -- 172.21.15.98:0/4047366124 shutdown_connections
2024-06-11T13:03:40.819 INFO:teuthology.orchestra.run.smithi098.stdout:/usr/bin/ceph: stderr
2024-06-11T13:03:37.332+0000 7fce31f8d640 1 --2- 172.21.15.98:0/4047366124 >> [v2:172.21.15.98:3300/0,v1:172.21.15.98:6789/0] conn(0x7fce2c101db0 0x7fce2c1021c0 unknown :-1 s=CLOSED pgs=43 cs=0 l=1 rev1=1 crypto rx=0 tx=0 comp rx=0 tx=0).stop
2024-06-11T13:03:40.819 INFO:teuthology.orchestra.run.smithi098.stdout:/usr/bin/ceph: stderr
2024-06-11T13:03:37.332+0000 7fce31f8d640 1 -- 172.21.15.98:0/4047366124 >> 172.21.15.98:0/4047366124 conn(0x7fce2c0fd5b0 msgr2=0x7fce2c0ff9c0 unknown :-1 s=STATE_NONE l=0).mark_down
2024-06-11T13:03:40.819 INFO:teuthology.orchestra.run.smithi098.stdout:/usr/bin/ceph: stderr
2024-06-11T13:03:37.333+0000 7fce31f8d640 1 -- 172.21.15.98:0/4047366124 shutdown_connections
2024-06-11T13:03:40.819 INFO:teuthology.orchestra.run.smithi098.stdout:/usr/bin/ceph: stderr
2024-06-11T13:03:37.333+0000 7fce31f8d640 1 -- 172.21.15.98:0/4047366124 wait complete.
2024-06-11T13:03:40.819 INFO:teuthology.orchestra.run.smithi098.stdout:/usr/bin/ceph: stderr
2024-06-11T13:03:37.333+0000 7fce31f8d640 1 Processor -- start
2024-06-11T13:03:40.819 INFO:teuthology.orchestra.run.smithi098.stdout:/usr/bin/ceph: stderr
2024-06-11T13:03:37.333+0000 7fce31f8d640 1 -- start start
2024-06-11T13:03:40.819 INFO:teuthology.orchestra.run.smithi098.stdout:/usr/bin/ceph: stderr
2024-06-11T13:03:37.333+0000 7fce31f8d640 1 --2- >> [v2:172.21.15.98:3300/0,v1:172.21.15.98:6789/0] conn(0x7fce2c101db0 0x7fce2c110b20 unknown :-1 s=NONE pgs=0 cs=0 l=1 rev1=0 crypto rx=0 tx=0 comp rx=0 tx=0).connect
2024-06-11T13:03:40.819 INFO:teuthology.orchestra.run.smithi098.stdout:/usr/bin/ceph: stderr
2024-06-11T13:03:37.333+0000 7fce31f8d640 1 -- --> [v2:172.21.15.98:3300/0,v1:172.21.15.98:6789/0] -- mon_getmap magic: 0 v1 -- 0x7fce2c111060 con 0x7fce2c101db0
2024-06-11T13:03:40.819 INFO:teuthology.orchestra.run.smithi098.stdout:/usr/bin/ceph: stderr
2024-06-11T13:03:37.333+0000 7fce2b7fe640 1 --2- >> [v2:172.21.15.98:3300/0,v1:172.21.15.98:6789/0] conn(0x7fce2c101db0 0x7fce2c110b20 unknown :-1 s=BANNER_CONNECTING pgs=0 cs=0 l=1 rev1=0 crypto rx=0 tx=0 comp rx=0 tx=0)._handle_peer_banner_payload supported=3 required=0
2024-06-11T13:03:40.819 INFO:teuthology.orchestra.run.smithi098.stdout:/usr/bin/ceph: stderr
2024-06-11T13:03:37.333+0000 7fce2b7fe640 1 --2- >> [v2:172.21.15.98:3300/0,v1:172.21.15.98:6789/0] conn(0x7fce2c101db0 0x7fce2c110b20 unknown :-1 s=HELLO_CONNECTING pgs=0 cs=0 l=1 rev1=1 crypto rx=0 tx=0 comp rx=0 tx=0).handle_hello peer v2:172.21.15.98:3300/0 says I am v2:172.21.15.98:55784/0 (socket says 172.21.15.98:55784)
2024-06-11T13:03:40.820 INFO:teuthology.orchestra.run.smithi098.stdout:/usr/bin/ceph: stderr
2024-06-11T13:03:37.334+0000 7fce2b7fe640 1 -- 172.21.15.98:0/212641557 learned_addr learned my addr 172.21.15.98:0/212641557 (peer_addr_for_me v2:172.21.15.98:0/0)
2024-06-11T13:03:40.820 INFO:teuthology.orchestra.run.smithi098.stdout:/usr/bin/ceph: stderr
2024-06-11T13:03:37.334+0000 7fce2b7fe640 1 -- 172.21.15.98:0/212641557 --> [v2:172.21.15.98:3300/0,v1:172.21.15.98:6789/0] -- mon_subscribe({config=0+,monmap=0+}) v3 -- 0x7fce1c009ae0 con 0x7fce2c101db0
2024-06-11T13:03:40.820 INFO:teuthology.orchestra.run.smithi098.stdout:/usr/bin/ceph: stderr
2024-06-11T13:03:37.334+0000 7fce2b7fe640 1 --2- 172.21.15.98:0/212641557 >> [v2:172.21.15.98:3300/0,v1:172.21.15.98:6789/0] conn(0x7fce2c101db0 0x7fce2c110b20 secure :-1 s=READY pgs=44 cs=0 l=1 rev1=1 crypto rx=0x7fce1c0319b0 tx=0x7fce1c009840 comp rx=0 tx=0).ready entity=mon.0 client_cookie=0 server_cookie=0 in_seq=0 out_seq=0
2024-06-11T13:03:40.820 INFO:teuthology.orchestra.run.smithi098.stdout:/usr/bin/ceph: stderr
2024-06-11T13:03:37.334+0000 7fce13fff640 1 -- 172.21.15.98:0/212641557 <== mon.0 v2:172.21.15.98:3300/0 1 ==== mon_map magic: 0 v1 ==== 229+0+0 (secure 0 0 0) 0x7fce1c031df0 con 0x7fce2c101db0
2024-06-11T13:03:40.820 INFO:teuthology.orchestra.run.smithi098.stdout:/usr/bin/ceph: stderr
2024-06-11T13:03:37.334+0000 7fce13fff640 1 -- 172.21.15.98:0/212641557 <== mon.0 v2:172.21.15.98:3300/0 2 ==== config(27 keys) v1 ==== 1044+0+0 (secure 0 0 0) 0x7fce1c0458c0 con 0x7fce2c101db0
2024-06-11T13:03:40.820 INFO:teuthology.orchestra.run.smithi098.stdout:/usr/bin/ceph: stderr
2024-06-11T13:03:37.334+0000 7fce31f8d640 1 -- 172.21.15.98:0/212641557 --> [v2:172.21.15.98:3300/0,v1:172.21.15.98:6789/0] -- mon_subscribe({mgrmap=0+}) v3 -- 0x7fce2c111260 con 0x7fce2c101db0
2024-06-11T13:03:40.820 INFO:teuthology.orchestra.run.smithi098.stdout:/usr/bin/ceph: stderr
2024-06-11T13:03:37.334+0000 7fce13fff640 1 -- 172.21.15.98:0/212641557 <== mon.0 v2:172.21.15.98:3300/0 3 ==== mon_map magic: 0 v1 ==== 229+0+0 (secure 0 0 0) 0x7fce1c03a8c0 con 0x7fce2c101db0
2024-06-11T13:03:40.820 INFO:teuthology.orchestra.run.smithi098.stdout:/usr/bin/ceph: stderr
2024-06-11T13:03:37.334+0000 7fce31f8d640 1 -- 172.21.15.98:0/212641557 --> [v2:172.21.15.98:3300/0,v1:172.21.15.98:6789/0] -- mon_subscribe({osdmap=0}) v3 -- 0x7fce2c1116d0 con 0x7fce2c101db0
2024-06-11T13:03:40.820 INFO:teuthology.orchestra.run.smithi098.stdout:/usr/bin/ceph: stderr
2024-06-11T13:03:37.335+0000 7fce13fff640 1 -- 172.21.15.98:0/212641557 <== mon.0 v2:172.21.15.98:3300/0 4 ==== mgrmap(e 8) v1 ==== 41946+0+0 (secure 0 0 0) 0x7fce1c038040 con 0x7fce2c101db0
2024-06-11T13:03:40.820 INFO:teuthology.orchestra.run.smithi098.stdout:/usr/bin/ceph: stderr
2024-06-11T13:03:37.335+0000 7fce13fff640 1 --2- 172.21.15.98:0/212641557 >> [v2:172.21.15.98:6800/3447865626,v1:172.21.15.98:6801/3447865626] conn(0x7fce14034860 0x7fce14036d10 unknown :-1 s=NONE pgs=0 cs=0 l=1 rev1=0 crypto rx=0 tx=0 comp rx=0 tx=0).connect
2024-06-11T13:03:40.820 INFO:teuthology.orchestra.run.smithi098.stdout:/usr/bin/ceph: stderr
2024-06-11T13:03:37.335+0000 7fce13fff640 1 -- 172.21.15.98:0/212641557 <== mon.0 v2:172.21.15.98:3300/0 5 ==== osd_map(2..2 src has 1..2) v4 ==== 936+0+0 (secure 0 0 0) 0x7fce1c040030 con 0x7fce2c101db0
2024-06-11T13:03:40.820 INFO:teuthology.orchestra.run.smithi098.stdout:/usr/bin/ceph: stderr
2024-06-11T13:03:37.335+0000 7fce2affd640 1 --2- 172.21.15.98:0/212641557 >> [v2:172.21.15.98:6800/3447865626,v1:172.21.15.98:6801/3447865626] conn(0x7fce14034860 0x7fce14036d10 unknown :-1 s=BANNER_CONNECTING pgs=0 cs=0 l=1 rev1=0 crypto rx=0 tx=0 comp rx=0 tx=0)._handle_peer_banner_payload supported=3 required=0
2024-06-11T13:03:40.821 INFO:teuthology.orchestra.run.smithi098.stdout:/usr/bin/ceph: stderr
2024-06-11T13:03:37.335+0000 7fce31f8d640 1 -- 172.21.15.98:0/212641557 --> [v2:172.21.15.98:3300/0,v1:172.21.15.98:6789/0] -- mon_command({"prefix": "get_command_descriptions"} v 0) v1 -- 0x7fce2c05ead0 con 0x7fce2c101db0
2024-06-11T13:03:40.821 INFO:teuthology.orchestra.run.smithi098.stdout:/usr/bin/ceph: stderr
2024-06-11T13:03:37.336+0000 7fce2affd640 1 --2- 172.21.15.98:0/212641557 >> [v2:172.21.15.98:6800/3447865626,v1:172.21.15.98:6801/3447865626] conn(0x7fce14034860 0x7fce14036d10 secure :-1 s=READY pgs=11 cs=0 l=1 rev1=1 crypto rx=0x7fce20006fd0 tx=0x7fce20006db0 comp rx=0 tx=0).ready entity=mgr.14118 client_cookie=0 server_cookie=0 in_seq=0 out_seq=0
2024-06-11T13:03:40.821 INFO:teuthology.orchestra.run.smithi098.stdout:/usr/bin/ceph: stderr
2024-06-11T13:03:37.340+0000 7fce13fff640 1 -- 172.21.15.98:0/212641557 <== mon.0 v2:172.21.15.98:3300/0 6 ==== mon_command_ack([{"prefix": "get_command_descriptions"}]=0 v0) v1 ==== 72+0+175578 (secure 0 0 0) 0x7fce1c036020 con 0x7fce2c101db0
2024-06-11T13:03:40.821 INFO:teuthology.orchestra.run.smithi098.stdout:/usr/bin/ceph: stderr
2024-06-11T13:03:37.510+0000 7fce31f8d640 1 -- 172.21.15.98:0/212641557 --> [v2:172.21.15.98:6800/3447865626,v1:172.21.15.98:6801/3447865626] -- mgr_command(tid 0: {"prefix": "orch host add", "hostname": "smithi098", "addr": "172.21.15.98", "target": ["mon-mgr", ""]}) v1 -- 0x7fce2c0fe900 con 0x7fce14034860
2024-06-11T13:03:40.821 INFO:teuthology.orchestra.run.smithi098.stdout:/usr/bin/ceph: stderr
2024-06-11T13:03:40.286+0000 7fce13fff640 1 -- 172.21.15.98:0/212641557 <== mgr.14118 v2:172.21.15.98:6800/3447865626 1 ==== mgr_command_reply(tid 0: 0 ) v1 ==== 8+0+48 (secure 0 0 0) 0x7fce2c0fe900 con 0x7fce14034860
2024-06-11T13:03:40.821 INFO:teuthology.orchestra.run.smithi098.stdout:/usr/bin/ceph: stderr
2024-06-11T13:03:40.288+0000 7fce31f8d640 1 -- 172.21.15.98:0/212641557 >> [v2:172.21.15.98:6800/3447865626,v1:172.21.15.98:6801/3447865626] conn(0x7fce14034860 msgr2=0x7fce14036d10 secure :-1 s=STATE_CONNECTION_ESTABLISHED l=1).mark_down
2024-06-11T13:03:40.821 INFO:teuthology.orchestra.run.smithi098.stdout:/usr/bin/ceph: stderr
2024-06-11T13:03:40.288+0000 7fce31f8d640 1 --2- 172.21.15.98:0/212641557 >> [v2:172.21.15.98:6800/3447865626,v1:172.21.15.98:6801/3447865626] conn(0x7fce14034860 0x7fce14036d10 secure :-1 s=READY pgs=11 cs=0 l=1 rev1=1 crypto rx=0x7fce20006fd0 tx=0x7fce20006db0 comp rx=0 tx=0).stop
2024-06-11T13:03:40.821 INFO:teuthology.orchestra.run.smithi098.stdout:/usr/bin/ceph: stderr
2024-06-11T13:03:40.289+0000 7fce31f8d640 1 -- 172.21.15.98:0/212641557 >> [v2:172.21.15.98:3300/0,v1:172.21.15.98:6789/0] conn(0x7fce2c101db0 msgr2=0x7fce2c110b20 secure :-1 s=STATE_CONNECTION_ESTABLISHED l=1).mark_down
2024-06-11T13:03:40.821 INFO:teuthology.orchestra.run.smithi098.stdout:/usr/bin/ceph: stderr
2024-06-11T13:03:40.289+0000 7fce31f8d640 1 --2- 172.21.15.98:0/212641557 >> [v2:172.21.15.98:3300/0,v1:172.21.15.98:6789/0] conn(0x7fce2c101db0 0x7fce2c110b20 secure :-1 s=READY pgs=44 cs=0 l=1 rev1=1 crypto rx=0x7fce1c0319b0 tx=0x7fce1c009840 comp rx=0 tx=0).stop
2024-06-11T13:03:40.821 INFO:teuthology.orchestra.run.smithi098.stdout:/usr/bin/ceph: stderr
2024-06-11T13:03:40.289+0000 7fce31f8d640 1 -- 172.21.15.98:0/212641557 shutdown_connections
2024-06-11T13:03:40.821 INFO:teuthology.orchestra.run.smithi098.stdout:/usr/bin/ceph: stderr
2024-06-11T13:03:40.289+0000 7fce31f8d640 1 --2- 172.21.15.98:0/212641557 >> [v2:172.21.15.98:6800/3447865626,v1:172.21.15.98:6801/3447865626] conn(0x7fce14034860 0x7fce14036d10 unknown :-1 s=CLOSED pgs=11 cs=0 l=1 rev1=1 crypto rx=0 tx=0 comp rx=0 tx=0).stop
2024-06-11T13:03:40.821 INFO:teuthology.orchestra.run.smithi098.stdout:/usr/bin/ceph: stderr
2024-06-11T13:03:40.289+0000 7fce31f8d640 1 --2- 172.21.15.98:0/212641557 >> [v2:172.21.15.98:3300/0,v1:172.21.15.98:6789/0] conn(0x7fce2c101db0 0x7fce2c110b20 unknown :-1 s=CLOSED pgs=44 cs=0 l=1 rev1=1 crypto rx=0 tx=0 comp rx=0 tx=0).stop
2024-06-11T13:03:40.821 INFO:teuthology.orchestra.run.smithi098.stdout:/usr/bin/ceph: stderr
2024-06-11T13:03:40.289+0000 7fce31f8d640 1 -- 172.21.15.98:0/212641557 >> 172.21.15.98:0/212641557 conn(0x7fce2c0fd5b0 msgr2=0x7fce2c0fe130 unknown :-1 s=STATE_NONE l=0).mark_down
2024-06-11T13:03:40.821 INFO:teuthology.orchestra.run.smithi098.stdout:/usr/bin/ceph: stderr
2024-06-11T13:03:40.289+0000 7fce31f8d640 1 -- 172.21.15.98:0/212641557 shutdown_connections
2024-06-11T13:03:40.822 INFO:teuthology.orchestra.run.smithi098.stdout:/usr/bin/ceph: stderr
2024-06-11T13:03:40.289+0000 7fce31f8d640 1 -- 172.21.15.98:0/212641557 wait complete.
2024-06-11T13:03:40.822 INFO:teuthology.orchestra.run.smithi098.stdout:Deploying mon service with default placement...
2024-06-11T13:03:41.377 INFO:journalctl@ceph.mon.smithi098.smithi098.stdout:Jun 11 13:03:41 smithi098 ceph-mon[29191]: from='mgr.14118 172.21.15.98:0/3056511396' entity='mgr.smithi098.qpnrky'
2024-06-11T13:03:41.377 INFO:journalctl@ceph.mon.smithi098.smithi098.stdout:Jun 11 13:03:41 smithi098 ceph-mon[29191]: Added host smithi098
2024-06-11T13:03:41.377 INFO:journalctl@ceph.mon.smithi098.smithi098.stdout:Jun 11 13:03:41 smithi098 ceph-mon[29191]: from='mgr.14118 172.21.15.98:0/3056511396' entity='mgr.smithi098.qpnrky' cmd=[{"prefix": "config dump", "format": "json"}]: dispatch
2024-06-11T13:03:42.161 INFO:teuthology.orchestra.run.smithi098.stdout:/usr/bin/ceph: stdout Scheduled mon update...
2024-06-11T13:03:42.161 INFO:teuthology.orchestra.run.smithi098.stdout:/usr/bin/ceph: stderr
2024-06-11T13:03:41.193+0000 7f6bfefbe640 1 Processor -- start
2024-06-11T13:03:42.161 INFO:teuthology.orchestra.run.smithi098.stdout:/usr/bin/ceph: stderr
2024-06-11T13:03:41.193+0000 7f6bfefbe640 1 -- start start
2024-06-11T13:03:42.162 INFO:teuthology.orchestra.run.smithi098.stdout:/usr/bin/ceph: stderr
2024-06-11T13:03:41.194+0000 7f6bfefbe640 1 --2- >> [v2:172.21.15.98:3300/0,v1:172.21.15.98:6789/0] conn(0x7f6bf8101240 0x7f6bf8101650 unknown :-1 s=NONE pgs=0 cs=0 l=0 rev1=0 crypto rx=0 tx=0 comp rx=0 tx=0).connect
2024-06-11T13:03:42.162 INFO:teuthology.orchestra.run.smithi098.stdout:/usr/bin/ceph: stderr
2024-06-11T13:03:41.194+0000 7f6bfefbe640 1 -- --> [v2:172.21.15.98:3300/0,v1:172.21.15.98:6789/0] -- mon_getmap magic: 0 v1 -- 0x7f6bf8101b90 con 0x7f6bf8101240
2024-06-11T13:03:42.162 INFO:teuthology.orchestra.run.smithi098.stdout:/usr/bin/ceph: stderr
2024-06-11T13:03:41.194+0000 7f6bfcd5a640 1 --2- >> [v2:172.21.15.98:3300/0,v1:172.21.15.98:6789/0] conn(0x7f6bf8101240 0x7f6bf8101650 unknown :-1 s=BANNER_CONNECTING pgs=0 cs=0 l=0 rev1=0 crypto rx=0 tx=0 comp rx=0 tx=0)._handle_peer_banner_payload supported=3 required=0
2024-06-11T13:03:42.162 INFO:teuthology.orchestra.run.smithi098.stdout:/usr/bin/ceph: stderr
2024-06-11T13:03:41.194+0000 7f6bfcd5a640 1 --2- >> [v2:172.21.15.98:3300/0,v1:172.21.15.98:6789/0] conn(0x7f6bf8101240 0x7f6bf8101650 unknown :-1 s=HELLO_CONNECTING pgs=0 cs=0 l=0 rev1=1 crypto rx=0 tx=0 comp rx=0 tx=0).handle_hello peer v2:172.21.15.98:3300/0 says I am v2:172.21.15.98:42712/0 (socket says 172.21.15.98:42712)
2024-06-11T13:03:42.162 INFO:teuthology.orchestra.run.smithi098.stdout:/usr/bin/ceph: stderr
2024-06-11T13:03:41.194+0000 7f6bfcd5a640 1 -- 172.21.15.98:0/1825567772 learned_addr learned my addr 172.21.15.98:0/1825567772 (peer_addr_for_me v2:172.21.15.98:0/0)
2024-06-11T13:03:42.162 INFO:teuthology.orchestra.run.smithi098.stdout:/usr/bin/ceph: stderr
2024-06-11T13:03:41.194+0000 7f6bfcd5a640 1 -- 172.21.15.98:0/1825567772 --> [v2:172.21.15.98:3300/0,v1:172.21.15.98:6789/0] -- mon_subscribe({config=0+,monmap=0+}) v3 -- 0x7f6bf8101cd0 con 0x7f6bf8101240
2024-06-11T13:03:42.162 INFO:teuthology.orchestra.run.smithi098.stdout:/usr/bin/ceph: stderr
2024-06-11T13:03:41.195+0000 7f6bfcd5a640 1 --2- 172.21.15.98:0/1825567772 >> [v2:172.21.15.98:3300/0,v1:172.21.15.98:6789/0] conn(0x7f6bf8101240 0x7f6bf8101650 secure :-1 s=READY pgs=45 cs=0 l=1 rev1=1 crypto rx=0x7f6bec00baf0 tx=0x7f6bec00b460 comp rx=0 tx=0).ready entity=mon.0 client_cookie=94fc0c4d8b299b44 server_cookie=0 in_seq=0 out_seq=0
2024-06-11T13:03:42.162 INFO:teuthology.orchestra.run.smithi098.stdout:/usr/bin/ceph: stderr
2024-06-11T13:03:41.195+0000 7f6bf77fe640 1 -- 172.21.15.98:0/1825567772 <== mon.0 v2:172.21.15.98:3300/0 1 ==== mon_map magic: 0 v1 ==== 229+0+0 (secure 0 0 0) 0x7f6bec0327a0 con 0x7f6bf8101240
2024-06-11T13:03:42.162 INFO:teuthology.orchestra.run.smithi098.stdout:/usr/bin/ceph: stderr
2024-06-11T13:03:41.195+0000 7f6bf77fe640 1 -- 172.21.15.98:0/1825567772 <== mon.0 v2:172.21.15.98:3300/0 2 ==== config(27 keys) v1 ==== 1044+0+0 (secure 0 0 0) 0x7f6bec032d90 con 0x7f6bf8101240
2024-06-11T13:03:42.162 INFO:teuthology.orchestra.run.smithi098.stdout:/usr/bin/ceph: stderr
2024-06-11T13:03:41.195+0000 7f6bf77fe640 1 -- 172.21.15.98:0/1825567772 <== mon.0 v2:172.21.15.98:3300/0 3 ==== mon_map magic: 0 v1 ==== 229+0+0 (secure 0 0 0) 0x7f6bec031e70 con 0x7f6bf8101240
2024-06-11T13:03:42.162 INFO:teuthology.orchestra.run.smithi098.stdout:/usr/bin/ceph: stderr
2024-06-11T13:03:41.195+0000 7f6bfefbe640 1 -- 172.21.15.98:0/1825567772 >> [v2:172.21.15.98:3300/0,v1:172.21.15.98:6789/0] conn(0x7f6bf8101240 msgr2=0x7f6bf8101650 secure :-1 s=STATE_CONNECTION_ESTABLISHED l=1).mark_down
2024-06-11T13:03:42.163 INFO:teuthology.orchestra.run.smithi098.stdout:/usr/bin/ceph: stderr
2024-06-11T13:03:41.195+0000 7f6bfefbe640 1 --2- 172.21.15.98:0/1825567772 >> [v2:172.21.15.98:3300/0,v1:172.21.15.98:6789/0] conn(0x7f6bf8101240 0x7f6bf8101650 secure :-1 s=READY pgs=45 cs=0 l=1 rev1=1 crypto rx=0x7f6bec00baf0 tx=0x7f6bec00b460 comp rx=0 tx=0).stop
2024-06-11T13:03:42.163 INFO:teuthology.orchestra.run.smithi098.stdout:/usr/bin/ceph: stderr
2024-06-11T13:03:41.195+0000 7f6bfefbe640 1 -- 172.21.15.98:0/1825567772 shutdown_connections
2024-06-11T13:03:42.163 INFO:teuthology.orchestra.run.smithi098.stdout:/usr/bin/ceph: stderr
2024-06-11T13:03:41.195+0000 7f6bfefbe640 1 --2- 172.21.15.98:0/1825567772 >> [v2:172.21.15.98:3300/0,v1:172.21.15.98:6789/0] conn(0x7f6bf8101240 0x7f6bf8101650 unknown :-1 s=CLOSED pgs=45 cs=0 l=1 rev1=1 crypto rx=0 tx=0 comp rx=0 tx=0).stop
2024-06-11T13:03:42.163 INFO:teuthology.orchestra.run.smithi098.stdout:/usr/bin/ceph: stderr
2024-06-11T13:03:41.195+0000 7f6bfefbe640 1 -- 172.21.15.98:0/1825567772 >> 172.21.15.98:0/1825567772 conn(0x7f6bf80fbbf0 msgr2=0x7f6bf80fe000 unknown :-1 s=STATE_NONE l=0).mark_down
2024-06-11T13:03:42.163 INFO:teuthology.orchestra.run.smithi098.stdout:/usr/bin/ceph: stderr
2024-06-11T13:03:41.196+0000 7f6bfefbe640 1 -- 172.21.15.98:0/1825567772 shutdown_connections
2024-06-11T13:03:42.163 INFO:teuthology.orchestra.run.smithi098.stdout:/usr/bin/ceph: stderr
2024-06-11T13:03:41.196+0000 7f6bfefbe640 1 -- 172.21.15.98:0/1825567772 wait complete.
2024-06-11T13:03:42.163 INFO:teuthology.orchestra.run.smithi098.stdout:/usr/bin/ceph: stderr
2024-06-11T13:03:41.196+0000 7f6bfefbe640 1 Processor -- start
2024-06-11T13:03:42.163 INFO:teuthology.orchestra.run.smithi098.stdout:/usr/bin/ceph: stderr
2024-06-11T13:03:41.196+0000 7f6bfefbe640 1 -- start start
2024-06-11T13:03:42.163 INFO:teuthology.orchestra.run.smithi098.stdout:/usr/bin/ceph: stderr
2024-06-11T13:03:41.196+0000 7f6bfefbe640 1 --2- >> [v2:172.21.15.98:3300/0,v1:172.21.15.98:6789/0] conn(0x7f6bf8101240 0x7f6bf8112e20 unknown :-1 s=NONE pgs=0 cs=0 l=1 rev1=0 crypto rx=0 tx=0 comp rx=0 tx=0).connect
2024-06-11T13:03:42.163 INFO:teuthology.orchestra.run.smithi098.stdout:/usr/bin/ceph: stderr
2024-06-11T13:03:41.196+0000 7f6bfefbe640 1 -- --> [v2:172.21.15.98:3300/0,v1:172.21.15.98:6789/0] -- mon_getmap magic: 0 v1 -- 0x7f6bf8113360 con 0x7f6bf8101240
2024-06-11T13:03:42.163 INFO:teuthology.orchestra.run.smithi098.stdout:/usr/bin/ceph: stderr
2024-06-11T13:03:41.196+0000 7f6bfcd5a640 1 --2- >> [v2:172.21.15.98:3300/0,v1:172.21.15.98:6789/0] conn(0x7f6bf8101240 0x7f6bf8112e20 unknown :-1 s=BANNER_CONNECTING pgs=0 cs=0 l=1 rev1=0 crypto rx=0 tx=0 comp rx=0 tx=0)._handle_peer_banner_payload supported=3 required=0
2024-06-11T13:03:42.163 INFO:teuthology.orchestra.run.smithi098.stdout:/usr/bin/ceph: stderr
2024-06-11T13:03:41.196+0000 7f6bfcd5a640 1 --2- >> [v2:172.21.15.98:3300/0,v1:172.21.15.98:6789/0] conn(0x7f6bf8101240 0x7f6bf8112e20 unknown :-1 s=HELLO_CONNECTING pgs=0 cs=0 l=1 rev1=1 crypto rx=0 tx=0 comp rx=0 tx=0).handle_hello peer v2:172.21.15.98:3300/0 says I am v2:172.21.15.98:42714/0 (socket says 172.21.15.98:42714)
2024-06-11T13:03:42.163 INFO:teuthology.orchestra.run.smithi098.stdout:/usr/bin/ceph: stderr
2024-06-11T13:03:41.196+0000 7f6bfcd5a640 1 -- 172.21.15.98:0/2757611660 learned_addr learned my addr 172.21.15.98:0/2757611660 (peer_addr_for_me v2:172.21.15.98:0/0)
2024-06-11T13:03:42.164 INFO:teuthology.orchestra.run.smithi098.stdout:/usr/bin/ceph: stderr
2024-06-11T13:03:41.197+0000 7f6bfcd5a640 1 -- 172.21.15.98:0/2757611660 --> [v2:172.21.15.98:3300/0,v1:172.21.15.98:6789/0] -- mon_subscribe({config=0+,monmap=0+}) v3 -- 0x7f6bec00b700 con 0x7f6bf8101240
2024-06-11T13:03:42.164 INFO:teuthology.orchestra.run.smithi098.stdout:/usr/bin/ceph: stderr
2024-06-11T13:03:41.197+0000 7f6bfcd5a640 1 --2- 172.21.15.98:0/2757611660 >> [v2:172.21.15.98:3300/0,v1:172.21.15.98:6789/0] conn(0x7f6bf8101240 0x7f6bf8112e20 secure :-1 s=READY pgs=46 cs=0 l=1 rev1=1 crypto rx=0x7f6bec00b2c0 tx=0x7f6bec00b460 comp rx=0 tx=0).ready entity=mon.0 client_cookie=0 server_cookie=0 in_seq=0 out_seq=0
2024-06-11T13:03:42.164 INFO:teuthology.orchestra.run.smithi098.stdout:/usr/bin/ceph: stderr
2024-06-11T13:03:41.197+0000 7f6bf57fa640 1 -- 172.21.15.98:0/2757611660 <== mon.0 v2:172.21.15.98:3300/0 1 ==== mon_map magic: 0 v1 ==== 229+0+0 (secure 0 0 0) 0x7f6bec032a80 con 0x7f6bf8101240
2024-06-11T13:03:42.164 INFO:teuthology.orchestra.run.smithi098.stdout:/usr/bin/ceph: stderr
2024-06-11T13:03:41.197+0000 7f6bf57fa640 1 -- 172.21.15.98:0/2757611660 <== mon.0 v2:172.21.15.98:3300/0 2 ==== config(27 keys) v1 ==== 1044+0+0 (secure 0 0 0) 0x7f6bec032be0 con 0x7f6bf8101240
2024-06-11T13:03:42.164 INFO:teuthology.orchestra.run.smithi098.stdout:/usr/bin/ceph: stderr
2024-06-11T13:03:41.197+0000 7f6bfefbe640 1 -- 172.21.15.98:0/2757611660 --> [v2:172.21.15.98:3300/0,v1:172.21.15.98:6789/0] -- mon_subscribe({mgrmap=0+}) v3 -- 0x7f6bf8113560 con 0x7f6bf8101240
2024-06-11T13:03:42.164 INFO:teuthology.orchestra.run.smithi098.stdout:/usr/bin/ceph: stderr
2024-06-11T13:03:41.197+0000 7f6bf57fa640 1 -- 172.21.15.98:0/2757611660 <== mon.0 v2:172.21.15.98:3300/0 3 ==== mon_map magic: 0 v1 ==== 229+0+0 (secure 0 0 0) 0x7f6bec039700 con 0x7f6bf8101240
2024-06-11T13:03:42.164 INFO:teuthology.orchestra.run.smithi098.stdout:/usr/bin/ceph: stderr
2024-06-11T13:03:41.197+0000 7f6bfefbe640 1 -- 172.21.15.98:0/2757611660 --> [v2:172.21.15.98:3300/0,v1:172.21.15.98:6789/0] -- mon_subscribe({osdmap=0}) v3 -- 0x7f6bf8113fb0 con 0x7f6bf8101240
2024-06-11T13:03:42.164 INFO:teuthology.orchestra.run.smithi098.stdout:/usr/bin/ceph: stderr
2024-06-11T13:03:41.198+0000 7f6bf57fa640 1 -- 172.21.15.98:0/2757611660 <== mon.0 v2:172.21.15.98:3300/0 4 ==== mgrmap(e 8) v1 ==== 41946+0+0 (secure 0 0 0) 0x7f6bec0398c0 con 0x7f6bf8101240
2024-06-11T13:03:42.164 INFO:teuthology.orchestra.run.smithi098.stdout:/usr/bin/ceph: stderr
2024-06-11T13:03:41.198+0000 7f6bf57fa640 1 --2- 172.21.15.98:0/2757611660 >> [v2:172.21.15.98:6800/3447865626,v1:172.21.15.98:6801/3447865626] conn(0x7f6be8034860 0x7f6be8036d10 unknown :-1 s=NONE pgs=0 cs=0 l=1 rev1=0 crypto rx=0 tx=0 comp rx=0 tx=0).connect
2024-06-11T13:03:42.164 INFO:teuthology.orchestra.run.smithi098.stdout:/usr/bin/ceph: stderr
2024-06-11T13:03:41.198+0000 7f6bf57fa640 1 -- 172.21.15.98:0/2757611660 <== mon.0 v2:172.21.15.98:3300/0 5 ==== osd_map(2..2 src has 1..2) v4 ==== 936+0+0 (secure 0 0 0) 0x7f6bec067890 con 0x7f6bf8101240
2024-06-11T13:03:42.164 INFO:teuthology.orchestra.run.smithi098.stdout:/usr/bin/ceph: stderr
2024-06-11T13:03:41.198+0000 7f6bfefbe640 1 -- 172.21.15.98:0/2757611660 --> [v2:172.21.15.98:3300/0,v1:172.21.15.98:6789/0] -- mon_command({"prefix": "get_command_descriptions"} v 0) v1 -- 0x7f6bf805ead0 con 0x7f6bf8101240
2024-06-11T13:03:42.164 INFO:teuthology.orchestra.run.smithi098.stdout:/usr/bin/ceph: stderr
2024-06-11T13:03:41.198+0000 7f6bf7fff640 1 --2- 172.21.15.98:0/2757611660 >> [v2:172.21.15.98:6800/3447865626,v1:172.21.15.98:6801/3447865626] conn(0x7f6be8034860 0x7f6be8036d10 unknown :-1 s=BANNER_CONNECTING pgs=0 cs=0 l=1 rev1=0 crypto rx=0 tx=0 comp rx=0 tx=0)._handle_peer_banner_payload supported=3 required=0
2024-06-11T13:03:42.165 INFO:teuthology.orchestra.run.smithi098.stdout:/usr/bin/ceph: stderr
2024-06-11T13:03:41.198+0000 7f6bf7fff640 1 --2- 172.21.15.98:0/2757611660 >> [v2:172.21.15.98:6800/3447865626,v1:172.21.15.98:6801/3447865626] conn(0x7f6be8034860 0x7f6be8036d10 secure :-1 s=READY pgs=12 cs=0 l=1 rev1=1 crypto rx=0x7f6be4006fd0 tx=0x7f6be4006db0 comp rx=0 tx=0).ready entity=mgr.14118 client_cookie=0 server_cookie=0 in_seq=0 out_seq=0
2024-06-11T13:03:42.165 INFO:teuthology.orchestra.run.smithi098.stdout:/usr/bin/ceph: stderr
2024-06-11T13:03:41.202+0000 7f6bf57fa640 1 -- 172.21.15.98:0/2757611660 <== mon.0 v2:172.21.15.98:3300/0 6 ==== mon_command_ack([{"prefix": "get_command_descriptions"}]=0 v0) v1 ==== 72+0+175578 (secure 0 0 0) 0x7f6bec036070 con 0x7f6bf8101240
2024-06-11T13:03:42.165 INFO:teuthology.orchestra.run.smithi098.stdout:/usr/bin/ceph: stderr
2024-06-11T13:03:41.381+0000 7f6bfefbe640 1 -- 172.21.15.98:0/2757611660 --> [v2:172.21.15.98:6800/3447865626,v1:172.21.15.98:6801/3447865626] -- mgr_command(tid 0: {"prefix": "orch apply", "service_type": "mon", "target": ["mon-mgr", ""]}) v1 -- 0x7f6bf8114b20 con 0x7f6be8034860
2024-06-11T13:03:42.165 INFO:teuthology.orchestra.run.smithi098.stdout:/usr/bin/ceph: stderr
2024-06-11T13:03:41.389+0000 7f6bf57fa640 1 -- 172.21.15.98:0/2757611660 <== mgr.14118 v2:172.21.15.98:6800/3447865626 1 ==== mgr_command_reply(tid 0: 0 ) v1 ==== 8+0+24 (secure 0 0 0) 0x7f6bf8114b20 con 0x7f6be8034860
2024-06-11T13:03:42.165 INFO:teuthology.orchestra.run.smithi098.stdout:/usr/bin/ceph: stderr
2024-06-11T13:03:41.391+0000 7f6bfefbe640 1 -- 172.21.15.98:0/2757611660 >> [v2:172.21.15.98:6800/3447865626,v1:172.21.15.98:6801/3447865626] conn(0x7f6be8034860 msgr2=0x7f6be8036d10 secure :-1 s=STATE_CONNECTION_ESTABLISHED l=1).mark_down
2024-06-11T13:03:42.165 INFO:teuthology.orchestra.run.smithi098.stdout:/usr/bin/ceph: stderr
2024-06-11T13:03:41.391+0000 7f6bfefbe640 1 --2- 172.21.15.98:0/2757611660 >> [v2:172.21.15.98:6800/3447865626,v1:172.21.15.98:6801/3447865626] conn(0x7f6be8034860 0x7f6be8036d10 secure :-1 s=READY pgs=12 cs=0 l=1 rev1=1 crypto rx=0x7f6be4006fd0 tx=0x7f6be4006db0 comp rx=0 tx=0).stop
2024-06-11T13:03:42.165 INFO:teuthology.orchestra.run.smithi098.stdout:/usr/bin/ceph: stderr
2024-06-11T13:03:41.391+0000 7f6bfefbe640 1 -- 172.21.15.98:0/2757611660 >> [v2:172.21.15.98:3300/0,v1:172.21.15.98:6789/0] conn(0x7f6bf8101240 msgr2=0x7f6bf8112e20 secure :-1 s=STATE_CONNECTION_ESTABLISHED l=1).mark_down
2024-06-11T13:03:42.165 INFO:teuthology.orchestra.run.smithi098.stdout:/usr/bin/ceph: stderr
2024-06-11T13:03:41.391+0000 7f6bfefbe640 1 --2- 172.21.15.98:0/2757611660 >> [v2:172.21.15.98:3300/0,v1:172.21.15.98:6789/0] conn(0x7f6bf8101240 0x7f6bf8112e20 secure :-1 s=READY pgs=46 cs=0 l=1 rev1=1 crypto rx=0x7f6bec00b2c0 tx=0x7f6bec00b460 comp rx=0 tx=0).stop
2024-06-11T13:03:42.165 INFO:teuthology.orchestra.run.smithi098.stdout:/usr/bin/ceph: stderr
2024-06-11T13:03:41.391+0000 7f6bfefbe640 1 -- 172.21.15.98:0/2757611660 shutdown_connections
2024-06-11T13:03:42.165 INFO:teuthology.orchestra.run.smithi098.stdout:/usr/bin/ceph: stderr
2024-06-11T13:03:41.391+0000 7f6bfefbe640 1 --2- 172.21.15.98:0/2757611660 >> [v2:172.21.15.98:6800/3447865626,v1:172.21.15.98:6801/3447865626] conn(0x7f6be8034860 0x7f6be8036d10 unknown :-1 s=CLOSED pgs=12 cs=0 l=1 rev1=1 crypto rx=0 tx=0 comp rx=0 tx=0).stop
2024-06-11T13:03:42.165 INFO:teuthology.orchestra.run.smithi098.stdout:/usr/bin/ceph: stderr
2024-06-11T13:03:41.391+0000 7f6bfefbe640 1 --2- 172.21.15.98:0/2757611660 >> [v2:172.21.15.98:3300/0,v1:172.21.15.98:6789/0] conn(0x7f6bf8101240 0x7f6bf8112e20 unknown :-1 s=CLOSED pgs=46 cs=0 l=1 rev1=1 crypto rx=0 tx=0 comp rx=0 tx=0).stop
2024-06-11T13:03:42.165 INFO:teuthology.orchestra.run.smithi098.stdout:/usr/bin/ceph: stderr
2024-06-11T13:03:41.391+0000 7f6bfefbe640 1 -- 172.21.15.98:0/2757611660 >> 172.21.15.98:0/2757611660 conn(0x7f6bf80fbbf0 msgr2=0x7f6bf8105250 unknown :-1 s=STATE_NONE l=0).mark_down
2024-06-11T13:03:42.165 INFO:teuthology.orchestra.run.smithi098.stdout:/usr/bin/ceph: stderr
2024-06-11T13:03:41.391+0000 7f6bfefbe640 1 -- 172.21.15.98:0/2757611660 shutdown_connections
2024-06-11T13:03:42.166 INFO:teuthology.orchestra.run.smithi098.stdout:/usr/bin/ceph: stderr
2024-06-11T13:03:41.391+0000 7f6bfefbe640 1 -- 172.21.15.98:0/2757611660 wait complete.
2024-06-11T13:03:42.166 INFO:teuthology.orchestra.run.smithi098.stdout:Deploying mgr service with default placement...
2024-06-11T13:03:42.403 INFO:journalctl@ceph.mon.smithi098.smithi098.stdout:Jun 11 13:03:42 smithi098 ceph-mon[29191]: from='client.14140 -' entity='client.admin' cmd=[{"prefix": "orch apply", "service_type": "mon", "target": ["mon-mgr", ""]}]: dispatch
2024-06-11T13:03:42.403 INFO:journalctl@ceph.mon.smithi098.smithi098.stdout:Jun 11 13:03:42 smithi098 ceph-mon[29191]: Saving service mon spec with placement count:5
2024-06-11T13:03:42.404 INFO:journalctl@ceph.mon.smithi098.smithi098.stdout:Jun 11 13:03:42 smithi098 ceph-mon[29191]: from='mgr.14118 172.21.15.98:0/3056511396' entity='mgr.smithi098.qpnrky'
2024-06-11T13:03:44.349 INFO:teuthology.orchestra.run.smithi098.stdout:/usr/bin/ceph: stdout Scheduled mgr update...
2024-06-11T13:03:44.349 INFO:teuthology.orchestra.run.smithi098.stdout:/usr/bin/ceph: stderr
2024-06-11T13:03:43.611+0000 7f05f2e2a640 1 Processor -- start
2024-06-11T13:03:44.349 INFO:teuthology.orchestra.run.smithi098.stdout:/usr/bin/ceph: stderr
2024-06-11T13:03:43.611+0000 7f05f2e2a640 1 -- start start
2024-06-11T13:03:44.349 INFO:teuthology.orchestra.run.smithi098.stdout:/usr/bin/ceph: stderr
2024-06-11T13:03:43.611+0000 7f05f2e2a640 1 --2- >> [v2:172.21.15.98:3300/0,v1:172.21.15.98:6789/0] conn(0x7f05ec075ae0 0x7f05ec104a20 unknown :-1 s=NONE pgs=0 cs=0 l=0 rev1=0 crypto rx=0 tx=0 comp rx=0 tx=0).connect
2024-06-11T13:03:44.349 INFO:teuthology.orchestra.run.smithi098.stdout:/usr/bin/ceph: stderr
2024-06-11T13:03:43.611+0000 7f05f2e2a640 1 -- --> [v2:172.21.15.98:3300/0,v1:172.21.15.98:6789/0] -- mon_getmap magic: 0 v1 -- 0x7f05ec075ef0 con 0x7f05ec075ae0
2024-06-11T13:03:44.349 INFO:teuthology.orchestra.run.smithi098.stdout:/usr/bin/ceph: stderr
2024-06-11T13:03:43.611+0000 7f05f0bc6640 1 --2- >> [v2:172.21.15.98:3300/0,v1:172.21.15.98:6789/0] conn(0x7f05ec075ae0 0x7f05ec104a20 unknown :-1 s=BANNER_CONNECTING pgs=0 cs=0 l=0 rev1=0 crypto rx=0 tx=0 comp rx=0 tx=0)._handle_peer_banner_payload supported=3 required=0
2024-06-11T13:03:44.349 INFO:teuthology.orchestra.run.smithi098.stdout:/usr/bin/ceph: stderr
2024-06-11T13:03:43.611+0000 7f05f0bc6640 1 --2- >> [v2:172.21.15.98:3300/0,v1:172.21.15.98:6789/0] conn(0x7f05ec075ae0 0x7f05ec104a20 unknown :-1 s=HELLO_CONNECTING pgs=0 cs=0 l=0 rev1=1 crypto rx=0 tx=0 comp rx=0 tx=0).handle_hello peer v2:172.21.15.98:3300/0 says I am v2:172.21.15.98:42728/0 (socket says 172.21.15.98:42728)
2024-06-11T13:03:44.349 INFO:teuthology.orchestra.run.smithi098.stdout:/usr/bin/ceph: stderr
2024-06-11T13:03:43.611+0000 7f05f0bc6640 1 -- 172.21.15.98:0/239840458 learned_addr learned my addr 172.21.15.98:0/239840458 (peer_addr_for_me v2:172.21.15.98:0/0)
2024-06-11T13:03:44.349 INFO:teuthology.orchestra.run.smithi098.stdout:/usr/bin/ceph: stderr
2024-06-11T13:03:43.612+0000 7f05f0bc6640 1 -- 172.21.15.98:0/239840458 --> [v2:172.21.15.98:3300/0,v1:172.21.15.98:6789/0] -- mon_subscribe({config=0+,monmap=0+}) v3 -- 0x7f05ec104f60 con 0x7f05ec075ae0
2024-06-11T13:03:44.349 INFO:teuthology.orchestra.run.smithi098.stdout:/usr/bin/ceph: stderr
2024-06-11T13:03:43.612+0000 7f05f0bc6640 1 --2- 172.21.15.98:0/239840458 >> [v2:172.21.15.98:3300/0,v1:172.21.15.98:6789/0] conn(0x7f05ec075ae0 0x7f05ec104a20 secure :-1 s=READY pgs=47 cs=0 l=1 rev1=1 crypto rx=0x7f05e0009840 tx=0x7f05e00091d0 comp rx=0 tx=0).ready entity=mon.0 client_cookie=5ec42b74c6f2d6a0 server_cookie=0 in_seq=0 out_seq=0
2024-06-11T13:03:44.350 INFO:teuthology.orchestra.run.smithi098.stdout:/usr/bin/ceph: stderr
2024-06-11T13:03:43.612+0000 7f05eb7fe640 1 -- 172.21.15.98:0/239840458 <== mon.0 v2:172.21.15.98:3300/0 1 ==== mon_map magic: 0 v1 ==== 229+0+0 (secure 0 0 0) 0x7f05e0032440 con 0x7f05ec075ae0
2024-06-11T13:03:44.350 INFO:teuthology.orchestra.run.smithi098.stdout:/usr/bin/ceph: stderr
