2024-06-11T13:04:03.048 INFO:teuthology.orchestra.run.smithi098.stdout:/usr/bin/ceph: stderr
2024-06-11T13:04:02.226+0000 7faa82c2a640 1 -- 172.21.15.98:0/3789227394 --> [v2:172.21.15.98:3300/0,v1:172.21.15.98:6789/0] -- mon_command({"prefix": "get_command_descriptions"} v 0) v1 -- 0x7faa7c05ead0 con 0x7faa7c101d90
2024-06-11T13:04:03.048 INFO:teuthology.orchestra.run.smithi098.stdout:/usr/bin/ceph: stderr
2024-06-11T13:04:02.226+0000 7faa7bfff640 1 --2- 172.21.15.98:0/3789227394 >> [v2:172.21.15.98:6800/1949003637,v1:172.21.15.98:6801/1949003637] conn(0x7faa6c034790 0x7faa6c036c40 unknown :-1 s=BANNER_CONNECTING pgs=0 cs=0 l=1 rev1=0 crypto rx=0 tx=0 comp rx=0 tx=0)._handle_peer_banner_payload supported=3 required=0
2024-06-11T13:04:03.049 INFO:teuthology.orchestra.run.smithi098.stdout:/usr/bin/ceph: stderr
2024-06-11T13:04:02.226+0000 7faa7bfff640 1 --2- 172.21.15.98:0/3789227394 >> [v2:172.21.15.98:6800/1949003637,v1:172.21.15.98:6801/1949003637] conn(0x7faa6c034790 0x7faa6c036c40 secure :-1 s=READY pgs=7 cs=0 l=1 rev1=1 crypto rx=0x7faa68006fd0 tx=0x7faa68006db0 comp rx=0 tx=0).ready entity=mgr.14160 client_cookie=0 server_cookie=0 in_seq=0 out_seq=0
2024-06-11T13:04:03.049 INFO:teuthology.orchestra.run.smithi098.stdout:/usr/bin/ceph: stderr
2024-06-11T13:04:02.230+0000 7faa797fa640 1 -- 172.21.15.98:0/3789227394 <== mon.0 v2:172.21.15.98:3300/0 6 ==== mon_command_ack([{"prefix": "get_command_descriptions"}]=0 v0) v1 ==== 72+0+175578 (secure 0 0 0) 0x7faa7003f080 con 0x7faa7c101d90
2024-06-11T13:04:03.049 INFO:teuthology.orchestra.run.smithi098.stdout:/usr/bin/ceph: stderr
2024-06-11T13:04:02.429+0000 7faa82c2a640 1 -- 172.21.15.98:0/3789227394 --> [v2:172.21.15.98:6800/1949003637,v1:172.21.15.98:6801/1949003637] -- mgr_command(tid 0: {"prefix": "dashboard create-self-signed-cert", "target": ["mon-mgr", ""]}) v1 -- 0x7faa7c103c80 con 0x7faa6c034790
2024-06-11T13:04:03.049 INFO:teuthology.orchestra.run.smithi098.stdout:/usr/bin/ceph: stderr
2024-06-11T13:04:02.517+0000 7faa797fa640 1 -- 172.21.15.98:0/3789227394 <== mgr.14160 v2:172.21.15.98:6800/1949003637 1 ==== mgr_command_reply(tid 0: 0 ) v1 ==== 8+0+32 (secure 0 0 0) 0x7faa7c103c80 con 0x7faa6c034790
2024-06-11T13:04:03.049 INFO:teuthology.orchestra.run.smithi098.stdout:/usr/bin/ceph: stderr
2024-06-11T13:04:02.519+0000 7faa82c2a640 1 -- 172.21.15.98:0/3789227394 >> [v2:172.21.15.98:6800/1949003637,v1:172.21.15.98:6801/1949003637] conn(0x7faa6c034790 msgr2=0x7faa6c036c40 secure :-1 s=STATE_CONNECTION_ESTABLISHED l=1).mark_down
2024-06-11T13:04:03.049 INFO:teuthology.orchestra.run.smithi098.stdout:/usr/bin/ceph: stderr
2024-06-11T13:04:02.519+0000 7faa82c2a640 1 --2- 172.21.15.98:0/3789227394 >> [v2:172.21.15.98:6800/1949003637,v1:172.21.15.98:6801/1949003637] conn(0x7faa6c034790 0x7faa6c036c40 secure :-1 s=READY pgs=7 cs=0 l=1 rev1=1 crypto rx=0x7faa68006fd0 tx=0x7faa68006db0 comp rx=0 tx=0).stop
2024-06-11T13:04:03.049 INFO:teuthology.orchestra.run.smithi098.stdout:/usr/bin/ceph: stderr
2024-06-11T13:04:02.519+0000 7faa82c2a640 1 -- 172.21.15.98:0/3789227394 >> [v2:172.21.15.98:3300/0,v1:172.21.15.98:6789/0] conn(0x7faa7c101d90 msgr2=0x7faa7c110ee0 secure :-1 s=STATE_CONNECTION_ESTABLISHED l=1).mark_down
2024-06-11T13:04:03.049 INFO:teuthology.orchestra.run.smithi098.stdout:/usr/bin/ceph: stderr
2024-06-11T13:04:02.519+0000 7faa82c2a640 1 --2- 172.21.15.98:0/3789227394 >> [v2:172.21.15.98:3300/0,v1:172.21.15.98:6789/0] conn(0x7faa7c101d90 0x7faa7c110ee0 secure :-1 s=READY pgs=79 cs=0 l=1 rev1=1 crypto rx=0x7faa70009810 tx=0x7faa7002c040 comp rx=0 tx=0).stop
2024-06-11T13:04:03.049 INFO:teuthology.orchestra.run.smithi098.stdout:/usr/bin/ceph: stderr
2024-06-11T13:04:02.519+0000 7faa82c2a640 1 -- 172.21.15.98:0/3789227394 shutdown_connections
2024-06-11T13:04:03.050 INFO:teuthology.orchestra.run.smithi098.stdout:/usr/bin/ceph: stderr
2024-06-11T13:04:02.519+0000 7faa82c2a640 1 --2- 172.21.15.98:0/3789227394 >> [v2:172.21.15.98:6800/1949003637,v1:172.21.15.98:6801/1949003637] conn(0x7faa6c034790 0x7faa6c036c40 unknown :-1 s=CLOSED pgs=7 cs=0 l=1 rev1=1 crypto rx=0 tx=0 comp rx=0 tx=0).stop
2024-06-11T13:04:03.050 INFO:teuthology.orchestra.run.smithi098.stdout:/usr/bin/ceph: stderr
2024-06-11T13:04:02.519+0000 7faa82c2a640 1 --2- 172.21.15.98:0/3789227394 >> [v2:172.21.15.98:3300/0,v1:172.21.15.98:6789/0] conn(0x7faa7c101d90 0x7faa7c110ee0 unknown :-1 s=CLOSED pgs=79 cs=0 l=1 rev1=1 crypto rx=0 tx=0 comp rx=0 tx=0).stop
2024-06-11T13:04:03.050 INFO:teuthology.orchestra.run.smithi098.stdout:/usr/bin/ceph: stderr
2024-06-11T13:04:02.519+0000 7faa82c2a640 1 -- 172.21.15.98:0/3789227394 >> 172.21.15.98:0/3789227394 conn(0x7faa7c0fd5b0 msgr2=0x7faa7c0fe390 unknown :-1 s=STATE_NONE l=0).mark_down
2024-06-11T13:04:03.050 INFO:teuthology.orchestra.run.smithi098.stdout:/usr/bin/ceph: stderr
2024-06-11T13:04:02.519+0000 7faa82c2a640 1 -- 172.21.15.98:0/3789227394 shutdown_connections
2024-06-11T13:04:03.050 INFO:teuthology.orchestra.run.smithi098.stdout:/usr/bin/ceph: stderr
2024-06-11T13:04:02.519+0000 7faa82c2a640 1 -- 172.21.15.98:0/3789227394 wait complete.
2024-06-11T13:04:03.050 INFO:teuthology.orchestra.run.smithi098.stdout:Creating initial admin user...
2024-06-11T13:04:03.252 INFO:journalctl@ceph.mon.smithi098.smithi098.stdout:Jun 11 13:04:02 smithi098 ceph-mon[29191]: from='client.14172 -' entity='client.admin' cmd=[{"prefix": "dashboard create-self-signed-cert", "target": ["mon-mgr", ""]}]: dispatch
2024-06-11T13:04:03.252 INFO:journalctl@ceph.mon.smithi098.smithi098.stdout:Jun 11 13:04:02 smithi098 ceph-mon[29191]: from='mgr.14160 172.21.15.98:0/2054233772' entity='mgr.smithi098.qpnrky'
2024-06-11T13:04:03.253 INFO:journalctl@ceph.mon.smithi098.smithi098.stdout:Jun 11 13:04:02 smithi098 ceph-mon[29191]: from='mgr.14160 172.21.15.98:0/2054233772' entity='mgr.smithi098.qpnrky'
2024-06-11T13:04:03.253 INFO:journalctl@ceph.mon.smithi098.smithi098.stdout:Jun 11 13:04:02 smithi098 ceph-mon[29191]: from='mgr.14160 172.21.15.98:0/2054233772' entity='mgr.smithi098.qpnrky'
2024-06-11T13:04:03.253 INFO:journalctl@ceph.mon.smithi098.smithi098.stdout:Jun 11 13:04:02 smithi098 ceph-mon[29191]: mgrmap e12: smithi098.qpnrky(active, since 2s)
2024-06-11T13:04:04.655 INFO:teuthology.orchestra.run.smithi098.stdout:/usr/bin/ceph: stdout {"username": "admin", "password": "$2b$12$WPMdInUe8O4kKWGliwsFlupAlUV7XKST7jjcERNyjP5MMjApYyZde", "roles": ["administrator"], "name": null, "email": null, "lastUpdate": 1718111043, "enabled": true, "pwdExpirationDate": null, "pwdUpdateRequired": true}
2024-06-11T13:04:04.655 INFO:teuthology.orchestra.run.smithi098.stdout:/usr/bin/ceph: stderr
2024-06-11T13:04:03.429+0000 7f6ff5682640 1 Processor -- start
2024-06-11T13:04:04.655 INFO:teuthology.orchestra.run.smithi098.stdout:/usr/bin/ceph: stderr
2024-06-11T13:04:03.429+0000 7f6ff5682640 1 -- start start
2024-06-11T13:04:04.655 INFO:teuthology.orchestra.run.smithi098.stdout:/usr/bin/ceph: stderr
2024-06-11T13:04:03.429+0000 7f6ff5682640 1 --2- >> [v2:172.21.15.98:3300/0,v1:172.21.15.98:6789/0] conn(0x7f6ff0103360 0x7f6ff0103770 unknown :-1 s=NONE pgs=0 cs=0 l=0 rev1=0 crypto rx=0 tx=0 comp rx=0 tx=0).connect
2024-06-11T13:04:04.655 INFO:teuthology.orchestra.run.smithi098.stdout:/usr/bin/ceph: stderr
2024-06-11T13:04:03.429+0000 7f6ff5682640 1 -- --> [v2:172.21.15.98:3300/0,v1:172.21.15.98:6789/0] -- mon_getmap magic: 0 v1 -- 0x7f6ff00708a0 con 0x7f6ff0103360
2024-06-11T13:04:04.655 INFO:teuthology.orchestra.run.smithi098.stdout:/usr/bin/ceph: stderr
2024-06-11T13:04:03.430+0000 7f6feeffd640 1 --2- >> [v2:172.21.15.98:3300/0,v1:172.21.15.98:6789/0] conn(0x7f6ff0103360 0x7f6ff0103770 unknown :-1 s=BANNER_CONNECTING pgs=0 cs=0 l=0 rev1=0 crypto rx=0 tx=0 comp rx=0 tx=0)._handle_peer_banner_payload supported=3 required=0
2024-06-11T13:04:04.655 INFO:teuthology.orchestra.run.smithi098.stdout:/usr/bin/ceph: stderr
2024-06-11T13:04:03.430+0000 7f6feeffd640 1 --2- >> [v2:172.21.15.98:3300/0,v1:172.21.15.98:6789/0] conn(0x7f6ff0103360 0x7f6ff0103770 unknown :-1 s=HELLO_CONNECTING pgs=0 cs=0 l=0 rev1=1 crypto rx=0 tx=0 comp rx=0 tx=0).handle_hello peer v2:172.21.15.98:3300/0 says I am v2:172.21.15.98:38814/0 (socket says 172.21.15.98:38814)
2024-06-11T13:04:04.655 INFO:teuthology.orchestra.run.smithi098.stdout:/usr/bin/ceph: stderr
2024-06-11T13:04:03.430+0000 7f6feeffd640 1 -- 172.21.15.98:0/1824049058 learned_addr learned my addr 172.21.15.98:0/1824049058 (peer_addr_for_me v2:172.21.15.98:0/0)
2024-06-11T13:04:04.655 INFO:teuthology.orchestra.run.smithi098.stdout:/usr/bin/ceph: stderr
2024-06-11T13:04:03.430+0000 7f6feeffd640 1 -- 172.21.15.98:0/1824049058 --> [v2:172.21.15.98:3300/0,v1:172.21.15.98:6789/0] -- mon_subscribe({config=0+,monmap=0+}) v3 -- 0x7f6ff0103cb0 con 0x7f6ff0103360
2024-06-11T13:04:04.656 INFO:teuthology.orchestra.run.smithi098.stdout:/usr/bin/ceph: stderr
2024-06-11T13:04:03.430+0000 7f6feeffd640 1 --2- 172.21.15.98:0/1824049058 >> [v2:172.21.15.98:3300/0,v1:172.21.15.98:6789/0] conn(0x7f6ff0103360 0x7f6ff0103770 secure :-1 s=READY pgs=80 cs=0 l=1 rev1=1 crypto rx=0x7f6fe0009840 tx=0x7f6fe00091d0 comp rx=0 tx=0).ready entity=mon.0 client_cookie=2616038dc62f19c4 server_cookie=0 in_seq=0 out_seq=0
2024-06-11T13:04:04.656 INFO:teuthology.orchestra.run.smithi098.stdout:/usr/bin/ceph: stderr
2024-06-11T13:04:03.431+0000 7f6fee7fc640 1 -- 172.21.15.98:0/1824049058 <== mon.0 v2:172.21.15.98:3300/0 1 ==== mon_map magic: 0 v1 ==== 229+0+0 (secure 0 0 0) 0x7f6fe0032440 con 0x7f6ff0103360
2024-06-11T13:04:04.656 INFO:teuthology.orchestra.run.smithi098.stdout:/usr/bin/ceph: stderr
2024-06-11T13:04:03.431+0000 7f6fee7fc640 1 -- 172.21.15.98:0/1824049058 <== mon.0 v2:172.21.15.98:3300/0 2 ==== config(27 keys) v1 ==== 1109+0+0 (secure 0 0 0) 0x7f6fe0032a70 con 0x7f6ff0103360
2024-06-11T13:04:04.656 INFO:teuthology.orchestra.run.smithi098.stdout:/usr/bin/ceph: stderr
2024-06-11T13:04:03.431+0000 7f6fee7fc640 1 -- 172.21.15.98:0/1824049058 <== mon.0 v2:172.21.15.98:3300/0 3 ==== mon_map magic: 0 v1 ==== 229+0+0 (secure 0 0 0) 0x7f6fe0031ad0 con 0x7f6ff0103360
2024-06-11T13:04:04.656 INFO:teuthology.orchestra.run.smithi098.stdout:/usr/bin/ceph: stderr
2024-06-11T13:04:03.431+0000 7f6ff5682640 1 -- 172.21.15.98:0/1824049058 >> [v2:172.21.15.98:3300/0,v1:172.21.15.98:6789/0] conn(0x7f6ff0103360 msgr2=0x7f6ff0103770 secure :-1 s=STATE_CONNECTION_ESTABLISHED l=1).mark_down
2024-06-11T13:04:04.656 INFO:teuthology.orchestra.run.smithi098.stdout:/usr/bin/ceph: stderr
2024-06-11T13:04:03.431+0000 7f6ff5682640 1 --2- 172.21.15.98:0/1824049058 >> [v2:172.21.15.98:3300/0,v1:172.21.15.98:6789/0] conn(0x7f6ff0103360 0x7f6ff0103770 secure :-1 s=READY pgs=80 cs=0 l=1 rev1=1 crypto rx=0x7f6fe0009840 tx=0x7f6fe00091d0 comp rx=0 tx=0).stop
2024-06-11T13:04:04.656 INFO:teuthology.orchestra.run.smithi098.stdout:/usr/bin/ceph: stderr
2024-06-11T13:04:03.431+0000 7f6ff5682640 1 -- 172.21.15.98:0/1824049058 shutdown_connections
2024-06-11T13:04:04.656 INFO:teuthology.orchestra.run.smithi098.stdout:/usr/bin/ceph: stderr
2024-06-11T13:04:03.431+0000 7f6ff5682640 1 --2- 172.21.15.98:0/1824049058 >> [v2:172.21.15.98:3300/0,v1:172.21.15.98:6789/0] conn(0x7f6ff0103360 0x7f6ff0103770 unknown :-1 s=CLOSED pgs=80 cs=0 l=1 rev1=1 crypto rx=0 tx=0 comp rx=0 tx=0).stop
2024-06-11T13:04:04.656 INFO:teuthology.orchestra.run.smithi098.stdout:/usr/bin/ceph: stderr
2024-06-11T13:04:03.431+0000 7f6ff5682640 1 -- 172.21.15.98:0/1824049058 >> 172.21.15.98:0/1824049058 conn(0x7f6ff00fbc20 msgr2=0x7f6ff00fe030 unknown :-1 s=STATE_NONE l=0).mark_down
2024-06-11T13:04:04.656 INFO:teuthology.orchestra.run.smithi098.stdout:/usr/bin/ceph: stderr
2024-06-11T13:04:03.431+0000 7f6ff5682640 1 -- 172.21.15.98:0/1824049058 shutdown_connections
2024-06-11T13:04:04.656 INFO:teuthology.orchestra.run.smithi098.stdout:/usr/bin/ceph: stderr
2024-06-11T13:04:03.431+0000 7f6ff5682640 1 -- 172.21.15.98:0/1824049058 wait complete.
2024-06-11T13:04:04.656 INFO:teuthology.orchestra.run.smithi098.stdout:/usr/bin/ceph: stderr
2024-06-11T13:04:03.432+0000 7f6ff5682640 1 Processor -- start
2024-06-11T13:04:04.657 INFO:teuthology.orchestra.run.smithi098.stdout:/usr/bin/ceph: stderr
2024-06-11T13:04:03.432+0000 7f6ff5682640 1 -- start start
2024-06-11T13:04:04.657 INFO:teuthology.orchestra.run.smithi098.stdout:/usr/bin/ceph: stderr
2024-06-11T13:04:03.432+0000 7f6ff5682640 1 --2- >> [v2:172.21.15.98:3300/0,v1:172.21.15.98:6789/0] conn(0x7f6ff0103360 0x7f6ff0110b70 unknown :-1 s=NONE pgs=0 cs=0 l=1 rev1=0 crypto rx=0 tx=0 comp rx=0 tx=0).connect
2024-06-11T13:04:04.657 INFO:teuthology.orchestra.run.smithi098.stdout:/usr/bin/ceph: stderr
2024-06-11T13:04:03.432+0000 7f6ff5682640 1 -- --> [v2:172.21.15.98:3300/0,v1:172.21.15.98:6789/0] -- mon_getmap magic: 0 v1 -- 0x7f6ff01110b0 con 0x7f6ff0103360
2024-06-11T13:04:04.657 INFO:teuthology.orchestra.run.smithi098.stdout:/usr/bin/ceph: stderr
2024-06-11T13:04:03.432+0000 7f6feeffd640 1 --2- >> [v2:172.21.15.98:3300/0,v1:172.21.15.98:6789/0] conn(0x7f6ff0103360 0x7f6ff0110b70 unknown :-1 s=BANNER_CONNECTING pgs=0 cs=0 l=1 rev1=0 crypto rx=0 tx=0 comp rx=0 tx=0)._handle_peer_banner_payload supported=3 required=0
2024-06-11T13:04:04.657 INFO:teuthology.orchestra.run.smithi098.stdout:/usr/bin/ceph: stderr
2024-06-11T13:04:03.432+0000 7f6feeffd640 1 --2- >> [v2:172.21.15.98:3300/0,v1:172.21.15.98:6789/0] conn(0x7f6ff0103360 0x7f6ff0110b70 unknown :-1 s=HELLO_CONNECTING pgs=0 cs=0 l=1 rev1=1 crypto rx=0 tx=0 comp rx=0 tx=0).handle_hello peer v2:172.21.15.98:3300/0 says I am v2:172.21.15.98:38816/0 (socket says 172.21.15.98:38816)
2024-06-11T13:04:04.657 INFO:teuthology.orchestra.run.smithi098.stdout:/usr/bin/ceph: stderr
2024-06-11T13:04:03.432+0000 7f6feeffd640 1 -- 172.21.15.98:0/1365810165 learned_addr learned my addr 172.21.15.98:0/1365810165 (peer_addr_for_me v2:172.21.15.98:0/0)
2024-06-11T13:04:04.657 INFO:teuthology.orchestra.run.smithi098.stdout:/usr/bin/ceph: stderr
2024-06-11T13:04:03.432+0000 7f6feeffd640 1 -- 172.21.15.98:0/1365810165 --> [v2:172.21.15.98:3300/0,v1:172.21.15.98:6789/0] -- mon_subscribe({config=0+,monmap=0+}) v3 -- 0x7f6fe0009450 con 0x7f6ff0103360
2024-06-11T13:04:04.657 INFO:teuthology.orchestra.run.smithi098.stdout:/usr/bin/ceph: stderr
2024-06-11T13:04:03.433+0000 7f6feeffd640 1 --2- 172.21.15.98:0/1365810165 >> [v2:172.21.15.98:3300/0,v1:172.21.15.98:6789/0] conn(0x7f6ff0103360 0x7f6ff0110b70 secure :-1 s=READY pgs=81 cs=0 l=1 rev1=1 crypto rx=0x7f6fe0009810 tx=0x7f6fe002c040 comp rx=0 tx=0).ready entity=mon.0 client_cookie=0 server_cookie=0 in_seq=0 out_seq=0
2024-06-11T13:04:04.657 INFO:teuthology.orchestra.run.smithi098.stdout:/usr/bin/ceph: stderr
2024-06-11T13:04:03.433+0000 7f6fe77fe640 1 -- 172.21.15.98:0/1365810165 <== mon.0 v2:172.21.15.98:3300/0 1 ==== mon_map magic: 0 v1 ==== 229+0+0 (secure 0 0 0) 0x7f6fe00328b0 con 0x7f6ff0103360
2024-06-11T13:04:04.657 INFO:teuthology.orchestra.run.smithi098.stdout:/usr/bin/ceph: stderr
2024-06-11T13:04:03.433+0000 7f6fe77fe640 1 -- 172.21.15.98:0/1365810165 <== mon.0 v2:172.21.15.98:3300/0 2 ==== config(27 keys) v1 ==== 1109+0+0 (secure 0 0 0) 0x7f6fe003b910 con 0x7f6ff0103360
2024-06-11T13:04:04.657 INFO:teuthology.orchestra.run.smithi098.stdout:/usr/bin/ceph: stderr
2024-06-11T13:04:03.433+0000 7f6ff5682640 1 -- 172.21.15.98:0/1365810165 --> [v2:172.21.15.98:3300/0,v1:172.21.15.98:6789/0] -- mon_subscribe({mgrmap=0+}) v3 -- 0x7f6ff01112b0 con 0x7f6ff0103360
2024-06-11T13:04:04.657 INFO:teuthology.orchestra.run.smithi098.stdout:/usr/bin/ceph: stderr
2024-06-11T13:04:03.433+0000 7f6fe77fe640 1 -- 172.21.15.98:0/1365810165 <== mon.0 v2:172.21.15.98:3300/0 3 ==== mon_map magic: 0 v1 ==== 229+0+0 (secure 0 0 0) 0x7f6fe003a980 con 0x7f6ff0103360
2024-06-11T13:04:04.657 INFO:teuthology.orchestra.run.smithi098.stdout:/usr/bin/ceph: stderr
2024-06-11T13:04:03.433+0000 7f6ff5682640 1 -- 172.21.15.98:0/1365810165 --> [v2:172.21.15.98:3300/0,v1:172.21.15.98:6789/0] -- mon_subscribe({osdmap=0}) v3 -- 0x7f6ff0111720 con 0x7f6ff0103360
2024-06-11T13:04:04.657 INFO:teuthology.orchestra.run.smithi098.stdout:/usr/bin/ceph: stderr
2024-06-11T13:04:03.434+0000 7f6fe77fe640 1 -- 172.21.15.98:0/1365810165 <== mon.0 v2:172.21.15.98:3300/0 4 ==== mgrmap(e 12) v1 ==== 41959+0+0 (secure 0 0 0) 0x7f6fe0039070 con 0x7f6ff0103360
2024-06-11T13:04:04.658 INFO:teuthology.orchestra.run.smithi098.stdout:/usr/bin/ceph: stderr
2024-06-11T13:04:03.434+0000 7f6fe77fe640 1 --2- 172.21.15.98:0/1365810165 >> [v2:172.21.15.98:6800/1949003637,v1:172.21.15.98:6801/1949003637] conn(0x7f6fdc0348b0 0x7f6fdc036d60 unknown :-1 s=NONE pgs=0 cs=0 l=1 rev1=0 crypto rx=0 tx=0 comp rx=0 tx=0).connect
2024-06-11T13:04:04.658 INFO:teuthology.orchestra.run.smithi098.stdout:/usr/bin/ceph: stderr
2024-06-11T13:04:03.434+0000 7f6fe77fe640 1 -- 172.21.15.98:0/1365810165 <== mon.0 v2:172.21.15.98:3300/0 5 ==== osd_map(3..3 src has 1..3) v4 ==== 1151+0+0 (secure 0 0 0) 0x7f6fe0066ef0 con 0x7f6ff0103360
2024-06-11T13:04:04.658 INFO:teuthology.orchestra.run.smithi098.stdout:/usr/bin/ceph: stderr
2024-06-11T13:04:03.434+0000 7f6fe7fff640 1 --2- 172.21.15.98:0/1365810165 >> [v2:172.21.15.98:6800/1949003637,v1:172.21.15.98:6801/1949003637] conn(0x7f6fdc0348b0 0x7f6fdc036d60 unknown :-1 s=BANNER_CONNECTING pgs=0 cs=0 l=1 rev1=0 crypto rx=0 tx=0 comp rx=0 tx=0)._handle_peer_banner_payload supported=3 required=0
2024-06-11T13:04:04.658 INFO:teuthology.orchestra.run.smithi098.stdout:/usr/bin/ceph: stderr
2024-06-11T13:04:03.434+0000 7f6ff5682640 1 -- 172.21.15.98:0/1365810165 --> [v2:172.21.15.98:3300/0,v1:172.21.15.98:6789/0] -- mon_command({"prefix": "get_command_descriptions"} v 0) v1 -- 0x7f6ff005ead0 con 0x7f6ff0103360
2024-06-11T13:04:04.658 INFO:teuthology.orchestra.run.smithi098.stdout:/usr/bin/ceph: stderr
2024-06-11T13:04:03.434+0000 7f6fe7fff640 1 --2- 172.21.15.98:0/1365810165 >> [v2:172.21.15.98:6800/1949003637,v1:172.21.15.98:6801/1949003637] conn(0x7f6fdc0348b0 0x7f6fdc036d60 secure :-1 s=READY pgs=8 cs=0 l=1 rev1=1 crypto rx=0x7f6fd8006fd0 tx=0x7f6fd8006db0 comp rx=0 tx=0).ready entity=mgr.14160 client_cookie=0 server_cookie=0 in_seq=0 out_seq=0
2024-06-11T13:04:04.658 INFO:teuthology.orchestra.run.smithi098.stdout:/usr/bin/ceph: stderr
2024-06-11T13:04:03.439+0000 7f6fe77fe640 1 -- 172.21.15.98:0/1365810165 <== mon.0 v2:172.21.15.98:3300/0 6 ==== mon_command_ack([{"prefix": "get_command_descriptions"}]=0 v0) v1 ==== 72+0+175578 (secure 0 0 0) 0x7f6fe0037070 con 0x7f6ff0103360
2024-06-11T13:04:04.658 INFO:teuthology.orchestra.run.smithi098.stdout:/usr/bin/ceph: stderr
2024-06-11T13:04:03.623+0000 7f6ff5682640 1 -- 172.21.15.98:0/1365810165 --> [v2:172.21.15.98:6800/1949003637,v1:172.21.15.98:6801/1949003637] -- mgr_command(tid 0: {"prefix": "dashboard ac-user-create", "username": "admin", "rolename": "administrator", "force_password": true, "pwd_update_required": true, "target": ["mon-mgr", ""]}) v1 -- 0x7f6ff005e8c0 con 0x7f6fdc0348b0
2024-06-11T13:04:04.658 INFO:teuthology.orchestra.run.smithi098.stdout:/usr/bin/ceph: stderr
2024-06-11T13:04:03.851+0000 7f6fe77fe640 1 -- 172.21.15.98:0/1365810165 <== mgr.14160 v2:172.21.15.98:6800/1949003637 1 ==== mgr_command_reply(tid 0: 0 ) v1 ==== 8+0+252 (secure 0 0 0) 0x7f6ff005e8c0 con 0x7f6fdc0348b0
2024-06-11T13:04:04.658 INFO:teuthology.orchestra.run.smithi098.stdout:/usr/bin/ceph: stderr
2024-06-11T13:04:03.853+0000 7f6ff5682640 1 -- 172.21.15.98:0/1365810165 >> [v2:172.21.15.98:6800/1949003637,v1:172.21.15.98:6801/1949003637] conn(0x7f6fdc0348b0 msgr2=0x7f6fdc036d60 secure :-1 s=STATE_CONNECTION_ESTABLISHED l=1).mark_down
2024-06-11T13:04:04.658 INFO:teuthology.orchestra.run.smithi098.stdout:/usr/bin/ceph: stderr
2024-06-11T13:04:03.853+0000 7f6ff5682640 1 --2- 172.21.15.98:0/1365810165 >> [v2:172.21.15.98:6800/1949003637,v1:172.21.15.98:6801/1949003637] conn(0x7f6fdc0348b0 0x7f6fdc036d60 secure :-1 s=READY pgs=8 cs=0 l=1 rev1=1 crypto rx=0x7f6fd8006fd0 tx=0x7f6fd8006db0 comp rx=0 tx=0).stop
2024-06-11T13:04:04.658 INFO:teuthology.orchestra.run.smithi098.stdout:/usr/bin/ceph: stderr
2024-06-11T13:04:03.853+0000 7f6ff5682640 1 -- 172.21.15.98:0/1365810165 >> [v2:172.21.15.98:3300/0,v1:172.21.15.98:6789/0] conn(0x7f6ff0103360 msgr2=0x7f6ff0110b70 secure :-1 s=STATE_CONNECTION_ESTABLISHED l=1).mark_down
2024-06-11T13:04:04.658 INFO:teuthology.orchestra.run.smithi098.stdout:/usr/bin/ceph: stderr
2024-06-11T13:04:03.853+0000 7f6ff5682640 1 --2- 172.21.15.98:0/1365810165 >> [v2:172.21.15.98:3300/0,v1:172.21.15.98:6789/0] conn(0x7f6ff0103360 0x7f6ff0110b70 secure :-1 s=READY pgs=81 cs=0 l=1 rev1=1 crypto rx=0x7f6fe0009810 tx=0x7f6fe002c040 comp rx=0 tx=0).stop
2024-06-11T13:04:04.659 INFO:teuthology.orchestra.run.smithi098.stdout:/usr/bin/ceph: stderr
2024-06-11T13:04:03.853+0000 7f6ff5682640 1 -- 172.21.15.98:0/1365810165 shutdown_connections
2024-06-11T13:04:04.659 INFO:teuthology.orchestra.run.smithi098.stdout:/usr/bin/ceph: stderr
2024-06-11T13:04:03.853+0000 7f6ff5682640 1 --2- 172.21.15.98:0/1365810165 >> [v2:172.21.15.98:6800/1949003637,v1:172.21.15.98:6801/1949003637] conn(0x7f6fdc0348b0 0x7f6fdc036d60 unknown :-1 s=CLOSED pgs=8 cs=0 l=1 rev1=1 crypto rx=0 tx=0 comp rx=0 tx=0).stop
2024-06-11T13:04:04.659 INFO:teuthology.orchestra.run.smithi098.stdout:/usr/bin/ceph: stderr
2024-06-11T13:04:03.853+0000 7f6ff5682640 1 --2- 172.21.15.98:0/1365810165 >> [v2:172.21.15.98:3300/0,v1:172.21.15.98:6789/0] conn(0x7f6ff0103360 0x7f6ff0110b70 unknown :-1 s=CLOSED pgs=81 cs=0 l=1 rev1=1 crypto rx=0 tx=0 comp rx=0 tx=0).stop
2024-06-11T13:04:04.659 INFO:teuthology.orchestra.run.smithi098.stdout:/usr/bin/ceph: stderr
2024-06-11T13:04:03.853+0000 7f6ff5682640 1 -- 172.21.15.98:0/1365810165 >> 172.21.15.98:0/1365810165 conn(0x7f6ff00fbc20 msgr2=0x7f6ff00fc760 unknown :-1 s=STATE_NONE l=0).mark_down
2024-06-11T13:04:04.659 INFO:teuthology.orchestra.run.smithi098.stdout:/usr/bin/ceph: stderr
2024-06-11T13:04:03.854+0000 7f6ff5682640 1 -- 172.21.15.98:0/1365810165 shutdown_connections
2024-06-11T13:04:04.659 INFO:teuthology.orchestra.run.smithi098.stdout:/usr/bin/ceph: stderr
2024-06-11T13:04:03.854+0000 7f6ff5682640 1 -- 172.21.15.98:0/1365810165 wait complete.
2024-06-11T13:04:04.659 INFO:teuthology.orchestra.run.smithi098.stdout:Fetching dashboard port number...
2024-06-11T13:04:05.051 INFO:journalctl@ceph.mon.smithi098.smithi098.stdout:Jun 11 13:04:04 smithi098 ceph-mon[29191]: from='client.14174 -' entity='client.admin' cmd=[{"prefix": "dashboard ac-user-create", "username": "admin", "rolename": "administrator", "force_password": true, "pwd_update_required": true, "target": ["mon-mgr", ""]}]: dispatch
2024-06-11T13:04:05.051 INFO:journalctl@ceph.mon.smithi098.smithi098.stdout:Jun 11 13:04:04 smithi098 ceph-mon[29191]: from='mgr.14160 172.21.15.98:0/2054233772' entity='mgr.smithi098.qpnrky'
2024-06-11T13:04:06.157 INFO:journalctl@ceph.mon.smithi098.smithi098.stdout:Jun 11 13:04:05 smithi098 ceph-mon[29191]: from='client.? 172.21.15.98:0/1290904471' entity='client.admin' cmd=[{"prefix": "config get", "who": "mgr", "key": "mgr/dashboard/ssl_server_port"}]: dispatch
2024-06-11T13:04:06.164 INFO:teuthology.orchestra.run.smithi098.stdout:/usr/bin/ceph: stdout 8443
2024-06-11T13:04:06.164 INFO:teuthology.orchestra.run.smithi098.stdout:/usr/bin/ceph: stderr
2024-06-11T13:04:05.065+0000 7f2f15772640 1 Processor -- start
2024-06-11T13:04:06.165 INFO:teuthology.orchestra.run.smithi098.stdout:/usr/bin/ceph: stderr
2024-06-11T13:04:05.065+0000 7f2f15772640 1 -- start start
2024-06-11T13:04:06.165 INFO:teuthology.orchestra.run.smithi098.stdout:/usr/bin/ceph: stderr
2024-06-11T13:04:05.065+0000 7f2f15772640 1 --2- >> [v2:172.21.15.98:3300/0,v1:172.21.15.98:6789/0] conn(0x7f2f10075b20 0x7f2f10106dc0 unknown :-1 s=NONE pgs=0 cs=0 l=0 rev1=0 crypto rx=0 tx=0 comp rx=0 tx=0).connect
2024-06-11T13:04:06.165 INFO:teuthology.orchestra.run.smithi098.stdout:/usr/bin/ceph: stderr
2024-06-11T13:04:05.065+0000 7f2f15772640 1 -- --> [v2:172.21.15.98:3300/0,v1:172.21.15.98:6789/0] -- mon_getmap magic: 0 v1 -- 0x7f2f10075f30 con 0x7f2f10075b20
2024-06-11T13:04:06.165 INFO:teuthology.orchestra.run.smithi098.stdout:/usr/bin/ceph: stderr
2024-06-11T13:04:05.065+0000 7f2f0effd640 1 --2- >> [v2:172.21.15.98:3300/0,v1:172.21.15.98:6789/0] conn(0x7f2f10075b20 0x7f2f10106dc0 unknown :-1 s=BANNER_CONNECTING pgs=0 cs=0 l=0 rev1=0 crypto rx=0 tx=0 comp rx=0 tx=0)._handle_peer_banner_payload supported=3 required=0
2024-06-11T13:04:06.165 INFO:teuthology.orchestra.run.smithi098.stdout:/usr/bin/ceph: stderr
2024-06-11T13:04:05.065+0000 7f2f0effd640 1 --2- >> [v2:172.21.15.98:3300/0,v1:172.21.15.98:6789/0] conn(0x7f2f10075b20 0x7f2f10106dc0 unknown :-1 s=HELLO_CONNECTING pgs=0 cs=0 l=0 rev1=1 crypto rx=0 tx=0 comp rx=0 tx=0).handle_hello peer v2:172.21.15.98:3300/0 says I am v2:172.21.15.98:38830/0 (socket says 172.21.15.98:38830)
2024-06-11T13:04:06.165 INFO:teuthology.orchestra.run.smithi098.stdout:/usr/bin/ceph: stderr
2024-06-11T13:04:05.065+0000 7f2f0effd640 1 -- 172.21.15.98:0/1619857573 learned_addr learned my addr 172.21.15.98:0/1619857573 (peer_addr_for_me v2:172.21.15.98:0/0)
2024-06-11T13:04:06.165 INFO:teuthology.orchestra.run.smithi098.stdout:/usr/bin/ceph: stderr
2024-06-11T13:04:05.066+0000 7f2f0effd640 1 -- 172.21.15.98:0/1619857573 --> [v2:172.21.15.98:3300/0,v1:172.21.15.98:6789/0] -- mon_subscribe({config=0+,monmap=0+}) v3 -- 0x7f2f101027b0 con 0x7f2f10075b20
2024-06-11T13:04:06.165 INFO:teuthology.orchestra.run.smithi098.stdout:/usr/bin/ceph: stderr
2024-06-11T13:04:05.066+0000 7f2f0effd640 1 --2- 172.21.15.98:0/1619857573 >> [v2:172.21.15.98:3300/0,v1:172.21.15.98:6789/0] conn(0x7f2f10075b20 0x7f2f10106dc0 secure :-1 s=READY pgs=82 cs=0 l=1 rev1=1 crypto rx=0x7f2f00009840 tx=0x7f2f000091d0 comp rx=0 tx=0).ready entity=mon.0 client_cookie=e8af511d79334bd7 server_cookie=0 in_seq=0 out_seq=0
2024-06-11T13:04:06.165 INFO:teuthology.orchestra.run.smithi098.stdout:/usr/bin/ceph: stderr
2024-06-11T13:04:05.067+0000 7f2f0dffb640 1 -- 172.21.15.98:0/1619857573 <== mon.0 v2:172.21.15.98:3300/0 1 ==== mon_map magic: 0 v1 ==== 229+0+0 (secure 0 0 0) 0x7f2f00032440 con 0x7f2f10075b20
2024-06-11T13:04:06.165 INFO:teuthology.orchestra.run.smithi098.stdout:/usr/bin/ceph: stderr
2024-06-11T13:04:05.067+0000 7f2f0dffb640 1 -- 172.21.15.98:0/1619857573 <== mon.0 v2:172.21.15.98:3300/0 2 ==== config(27 keys) v1 ==== 1109+0+0 (secure 0 0 0) 0x7f2f00032a70 con 0x7f2f10075b20
2024-06-11T13:04:06.165 INFO:teuthology.orchestra.run.smithi098.stdout:/usr/bin/ceph: stderr
2024-06-11T13:04:05.067+0000 7f2f0dffb640 1 -- 172.21.15.98:0/1619857573 <== mon.0 v2:172.21.15.98:3300/0 3 ==== mon_map magic: 0 v1 ==== 229+0+0 (secure 0 0 0) 0x7f2f00031ad0 con 0x7f2f10075b20
2024-06-11T13:04:06.165 INFO:teuthology.orchestra.run.smithi098.stdout:/usr/bin/ceph: stderr
2024-06-11T13:04:05.067+0000 7f2f15772640 1 -- 172.21.15.98:0/1619857573 >> [v2:172.21.15.98:3300/0,v1:172.21.15.98:6789/0] conn(0x7f2f10075b20 msgr2=0x7f2f10106dc0 secure :-1 s=STATE_CONNECTION_ESTABLISHED l=1).mark_down
2024-06-11T13:04:06.166 INFO:teuthology.orchestra.run.smithi098.stdout:/usr/bin/ceph: stderr
2024-06-11T13:04:05.067+0000 7f2f15772640 1 --2- 172.21.15.98:0/1619857573 >> [v2:172.21.15.98:3300/0,v1:172.21.15.98:6789/0] conn(0x7f2f10075b20 0x7f2f10106dc0 secure :-1 s=READY pgs=82 cs=0 l=1 rev1=1 crypto rx=0x7f2f00009840 tx=0x7f2f000091d0 comp rx=0 tx=0).stop
2024-06-11T13:04:06.166 INFO:teuthology.orchestra.run.smithi098.stdout:/usr/bin/ceph: stderr
2024-06-11T13:04:05.067+0000 7f2f15772640 1 -- 172.21.15.98:0/1619857573 shutdown_connections
2024-06-11T13:04:06.166 INFO:teuthology.orchestra.run.smithi098.stdout:/usr/bin/ceph: stderr
2024-06-11T13:04:05.067+0000 7f2f15772640 1 --2- 172.21.15.98:0/1619857573 >> [v2:172.21.15.98:3300/0,v1:172.21.15.98:6789/0] conn(0x7f2f10075b20 0x7f2f10106dc0 unknown :-1 s=CLOSED pgs=82 cs=0 l=1 rev1=1 crypto rx=0 tx=0 comp rx=0 tx=0).stop
2024-06-11T13:04:06.166 INFO:teuthology.orchestra.run.smithi098.stdout:/usr/bin/ceph: stderr
2024-06-11T13:04:05.067+0000 7f2f15772640 1 -- 172.21.15.98:0/1619857573 >> 172.21.15.98:0/1619857573 conn(0x7f2f100fc430 msgr2=0x7f2f100fe840 unknown :-1 s=STATE_NONE l=0).mark_down
2024-06-11T13:04:06.166 INFO:teuthology.orchestra.run.smithi098.stdout:/usr/bin/ceph: stderr
2024-06-11T13:04:05.067+0000 7f2f15772640 1 -- 172.21.15.98:0/1619857573 shutdown_connections
2024-06-11T13:04:06.166 INFO:teuthology.orchestra.run.smithi098.stdout:/usr/bin/ceph: stderr
2024-06-11T13:04:05.067+0000 7f2f15772640 1 -- 172.21.15.98:0/1619857573 wait complete.
2024-06-11T13:04:06.166 INFO:teuthology.orchestra.run.smithi098.stdout:/usr/bin/ceph: stderr
2024-06-11T13:04:05.068+0000 7f2f15772640 1 Processor -- start
2024-06-11T13:04:06.166 INFO:teuthology.orchestra.run.smithi098.stdout:/usr/bin/ceph: stderr
2024-06-11T13:04:05.068+0000 7f2f15772640 1 -- start start
2024-06-11T13:04:06.166 INFO:teuthology.orchestra.run.smithi098.stdout:/usr/bin/ceph: stderr
2024-06-11T13:04:05.068+0000 7f2f15772640 1 --2- >> [v2:172.21.15.98:3300/0,v1:172.21.15.98:6789/0] conn(0x7f2f10075b20 0x7f2f10112de0 unknown :-1 s=NONE pgs=0 cs=0 l=1 rev1=0 crypto rx=0 tx=0 comp rx=0 tx=0).connect
2024-06-11T13:04:06.166 INFO:teuthology.orchestra.run.smithi098.stdout:/usr/bin/ceph: stderr
2024-06-11T13:04:05.068+0000 7f2f15772640 1 -- --> [v2:172.21.15.98:3300/0,v1:172.21.15.98:6789/0] -- mon_getmap magic: 0 v1 -- 0x7f2f10113320 con 0x7f2f10075b20
2024-06-11T13:04:06.166 INFO:teuthology.orchestra.run.smithi098.stdout:/usr/bin/ceph: stderr
2024-06-11T13:04:05.068+0000 7f2f0effd640 1 --2- >> [v2:172.21.15.98:3300/0,v1:172.21.15.98:6789/0] conn(0x7f2f10075b20 0x7f2f10112de0 unknown :-1 s=BANNER_CONNECTING pgs=0 cs=0 l=1 rev1=0 crypto rx=0 tx=0 comp rx=0 tx=0)._handle_peer_banner_payload supported=3 required=0
2024-06-11T13:04:06.166 INFO:teuthology.orchestra.run.smithi098.stdout:/usr/bin/ceph: stderr
2024-06-11T13:04:05.068+0000 7f2f0effd640 1 --2- >> [v2:172.21.15.98:3300/0,v1:172.21.15.98:6789/0] conn(0x7f2f10075b20 0x7f2f10112de0 unknown :-1 s=HELLO_CONNECTING pgs=0 cs=0 l=1 rev1=1 crypto rx=0 tx=0 comp rx=0 tx=0).handle_hello peer v2:172.21.15.98:3300/0 says I am v2:172.21.15.98:38840/0 (socket says 172.21.15.98:38840)
2024-06-11T13:04:06.166 INFO:teuthology.orchestra.run.smithi098.stdout:/usr/bin/ceph: stderr
2024-06-11T13:04:05.069+0000 7f2f0effd640 1 -- 172.21.15.98:0/1290904471 learned_addr learned my addr 172.21.15.98:0/1290904471 (peer_addr_for_me v2:172.21.15.98:0/0)
2024-06-11T13:04:06.166 INFO:teuthology.orchestra.run.smithi098.stdout:/usr/bin/ceph: stderr
2024-06-11T13:04:05.069+0000 7f2f0effd640 1 -- 172.21.15.98:0/1290904471 --> [v2:172.21.15.98:3300/0,v1:172.21.15.98:6789/0] -- mon_subscribe({config=0+,monmap=0+}) v3 -- 0x7f2f00009450 con 0x7f2f10075b20
2024-06-11T13:04:06.167 INFO:teuthology.orchestra.run.smithi098.stdout:/usr/bin/ceph: stderr
2024-06-11T13:04:05.069+0000 7f2f0effd640 1 --2- 172.21.15.98:0/1290904471 >> [v2:172.21.15.98:3300/0,v1:172.21.15.98:6789/0] conn(0x7f2f10075b20 0x7f2f10112de0 secure :-1 s=READY pgs=83 cs=0 l=1 rev1=1 crypto rx=0x7f2f000317f0 tx=0x7f2f0002c040 comp rx=0 tx=0).ready entity=mon.0 client_cookie=0 server_cookie=0 in_seq=0 out_seq=0
2024-06-11T13:04:06.167 INFO:teuthology.orchestra.run.smithi098.stdout:/usr/bin/ceph: stderr
2024-06-11T13:04:05.069+0000 7f2f077fe640 1 -- 172.21.15.98:0/1290904471 <== mon.0 v2:172.21.15.98:3300/0 1 ==== mon_map magic: 0 v1 ==== 229+0+0 (secure 0 0 0) 0x7f2f00032900 con 0x7f2f10075b20
2024-06-11T13:04:06.167 INFO:teuthology.orchestra.run.smithi098.stdout:/usr/bin/ceph: stderr
2024-06-11T13:04:05.069+0000 7f2f077fe640 1 -- 172.21.15.98:0/1290904471 <== mon.0 v2:172.21.15.98:3300/0 2 ==== config(27 keys) v1 ==== 1109+0+0 (secure 0 0 0) 0x7f2f0003b910 con 0x7f2f10075b20
2024-06-11T13:04:06.167 INFO:teuthology.orchestra.run.smithi098.stdout:/usr/bin/ceph: stderr
2024-06-11T13:04:05.069+0000 7f2f15772640 1 -- 172.21.15.98:0/1290904471 --> [v2:172.21.15.98:3300/0,v1:172.21.15.98:6789/0] -- mon_subscribe({mgrmap=0+}) v3 -- 0x7f2f10113580 con 0x7f2f10075b20
2024-06-11T13:04:06.167 INFO:teuthology.orchestra.run.smithi098.stdout:/usr/bin/ceph: stderr
2024-06-11T13:04:05.069+0000 7f2f077fe640 1 -- 172.21.15.98:0/1290904471 <== mon.0 v2:172.21.15.98:3300/0 3 ==== mon_map magic: 0 v1 ==== 229+0+0 (secure 0 0 0) 0x7f2f0003a960 con 0x7f2f10075b20
2024-06-11T13:04:06.167 INFO:teuthology.orchestra.run.smithi098.stdout:/usr/bin/ceph: stderr
2024-06-11T13:04:05.069+0000 7f2f15772640 1 -- 172.21.15.98:0/1290904471 --> [v2:172.21.15.98:3300/0,v1:172.21.15.98:6789/0] -- mon_subscribe({osdmap=0}) v3 -- 0x7f2f10113f70 con 0x7f2f10075b20
2024-06-11T13:04:06.167 INFO:teuthology.orchestra.run.smithi098.stdout:/usr/bin/ceph: stderr
2024-06-11T13:04:05.070+0000 7f2f077fe640 1 -- 172.21.15.98:0/1290904471 <== mon.0 v2:172.21.15.98:3300/0 4 ==== mgrmap(e 12) v1 ==== 41959+0+0 (secure 0 0 0) 0x7f2f00039070 con 0x7f2f10075b20
2024-06-11T13:04:06.167 INFO:teuthology.orchestra.run.smithi098.stdout:/usr/bin/ceph: stderr
2024-06-11T13:04:05.070+0000 7f2f077fe640 1 --2- 172.21.15.98:0/1290904471 >> [v2:172.21.15.98:6800/1949003637,v1:172.21.15.98:6801/1949003637] conn(0x7f2efc034860 0x7f2efc036d10 unknown :-1 s=NONE pgs=0 cs=0 l=1 rev1=0 crypto rx=0 tx=0 comp rx=0 tx=0).connect
2024-06-11T13:04:06.167 INFO:teuthology.orchestra.run.smithi098.stdout:/usr/bin/ceph: stderr
2024-06-11T13:04:05.070+0000 7f2f15772640 1 -- 172.21.15.98:0/1290904471 --> [v2:172.21.15.98:3300/0,v1:172.21.15.98:6789/0] -- mon_command({"prefix": "get_command_descriptions"} v 0) v1 -- 0x7f2f1004b480 con 0x7f2f10075b20
2024-06-11T13:04:06.167 INFO:teuthology.orchestra.run.smithi098.stdout:/usr/bin/ceph: stderr
2024-06-11T13:04:05.070+0000 7f2f077fe640 1 -- 172.21.15.98:0/1290904471 <== mon.0 v2:172.21.15.98:3300/0 5 ==== osd_map(3..3 src has 1..3) v4 ==== 1151+0+0 (secure 0 0 0) 0x7f2f00067fc0 con 0x7f2f10075b20
2024-06-11T13:04:06.167 INFO:teuthology.orchestra.run.smithi098.stdout:/usr/bin/ceph: stderr
2024-06-11T13:04:05.070+0000 7f2f0e7fc640 1 --2- 172.21.15.98:0/1290904471 >> [v2:172.21.15.98:6800/1949003637,v1:172.21.15.98:6801/1949003637] conn(0x7f2efc034860 0x7f2efc036d10 unknown :-1 s=BANNER_CONNECTING pgs=0 cs=0 l=1 rev1=0 crypto rx=0 tx=0 comp rx=0 tx=0)._handle_peer_banner_payload supported=3 required=0
2024-06-11T13:04:06.167 INFO:teuthology.orchestra.run.smithi098.stdout:/usr/bin/ceph: stderr
2024-06-11T13:04:05.071+0000 7f2f0e7fc640 1 --2- 172.21.15.98:0/1290904471 >> [v2:172.21.15.98:6800/1949003637,v1:172.21.15.98:6801/1949003637] conn(0x7f2efc034860 0x7f2efc036d10 secure :-1 s=READY pgs=9 cs=0 l=1 rev1=1 crypto rx=0x7f2ef8006fd0 tx=0x7f2ef8006db0 comp rx=0 tx=0).ready entity=mgr.14160 client_cookie=0 server_cookie=0 in_seq=0 out_seq=0
2024-06-11T13:04:06.167 INFO:teuthology.orchestra.run.smithi098.stdout:/usr/bin/ceph: stderr
2024-06-11T13:04:05.075+0000 7f2f077fe640 1 -- 172.21.15.98:0/1290904471 <== mon.0 v2:172.21.15.98:3300/0 6 ==== mon_command_ack([{"prefix": "get_command_descriptions"}]=0 v0) v1 ==== 72+0+175578 (secure 0 0 0) 0x7f2f00030930 con 0x7f2f10075b20
2024-06-11T13:04:06.168 INFO:teuthology.orchestra.run.smithi098.stdout:/usr/bin/ceph: stderr
2024-06-11T13:04:05.246+0000 7f2f15772640 1 -- 172.21.15.98:0/1290904471 --> [v2:172.21.15.98:3300/0,v1:172.21.15.98:6789/0] -- mon_command({"prefix": "config get", "who": "mgr", "key": "mgr/dashboard/ssl_server_port"} v 0) v1 -- 0x7f2f101143f0 con 0x7f2f10075b20
2024-06-11T13:04:06.168 INFO:teuthology.orchestra.run.smithi098.stdout:/usr/bin/ceph: stderr
2024-06-11T13:04:05.247+0000 7f2f077fe640 1 -- 172.21.15.98:0/1290904471 <== mon.0 v2:172.21.15.98:3300/0 7 ==== mon_command_ack([{"prefix": "config get", "who": "mgr", "key": "mgr/dashboard/ssl_server_port"}]=0 v8) v1 ==== 112+0+5 (secure 0 0 0) 0x7f2f0003f070 con 0x7f2f10075b20
2024-06-11T13:04:06.168 INFO:teuthology.orchestra.run.smithi098.stdout:/usr/bin/ceph: stderr
2024-06-11T13:04:05.249+0000 7f2f15772640 1 -- 172.21.15.98:0/1290904471 >> [v2:172.21.15.98:6800/1949003637,v1:172.21.15.98:6801/1949003637] conn(0x7f2efc034860 msgr2=0x7f2efc036d10 secure :-1 s=STATE_CONNECTION_ESTABLISHED l=1).mark_down
2024-06-11T13:04:06.168 INFO:teuthology.orchestra.run.smithi098.stdout:/usr/bin/ceph: stderr
2024-06-11T13:04:05.249+0000 7f2f15772640 1 --2- 172.21.15.98:0/1290904471 >> [v2:172.21.15.98:6800/1949003637,v1:172.21.15.98:6801/1949003637] conn(0x7f2efc034860 0x7f2efc036d10 secure :-1 s=READY pgs=9 cs=0 l=1 rev1=1 crypto rx=0x7f2ef8006fd0 tx=0x7f2ef8006db0 comp rx=0 tx=0).stop
2024-06-11T13:04:06.168 INFO:teuthology.orchestra.run.smithi098.stdout:/usr/bin/ceph: stderr
2024-06-11T13:04:05.249+0000 7f2f15772640 1 -- 172.21.15.98:0/1290904471 >> [v2:172.21.15.98:3300/0,v1:172.21.15.98:6789/0] conn(0x7f2f10075b20 msgr2=0x7f2f10112de0 secure :-1 s=STATE_CONNECTION_ESTABLISHED l=1).mark_down
2024-06-11T13:04:06.168 INFO:teuthology.orchestra.run.smithi098.stdout:/usr/bin/ceph: stderr
2024-06-11T13:04:05.249+0000 7f2f15772640 1 --2- 172.21.15.98:0/1290904471 >> [v2:172.21.15.98:3300/0,v1:172.21.15.98:6789/0] conn(0x7f2f10075b20 0x7f2f10112de0 secure :-1 s=READY pgs=83 cs=0 l=1 rev1=1 crypto rx=0x7f2f000317f0 tx=0x7f2f0002c040 comp rx=0 tx=0).stop
2024-06-11T13:04:06.168 INFO:teuthology.orchestra.run.smithi098.stdout:/usr/bin/ceph: stderr
2024-06-11T13:04:05.249+0000 7f2f15772640 1 -- 172.21.15.98:0/1290904471 shutdown_connections
2024-06-11T13:04:06.168 INFO:teuthology.orchestra.run.smithi098.stdout:/usr/bin/ceph: stderr
2024-06-11T13:04:05.249+0000 7f2f15772640 1 --2- 172.21.15.98:0/1290904471 >> [v2:172.21.15.98:6800/1949003637,v1:172.21.15.98:6801/1949003637] conn(0x7f2efc034860 0x7f2efc036d10 unknown :-1 s=CLOSED pgs=9 cs=0 l=1 rev1=1 crypto rx=0 tx=0 comp rx=0 tx=0).stop
2024-06-11T13:04:06.168 INFO:teuthology.orchestra.run.smithi098.stdout:/usr/bin/ceph: stderr
2024-06-11T13:04:05.249+0000 7f2f15772640 1 --2- 172.21.15.98:0/1290904471 >> [v2:172.21.15.98:3300/0,v1:172.21.15.98:6789/0] conn(0x7f2f10075b20 0x7f2f10112de0 unknown :-1 s=CLOSED pgs=83 cs=0 l=1 rev1=1 crypto rx=0 tx=0 comp rx=0 tx=0).stop
2024-06-11T13:04:06.168 INFO:teuthology.orchestra.run.smithi098.stdout:/usr/bin/ceph: stderr
2024-06-11T13:04:05.249+0000 7f2f15772640 1 -- 172.21.15.98:0/1290904471 >> 172.21.15.98:0/1290904471 conn(0x7f2f100fc430 msgr2=0x7f2f100fd080 unknown :-1 s=STATE_NONE l=0).mark_down
2024-06-11T13:04:06.168 INFO:teuthology.orchestra.run.smithi098.stdout:/usr/bin/ceph: stderr
2024-06-11T13:04:05.249+0000 7f2f15772640 1 -- 172.21.15.98:0/1290904471 shutdown_connections
2024-06-11T13:04:06.168 INFO:teuthology.orchestra.run.smithi098.stdout:/usr/bin/ceph: stderr
2024-06-11T13:04:05.249+0000 7f2f15772640 1 -- 172.21.15.98:0/1290904471 wait complete.
2024-06-11T13:04:06.172 INFO:teuthology.orchestra.run.smithi098.stdout:Non-zero exit code 1 from systemctl is-enabled firewalld.service
2024-06-11T13:04:06.172 INFO:teuthology.orchestra.run.smithi098.stdout:systemctl: stdout disabled
2024-06-11T13:04:06.179 INFO:teuthology.orchestra.run.smithi098.stdout:Non-zero exit code 3 from systemctl is-active firewalld.service
2024-06-11T13:04:06.180 INFO:teuthology.orchestra.run.smithi098.stdout:systemctl: stdout inactive
2024-06-11T13:04:06.180 INFO:teuthology.orchestra.run.smithi098.stdout:firewalld.service is not enabled
2024-06-11T13:04:06.180 INFO:teuthology.orchestra.run.smithi098.stdout:Not possible to open ports <[8443]>. firewalld.service is not available
2024-06-11T13:04:06.181 INFO:teuthology.orchestra.run.smithi098.stdout:Ceph Dashboard is now available at:
2024-06-11T13:04:06.181 INFO:teuthology.orchestra.run.smithi098.stdout:
2024-06-11T13:04:06.182 INFO:teuthology.orchestra.run.smithi098.stdout: URL: https://smithi098.front.sepia.ceph.com:8443/
2024-06-11T13:04:06.182 INFO:teuthology.orchestra.run.smithi098.stdout: User: admin
2024-06-11T13:04:06.182 INFO:teuthology.orchestra.run.smithi098.stdout: Password: xspgb3nm5d
2024-06-11T13:04:06.182 INFO:teuthology.orchestra.run.smithi098.stdout:
2024-06-11T13:04:06.182 INFO:teuthology.orchestra.run.smithi098.stdout:Saving cluster configuration to /var/lib/ceph/ccfd3298-27f2-11ef-bc9b-c7b262605968/config directory
2024-06-11T13:04:06.182 INFO:teuthology.orchestra.run.smithi098.stdout:Enabling autotune for osd_memory_target
2024-06-11T13:04:07.297 INFO:teuthology.orchestra.run.smithi098.stdout:/usr/bin/ceph: stderr
2024-06-11T13:04:06.577+0000 7fa270271640 1 Processor -- start
2024-06-11T13:04:07.298 INFO:teuthology.orchestra.run.smithi098.stdout:/usr/bin/ceph: stderr
2024-06-11T13:04:06.577+0000 7fa270271640 1 -- start start
2024-06-11T13:04:07.298 INFO:teuthology.orchestra.run.smithi098.stdout:/usr/bin/ceph: stderr
2024-06-11T13:04:06.578+0000 7fa270271640 1 --2- >> [v2:172.21.15.98:3300/0,v1:172.21.15.98:6789/0] conn(0x7fa268101cb0 0x7fa2681020c0 unknown :-1 s=NONE pgs=0 cs=0 l=0 rev1=0 crypto rx=0 tx=0 comp rx=0 tx=0).connect
2024-06-11T13:04:07.298 INFO:teuthology.orchestra.run.smithi098.stdout:/usr/bin/ceph: stderr
2024-06-11T13:04:06.578+0000 7fa270271640 1 -- --> [v2:172.21.15.98:3300/0,v1:172.21.15.98:6789/0] -- mon_getmap magic: 0 v1 -- 0x7fa268102600 con 0x7fa268101cb0
2024-06-11T13:04:07.298 INFO:teuthology.orchestra.run.smithi098.stdout:/usr/bin/ceph: stderr
2024-06-11T13:04:06.578+0000 7fa26e00d640 1 --2- >> [v2:172.21.15.98:3300/0,v1:172.21.15.98:6789/0] conn(0x7fa268101cb0 0x7fa2681020c0 unknown :-1 s=BANNER_CONNECTING pgs=0 cs=0 l=0 rev1=0 crypto rx=0 tx=0 comp rx=0 tx=0)._handle_peer_banner_payload supported=3 required=0
2024-06-11T13:04:07.298 INFO:teuthology.orchestra.run.smithi098.stdout:/usr/bin/ceph: stderr
2024-06-11T13:04:06.578+0000 7fa26e00d640 1 --2- >> [v2:172.21.15.98:3300/0,v1:172.21.15.98:6789/0] conn(0x7fa268101cb0 0x7fa2681020c0 unknown :-1 s=HELLO_CONNECTING pgs=0 cs=0 l=0 rev1=1 crypto rx=0 tx=0 comp rx=0 tx=0).handle_hello peer v2:172.21.15.98:3300/0 says I am v2:172.21.15.98:38848/0 (socket says 172.21.15.98:38848)
2024-06-11T13:04:07.298 INFO:teuthology.orchestra.run.smithi098.stdout:/usr/bin/ceph: stderr
2024-06-11T13:04:06.578+0000 7fa26e00d640 1 -- 172.21.15.98:0/3975649094 learned_addr learned my addr 172.21.15.98:0/3975649094 (peer_addr_for_me v2:172.21.15.98:0/0)
2024-06-11T13:04:07.298 INFO:teuthology.orchestra.run.smithi098.stdout:/usr/bin/ceph: stderr
2024-06-11T13:04:06.578+0000 7fa26e00d640 1 -- 172.21.15.98:0/3975649094 --> [v2:172.21.15.98:3300/0,v1:172.21.15.98:6789/0] -- mon_subscribe({config=0+,monmap=0+}) v3 -- 0x7fa268102740 con 0x7fa268101cb0
2024-06-11T13:04:07.298 INFO:teuthology.orchestra.run.smithi098.stdout:/usr/bin/ceph: stderr
2024-06-11T13:04:06.579+0000 7fa26e00d640 1 --2- 172.21.15.98:0/3975649094 >> [v2:172.21.15.98:3300/0,v1:172.21.15.98:6789/0] conn(0x7fa268101cb0 0x7fa2681020c0 secure :-1 s=READY pgs=84 cs=0 l=1 rev1=1 crypto rx=0x7fa264009840 tx=0x7fa2640091d0 comp rx=0 tx=0).ready entity=mon.0 client_cookie=d56104f6539b4d0 server_cookie=0 in_seq=0 out_seq=0
2024-06-11T13:04:07.298 INFO:teuthology.orchestra.run.smithi098.stdout:/usr/bin/ceph: stderr
2024-06-11T13:04:06.579+0000 7fa26d00b640 1 -- 172.21.15.98:0/3975649094 <== mon.0 v2:172.21.15.98:3300/0 1 ==== mon_map magic: 0 v1 ==== 229+0+0 (secure 0 0 0) 0x7fa264032440 con 0x7fa268101cb0
2024-06-11T13:04:07.299 INFO:teuthology.orchestra.run.smithi098.stdout:/usr/bin/ceph: stderr
2024-06-11T13:04:06.579+0000 7fa26d00b640 1 -- 172.21.15.98:0/3975649094 <== mon.0 v2:172.21.15.98:3300/0 2 ==== config(27 keys) v1 ==== 1109+0+0 (secure 0 0 0) 0x7fa264032a70 con 0x7fa268101cb0
2024-06-11T13:04:07.299 INFO:teuthology.orchestra.run.smithi098.stdout:/usr/bin/ceph: stderr
2024-06-11T13:04:06.579+0000 7fa26d00b640 1 -- 172.21.15.98:0/3975649094 <== mon.0 v2:172.21.15.98:3300/0 3 ==== mon_map magic: 0 v1 ==== 229+0+0 (secure 0 0 0) 0x7fa264031ad0 con 0x7fa268101cb0
2024-06-11T13:04:07.299 INFO:teuthology.orchestra.run.smithi098.stdout:/usr/bin/ceph: stderr
2024-06-11T13:04:06.579+0000 7fa270271640 1 -- 172.21.15.98:0/3975649094 >> [v2:172.21.15.98:3300/0,v1:172.21.15.98:6789/0] conn(0x7fa268101cb0 msgr2=0x7fa2681020c0 secure :-1 s=STATE_CONNECTION_ESTABLISHED l=1).mark_down
2024-06-11T13:04:07.299 INFO:teuthology.orchestra.run.smithi098.stdout:/usr/bin/ceph: stderr
2024-06-11T13:04:06.579+0000 7fa270271640 1 --2- 172.21.15.98:0/3975649094 >> [v2:172.21.15.98:3300/0,v1:172.21.15.98:6789/0] conn(0x7fa268101cb0 0x7fa2681020c0 secure :-1 s=READY pgs=84 cs=0 l=1 rev1=1 crypto rx=0x7fa264009840 tx=0x7fa2640091d0 comp rx=0 tx=0).stop
2024-06-11T13:04:07.299 INFO:teuthology.orchestra.run.smithi098.stdout:/usr/bin/ceph: stderr
2024-06-11T13:04:06.579+0000 7fa270271640 1 -- 172.21.15.98:0/3975649094 shutdown_connections
2024-06-11T13:04:07.299 INFO:teuthology.orchestra.run.smithi098.stdout:/usr/bin/ceph: stderr
2024-06-11T13:04:06.579+0000 7fa270271640 1 --2- 172.21.15.98:0/3975649094 >> [v2:172.21.15.98:3300/0,v1:172.21.15.98:6789/0] conn(0x7fa268101cb0 0x7fa2681020c0 unknown :-1 s=CLOSED pgs=84 cs=0 l=1 rev1=1 crypto rx=0 tx=0 comp rx=0 tx=0).stop
2024-06-11T13:04:07.299 INFO:teuthology.orchestra.run.smithi098.stdout:/usr/bin/ceph: stderr
2024-06-11T13:04:06.579+0000 7fa270271640 1 -- 172.21.15.98:0/3975649094 >> 172.21.15.98:0/3975649094 conn(0x7fa2680fd490 msgr2=0x7fa2680ff8a0 unknown :-1 s=STATE_NONE l=0).mark_down
2024-06-11T13:04:07.299 INFO:teuthology.orchestra.run.smithi098.stdout:/usr/bin/ceph: stderr
2024-06-11T13:04:06.579+0000 7fa270271640 1 -- 172.21.15.98:0/3975649094 shutdown_connections
2024-06-11T13:04:07.299 INFO:teuthology.orchestra.run.smithi098.stdout:/usr/bin/ceph: stderr
2024-06-11T13:04:06.580+0000 7fa270271640 1 -- 172.21.15.98:0/3975649094 wait complete.
2024-06-11T13:04:07.299 INFO:teuthology.orchestra.run.smithi098.stdout:/usr/bin/ceph: stderr
2024-06-11T13:04:06.580+0000 7fa270271640 1 Processor -- start
2024-06-11T13:04:07.299 INFO:teuthology.orchestra.run.smithi098.stdout:/usr/bin/ceph: stderr
2024-06-11T13:04:06.580+0000 7fa270271640 1 -- start start
2024-06-11T13:04:07.299 INFO:teuthology.orchestra.run.smithi098.stdout:/usr/bin/ceph: stderr
2024-06-11T13:04:06.580+0000 7fa270271640 1 --2- >> [v2:172.21.15.98:3300/0,v1:172.21.15.98:6789/0] conn(0x7fa268101cb0 0x7fa268110ef0 unknown :-1 s=NONE pgs=0 cs=0 l=1 rev1=0 crypto rx=0 tx=0 comp rx=0 tx=0).connect
2024-06-11T13:04:07.300 INFO:teuthology.orchestra.run.smithi098.stdout:/usr/bin/ceph: stderr
2024-06-11T13:04:06.580+0000 7fa270271640 1 -- --> [v2:172.21.15.98:3300/0,v1:172.21.15.98:6789/0] -- mon_getmap magic: 0 v1 -- 0x7fa268111430 con 0x7fa268101cb0
2024-06-11T13:04:07.300 INFO:teuthology.orchestra.run.smithi098.stdout:/usr/bin/ceph: stderr
2024-06-11T13:04:06.580+0000 7fa26e00d640 1 --2- >> [v2:172.21.15.98:3300/0,v1:172.21.15.98:6789/0] conn(0x7fa268101cb0 0x7fa268110ef0 unknown :-1 s=BANNER_CONNECTING pgs=0 cs=0 l=1 rev1=0 crypto rx=0 tx=0 comp rx=0 tx=0)._handle_peer_banner_payload supported=3 required=0
2024-06-11T13:04:07.300 INFO:teuthology.orchestra.run.smithi098.stdout:/usr/bin/ceph: stderr
2024-06-11T13:04:06.580+0000 7fa26e00d640 1 --2- >> [v2:172.21.15.98:3300/0,v1:172.21.15.98:6789/0] conn(0x7fa268101cb0 0x7fa268110ef0 unknown :-1 s=HELLO_CONNECTING pgs=0 cs=0 l=1 rev1=1 crypto rx=0 tx=0 comp rx=0 tx=0).handle_hello peer v2:172.21.15.98:3300/0 says I am v2:172.21.15.98:38856/0 (socket says 172.21.15.98:38856)
2024-06-11T13:04:07.300 INFO:teuthology.orchestra.run.smithi098.stdout:/usr/bin/ceph: stderr
2024-06-11T13:04:06.580+0000 7fa26e00d640 1 -- 172.21.15.98:0/2255306064 learned_addr learned my addr 172.21.15.98:0/2255306064 (peer_addr_for_me v2:172.21.15.98:0/0)
2024-06-11T13:04:07.300 INFO:teuthology.orchestra.run.smithi098.stdout:/usr/bin/ceph: stderr
2024-06-11T13:04:06.581+0000 7fa26e00d640 1 -- 172.21.15.98:0/2255306064 --> [v2:172.21.15.98:3300/0,v1:172.21.15.98:6789/0] -- mon_subscribe({config=0+,monmap=0+}) v3 -- 0x7fa264009450 con 0x7fa268101cb0
2024-06-11T13:04:07.300 INFO:teuthology.orchestra.run.smithi098.stdout:/usr/bin/ceph: stderr
2024-06-11T13:04:06.581+0000 7fa26e00d640 1 --2- 172.21.15.98:0/2255306064 >> [v2:172.21.15.98:3300/0,v1:172.21.15.98:6789/0] conn(0x7fa268101cb0 0x7fa268110ef0 secure :-1 s=READY pgs=85 cs=0 l=1 rev1=1 crypto rx=0x7fa264006a70 tx=0x7fa26402c040 comp rx=0 tx=0).ready entity=mon.0 client_cookie=0 server_cookie=0 in_seq=0 out_seq=0
2024-06-11T13:04:07.300 INFO:teuthology.orchestra.run.smithi098.stdout:/usr/bin/ceph: stderr
2024-06-11T13:04:06.581+0000 7fa25effd640 1 -- 172.21.15.98:0/2255306064 <== mon.0 v2:172.21.15.98:3300/0 1 ==== mon_map magic: 0 v1 ==== 229+0+0 (secure 0 0 0) 0x7fa264031e90 con 0x7fa268101cb0
2024-06-11T13:04:07.300 INFO:teuthology.orchestra.run.smithi098.stdout:/usr/bin/ceph: stderr
2024-06-11T13:04:06.581+0000 7fa25effd640 1 -- 172.21.15.98:0/2255306064 <== mon.0 v2:172.21.15.98:3300/0 2 ==== config(27 keys) v1 ==== 1109+0+0 (secure 0 0 0) 0x7fa26403b910 con 0x7fa268101cb0
2024-06-11T13:04:07.300 INFO:teuthology.orchestra.run.smithi098.stdout:/usr/bin/ceph: stderr
2024-06-11T13:04:06.581+0000 7fa270271640 1 -- 172.21.15.98:0/2255306064 --> [v2:172.21.15.98:3300/0,v1:172.21.15.98:6789/0] -- mon_subscribe({mgrmap=0+}) v3 -- 0x7fa268111630 con 0x7fa268101cb0
2024-06-11T13:04:07.300 INFO:teuthology.orchestra.run.smithi098.stdout:/usr/bin/ceph: stderr
2024-06-11T13:04:06.581+0000 7fa25effd640 1 -- 172.21.15.98:0/2255306064 <== mon.0 v2:172.21.15.98:3300/0 3 ==== mon_map magic: 0 v1 ==== 229+0+0 (secure 0 0 0) 0x7fa26403a940 con 0x7fa268101cb0
2024-06-11T13:04:07.300 INFO:teuthology.orchestra.run.smithi098.stdout:/usr/bin/ceph: stderr
2024-06-11T13:04:06.581+0000 7fa270271640 1 -- 172.21.15.98:0/2255306064 --> [v2:172.21.15.98:3300/0,v1:172.21.15.98:6789/0] -- mon_subscribe({osdmap=0}) v3 -- 0x7fa2681120e0 con 0x7fa268101cb0
2024-06-11T13:04:07.301 INFO:teuthology.orchestra.run.smithi098.stdout:/usr/bin/ceph: stderr
2024-06-11T13:04:06.582+0000 7fa25effd640 1 -- 172.21.15.98:0/2255306064 <== mon.0 v2:172.21.15.98:3300/0 4 ==== mgrmap(e 12) v1 ==== 41959+0+0 (secure 0 0 0) 0x7fa264039070 con 0x7fa268101cb0
